2026-05-11 11:25:11.316 7 INFO neutron.api.extensions [None req-d4b0332b-7018-496a-a73f-b22b3d64ca46 - - - - - -] Loaded extension: vpnaas
2026-05-11 11:25:11.316 8 INFO neutron.api.extensions [None req-b5a19660-e8d6-4a12-953f-b3357485d7fb - - - - - -] Extension metering not supported by any of loaded plugins
2026-05-11 11:25:11.317 8 INFO neutron.api.extensions [None req-b5a19660-e8d6-4a12-953f-b3357485d7fb - - - - - -] Extension metering_source_and_destination_fields not supported by any of loaded plugins
2026-05-11 11:25:11.317 8 INFO neutron.api.extensions [None req-b5a19660-e8d6-4a12-953f-b3357485d7fb - - - - - -] Loaded extension: multi-provider
2026-05-11 11:25:11.317 7 INFO neutron.api.extensions [None req-d4b0332b-7018-496a-a73f-b22b3d64ca46 - - - - - -] Loaded extension: taas
2026-05-11 11:25:11.318 8 INFO neutron.api.extensions [None req-b5a19660-e8d6-4a12-953f-b3357485d7fb - - - - - -] Loaded extension: net-mtu
2026-05-11 11:25:11.318 8 INFO neutron.api.extensions [None req-b5a19660-e8d6-4a12-953f-b3357485d7fb - - - - - -] Loaded extension: net-mtu-writable
2026-05-11 11:25:11.318 7 INFO neutron.api.extensions [None req-d4b0332b-7018-496a-a73f-b22b3d64ca46 - - - - - -] Loaded extension: tap-mirror
2026-05-11 11:25:11.319 8 INFO neutron.api.extensions [None req-b5a19660-e8d6-4a12-953f-b3357485d7fb - - - - - -] Loaded extension: network_availability_zone
2026-05-11 11:25:11.319 8 INFO neutron.api.extensions [None req-b5a19660-e8d6-4a12-953f-b3357485d7fb - - - - - -] Loaded extension: network_ha
2026-05-11 11:25:11.319 7 INFO neutron.api.extensions [None req-d4b0332b-7018-496a-a73f-b22b3d64ca46 - - - - - -] Loaded extension: tap-mirror-both-direction
2026-05-11 11:25:11.320 7 INFO neutron.api.extensions [None req-d4b0332b-7018-496a-a73f-b22b3d64ca46 - - - - - -] Loaded extension: taas-vlan-filter
2026-05-11 11:25:11.320 8 INFO neutron.api.extensions [None req-b5a19660-e8d6-4a12-953f-b3357485d7fb - - - - - -] Loaded extension: network-ip-availability
2026-05-11 11:25:11.320 8 INFO neutron.api.extensions [None req-b5a19660-e8d6-4a12-953f-b3357485d7fb - - - - - -] Loaded extension: network-ip-availability-details
2026-05-11 11:25:11.321 8 INFO neutron.api.extensions [None req-b5a19660-e8d6-4a12-953f-b3357485d7fb - - - - - -] Extension network-segment-range not supported by any of loaded plugins
2026-05-11 11:25:11.322 8 INFO neutron.api.extensions [None req-b5a19660-e8d6-4a12-953f-b3357485d7fb - - - - - -] Loaded extension: pagination
2026-05-11 11:25:11.322 7 INFO neutron.quota.resource_registry [None req-d4b0332b-7018-496a-a73f-b22b3d64ca46 - - - - - -] Creating instance of TrackedResource for resource:network
2026-05-11 11:25:11.322 8 INFO neutron.api.extensions [None req-b5a19660-e8d6-4a12-953f-b3357485d7fb - - - - - -] Loaded extension: port-device-profile
2026-05-11 11:25:11.322 7 INFO neutron.quota.resource_registry [None req-d4b0332b-7018-496a-a73f-b22b3d64ca46 - - - - - -] Creating instance of TrackedResource for resource:subnet
2026-05-11 11:25:11.323 7 INFO neutron.quota.resource_registry [None req-d4b0332b-7018-496a-a73f-b22b3d64ca46 - - - - - -] Creating instance of TrackedResource for resource:subnetpool
2026-05-11 11:25:11.323 7 INFO neutron.quota.resource_registry [None req-d4b0332b-7018-496a-a73f-b22b3d64ca46 - - - - - -] Creating instance of TrackedResource for resource:port
2026-05-11 11:25:11.323 8 INFO neutron.api.extensions [None req-b5a19660-e8d6-4a12-953f-b3357485d7fb - - - - - -] Extension port-hardware-offload-type not supported by any of loaded plugins
2026-05-11 11:25:11.323 8 INFO neutron.api.extensions [None req-b5a19660-e8d6-4a12-953f-b3357485d7fb - - - - - -] Extension port-hint-ovs-tx-steering not supported by any of loaded plugins
2026-05-11 11:25:11.324 8 INFO neutron.api.extensions [None req-b5a19660-e8d6-4a12-953f-b3357485d7fb - - - - - -] Extension port-hints not supported by any of loaded plugins
2026-05-11 11:25:11.324 8 INFO neutron.api.extensions [None req-b5a19660-e8d6-4a12-953f-b3357485d7fb - - - - - -] Loaded extension: port-mac-override
2026-05-11 11:25:11.325 8 INFO neutron.api.extensions [None req-b5a19660-e8d6-4a12-953f-b3357485d7fb - - - - - -] Loaded extension: port-mac-address-regenerate
2026-05-11 11:25:11.325 8 INFO neutron.api.extensions [None req-b5a19660-e8d6-4a12-953f-b3357485d7fb - - - - - -] Loaded extension: port-numa-affinity-policy
2026-05-11 11:25:11.326 8 INFO neutron.api.extensions [None req-b5a19660-e8d6-4a12-953f-b3357485d7fb - - - - - -] Loaded extension: port-numa-affinity-policy-socket
2026-05-11 11:25:11.326 7 INFO neutron.quota.resource_registry [None req-d4b0332b-7018-496a-a73f-b22b3d64ca46 - - - - - -] Creating instance of TrackedResource for resource:router
2026-05-11 11:25:11.326 8 INFO neutron.api.extensions [None req-b5a19660-e8d6-4a12-953f-b3357485d7fb - - - - - -] Loaded extension: port-resource-request
2026-05-11 11:25:11.326 7 INFO neutron.quota.resource_registry [None req-d4b0332b-7018-496a-a73f-b22b3d64ca46 - - - - - -] Creating instance of TrackedResource for resource:floatingip
2026-05-11 11:25:11.327 8 INFO neutron.api.extensions [None req-b5a19660-e8d6-4a12-953f-b3357485d7fb - - - - - -] Loaded extension: port-resource-request-groups
2026-05-11 11:25:11.327 8 INFO neutron.api.extensions [None req-b5a19660-e8d6-4a12-953f-b3357485d7fb - - - - - -] Extension port-trusted-vif not supported by any of loaded plugins
2026-05-11 11:25:11.328 8 INFO neutron.api.extensions [None req-b5a19660-e8d6-4a12-953f-b3357485d7fb - - - - - -] Loaded extension: binding
2026-05-11 11:25:11.328 8 INFO neutron.api.extensions [None req-b5a19660-e8d6-4a12-953f-b3357485d7fb - - - - - -] Loaded extension: binding-extended
2026-05-11 11:25:11.329 8 INFO neutron.api.extensions [None req-b5a19660-e8d6-4a12-953f-b3357485d7fb - - - - - -] Loaded extension: port-security
2026-05-11 11:25:11.329 8 INFO neutron.api.extensions [None req-b5a19660-e8d6-4a12-953f-b3357485d7fb - - - - - -] Loaded extension: project-id
2026-05-11 11:25:11.330 8 INFO neutron.api.extensions [None req-b5a19660-e8d6-4a12-953f-b3357485d7fb - - - - - -] Loaded extension: provider
2026-05-11 11:25:11.330 7 INFO neutron.quota.resource_registry [None req-d4b0332b-7018-496a-a73f-b22b3d64ca46 - - - - - -] Creating instance of CountableResource for resource:rbac_policy
2026-05-11 11:25:11.331 8 INFO neutron.api.extensions [None req-b5a19660-e8d6-4a12-953f-b3357485d7fb - - - - - -] Extension qinq not supported by any of loaded plugins
2026-05-11 11:25:11.331 7 INFO neutron.quota.resource_registry [None req-d4b0332b-7018-496a-a73f-b22b3d64ca46 - - - - - -] Creating instance of TrackedResource for resource:security_group
2026-05-11 11:25:11.331 7 INFO neutron.quota.resource_registry [None req-d4b0332b-7018-496a-a73f-b22b3d64ca46 - - - - - -] Creating instance of TrackedResource for resource:security_group_rule
2026-05-11 11:25:11.332 7 WARNING neutron.api.api_common [None req-d4b0332b-7018-496a-a73f-b22b3d64ca46 - - - - - -] The plugin class neutron.db.servicetype_db.ServiceTypeManager should inherit from ``ServicePluginBase`` or ``NeutronDbPluginV2``. This class needs to be refactored. Please report a Launchpad bug in https://bugs.launchpad.net/neutron.
2026-05-11 11:25:11.332 7 INFO neutron.quota.resource_registry [None req-d4b0332b-7018-496a-a73f-b22b3d64ca46 - - - - - -] Creating instance of TrackedResource for resource:subnetpool
2026-05-11 11:25:11.332 7 WARNING neutron.quota.resource_registry [None req-d4b0332b-7018-496a-a73f-b22b3d64ca46 - - - - - -] subnetpool is already registered
2026-05-11 11:25:11.333 7 INFO neutron.quota.resource_registry [None req-d4b0332b-7018-496a-a73f-b22b3d64ca46 - - - - - -] Creating instance of TrackedResource for resource:subnetpool
2026-05-11 11:25:11.333 8 INFO neutron.api.extensions [None req-b5a19660-e8d6-4a12-953f-b3357485d7fb - - - - - -] Loaded extension: qos
2026-05-11 11:25:11.333 7 WARNING neutron.quota.resource_registry [None req-d4b0332b-7018-496a-a73f-b22b3d64ca46 - - - - - -] subnetpool is already registered
2026-05-11 11:25:11.333 7 INFO neutron.quota.resource_registry [None req-d4b0332b-7018-496a-a73f-b22b3d64ca46 - - - - - -] Creating instance of CountableResource for resource:trunk
2026-05-11 11:25:11.333 8 INFO neutron.api.extensions [None req-b5a19660-e8d6-4a12-953f-b3357485d7fb - - - - - -] Loaded extension: qos-bw-limit-direction
2026-05-11 11:25:11.334 7 INFO neutron.quota.resource_registry [None req-d4b0332b-7018-496a-a73f-b22b3d64ca46 - - - - - -] Creating instance of CountableResource for resource:ikepolicy
2026-05-11 11:25:11.334 8 INFO neutron.api.extensions [None req-b5a19660-e8d6-4a12-953f-b3357485d7fb - - - - - -] Loaded extension: qos-bw-minimum-ingress
2026-05-11 11:25:11.334 7 INFO neutron.quota.resource_registry [None req-d4b0332b-7018-496a-a73f-b22b3d64ca46 - - - - - -] Creating instance of CountableResource for resource:ipsecpolicy
2026-05-11 11:25:11.334 8 INFO neutron.api.extensions [None req-b5a19660-e8d6-4a12-953f-b3357485d7fb - - - - - -] Loaded extension: qos-default
2026-05-11 11:25:11.334 7 INFO neutron.quota.resource_registry [None req-d4b0332b-7018-496a-a73f-b22b3d64ca46 - - - - - -] Creating instance of CountableResource for resource:endpoint_group
2026-05-11 11:25:11.335 7 INFO neutron.quota.resource_registry [None req-d4b0332b-7018-496a-a73f-b22b3d64ca46 - - - - - -] Creating instance of CountableResource for resource:vpnservice
2026-05-11 11:25:11.335 8 INFO neutron.api.extensions [None req-b5a19660-e8d6-4a12-953f-b3357485d7fb - - - - - -] Loaded extension: qos-fip
2026-05-11 11:25:11.335 7 INFO neutron.quota.resource_registry [None req-d4b0332b-7018-496a-a73f-b22b3d64ca46 - - - - - -] Creating instance of CountableResource for resource:ipsec_site_connection
2026-05-11 11:25:11.335 8 INFO neutron.api.extensions [None req-b5a19660-e8d6-4a12-953f-b3357485d7fb - - - - - -] Extension qos-fip-network-policy not supported by any of loaded plugins
2026-05-11 11:25:11.336 7 INFO neutron.quota.resource_registry [None req-d4b0332b-7018-496a-a73f-b22b3d64ca46 - - - - - -] Creating instance of CountableResource for resource:ipsecpolicy
2026-05-11 11:25:11.336 7 WARNING neutron.quota.resource_registry [None req-d4b0332b-7018-496a-a73f-b22b3d64ca46 - - - - - -] ipsecpolicy is already registered
2026-05-11 11:25:11.336 8 INFO neutron.api.extensions [None req-b5a19660-e8d6-4a12-953f-b3357485d7fb - - - - - -] Loaded extension: qos-gateway-ip
2026-05-11 11:25:11.336 7 INFO neutron.quota.resource_registry [None req-d4b0332b-7018-496a-a73f-b22b3d64ca46 - - - - - -] Creating instance of CountableResource for resource:ikepolicy
2026-05-11 11:25:11.336 7 WARNING neutron.quota.resource_registry [None req-d4b0332b-7018-496a-a73f-b22b3d64ca46 - - - - - -] ikepolicy is already registered
2026-05-11 11:25:11.336 8 INFO neutron.api.extensions [None req-b5a19660-e8d6-4a12-953f-b3357485d7fb - - - - - -] Loaded extension: qos-port-network-policy
2026-05-11 11:25:11.337 8 INFO neutron.api.extensions [None req-b5a19660-e8d6-4a12-953f-b3357485d7fb - - - - - -] Loaded extension: qos-pps-minimum
2026-05-11 11:25:11.337 8 INFO neutron.api.extensions [None req-b5a19660-e8d6-4a12-953f-b3357485d7fb - - - - - -] Loaded extension: qos-pps-minimum-rule-alias
2026-05-11 11:25:11.338 7 WARNING neutron.api.api_common [None req-d4b0332b-7018-496a-a73f-b22b3d64ca46 - - - - - -] The plugin class builtins.NoneType should inherit from ``ServicePluginBase`` or ``NeutronDbPluginV2``. This class needs to be refactored. Please report a Launchpad bug in https://bugs.launchpad.net/neutron.
2026-05-11 11:25:11.338 7 WARNING neutron.api.api_common [None req-d4b0332b-7018-496a-a73f-b22b3d64ca46 - - - - - -] The plugin class builtins.NoneType should inherit from ``ServicePluginBase`` or ``NeutronDbPluginV2``. This class needs to be refactored. Please report a Launchpad bug in https://bugs.launchpad.net/neutron.
2026-05-11 11:25:11.338 8 INFO neutron.api.extensions [None req-b5a19660-e8d6-4a12-953f-b3357485d7fb - - - - - -] Loaded extension: qos-pps
2026-05-11 11:25:11.338 7 WARNING neutron.api.api_common [None req-d4b0332b-7018-496a-a73f-b22b3d64ca46 - - - - - -] The plugin class builtins.NoneType should inherit from ``ServicePluginBase`` or ``NeutronDbPluginV2``. This class needs to be refactored. Please report a Launchpad bug in https://bugs.launchpad.net/neutron.
2026-05-11 11:25:11.338 8 INFO neutron.api.extensions [None req-b5a19660-e8d6-4a12-953f-b3357485d7fb - - - - - -] Loaded extension: qos-rule-type-details
2026-05-11 11:25:11.339 7 WARNING neutron.api.api_common [None req-d4b0332b-7018-496a-a73f-b22b3d64ca46 - - - - - -] The plugin class builtins.NoneType should inherit from ``ServicePluginBase`` or ``NeutronDbPluginV2``. This class needs to be refactored. Please report a Launchpad bug in https://bugs.launchpad.net/neutron.
2026-05-11 11:25:11.339 8 INFO neutron.api.extensions [None req-b5a19660-e8d6-4a12-953f-b3357485d7fb - - - - - -] Loaded extension: qos-rule-type-filter
2026-05-11 11:25:11.339 7 WARNING neutron.api.api_common [None req-d4b0332b-7018-496a-a73f-b22b3d64ca46 - - - - - -] The plugin class builtins.NoneType should inherit from ``ServicePluginBase`` or ``NeutronDbPluginV2``. This class needs to be refactored. Please report a Launchpad bug in https://bugs.launchpad.net/neutron.
2026-05-11 11:25:11.339 7 WARNING neutron.api.api_common [None req-d4b0332b-7018-496a-a73f-b22b3d64ca46 - - - - - -] The plugin class neutron.db.servicetype_db.ServiceTypeManager should inherit from ``ServicePluginBase`` or ``NeutronDbPluginV2``. This class needs to be refactored. Please report a Launchpad bug in https://bugs.launchpad.net/neutron.
2026-05-11 11:25:11.339 7 WARNING neutron.api.api_common [None req-d4b0332b-7018-496a-a73f-b22b3d64ca46 - - - - - -] The plugin class builtins.NoneType should inherit from ``ServicePluginBase`` or ``NeutronDbPluginV2``. This class needs to be refactored. Please report a Launchpad bug in https://bugs.launchpad.net/neutron.
2026-05-11 11:25:11.340 8 INFO neutron.api.extensions [None req-b5a19660-e8d6-4a12-953f-b3357485d7fb - - - - - -] Loaded extension: qos-rules-alias
2026-05-11 11:25:11.340 7 WARNING neutron.api.api_common [None req-d4b0332b-7018-496a-a73f-b22b3d64ca46 - - - - - -] The plugin class builtins.NoneType should inherit from ``ServicePluginBase`` or ``NeutronDbPluginV2``. This class needs to be refactored. Please report a Launchpad bug in https://bugs.launchpad.net/neutron.
2026-05-11 11:25:11.340 7 WARNING neutron.api.api_common [None req-d4b0332b-7018-496a-a73f-b22b3d64ca46 - - - - - -] The plugin class builtins.NoneType should inherit from ``ServicePluginBase`` or ``NeutronDbPluginV2``. This class needs to be refactored. Please report a Launchpad bug in https://bugs.launchpad.net/neutron.
2026-05-11 11:25:11.340 7 WARNING neutron.api.api_common [None req-d4b0332b-7018-496a-a73f-b22b3d64ca46 - - - - - -] The plugin class builtins.NoneType should inherit from ``ServicePluginBase`` or ``NeutronDbPluginV2``. This class needs to be refactored. Please report a Launchpad bug in https://bugs.launchpad.net/neutron.
2026-05-11 11:25:11.340 8 INFO neutron.api.extensions [None req-b5a19660-e8d6-4a12-953f-b3357485d7fb - - - - - -] Loaded extension: quota-check-limit
2026-05-11 11:25:11.340 7 WARNING neutron.api.api_common [None req-d4b0332b-7018-496a-a73f-b22b3d64ca46 - - - - - -] The plugin class builtins.NoneType should inherit from ``ServicePluginBase`` or ``NeutronDbPluginV2``. This class needs to be refactored. Please report a Launchpad bug in https://bugs.launchpad.net/neutron.
2026-05-11 11:25:11.340 7 WARNING neutron.api.api_common [None req-d4b0332b-7018-496a-a73f-b22b3d64ca46 - - - - - -] The plugin class builtins.NoneType should inherit from ``ServicePluginBase`` or ``NeutronDbPluginV2``. This class needs to be refactored. Please report a Launchpad bug in https://bugs.launchpad.net/neutron.
2026-05-11 11:25:11.340 7 WARNING neutron.api.api_common [None req-d4b0332b-7018-496a-a73f-b22b3d64ca46 - - - - - -] The plugin class builtins.NoneType should inherit from ``ServicePluginBase`` or ``NeutronDbPluginV2``. This class needs to be refactored. Please report a Launchpad bug in https://bugs.launchpad.net/neutron.
2026-05-11 11:25:11.341 7 WARNING neutron.api.api_common [None req-d4b0332b-7018-496a-a73f-b22b3d64ca46 - - - - - -] The plugin class builtins.NoneType should inherit from ``ServicePluginBase`` or ``NeutronDbPluginV2``. This class needs to be refactored. Please report a Launchpad bug in https://bugs.launchpad.net/neutron.
2026-05-11 11:25:11.341 8 INFO neutron.api.extensions [None req-b5a19660-e8d6-4a12-953f-b3357485d7fb - - - - - -] Loaded extension: quota-check-limit-default
2026-05-11 11:25:11.341 7 WARNING neutron.api.api_common [None req-d4b0332b-7018-496a-a73f-b22b3d64ca46 - - - - - -] The plugin class builtins.NoneType should inherit from ``ServicePluginBase`` or ``NeutronDbPluginV2``. This class needs to be refactored. Please report a Launchpad bug in https://bugs.launchpad.net/neutron.
2026-05-11 11:25:11.341 7 WARNING neutron.api.api_common [None req-d4b0332b-7018-496a-a73f-b22b3d64ca46 - - - - - -] The plugin class builtins.NoneType should inherit from ``ServicePluginBase`` or ``NeutronDbPluginV2``. This class needs to be refactored. Please report a Launchpad bug in https://bugs.launchpad.net/neutron.
2026-05-11 11:25:11.343 8 INFO neutron.api.extensions [None req-b5a19660-e8d6-4a12-953f-b3357485d7fb - - - - - -] Loaded extension: quotas
2026-05-11 11:25:11.344 8 INFO neutron.api.extensions [None req-b5a19660-e8d6-4a12-953f-b3357485d7fb - - - - - -] Loaded extension: quota_details
2026-05-11 11:25:11.345 7 INFO neutron.quota.resource_registry [None req-d4b0332b-7018-496a-a73f-b22b3d64ca46 - - - - - -] Creating instance of TrackedResource for resource:router
2026-05-11 11:25:11.345 7 WARNING neutron.quota.resource_registry [None req-d4b0332b-7018-496a-a73f-b22b3d64ca46 - - - - - -] router is already registered
2026-05-11 11:25:11.345 8 INFO neutron.api.extensions [None req-b5a19660-e8d6-4a12-953f-b3357485d7fb - - - - - -] Loaded extension: rbac-policies
2026-05-11 11:25:11.346 7 INFO neutron.quota.resource_registry [None req-d4b0332b-7018-496a-a73f-b22b3d64ca46 - - - - - -] Creating instance of TrackedResource for resource:floatingip
2026-05-11 11:25:11.346 8 INFO neutron.api.extensions [None req-b5a19660-e8d6-4a12-953f-b3357485d7fb - - - - - -] Loaded extension: rbac-address-group
2026-05-11 11:25:11.346 7 WARNING neutron.quota.resource_registry [None req-d4b0332b-7018-496a-a73f-b22b3d64ca46 - - - - - -] floatingip is already registered
2026-05-11 11:25:11.346 8 INFO neutron.api.extensions [None req-b5a19660-e8d6-4a12-953f-b3357485d7fb - - - - - -] Loaded extension: rbac-address-scope
2026-05-11 11:25:11.347 8 INFO neutron.api.extensions [None req-b5a19660-e8d6-4a12-953f-b3357485d7fb - - - - - -] Loaded extension: rbac-security-groups
2026-05-11 11:25:11.347 8 INFO neutron.api.extensions [None req-b5a19660-e8d6-4a12-953f-b3357485d7fb - - - - - -] Loaded extension: rbac-subnetpool
2026-05-11 11:25:11.348 8 INFO neutron.api.extensions [None req-b5a19660-e8d6-4a12-953f-b3357485d7fb - - - - - -] Loaded extension: revision-if-match
2026-05-11 11:25:11.348 8 INFO neutron.api.extensions [None req-b5a19660-e8d6-4a12-953f-b3357485d7fb - - - - - -] Loaded extension: standard-attr-revisions
2026-05-11 11:25:11.349 8 INFO neutron.api.extensions [None req-b5a19660-e8d6-4a12-953f-b3357485d7fb - - - - - -] Loaded extension: router_availability_zone
2026-05-11 11:25:11.349 8 INFO neutron.api.extensions [None req-b5a19660-e8d6-4a12-953f-b3357485d7fb - - - - - -] Extension router-enable-snat not supported by any of loaded plugins
2026-05-11 11:25:11.350 8 INFO neutron.api.extensions [None req-b5a19660-e8d6-4a12-953f-b3357485d7fb - - - - - -] Extension router-service-type not supported by any of loaded plugins
2026-05-11 11:25:11.350 7 INFO neutron.quota.resource_registry [None req-d4b0332b-7018-496a-a73f-b22b3d64ca46 - - - - - -] Creating instance of CountableResource for resource:rbac_policy
2026-05-11 11:25:11.350 7 WARNING neutron.quota.resource_registry [None req-d4b0332b-7018-496a-a73f-b22b3d64ca46 - - - - - -] rbac_policy is already registered
2026-05-11 11:25:11.351 7 INFO neutron.quota.resource_registry [None req-d4b0332b-7018-496a-a73f-b22b3d64ca46 - - - - - -] Creating instance of TrackedResource for resource:security_group
2026-05-11 11:25:11.351 7 WARNING neutron.quota.resource_registry [None req-d4b0332b-7018-496a-a73f-b22b3d64ca46 - - - - - -] security_group is already registered
2026-05-11 11:25:11.351 7 INFO neutron.quota.resource_registry [None req-d4b0332b-7018-496a-a73f-b22b3d64ca46 - - - - - -] Creating instance of TrackedResource for resource:security_group_rule
2026-05-11 11:25:11.351 7 WARNING neutron.quota.resource_registry [None req-d4b0332b-7018-496a-a73f-b22b3d64ca46 - - - - - -] security_group_rule is already registered
2026-05-11 11:25:11.352 8 INFO neutron.api.extensions [None req-b5a19660-e8d6-4a12-953f-b3357485d7fb - - - - - -] Loaded extension: security-groups-default-rules
2026-05-11 11:25:11.352 7 WARNING neutron.api.api_common [None req-d4b0332b-7018-496a-a73f-b22b3d64ca46 - - - - - -] The plugin class neutron.db.servicetype_db.ServiceTypeManager should inherit from ``ServicePluginBase`` or ``NeutronDbPluginV2``. This class needs to be refactored. Please report a Launchpad bug in https://bugs.launchpad.net/neutron.
2026-05-11 11:25:11.352 8 INFO neutron.api.extensions [None req-b5a19660-e8d6-4a12-953f-b3357485d7fb - - - - - -] Loaded extension: security-groups-normalized-cidr
2026-05-11 11:25:11.352 7 INFO neutron.quota.resource_registry [None req-d4b0332b-7018-496a-a73f-b22b3d64ca46 - - - - - -] Creating instance of TrackedResource for resource:subnetpool
2026-05-11 11:25:11.352 7 WARNING neutron.quota.resource_registry [None req-d4b0332b-7018-496a-a73f-b22b3d64ca46 - - - - - -] subnetpool is already registered
2026-05-11 11:25:11.353 7 INFO neutron.quota.resource_registry [None req-d4b0332b-7018-496a-a73f-b22b3d64ca46 - - - - - -] Creating instance of TrackedResource for resource:subnetpool
2026-05-11 11:25:11.353 7 WARNING neutron.quota.resource_registry [None req-d4b0332b-7018-496a-a73f-b22b3d64ca46 - - - - - -] subnetpool is already registered
2026-05-11 11:25:11.353 7 INFO neutron.quota.resource_registry [None req-d4b0332b-7018-496a-a73f-b22b3d64ca46 - - - - - -] Creating instance of CountableResource for resource:trunk
2026-05-11 11:25:11.354 7 WARNING neutron.quota.resource_registry [None req-d4b0332b-7018-496a-a73f-b22b3d64ca46 - - - - - -] trunk is already registered
2026-05-11 11:25:11.354 8 INFO neutron.api.extensions [None req-b5a19660-e8d6-4a12-953f-b3357485d7fb - - - - - -] Loaded extension: port-security-groups-filtering
2026-05-11 11:25:11.354 7 INFO neutron.quota.resource_registry [None req-d4b0332b-7018-496a-a73f-b22b3d64ca46 - - - - - -] Creating instance of CountableResource for resource:ikepolicy
2026-05-11 11:25:11.354 7 WARNING neutron.quota.resource_registry [None req-d4b0332b-7018-496a-a73f-b22b3d64ca46 - - - - - -] ikepolicy is already registered
2026-05-11 11:25:11.354 8 INFO neutron.api.extensions [None req-b5a19660-e8d6-4a12-953f-b3357485d7fb - - - - - -] Loaded extension: security-groups-remote-address-group
2026-05-11 11:25:11.354 7 INFO neutron.quota.resource_registry [None req-d4b0332b-7018-496a-a73f-b22b3d64ca46 - - - - - -] Creating instance of CountableResource for resource:ipsecpolicy
2026-05-11 11:25:11.355 7 WARNING neutron.quota.resource_registry [None req-d4b0332b-7018-496a-a73f-b22b3d64ca46 - - - - - -] ipsecpolicy is already registered
2026-05-11 11:25:11.355 8 INFO neutron.api.extensions [None req-b5a19660-e8d6-4a12-953f-b3357485d7fb - - - - - -] Loaded extension: security-groups-rules-belongs-to-default-sg
2026-05-11 11:25:11.355 7 INFO neutron.quota.resource_registry [None req-d4b0332b-7018-496a-a73f-b22b3d64ca46 - - - - - -] Creating instance of CountableResource for resource:endpoint_group
2026-05-11 11:25:11.355 7 WARNING neutron.quota.resource_registry [None req-d4b0332b-7018-496a-a73f-b22b3d64ca46 - - - - - -] endpoint_group is already registered
2026-05-11 11:25:11.355 8 INFO neutron.api.extensions [None req-b5a19660-e8d6-4a12-953f-b3357485d7fb - - - - - -] Loaded extension: security-groups-shared-filtering
2026-05-11 11:25:11.355 7 INFO neutron.quota.resource_registry [None req-d4b0332b-7018-496a-a73f-b22b3d64ca46 - - - - - -] Creating instance of CountableResource for resource:vpnservice
2026-05-11 11:25:11.356 7 WARNING neutron.quota.resource_registry [None req-d4b0332b-7018-496a-a73f-b22b3d64ca46 - - - - - -] vpnservice is already registered
2026-05-11 11:25:11.356 7 INFO neutron.quota.resource_registry [None req-d4b0332b-7018-496a-a73f-b22b3d64ca46 - - - - - -] Creating instance of CountableResource for resource:ipsec_site_connection
2026-05-11 11:25:11.356 7 WARNING neutron.quota.resource_registry [None req-d4b0332b-7018-496a-a73f-b22b3d64ca46 - - - - - -] ipsec_site_connection is already registered
2026-05-11 11:25:11.356 7 INFO neutron.quota.resource_registry [None req-d4b0332b-7018-496a-a73f-b22b3d64ca46 - - - - - -] Creating instance of CountableResource for resource:ipsecpolicy
2026-05-11 11:25:11.357 7 WARNING neutron.quota.resource_registry [None req-d4b0332b-7018-496a-a73f-b22b3d64ca46 - - - - - -] ipsecpolicy is already registered
2026-05-11 11:25:11.357 7 INFO neutron.quota.resource_registry [None req-d4b0332b-7018-496a-a73f-b22b3d64ca46 - - - - - -] Creating instance of CountableResource for resource:ikepolicy
2026-05-11 11:25:11.357 7 WARNING neutron.quota.resource_registry [None req-d4b0332b-7018-496a-a73f-b22b3d64ca46 - - - - - -] ikepolicy is already registered
2026-05-11 11:25:11.360 8 INFO neutron.api.extensions [None req-b5a19660-e8d6-4a12-953f-b3357485d7fb - - - - - -] Loaded extension: security-group
2026-05-11 11:25:11.361 8 INFO neutron.api.extensions [None req-b5a19660-e8d6-4a12-953f-b3357485d7fb - - - - - -] Loaded extension: segment
2026-05-11 11:25:11.362 8 INFO neutron.api.extensions [None req-b5a19660-e8d6-4a12-953f-b3357485d7fb - - - - - -] Loaded extension: segments-peer-subnet-host-routes
2026-05-11 11:25:11.363 8 INFO neutron.api.extensions [None req-b5a19660-e8d6-4a12-953f-b3357485d7fb - - - - - -] Loaded extension: service-type
2026-05-11 11:25:11.363 8 INFO neutron.api.extensions [None req-b5a19660-e8d6-4a12-953f-b3357485d7fb - - - - - -] Loaded extension: sorting
2026-05-11 11:25:11.364 8 INFO neutron.api.extensions [None req-b5a19660-e8d6-4a12-953f-b3357485d7fb - - - - - -] Loaded extension: standard-attr-segment
2026-05-11 11:25:11.364 8 INFO neutron.api.extensions [None req-b5a19660-e8d6-4a12-953f-b3357485d7fb - - - - - -] Loaded extension: standard-attr-description
2026-05-11 11:25:11.365 8 INFO neutron.api.extensions [None req-b5a19660-e8d6-4a12-953f-b3357485d7fb - - - - - -] Loaded extension: stateful-security-group
2026-05-11 11:25:11.365 8 WARNING neutron.api.extensions [None req-b5a19660-e8d6-4a12-953f-b3357485d7fb - - - - - -] Did not find expected name "Stdattrs_common" in /var/lib/openstack/lib/python3.12/site-packages/neutron/extensions/stdattrs_common.py
2026-05-11 11:25:11.366 8 INFO neutron.api.extensions [None req-b5a19660-e8d6-4a12-953f-b3357485d7fb - - - - - -] Extension subnet-dns-publish-fixed-ip not supported by any of loaded plugins
2026-05-11 11:25:11.366 8 INFO neutron.api.extensions [None req-b5a19660-e8d6-4a12-953f-b3357485d7fb - - - - - -] Loaded extension: subnet-external-network
2026-05-11 11:25:11.367 8 INFO neutron.api.extensions [None req-b5a19660-e8d6-4a12-953f-b3357485d7fb - - - - - -] Loaded extension: subnet_onboard
2026-05-11 11:25:11.368 8 INFO neutron.api.extensions [None req-b5a19660-e8d6-4a12-953f-b3357485d7fb - - - - - -] Loaded extension: subnet-segmentid-writable
2026-05-11 11:25:11.369 8 INFO neutron.api.extensions [None req-b5a19660-e8d6-4a12-953f-b3357485d7fb - - - - - -] Loaded extension: subnet-service-types
2026-05-11 11:25:11.369 8 INFO neutron.api.extensions [None req-b5a19660-e8d6-4a12-953f-b3357485d7fb - - - - - -] Loaded extension: subnet_allocation
2026-05-11 11:25:11.370 8 INFO neutron.api.extensions [None req-b5a19660-e8d6-4a12-953f-b3357485d7fb - - - - - -] Loaded extension: subnetpool-prefix-ops
2026-05-11 11:25:11.370 8 INFO neutron.api.extensions [None req-b5a19660-e8d6-4a12-953f-b3357485d7fb - - - - - -] Loaded extension: tag-creation
2026-05-11 11:25:11.371 8 INFO neutron.api.extensions [None req-b5a19660-e8d6-4a12-953f-b3357485d7fb - - - - - -] Extension tag-ports-during-bulk-creation not supported by any of loaded plugins
2026-05-11 11:25:11.375 8 INFO neutron.api.extensions [None req-b5a19660-e8d6-4a12-953f-b3357485d7fb - - - - - -] Loaded extension: standard-attr-tag
2026-05-11 11:25:11.375 8 INFO neutron.api.extensions [None req-b5a19660-e8d6-4a12-953f-b3357485d7fb - - - - - -] Loaded extension: standard-attr-timestamp
2026-05-11 11:25:11.376 8 INFO neutron.api.extensions [None req-b5a19660-e8d6-4a12-953f-b3357485d7fb - - - - - -] Loaded extension: trunk
2026-05-11 11:25:11.377 8 INFO neutron.api.extensions [None req-b5a19660-e8d6-4a12-953f-b3357485d7fb - - - - - -] Loaded extension: trunk-details
2026-05-11 11:25:11.378 8 INFO neutron.api.extensions [None req-b5a19660-e8d6-4a12-953f-b3357485d7fb - - - - - -] Extension uplink-status-propagation not supported by any of loaded plugins
2026-05-11 11:25:11.379 8 INFO neutron.api.extensions [None req-b5a19660-e8d6-4a12-953f-b3357485d7fb - - - - - -] Extension uplink-status-propagation-updatable not supported by any of loaded plugins
2026-05-11 11:25:11.379 8 INFO neutron.api.extensions [None req-b5a19660-e8d6-4a12-953f-b3357485d7fb - - - - - -] Extension vlan-transparent not supported by any of loaded plugins
2026-05-11 11:25:11.380 8 INFO neutron.api.extensions [None req-b5a19660-e8d6-4a12-953f-b3357485d7fb - - - - - -] Loaded extension: vpn-aes-ctr
2026-05-11 11:25:11.382 8 INFO neutron.api.extensions [None req-b5a19660-e8d6-4a12-953f-b3357485d7fb - - - - - -] Extension vpn-agent-scheduler not supported by any of loaded plugins
2026-05-11 11:25:11.383 8 INFO neutron.api.extensions [None req-b5a19660-e8d6-4a12-953f-b3357485d7fb - - - - - -] Loaded extension: vpn-endpoint-groups
2026-05-11 11:25:11.384 8 INFO neutron.api.extensions [None req-b5a19660-e8d6-4a12-953f-b3357485d7fb - - - - - -] Loaded extension: vpn-flavors
2026-05-11 11:25:11.385 8 INFO neutron.api.extensions [None req-b5a19660-e8d6-4a12-953f-b3357485d7fb - - - - - -] Loaded extension: vpnaas
2026-05-11 11:25:11.387 8 INFO neutron.api.extensions [None req-b5a19660-e8d6-4a12-953f-b3357485d7fb - - - - - -] Loaded extension: taas
2026-05-11 11:25:11.388 8 INFO neutron.api.extensions [None req-b5a19660-e8d6-4a12-953f-b3357485d7fb - - - - - -] Loaded extension: tap-mirror
2026-05-11 11:25:11.389 8 INFO neutron.api.extensions [None req-b5a19660-e8d6-4a12-953f-b3357485d7fb - - - - - -] Loaded extension: tap-mirror-both-direction
2026-05-11 11:25:11.389 8 INFO neutron.api.extensions [None req-b5a19660-e8d6-4a12-953f-b3357485d7fb - - - - - -] Loaded extension: taas-vlan-filter
2026-05-11 11:25:11.391 8 INFO neutron.quota.resource_registry [None req-b5a19660-e8d6-4a12-953f-b3357485d7fb - - - - - -] Creating instance of TrackedResource for resource:network
2026-05-11 11:25:11.392 8 INFO neutron.quota.resource_registry [None req-b5a19660-e8d6-4a12-953f-b3357485d7fb - - - - - -] Creating instance of TrackedResource for resource:subnet
2026-05-11 11:25:11.392 8 INFO neutron.quota.resource_registry [None req-b5a19660-e8d6-4a12-953f-b3357485d7fb - - - - - -] Creating instance of TrackedResource for resource:subnetpool
2026-05-11 11:25:11.392 8 INFO neutron.quota.resource_registry [None req-b5a19660-e8d6-4a12-953f-b3357485d7fb - - - - - -] Creating instance of TrackedResource for resource:port
2026-05-11 11:25:11.395 8 INFO neutron.quota.resource_registry [None req-b5a19660-e8d6-4a12-953f-b3357485d7fb - - - - - -] Creating instance of TrackedResource for resource:router
2026-05-11 11:25:11.396 8 INFO neutron.quota.resource_registry [None req-b5a19660-e8d6-4a12-953f-b3357485d7fb - - - - - -] Creating instance of TrackedResource for resource:floatingip
2026-05-11 11:25:11.398 7 WARNING keystonemiddleware._common.config [None req-d4b0332b-7018-496a-a73f-b22b3d64ca46 - - - - - -] The option "audit_map_file" is not known to keystonemiddleware
2026-05-11 11:25:11.400 8 INFO neutron.quota.resource_registry [None req-b5a19660-e8d6-4a12-953f-b3357485d7fb - - - - - -] Creating instance of CountableResource for resource:rbac_policy
2026-05-11 11:25:11.400 8 INFO neutron.quota.resource_registry [None req-b5a19660-e8d6-4a12-953f-b3357485d7fb - - - - - -] Creating instance of TrackedResource for resource:security_group
2026-05-11 11:25:11.401 8 INFO neutron.quota.resource_registry [None req-b5a19660-e8d6-4a12-953f-b3357485d7fb - - - - - -] Creating instance of TrackedResource for resource:security_group_rule
2026-05-11 11:25:11.401 8 WARNING neutron.api.api_common [None req-b5a19660-e8d6-4a12-953f-b3357485d7fb - - - - - -] The plugin class neutron.db.servicetype_db.ServiceTypeManager should inherit from ``ServicePluginBase`` or ``NeutronDbPluginV2``. This class needs to be refactored. Please report a Launchpad bug in https://bugs.launchpad.net/neutron.
2026-05-11 11:25:11.402 8 INFO neutron.quota.resource_registry [None req-b5a19660-e8d6-4a12-953f-b3357485d7fb - - - - - -] Creating instance of TrackedResource for resource:subnetpool
2026-05-11 11:25:11.402 8 WARNING neutron.quota.resource_registry [None req-b5a19660-e8d6-4a12-953f-b3357485d7fb - - - - - -] subnetpool is already registered
2026-05-11 11:25:11.402 8 INFO neutron.quota.resource_registry [None req-b5a19660-e8d6-4a12-953f-b3357485d7fb - - - - - -] Creating instance of TrackedResource for resource:subnetpool
2026-05-11 11:25:11.402 8 WARNING neutron.quota.resource_registry [None req-b5a19660-e8d6-4a12-953f-b3357485d7fb - - - - - -] subnetpool is already registered
2026-05-11 11:25:11.403 8 INFO neutron.quota.resource_registry [None req-b5a19660-e8d6-4a12-953f-b3357485d7fb - - - - - -] Creating instance of CountableResource for resource:trunk
2026-05-11 11:25:11.403 8 INFO neutron.quota.resource_registry [None req-b5a19660-e8d6-4a12-953f-b3357485d7fb - - - - - -] Creating instance of CountableResource for resource:ikepolicy
2026-05-11 11:25:11.404 8 INFO neutron.quota.resource_registry [None req-b5a19660-e8d6-4a12-953f-b3357485d7fb - - - - - -] Creating instance of CountableResource for resource:ipsecpolicy
2026-05-11 11:25:11.404 8 INFO neutron.quota.resource_registry [None req-b5a19660-e8d6-4a12-953f-b3357485d7fb - - - - - -] Creating instance of CountableResource for resource:endpoint_group
2026-05-11 11:25:11.405 8 INFO neutron.quota.resource_registry [None req-b5a19660-e8d6-4a12-953f-b3357485d7fb - - - - - -] Creating instance of CountableResource for resource:vpnservice
2026-05-11 11:25:11.405 8 INFO neutron.quota.resource_registry [None req-b5a19660-e8d6-4a12-953f-b3357485d7fb - - - - - -] Creating instance of CountableResource for resource:ipsec_site_connection
2026-05-11 11:25:11.406 7 WARNING oslo_config.cfg [None req-d4b0332b-7018-496a-a73f-b22b3d64ca46 - - - - - -] Deprecated: Option "auth_uri" from group "keystone_authtoken" is deprecated. Use option "www_authenticate_uri" from group "keystone_authtoken".
2026-05-11 11:25:11.406 8 INFO neutron.quota.resource_registry [None req-b5a19660-e8d6-4a12-953f-b3357485d7fb - - - - - -] Creating instance of CountableResource for resource:ipsecpolicy
2026-05-11 11:25:11.406 8 WARNING neutron.quota.resource_registry [None req-b5a19660-e8d6-4a12-953f-b3357485d7fb - - - - - -] ipsecpolicy is already registered
2026-05-11 11:25:11.407 8 INFO neutron.quota.resource_registry [None req-b5a19660-e8d6-4a12-953f-b3357485d7fb - - - - - -] Creating instance of CountableResource for resource:ikepolicy
2026-05-11 11:25:11.407 8 WARNING neutron.quota.resource_registry [None req-b5a19660-e8d6-4a12-953f-b3357485d7fb - - - - - -] ikepolicy is already registered WSGI app 0 (mountpoint='') ready in 8 seconds on interpreter 0x7f593d12d668 pid: 7 (default app)
2026-05-11 11:25:11.409 8 WARNING neutron.api.api_common [None req-b5a19660-e8d6-4a12-953f-b3357485d7fb - - - - - -] The plugin class builtins.NoneType should inherit from ``ServicePluginBase`` or ``NeutronDbPluginV2``. This class needs to be refactored. Please report a Launchpad bug in https://bugs.launchpad.net/neutron.
2026-05-11 11:25:11.409 8 WARNING neutron.api.api_common [None req-b5a19660-e8d6-4a12-953f-b3357485d7fb - - - - - -] The plugin class builtins.NoneType should inherit from ``ServicePluginBase`` or ``NeutronDbPluginV2``. This class needs to be refactored. Please report a Launchpad bug in https://bugs.launchpad.net/neutron.
2026-05-11 11:25:11.409 8 WARNING neutron.api.api_common [None req-b5a19660-e8d6-4a12-953f-b3357485d7fb - - - - - -] The plugin class builtins.NoneType should inherit from ``ServicePluginBase`` or ``NeutronDbPluginV2``. This class needs to be refactored. Please report a Launchpad bug in https://bugs.launchpad.net/neutron.
2026-05-11 11:25:11.409 8 WARNING neutron.api.api_common [None req-b5a19660-e8d6-4a12-953f-b3357485d7fb - - - - - -] The plugin class builtins.NoneType should inherit from ``ServicePluginBase`` or ``NeutronDbPluginV2``. This class needs to be refactored. Please report a Launchpad bug in https://bugs.launchpad.net/neutron.
2026-05-11 11:25:11.410 8 WARNING neutron.api.api_common [None req-b5a19660-e8d6-4a12-953f-b3357485d7fb - - - - - -] The plugin class builtins.NoneType should inherit from ``ServicePluginBase`` or ``NeutronDbPluginV2``. This class needs to be refactored. Please report a Launchpad bug in https://bugs.launchpad.net/neutron.
2026-05-11 11:25:11.410 8 WARNING neutron.api.api_common [None req-b5a19660-e8d6-4a12-953f-b3357485d7fb - - - - - -] The plugin class neutron.db.servicetype_db.ServiceTypeManager should inherit from ``ServicePluginBase`` or ``NeutronDbPluginV2``. This class needs to be refactored. Please report a Launchpad bug in https://bugs.launchpad.net/neutron.
2026-05-11 11:25:11.410 8 WARNING neutron.api.api_common [None req-b5a19660-e8d6-4a12-953f-b3357485d7fb - - - - - -] The plugin class builtins.NoneType should inherit from ``ServicePluginBase`` or ``NeutronDbPluginV2``. This class needs to be refactored. Please report a Launchpad bug in https://bugs.launchpad.net/neutron.
2026-05-11 11:25:11.410 8 WARNING neutron.api.api_common [None req-b5a19660-e8d6-4a12-953f-b3357485d7fb - - - - - -] The plugin class builtins.NoneType should inherit from ``ServicePluginBase`` or ``NeutronDbPluginV2``. This class needs to be refactored. Please report a Launchpad bug in https://bugs.launchpad.net/neutron.
2026-05-11 11:25:11.410 8 WARNING neutron.api.api_common [None req-b5a19660-e8d6-4a12-953f-b3357485d7fb - - - - - -] The plugin class builtins.NoneType should inherit from ``ServicePluginBase`` or ``NeutronDbPluginV2``. This class needs to be refactored. Please report a Launchpad bug in https://bugs.launchpad.net/neutron.
2026-05-11 11:25:11.410 8 WARNING neutron.api.api_common [None req-b5a19660-e8d6-4a12-953f-b3357485d7fb - - - - - -] The plugin class builtins.NoneType should inherit from ``ServicePluginBase`` or ``NeutronDbPluginV2``. This class needs to be refactored. Please report a Launchpad bug in https://bugs.launchpad.net/neutron.
2026-05-11 11:25:11.410 8 WARNING neutron.api.api_common [None req-b5a19660-e8d6-4a12-953f-b3357485d7fb - - - - - -] The plugin class builtins.NoneType should inherit from ``ServicePluginBase`` or ``NeutronDbPluginV2``. This class needs to be refactored. Please report a Launchpad bug in https://bugs.launchpad.net/neutron.
2026-05-11 11:25:11.410 8 WARNING neutron.api.api_common [None req-b5a19660-e8d6-4a12-953f-b3357485d7fb - - - - - -] The plugin class builtins.NoneType should inherit from ``ServicePluginBase`` or ``NeutronDbPluginV2``. This class needs to be refactored. Please report a Launchpad bug in https://bugs.launchpad.net/neutron.
2026-05-11 11:25:11.411 8 WARNING neutron.api.api_common [None req-b5a19660-e8d6-4a12-953f-b3357485d7fb - - - - - -] The plugin class builtins.NoneType should inherit from ``ServicePluginBase`` or ``NeutronDbPluginV2``. This class needs to be refactored. Please report a Launchpad bug in https://bugs.launchpad.net/neutron.
2026-05-11 11:25:11.411 8 WARNING neutron.api.api_common [None req-b5a19660-e8d6-4a12-953f-b3357485d7fb - - - - - -] The plugin class builtins.NoneType should inherit from ``ServicePluginBase`` or ``NeutronDbPluginV2``. This class needs to be refactored. Please report a Launchpad bug in https://bugs.launchpad.net/neutron.
2026-05-11 11:25:11.411 8 WARNING neutron.api.api_common [None req-b5a19660-e8d6-4a12-953f-b3357485d7fb - - - - - -] The plugin class builtins.NoneType should inherit from ``ServicePluginBase`` or ``NeutronDbPluginV2``. This class needs to be refactored. Please report a Launchpad bug in https://bugs.launchpad.net/neutron.
2026-05-11 11:25:11.411 8 WARNING neutron.api.api_common [None req-b5a19660-e8d6-4a12-953f-b3357485d7fb - - - - - -] The plugin class builtins.NoneType should inherit from ``ServicePluginBase`` or ``NeutronDbPluginV2``. This class needs to be refactored. Please report a Launchpad bug in https://bugs.launchpad.net/neutron.
2026-05-11 11:25:11.414 8 INFO neutron.quota.resource_registry [None req-b5a19660-e8d6-4a12-953f-b3357485d7fb - - - - - -] Creating instance of TrackedResource for resource:router
2026-05-11 11:25:11.415 8 WARNING neutron.quota.resource_registry [None req-b5a19660-e8d6-4a12-953f-b3357485d7fb - - - - - -] router is already registered
2026-05-11 11:25:11.415 8 INFO neutron.quota.resource_registry [None req-b5a19660-e8d6-4a12-953f-b3357485d7fb - - - - - -] Creating instance of TrackedResource for resource:floatingip
2026-05-11 11:25:11.415 8 WARNING neutron.quota.resource_registry [None req-b5a19660-e8d6-4a12-953f-b3357485d7fb - - - - - -] floatingip is already registered
2026-05-11 11:25:11.419 8 INFO neutron.quota.resource_registry [None req-b5a19660-e8d6-4a12-953f-b3357485d7fb - - - - - -] Creating instance of CountableResource for resource:rbac_policy
2026-05-11 11:25:11.419 8 WARNING neutron.quota.resource_registry [None req-b5a19660-e8d6-4a12-953f-b3357485d7fb - - - - - -] rbac_policy is already registered
2026-05-11 11:25:11.420 8 INFO neutron.quota.resource_registry [None req-b5a19660-e8d6-4a12-953f-b3357485d7fb - - - - - -] Creating instance of TrackedResource for resource:security_group
2026-05-11 11:25:11.420 8 WARNING neutron.quota.resource_registry [None req-b5a19660-e8d6-4a12-953f-b3357485d7fb - - - - - -] security_group is already registered
2026-05-11 11:25:11.420 8 INFO neutron.quota.resource_registry [None req-b5a19660-e8d6-4a12-953f-b3357485d7fb - - - - - -] Creating instance of TrackedResource for resource:security_group_rule
2026-05-11 11:25:11.420 8 WARNING neutron.quota.resource_registry [None req-b5a19660-e8d6-4a12-953f-b3357485d7fb - - - - - -] security_group_rule is already registered
2026-05-11 11:25:11.421 8 WARNING neutron.api.api_common [None req-b5a19660-e8d6-4a12-953f-b3357485d7fb - - - - - -] The plugin class neutron.db.servicetype_db.ServiceTypeManager should inherit from ``ServicePluginBase`` or ``NeutronDbPluginV2``. This class needs to be refactored. Please report a Launchpad bug in https://bugs.launchpad.net/neutron.
2026-05-11 11:25:11.421 8 INFO neutron.quota.resource_registry [None req-b5a19660-e8d6-4a12-953f-b3357485d7fb - - - - - -] Creating instance of TrackedResource for resource:subnetpool
2026-05-11 11:25:11.421 8 WARNING neutron.quota.resource_registry [None req-b5a19660-e8d6-4a12-953f-b3357485d7fb - - - - - -] subnetpool is already registered
2026-05-11 11:25:11.423 8 INFO neutron.quota.resource_registry [None req-b5a19660-e8d6-4a12-953f-b3357485d7fb - - - - - -] Creating instance of TrackedResource for resource:subnetpool
2026-05-11 11:25:11.423 8 WARNING neutron.quota.resource_registry [None req-b5a19660-e8d6-4a12-953f-b3357485d7fb - - - - - -] subnetpool is already registered
2026-05-11 11:25:11.424 8 INFO neutron.quota.resource_registry [None req-b5a19660-e8d6-4a12-953f-b3357485d7fb - - - - - -] Creating instance of CountableResource for resource:trunk
2026-05-11 11:25:11.424 8 WARNING neutron.quota.resource_registry [None req-b5a19660-e8d6-4a12-953f-b3357485d7fb - - - - - -] trunk is already registered
2026-05-11 11:25:11.425 8 INFO neutron.quota.resource_registry [None req-b5a19660-e8d6-4a12-953f-b3357485d7fb - - - - - -] Creating instance of CountableResource for resource:ikepolicy
2026-05-11 11:25:11.425 8 WARNING neutron.quota.resource_registry [None req-b5a19660-e8d6-4a12-953f-b3357485d7fb - - - - - -] ikepolicy is already registered
2026-05-11 11:25:11.425 8 INFO neutron.quota.resource_registry [None req-b5a19660-e8d6-4a12-953f-b3357485d7fb - - - - - -] Creating instance of CountableResource for resource:ipsecpolicy
2026-05-11 11:25:11.425 8 WARNING neutron.quota.resource_registry [None req-b5a19660-e8d6-4a12-953f-b3357485d7fb - - - - - -] ipsecpolicy is already registered
2026-05-11 11:25:11.426 8 INFO neutron.quota.resource_registry [None req-b5a19660-e8d6-4a12-953f-b3357485d7fb - - - - - -] Creating instance of CountableResource for resource:endpoint_group
2026-05-11 11:25:11.426 8 WARNING neutron.quota.resource_registry [None req-b5a19660-e8d6-4a12-953f-b3357485d7fb - - - - - -] endpoint_group is already registered
2026-05-11 11:25:11.427 8 INFO neutron.quota.resource_registry [None req-b5a19660-e8d6-4a12-953f-b3357485d7fb - - - - - -] Creating instance of CountableResource for resource:vpnservice
2026-05-11 11:25:11.427 8 WARNING neutron.quota.resource_registry [None req-b5a19660-e8d6-4a12-953f-b3357485d7fb - - - - - -] vpnservice is already registered
2026-05-11 11:25:11.427 8 INFO neutron.quota.resource_registry [None req-b5a19660-e8d6-4a12-953f-b3357485d7fb - - - - - -] Creating instance of CountableResource for resource:ipsec_site_connection
2026-05-11 11:25:11.427 8 WARNING neutron.quota.resource_registry [None req-b5a19660-e8d6-4a12-953f-b3357485d7fb - - - - - -] ipsec_site_connection is already registered
2026-05-11 11:25:11.428 8 INFO neutron.quota.resource_registry [None req-b5a19660-e8d6-4a12-953f-b3357485d7fb - - - - - -] Creating instance of CountableResource for resource:ipsecpolicy
2026-05-11 11:25:11.428 8 WARNING neutron.quota.resource_registry [None req-b5a19660-e8d6-4a12-953f-b3357485d7fb - - - - - -] ipsecpolicy is already registered
2026-05-11 11:25:11.428 8 INFO neutron.quota.resource_registry [None req-b5a19660-e8d6-4a12-953f-b3357485d7fb - - - - - -] Creating instance of CountableResource for resource:ikepolicy
2026-05-11 11:25:11.428 8 WARNING neutron.quota.resource_registry [None req-b5a19660-e8d6-4a12-953f-b3357485d7fb - - - - - -] ikepolicy is already registered
2026-05-11 11:25:11.470 8 WARNING keystonemiddleware._common.config [None req-b5a19660-e8d6-4a12-953f-b3357485d7fb - - - - - -] The option "audit_map_file" is not known to keystonemiddleware
2026-05-11 11:25:11.477 8 WARNING oslo_config.cfg [None req-b5a19660-e8d6-4a12-953f-b3357485d7fb - - - - - -] Deprecated: Option "auth_uri" from group "keystone_authtoken" is deprecated. Use option "www_authenticate_uri" from group "keystone_authtoken". WSGI app 0 (mountpoint='') ready in 8 seconds on interpreter 0x7f593d12d668 pid: 8 (default app) /var/lib/openstack/lib/python3.12/site-packages/pycadf/identifier.py:70: UserWarning: Invalid uuid: unknown. To ensure interoperability, identifiers should be a valid uuid. warnings.warn(('Invalid uuid: %s. To ensure interoperability, '
2026-05-11 11:25:16.205 7 INFO neutron.pecan_wsgi.hooks.translation [None req-16e9bff6-4138-4aeb-abde-559263bb2112 73ed1255c1b14d13ba1c30c58019e919 93d25fca0ebd4998960da86692a67bc7 - - default default] GET failed (client error): The resource could not be found. [pid: 7|app: 0|req: 3/3] 199.204.45.246 () {44 vars in 927 bytes} [Mon May 11 11:25:15 2026] GET /v2.0/networks/public => generated 108 bytes in 786 msecs (HTTP/1.1 404) 4 headers in 164 bytes (1 switches on core 0) /var/lib/openstack/lib/python3.12/site-packages/pycadf/identifier.py:70: UserWarning: Invalid uuid: unknown. To ensure interoperability, identifiers should be a valid uuid. warnings.warn(('Invalid uuid: %s. To ensure interoperability, ' [pid: 8|app: 0|req: 1/5] 199.204.45.246 () {44 vars in 949 bytes} [Mon May 11 11:25:16 2026] GET /v2.0/networks?name=public => generated 15 bytes in 380 msecs (HTTP/1.1 200) 4 headers in 156 bytes (1 switches on core 0)
2026-05-11 11:25:17.145 7 WARNING neutron.services.revisions.revision_plugin [None req-4756aef7-a3a9-4af5-97cf-7445f59720b0 73ed1255c1b14d13ba1c30c58019e919 93d25fca0ebd4998960da86692a67bc7 - - default default] Could not find related network for resource to bump revision.
2026-05-11 11:25:17.169 7 INFO neutron.db.segments_db [None req-4756aef7-a3a9-4af5-97cf-7445f59720b0 73ed1255c1b14d13ba1c30c58019e919 93d25fca0ebd4998960da86692a67bc7 - - default default] Added segment 1b6905d9-bcd7-47ee-9cfa-aaacd10ec69b of type flat for network 8a630fab-08ce-43e7-968e-e28ac6e6f0f7
2026-05-11 11:25:17.223 7 INFO neutron.pecan_wsgi.hooks.translation [None req-4756aef7-a3a9-4af5-97cf-7445f59720b0 73ed1255c1b14d13ba1c30c58019e919 93d25fca0ebd4998960da86692a67bc7 - - default default] POST failed (client error): The resource could not be found. [pid: 7|app: 0|req: 5/6] 199.204.45.246 () {48 vars in 967 bytes} [Mon May 11 11:25:16 2026] POST /v2.0/networks => generated 124 bytes in 644 msecs (HTTP/1.1 404) 4 headers in 164 bytes (1 switches on core 0)
