+ COMMAND=start + start + for KEYSTONE_WSGI_SCRIPT in keystone-wsgi-public ++ type -p keystone-wsgi-public + cp -a /var/lib/openstack/bin/keystone-wsgi-public /var/www/cgi-bin/keystone/ + '[' -f /etc/apache2/envvars ']' + source /etc/apache2/envvars ++ unset HOME ++ '[' '' '!=' '' ']' ++ SUFFIX= ++ export APACHE_RUN_USER=www-data ++ APACHE_RUN_USER=www-data ++ export APACHE_RUN_GROUP=www-data ++ APACHE_RUN_GROUP=www-data ++ export APACHE_PID_FILE=/var/run/apache2/apache2.pid ++ APACHE_PID_FILE=/var/run/apache2/apache2.pid ++ export APACHE_RUN_DIR=/var/run/apache2 ++ APACHE_RUN_DIR=/var/run/apache2 ++ export APACHE_LOCK_DIR=/var/lock/apache2 ++ APACHE_LOCK_DIR=/var/lock/apache2 ++ export APACHE_LOG_DIR=/var/log/apache2 ++ APACHE_LOG_DIR=/var/log/apache2 ++ export LANG=C ++ LANG=C ++ export LANG + '[' -f /var/run/apache2/apache2.pid ']' + exec apache2 -DFOREGROUND AH00558: apache2: Could not reliably determine the server's fully qualified domain name, using 10.0.0.90. Set the 'ServerName' directive globally to suppress this message AH00558: apache2: Could not reliably determine the server's fully qualified domain name, using 10.0.0.90. Set the 'ServerName' directive globally to suppress this message
[Thu Jul 09 16:53:28.023780 2026] [mpm_event:notice] [pid 1:tid 139661034203008] AH00489: Apache/2.4.58 (Ubuntu) mod_wsgi/5.0.0 Python/3.12 configured -- resuming normal operations
[Thu Jul 09 16:53:28.023934 2026] [core:notice] [pid 1:tid 139661034203008] AH00094: Command line: 'apache2 -D FOREGROUND'
[Thu Jul 09 16:54:25.423758 2026] [wsgi:error] [pid 10:tid 139660396381888] /var/lib/openstack/lib/python3.12/site-packages/oslo_utils/importutils.py:77: EventletDeprecationWarning:
[Thu Jul 09 16:54:25.423795 2026] [wsgi:error] [pid 10:tid 139660396381888] Eventlet is deprecated. It is currently being maintained in bugfix mode, and
[Thu Jul 09 16:54:25.423797 2026] [wsgi:error] [pid 10:tid 139660396381888] we strongly recommend against using it for new projects.
[Thu Jul 09 16:54:25.423798 2026] [wsgi:error] [pid 10:tid 139660396381888]
[Thu Jul 09 16:54:25.423799 2026] [wsgi:error] [pid 10:tid 139660396381888] If you are already using Eventlet, we recommend migrating to a different
[Thu Jul 09 16:54:25.423800 2026] [wsgi:error] [pid 10:tid 139660396381888] framework. For more detail see
[Thu Jul 09 16:54:25.423802 2026] [wsgi:error] [pid 10:tid 139660396381888] https://eventlet.readthedocs.io/en/latest/asyncio/migration.html
[Thu Jul 09 16:54:25.423803 2026] [wsgi:error] [pid 10:tid 139660396381888]
[Thu Jul 09 16:54:25.423804 2026] [wsgi:error] [pid 10:tid 139660396381888] __import__(import_str)
[Thu Jul 09 16:54:25.436119 2026] [wsgi:error] [pid 12:tid 139660396381888] /var/lib/openstack/lib/python3.12/site-packages/oslo_utils/importutils.py:77: EventletDeprecationWarning:
[Thu Jul 09 16:54:25.436160 2026] [wsgi:error] [pid 12:tid 139660396381888] Eventlet is deprecated. It is currently being maintained in bugfix mode, and
[Thu Jul 09 16:54:25.436162 2026] [wsgi:error] [pid 12:tid 139660396381888] we strongly recommend against using it for new projects.
[Thu Jul 09 16:54:25.436163 2026] [wsgi:error] [pid 12:tid 139660396381888]
[Thu Jul 09 16:54:25.436164 2026] [wsgi:error] [pid 12:tid 139660396381888] If you are already using Eventlet, we recommend migrating to a different
[Thu Jul 09 16:54:25.436166 2026] [wsgi:error] [pid 12:tid 139660396381888] framework. For more detail see
[Thu Jul 09 16:54:25.436167 2026] [wsgi:error] [pid 12:tid 139660396381888] https://eventlet.readthedocs.io/en/latest/asyncio/migration.html
[Thu Jul 09 16:54:25.436168 2026] [wsgi:error] [pid 12:tid 139660396381888]
[Thu Jul 09 16:54:25.436169 2026] [wsgi:error] [pid 12:tid 139660396381888] __import__(import_str) 10.0.0.233 - - [09/Jul/2026:16:54:24 +0000] "GET /v3/ HTTP/1.1" 200 249 10.0.0.233 - - [09/Jul/2026:16:54:24 +0000] "GET /v3/ HTTP/1.1" 200 249
[Thu Jul 09 16:54:38.431856 2026] [wsgi:error] [pid 9:tid 139660396381888] /var/lib/openstack/lib/python3.12/site-packages/oslo_utils/importutils.py:77: EventletDeprecationWarning:
[Thu Jul 09 16:54:38.431923 2026] [wsgi:error] [pid 9:tid 139660396381888] Eventlet is deprecated. It is currently being maintained in bugfix mode, and
[Thu Jul 09 16:54:38.431928 2026] [wsgi:error] [pid 9:tid 139660396381888] we strongly recommend against using it for new projects.
[Thu Jul 09 16:54:38.431931 2026] [wsgi:error] [pid 9:tid 139660396381888]
[Thu Jul 09 16:54:38.431933 2026] [wsgi:error] [pid 9:tid 139660396381888] If you are already using Eventlet, we recommend migrating to a different
[Thu Jul 09 16:54:38.431936 2026] [wsgi:error] [pid 9:tid 139660396381888] framework. For more detail see
[Thu Jul 09 16:54:38.431939 2026] [wsgi:error] [pid 9:tid 139660396381888] https://eventlet.readthedocs.io/en/latest/asyncio/migration.html
[Thu Jul 09 16:54:38.431942 2026] [wsgi:error] [pid 9:tid 139660396381888]
[Thu Jul 09 16:54:38.431945 2026] [wsgi:error] [pid 9:tid 139660396381888] __import__(import_str) 10.0.0.66 - - [09/Jul/2026:16:54:37 +0000] "GET / HTTP/1.1" 300 295
[Thu Jul 09 16:54:44.074894 2026] [wsgi:error] [pid 11:tid 139660396381888] /var/lib/openstack/lib/python3.12/site-packages/oslo_utils/importutils.py:77: EventletDeprecationWarning:
[Thu Jul 09 16:54:44.074934 2026] [wsgi:error] [pid 11:tid 139660396381888] Eventlet is deprecated. It is currently being maintained in bugfix mode, and
[Thu Jul 09 16:54:44.074937 2026] [wsgi:error] [pid 11:tid 139660396381888] we strongly recommend against using it for new projects.
[Thu Jul 09 16:54:44.074938 2026] [wsgi:error] [pid 11:tid 139660396381888]
[Thu Jul 09 16:54:44.074939 2026] [wsgi:error] [pid 11:tid 139660396381888] If you are already using Eventlet, we recommend migrating to a different
[Thu Jul 09 16:54:44.074940 2026] [wsgi:error] [pid 11:tid 139660396381888] framework. For more detail see
[Thu Jul 09 16:54:44.074941 2026] [wsgi:error] [pid 11:tid 139660396381888] https://eventlet.readthedocs.io/en/latest/asyncio/migration.html
[Thu Jul 09 16:54:44.074942 2026] [wsgi:error] [pid 11:tid 139660396381888]
[Thu Jul 09 16:54:44.074943 2026] [wsgi:error] [pid 11:tid 139660396381888] __import__(import_str)
[Thu Jul 09 16:54:48.911715 2026] [wsgi:error] [pid 11:tid 139660396381888] [remote 10.0.0.66:51894] 2026-07-09 16:54:48.908 11 WARNING keystone.identity.core [None req-659c8e38-4120-4442-86fa-7b694a25458a - - - - - -] Invalid domain name (atmosphere) found in config file name: keystone.exception.DomainNotFound: Could not find domain: atmosphere.
[Thu Jul 09 16:54:48.969781 2026] [wsgi:error] [pid 11:tid 139660396381888] [remote 10.0.0.66:51894] 2026-07-09 16:54:48.969 11 WARNING keystone.common.password_hashing [None req-659c8e38-4120-4442-86fa-7b694a25458a - - - - - -] Truncating password to algorithm specific maximum length 72 characters.
[Thu Jul 09 16:54:49.261571 2026] [wsgi:error] [pid 11:tid 139660396381888] [remote 10.0.0.66:51894] 2026-07-09 16:54:49.261 11 WARNING keystone.common.fernet_utils [None req-659c8e38-4120-4442-86fa-7b694a25458a - - - - - -] key_repository is world readable: /etc/keystone/fernet-keys/ 10.0.0.66 - - [09/Jul/2026:16:54:43 +0000] "POST /v3/auth/tokens HTTP/1.1" 201 1359
[Thu Jul 09 16:54:49.659057 2026] [wsgi:error] [pid 12:tid 139660396381888] [remote 10.0.0.66:51894] 2026-07-09 16:54:49.656 12 WARNING keystone.identity.core [None req-1698388d-02f6-4e54-bd8c-413216e5e54a - - - - - -] Invalid domain name (atmosphere) found in config file name: keystone.exception.DomainNotFound: Could not find domain: atmosphere. 10.0.0.66 - - [09/Jul/2026:16:54:49 +0000] "POST /v3/domains HTTP/1.1" 201 261 10.0.0.84 - - [09/Jul/2026:16:55:02 +0000] "GET / HTTP/1.1" 300 295
[Thu Jul 09 16:55:02.959545 2026] [wsgi:error] [pid 9:tid 139660396381888] [remote 10.0.0.84:39796] 2026-07-09 16:55:02.958 9 WARNING keystone.common.password_hashing [None req-842d3e70-5a2a-411a-bd7a-4d27e0238118 - - - - - -] Truncating password to algorithm specific maximum length 72 characters.
[Thu Jul 09 16:55:03.251684 2026] [wsgi:error] [pid 9:tid 139660396381888] [remote 10.0.0.84:39796] 2026-07-09 16:55:03.251 9 WARNING keystone.common.fernet_utils [None req-842d3e70-5a2a-411a-bd7a-4d27e0238118 - - - - - -] key_repository is world readable: /etc/keystone/fernet-keys/ 10.0.0.84 - - [09/Jul/2026:16:55:02 +0000] "POST /v3/auth/tokens HTTP/1.1" 201 1359 10.0.0.84 - - [09/Jul/2026:16:55:03 +0000] "GET /v3/roles/admin HTTP/1.1" 404 83
[Thu Jul 09 16:55:03.513525 2026] [wsgi:error] [pid 12:tid 139660396381888] [remote 10.0.0.84:39796] 2026-07-09 16:55:03.513 12 WARNING keystone.common.rbac_enforcer.enforcer [None req-2c66d45f-fbb0-406c-9fe3-fdd61e084e5b c1bc8a05a7cd4b9a928f6faaa3069027 a6171be703fd4f72ae46800aafc580c1 - - default default] Deprecated policy rules found. Use oslopolicy-policy-generator and oslopolicy-policy-upgrade to detect and resolve deprecated policies in your configuration. 10.0.0.84 - - [09/Jul/2026:16:55:03 +0000] "GET /v3/roles?name=admin HTTP/1.1" 200 389
[Thu Jul 09 16:55:04.144725 2026] [wsgi:error] [pid 10:tid 139660396381888] [remote 10.0.0.84:39796] 2026-07-09 16:55:04.144 10 WARNING keystone.common.rbac_enforcer.enforcer [None req-5b4bcb99-f597-4a4a-a675-a5ac8842c743 c1bc8a05a7cd4b9a928f6faaa3069027 a6171be703fd4f72ae46800aafc580c1 - - default default] Deprecated policy rules found. Use oslopolicy-policy-generator and oslopolicy-policy-upgrade to detect and resolve deprecated policies in your configuration. 10.0.0.84 - - [09/Jul/2026:16:55:03 +0000] "GET /v3/users/admin-RegionOne HTTP/1.1" 404 93
[Thu Jul 09 16:55:04.440419 2026] [wsgi:error] [pid 9:tid 139660396381888] [remote 10.0.0.84:39796] 2026-07-09 16:55:04.439 9 WARNING keystone.common.rbac_enforcer.enforcer [None req-c0549435-747c-4d5d-a038-1faa9e12f084 c1bc8a05a7cd4b9a928f6faaa3069027 a6171be703fd4f72ae46800aafc580c1 - - default default] Deprecated policy rules found. Use oslopolicy-policy-generator and oslopolicy-policy-upgrade to detect and resolve deprecated policies in your configuration. 10.0.0.84 - - [09/Jul/2026:16:55:04 +0000] "GET /v3/users?name=admin-RegionOne HTTP/1.1" 200 422
[Thu Jul 09 16:55:04.617381 2026] [wsgi:error] [pid 11:tid 139660396381888] [remote 10.0.0.84:39796] 2026-07-09 16:55:04.617 11 WARNING keystone.common.rbac_enforcer.enforcer [None req-85b04634-535a-40c2-8758-ba12d92e017d c1bc8a05a7cd4b9a928f6faaa3069027 a6171be703fd4f72ae46800aafc580c1 - - default default] Deprecated policy rules found. Use oslopolicy-policy-generator and oslopolicy-policy-upgrade to detect and resolve deprecated policies in your configuration. 10.0.0.84 - - [09/Jul/2026:16:55:04 +0000] "GET /v3/domains/default HTTP/1.1" 200 224 10.0.0.84 - - [09/Jul/2026:16:55:04 +0000] "PUT /v3/domains/default/users/c1bc8a05a7cd4b9a928f6faaa3069027/roles/4fb8afb3485a4215a749ea8f06f5bcca HTTP/1.1" 204 - 10.0.0.233 - - [09/Jul/2026:16:55:14 +0000] "GET / HTTP/1.1" 300 280 10.0.0.233 - - [09/Jul/2026:16:55:16 +0000] "GET /v3 HTTP/1.1" 200 265
[Thu Jul 09 16:55:16.156248 2026] [wsgi:error] [pid 11:tid 139660396381888] [remote 10.0.0.233:53788] 2026-07-09 16:55:16.155 11 WARNING keystone.common.password_hashing [None req-09957cd7-98ef-43d3-8db4-2d99f9d16a35 - - - - - -] Truncating password to algorithm specific maximum length 72 characters.
[Thu Jul 09 16:55:16.448508 2026] [wsgi:error] [pid 11:tid 139660396381888] [remote 10.0.0.233:53788] 2026-07-09 16:55:16.448 11 WARNING keystone.common.fernet_utils [None req-09957cd7-98ef-43d3-8db4-2d99f9d16a35 - - - - - -] key_repository is world readable: /etc/keystone/fernet-keys/ 10.0.0.233 - - [09/Jul/2026:16:55:16 +0000] "POST /v3/auth/tokens HTTP/1.1" 201 1359 10.0.0.233 - - [09/Jul/2026:16:55:16 +0000] "GET / HTTP/1.1" 300 280 10.0.0.233 - - [09/Jul/2026:16:55:16 +0000] "GET /v3/domains/atmosphere HTTP/1.1" 404 90 10.0.0.233 - - [09/Jul/2026:16:55:16 +0000] "GET /v3/domains?name=atmosphere HTTP/1.1" 200 368 10.0.0.233 - - [09/Jul/2026:16:55:16 +0000] "GET /v3/domains/ee8c4dd2a46f4be88ee707b2743880af HTTP/1.1" 200 246 10.0.0.233 - - [09/Jul/2026:16:55:17 +0000] "GET /v3 HTTP/1.1" 200 265
[Thu Jul 09 16:55:17.589463 2026] [wsgi:error] [pid 10:tid 139660396381888] [remote 10.0.0.233:53788] 2026-07-09 16:55:17.589 10 WARNING keystone.common.password_hashing [None req-c98372f7-9e4c-44bf-9376-7eaa3ffbb488 - - - - - -] Truncating password to algorithm specific maximum length 72 characters.
[Thu Jul 09 16:55:17.874667 2026] [wsgi:error] [pid 10:tid 139660396381888] [remote 10.0.0.233:53788] 2026-07-09 16:55:17.874 10 WARNING keystone.common.fernet_utils [None req-c98372f7-9e4c-44bf-9376-7eaa3ffbb488 - - - - - -] key_repository is world readable: /etc/keystone/fernet-keys/ 10.0.0.233 - - [09/Jul/2026:16:55:17 +0000] "POST /v3/auth/tokens HTTP/1.1" 201 1359 10.0.0.233 - - [09/Jul/2026:16:55:17 +0000] "GET / HTTP/1.1" 300 280 10.0.0.233 - - [09/Jul/2026:16:55:17 +0000] "GET /v3/OS-FEDERATION/identity_providers/atmosphere HTTP/1.1" 404 101 10.0.0.233 - - [09/Jul/2026:16:55:17 +0000] "GET /v3/OS-FEDERATION/identity_providers HTTP/1.1" 200 155 10.0.0.233 - - [09/Jul/2026:16:55:17 +0000] "PUT /v3/OS-FEDERATION/identity_providers/atmosphere HTTP/1.1" 201 340 10.0.0.233 - - [09/Jul/2026:16:55:18 +0000] "GET /v3 HTTP/1.1" 200 265
[Thu Jul 09 16:55:18.713723 2026] [wsgi:error] [pid 11:tid 139660396381888] [remote 10.0.0.233:53788] 2026-07-09 16:55:18.713 11 WARNING keystone.common.password_hashing [None req-13aed9bd-c0d3-4fe9-871e-ce5511278dc0 - - - - - -] Truncating password to algorithm specific maximum length 72 characters.
[Thu Jul 09 16:55:19.006275 2026] [wsgi:error] [pid 11:tid 139660396381888] [remote 10.0.0.233:53788] 2026-07-09 16:55:19.006 11 WARNING keystone.common.fernet_utils [None req-13aed9bd-c0d3-4fe9-871e-ce5511278dc0 - - - - - -] key_repository is world readable: /etc/keystone/fernet-keys/ 10.0.0.233 - - [09/Jul/2026:16:55:18 +0000] "POST /v3/auth/tokens HTTP/1.1" 201 1359 10.0.0.233 - - [09/Jul/2026:16:55:19 +0000] "GET / HTTP/1.1" 300 280 10.0.0.233 - - [09/Jul/2026:16:55:19 +0000] "GET /v3/OS-FEDERATION/mappings/atmosphere-openid HTTP/1.1" 404 98 10.0.0.233 - - [09/Jul/2026:16:55:19 +0000] "GET /v3/OS-FEDERATION/mappings HTTP/1.1" 200 135 10.0.0.233 - - [09/Jul/2026:16:55:19 +0000] "PUT /v3/OS-FEDERATION/mappings/atmosphere-openid HTTP/1.1" 201 356 10.0.0.233 - - [09/Jul/2026:16:55:19 +0000] "GET /v3 HTTP/1.1" 200 265
[Thu Jul 09 16:55:19.865934 2026] [wsgi:error] [pid 10:tid 139660396381888] [remote 10.0.0.233:53788] 2026-07-09 16:55:19.865 10 WARNING keystone.common.password_hashing [None req-376bdb0f-c8ad-44d9-a97b-96a0ed8ec780 - - - - - -] Truncating password to algorithm specific maximum length 72 characters.
[Thu Jul 09 16:55:20.162221 2026] [wsgi:error] [pid 10:tid 139660396381888] [remote 10.0.0.233:53788] 2026-07-09 16:55:20.162 10 WARNING keystone.common.fernet_utils [None req-376bdb0f-c8ad-44d9-a97b-96a0ed8ec780 - - - - - -] key_repository is world readable: /etc/keystone/fernet-keys/ 10.0.0.233 - - [09/Jul/2026:16:55:19 +0000] "POST /v3/auth/tokens HTTP/1.1" 201 1359 10.0.0.233 - - [09/Jul/2026:16:55:20 +0000] "GET / HTTP/1.1" 300 280 10.0.0.233 - - [09/Jul/2026:16:55:20 +0000] "GET /v3/OS-FEDERATION/identity_providers/atmosphere/protocols/openid?idp_id=atmosphere HTTP/1.1" 404 131 10.0.0.233 - - [09/Jul/2026:16:55:20 +0000] "GET /v3/OS-FEDERATION/identity_providers/atmosphere/protocols HTTP/1.1" 200 167 10.0.0.233 - - [09/Jul/2026:16:55:20 +0000] "PUT /v3/OS-FEDERATION/identity_providers/atmosphere/protocols/openid HTTP/1.1" 201 222 10.0.0.233 - - [09/Jul/2026:16:55:24 +0000] "GET /v3/ HTTP/1.1" 200 249 10.0.0.233 - - [09/Jul/2026:16:55:24 +0000] "GET /v3/ HTTP/1.1" 200 249 10.0.0.233 - - [09/Jul/2026:16:56:24 +0000] "GET /v3/ HTTP/1.1" 200 249 10.0.0.233 - - [09/Jul/2026:16:56:24 +0000] "GET /v3/ HTTP/1.1" 200 249 10.0.0.92 - - [09/Jul/2026:16:56:43 +0000] "GET / HTTP/1.1" 300 295
[Thu Jul 09 16:56:43.629380 2026] [wsgi:error] [pid 11:tid 139660396381888] [remote 10.0.0.92:41036] 2026-07-09 16:56:43.629 11 WARNING keystone.common.password_hashing [None req-9fcb2b2f-b01d-4c6e-91ca-703023e3ec30 - - - - - -] Truncating password to algorithm specific maximum length 72 characters.
[Thu Jul 09 16:56:43.903933 2026] [wsgi:error] [pid 11:tid 139660396381888] [remote 10.0.0.92:41036] 2026-07-09 16:56:43.903 11 WARNING keystone.common.fernet_utils [None req-9fcb2b2f-b01d-4c6e-91ca-703023e3ec30 - - - - - -] key_repository is world readable: /etc/keystone/fernet-keys/ 10.0.0.92 - - [09/Jul/2026:16:56:43 +0000] "POST /v3/auth/tokens HTTP/1.1" 201 1359 10.0.0.92 - - [09/Jul/2026:16:56:44 +0000] "GET /v3/services HTTP/1.1" 200 355 10.0.0.92 - - [09/Jul/2026:16:56:47 +0000] "GET / HTTP/1.1" 300 295
[Thu Jul 09 16:56:47.774824 2026] [wsgi:error] [pid 9:tid 139660396381888] [remote 10.0.0.92:50890] 2026-07-09 16:56:47.774 9 WARNING keystone.common.password_hashing [None req-e97c9a3d-81f8-4ae5-a02a-6355dcf9b84c - - - - - -] Truncating password to algorithm specific maximum length 72 characters.
[Thu Jul 09 16:56:48.065196 2026] [wsgi:error] [pid 9:tid 139660396381888] [remote 10.0.0.92:50890] 2026-07-09 16:56:48.064 9 WARNING keystone.common.fernet_utils [None req-e97c9a3d-81f8-4ae5-a02a-6355dcf9b84c - - - - - -] key_repository is world readable: /etc/keystone/fernet-keys/ 10.0.0.92 - - [09/Jul/2026:16:56:47 +0000] "POST /v3/auth/tokens HTTP/1.1" 201 1359 10.0.0.92 - - [09/Jul/2026:16:56:48 +0000] "GET /v3/services HTTP/1.1" 200 355 10.0.0.92 - - [09/Jul/2026:16:56:51 +0000] "GET / HTTP/1.1" 300 295
[Thu Jul 09 16:56:52.039357 2026] [wsgi:error] [pid 12:tid 139660396381888] [remote 10.0.0.92:50896] 2026-07-09 16:56:52.038 12 WARNING keystone.common.password_hashing [None req-55a2e368-d7c9-467d-b25c-b6e29cbc4faa - - - - - -] Truncating password to algorithm specific maximum length 72 characters.
[Thu Jul 09 16:56:52.328173 2026] [wsgi:error] [pid 12:tid 139660396381888] [remote 10.0.0.92:50896] 2026-07-09 16:56:52.328 12 WARNING keystone.common.fernet_utils [None req-55a2e368-d7c9-467d-b25c-b6e29cbc4faa - - - - - -] key_repository is world readable: /etc/keystone/fernet-keys/ 10.0.0.92 - - [09/Jul/2026:16:56:51 +0000] "POST /v3/auth/tokens HTTP/1.1" 201 1359 10.0.0.92 - - [09/Jul/2026:16:56:52 +0000] "GET /v3/services HTTP/1.1" 200 355 10.0.0.92 - - [09/Jul/2026:16:56:56 +0000] "GET / HTTP/1.1" 300 295
[Thu Jul 09 16:56:56.167047 2026] [wsgi:error] [pid 10:tid 139660396381888] [remote 10.0.0.92:50632] 2026-07-09 16:56:56.166 10 WARNING keystone.common.password_hashing [None req-9d56a1b1-9c3a-4162-9b3b-b800b20da929 - - - - - -] Truncating password to algorithm specific maximum length 72 characters.
[Thu Jul 09 16:56:56.441775 2026] [wsgi:error] [pid 10:tid 139660396381888] [remote 10.0.0.92:50632] 2026-07-09 16:56:56.441 10 WARNING keystone.common.fernet_utils [None req-9d56a1b1-9c3a-4162-9b3b-b800b20da929 - - - - - -] key_repository is world readable: /etc/keystone/fernet-keys/ 10.0.0.92 - - [09/Jul/2026:16:56:56 +0000] "POST /v3/auth/tokens HTTP/1.1" 201 1359 10.0.0.92 - - [09/Jul/2026:16:56:56 +0000] "POST /v3/services HTTP/1.1" 201 296 10.0.0.80 - - [09/Jul/2026:16:57:06 +0000] "GET / HTTP/1.1" 300 295
[Thu Jul 09 16:57:06.735499 2026] [wsgi:error] [pid 11:tid 139660396381888] [remote 10.0.0.80:46202] 2026-07-09 16:57:06.735 11 WARNING keystone.common.password_hashing [None req-541ff559-8d3c-4a35-a111-f0a067ad9b9f - - - - - -] Truncating password to algorithm specific maximum length 72 characters.
[Thu Jul 09 16:57:07.018109 2026] [wsgi:error] [pid 11:tid 139660396381888] [remote 10.0.0.80:46202] 2026-07-09 16:57:07.017 11 WARNING keystone.common.fernet_utils [None req-541ff559-8d3c-4a35-a111-f0a067ad9b9f - - - - - -] key_repository is world readable: /etc/keystone/fernet-keys/ 10.0.0.80 - - [09/Jul/2026:16:57:06 +0000] "POST /v3/auth/tokens HTTP/1.1" 201 1463 10.0.0.80 - - [09/Jul/2026:16:57:07 +0000] "GET / HTTP/1.1" 300 295 10.0.0.80 - - [09/Jul/2026:16:57:07 +0000] "GET / HTTP/1.1" 300 295
[Thu Jul 09 16:57:07.069141 2026] [wsgi:error] [pid 10:tid 139660396381888] [remote 10.0.0.80:46206] 2026-07-09 16:57:07.068 10 WARNING keystone.common.password_hashing [None req-ad2abd1f-4f97-491b-ae24-c6aa935f01f5 - - - - - -] Truncating password to algorithm specific maximum length 72 characters.
[Thu Jul 09 16:57:07.074005 2026] [wsgi:error] [pid 12:tid 139660396381888] [remote 10.0.0.80:46210] 2026-07-09 16:57:07.073 12 WARNING keystone.common.password_hashing [None req-038d689c-5b9c-43ca-974f-475fda311e69 - - - - - -] Truncating password to algorithm specific maximum length 72 characters. 10.0.0.80 - - [09/Jul/2026:16:57:07 +0000] "GET /v3/services HTTP/1.1" 200 639
[Thu Jul 09 16:57:07.366489 2026] [wsgi:error] [pid 10:tid 139660396381888] [remote 10.0.0.80:46206] 2026-07-09 16:57:07.366 10 WARNING keystone.common.fernet_utils [None req-ad2abd1f-4f97-491b-ae24-c6aa935f01f5 - - - - - -] key_repository is world readable: /etc/keystone/fernet-keys/ 10.0.0.80 - - [09/Jul/2026:16:57:07 +0000] "POST /v3/auth/tokens HTTP/1.1" 201 1463
[Thu Jul 09 16:57:07.377140 2026] [wsgi:error] [pid 12:tid 139660396381888] [remote 10.0.0.80:46210] 2026-07-09 16:57:07.376 12 WARNING keystone.common.fernet_utils [None req-038d689c-5b9c-43ca-974f-475fda311e69 - - - - - -] key_repository is world readable: /etc/keystone/fernet-keys/ 10.0.0.80 - - [09/Jul/2026:16:57:07 +0000] "POST /v3/auth/tokens HTTP/1.1" 201 1463 10.0.0.80 - - [09/Jul/2026:16:57:07 +0000] "GET /v3/services HTTP/1.1" 200 639 10.0.0.80 - - [09/Jul/2026:16:57:07 +0000] "GET /v3/services HTTP/1.1" 200 639 10.0.0.80 - - [09/Jul/2026:16:57:08 +0000] "GET / HTTP/1.1" 300 295
[Thu Jul 09 16:57:08.910494 2026] [wsgi:error] [pid 12:tid 139660396381888] [remote 10.0.0.80:46218] 2026-07-09 16:57:08.910 12 WARNING keystone.common.password_hashing [None req-fa40b9de-6371-4602-9a63-a19260975252 - - - - - -] Truncating password to algorithm specific maximum length 72 characters. 10.0.0.80 - - [09/Jul/2026:16:57:09 +0000] "GET / HTTP/1.1" 300 295
[Thu Jul 09 16:57:09.192021 2026] [wsgi:error] [pid 9:tid 139660396381888] [remote 10.0.0.80:46224] 2026-07-09 16:57:09.191 9 WARNING keystone.common.password_hashing [None req-0734c575-c570-463f-bff4-6fcb848dff7a - - - - - -] Truncating password to algorithm specific maximum length 72 characters.
[Thu Jul 09 16:57:09.203859 2026] [wsgi:error] [pid 12:tid 139660396381888] [remote 10.0.0.80:46218] 2026-07-09 16:57:09.203 12 WARNING keystone.common.fernet_utils [None req-fa40b9de-6371-4602-9a63-a19260975252 - - - - - -] key_repository is world readable: /etc/keystone/fernet-keys/ 10.0.0.80 - - [09/Jul/2026:16:57:08 +0000] "POST /v3/auth/tokens HTTP/1.1" 201 1463 10.0.0.80 - - [09/Jul/2026:16:57:09 +0000] "GET / HTTP/1.1" 300 295
[Thu Jul 09 16:57:09.231456 2026] [wsgi:error] [pid 11:tid 139660396381888] [remote 10.0.0.80:46232] 2026-07-09 16:57:09.231 11 WARNING keystone.common.password_hashing [None req-e2d42430-15f5-4cfe-bfbf-c24ebf85601e - - - - - -] Truncating password to algorithm specific maximum length 72 characters. 10.0.0.80 - - [09/Jul/2026:16:57:09 +0000] "GET /v3/endpoints HTTP/1.1" 200 1226 10.0.0.80 - - [09/Jul/2026:16:57:09 +0000] "GET /v3/services/df891bd645294a3b80d22a52d5457a53 HTTP/1.1" 200 233 10.0.0.80 - - [09/Jul/2026:16:57:09 +0000] "GET /v3/services/df891bd645294a3b80d22a52d5457a53 HTTP/1.1" 200 233 10.0.0.80 - - [09/Jul/2026:16:57:09 +0000] "GET /v3/services/df891bd645294a3b80d22a52d5457a53 HTTP/1.1" 200 233
[Thu Jul 09 16:57:09.484171 2026] [wsgi:error] [pid 9:tid 139660396381888] [remote 10.0.0.80:46224] 2026-07-09 16:57:09.483 9 WARNING keystone.common.fernet_utils [None req-0734c575-c570-463f-bff4-6fcb848dff7a - - - - - -] key_repository is world readable: /etc/keystone/fernet-keys/ 10.0.0.80 - - [09/Jul/2026:16:57:09 +0000] "POST /v3/auth/tokens HTTP/1.1" 201 1463
[Thu Jul 09 16:57:09.516442 2026] [wsgi:error] [pid 11:tid 139660396381888] [remote 10.0.0.80:46232] 2026-07-09 16:57:09.516 11 WARNING keystone.common.fernet_utils [None req-e2d42430-15f5-4cfe-bfbf-c24ebf85601e - - - - - -] key_repository is world readable: /etc/keystone/fernet-keys/ 10.0.0.80 - - [09/Jul/2026:16:57:09 +0000] "POST /v3/auth/tokens HTTP/1.1" 201 1463 10.0.0.80 - - [09/Jul/2026:16:57:09 +0000] "GET /v3/endpoints HTTP/1.1" 200 1226 10.0.0.80 - - [09/Jul/2026:16:57:09 +0000] "GET /v3/services/df891bd645294a3b80d22a52d5457a53 HTTP/1.1" 200 233 10.0.0.80 - - [09/Jul/2026:16:57:09 +0000] "GET /v3/services/df891bd645294a3b80d22a52d5457a53 HTTP/1.1" 200 233 10.0.0.80 - - [09/Jul/2026:16:57:09 +0000] "GET /v3/endpoints HTTP/1.1" 200 1226 10.0.0.80 - - [09/Jul/2026:16:57:09 +0000] "GET /v3/services/df891bd645294a3b80d22a52d5457a53 HTTP/1.1" 200 233 10.0.0.80 - - [09/Jul/2026:16:57:09 +0000] "GET /v3/services/df891bd645294a3b80d22a52d5457a53 HTTP/1.1" 200 233 10.0.0.80 - - [09/Jul/2026:16:57:09 +0000] "GET /v3/services/df891bd645294a3b80d22a52d5457a53 HTTP/1.1" 200 233 10.0.0.80 - - [09/Jul/2026:16:57:09 +0000] "GET /v3/services/df891bd645294a3b80d22a52d5457a53 HTTP/1.1" 200 233 10.0.0.80 - - [09/Jul/2026:16:57:10 +0000] "GET / HTTP/1.1" 300 295
[Thu Jul 09 16:57:10.934642 2026] [wsgi:error] [pid 10:tid 139660396381888] [remote 10.0.0.80:46240] 2026-07-09 16:57:10.934 10 WARNING keystone.common.password_hashing [None req-8101a072-1d27-41dd-a514-ddd6f6bc5aef - - - - - -] Truncating password to algorithm specific maximum length 72 characters.
[Thu Jul 09 16:57:11.239274 2026] [wsgi:error] [pid 10:tid 139660396381888] [remote 10.0.0.80:46240] 2026-07-09 16:57:11.239 10 WARNING keystone.common.fernet_utils [None req-8101a072-1d27-41dd-a514-ddd6f6bc5aef - - - - - -] key_repository is world readable: /etc/keystone/fernet-keys/ 10.0.0.80 - - [09/Jul/2026:16:57:11 +0000] "GET / HTTP/1.1" 300 295 10.0.0.80 - - [09/Jul/2026:16:57:10 +0000] "POST /v3/auth/tokens HTTP/1.1" 201 1463
[Thu Jul 09 16:57:11.259488 2026] [wsgi:error] [pid 9:tid 139660396381888] [remote 10.0.0.80:46254] 2026-07-09 16:57:11.259 9 WARNING keystone.common.password_hashing [None req-17dbc4ab-7457-40d3-ba17-51027dc54213 - - - - - -] Truncating password to algorithm specific maximum length 72 characters. 10.0.0.80 - - [09/Jul/2026:16:57:11 +0000] "GET / HTTP/1.1" 300 295
[Thu Jul 09 16:57:11.357591 2026] [wsgi:error] [pid 11:tid 139660396381888] [remote 10.0.0.80:46260] 2026-07-09 16:57:11.357 11 WARNING keystone.common.password_hashing [None req-c80f79e5-0ef7-4fe0-aedc-8fca13d9a6d3 - - - - - -] Truncating password to algorithm specific maximum length 72 characters. 10.0.0.80 - - [09/Jul/2026:16:57:11 +0000] "GET /v3/services/9cd867a44e724335a54d6c2c5200a422 HTTP/1.1" 200 296 10.0.0.80 - - [09/Jul/2026:16:57:11 +0000] "GET /v3/regions/RegionOne HTTP/1.1" 200 173
[Thu Jul 09 16:57:11.557737 2026] [wsgi:error] [pid 9:tid 139660396381888] [remote 10.0.0.80:46254] 2026-07-09 16:57:11.557 9 WARNING keystone.common.fernet_utils [None req-17dbc4ab-7457-40d3-ba17-51027dc54213 - - - - - -] key_repository is world readable: /etc/keystone/fernet-keys/ 10.0.0.80 - - [09/Jul/2026:16:57:11 +0000] "POST /v3/auth/tokens HTTP/1.1" 201 1463 10.0.0.80 - - [09/Jul/2026:16:57:11 +0000] "POST /v3/endpoints HTTP/1.1" 201 380
[Thu Jul 09 16:57:11.628772 2026] [wsgi:error] [pid 11:tid 139660396381888] [remote 10.0.0.80:46260] 2026-07-09 16:57:11.628 11 WARNING keystone.common.fernet_utils [None req-c80f79e5-0ef7-4fe0-aedc-8fca13d9a6d3 - - - - - -] key_repository is world readable: /etc/keystone/fernet-keys/ 10.0.0.80 - - [09/Jul/2026:16:57:11 +0000] "POST /v3/auth/tokens HTTP/1.1" 201 1640 10.0.0.80 - - [09/Jul/2026:16:57:11 +0000] "GET /v3/services/9cd867a44e724335a54d6c2c5200a422 HTTP/1.1" 200 296 10.0.0.80 - - [09/Jul/2026:16:57:11 +0000] "GET /v3/regions/RegionOne HTTP/1.1" 200 173 10.0.0.80 - - [09/Jul/2026:16:57:11 +0000] "GET /v3/services/9cd867a44e724335a54d6c2c5200a422 HTTP/1.1" 200 296 10.0.0.80 - - [09/Jul/2026:16:57:11 +0000] "POST /v3/endpoints HTTP/1.1" 201 369 10.0.0.80 - - [09/Jul/2026:16:57:11 +0000] "GET /v3/regions/RegionOne HTTP/1.1" 200 173 10.0.0.80 - - [09/Jul/2026:16:57:11 +0000] "POST /v3/endpoints HTTP/1.1" 201 383 10.0.0.80 - - [09/Jul/2026:16:57:13 +0000] "GET / HTTP/1.1" 300 295
[Thu Jul 09 16:57:13.302249 2026] [wsgi:error] [pid 10:tid 139660396381888] [remote 10.0.0.80:46268] 2026-07-09 16:57:13.301 10 WARNING keystone.common.password_hashing [None req-45aab822-c3d9-457d-be1b-1f491efd7532 - - - - - -] Truncating password to algorithm specific maximum length 72 characters. 10.0.0.80 - - [09/Jul/2026:16:57:13 +0000] "GET / HTTP/1.1" 300 295
[Thu Jul 09 16:57:13.343767 2026] [wsgi:error] [pid 9:tid 139660396381888] [remote 10.0.0.80:46278] 2026-07-09 16:57:13.343 9 WARNING keystone.common.password_hashing [None req-f4a0cf31-39d2-40ee-9c73-1823088e3ec3 - - - - - -] Truncating password to algorithm specific maximum length 72 characters. 10.0.0.80 - - [09/Jul/2026:16:57:13 +0000] "GET / HTTP/1.1" 300 295
[Thu Jul 09 16:57:13.591302 2026] [wsgi:error] [pid 10:tid 139660396381888] [remote 10.0.0.80:46268] 2026-07-09 16:57:13.591 10 WARNING keystone.common.fernet_utils [None req-45aab822-c3d9-457d-be1b-1f491efd7532 - - - - - -] key_repository is world readable: /etc/keystone/fernet-keys/
[Thu Jul 09 16:57:13.607067 2026] [wsgi:error] [pid 12:tid 139660396381888] [remote 10.0.0.80:46282] 2026-07-09 16:57:13.606 12 WARNING keystone.common.password_hashing [None req-130f4be5-0fa1-4b30-90fa-e1d149f830b8 - - - - - -] Truncating password to algorithm specific maximum length 72 characters. 10.0.0.80 - - [09/Jul/2026:16:57:13 +0000] "POST /v3/auth/tokens HTTP/1.1" 201 1990
[Thu Jul 09 16:57:13.624498 2026] [wsgi:error] [pid 9:tid 139660396381888] [remote 10.0.0.80:46278] 2026-07-09 16:57:13.624 9 WARNING keystone.common.fernet_utils [None req-f4a0cf31-39d2-40ee-9c73-1823088e3ec3 - - - - - -] key_repository is world readable: /etc/keystone/fernet-keys/ 10.0.0.80 - - [09/Jul/2026:16:57:13 +0000] "POST /v3/auth/tokens HTTP/1.1" 201 1990 10.0.0.80 - - [09/Jul/2026:16:57:13 +0000] "GET /v3/endpoints/6c9279c9c99f4d36a2947f12b3eadde7 HTTP/1.1" 200 380 10.0.0.80 - - [09/Jul/2026:16:57:13 +0000] "GET /v3/services/9cd867a44e724335a54d6c2c5200a422 HTTP/1.1" 200 296 10.0.0.80 - - [09/Jul/2026:16:57:13 +0000] "GET /v3/endpoints/015d834857144b33a0bc8630f926ab48 HTTP/1.1" 200 369 10.0.0.80 - - [09/Jul/2026:16:57:13 +0000] "GET /v3/services/9cd867a44e724335a54d6c2c5200a422 HTTP/1.1" 200 296
[Thu Jul 09 16:57:13.900089 2026] [wsgi:error] [pid 12:tid 139660396381888] [remote 10.0.0.80:46282] 2026-07-09 16:57:13.899 12 WARNING keystone.common.fernet_utils [None req-130f4be5-0fa1-4b30-90fa-e1d149f830b8 - - - - - -] key_repository is world readable: /etc/keystone/fernet-keys/ 10.0.0.80 - - [09/Jul/2026:16:57:13 +0000] "POST /v3/auth/tokens HTTP/1.1" 201 1990 10.0.0.80 - - [09/Jul/2026:16:57:14 +0000] "GET /v3/endpoints/b090107a942f4934943821f40cf81487 HTTP/1.1" 200 383 10.0.0.80 - - [09/Jul/2026:16:57:14 +0000] "GET /v3/services/9cd867a44e724335a54d6c2c5200a422 HTTP/1.1" 200 296 10.0.0.233 - - [09/Jul/2026:16:57:24 +0000] "GET /v3/ HTTP/1.1" 200 249 10.0.0.233 - - [09/Jul/2026:16:57:24 +0000] "GET /v3/ HTTP/1.1" 200 249 10.0.0.120 - - [09/Jul/2026:16:57:24 +0000] "GET / HTTP/1.1" 300 295
[Thu Jul 09 16:57:25.012418 2026] [wsgi:error] [pid 10:tid 139660396381888] [remote 10.0.0.120:35508] 2026-07-09 16:57:25.012 10 WARNING keystone.common.password_hashing [None req-52cb82f9-e5ec-4175-a525-dc43ffd41a3d - - - - - -] Truncating password to algorithm specific maximum length 72 characters.
[Thu Jul 09 16:57:25.323578 2026] [wsgi:error] [pid 10:tid 139660396381888] [remote 10.0.0.120:35508] 2026-07-09 16:57:25.323 10 WARNING keystone.common.fernet_utils [None req-52cb82f9-e5ec-4175-a525-dc43ffd41a3d - - - - - -] key_repository is world readable: /etc/keystone/fernet-keys/ 10.0.0.120 - - [09/Jul/2026:16:57:24 +0000] "POST /v3/auth/tokens HTTP/1.1" 201 1990 10.0.0.120 - - [09/Jul/2026:16:57:25 +0000] "POST /v3/domains HTTP/1.1" 201 284 10.0.0.120 - - [09/Jul/2026:16:57:27 +0000] "GET / HTTP/1.1" 300 295
[Thu Jul 09 16:57:27.471533 2026] [wsgi:error] [pid 9:tid 139660396381888] [remote 10.0.0.120:35510] 2026-07-09 16:57:27.471 9 WARNING keystone.common.password_hashing [None req-29f12683-d760-4a8b-801e-4249c54bb048 - - - - - -] Truncating password to algorithm specific maximum length 72 characters.
[Thu Jul 09 16:57:27.751303 2026] [wsgi:error] [pid 9:tid 139660396381888] [remote 10.0.0.120:35510] 2026-07-09 16:57:27.751 9 WARNING keystone.common.fernet_utils [None req-29f12683-d760-4a8b-801e-4249c54bb048 - - - - - -] key_repository is world readable: /etc/keystone/fernet-keys/ 10.0.0.120 - - [09/Jul/2026:16:57:27 +0000] "POST /v3/auth/tokens HTTP/1.1" 201 1990
[Thu Jul 09 16:57:27.947040 2026] [wsgi:error] [pid 10:tid 139660396381888] [remote 10.0.0.120:35510] 2026-07-09 16:57:27.932 10 ERROR keystone.server.flask.application [None req-86671da6-3f2f-4931-abc2-a03285c76815 c1bc8a05a7cd4b9a928f6faaa3069027 a6171be703fd4f72ae46800aafc580c1 - - default default] Conflict occurred attempting to store project - it is not permitted to have two projects acting as domains with the same name: service.: keystone.exception.Conflict: Conflict occurred attempting to store project - it is not permitted to have two projects acting as domains with the same name: service.
[Thu Jul 09 16:57:27.947071 2026] [wsgi:error] [pid 10:tid 139660396381888] [remote 10.0.0.120:35510] 2026-07-09 16:57:27.932 10 ERROR keystone.server.flask.application
Traceback (most recent call last):
[Thu Jul 09 16:57:27.947074 2026] [wsgi:error] [pid 10:tid 139660396381888] [remote 10.0.0.120:35510] 2026-07-09 16:57:27.932 10 ERROR keystone.server.flask.application
File "/var/lib/openstack/lib/python3.12/site-packages/sqlalchemy/engine/base.py", line 1969, in _exec_single_context
[Thu Jul 09 16:57:27.947075 2026] [wsgi:error] [pid 10:tid 139660396381888] [remote 10.0.0.120:35510] 2026-07-09 16:57:27.932 10 ERROR keystone.server.flask.application self.dialect.do_execute(
[Thu Jul 09 16:57:27.947077 2026] [wsgi:error] [pid 10:tid 139660396381888] [remote 10.0.0.120:35510] 2026-07-09 16:57:27.932 10 ERROR keystone.server.flask.application
File "/var/lib/openstack/lib/python3.12/site-packages/sqlalchemy/engine/default.py", line 952, in do_execute
[Thu Jul 09 16:57:27.947079 2026] [wsgi:error] [pid 10:tid 139660396381888] [remote 10.0.0.120:35510] 2026-07-09 16:57:27.932 10 ERROR keystone.server.flask.application cursor.execute(statement, parameters)
[Thu Jul 09 16:57:27.947080 2026] [wsgi:error] [pid 10:tid 139660396381888] [remote 10.0.0.120:35510] 2026-07-09 16:57:27.932 10 ERROR keystone.server.flask.application
File "/var/lib/openstack/lib/python3.12/site-packages/pymysql/cursors.py", line 159, in execute
[Thu Jul 09 16:57:27.947082 2026] [wsgi:error] [pid 10:tid 139660396381888] [remote 10.0.0.120:35510] 2026-07-09 16:57:27.932 10 ERROR keystone.server.flask.application result = self._query(query)
[Thu Jul 09 16:57:27.947083 2026] [wsgi:error] [pid 10:tid 139660396381888] [remote 10.0.0.120:35510] 2026-07-09 16:57:27.932 10 ERROR keystone.server.flask.application ^^^^^^^^^^^^^^^^^^
[Thu Jul 09 16:57:27.947084 2026] [wsgi:error] [pid 10:tid 139660396381888] [remote 10.0.0.120:35510] 2026-07-09 16:57:27.932 10 ERROR keystone.server.flask.application
File "/var/lib/openstack/lib/python3.12/site-packages/pymysql/cursors.py", line 330, in _query
[Thu Jul 09 16:57:27.947086 2026] [wsgi:error] [pid 10:tid 139660396381888] [remote 10.0.0.120:35510] 2026-07-09 16:57:27.932 10 ERROR keystone.server.flask.application conn.query(q)
[Thu Jul 09 16:57:27.947087 2026] [wsgi:error] [pid 10:tid 139660396381888] [remote 10.0.0.120:35510] 2026-07-09 16:57:27.932 10 ERROR keystone.server.flask.application
File "/var/lib/openstack/lib/python3.12/site-packages/pymysql/connections.py", line 582, in query
[Thu Jul 09 16:57:27.947089 2026] [wsgi:error] [pid 10:tid 139660396381888] [remote 10.0.0.120:35510] 2026-07-09 16:57:27.932 10 ERROR keystone.server.flask.application self._affected_rows = self._read_query_result(unbuffered=unbuffered)
[Thu Jul 09 16:57:27.947090 2026] [wsgi:error] [pid 10:tid 139660396381888] [remote 10.0.0.120:35510] 2026-07-09 16:57:27.932 10 ERROR keystone.server.flask.application ^^^^^^^^^^^^^^^^^^^^^^^^^^^^^^^^^^^^^^^^^^^^^^
[Thu Jul 09 16:57:27.947091 2026] [wsgi:error] [pid 10:tid 139660396381888] [remote 10.0.0.120:35510] 2026-07-09 16:57:27.932 10 ERROR keystone.server.flask.application
File "/var/lib/openstack/lib/python3.12/site-packages/pymysql/connections.py", line 847, in _read_query_result
[Thu Jul 09 16:57:27.947093 2026] [wsgi:error] [pid 10:tid 139660396381888] [remote 10.0.0.120:35510] 2026-07-09 16:57:27.932 10 ERROR keystone.server.flask.application result.read()
[Thu Jul 09 16:57:27.947096 2026] [wsgi:error] [pid 10:tid 139660396381888] [remote 10.0.0.120:35510] 2026-07-09 16:57:27.932 10 ERROR keystone.server.flask.application
File "/var/lib/openstack/lib/python3.12/site-packages/pymysql/connections.py", line 1245, in read
[Thu Jul 09 16:57:27.947097 2026] [wsgi:error] [pid 10:tid 139660396381888] [remote 10.0.0.120:35510] 2026-07-09 16:57:27.932 10 ERROR keystone.server.flask.application first_packet = self.connection._read_packet()
[Thu Jul 09 16:57:27.947099 2026] [wsgi:error] [pid 10:tid 139660396381888] [remote 10.0.0.120:35510] 2026-07-09 16:57:27.932 10 ERROR keystone.server.flask.application ^^^^^^^^^^^^^^^^^^^^^^^^^^^^^^
[Thu Jul 09 16:57:27.947100 2026] [wsgi:error] [pid 10:tid 139660396381888] [remote 10.0.0.120:35510] 2026-07-09 16:57:27.932 10 ERROR keystone.server.flask.application
File "/var/lib/openstack/lib/python3.12/site-packages/pymysql/connections.py", line 803, in _read_packet
[Thu Jul 09 16:57:27.947102 2026] [wsgi:error] [pid 10:tid 139660396381888] [remote 10.0.0.120:35510] 2026-07-09 16:57:27.932 10 ERROR keystone.server.flask.application packet.raise_for_error()
[Thu Jul 09 16:57:27.947103 2026] [wsgi:error] [pid 10:tid 139660396381888] [remote 10.0.0.120:35510] 2026-07-09 16:57:27.932 10 ERROR keystone.server.flask.application
File "/var/lib/openstack/lib/python3.12/site-packages/pymysql/protocol.py", line 219, in raise_for_error
[Thu Jul 09 16:57:27.947104 2026] [wsgi:error] [pid 10:tid 139660396381888] [remote 10.0.0.120:35510] 2026-07-09 16:57:27.932 10 ERROR keystone.server.flask.application err.raise_mysql_exception(self._data)
[Thu Jul 09 16:57:27.947106 2026] [wsgi:error] [pid 10:tid 139660396381888] [remote 10.0.0.120:35510] 2026-07-09 16:57:27.932 10 ERROR keystone.server.flask.application
File "/var/lib/openstack/lib/python3.12/site-packages/pymysql/err.py", line 154, in raise_mysql_exception
[Thu Jul 09 16:57:27.947107 2026] [wsgi:error] [pid 10:tid 139660396381888] [remote 10.0.0.120:35510] 2026-07-09 16:57:27.932 10 ERROR keystone.server.flask.application raise errorclass(errno, errval, sqlstate=sqlstate)
[Thu Jul 09 16:57:27.947109 2026] [wsgi:error] [pid 10:tid 139660396381888] [remote 10.0.0.120:35510] 2026-07-09 16:57:27.932 10 ERROR keystone.server.flask.application pymysql.err.IntegrityError: (1062, "Duplicate entry '<>-service' for key 'project.ixu_project_name_domain_id'")
[Thu Jul 09 16:57:27.947110 2026] [wsgi:error] [pid 10:tid 139660396381888] [remote 10.0.0.120:35510] 2026-07-09 16:57:27.932 10 ERROR keystone.server.flask.application
[Thu Jul 09 16:57:27.947112 2026] [wsgi:error] [pid 10:tid 139660396381888] [remote 10.0.0.120:35510] 2026-07-09 16:57:27.932 10 ERROR keystone.server.flask.application The above exception was the direct cause of the following exception:
[Thu Jul 09 16:57:27.947113 2026] [wsgi:error] [pid 10:tid 139660396381888] [remote 10.0.0.120:35510] 2026-07-09 16:57:27.932 10 ERROR keystone.server.flask.application
[Thu Jul 09 16:57:27.947114 2026] [wsgi:error] [pid 10:tid 139660396381888] [remote 10.0.0.120:35510] 2026-07-09 16:57:27.932 10 ERROR keystone.server.flask.application
Traceback (most recent call last):
[Thu Jul 09 16:57:27.947116 2026] [wsgi:error] [pid 10:tid 139660396381888] [remote 10.0.0.120:35510] 2026-07-09 16:57:27.932 10 ERROR keystone.server.flask.application
File "/var/lib/openstack/lib/python3.12/site-packages/keystone/common/sql/core.py", line 575, in wrapper
[Thu Jul 09 16:57:27.947118 2026] [wsgi:error] [pid 10:tid 139660396381888] [remote 10.0.0.120:35510] 2026-07-09 16:57:27.932 10 ERROR keystone.server.flask.application return method(*args, **kwargs)
[Thu Jul 09 16:57:27.947119 2026] [wsgi:error] [pid 10:tid 139660396381888] [remote 10.0.0.120:35510] 2026-07-09 16:57:27.932 10 ERROR keystone.server.flask.application ^^^^^^^^^^^^^^^^^^^^^^^
[Thu Jul 09 16:57:27.947121 2026] [wsgi:error] [pid 10:tid 139660396381888] [remote 10.0.0.120:35510] 2026-07-09 16:57:27.932 10 ERROR keystone.server.flask.application
File "/var/lib/openstack/lib/python3.12/site-packages/keystone/resource/backends/sql.py", line 278, in create_project
[Thu Jul 09 16:57:27.947123 2026] [wsgi:error] [pid 10:tid 139660396381888] [remote 10.0.0.120:35510] 2026-07-09 16:57:27.932 10 ERROR keystone.server.flask.application with sql.session_for_write() as session:
[Thu Jul 09 16:57:27.947124 2026] [wsgi:error] [pid 10:tid 139660396381888] [remote 10.0.0.120:35510] 2026-07-09 16:57:27.932 10 ERROR keystone.server.flask.application
File "/usr/lib/python3.12/contextlib.py", line 144, in __exit__
[Thu Jul 09 16:57:27.947125 2026] [wsgi:error] [pid 10:tid 139660396381888] [remote 10.0.0.120:35510] 2026-07-09 16:57:27.932 10 ERROR keystone.server.flask.application next(self.gen)
[Thu Jul 09 16:57:27.947127 2026] [wsgi:error] [pid 10:tid 139660396381888] [remote 10.0.0.120:35510] 2026-07-09 16:57:27.932 10 ERROR keystone.server.flask.application
File "/var/lib/openstack/lib/python3.12/site-packages/oslo_db/sqlalchemy/enginefacade.py", line 1175, in _transaction_scope
[Thu Jul 09 16:57:27.947128 2026] [wsgi:error] [pid 10:tid 139660396381888] [remote 10.0.0.120:35510] 2026-07-09 16:57:27.932 10 ERROR keystone.server.flask.application with current._produce_block(
[Thu Jul 09 16:57:27.947130 2026] [wsgi:error] [pid 10:tid 139660396381888] [remote 10.0.0.120:35510] 2026-07-09 16:57:27.932 10 ERROR keystone.server.flask.application
File "/usr/lib/python3.12/contextlib.py", line 144, in __exit__
[Thu Jul 09 16:57:27.947131 2026] [wsgi:error] [pid 10:tid 139660396381888] [remote 10.0.0.120:35510] 2026-07-09 16:57:27.932 10 ERROR keystone.server.flask.application next(self.gen)
[Thu Jul 09 16:57:27.947132 2026] [wsgi:error] [pid 10:tid 139660396381888] [remote 10.0.0.120:35510] 2026-07-09 16:57:27.932 10 ERROR keystone.server.flask.application
File "/var/lib/openstack/lib/python3.12/site-packages/oslo_db/sqlalchemy/enginefacade.py", line 837, in _session
[Thu Jul 09 16:57:27.947134 2026] [wsgi:error] [pid 10:tid 139660396381888] [remote 10.0.0.120:35510] 2026-07-09 16:57:27.932 10 ERROR keystone.server.flask.application with excutils.save_and_reraise_exception():
[Thu Jul 09 16:57:27.947135 2026] [wsgi:error] [pid 10:tid 139660396381888] [remote 10.0.0.120:35510] 2026-07-09 16:57:27.932 10 ERROR keystone.server.flask.application
File "/var/lib/openstack/lib/python3.12/site-packages/oslo_utils/excutils.py", line 266, in __exit__
[Thu Jul 09 16:57:27.947136 2026] [wsgi:error] [pid 10:tid 139660396381888] [remote 10.0.0.120:35510] 2026-07-09 16:57:27.932 10 ERROR keystone.server.flask.application self.force_reraise()
[Thu Jul 09 16:57:27.947138 2026] [wsgi:error] [pid 10:tid 139660396381888] [remote 10.0.0.120:35510] 2026-07-09 16:57:27.932 10 ERROR keystone.server.flask.application
File "/var/lib/openstack/lib/python3.12/site-packages/oslo_utils/excutils.py", line 232, in force_reraise
[Thu Jul 09 16:57:27.947139 2026] [wsgi:error] [pid 10:tid 139660396381888] [remote 10.0.0.120:35510] 2026-07-09 16:57:27.932 10 ERROR keystone.server.flask.application raise self.value
[Thu Jul 09 16:57:27.947140 2026] [wsgi:error] [pid 10:tid 139660396381888] [remote 10.0.0.120:35510] 2026-07-09 16:57:27.932 10 ERROR keystone.server.flask.application
File "/var/lib/openstack/lib/python3.12/site-packages/oslo_db/sqlalchemy/enginefacade.py", line 835, in _session
[Thu Jul 09 16:57:27.947142 2026] [wsgi:error] [pid 10:tid 139660396381888] [remote 10.0.0.120:35510] 2026-07-09 16:57:27.932 10 ERROR keystone.server.flask.application self._end_session_transaction(self.session)
[Thu Jul 09 16:57:27.947143 2026] [wsgi:error] [pid 10:tid 139660396381888] [remote 10.0.0.120:35510] 2026-07-09 16:57:27.932 10 ERROR keystone.server.flask.application
File "/var/lib/openstack/lib/python3.12/site-packages/oslo_db/sqlalchemy/enginefacade.py", line 748, in _end_session_transaction
[Thu Jul 09 16:57:27.947145 2026] [wsgi:error] [pid 10:tid 139660396381888] [remote 10.0.0.120:35510] 2026-07-09 16:57:27.932 10 ERROR keystone.server.flask.application session.commit()
[Thu Jul 09 16:57:27.947147 2026] [wsgi:error] [pid 10:tid 139660396381888] [remote 10.0.0.120:35510] 2026-07-09 16:57:27.932 10 ERROR keystone.server.flask.application
File "/var/lib/openstack/lib/python3.12/site-packages/sqlalchemy/orm/session.py", line 2034, in commit
[Thu Jul 09 16:57:27.947148 2026] [wsgi:error] [pid 10:tid 139660396381888] [remote 10.0.0.120:35510] 2026-07-09 16:57:27.932 10 ERROR keystone.server.flask.application trans.commit(_to_root=True)
[Thu Jul 09 16:57:27.947149 2026] [wsgi:error] [pid 10:tid 139660396381888] [remote 10.0.0.120:35510] 2026-07-09 16:57:27.932 10 ERROR keystone.server.flask.application File "", line 2, in commit
[Thu Jul 09 16:57:27.947151 2026] [wsgi:error] [pid 10:tid 139660396381888] [remote 10.0.0.120:35510] 2026-07-09 16:57:27.932 10 ERROR keystone.server.flask.application
File "/var/lib/openstack/lib/python3.12/site-packages/sqlalchemy/orm/state_changes.py", line 137, in _go
[Thu Jul 09 16:57:27.947152 2026] [wsgi:error] [pid 10:tid 139660396381888] [remote 10.0.0.120:35510] 2026-07-09 16:57:27.932 10 ERROR keystone.server.flask.application ret_value = fn(self, *arg, **kw)
[Thu Jul 09 16:57:27.947153 2026] [wsgi:error] [pid 10:tid 139660396381888] [remote 10.0.0.120:35510] 2026-07-09 16:57:27.932 10 ERROR keystone.server.flask.application ^^^^^^^^^^^^^^^^^^^^
[Thu Jul 09 16:57:27.947155 2026] [wsgi:error] [pid 10:tid 139660396381888] [remote 10.0.0.120:35510] 2026-07-09 16:57:27.932 10 ERROR keystone.server.flask.application
File "/var/lib/openstack/lib/python3.12/site-packages/sqlalchemy/orm/session.py", line 1315, in commit
[Thu Jul 09 16:57:27.947156 2026] [wsgi:error] [pid 10:tid 139660396381888] [remote 10.0.0.120:35510] 2026-07-09 16:57:27.932 10 ERROR keystone.server.flask.application self._prepare_impl()
[Thu Jul 09 16:57:27.947178 2026] [wsgi:error] [pid 10:tid 139660396381888] [remote 10.0.0.120:35510] 2026-07-09 16:57:27.932 10 ERROR keystone.server.flask.application File "", line 2, in _prepare_impl
[Thu Jul 09 16:57:27.947179 2026] [wsgi:error] [pid 10:tid 139660396381888] [remote 10.0.0.120:35510] 2026-07-09 16:57:27.932 10 ERROR keystone.server.flask.application
File "/var/lib/openstack/lib/python3.12/site-packages/sqlalchemy/orm/state_changes.py", line 137, in _go
[Thu Jul 09 16:57:27.947181 2026] [wsgi:error] [pid 10:tid 139660396381888] [remote 10.0.0.120:35510] 2026-07-09 16:57:27.932 10 ERROR keystone.server.flask.application ret_value = fn(self, *arg, **kw)
[Thu Jul 09 16:57:27.947183 2026] [wsgi:error] [pid 10:tid 139660396381888] [remote 10.0.0.120:35510] 2026-07-09 16:57:27.932 10 ERROR keystone.server.flask.application ^^^^^^^^^^^^^^^^^^^^
[Thu Jul 09 16:57:27.947184 2026] [wsgi:error] [pid 10:tid 139660396381888] [remote 10.0.0.120:35510] 2026-07-09 16:57:27.932 10 ERROR keystone.server.flask.application
File "/var/lib/openstack/lib/python3.12/site-packages/sqlalchemy/orm/session.py", line 1290, in _prepare_impl
[Thu Jul 09 16:57:27.947186 2026] [wsgi:error] [pid 10:tid 139660396381888] [remote 10.0.0.120:35510] 2026-07-09 16:57:27.932 10 ERROR keystone.server.flask.application self.session.flush()
[Thu Jul 09 16:57:27.947188 2026] [wsgi:error] [pid 10:tid 139660396381888] [remote 10.0.0.120:35510] 2026-07-09 16:57:27.932 10 ERROR keystone.server.flask.application
File "/var/lib/openstack/lib/python3.12/site-packages/sqlalchemy/orm/session.py", line 4352, in flush
[Thu Jul 09 16:57:27.947189 2026] [wsgi:error] [pid 10:tid 139660396381888] [remote 10.0.0.120:35510] 2026-07-09 16:57:27.932 10 ERROR keystone.server.flask.application self._flush(objects)
[Thu Jul 09 16:57:27.947191 2026] [wsgi:error] [pid 10:tid 139660396381888] [remote 10.0.0.120:35510] 2026-07-09 16:57:27.932 10 ERROR keystone.server.flask.application
File "/var/lib/openstack/lib/python3.12/site-packages/sqlalchemy/orm/session.py", line 4487, in _flush
[Thu Jul 09 16:57:27.947193 2026] [wsgi:error] [pid 10:tid 139660396381888] [remote 10.0.0.120:35510] 2026-07-09 16:57:27.932 10 ERROR keystone.server.flask.application with util.safe_reraise():
[Thu Jul 09 16:57:27.947194 2026] [wsgi:error] [pid 10:tid 139660396381888] [remote 10.0.0.120:35510] 2026-07-09 16:57:27.932 10 ERROR keystone.server.flask.application
File "/var/lib/openstack/lib/python3.12/site-packages/sqlalchemy/util/langhelpers.py", line 122, in __exit__
[Thu Jul 09 16:57:27.947196 2026] [wsgi:error] [pid 10:tid 139660396381888] [remote 10.0.0.120:35510] 2026-07-09 16:57:27.932 10 ERROR keystone.server.flask.application raise exc_value.with_traceback(exc_tb)
[Thu Jul 09 16:57:27.947198 2026] [wsgi:error] [pid 10:tid 139660396381888] [remote 10.0.0.120:35510] 2026-07-09 16:57:27.932 10 ERROR keystone.server.flask.application
File "/var/lib/openstack/lib/python3.12/site-packages/sqlalchemy/orm/session.py", line 4448, in _flush
[Thu Jul 09 16:57:27.947199 2026] [wsgi:error] [pid 10:tid 139660396381888] [remote 10.0.0.120:35510] 2026-07-09 16:57:27.932 10 ERROR keystone.server.flask.application flush_context.execute()
[Thu Jul 09 16:57:27.947201 2026] [wsgi:error] [pid 10:tid 139660396381888] [remote 10.0.0.120:35510] 2026-07-09 16:57:27.932 10 ERROR keystone.server.flask.application
