Apr 02 10:37:58.550636 np0000162854 neutron-periodic-workers[104266]: DEBUG cotyledon.oslo_config_glue [-] ml2.type_drivers = ['local', 'flat', 'vlan', 'geneve'] {{(pid=104266) log_opt_values /opt/stack/data/venv/lib/python3.12/site-packages/oslo_config/cfg.py:3006}}
Apr 02 10:37:58.550721 np0000162854 neutron-periodic-workers[104266]: DEBUG cotyledon.oslo_config_glue [-] ml2_type_flat.flat_networks = ['public'] {{(pid=104266) log_opt_values /opt/stack/data/venv/lib/python3.12/site-packages/oslo_config/cfg.py:3006}}
Apr 02 10:37:58.550783 np0000162854 neutron-periodic-workers[104266]: DEBUG cotyledon.oslo_config_glue [-] ml2_type_geneve.max_header_size = 38 {{(pid=104266) log_opt_values /opt/stack/data/venv/lib/python3.12/site-packages/oslo_config/cfg.py:3006}}
Apr 02 10:37:58.550833 np0000162854 neutron-periodic-workers[104266]: DEBUG cotyledon.oslo_config_glue [-] ml2_type_geneve.vni_ranges = ['1:65536'] {{(pid=104266) log_opt_values /opt/stack/data/venv/lib/python3.12/site-packages/oslo_config/cfg.py:3006}}
Apr 02 10:37:58.550892 np0000162854 neutron-periodic-workers[104266]: DEBUG cotyledon.oslo_config_glue [-] ml2_type_vlan.network_vlan_ranges = ['public'] {{(pid=104266) log_opt_values /opt/stack/data/venv/lib/python3.12/site-packages/oslo_config/cfg.py:3006}}
Apr 02 10:37:58.550962 np0000162854 neutron-periodic-workers[104266]: DEBUG cotyledon.oslo_config_glue [-] network_log.burst_limit = 25 {{(pid=104266) log_opt_values /opt/stack/data/venv/lib/python3.12/site-packages/oslo_config/cfg.py:3006}}
Apr 02 10:37:58.551018 np0000162854 neutron-periodic-workers[104266]: DEBUG cotyledon.oslo_config_glue [-] network_log.local_output_log_base = None {{(pid=104266) log_opt_values /opt/stack/data/venv/lib/python3.12/site-packages/oslo_config/cfg.py:3006}}
Apr 02 10:37:58.551068 np0000162854 neutron-periodic-workers[104266]: DEBUG cotyledon.oslo_config_glue [-] network_log.rate_limit = 100 {{(pid=104266) log_opt_values /opt/stack/data/venv/lib/python3.12/site-packages/oslo_config/cfg.py:3006}}
Apr 02 10:37:58.551136 np0000162854 neutron-periodic-workers[104266]: DEBUG cotyledon.oslo_config_glue [-] database.asyncio_connection = **** {{(pid=104266) log_opt_values /opt/stack/data/venv/lib/python3.12/site-packages/oslo_config/cfg.py:3006}}
Apr 02 10:37:58.551176 np0000162854 neutron-periodic-workers[104266]: DEBUG cotyledon.oslo_config_glue [-] database.asyncio_slave_connection = **** {{(pid=104266) log_opt_values /opt/stack/data/venv/lib/python3.12/site-packages/oslo_config/cfg.py:3006}}
Apr 02 10:37:58.551228 np0000162854 neutron-periodic-workers[104266]: DEBUG cotyledon.oslo_config_glue [-] database.backend = sqlalchemy {{(pid=104266) log_opt_values /opt/stack/data/venv/lib/python3.12/site-packages/oslo_config/cfg.py:3006}}
Apr 02 10:37:58.551269 np0000162854 neutron-periodic-workers[104266]: DEBUG cotyledon.oslo_config_glue [-] database.connection = **** {{(pid=104266) log_opt_values /opt/stack/data/venv/lib/python3.12/site-packages/oslo_config/cfg.py:3006}}
Apr 02 10:37:58.551321 np0000162854 neutron-periodic-workers[104266]: DEBUG cotyledon.oslo_config_glue [-] database.connection_debug = 0 {{(pid=104266) log_opt_values /opt/stack/data/venv/lib/python3.12/site-packages/oslo_config/cfg.py:3006}}
Apr 02 10:37:58.551362 np0000162854 neutron-periodic-workers[104266]: DEBUG cotyledon.oslo_config_glue [-] database.connection_parameters = {{(pid=104266) log_opt_values /opt/stack/data/venv/lib/python3.12/site-packages/oslo_config/cfg.py:3006}}
Apr 02 10:37:58.551418 np0000162854 neutron-periodic-workers[104266]: DEBUG cotyledon.oslo_config_glue [-] database.connection_recycle_time = 3600 {{(pid=104266) log_opt_values /opt/stack/data/venv/lib/python3.12/site-packages/oslo_config/cfg.py:3006}}
Apr 02 10:37:58.551457 np0000162854 neutron-periodic-workers[104266]: DEBUG cotyledon.oslo_config_glue [-] database.connection_trace = False {{(pid=104266) log_opt_values /opt/stack/data/venv/lib/python3.12/site-packages/oslo_config/cfg.py:3006}}
Apr 02 10:37:58.551497 np0000162854 neutron-periodic-workers[104266]: DEBUG cotyledon.oslo_config_glue [-] database.db_inc_retry_interval = True {{(pid=104266) log_opt_values /opt/stack/data/venv/lib/python3.12/site-packages/oslo_config/cfg.py:3006}}
Apr 02 10:37:58.551531 np0000162854 neutron-periodic-workers[104266]: DEBUG cotyledon.oslo_config_glue [-] database.db_max_retries = 20 {{(pid=104266) log_opt_values /opt/stack/data/venv/lib/python3.12/site-packages/oslo_config/cfg.py:3006}}
Apr 02 10:37:58.551579 np0000162854 neutron-periodic-workers[104266]: DEBUG cotyledon.oslo_config_glue [-] database.db_max_retry_interval = 10 {{(pid=104266) log_opt_values /opt/stack/data/venv/lib/python3.12/site-packages/oslo_config/cfg.py:3006}}
Apr 02 10:37:58.551617 np0000162854 neutron-periodic-workers[104266]: DEBUG cotyledon.oslo_config_glue [-] database.db_retry_interval = 1 {{(pid=104266) log_opt_values /opt/stack/data/venv/lib/python3.12/site-packages/oslo_config/cfg.py:3006}}
Apr 02 10:37:58.551646 np0000162854 neutron-periodic-workers[104266]: DEBUG cotyledon.oslo_config_glue [-] database.max_overflow = 50 {{(pid=104266) log_opt_values /opt/stack/data/venv/lib/python3.12/site-packages/oslo_config/cfg.py:3006}}
Apr 02 10:37:58.551690 np0000162854 neutron-periodic-workers[104266]: DEBUG cotyledon.oslo_config_glue [-] database.max_pool_size = 5 {{(pid=104266) log_opt_values /opt/stack/data/venv/lib/python3.12/site-packages/oslo_config/cfg.py:3006}}
Apr 02 10:37:58.551749 np0000162854 neutron-periodic-workers[104266]: DEBUG cotyledon.oslo_config_glue [-] database.max_retries = 10 {{(pid=104266) log_opt_values /opt/stack/data/venv/lib/python3.12/site-packages/oslo_config/cfg.py:3006}}
Apr 02 10:37:58.551801 np0000162854 neutron-periodic-workers[104266]: DEBUG cotyledon.oslo_config_glue [-] database.mysql_sql_mode = TRADITIONAL {{(pid=104266) log_opt_values /opt/stack/data/venv/lib/python3.12/site-packages/oslo_config/cfg.py:3006}}
Apr 02 10:37:58.551850 np0000162854 neutron-periodic-workers[104266]: DEBUG cotyledon.oslo_config_glue [-] database.mysql_wsrep_sync_wait = None {{(pid=104266) log_opt_values /opt/stack/data/venv/lib/python3.12/site-packages/oslo_config/cfg.py:3006}}
Apr 02 10:37:58.551891 np0000162854 neutron-periodic-workers[104266]: DEBUG cotyledon.oslo_config_glue [-] database.pool_timeout = None {{(pid=104266) log_opt_values /opt/stack/data/venv/lib/python3.12/site-packages/oslo_config/cfg.py:3006}}
Apr 02 10:37:58.551931 np0000162854 neutron-periodic-workers[104266]: DEBUG cotyledon.oslo_config_glue [-] database.retry_interval = 10 {{(pid=104266) log_opt_values /opt/stack/data/venv/lib/python3.12/site-packages/oslo_config/cfg.py:3006}}
Apr 02 10:37:58.551985 np0000162854 neutron-periodic-workers[104266]: DEBUG cotyledon.oslo_config_glue [-] database.slave_connection = **** {{(pid=104266) log_opt_values /opt/stack/data/venv/lib/python3.12/site-packages/oslo_config/cfg.py:3006}}
Apr 02 10:37:58.552050 np0000162854 neutron-periodic-workers[104266]: DEBUG cotyledon.oslo_config_glue [-] database.sqlite_synchronous = True {{(pid=104266) log_opt_values /opt/stack/data/venv/lib/python3.12/site-packages/oslo_config/cfg.py:3006}}
Apr 02 10:37:58.552090 np0000162854 neutron-periodic-workers[104266]: DEBUG cotyledon.oslo_config_glue [-] database.synchronous_reader = True {{(pid=104266) log_opt_values /opt/stack/data/venv/lib/python3.12/site-packages/oslo_config/cfg.py:3006}}
Apr 02 10:37:58.552129 np0000162854 neutron-periodic-workers[104266]: DEBUG cotyledon.oslo_config_glue [-] database.use_db_reconnect = False {{(pid=104266) log_opt_values /opt/stack/data/venv/lib/python3.12/site-packages/oslo_config/cfg.py:3006}}
Apr 02 10:37:58.552204 np0000162854 neutron-periodic-workers[104266]: DEBUG cotyledon.oslo_config_glue [-] ovn.bfd_min_rx = 1000 {{(pid=104266) log_opt_values /opt/stack/data/venv/lib/python3.12/site-packages/oslo_config/cfg.py:3006}}
Apr 02 10:37:58.552245 np0000162854 neutron-periodic-workers[104266]: DEBUG cotyledon.oslo_config_glue [-] ovn.bfd_min_tx = 100 {{(pid=104266) log_opt_values /opt/stack/data/venv/lib/python3.12/site-packages/oslo_config/cfg.py:3006}}
Apr 02 10:37:58.552285 np0000162854 neutron-periodic-workers[104266]: DEBUG cotyledon.oslo_config_glue [-] ovn.bfd_mult = 3 {{(pid=104266) log_opt_values /opt/stack/data/venv/lib/python3.12/site-packages/oslo_config/cfg.py:3006}}
Apr 02 10:37:58.552325 np0000162854 neutron-periodic-workers[104266]: DEBUG cotyledon.oslo_config_glue [-] ovn.broadcast_arps_to_all_routers = True {{(pid=104266) log_opt_values /opt/stack/data/venv/lib/python3.12/site-packages/oslo_config/cfg.py:3006}}
Apr 02 10:37:58.552365 np0000162854 neutron-periodic-workers[104266]: DEBUG cotyledon.oslo_config_glue [-] ovn.dhcp_default_lease_time = 43200 {{(pid=104266) log_opt_values /opt/stack/data/venv/lib/python3.12/site-packages/oslo_config/cfg.py:3006}}
Apr 02 10:37:58.552404 np0000162854 neutron-periodic-workers[104266]: DEBUG cotyledon.oslo_config_glue [-] ovn.disable_ovn_dhcp_for_baremetal_ports = False {{(pid=104266) log_opt_values /opt/stack/data/venv/lib/python3.12/site-packages/oslo_config/cfg.py:3006}}
Apr 02 10:37:58.552447 np0000162854 neutron-periodic-workers[104266]: DEBUG cotyledon.oslo_config_glue [-] ovn.dns_records_ovn_owned = False {{(pid=104266) log_opt_values /opt/stack/data/venv/lib/python3.12/site-packages/oslo_config/cfg.py:3006}}
Apr 02 10:37:58.552547 np0000162854 neutron-periodic-workers[104266]: DEBUG cotyledon.oslo_config_glue [-] ovn.dns_servers = [] {{(pid=104266) log_opt_values /opt/stack/data/venv/lib/python3.12/site-packages/oslo_config/cfg.py:3006}}
Apr 02 10:37:58.552547 np0000162854 neutron-periodic-workers[104266]: DEBUG cotyledon.oslo_config_glue [-] ovn.enable_distributed_floating_ip = False {{(pid=104266) log_opt_values /opt/stack/data/venv/lib/python3.12/site-packages/oslo_config/cfg.py:3006}}
Apr 02 10:37:58.552642 np0000162854 neutron-periodic-workers[104266]: DEBUG cotyledon.oslo_config_glue [-] ovn.fdb_age_threshold = 300 {{(pid=104266) log_opt_values /opt/stack/data/venv/lib/python3.12/site-packages/oslo_config/cfg.py:3006}}
Apr 02 10:37:58.552642 np0000162854 neutron-periodic-workers[104266]: DEBUG cotyledon.oslo_config_glue [-] ovn.ha_failover_strategy = normal {{(pid=104266) log_opt_values /opt/stack/data/venv/lib/python3.12/site-packages/oslo_config/cfg.py:3006}}
Apr 02 10:37:58.552723 np0000162854 neutron-periodic-workers[104266]: DEBUG cotyledon.oslo_config_glue [-] ovn.live_migration_activation_strategy = rarp {{(pid=104266) log_opt_values /opt/stack/data/venv/lib/python3.12/site-packages/oslo_config/cfg.py:3006}}
Apr 02 10:37:58.552723 np0000162854 neutron-periodic-workers[104266]: DEBUG cotyledon.oslo_config_glue [-] ovn.localnet_learn_fdb = False {{(pid=104266) log_opt_values /opt/stack/data/venv/lib/python3.12/site-packages/oslo_config/cfg.py:3006}}
Apr 02 10:37:58.552723 np0000162854 neutron-periodic-workers[104266]: DEBUG cotyledon.oslo_config_glue [-] ovn.mac_binding_age_threshold = 300 {{(pid=104266) log_opt_values /opt/stack/data/venv/lib/python3.12/site-packages/oslo_config/cfg.py:3006}}
Apr 02 10:37:58.552795 np0000162854 neutron-periodic-workers[104266]: DEBUG cotyledon.oslo_config_glue [-] ovn.neutron_sync_mode = log {{(pid=104266) log_opt_values /opt/stack/data/venv/lib/python3.12/site-packages/oslo_config/cfg.py:3006}}
Apr 02 10:37:58.552838 np0000162854 neutron-periodic-workers[104266]: DEBUG cotyledon.oslo_config_glue [-] ovn.ovn_dhcp4_global_options = {} {{(pid=104266) log_opt_values /opt/stack/data/venv/lib/python3.12/site-packages/oslo_config/cfg.py:3006}}
Apr 02 10:37:58.552885 np0000162854 neutron-periodic-workers[104266]: DEBUG cotyledon.oslo_config_glue [-] ovn.ovn_dhcp6_global_options = {} {{(pid=104266) log_opt_values /opt/stack/data/venv/lib/python3.12/site-packages/oslo_config/cfg.py:3006}}
Apr 02 10:37:58.552935 np0000162854 neutron-periodic-workers[104266]: DEBUG cotyledon.oslo_config_glue [-] ovn.ovn_l3_scheduler = leastloaded {{(pid=104266) log_opt_values /opt/stack/data/venv/lib/python3.12/site-packages/oslo_config/cfg.py:3006}}
Apr 02 10:37:58.552982 np0000162854 neutron-periodic-workers[104266]: DEBUG cotyledon.oslo_config_glue [-] ovn.ovn_metadata_enabled = True {{(pid=104266) log_opt_values /opt/stack/data/venv/lib/python3.12/site-packages/oslo_config/cfg.py:3006}}
Apr 02 10:37:58.553045 np0000162854 neutron-periodic-workers[104266]: DEBUG cotyledon.oslo_config_glue [-] ovn.ovn_nb_ca_cert = /opt/stack/data/CA/int-ca/ca-chain.pem {{(pid=104266) log_opt_values /opt/stack/data/venv/lib/python3.12/site-packages/oslo_config/cfg.py:3006}}
Apr 02 10:37:58.553093 np0000162854 neutron-periodic-workers[104266]: DEBUG cotyledon.oslo_config_glue [-] ovn.ovn_nb_certificate = /opt/stack/data/CA/int-ca/devstack-cert.crt {{(pid=104266) log_opt_values /opt/stack/data/venv/lib/python3.12/site-packages/oslo_config/cfg.py:3006}}
Apr 02 10:37:58.553135 np0000162854 neutron-periodic-workers[104266]: DEBUG cotyledon.oslo_config_glue [-] ovn.ovn_nb_connection = ['ssl:199.204.45.35:6641'] {{(pid=104266) log_opt_values /opt/stack/data/venv/lib/python3.12/site-packages/oslo_config/cfg.py:3006}}
Apr 02 10:37:58.553175 np0000162854 neutron-periodic-workers[104266]: DEBUG cotyledon.oslo_config_glue [-] ovn.ovn_nb_private_key = /opt/stack/data/CA/int-ca/private/devstack-cert.key {{(pid=104266) log_opt_values /opt/stack/data/venv/lib/python3.12/site-packages/oslo_config/cfg.py:3006}}
Apr 02 10:37:58.553217 np0000162854 neutron-periodic-workers[104266]: DEBUG cotyledon.oslo_config_glue [-] ovn.ovn_router_indirect_snat = False {{(pid=104266) log_opt_values /opt/stack/data/venv/lib/python3.12/site-packages/oslo_config/cfg.py:3006}}
Apr 02 10:37:58.553257 np0000162854 neutron-periodic-workers[104266]: DEBUG cotyledon.oslo_config_glue [-] ovn.ovn_sb_ca_cert = /opt/stack/data/CA/int-ca/ca-chain.pem {{(pid=104266) log_opt_values /opt/stack/data/venv/lib/python3.12/site-packages/oslo_config/cfg.py:3006}}
Apr 02 10:37:58.553297 np0000162854 neutron-periodic-workers[104266]: DEBUG cotyledon.oslo_config_glue [-] ovn.ovn_sb_certificate = /opt/stack/data/CA/int-ca/devstack-cert.crt {{(pid=104266) log_opt_values /opt/stack/data/venv/lib/python3.12/site-packages/oslo_config/cfg.py:3006}}
Apr 02 10:37:58.553337 np0000162854 neutron-periodic-workers[104266]: DEBUG cotyledon.oslo_config_glue [-] ovn.ovn_sb_connection = ['ssl:199.204.45.35:6642'] {{(pid=104266) log_opt_values /opt/stack/data/venv/lib/python3.12/site-packages/oslo_config/cfg.py:3006}}
Apr 02 10:37:58.553377 np0000162854 neutron-periodic-workers[104266]: DEBUG cotyledon.oslo_config_glue [-] ovn.ovn_sb_private_key = /opt/stack/data/CA/int-ca/private/devstack-cert.key {{(pid=104266) log_opt_values /opt/stack/data/venv/lib/python3.12/site-packages/oslo_config/cfg.py:3006}}
Apr 02 10:37:58.553417 np0000162854 neutron-periodic-workers[104266]: DEBUG cotyledon.oslo_config_glue [-] ovn.ovs_create_tap = False {{(pid=104266) log_opt_values /opt/stack/data/venv/lib/python3.12/site-packages/oslo_config/cfg.py:3006}}
Apr 02 10:37:58.553457 np0000162854 neutron-periodic-workers[104266]: DEBUG cotyledon.oslo_config_glue [-] ovn.ovsdb_connection_timeout = 180 {{(pid=104266) log_opt_values /opt/stack/data/venv/lib/python3.12/site-packages/oslo_config/cfg.py:3006}}
Apr 02 10:37:58.553497 np0000162854 neutron-periodic-workers[104266]: DEBUG cotyledon.oslo_config_glue [-] ovn.ovsdb_log_level = INFO {{(pid=104266) log_opt_values /opt/stack/data/venv/lib/python3.12/site-packages/oslo_config/cfg.py:3006}}
Apr 02 10:37:58.553537 np0000162854 neutron-periodic-workers[104266]: DEBUG cotyledon.oslo_config_glue [-] ovn.ovsdb_probe_interval = 60000 {{(pid=104266) log_opt_values /opt/stack/data/venv/lib/python3.12/site-packages/oslo_config/cfg.py:3006}}
Apr 02 10:37:58.553576 np0000162854 neutron-periodic-workers[104266]: DEBUG cotyledon.oslo_config_glue [-] ovn.ovsdb_retry_max_interval = 180 {{(pid=104266) log_opt_values /opt/stack/data/venv/lib/python3.12/site-packages/oslo_config/cfg.py:3006}}
Apr 02 10:37:58.553704 np0000162854 neutron-periodic-workers[104266]: DEBUG cotyledon.oslo_config_glue [-] ovn.stateless_nat_enabled = False {{(pid=104266) log_opt_values /opt/stack/data/venv/lib/python3.12/site-packages/oslo_config/cfg.py:3006}}
Apr 02 10:37:58.553704 np0000162854 neutron-periodic-workers[104266]: DEBUG cotyledon.oslo_config_glue [-] ovn.vhost_sock_dir = /var/run/openvswitch {{(pid=104266) log_opt_values /opt/stack/data/venv/lib/python3.12/site-packages/oslo_config/cfg.py:3006}}
Apr 02 10:37:58.553774 np0000162854 neutron-periodic-workers[104266]: DEBUG cotyledon.oslo_config_glue [-] OVS.bridge_mac_table_size = 50000 {{(pid=104266) log_opt_values /opt/stack/data/venv/lib/python3.12/site-packages/oslo_config/cfg.py:3006}}
Apr 02 10:37:58.553774 np0000162854 neutron-periodic-workers[104266]: DEBUG cotyledon.oslo_config_glue [-] OVS.igmp_flood = False {{(pid=104266) log_opt_values /opt/stack/data/venv/lib/python3.12/site-packages/oslo_config/cfg.py:3006}}
Apr 02 10:37:58.553833 np0000162854 neutron-periodic-workers[104266]: DEBUG cotyledon.oslo_config_glue [-] OVS.igmp_flood_reports = True {{(pid=104266) log_opt_values /opt/stack/data/venv/lib/python3.12/site-packages/oslo_config/cfg.py:3006}}
Apr 02 10:37:58.553907 np0000162854 neutron-periodic-workers[104266]: DEBUG cotyledon.oslo_config_glue [-] OVS.igmp_flood_unregistered = False {{(pid=104266) log_opt_values /opt/stack/data/venv/lib/python3.12/site-packages/oslo_config/cfg.py:3006}}
Apr 02 10:37:58.553968 np0000162854 neutron-periodic-workers[104266]: DEBUG cotyledon.oslo_config_glue [-] OVS.igmp_snooping_enable = False {{(pid=104266) log_opt_values /opt/stack/data/venv/lib/python3.12/site-packages/oslo_config/cfg.py:3006}}
Apr 02 10:37:58.553968 np0000162854 neutron-periodic-workers[104266]: DEBUG cotyledon.oslo_config_glue [-] OVS.ovsdb_timeout = 10 {{(pid=104266) log_opt_values /opt/stack/data/venv/lib/python3.12/site-packages/oslo_config/cfg.py:3006}}
Apr 02 10:37:58.554103 np0000162854 neutron-periodic-workers[104266]: DEBUG cotyledon.oslo_config_glue [-] ovn_nb_global.fdb_removal_limit = 0 {{(pid=104266) log_opt_values /opt/stack/data/venv/lib/python3.12/site-packages/oslo_config/cfg.py:3006}}
Apr 02 10:37:58.554103 np0000162854 neutron-periodic-workers[104266]: DEBUG cotyledon.oslo_config_glue [-] ovn_nb_global.ignore_lsp_down = False {{(pid=104266) log_opt_values /opt/stack/data/venv/lib/python3.12/site-packages/oslo_config/cfg.py:3006}}
Apr 02 10:37:58.554191 np0000162854 neutron-periodic-workers[104266]: DEBUG cotyledon.oslo_config_glue [-] ovn_nb_global.mac_binding_removal_limit = 0 {{(pid=104266) log_opt_values /opt/stack/data/venv/lib/python3.12/site-packages/oslo_config/cfg.py:3006}}
Apr 02 10:37:58.554191 np0000162854 neutron-periodic-workers[104266]: DEBUG cotyledon.oslo_config_glue [-] ******************************************************************************** {{(pid=104266) log_opt_values /opt/stack/data/venv/lib/python3.12/site-packages/oslo_config/cfg.py:3013}}
Apr 02 10:37:58.554387 np0000162854 neutron-periodic-workers[104266]: DEBUG cotyledon._service_worker [-] Run service ServiceWrapper(0) [104266] {{(pid=104266) wait_forever /opt/stack/data/venv/lib/python3.12/site-packages/cotyledon/_service_worker.py:218}}
Apr 02 10:38:08.174059 np0000162854 neutron-periodic-workers[103505]: DEBUG dbcounter [-] [103505] Writing DB stats neutron:SELECT=4 {{(pid=103505) stat_writer /opt/stack/data/venv/lib/python3.12/site-packages/dbcounter.py:115}}
Apr 02 10:39:04.501082 np0000162854 neutron-periodic-workers[104229]: DEBUG oslo_db.sqlalchemy.engines [None req-68d530d2-2447-456d-a4b3-f30a68742915 None None] Parent process 103505 forked (104229) with an open database connection, which is being discarded and recreated. {{(pid=104229) checkout /opt/stack/data/venv/lib/python3.12/site-packages/oslo_db/sqlalchemy/engines.py:402}}
Apr 02 10:39:04.512090 np0000162854 neutron-periodic-workers[104229]: DEBUG dbcounter [-] [104229] Writer thread running {{(pid=104229) stat_writer /opt/stack/data/venv/lib/python3.12/site-packages/dbcounter.py:102}}
Apr 02 10:39:04.523364 np0000162854 neutron-periodic-workers[104229]: DEBUG oslo.service.backend._threading.loopingcall [None req-68d530d2-2447-456d-a4b3-f30a68742915 None None] Fixed interval looping call 'neutron.plugins.ml2.plugin.DhcpAgentSchedulerDbMixin.remove_networks_from_down_agents' sleeping for 36.97 seconds {{(pid=104229) _run_loop /opt/stack/data/venv/lib/python3.12/site-packages/oslo_service/backend/_threading/loopingcall.py:125}}
Apr 02 10:39:05.593310 np0000162854 neutron-periodic-workers[104266]: DEBUG dbcounter [-] [104266] Writer thread running {{(pid=104266) stat_writer /opt/stack/data/venv/lib/python3.12/site-packages/dbcounter.py:102}}
Apr 02 10:39:05.609098 np0000162854 neutron-periodic-workers[104266]: DEBUG oslo.service.backend._threading.loopingcall [None req-1fe47870-485a-439f-8f74-3e2dbf6afdcd None None] Fixed interval looping call 'neutron.services.ovn_l3.plugin.L3_NAT_dbonly_mixin._clean_garbage' sleeping for 299.95 seconds {{(pid=104266) _run_loop /opt/stack/data/venv/lib/python3.12/site-packages/oslo_service/backend/_threading/loopingcall.py:125}}
Apr 02 10:39:12.536229 np0000162854 neutron-periodic-workers[104240]: DEBUG dbcounter [-] [104240] Writer thread running {{(pid=104240) stat_writer /opt/stack/data/venv/lib/python3.12/site-packages/dbcounter.py:102}}
Apr 02 10:39:12.540341 np0000162854 neutron-periodic-workers[104240]: DEBUG neutron.db.agents_db [None req-1692cdbf-ca8c-4125-95fb-80dac44ed160 None None] Agent healthcheck: found 0 active agents {{(pid=104240) agent_health_check /opt/stack/neutron/neutron/db/agents_db.py:317}}
Apr 02 10:39:12.540625 np0000162854 neutron-periodic-workers[104240]: DEBUG oslo.service.backend._threading.loopingcall [None req-1692cdbf-ca8c-4125-95fb-80dac44ed160 None None] Fixed interval looping call 'neutron.plugins.ml2.plugin.AgentDbMixin.agent_health_check' sleeping for 36.98 seconds {{(pid=104240) _run_loop /opt/stack/data/venv/lib/python3.12/site-packages/oslo_service/backend/_threading/loopingcall.py:125}}
Apr 02 10:39:14.521891 np0000162854 neutron-periodic-workers[104229]: DEBUG dbcounter [-] [104229] Writing DB stats neutron:SELECT=3 {{(pid=104229) stat_writer /opt/stack/data/venv/lib/python3.12/site-packages/dbcounter.py:115}}
Apr 02 10:39:15.594813 np0000162854 neutron-periodic-workers[104266]: DEBUG dbcounter [-] [104266] Writing DB stats neutron:SELECT=1 {{(pid=104266) stat_writer /opt/stack/data/venv/lib/python3.12/site-packages/dbcounter.py:115}}
Apr 02 10:39:22.537198 np0000162854 neutron-periodic-workers[104240]: DEBUG dbcounter [-] [104240] Writing DB stats neutron:SELECT=1 {{(pid=104240) stat_writer /opt/stack/data/venv/lib/python3.12/site-packages/dbcounter.py:115}}
Apr 02 10:39:41.505728 np0000162854 neutron-periodic-workers[104229]: DEBUG oslo.service.backend._threading.loopingcall [None req-68d530d2-2447-456d-a4b3-f30a68742915 None None] Fixed interval looping call 'neutron.plugins.ml2.plugin.DhcpAgentSchedulerDbMixin.remove_networks_from_down_agents' sleeping for 36.99 seconds {{(pid=104229) _run_loop /opt/stack/data/venv/lib/python3.12/site-packages/oslo_service/backend/_threading/loopingcall.py:125}}
Apr 02 10:39:49.526578 np0000162854 neutron-periodic-workers[104240]: DEBUG neutron.db.agents_db [None req-1692cdbf-ca8c-4125-95fb-80dac44ed160 None None] Agent healthcheck: found 0 active agents {{(pid=104240) agent_health_check /opt/stack/neutron/neutron/db/agents_db.py:317}}
Apr 02 10:39:49.527434 np0000162854 neutron-periodic-workers[104240]: DEBUG oslo.service.backend._threading.loopingcall [None req-1692cdbf-ca8c-4125-95fb-80dac44ed160 None None] Fixed interval looping call 'neutron.plugins.ml2.plugin.AgentDbMixin.agent_health_check' sleeping for 36.99 seconds {{(pid=104240) _run_loop /opt/stack/data/venv/lib/python3.12/site-packages/oslo_service/backend/_threading/loopingcall.py:125}}
Apr 02 10:39:51.503670 np0000162854 neutron-periodic-workers[104229]: DEBUG dbcounter [-] [104229] Writing DB stats neutron:SELECT=3 {{(pid=104229) stat_writer /opt/stack/data/venv/lib/python3.12/site-packages/dbcounter.py:115}}
Apr 02 10:39:58.565304 np0000162854 neutron-periodic-workers[104253]: DEBUG dbcounter [-] [104253] Writer thread running {{(pid=104253) stat_writer /opt/stack/data/venv/lib/python3.12/site-packages/dbcounter.py:102}}
Apr 02 10:39:58.567362 np0000162854 neutron-periodic-workers[104253]: DEBUG oslo.service.backend._threading.loopingcall [None req-3d5cc075-ee0b-4cdb-b5b5-57d877c84839 None None] Fixed interval looping call 'neutron.db.quota.driver_nolock.DbQuotaNoLockDriver._remove_expired_reservations' sleeping for 119.98 seconds {{(pid=104253) _run_loop /opt/stack/data/venv/lib/python3.12/site-packages/oslo_service/backend/_threading/loopingcall.py:125}}
Apr 02 10:39:59.524819 np0000162854 neutron-periodic-workers[104240]: DEBUG dbcounter [-] [104240] Writing DB stats neutron:SELECT=1 {{(pid=104240) stat_writer /opt/stack/data/venv/lib/python3.12/site-packages/dbcounter.py:115}}
Apr 02 10:40:08.565913 np0000162854 neutron-periodic-workers[104253]: DEBUG dbcounter [-] [104253] Writing DB stats neutron:DELETE=1 {{(pid=104253) stat_writer /opt/stack/data/venv/lib/python3.12/site-packages/dbcounter.py:115}}
Apr 02 10:40:18.506777 np0000162854 neutron-periodic-workers[104229]: DEBUG oslo.service.backend._threading.loopingcall [None req-68d530d2-2447-456d-a4b3-f30a68742915 None None] Fixed interval looping call 'neutron.plugins.ml2.plugin.DhcpAgentSchedulerDbMixin.remove_networks_from_down_agents' sleeping for 36.99 seconds {{(pid=104229) _run_loop /opt/stack/data/venv/lib/python3.12/site-packages/oslo_service/backend/_threading/loopingcall.py:125}}
Apr 02 10:40:26.521383 np0000162854 neutron-periodic-workers[104240]: DEBUG neutron.db.agents_db [None req-1692cdbf-ca8c-4125-95fb-80dac44ed160 None None] Agent healthcheck: found 0 active agents {{(pid=104240) agent_health_check /opt/stack/neutron/neutron/db/agents_db.py:317}}
Apr 02 10:40:26.521383 np0000162854 neutron-periodic-workers[104240]: DEBUG oslo.service.backend._threading.loopingcall [None req-1692cdbf-ca8c-4125-95fb-80dac44ed160 None None] Fixed interval looping call 'neutron.plugins.ml2.plugin.AgentDbMixin.agent_health_check' sleeping for 37.00 seconds {{(pid=104240) _run_loop /opt/stack/data/venv/lib/python3.12/site-packages/oslo_service/backend/_threading/loopingcall.py:125}}
Apr 02 10:40:28.505437 np0000162854 neutron-periodic-workers[104229]: DEBUG dbcounter [-] [104229] Writing DB stats neutron:SELECT=3 {{(pid=104229) stat_writer /opt/stack/data/venv/lib/python3.12/site-packages/dbcounter.py:115}}
Apr 02 10:40:36.520198 np0000162854 neutron-periodic-workers[104240]: DEBUG dbcounter [-] [104240] Writing DB stats neutron:SELECT=1 {{(pid=104240) stat_writer /opt/stack/data/venv/lib/python3.12/site-packages/dbcounter.py:115}}
Apr 02 10:40:55.506673 np0000162854 neutron-periodic-workers[104229]: DEBUG oslo.service.backend._threading.loopingcall [None req-68d530d2-2447-456d-a4b3-f30a68742915 None None] Fixed interval looping call 'neutron.plugins.ml2.plugin.DhcpAgentSchedulerDbMixin.remove_networks_from_down_agents' sleeping for 36.99 seconds {{(pid=104229) _run_loop /opt/stack/data/venv/lib/python3.12/site-packages/oslo_service/backend/_threading/loopingcall.py:125}}
Apr 02 10:41:03.528456 np0000162854 neutron-periodic-workers[104240]: DEBUG neutron.db.agents_db [None req-1692cdbf-ca8c-4125-95fb-80dac44ed160 None None] Agent healthcheck: found 0 active agents {{(pid=104240) agent_health_check /opt/stack/neutron/neutron/db/agents_db.py:317}}
Apr 02 10:41:03.529461 np0000162854 neutron-periodic-workers[104240]: DEBUG oslo.service.backend._threading.loopingcall [None req-1692cdbf-ca8c-4125-95fb-80dac44ed160 None None] Fixed interval looping call 'neutron.plugins.ml2.plugin.AgentDbMixin.agent_health_check' sleeping for 36.99 seconds {{(pid=104240) _run_loop /opt/stack/data/venv/lib/python3.12/site-packages/oslo_service/backend/_threading/loopingcall.py:125}}
Apr 02 10:41:05.505608 np0000162854 neutron-periodic-workers[104229]: DEBUG dbcounter [-] [104229] Writing DB stats neutron:SELECT=3 {{(pid=104229) stat_writer /opt/stack/data/venv/lib/python3.12/site-packages/dbcounter.py:115}}
Apr 02 10:41:13.525274 np0000162854 neutron-periodic-workers[104240]: DEBUG dbcounter [-] [104240] Writing DB stats neutron:SELECT=1 {{(pid=104240) stat_writer /opt/stack/data/venv/lib/python3.12/site-packages/dbcounter.py:115}}
Apr 02 10:41:32.507201 np0000162854 neutron-periodic-workers[104229]: DEBUG oslo.service.backend._threading.loopingcall [None req-68d530d2-2447-456d-a4b3-f30a68742915 None None] Fixed interval looping call 'neutron.plugins.ml2.plugin.DhcpAgentSchedulerDbMixin.remove_networks_from_down_agents' sleeping for 36.99 seconds {{(pid=104229) _run_loop /opt/stack/data/venv/lib/python3.12/site-packages/oslo_service/backend/_threading/loopingcall.py:125}}
Apr 02 10:41:40.525768 np0000162854 neutron-periodic-workers[104240]: DEBUG neutron.db.agents_db [None req-1692cdbf-ca8c-4125-95fb-80dac44ed160 None None] Agent healthcheck: found 0 active agents {{(pid=104240) agent_health_check /opt/stack/neutron/neutron/db/agents_db.py:317}}
Apr 02 10:41:40.525768 np0000162854 neutron-periodic-workers[104240]: DEBUG oslo.service.backend._threading.loopingcall [None req-1692cdbf-ca8c-4125-95fb-80dac44ed160 None None] Fixed interval looping call 'neutron.plugins.ml2.plugin.AgentDbMixin.agent_health_check' sleeping for 36.99 seconds {{(pid=104240) _run_loop /opt/stack/data/venv/lib/python3.12/site-packages/oslo_service/backend/_threading/loopingcall.py:125}}
Apr 02 10:41:42.505951 np0000162854 neutron-periodic-workers[104229]: DEBUG dbcounter [-] [104229] Writing DB stats neutron:SELECT=3 {{(pid=104229) stat_writer /opt/stack/data/venv/lib/python3.12/site-packages/dbcounter.py:115}}
Apr 02 10:41:50.523673 np0000162854 neutron-periodic-workers[104240]: DEBUG dbcounter [-] [104240] Writing DB stats neutron:SELECT=1 {{(pid=104240) stat_writer /opt/stack/data/venv/lib/python3.12/site-packages/dbcounter.py:115}}
Apr 02 10:41:58.553762 np0000162854 neutron-periodic-workers[104253]: DEBUG oslo.service.backend._threading.loopingcall [None req-3d5cc075-ee0b-4cdb-b5b5-57d877c84839 None None] Fixed interval looping call 'neutron.db.quota.driver_nolock.DbQuotaNoLockDriver._remove_expired_reservations' sleeping for 119.99 seconds {{(pid=104253) _run_loop /opt/stack/data/venv/lib/python3.12/site-packages/oslo_service/backend/_threading/loopingcall.py:125}}
Apr 02 10:42:08.552945 np0000162854 neutron-periodic-workers[104253]: DEBUG dbcounter [-] [104253] Writing DB stats neutron:DELETE=1 {{(pid=104253) stat_writer /opt/stack/data/venv/lib/python3.12/site-packages/dbcounter.py:115}}
Apr 02 10:42:09.510651 np0000162854 neutron-periodic-workers[104229]: DEBUG oslo.service.backend._threading.loopingcall [None req-68d530d2-2447-456d-a4b3-f30a68742915 None None] Fixed interval looping call 'neutron.plugins.ml2.plugin.DhcpAgentSchedulerDbMixin.remove_networks_from_down_agents' sleeping for 36.99 seconds {{(pid=104229) _run_loop /opt/stack/data/venv/lib/python3.12/site-packages/oslo_service/backend/_threading/loopingcall.py:125}}
Apr 02 10:42:17.523042 np0000162854 neutron-periodic-workers[104240]: DEBUG neutron.db.agents_db [None req-1692cdbf-ca8c-4125-95fb-80dac44ed160 None None] Agent healthcheck: found 0 active agents {{(pid=104240) agent_health_check /opt/stack/neutron/neutron/db/agents_db.py:317}}
Apr 02 10:42:17.523973 np0000162854 neutron-periodic-workers[104240]: DEBUG oslo.service.backend._threading.loopingcall [None req-1692cdbf-ca8c-4125-95fb-80dac44ed160 None None] Fixed interval looping call 'neutron.plugins.ml2.plugin.AgentDbMixin.agent_health_check' sleeping for 36.99 seconds {{(pid=104240) _run_loop /opt/stack/data/venv/lib/python3.12/site-packages/oslo_service/backend/_threading/loopingcall.py:125}}
Apr 02 10:42:19.508643 np0000162854 neutron-periodic-workers[104229]: DEBUG dbcounter [-] [104229] Writing DB stats neutron:SELECT=3 {{(pid=104229) stat_writer /opt/stack/data/venv/lib/python3.12/site-packages/dbcounter.py:115}}
Apr 02 10:42:27.521048 np0000162854 neutron-periodic-workers[104240]: DEBUG dbcounter [-] [104240] Writing DB stats neutron:SELECT=1 {{(pid=104240) stat_writer /opt/stack/data/venv/lib/python3.12/site-packages/dbcounter.py:115}}
Apr 02 10:42:46.510613 np0000162854 neutron-periodic-workers[104229]: DEBUG oslo.service.backend._threading.loopingcall [None req-68d530d2-2447-456d-a4b3-f30a68742915 None None] Fixed interval looping call 'neutron.plugins.ml2.plugin.DhcpAgentSchedulerDbMixin.remove_networks_from_down_agents' sleeping for 36.99 seconds {{(pid=104229) _run_loop /opt/stack/data/venv/lib/python3.12/site-packages/oslo_service/backend/_threading/loopingcall.py:125}}
Apr 02 10:42:54.519982 np0000162854 neutron-periodic-workers[104240]: DEBUG neutron.db.agents_db [None req-1692cdbf-ca8c-4125-95fb-80dac44ed160 None None] Agent healthcheck: found 0 active agents {{(pid=104240) agent_health_check /opt/stack/neutron/neutron/db/agents_db.py:317}}
Apr 02 10:42:54.521147 np0000162854 neutron-periodic-workers[104240]: DEBUG oslo.service.backend._threading.loopingcall [None req-1692cdbf-ca8c-4125-95fb-80dac44ed160 None None] Fixed interval looping call 'neutron.plugins.ml2.plugin.AgentDbMixin.agent_health_check' sleeping for 36.99 seconds {{(pid=104240) _run_loop /opt/stack/data/venv/lib/python3.12/site-packages/oslo_service/backend/_threading/loopingcall.py:125}}
Apr 02 10:42:56.510109 np0000162854 neutron-periodic-workers[104229]: DEBUG dbcounter [-] [104229] Writing DB stats neutron:SELECT=3 {{(pid=104229) stat_writer /opt/stack/data/venv/lib/python3.12/site-packages/dbcounter.py:115}}
Apr 02 10:43:04.517568 np0000162854 neutron-periodic-workers[104240]: DEBUG dbcounter [-] [104240] Writing DB stats neutron:SELECT=1 {{(pid=104240) stat_writer /opt/stack/data/venv/lib/python3.12/site-packages/dbcounter.py:115}}
Apr 02 10:43:23.512589 np0000162854 neutron-periodic-workers[104229]: DEBUG oslo.service.backend._threading.loopingcall [None req-68d530d2-2447-456d-a4b3-f30a68742915 None None] Fixed interval looping call 'neutron.plugins.ml2.plugin.DhcpAgentSchedulerDbMixin.remove_networks_from_down_agents' sleeping for 36.99 seconds {{(pid=104229) _run_loop /opt/stack/data/venv/lib/python3.12/site-packages/oslo_service/backend/_threading/loopingcall.py:125}}
Apr 02 10:43:31.515158 np0000162854 neutron-periodic-workers[104240]: DEBUG neutron.db.agents_db [None req-1692cdbf-ca8c-4125-95fb-80dac44ed160 None None] Agent healthcheck: found 0 active agents {{(pid=104240) agent_health_check /opt/stack/neutron/neutron/db/agents_db.py:317}}
Apr 02 10:43:31.515724 np0000162854 neutron-periodic-workers[104240]: DEBUG oslo.service.backend._threading.loopingcall [None req-1692cdbf-ca8c-4125-95fb-80dac44ed160 None None] Fixed interval looping call 'neutron.plugins.ml2.plugin.AgentDbMixin.agent_health_check' sleeping for 37.00 seconds {{(pid=104240) _run_loop /opt/stack/data/venv/lib/python3.12/site-packages/oslo_service/backend/_threading/loopingcall.py:125}}
Apr 02 10:43:33.511150 np0000162854 neutron-periodic-workers[104229]: DEBUG dbcounter [-] [104229] Writing DB stats neutron:SELECT=3 {{(pid=104229) stat_writer /opt/stack/data/venv/lib/python3.12/site-packages/dbcounter.py:115}}
Apr 02 10:43:41.513821 np0000162854 neutron-periodic-workers[104240]: DEBUG dbcounter [-] [104240] Writing DB stats neutron:SELECT=1 {{(pid=104240) stat_writer /opt/stack/data/venv/lib/python3.12/site-packages/dbcounter.py:115}}
Apr 02 10:43:58.548987 np0000162854 neutron-periodic-workers[104253]: DEBUG oslo.service.backend._threading.loopingcall [None req-3d5cc075-ee0b-4cdb-b5b5-57d877c84839 None None] Fixed interval looping call 'neutron.db.quota.driver_nolock.DbQuotaNoLockDriver._remove_expired_reservations' sleeping for 120.00 seconds {{(pid=104253) _run_loop /opt/stack/data/venv/lib/python3.12/site-packages/oslo_service/backend/_threading/loopingcall.py:125}}
Apr 02 10:44:00.516976 np0000162854 neutron-periodic-workers[104229]: DEBUG oslo.service.backend._threading.loopingcall [None req-68d530d2-2447-456d-a4b3-f30a68742915 None None] Fixed interval looping call 'neutron.plugins.ml2.plugin.DhcpAgentSchedulerDbMixin.remove_networks_from_down_agents' sleeping for 36.99 seconds {{(pid=104229) _run_loop /opt/stack/data/venv/lib/python3.12/site-packages/oslo_service/backend/_threading/loopingcall.py:125}}
Apr 02 10:44:05.571381 np0000162854 neutron-periodic-workers[104266]: DEBUG oslo.service.backend._threading.loopingcall [None req-1fe47870-485a-439f-8f74-3e2dbf6afdcd None None] Fixed interval looping call 'neutron.services.ovn_l3.plugin.L3_NAT_dbonly_mixin._clean_garbage' sleeping for 299.99 seconds {{(pid=104266) _run_loop /opt/stack/data/venv/lib/python3.12/site-packages/oslo_service/backend/_threading/loopingcall.py:125}}
Apr 02 10:44:08.522575 np0000162854 neutron-periodic-workers[104240]: DEBUG neutron.db.agents_db [None req-1692cdbf-ca8c-4125-95fb-80dac44ed160 None None] Agent healthcheck: found 0 active agents {{(pid=104240) agent_health_check /opt/stack/neutron/neutron/db/agents_db.py:317}}
Apr 02 10:44:08.523255 np0000162854 neutron-periodic-workers[104240]: DEBUG oslo.service.backend._threading.loopingcall [None req-1692cdbf-ca8c-4125-95fb-80dac44ed160 None None] Fixed interval looping call 'neutron.plugins.ml2.plugin.AgentDbMixin.agent_health_check' sleeping for 36.99 seconds {{(pid=104240) _run_loop /opt/stack/data/venv/lib/python3.12/site-packages/oslo_service/backend/_threading/loopingcall.py:125}}
Apr 02 10:44:08.548068 np0000162854 neutron-periodic-workers[104253]: DEBUG dbcounter [-] [104253] Writing DB stats neutron:DELETE=1 {{(pid=104253) stat_writer /opt/stack/data/venv/lib/python3.12/site-packages/dbcounter.py:115}}
Apr 02 10:44:10.515978 np0000162854 neutron-periodic-workers[104229]: DEBUG dbcounter [-] [104229] Writing DB stats neutron:SELECT=3 {{(pid=104229) stat_writer /opt/stack/data/venv/lib/python3.12/site-packages/dbcounter.py:115}}
Apr 02 10:44:15.563363 np0000162854 neutron-periodic-workers[104266]: DEBUG dbcounter [-] [104266] Writing DB stats neutron:SELECT=1 {{(pid=104266) stat_writer /opt/stack/data/venv/lib/python3.12/site-packages/dbcounter.py:115}}
Apr 02 10:44:18.520552 np0000162854 neutron-periodic-workers[104240]: DEBUG dbcounter [-] [104240] Writing DB stats neutron:SELECT=1 {{(pid=104240) stat_writer /opt/stack/data/venv/lib/python3.12/site-packages/dbcounter.py:115}}
Apr 02 10:44:37.517929 np0000162854 neutron-periodic-workers[104229]: DEBUG oslo.service.backend._threading.loopingcall [None req-68d530d2-2447-456d-a4b3-f30a68742915 None None] Fixed interval looping call 'neutron.plugins.ml2.plugin.DhcpAgentSchedulerDbMixin.remove_networks_from_down_agents' sleeping for 36.99 seconds {{(pid=104229) _run_loop /opt/stack/data/venv/lib/python3.12/site-packages/oslo_service/backend/_threading/loopingcall.py:125}}
Apr 02 10:44:45.521076 np0000162854 neutron-periodic-workers[104240]: DEBUG neutron.db.agents_db [None req-1692cdbf-ca8c-4125-95fb-80dac44ed160 None None] Agent healthcheck: found 0 active agents {{(pid=104240) agent_health_check /opt/stack/neutron/neutron/db/agents_db.py:317}}
Apr 02 10:44:45.521878 np0000162854 neutron-periodic-workers[104240]: DEBUG oslo.service.backend._threading.loopingcall [None req-1692cdbf-ca8c-4125-95fb-80dac44ed160 None None] Fixed interval looping call 'neutron.plugins.ml2.plugin.AgentDbMixin.agent_health_check' sleeping for 36.99 seconds {{(pid=104240) _run_loop /opt/stack/data/venv/lib/python3.12/site-packages/oslo_service/backend/_threading/loopingcall.py:125}}
Apr 02 10:44:47.516984 np0000162854 neutron-periodic-workers[104229]: DEBUG dbcounter [-] [104229] Writing DB stats neutron:SELECT=3 {{(pid=104229) stat_writer /opt/stack/data/venv/lib/python3.12/site-packages/dbcounter.py:115}}
Apr 02 10:44:55.517704 np0000162854 neutron-periodic-workers[104240]: DEBUG dbcounter [-] [104240] Writing DB stats neutron:SELECT=1 {{(pid=104240) stat_writer /opt/stack/data/venv/lib/python3.12/site-packages/dbcounter.py:115}}
Apr 02 10:45:14.521676 np0000162854 neutron-periodic-workers[104229]: DEBUG oslo.service.backend._threading.loopingcall [None req-68d530d2-2447-456d-a4b3-f30a68742915 None None] Fixed interval looping call 'neutron.plugins.ml2.plugin.DhcpAgentSchedulerDbMixin.remove_networks_from_down_agents' sleeping for 36.99 seconds {{(pid=104229) _run_loop /opt/stack/data/venv/lib/python3.12/site-packages/oslo_service/backend/_threading/loopingcall.py:125}}
Apr 02 10:45:22.517792 np0000162854 neutron-periodic-workers[104240]: DEBUG neutron.db.agents_db [None req-1692cdbf-ca8c-4125-95fb-80dac44ed160 None None] Agent healthcheck: found 0 active agents {{(pid=104240) agent_health_check /opt/stack/neutron/neutron/db/agents_db.py:317}}
Apr 02 10:45:22.518629 np0000162854 neutron-periodic-workers[104240]: DEBUG oslo.service.backend._threading.loopingcall [None req-1692cdbf-ca8c-4125-95fb-80dac44ed160 None None] Fixed interval looping call 'neutron.plugins.ml2.plugin.AgentDbMixin.agent_health_check' sleeping for 36.99 seconds {{(pid=104240) _run_loop /opt/stack/data/venv/lib/python3.12/site-packages/oslo_service/backend/_threading/loopingcall.py:125}}
Apr 02 10:45:24.519203 np0000162854 neutron-periodic-workers[104229]: DEBUG dbcounter [-] [104229] Writing DB stats neutron:SELECT=3 {{(pid=104229) stat_writer /opt/stack/data/venv/lib/python3.12/site-packages/dbcounter.py:115}}
Apr 02 10:45:32.515334 np0000162854 neutron-periodic-workers[104240]: DEBUG dbcounter [-] [104240] Writing DB stats neutron:SELECT=1 {{(pid=104240) stat_writer /opt/stack/data/venv/lib/python3.12/site-packages/dbcounter.py:115}}
Apr 02 10:45:51.521113 np0000162854 neutron-periodic-workers[104229]: DEBUG oslo.service.backend._threading.loopingcall [None req-68d530d2-2447-456d-a4b3-f30a68742915 None None] Fixed interval looping call 'neutron.plugins.ml2.plugin.DhcpAgentSchedulerDbMixin.remove_networks_from_down_agents' sleeping for 36.99 seconds {{(pid=104229) _run_loop /opt/stack/data/venv/lib/python3.12/site-packages/oslo_service/backend/_threading/loopingcall.py:125}}
Apr 02 10:45:58.557044 np0000162854 neutron-periodic-workers[104253]: DEBUG oslo.service.backend._threading.loopingcall [None req-3d5cc075-ee0b-4cdb-b5b5-57d877c84839 None None] Fixed interval looping call 'neutron.db.quota.driver_nolock.DbQuotaNoLockDriver._remove_expired_reservations' sleeping for 119.99 seconds {{(pid=104253) _run_loop /opt/stack/data/venv/lib/python3.12/site-packages/oslo_service/backend/_threading/loopingcall.py:125}}
Apr 02 10:45:59.515460 np0000162854 neutron-periodic-workers[104240]: DEBUG neutron.db.agents_db [None req-1692cdbf-ca8c-4125-95fb-80dac44ed160 None None] Agent healthcheck: found 0 active agents {{(pid=104240) agent_health_check /opt/stack/neutron/neutron/db/agents_db.py:317}}
Apr 02 10:45:59.516076 np0000162854 neutron-periodic-workers[104240]: DEBUG oslo.service.backend._threading.loopingcall [None req-1692cdbf-ca8c-4125-95fb-80dac44ed160 None None] Fixed interval looping call 'neutron.plugins.ml2.plugin.AgentDbMixin.agent_health_check' sleeping for 36.99 seconds {{(pid=104240) _run_loop /opt/stack/data/venv/lib/python3.12/site-packages/oslo_service/backend/_threading/loopingcall.py:125}}
Apr 02 10:46:01.522474 np0000162854 neutron-periodic-workers[104229]: DEBUG dbcounter [-] [104229] Writing DB stats neutron:SELECT=3 {{(pid=104229) stat_writer /opt/stack/data/venv/lib/python3.12/site-packages/dbcounter.py:115}}
Apr 02 10:46:08.552801 np0000162854 neutron-periodic-workers[104253]: DEBUG dbcounter [-] [104253] Writing DB stats neutron:DELETE=1 {{(pid=104253) stat_writer /opt/stack/data/venv/lib/python3.12/site-packages/dbcounter.py:115}}
Apr 02 10:46:09.512809 np0000162854 neutron-periodic-workers[104240]: DEBUG dbcounter [-] [104240] Writing DB stats neutron:SELECT=1 {{(pid=104240) stat_writer /opt/stack/data/venv/lib/python3.12/site-packages/dbcounter.py:115}}
Apr 02 10:46:28.521040 np0000162854 neutron-periodic-workers[104229]: DEBUG oslo.service.backend._threading.loopingcall [None req-68d530d2-2447-456d-a4b3-f30a68742915 None None] Fixed interval looping call 'neutron.plugins.ml2.plugin.DhcpAgentSchedulerDbMixin.remove_networks_from_down_agents' sleeping for 36.99 seconds {{(pid=104229) _run_loop /opt/stack/data/venv/lib/python3.12/site-packages/oslo_service/backend/_threading/loopingcall.py:125}}
Apr 02 10:46:36.510268 np0000162854 neutron-periodic-workers[104240]: DEBUG neutron.db.agents_db [None req-1692cdbf-ca8c-4125-95fb-80dac44ed160 None None] Agent healthcheck: found 0 active agents {{(pid=104240) agent_health_check /opt/stack/neutron/neutron/db/agents_db.py:317}}
Apr 02 10:46:36.510268 np0000162854 neutron-periodic-workers[104240]: DEBUG oslo.service.backend._threading.loopingcall [None req-1692cdbf-ca8c-4125-95fb-80dac44ed160 None None] Fixed interval looping call 'neutron.plugins.ml2.plugin.AgentDbMixin.agent_health_check' sleeping for 37.00 seconds {{(pid=104240) _run_loop /opt/stack/data/venv/lib/python3.12/site-packages/oslo_service/backend/_threading/loopingcall.py:125}}
Apr 02 10:46:38.520247 np0000162854 neutron-periodic-workers[104229]: DEBUG dbcounter [-] [104229] Writing DB stats neutron:SELECT=3 {{(pid=104229) stat_writer /opt/stack/data/venv/lib/python3.12/site-packages/dbcounter.py:115}}
Apr 02 10:46:46.508741 np0000162854 neutron-periodic-workers[104240]: DEBUG dbcounter [-] [104240] Writing DB stats neutron:SELECT=1 {{(pid=104240) stat_writer /opt/stack/data/venv/lib/python3.12/site-packages/dbcounter.py:115}}
Apr 02 10:47:05.521613 np0000162854 neutron-periodic-workers[104229]: DEBUG oslo.service.backend._threading.loopingcall [None req-68d530d2-2447-456d-a4b3-f30a68742915 None None] Fixed interval looping call 'neutron.plugins.ml2.plugin.DhcpAgentSchedulerDbMixin.remove_networks_from_down_agents' sleeping for 36.99 seconds {{(pid=104229) _run_loop /opt/stack/data/venv/lib/python3.12/site-packages/oslo_service/backend/_threading/loopingcall.py:125}}
Apr 02 10:47:13.518419 np0000162854 neutron-periodic-workers[104240]: DEBUG neutron.db.agents_db [None req-1692cdbf-ca8c-4125-95fb-80dac44ed160 None None] Agent healthcheck: found 0 active agents {{(pid=104240) agent_health_check /opt/stack/neutron/neutron/db/agents_db.py:317}}
Apr 02 10:47:13.519708 np0000162854 neutron-periodic-workers[104240]: DEBUG oslo.service.backend._threading.loopingcall [None req-1692cdbf-ca8c-4125-95fb-80dac44ed160 None None] Fixed interval looping call 'neutron.plugins.ml2.plugin.AgentDbMixin.agent_health_check' sleeping for 36.99 seconds {{(pid=104240) _run_loop /opt/stack/data/venv/lib/python3.12/site-packages/oslo_service/backend/_threading/loopingcall.py:125}}
Apr 02 10:47:15.520336 np0000162854 neutron-periodic-workers[104229]: DEBUG dbcounter [-] [104229] Writing DB stats neutron:SELECT=3 {{(pid=104229) stat_writer /opt/stack/data/venv/lib/python3.12/site-packages/dbcounter.py:115}}
Apr 02 10:47:23.514946 np0000162854 neutron-periodic-workers[104240]: DEBUG dbcounter [-] [104240] Writing DB stats neutron:SELECT=1 {{(pid=104240) stat_writer /opt/stack/data/venv/lib/python3.12/site-packages/dbcounter.py:115}}
Apr 02 10:47:42.519331 np0000162854 neutron-periodic-workers[104229]: DEBUG oslo.service.backend._threading.loopingcall [None req-68d530d2-2447-456d-a4b3-f30a68742915 None None] Fixed interval looping call 'neutron.plugins.ml2.plugin.DhcpAgentSchedulerDbMixin.remove_networks_from_down_agents' sleeping for 36.99 seconds {{(pid=104229) _run_loop /opt/stack/data/venv/lib/python3.12/site-packages/oslo_service/backend/_threading/loopingcall.py:125}}
Apr 02 10:47:50.513777 np0000162854 neutron-periodic-workers[104240]: DEBUG neutron.db.agents_db [None req-1692cdbf-ca8c-4125-95fb-80dac44ed160 None None] Agent healthcheck: found 0 active agents {{(pid=104240) agent_health_check /opt/stack/neutron/neutron/db/agents_db.py:317}}
Apr 02 10:47:50.514613 np0000162854 neutron-periodic-workers[104240]: DEBUG oslo.service.backend._threading.loopingcall [None req-1692cdbf-ca8c-4125-95fb-80dac44ed160 None None] Fixed interval looping call 'neutron.plugins.ml2.plugin.AgentDbMixin.agent_health_check' sleeping for 37.00 seconds {{(pid=104240) _run_loop /opt/stack/data/venv/lib/python3.12/site-packages/oslo_service/backend/_threading/loopingcall.py:125}}
Apr 02 10:47:52.518531 np0000162854 neutron-periodic-workers[104229]: DEBUG dbcounter [-] [104229] Writing DB stats neutron:SELECT=3 {{(pid=104229) stat_writer /opt/stack/data/venv/lib/python3.12/site-packages/dbcounter.py:115}}
Apr 02 10:47:58.551195 np0000162854 neutron-periodic-workers[104253]: DEBUG oslo.service.backend._threading.loopingcall [None req-3d5cc075-ee0b-4cdb-b5b5-57d877c84839 None None] Fixed interval looping call 'neutron.db.quota.driver_nolock.DbQuotaNoLockDriver._remove_expired_reservations' sleeping for 119.99 seconds {{(pid=104253) _run_loop /opt/stack/data/venv/lib/python3.12/site-packages/oslo_service/backend/_threading/loopingcall.py:125}}
Apr 02 10:48:00.512647 np0000162854 neutron-periodic-workers[104240]: DEBUG dbcounter [-] [104240] Writing DB stats neutron:SELECT=1 {{(pid=104240) stat_writer /opt/stack/data/venv/lib/python3.12/site-packages/dbcounter.py:115}}
Apr 02 10:48:08.548712 np0000162854 neutron-periodic-workers[104253]: DEBUG dbcounter [-] [104253] Writing DB stats neutron:DELETE=1 {{(pid=104253) stat_writer /opt/stack/data/venv/lib/python3.12/site-packages/dbcounter.py:115}}
