Apr 02 05:49:34.419051 np0000162737 neutron-periodic-workers[104157]: DEBUG cotyledon.oslo_config_glue [-] ml2.type_drivers = ['local', 'flat', 'vlan', 'geneve'] {{(pid=104157) log_opt_values /opt/stack/data/venv/lib/python3.12/site-packages/oslo_config/cfg.py:3006}}
Apr 02 05:49:34.419141 np0000162737 neutron-periodic-workers[104157]: DEBUG cotyledon.oslo_config_glue [-] ml2_type_flat.flat_networks = ['public'] {{(pid=104157) log_opt_values /opt/stack/data/venv/lib/python3.12/site-packages/oslo_config/cfg.py:3006}}
Apr 02 05:49:34.419141 np0000162737 neutron-periodic-workers[104157]: DEBUG cotyledon.oslo_config_glue [-] ml2_type_geneve.max_header_size = 38 {{(pid=104157) log_opt_values /opt/stack/data/venv/lib/python3.12/site-packages/oslo_config/cfg.py:3006}}
Apr 02 05:49:34.419224 np0000162737 neutron-periodic-workers[104157]: DEBUG cotyledon.oslo_config_glue [-] ml2_type_geneve.vni_ranges = ['1:65536'] {{(pid=104157) log_opt_values /opt/stack/data/venv/lib/python3.12/site-packages/oslo_config/cfg.py:3006}}
Apr 02 05:49:34.419224 np0000162737 neutron-periodic-workers[104157]: DEBUG cotyledon.oslo_config_glue [-] ml2_type_vlan.network_vlan_ranges = ['public'] {{(pid=104157) log_opt_values /opt/stack/data/venv/lib/python3.12/site-packages/oslo_config/cfg.py:3006}}
Apr 02 05:49:34.419307 np0000162737 neutron-periodic-workers[104157]: DEBUG cotyledon.oslo_config_glue [-] network_log.burst_limit = 25 {{(pid=104157) log_opt_values /opt/stack/data/venv/lib/python3.12/site-packages/oslo_config/cfg.py:3006}}
Apr 02 05:49:34.419307 np0000162737 neutron-periodic-workers[104157]: DEBUG cotyledon.oslo_config_glue [-] network_log.local_output_log_base = None {{(pid=104157) log_opt_values /opt/stack/data/venv/lib/python3.12/site-packages/oslo_config/cfg.py:3006}}
Apr 02 05:49:34.419403 np0000162737 neutron-periodic-workers[104157]: DEBUG cotyledon.oslo_config_glue [-] network_log.rate_limit = 100 {{(pid=104157) log_opt_values /opt/stack/data/venv/lib/python3.12/site-packages/oslo_config/cfg.py:3006}}
Apr 02 05:49:34.419403 np0000162737 neutron-periodic-workers[104157]: DEBUG cotyledon.oslo_config_glue [-] database.asyncio_connection = **** {{(pid=104157) log_opt_values /opt/stack/data/venv/lib/python3.12/site-packages/oslo_config/cfg.py:3006}}
Apr 02 05:49:34.419489 np0000162737 neutron-periodic-workers[104157]: DEBUG cotyledon.oslo_config_glue [-] database.asyncio_slave_connection = **** {{(pid=104157) log_opt_values /opt/stack/data/venv/lib/python3.12/site-packages/oslo_config/cfg.py:3006}}
Apr 02 05:49:34.419489 np0000162737 neutron-periodic-workers[104157]: DEBUG cotyledon.oslo_config_glue [-] database.backend = sqlalchemy {{(pid=104157) log_opt_values /opt/stack/data/venv/lib/python3.12/site-packages/oslo_config/cfg.py:3006}}
Apr 02 05:49:34.419570 np0000162737 neutron-periodic-workers[104157]: DEBUG cotyledon.oslo_config_glue [-] database.connection = **** {{(pid=104157) log_opt_values /opt/stack/data/venv/lib/python3.12/site-packages/oslo_config/cfg.py:3006}}
Apr 02 05:49:34.419631 np0000162737 neutron-periodic-workers[104157]: DEBUG cotyledon.oslo_config_glue [-] database.connection_debug = 0 {{(pid=104157) log_opt_values /opt/stack/data/venv/lib/python3.12/site-packages/oslo_config/cfg.py:3006}}
Apr 02 05:49:34.419631 np0000162737 neutron-periodic-workers[104157]: DEBUG cotyledon.oslo_config_glue [-] database.connection_parameters = {{(pid=104157) log_opt_values /opt/stack/data/venv/lib/python3.12/site-packages/oslo_config/cfg.py:3006}}
Apr 02 05:49:34.419714 np0000162737 neutron-periodic-workers[104157]: DEBUG cotyledon.oslo_config_glue [-] database.connection_recycle_time = 3600 {{(pid=104157) log_opt_values /opt/stack/data/venv/lib/python3.12/site-packages/oslo_config/cfg.py:3006}}
Apr 02 05:49:34.419714 np0000162737 neutron-periodic-workers[104157]: DEBUG cotyledon.oslo_config_glue [-] database.connection_trace = False {{(pid=104157) log_opt_values /opt/stack/data/venv/lib/python3.12/site-packages/oslo_config/cfg.py:3006}}
Apr 02 05:49:34.419891 np0000162737 neutron-periodic-workers[104157]: DEBUG cotyledon.oslo_config_glue [-] database.db_inc_retry_interval = True {{(pid=104157) log_opt_values /opt/stack/data/venv/lib/python3.12/site-packages/oslo_config/cfg.py:3006}}
Apr 02 05:49:34.419891 np0000162737 neutron-periodic-workers[104157]: DEBUG cotyledon.oslo_config_glue [-] database.db_max_retries = 20 {{(pid=104157) log_opt_values /opt/stack/data/venv/lib/python3.12/site-packages/oslo_config/cfg.py:3006}}
Apr 02 05:49:34.419891 np0000162737 neutron-periodic-workers[104157]: DEBUG cotyledon.oslo_config_glue [-] database.db_max_retry_interval = 10 {{(pid=104157) log_opt_values /opt/stack/data/venv/lib/python3.12/site-packages/oslo_config/cfg.py:3006}}
Apr 02 05:49:34.419891 np0000162737 neutron-periodic-workers[104157]: DEBUG cotyledon.oslo_config_glue [-] database.db_retry_interval = 1 {{(pid=104157) log_opt_values /opt/stack/data/venv/lib/python3.12/site-packages/oslo_config/cfg.py:3006}}
Apr 02 05:49:34.419891 np0000162737 neutron-periodic-workers[104157]: DEBUG cotyledon.oslo_config_glue [-] database.max_overflow = 50 {{(pid=104157) log_opt_values /opt/stack/data/venv/lib/python3.12/site-packages/oslo_config/cfg.py:3006}}
Apr 02 05:49:34.420007 np0000162737 neutron-periodic-workers[104157]: DEBUG cotyledon.oslo_config_glue [-] database.max_pool_size = 5 {{(pid=104157) log_opt_values /opt/stack/data/venv/lib/python3.12/site-packages/oslo_config/cfg.py:3006}}
Apr 02 05:49:34.420007 np0000162737 neutron-periodic-workers[104157]: DEBUG cotyledon.oslo_config_glue [-] database.max_retries = 10 {{(pid=104157) log_opt_values /opt/stack/data/venv/lib/python3.12/site-packages/oslo_config/cfg.py:3006}}
Apr 02 05:49:34.420007 np0000162737 neutron-periodic-workers[104157]: DEBUG cotyledon.oslo_config_glue [-] database.mysql_sql_mode = TRADITIONAL {{(pid=104157) log_opt_values /opt/stack/data/venv/lib/python3.12/site-packages/oslo_config/cfg.py:3006}}
Apr 02 05:49:34.420090 np0000162737 neutron-periodic-workers[104157]: DEBUG cotyledon.oslo_config_glue [-] database.mysql_wsrep_sync_wait = None {{(pid=104157) log_opt_values /opt/stack/data/venv/lib/python3.12/site-packages/oslo_config/cfg.py:3006}}
Apr 02 05:49:34.420090 np0000162737 neutron-periodic-workers[104157]: DEBUG cotyledon.oslo_config_glue [-] database.pool_timeout = None {{(pid=104157) log_opt_values /opt/stack/data/venv/lib/python3.12/site-packages/oslo_config/cfg.py:3006}}
Apr 02 05:49:34.420186 np0000162737 neutron-periodic-workers[104157]: DEBUG cotyledon.oslo_config_glue [-] database.retry_interval = 10 {{(pid=104157) log_opt_values /opt/stack/data/venv/lib/python3.12/site-packages/oslo_config/cfg.py:3006}}
Apr 02 05:49:34.420186 np0000162737 neutron-periodic-workers[104157]: DEBUG cotyledon.oslo_config_glue [-] database.slave_connection = **** {{(pid=104157) log_opt_values /opt/stack/data/venv/lib/python3.12/site-packages/oslo_config/cfg.py:3006}}
Apr 02 05:49:34.420245 np0000162737 neutron-periodic-workers[104157]: DEBUG cotyledon.oslo_config_glue [-] database.sqlite_synchronous = True {{(pid=104157) log_opt_values /opt/stack/data/venv/lib/python3.12/site-packages/oslo_config/cfg.py:3006}}
Apr 02 05:49:34.420245 np0000162737 neutron-periodic-workers[104157]: DEBUG cotyledon.oslo_config_glue [-] database.synchronous_reader = True {{(pid=104157) log_opt_values /opt/stack/data/venv/lib/python3.12/site-packages/oslo_config/cfg.py:3006}}
Apr 02 05:49:34.420332 np0000162737 neutron-periodic-workers[104157]: DEBUG cotyledon.oslo_config_glue [-] database.use_db_reconnect = False {{(pid=104157) log_opt_values /opt/stack/data/venv/lib/python3.12/site-packages/oslo_config/cfg.py:3006}}
Apr 02 05:49:34.420402 np0000162737 neutron-periodic-workers[104157]: DEBUG cotyledon.oslo_config_glue [-] ovn.bfd_min_rx = 1000 {{(pid=104157) log_opt_values /opt/stack/data/venv/lib/python3.12/site-packages/oslo_config/cfg.py:3006}}
Apr 02 05:49:34.420402 np0000162737 neutron-periodic-workers[104157]: DEBUG cotyledon.oslo_config_glue [-] ovn.bfd_min_tx = 100 {{(pid=104157) log_opt_values /opt/stack/data/venv/lib/python3.12/site-packages/oslo_config/cfg.py:3006}}
Apr 02 05:49:34.420456 np0000162737 neutron-periodic-workers[104157]: DEBUG cotyledon.oslo_config_glue [-] ovn.bfd_mult = 3 {{(pid=104157) log_opt_values /opt/stack/data/venv/lib/python3.12/site-packages/oslo_config/cfg.py:3006}}
Apr 02 05:49:34.420487 np0000162737 neutron-periodic-workers[104157]: DEBUG cotyledon.oslo_config_glue [-] ovn.broadcast_arps_to_all_routers = True {{(pid=104157) log_opt_values /opt/stack/data/venv/lib/python3.12/site-packages/oslo_config/cfg.py:3006}}
Apr 02 05:49:34.420515 np0000162737 neutron-periodic-workers[104157]: DEBUG cotyledon.oslo_config_glue [-] ovn.dhcp_default_lease_time = 43200 {{(pid=104157) log_opt_values /opt/stack/data/venv/lib/python3.12/site-packages/oslo_config/cfg.py:3006}}
Apr 02 05:49:34.420544 np0000162737 neutron-periodic-workers[104157]: DEBUG cotyledon.oslo_config_glue [-] ovn.disable_ovn_dhcp_for_baremetal_ports = False {{(pid=104157) log_opt_values /opt/stack/data/venv/lib/python3.12/site-packages/oslo_config/cfg.py:3006}}
Apr 02 05:49:34.420592 np0000162737 neutron-periodic-workers[104157]: DEBUG cotyledon.oslo_config_glue [-] ovn.dns_records_ovn_owned = False {{(pid=104157) log_opt_values /opt/stack/data/venv/lib/python3.12/site-packages/oslo_config/cfg.py:3006}}
Apr 02 05:49:34.420622 np0000162737 neutron-periodic-workers[104157]: DEBUG cotyledon.oslo_config_glue [-] ovn.dns_servers = [] {{(pid=104157) log_opt_values /opt/stack/data/venv/lib/python3.12/site-packages/oslo_config/cfg.py:3006}}
Apr 02 05:49:34.420724 np0000162737 neutron-periodic-workers[104157]: DEBUG cotyledon.oslo_config_glue [-] ovn.enable_distributed_floating_ip = False {{(pid=104157) log_opt_values /opt/stack/data/venv/lib/python3.12/site-packages/oslo_config/cfg.py:3006}}
Apr 02 05:49:34.420724 np0000162737 neutron-periodic-workers[104157]: DEBUG cotyledon.oslo_config_glue [-] ovn.fdb_age_threshold = 300 {{(pid=104157) log_opt_values /opt/stack/data/venv/lib/python3.12/site-packages/oslo_config/cfg.py:3006}}
Apr 02 05:49:34.420814 np0000162737 neutron-periodic-workers[104157]: DEBUG cotyledon.oslo_config_glue [-] ovn.ha_failover_strategy = normal {{(pid=104157) log_opt_values /opt/stack/data/venv/lib/python3.12/site-packages/oslo_config/cfg.py:3006}}
Apr 02 05:49:34.420814 np0000162737 neutron-periodic-workers[104157]: DEBUG cotyledon.oslo_config_glue [-] ovn.live_migration_activation_strategy = rarp {{(pid=104157) log_opt_values /opt/stack/data/venv/lib/python3.12/site-packages/oslo_config/cfg.py:3006}}
Apr 02 05:49:34.420814 np0000162737 neutron-periodic-workers[104157]: DEBUG cotyledon.oslo_config_glue [-] ovn.localnet_learn_fdb = False {{(pid=104157) log_opt_values /opt/stack/data/venv/lib/python3.12/site-packages/oslo_config/cfg.py:3006}}
Apr 02 05:49:34.420939 np0000162737 neutron-periodic-workers[104157]: DEBUG cotyledon.oslo_config_glue [-] ovn.mac_binding_age_threshold = 300 {{(pid=104157) log_opt_values /opt/stack/data/venv/lib/python3.12/site-packages/oslo_config/cfg.py:3006}}
Apr 02 05:49:34.420939 np0000162737 neutron-periodic-workers[104157]: DEBUG cotyledon.oslo_config_glue [-] ovn.neutron_sync_mode = log {{(pid=104157) log_opt_values /opt/stack/data/venv/lib/python3.12/site-packages/oslo_config/cfg.py:3006}}
Apr 02 05:49:34.421041 np0000162737 neutron-periodic-workers[104157]: DEBUG cotyledon.oslo_config_glue [-] ovn.ovn_dhcp4_global_options = {} {{(pid=104157) log_opt_values /opt/stack/data/venv/lib/python3.12/site-packages/oslo_config/cfg.py:3006}}
Apr 02 05:49:34.421041 np0000162737 neutron-periodic-workers[104157]: DEBUG cotyledon.oslo_config_glue [-] ovn.ovn_dhcp6_global_options = {} {{(pid=104157) log_opt_values /opt/stack/data/venv/lib/python3.12/site-packages/oslo_config/cfg.py:3006}}
Apr 02 05:49:34.421041 np0000162737 neutron-periodic-workers[104157]: DEBUG cotyledon.oslo_config_glue [-] ovn.ovn_l3_scheduler = leastloaded {{(pid=104157) log_opt_values /opt/stack/data/venv/lib/python3.12/site-packages/oslo_config/cfg.py:3006}}
Apr 02 05:49:34.421146 np0000162737 neutron-periodic-workers[104157]: DEBUG cotyledon.oslo_config_glue [-] ovn.ovn_metadata_enabled = True {{(pid=104157) log_opt_values /opt/stack/data/venv/lib/python3.12/site-packages/oslo_config/cfg.py:3006}}
Apr 02 05:49:34.421146 np0000162737 neutron-periodic-workers[104157]: DEBUG cotyledon.oslo_config_glue [-] ovn.ovn_nb_ca_cert = /opt/stack/data/CA/int-ca/ca-chain.pem {{(pid=104157) log_opt_values /opt/stack/data/venv/lib/python3.12/site-packages/oslo_config/cfg.py:3006}}
Apr 02 05:49:34.421243 np0000162737 neutron-periodic-workers[104157]: DEBUG cotyledon.oslo_config_glue [-] ovn.ovn_nb_certificate = /opt/stack/data/CA/int-ca/devstack-cert.crt {{(pid=104157) log_opt_values /opt/stack/data/venv/lib/python3.12/site-packages/oslo_config/cfg.py:3006}}
Apr 02 05:49:34.421243 np0000162737 neutron-periodic-workers[104157]: DEBUG cotyledon.oslo_config_glue [-] ovn.ovn_nb_connection = ['ssl:199.19.213.168:6641'] {{(pid=104157) log_opt_values /opt/stack/data/venv/lib/python3.12/site-packages/oslo_config/cfg.py:3006}}
Apr 02 05:49:34.421243 np0000162737 neutron-periodic-workers[104157]: DEBUG cotyledon.oslo_config_glue [-] ovn.ovn_nb_private_key = /opt/stack/data/CA/int-ca/private/devstack-cert.key {{(pid=104157) log_opt_values /opt/stack/data/venv/lib/python3.12/site-packages/oslo_config/cfg.py:3006}}
Apr 02 05:49:34.421349 np0000162737 neutron-periodic-workers[104157]: DEBUG cotyledon.oslo_config_glue [-] ovn.ovn_router_indirect_snat = False {{(pid=104157) log_opt_values /opt/stack/data/venv/lib/python3.12/site-packages/oslo_config/cfg.py:3006}}
Apr 02 05:49:34.421349 np0000162737 neutron-periodic-workers[104157]: DEBUG cotyledon.oslo_config_glue [-] ovn.ovn_sb_ca_cert = /opt/stack/data/CA/int-ca/ca-chain.pem {{(pid=104157) log_opt_values /opt/stack/data/venv/lib/python3.12/site-packages/oslo_config/cfg.py:3006}}
Apr 02 05:49:34.421349 np0000162737 neutron-periodic-workers[104157]: DEBUG cotyledon.oslo_config_glue [-] ovn.ovn_sb_certificate = /opt/stack/data/CA/int-ca/devstack-cert.crt {{(pid=104157) log_opt_values /opt/stack/data/venv/lib/python3.12/site-packages/oslo_config/cfg.py:3006}}
Apr 02 05:49:34.421462 np0000162737 neutron-periodic-workers[104157]: DEBUG cotyledon.oslo_config_glue [-] ovn.ovn_sb_connection = ['ssl:199.19.213.168:6642'] {{(pid=104157) log_opt_values /opt/stack/data/venv/lib/python3.12/site-packages/oslo_config/cfg.py:3006}}
Apr 02 05:49:34.421462 np0000162737 neutron-periodic-workers[104157]: DEBUG cotyledon.oslo_config_glue [-] ovn.ovn_sb_private_key = /opt/stack/data/CA/int-ca/private/devstack-cert.key {{(pid=104157) log_opt_values /opt/stack/data/venv/lib/python3.12/site-packages/oslo_config/cfg.py:3006}}
Apr 02 05:49:34.421462 np0000162737 neutron-periodic-workers[104157]: DEBUG cotyledon.oslo_config_glue [-] ovn.ovs_create_tap = False {{(pid=104157) log_opt_values /opt/stack/data/venv/lib/python3.12/site-packages/oslo_config/cfg.py:3006}}
Apr 02 05:49:34.421573 np0000162737 neutron-periodic-workers[104157]: DEBUG cotyledon.oslo_config_glue [-] ovn.ovsdb_connection_timeout = 180 {{(pid=104157) log_opt_values /opt/stack/data/venv/lib/python3.12/site-packages/oslo_config/cfg.py:3006}}
Apr 02 05:49:34.421573 np0000162737 neutron-periodic-workers[104157]: DEBUG cotyledon.oslo_config_glue [-] ovn.ovsdb_log_level = INFO {{(pid=104157) log_opt_values /opt/stack/data/venv/lib/python3.12/site-packages/oslo_config/cfg.py:3006}}
Apr 02 05:49:34.421573 np0000162737 neutron-periodic-workers[104157]: DEBUG cotyledon.oslo_config_glue [-] ovn.ovsdb_probe_interval = 60000 {{(pid=104157) log_opt_values /opt/stack/data/venv/lib/python3.12/site-packages/oslo_config/cfg.py:3006}}
Apr 02 05:49:34.421680 np0000162737 neutron-periodic-workers[104157]: DEBUG cotyledon.oslo_config_glue [-] ovn.ovsdb_retry_max_interval = 180 {{(pid=104157) log_opt_values /opt/stack/data/venv/lib/python3.12/site-packages/oslo_config/cfg.py:3006}}
Apr 02 05:49:34.421680 np0000162737 neutron-periodic-workers[104157]: DEBUG cotyledon.oslo_config_glue [-] ovn.stateless_nat_enabled = False {{(pid=104157) log_opt_values /opt/stack/data/venv/lib/python3.12/site-packages/oslo_config/cfg.py:3006}}
Apr 02 05:49:34.421680 np0000162737 neutron-periodic-workers[104157]: DEBUG cotyledon.oslo_config_glue [-] ovn.vhost_sock_dir = /var/run/openvswitch {{(pid=104157) log_opt_values /opt/stack/data/venv/lib/python3.12/site-packages/oslo_config/cfg.py:3006}}
Apr 02 05:49:34.421801 np0000162737 neutron-periodic-workers[104157]: DEBUG cotyledon.oslo_config_glue [-] OVS.bridge_mac_table_size = 50000 {{(pid=104157) log_opt_values /opt/stack/data/venv/lib/python3.12/site-packages/oslo_config/cfg.py:3006}}
Apr 02 05:49:34.421801 np0000162737 neutron-periodic-workers[104157]: DEBUG cotyledon.oslo_config_glue [-] OVS.igmp_flood = False {{(pid=104157) log_opt_values /opt/stack/data/venv/lib/python3.12/site-packages/oslo_config/cfg.py:3006}}
Apr 02 05:49:34.421941 np0000162737 neutron-periodic-workers[104157]: DEBUG cotyledon.oslo_config_glue [-] OVS.igmp_flood_reports = True {{(pid=104157) log_opt_values /opt/stack/data/venv/lib/python3.12/site-packages/oslo_config/cfg.py:3006}}
Apr 02 05:49:34.421941 np0000162737 neutron-periodic-workers[104157]: DEBUG cotyledon.oslo_config_glue [-] OVS.igmp_flood_unregistered = False {{(pid=104157) log_opt_values /opt/stack/data/venv/lib/python3.12/site-packages/oslo_config/cfg.py:3006}}
Apr 02 05:49:34.421996 np0000162737 neutron-periodic-workers[104157]: DEBUG cotyledon.oslo_config_glue [-] OVS.igmp_snooping_enable = False {{(pid=104157) log_opt_values /opt/stack/data/venv/lib/python3.12/site-packages/oslo_config/cfg.py:3006}}
Apr 02 05:49:34.421996 np0000162737 neutron-periodic-workers[104157]: DEBUG cotyledon.oslo_config_glue [-] OVS.ovsdb_timeout = 10 {{(pid=104157) log_opt_values /opt/stack/data/venv/lib/python3.12/site-packages/oslo_config/cfg.py:3006}}
Apr 02 05:49:34.422062 np0000162737 neutron-periodic-workers[104157]: DEBUG cotyledon.oslo_config_glue [-] ovn_nb_global.fdb_removal_limit = 0 {{(pid=104157) log_opt_values /opt/stack/data/venv/lib/python3.12/site-packages/oslo_config/cfg.py:3006}}
Apr 02 05:49:34.422107 np0000162737 neutron-periodic-workers[104157]: DEBUG cotyledon.oslo_config_glue [-] ovn_nb_global.ignore_lsp_down = False {{(pid=104157) log_opt_values /opt/stack/data/venv/lib/python3.12/site-packages/oslo_config/cfg.py:3006}}
Apr 02 05:49:34.422151 np0000162737 neutron-periodic-workers[104157]: DEBUG cotyledon.oslo_config_glue [-] ovn_nb_global.mac_binding_removal_limit = 0 {{(pid=104157) log_opt_values /opt/stack/data/venv/lib/python3.12/site-packages/oslo_config/cfg.py:3006}}
Apr 02 05:49:34.422191 np0000162737 neutron-periodic-workers[104157]: DEBUG cotyledon.oslo_config_glue [-] ******************************************************************************** {{(pid=104157) log_opt_values /opt/stack/data/venv/lib/python3.12/site-packages/oslo_config/cfg.py:3013}}
Apr 02 05:49:34.422343 np0000162737 neutron-periodic-workers[104157]: DEBUG cotyledon._service_worker [-] Run service ServiceWrapper(0) [104157] {{(pid=104157) wait_forever /opt/stack/data/venv/lib/python3.12/site-packages/cotyledon/_service_worker.py:218}}
Apr 02 05:49:44.079585 np0000162737 neutron-periodic-workers[103368]: DEBUG dbcounter [-] [103368] Writing DB stats neutron:SELECT=4 {{(pid=103368) stat_writer /opt/stack/data/venv/lib/python3.12/site-packages/dbcounter.py:115}}
Apr 02 05:50:16.404996 np0000162737 neutron-periodic-workers[104124]: DEBUG oslo_db.sqlalchemy.engines [None req-b7796c8b-8031-441e-9ac9-d167fd5ce282 None None] Parent process 103368 forked (104124) with an open database connection, which is being discarded and recreated. {{(pid=104124) checkout /opt/stack/data/venv/lib/python3.12/site-packages/oslo_db/sqlalchemy/engines.py:402}}
Apr 02 05:50:16.413059 np0000162737 neutron-periodic-workers[104124]: DEBUG dbcounter [-] [104124] Writer thread running {{(pid=104124) stat_writer /opt/stack/data/venv/lib/python3.12/site-packages/dbcounter.py:102}}
Apr 02 05:50:16.416413 np0000162737 neutron-periodic-workers[104124]: DEBUG neutron.db.agents_db [None req-b7796c8b-8031-441e-9ac9-d167fd5ce282 None None] Agent healthcheck: found 0 active agents {{(pid=104124) agent_health_check /opt/stack/neutron/neutron/db/agents_db.py:317}}
Apr 02 05:50:16.416413 np0000162737 neutron-periodic-workers[104124]: DEBUG oslo.service.backend._threading.loopingcall [None req-b7796c8b-8031-441e-9ac9-d167fd5ce282 None None] Fixed interval looping call 'neutron.plugins.ml2.plugin.AgentDbMixin.agent_health_check' sleeping for 36.98 seconds {{(pid=104124) _run_loop /opt/stack/data/venv/lib/python3.12/site-packages/oslo_service/backend/_threading/loopingcall.py:125}}
Apr 02 05:50:26.413460 np0000162737 neutron-periodic-workers[104124]: DEBUG dbcounter [-] [104124] Writing DB stats neutron:SELECT=1 {{(pid=104124) stat_writer /opt/stack/data/venv/lib/python3.12/site-packages/dbcounter.py:115}}
Apr 02 05:50:36.396760 np0000162737 neutron-periodic-workers[104112]: DEBUG dbcounter [-] [104112] Writer thread running {{(pid=104112) stat_writer /opt/stack/data/venv/lib/python3.12/site-packages/dbcounter.py:102}}
Apr 02 05:50:36.406296 np0000162737 neutron-periodic-workers[104112]: DEBUG oslo.service.backend._threading.loopingcall [None req-2c3a58f1-05b5-44ae-83d8-35d72f26a2a2 None None] Fixed interval looping call 'neutron.plugins.ml2.plugin.DhcpAgentSchedulerDbMixin.remove_networks_from_down_agents' sleeping for 36.97 seconds {{(pid=104112) _run_loop /opt/stack/data/venv/lib/python3.12/site-packages/oslo_service/backend/_threading/loopingcall.py:125}}
Apr 02 05:50:46.405348 np0000162737 neutron-periodic-workers[104112]: DEBUG dbcounter [-] [104112] Writing DB stats neutron:SELECT=3 {{(pid=104112) stat_writer /opt/stack/data/venv/lib/python3.12/site-packages/dbcounter.py:115}}
Apr 02 05:50:53.402978 np0000162737 neutron-periodic-workers[104124]: DEBUG neutron.db.agents_db [None req-b7796c8b-8031-441e-9ac9-d167fd5ce282 None None] Agent healthcheck: found 0 active agents {{(pid=104124) agent_health_check /opt/stack/neutron/neutron/db/agents_db.py:317}}
Apr 02 05:50:53.403744 np0000162737 neutron-periodic-workers[104124]: DEBUG oslo.service.backend._threading.loopingcall [None req-b7796c8b-8031-441e-9ac9-d167fd5ce282 None None] Fixed interval looping call 'neutron.plugins.ml2.plugin.AgentDbMixin.agent_health_check' sleeping for 36.99 seconds {{(pid=104124) _run_loop /opt/stack/data/venv/lib/python3.12/site-packages/oslo_service/backend/_threading/loopingcall.py:125}}
Apr 02 05:51:03.401201 np0000162737 neutron-periodic-workers[104124]: DEBUG dbcounter [-] [104124] Writing DB stats neutron:SELECT=1 {{(pid=104124) stat_writer /opt/stack/data/venv/lib/python3.12/site-packages/dbcounter.py:115}}
Apr 02 05:51:13.386267 np0000162737 neutron-periodic-workers[104112]: DEBUG oslo.service.backend._threading.loopingcall [None req-2c3a58f1-05b5-44ae-83d8-35d72f26a2a2 None None] Fixed interval looping call 'neutron.plugins.ml2.plugin.DhcpAgentSchedulerDbMixin.remove_networks_from_down_agents' sleeping for 36.99 seconds {{(pid=104112) _run_loop /opt/stack/data/venv/lib/python3.12/site-packages/oslo_service/backend/_threading/loopingcall.py:125}}
Apr 02 05:51:23.385361 np0000162737 neutron-periodic-workers[104112]: DEBUG dbcounter [-] [104112] Writing DB stats neutron:SELECT=3 {{(pid=104112) stat_writer /opt/stack/data/venv/lib/python3.12/site-packages/dbcounter.py:115}}
Apr 02 05:51:30.398390 np0000162737 neutron-periodic-workers[104124]: DEBUG neutron.db.agents_db [None req-b7796c8b-8031-441e-9ac9-d167fd5ce282 None None] Agent healthcheck: found 0 active agents {{(pid=104124) agent_health_check /opt/stack/neutron/neutron/db/agents_db.py:317}}
Apr 02 05:51:30.399147 np0000162737 neutron-periodic-workers[104124]: DEBUG oslo.service.backend._threading.loopingcall [None req-b7796c8b-8031-441e-9ac9-d167fd5ce282 None None] Fixed interval looping call 'neutron.plugins.ml2.plugin.AgentDbMixin.agent_health_check' sleeping for 36.99 seconds {{(pid=104124) _run_loop /opt/stack/data/venv/lib/python3.12/site-packages/oslo_service/backend/_threading/loopingcall.py:125}}
Apr 02 05:51:34.421371 np0000162737 neutron-periodic-workers[104137]: DEBUG dbcounter [-] [104137] Writer thread running {{(pid=104137) stat_writer /opt/stack/data/venv/lib/python3.12/site-packages/dbcounter.py:102}}
Apr 02 05:51:34.423196 np0000162737 neutron-periodic-workers[104137]: DEBUG oslo.service.backend._threading.loopingcall [None req-3d391799-1646-4f65-b727-a561026ff3d3 None None] Fixed interval looping call 'neutron.db.quota.driver_nolock.DbQuotaNoLockDriver._remove_expired_reservations' sleeping for 119.98 seconds {{(pid=104137) _run_loop /opt/stack/data/venv/lib/python3.12/site-packages/oslo_service/backend/_threading/loopingcall.py:125}}
Apr 02 05:51:40.397120 np0000162737 neutron-periodic-workers[104124]: DEBUG dbcounter [-] [104124] Writing DB stats neutron:SELECT=1 {{(pid=104124) stat_writer /opt/stack/data/venv/lib/python3.12/site-packages/dbcounter.py:115}}
Apr 02 05:51:50.383654 np0000162737 neutron-periodic-workers[104112]: DEBUG oslo.service.backend._threading.loopingcall [None req-2c3a58f1-05b5-44ae-83d8-35d72f26a2a2 None None] Fixed interval looping call 'neutron.plugins.ml2.plugin.DhcpAgentSchedulerDbMixin.remove_networks_from_down_agents' sleeping for 36.99 seconds {{(pid=104112) _run_loop /opt/stack/data/venv/lib/python3.12/site-packages/oslo_service/backend/_threading/loopingcall.py:125}}
Apr 02 05:51:54.422118 np0000162737 neutron-periodic-workers[104137]: DEBUG dbcounter [-] [104137] Writing DB stats neutron:DELETE=1 {{(pid=104137) stat_writer /opt/stack/data/venv/lib/python3.12/site-packages/dbcounter.py:115}}
Apr 02 05:52:00.382682 np0000162737 neutron-periodic-workers[104112]: DEBUG dbcounter [-] [104112] Writing DB stats neutron:SELECT=3 {{(pid=104112) stat_writer /opt/stack/data/venv/lib/python3.12/site-packages/dbcounter.py:115}}
Apr 02 05:52:07.394243 np0000162737 neutron-periodic-workers[104124]: DEBUG neutron.db.agents_db [None req-b7796c8b-8031-441e-9ac9-d167fd5ce282 None None] Agent healthcheck: found 0 active agents {{(pid=104124) agent_health_check /opt/stack/neutron/neutron/db/agents_db.py:317}}
Apr 02 05:52:07.395087 np0000162737 neutron-periodic-workers[104124]: DEBUG oslo.service.backend._threading.loopingcall [None req-b7796c8b-8031-441e-9ac9-d167fd5ce282 None None] Fixed interval looping call 'neutron.plugins.ml2.plugin.AgentDbMixin.agent_health_check' sleeping for 36.99 seconds {{(pid=104124) _run_loop /opt/stack/data/venv/lib/python3.12/site-packages/oslo_service/backend/_threading/loopingcall.py:125}}
Apr 02 05:52:12.453504 np0000162737 neutron-periodic-workers[104157]: DEBUG dbcounter [-] [104157] Writer thread running {{(pid=104157) stat_writer /opt/stack/data/venv/lib/python3.12/site-packages/dbcounter.py:102}}
Apr 02 05:52:12.464622 np0000162737 neutron-periodic-workers[104157]: DEBUG oslo.service.backend._threading.loopingcall [None req-cb566703-e4fb-4241-9ce1-9e2b84c3592d None None] Fixed interval looping call 'neutron.services.ovn_l3.plugin.L3_NAT_dbonly_mixin._clean_garbage' sleeping for 299.96 seconds {{(pid=104157) _run_loop /opt/stack/data/venv/lib/python3.12/site-packages/oslo_service/backend/_threading/loopingcall.py:125}}
Apr 02 05:52:17.392130 np0000162737 neutron-periodic-workers[104124]: DEBUG dbcounter [-] [104124] Writing DB stats neutron:SELECT=1 {{(pid=104124) stat_writer /opt/stack/data/venv/lib/python3.12/site-packages/dbcounter.py:115}}
Apr 02 05:52:22.454129 np0000162737 neutron-periodic-workers[104157]: DEBUG dbcounter [-] [104157] Writing DB stats neutron:SELECT=1 {{(pid=104157) stat_writer /opt/stack/data/venv/lib/python3.12/site-packages/dbcounter.py:115}}
Apr 02 05:52:27.381555 np0000162737 neutron-periodic-workers[104112]: DEBUG oslo.service.backend._threading.loopingcall [None req-2c3a58f1-05b5-44ae-83d8-35d72f26a2a2 None None] Fixed interval looping call 'neutron.plugins.ml2.plugin.DhcpAgentSchedulerDbMixin.remove_networks_from_down_agents' sleeping for 36.99 seconds {{(pid=104112) _run_loop /opt/stack/data/venv/lib/python3.12/site-packages/oslo_service/backend/_threading/loopingcall.py:125}}
Apr 02 05:52:37.380827 np0000162737 neutron-periodic-workers[104112]: DEBUG dbcounter [-] [104112] Writing DB stats neutron:SELECT=3 {{(pid=104112) stat_writer /opt/stack/data/venv/lib/python3.12/site-packages/dbcounter.py:115}}
Apr 02 05:52:44.390274 np0000162737 neutron-periodic-workers[104124]: DEBUG neutron.db.agents_db [None req-b7796c8b-8031-441e-9ac9-d167fd5ce282 None None] Agent healthcheck: found 0 active agents {{(pid=104124) agent_health_check /opt/stack/neutron/neutron/db/agents_db.py:317}}
Apr 02 05:52:44.390937 np0000162737 neutron-periodic-workers[104124]: DEBUG oslo.service.backend._threading.loopingcall [None req-b7796c8b-8031-441e-9ac9-d167fd5ce282 None None] Fixed interval looping call 'neutron.plugins.ml2.plugin.AgentDbMixin.agent_health_check' sleeping for 36.99 seconds {{(pid=104124) _run_loop /opt/stack/data/venv/lib/python3.12/site-packages/oslo_service/backend/_threading/loopingcall.py:125}}
Apr 02 05:52:54.388014 np0000162737 neutron-periodic-workers[104124]: DEBUG dbcounter [-] [104124] Writing DB stats neutron:SELECT=1 {{(pid=104124) stat_writer /opt/stack/data/venv/lib/python3.12/site-packages/dbcounter.py:115}}
Apr 02 05:53:04.380363 np0000162737 neutron-periodic-workers[104112]: DEBUG oslo.service.backend._threading.loopingcall [None req-2c3a58f1-05b5-44ae-83d8-35d72f26a2a2 None None] Fixed interval looping call 'neutron.plugins.ml2.plugin.DhcpAgentSchedulerDbMixin.remove_networks_from_down_agents' sleeping for 36.99 seconds {{(pid=104112) _run_loop /opt/stack/data/venv/lib/python3.12/site-packages/oslo_service/backend/_threading/loopingcall.py:125}}
Apr 02 05:53:14.378779 np0000162737 neutron-periodic-workers[104112]: DEBUG dbcounter [-] [104112] Writing DB stats neutron:SELECT=3 {{(pid=104112) stat_writer /opt/stack/data/venv/lib/python3.12/site-packages/dbcounter.py:115}}
Apr 02 05:53:21.385876 np0000162737 neutron-periodic-workers[104124]: DEBUG neutron.db.agents_db [None req-b7796c8b-8031-441e-9ac9-d167fd5ce282 None None] Agent healthcheck: found 0 active agents {{(pid=104124) agent_health_check /opt/stack/neutron/neutron/db/agents_db.py:317}}
Apr 02 05:53:21.386499 np0000162737 neutron-periodic-workers[104124]: DEBUG oslo.service.backend._threading.loopingcall [None req-b7796c8b-8031-441e-9ac9-d167fd5ce282 None None] Fixed interval looping call 'neutron.plugins.ml2.plugin.AgentDbMixin.agent_health_check' sleeping for 36.99 seconds {{(pid=104124) _run_loop /opt/stack/data/venv/lib/python3.12/site-packages/oslo_service/backend/_threading/loopingcall.py:125}}
Apr 02 05:53:31.384009 np0000162737 neutron-periodic-workers[104124]: DEBUG dbcounter [-] [104124] Writing DB stats neutron:SELECT=1 {{(pid=104124) stat_writer /opt/stack/data/venv/lib/python3.12/site-packages/dbcounter.py:115}}
Apr 02 05:53:34.409256 np0000162737 neutron-periodic-workers[104137]: DEBUG oslo.service.backend._threading.loopingcall [None req-3d391799-1646-4f65-b727-a561026ff3d3 None None] Fixed interval looping call 'neutron.db.quota.driver_nolock.DbQuotaNoLockDriver._remove_expired_reservations' sleeping for 119.99 seconds {{(pid=104137) _run_loop /opt/stack/data/venv/lib/python3.12/site-packages/oslo_service/backend/_threading/loopingcall.py:125}}
Apr 02 05:53:41.379957 np0000162737 neutron-periodic-workers[104112]: DEBUG oslo.service.backend._threading.loopingcall [None req-2c3a58f1-05b5-44ae-83d8-35d72f26a2a2 None None] Fixed interval looping call 'neutron.plugins.ml2.plugin.DhcpAgentSchedulerDbMixin.remove_networks_from_down_agents' sleeping for 36.99 seconds {{(pid=104112) _run_loop /opt/stack/data/venv/lib/python3.12/site-packages/oslo_service/backend/_threading/loopingcall.py:125}}
Apr 02 05:53:44.408559 np0000162737 neutron-periodic-workers[104137]: DEBUG dbcounter [-] [104137] Writing DB stats neutron:DELETE=1 {{(pid=104137) stat_writer /opt/stack/data/venv/lib/python3.12/site-packages/dbcounter.py:115}}
Apr 02 05:53:51.378590 np0000162737 neutron-periodic-workers[104112]: DEBUG dbcounter [-] [104112] Writing DB stats neutron:SELECT=3 {{(pid=104112) stat_writer /opt/stack/data/venv/lib/python3.12/site-packages/dbcounter.py:115}}
Apr 02 05:53:58.381265 np0000162737 neutron-periodic-workers[104124]: DEBUG neutron.db.agents_db [None req-b7796c8b-8031-441e-9ac9-d167fd5ce282 None None] Agent healthcheck: found 0 active agents {{(pid=104124) agent_health_check /opt/stack/neutron/neutron/db/agents_db.py:317}}
Apr 02 05:53:58.381791 np0000162737 neutron-periodic-workers[104124]: DEBUG oslo.service.backend._threading.loopingcall [None req-b7796c8b-8031-441e-9ac9-d167fd5ce282 None None] Fixed interval looping call 'neutron.plugins.ml2.plugin.AgentDbMixin.agent_health_check' sleeping for 37.00 seconds {{(pid=104124) _run_loop /opt/stack/data/venv/lib/python3.12/site-packages/oslo_service/backend/_threading/loopingcall.py:125}}
Apr 02 05:54:08.380250 np0000162737 neutron-periodic-workers[104124]: DEBUG dbcounter [-] [104124] Writing DB stats neutron:SELECT=1 {{(pid=104124) stat_writer /opt/stack/data/venv/lib/python3.12/site-packages/dbcounter.py:115}}
Apr 02 05:54:18.376395 np0000162737 neutron-periodic-workers[104112]: DEBUG oslo.service.backend._threading.loopingcall [None req-2c3a58f1-05b5-44ae-83d8-35d72f26a2a2 None None] Fixed interval looping call 'neutron.plugins.ml2.plugin.DhcpAgentSchedulerDbMixin.remove_networks_from_down_agents' sleeping for 36.99 seconds {{(pid=104112) _run_loop /opt/stack/data/venv/lib/python3.12/site-packages/oslo_service/backend/_threading/loopingcall.py:125}}
Apr 02 05:54:28.375680 np0000162737 neutron-periodic-workers[104112]: DEBUG dbcounter [-] [104112] Writing DB stats neutron:SELECT=3 {{(pid=104112) stat_writer /opt/stack/data/venv/lib/python3.12/site-packages/dbcounter.py:115}}
Apr 02 05:54:35.387182 np0000162737 neutron-periodic-workers[104124]: DEBUG neutron.db.agents_db [None req-b7796c8b-8031-441e-9ac9-d167fd5ce282 None None] Agent healthcheck: found 0 active agents {{(pid=104124) agent_health_check /opt/stack/neutron/neutron/db/agents_db.py:317}}
Apr 02 05:54:35.387182 np0000162737 neutron-periodic-workers[104124]: DEBUG oslo.service.backend._threading.loopingcall [None req-b7796c8b-8031-441e-9ac9-d167fd5ce282 None None] Fixed interval looping call 'neutron.plugins.ml2.plugin.AgentDbMixin.agent_health_check' sleeping for 36.99 seconds {{(pid=104124) _run_loop /opt/stack/data/venv/lib/python3.12/site-packages/oslo_service/backend/_threading/loopingcall.py:125}}
Apr 02 05:54:45.385246 np0000162737 neutron-periodic-workers[104124]: DEBUG dbcounter [-] [104124] Writing DB stats neutron:SELECT=1 {{(pid=104124) stat_writer /opt/stack/data/venv/lib/python3.12/site-packages/dbcounter.py:115}}
Apr 02 05:54:55.376226 np0000162737 neutron-periodic-workers[104112]: DEBUG oslo.service.backend._threading.loopingcall [None req-2c3a58f1-05b5-44ae-83d8-35d72f26a2a2 None None] Fixed interval looping call 'neutron.plugins.ml2.plugin.DhcpAgentSchedulerDbMixin.remove_networks_from_down_agents' sleeping for 36.99 seconds {{(pid=104112) _run_loop /opt/stack/data/venv/lib/python3.12/site-packages/oslo_service/backend/_threading/loopingcall.py:125}}
Apr 02 05:55:05.375265 np0000162737 neutron-periodic-workers[104112]: DEBUG dbcounter [-] [104112] Writing DB stats neutron:SELECT=3 {{(pid=104112) stat_writer /opt/stack/data/venv/lib/python3.12/site-packages/dbcounter.py:115}}
Apr 02 05:55:12.380746 np0000162737 neutron-periodic-workers[104124]: DEBUG neutron.db.agents_db [None req-b7796c8b-8031-441e-9ac9-d167fd5ce282 None None] Agent healthcheck: found 0 active agents {{(pid=104124) agent_health_check /opt/stack/neutron/neutron/db/agents_db.py:317}}
Apr 02 05:55:12.381288 np0000162737 neutron-periodic-workers[104124]: DEBUG oslo.service.backend._threading.loopingcall [None req-b7796c8b-8031-441e-9ac9-d167fd5ce282 None None] Fixed interval looping call 'neutron.plugins.ml2.plugin.AgentDbMixin.agent_health_check' sleeping for 37.00 seconds {{(pid=104124) _run_loop /opt/stack/data/venv/lib/python3.12/site-packages/oslo_service/backend/_threading/loopingcall.py:125}}
Apr 02 05:55:22.379950 np0000162737 neutron-periodic-workers[104124]: DEBUG dbcounter [-] [104124] Writing DB stats neutron:SELECT=1 {{(pid=104124) stat_writer /opt/stack/data/venv/lib/python3.12/site-packages/dbcounter.py:115}}
Apr 02 05:55:32.374016 np0000162737 neutron-periodic-workers[104112]: DEBUG oslo.service.backend._threading.loopingcall [None req-2c3a58f1-05b5-44ae-83d8-35d72f26a2a2 None None] Fixed interval looping call 'neutron.plugins.ml2.plugin.DhcpAgentSchedulerDbMixin.remove_networks_from_down_agents' sleeping for 36.99 seconds {{(pid=104112) _run_loop /opt/stack/data/venv/lib/python3.12/site-packages/oslo_service/backend/_threading/loopingcall.py:125}}
Apr 02 05:55:34.404695 np0000162737 neutron-periodic-workers[104137]: DEBUG oslo.service.backend._threading.loopingcall [None req-3d391799-1646-4f65-b727-a561026ff3d3 None None] Fixed interval looping call 'neutron.db.quota.driver_nolock.DbQuotaNoLockDriver._remove_expired_reservations' sleeping for 120.00 seconds {{(pid=104137) _run_loop /opt/stack/data/venv/lib/python3.12/site-packages/oslo_service/backend/_threading/loopingcall.py:125}}
Apr 02 05:55:42.372924 np0000162737 neutron-periodic-workers[104112]: DEBUG dbcounter [-] [104112] Writing DB stats neutron:SELECT=3 {{(pid=104112) stat_writer /opt/stack/data/venv/lib/python3.12/site-packages/dbcounter.py:115}}
Apr 02 05:55:44.403221 np0000162737 neutron-periodic-workers[104137]: DEBUG dbcounter [-] [104137] Writing DB stats neutron:DELETE=1 {{(pid=104137) stat_writer /opt/stack/data/venv/lib/python3.12/site-packages/dbcounter.py:115}}
Apr 02 05:55:49.386474 np0000162737 neutron-periodic-workers[104124]: DEBUG neutron.db.agents_db [None req-b7796c8b-8031-441e-9ac9-d167fd5ce282 None None] Agent healthcheck: found 0 active agents {{(pid=104124) agent_health_check /opt/stack/neutron/neutron/db/agents_db.py:317}}
Apr 02 05:55:49.387158 np0000162737 neutron-periodic-workers[104124]: DEBUG oslo.service.backend._threading.loopingcall [None req-b7796c8b-8031-441e-9ac9-d167fd5ce282 None None] Fixed interval looping call 'neutron.plugins.ml2.plugin.AgentDbMixin.agent_health_check' sleeping for 36.99 seconds {{(pid=104124) _run_loop /opt/stack/data/venv/lib/python3.12/site-packages/oslo_service/backend/_threading/loopingcall.py:125}}
Apr 02 05:55:59.384684 np0000162737 neutron-periodic-workers[104124]: DEBUG dbcounter [-] [104124] Writing DB stats neutron:SELECT=1 {{(pid=104124) stat_writer /opt/stack/data/venv/lib/python3.12/site-packages/dbcounter.py:115}}
Apr 02 05:56:09.372592 np0000162737 neutron-periodic-workers[104112]: DEBUG oslo.service.backend._threading.loopingcall [None req-2c3a58f1-05b5-44ae-83d8-35d72f26a2a2 None None] Fixed interval looping call 'neutron.plugins.ml2.plugin.DhcpAgentSchedulerDbMixin.remove_networks_from_down_agents' sleeping for 36.99 seconds {{(pid=104112) _run_loop /opt/stack/data/venv/lib/python3.12/site-packages/oslo_service/backend/_threading/loopingcall.py:125}}
Apr 02 05:56:19.371552 np0000162737 neutron-periodic-workers[104112]: DEBUG dbcounter [-] [104112] Writing DB stats neutron:SELECT=3 {{(pid=104112) stat_writer /opt/stack/data/venv/lib/python3.12/site-packages/dbcounter.py:115}}
Apr 02 05:56:26.382073 np0000162737 neutron-periodic-workers[104124]: DEBUG neutron.db.agents_db [None req-b7796c8b-8031-441e-9ac9-d167fd5ce282 None None] Agent healthcheck: found 0 active agents {{(pid=104124) agent_health_check /opt/stack/neutron/neutron/db/agents_db.py:317}}
Apr 02 05:56:26.382073 np0000162737 neutron-periodic-workers[104124]: DEBUG oslo.service.backend._threading.loopingcall [None req-b7796c8b-8031-441e-9ac9-d167fd5ce282 None None] Fixed interval looping call 'neutron.plugins.ml2.plugin.AgentDbMixin.agent_health_check' sleeping for 36.99 seconds {{(pid=104124) _run_loop /opt/stack/data/venv/lib/python3.12/site-packages/oslo_service/backend/_threading/loopingcall.py:125}}
Apr 02 05:56:36.380602 np0000162737 neutron-periodic-workers[104124]: DEBUG dbcounter [-] [104124] Writing DB stats neutron:SELECT=1 {{(pid=104124) stat_writer /opt/stack/data/venv/lib/python3.12/site-packages/dbcounter.py:115}}
Apr 02 05:56:46.372920 np0000162737 neutron-periodic-workers[104112]: DEBUG oslo.service.backend._threading.loopingcall [None req-2c3a58f1-05b5-44ae-83d8-35d72f26a2a2 None None] Fixed interval looping call 'neutron.plugins.ml2.plugin.DhcpAgentSchedulerDbMixin.remove_networks_from_down_agents' sleeping for 36.99 seconds {{(pid=104112) _run_loop /opt/stack/data/venv/lib/python3.12/site-packages/oslo_service/backend/_threading/loopingcall.py:125}}
Apr 02 05:56:56.371591 np0000162737 neutron-periodic-workers[104112]: DEBUG dbcounter [-] [104112] Writing DB stats neutron:SELECT=3 {{(pid=104112) stat_writer /opt/stack/data/venv/lib/python3.12/site-packages/dbcounter.py:115}}
Apr 02 05:57:03.377582 np0000162737 neutron-periodic-workers[104124]: DEBUG neutron.db.agents_db [None req-b7796c8b-8031-441e-9ac9-d167fd5ce282 None None] Agent healthcheck: found 0 active agents {{(pid=104124) agent_health_check /opt/stack/neutron/neutron/db/agents_db.py:317}}
Apr 02 05:57:03.378569 np0000162737 neutron-periodic-workers[104124]: DEBUG oslo.service.backend._threading.loopingcall [None req-b7796c8b-8031-441e-9ac9-d167fd5ce282 None None] Fixed interval looping call 'neutron.plugins.ml2.plugin.AgentDbMixin.agent_health_check' sleeping for 37.00 seconds {{(pid=104124) _run_loop /opt/stack/data/venv/lib/python3.12/site-packages/oslo_service/backend/_threading/loopingcall.py:125}}
Apr 02 05:57:12.437240 np0000162737 neutron-periodic-workers[104157]: DEBUG oslo.service.backend._threading.loopingcall [None req-cb566703-e4fb-4241-9ce1-9e2b84c3592d None None] Fixed interval looping call 'neutron.services.ovn_l3.plugin.L3_NAT_dbonly_mixin._clean_garbage' sleeping for 299.99 seconds {{(pid=104157) _run_loop /opt/stack/data/venv/lib/python3.12/site-packages/oslo_service/backend/_threading/loopingcall.py:125}}
Apr 02 05:57:13.375434 np0000162737 neutron-periodic-workers[104124]: DEBUG dbcounter [-] [104124] Writing DB stats neutron:SELECT=1 {{(pid=104124) stat_writer /opt/stack/data/venv/lib/python3.12/site-packages/dbcounter.py:115}}
Apr 02 05:57:22.429359 np0000162737 neutron-periodic-workers[104157]: DEBUG dbcounter [-] [104157] Writing DB stats neutron:SELECT=1 {{(pid=104157) stat_writer /opt/stack/data/venv/lib/python3.12/site-packages/dbcounter.py:115}}
Apr 02 05:57:23.372252 np0000162737 neutron-periodic-workers[104112]: DEBUG oslo.service.backend._threading.loopingcall [None req-2c3a58f1-05b5-44ae-83d8-35d72f26a2a2 None None] Fixed interval looping call 'neutron.plugins.ml2.plugin.DhcpAgentSchedulerDbMixin.remove_networks_from_down_agents' sleeping for 36.99 seconds {{(pid=104112) _run_loop /opt/stack/data/venv/lib/python3.12/site-packages/oslo_service/backend/_threading/loopingcall.py:125}}
Apr 02 05:57:33.370611 np0000162737 neutron-periodic-workers[104112]: DEBUG dbcounter [-] [104112] Writing DB stats neutron:SELECT=3 {{(pid=104112) stat_writer /opt/stack/data/venv/lib/python3.12/site-packages/dbcounter.py:115}}
Apr 02 05:57:34.411159 np0000162737 neutron-periodic-workers[104137]: DEBUG oslo.service.backend._threading.loopingcall [None req-3d391799-1646-4f65-b727-a561026ff3d3 None None] Fixed interval looping call 'neutron.db.quota.driver_nolock.DbQuotaNoLockDriver._remove_expired_reservations' sleeping for 119.99 seconds {{(pid=104137) _run_loop /opt/stack/data/venv/lib/python3.12/site-packages/oslo_service/backend/_threading/loopingcall.py:125}}
Apr 02 05:57:40.381815 np0000162737 neutron-periodic-workers[104124]: DEBUG neutron.db.agents_db [None req-b7796c8b-8031-441e-9ac9-d167fd5ce282 None None] Agent healthcheck: found 0 active agents {{(pid=104124) agent_health_check /opt/stack/neutron/neutron/db/agents_db.py:317}}
Apr 02 05:57:40.382287 np0000162737 neutron-periodic-workers[104124]: DEBUG oslo.service.backend._threading.loopingcall [None req-b7796c8b-8031-441e-9ac9-d167fd5ce282 None None] Fixed interval looping call 'neutron.plugins.ml2.plugin.AgentDbMixin.agent_health_check' sleeping for 37.00 seconds {{(pid=104124) _run_loop /opt/stack/data/venv/lib/python3.12/site-packages/oslo_service/backend/_threading/loopingcall.py:125}}
Apr 02 05:57:44.408997 np0000162737 neutron-periodic-workers[104137]: DEBUG dbcounter [-] [104137] Writing DB stats neutron:DELETE=1 {{(pid=104137) stat_writer /opt/stack/data/venv/lib/python3.12/site-packages/dbcounter.py:115}}
Apr 02 05:57:50.380572 np0000162737 neutron-periodic-workers[104124]: DEBUG dbcounter [-] [104124] Writing DB stats neutron:SELECT=1 {{(pid=104124) stat_writer /opt/stack/data/venv/lib/python3.12/site-packages/dbcounter.py:115}}
Apr 02 05:58:00.371712 np0000162737 neutron-periodic-workers[104112]: DEBUG oslo.service.backend._threading.loopingcall [None req-2c3a58f1-05b5-44ae-83d8-35d72f26a2a2 None None] Fixed interval looping call 'neutron.plugins.ml2.plugin.DhcpAgentSchedulerDbMixin.remove_networks_from_down_agents' sleeping for 36.99 seconds {{(pid=104112) _run_loop /opt/stack/data/venv/lib/python3.12/site-packages/oslo_service/backend/_threading/loopingcall.py:125}}
Apr 02 05:58:10.371156 np0000162737 neutron-periodic-workers[104112]: DEBUG dbcounter [-] [104112] Writing DB stats neutron:SELECT=3 {{(pid=104112) stat_writer /opt/stack/data/venv/lib/python3.12/site-packages/dbcounter.py:115}}
Apr 02 05:58:17.387665 np0000162737 neutron-periodic-workers[104124]: DEBUG neutron.db.agents_db [None req-b7796c8b-8031-441e-9ac9-d167fd5ce282 None None] Agent healthcheck: found 0 active agents {{(pid=104124) agent_health_check /opt/stack/neutron/neutron/db/agents_db.py:317}}
Apr 02 05:58:17.388391 np0000162737 neutron-periodic-workers[104124]: DEBUG oslo.service.backend._threading.loopingcall [None req-b7796c8b-8031-441e-9ac9-d167fd5ce282 None None] Fixed interval looping call 'neutron.plugins.ml2.plugin.AgentDbMixin.agent_health_check' sleeping for 36.99 seconds {{(pid=104124) _run_loop /opt/stack/data/venv/lib/python3.12/site-packages/oslo_service/backend/_threading/loopingcall.py:125}}
Apr 02 05:58:27.385389 np0000162737 neutron-periodic-workers[104124]: DEBUG dbcounter [-] [104124] Writing DB stats neutron:SELECT=1 {{(pid=104124) stat_writer /opt/stack/data/venv/lib/python3.12/site-packages/dbcounter.py:115}}
Apr 02 05:58:37.386478 np0000162737 neutron-periodic-workers[104112]: DEBUG oslo.service.backend._threading.loopingcall [None req-2c3a58f1-05b5-44ae-83d8-35d72f26a2a2 None None] Fixed interval looping call 'neutron.plugins.ml2.plugin.DhcpAgentSchedulerDbMixin.remove_networks_from_down_agents' sleeping for 36.98 seconds {{(pid=104112) _run_loop /opt/stack/data/venv/lib/python3.12/site-packages/oslo_service/backend/_threading/loopingcall.py:125}}
Apr 02 05:58:47.384290 np0000162737 neutron-periodic-workers[104112]: DEBUG dbcounter [-] [104112] Writing DB stats neutron:SELECT=3 {{(pid=104112) stat_writer /opt/stack/data/venv/lib/python3.12/site-packages/dbcounter.py:115}}
Apr 02 05:58:54.383446 np0000162737 neutron-periodic-workers[104124]: DEBUG neutron.db.agents_db [None req-b7796c8b-8031-441e-9ac9-d167fd5ce282 None None] Agent healthcheck: found 0 active agents {{(pid=104124) agent_health_check /opt/stack/neutron/neutron/db/agents_db.py:317}}
Apr 02 05:58:54.383446 np0000162737 neutron-periodic-workers[104124]: DEBUG oslo.service.backend._threading.loopingcall [None req-b7796c8b-8031-441e-9ac9-d167fd5ce282 None None] Fixed interval looping call 'neutron.plugins.ml2.plugin.AgentDbMixin.agent_health_check' sleeping for 36.99 seconds {{(pid=104124) _run_loop /opt/stack/data/venv/lib/python3.12/site-packages/oslo_service/backend/_threading/loopingcall.py:125}}
Apr 02 05:59:04.381406 np0000162737 neutron-periodic-workers[104124]: DEBUG dbcounter [-] [104124] Writing DB stats neutron:SELECT=1 {{(pid=104124) stat_writer /opt/stack/data/venv/lib/python3.12/site-packages/dbcounter.py:115}}
Apr 02 05:59:14.375503 np0000162737 neutron-periodic-workers[104112]: DEBUG oslo.service.backend._threading.loopingcall [None req-2c3a58f1-05b5-44ae-83d8-35d72f26a2a2 None None] Fixed interval looping call 'neutron.plugins.ml2.plugin.DhcpAgentSchedulerDbMixin.remove_networks_from_down_agents' sleeping for 36.99 seconds {{(pid=104112) _run_loop /opt/stack/data/venv/lib/python3.12/site-packages/oslo_service/backend/_threading/loopingcall.py:125}}
Apr 02 05:59:24.374419 np0000162737 neutron-periodic-workers[104112]: DEBUG dbcounter [-] [104112] Writing DB stats neutron:SELECT=3 {{(pid=104112) stat_writer /opt/stack/data/venv/lib/python3.12/site-packages/dbcounter.py:115}}
Apr 02 05:59:31.380031 np0000162737 neutron-periodic-workers[104124]: DEBUG neutron.db.agents_db [None req-b7796c8b-8031-441e-9ac9-d167fd5ce282 None None] Agent healthcheck: found 0 active agents {{(pid=104124) agent_health_check /opt/stack/neutron/neutron/db/agents_db.py:317}}
Apr 02 05:59:31.380583 np0000162737 neutron-periodic-workers[104124]: DEBUG oslo.service.backend._threading.loopingcall [None req-b7796c8b-8031-441e-9ac9-d167fd5ce282 None None] Fixed interval looping call 'neutron.plugins.ml2.plugin.AgentDbMixin.agent_health_check' sleeping for 36.99 seconds {{(pid=104124) _run_loop /opt/stack/data/venv/lib/python3.12/site-packages/oslo_service/backend/_threading/loopingcall.py:125}}
