Apr 02 05:50:03.821180 np0000162737 systemd[1]: Starting devstack@n-api-meta.service - Devstack devstack@n-api-meta.service...
Apr 02 05:50:03.831976 np0000162737 devstack@n-api-meta.service[107503]: [uWSGI] getting INI configuration from /etc/nova/nova-metadata-uwsgi.ini
Apr 02 05:50:03.832541 np0000162737 devstack@n-api-meta.service[107503]: open("./http_plugin.so"): No such file or directory [core/utils.c line 3709]
Apr 02 05:50:03.832541 np0000162737 devstack@n-api-meta.service[107503]: !!! UNABLE to load uWSGI plugin: ./http_plugin.so: cannot open shared object file: No such file or directory !!!
Apr 02 05:50:03.832541 np0000162737 devstack@n-api-meta.service[107503]: open("./python3_plugin.so"): No such file or directory [core/utils.c line 3709]
Apr 02 05:50:03.832541 np0000162737 devstack@n-api-meta.service[107503]: !!! UNABLE to load uWSGI plugin: ./python3_plugin.so: cannot open shared object file: No such file or directory !!!
Apr 02 05:50:03.832541 np0000162737 devstack@n-api-meta.service[107503]: *** Starting uWSGI 2.0.31 (64bit) on [Thu Apr 2 05:50:03 2026] ***
Apr 02 05:50:03.832541 np0000162737 devstack@n-api-meta.service[107503]: compiled with version: 13.3.0 on 02 April 2026 05:38:29
Apr 02 05:50:03.832541 np0000162737 devstack@n-api-meta.service[107503]: os: Linux-6.8.0-107-generic #107-Ubuntu SMP PREEMPT_DYNAMIC Fri Mar 13 19:51:50 UTC 2026
Apr 02 05:50:03.832541 np0000162737 devstack@n-api-meta.service[107503]: nodename: np0000162737
Apr 02 05:50:03.832541 np0000162737 devstack@n-api-meta.service[107503]: machine: x86_64
Apr 02 05:50:03.832541 np0000162737 devstack@n-api-meta.service[107503]: clock source: unix
Apr 02 05:50:03.832541 np0000162737 devstack@n-api-meta.service[107503]: pcre jit disabled
Apr 02 05:50:03.832541 np0000162737 devstack@n-api-meta.service[107503]: detected number of CPU cores: 16
Apr 02 05:50:03.832541 np0000162737 devstack@n-api-meta.service[107503]: current working directory: /
Apr 02 05:50:03.832541 np0000162737 devstack@n-api-meta.service[107503]: detected binary path: /opt/stack/data/venv/bin/uwsgi
Apr 02 05:50:03.832541 np0000162737 devstack@n-api-meta.service[107503]: your processes number limit is 256917
Apr 02 05:50:03.832541 np0000162737 devstack@n-api-meta.service[107503]: your memory page size is 4096 bytes
Apr 02 05:50:03.832541 np0000162737 devstack@n-api-meta.service[107503]: detected max file descriptor number: 2048
Apr 02 05:50:03.832541 np0000162737 devstack@n-api-meta.service[107503]: lock engine: pthread robust mutexes
Apr 02 05:50:03.832541 np0000162737 devstack@n-api-meta.service[107503]: thunder lock: enabled
Apr 02 05:50:03.833465 np0000162737 devstack@n-api-meta.service[107503]: uWSGI http bound on 0.0.0.0:8775 fd 5
Apr 02 05:50:03.833465 np0000162737 devstack@n-api-meta.service[107503]: uwsgi socket 0 bound to TCP address 127.0.0.1:40197 (port auto-assigned) fd 4
Apr 02 05:50:03.833465 np0000162737 devstack@n-api-meta.service[107503]: Python version: 3.12.3 (main, Mar 3 2026, 12:15:18) [GCC 13.3.0]
Apr 02 05:50:03.833465 np0000162737 devstack@n-api-meta.service[107503]: PEP 405 virtualenv detected: /opt/stack/data/venv
Apr 02 05:50:03.833465 np0000162737 devstack@n-api-meta.service[107503]: Set PythonHome to /opt/stack/data/venv
Apr 02 05:50:03.867371 np0000162737 devstack@n-api-meta.service[107503]: Python main interpreter initialized at 0x725c8faa3668
Apr 02 05:50:03.867371 np0000162737 devstack@n-api-meta.service[107503]: python threads support enabled
Apr 02 05:50:03.867371 np0000162737 devstack@n-api-meta.service[107503]: your server socket listen backlog is limited to 100 connections
Apr 02 05:50:03.867371 np0000162737 devstack@n-api-meta.service[107503]: your mercy for graceful operations on workers is 80 seconds
Apr 02 05:50:03.867941 np0000162737 devstack@n-api-meta.service[107503]: mapped 671795 bytes (656 KB) for 4 cores
Apr 02 05:50:03.868074 np0000162737 devstack@n-api-meta.service[107503]: *** Operational MODE: preforking ***
Apr 02 05:50:03.868312 np0000162737 devstack@n-api-meta.service[107503]: *** uWSGI is running in multiple interpreter mode ***
Apr 02 05:50:03.868312 np0000162737 devstack@n-api-meta.service[107503]: spawned uWSGI master process (pid: 107503)
Apr 02 05:50:03.868458 np0000162737 systemd[1]: Started devstack@n-api-meta.service - Devstack devstack@n-api-meta.service.
Apr 02 05:50:03.868986 np0000162737 devstack@n-api-meta.service[107503]: spawned uWSGI worker 1 (pid: 107504, cores: 1)
Apr 02 05:50:03.869417 np0000162737 devstack@n-api-meta.service[107503]: spawned uWSGI worker 2 (pid: 107505, cores: 1)
Apr 02 05:50:03.869925 np0000162737 devstack@n-api-meta.service[107503]: spawned uWSGI worker 3 (pid: 107506, cores: 1)
Apr 02 05:50:03.870408 np0000162737 devstack@n-api-meta.service[107503]: spawned uWSGI worker 4 (pid: 107507, cores: 1)
Apr 02 05:50:03.871045 np0000162737 devstack@n-api-meta.service[107503]: spawned uWSGI http 1 (pid: 107508)
Apr 02 05:50:03.871045 np0000162737 devstack@n-api-meta.service[107503]: running "unix_signal:15 gracefully_kill_them_all" (master-start)...
Apr 02 05:50:04.201041 np0000162737 devstack@n-api-meta.service[107507]: Service is starting with native threading. This is currently experimental. Do not use it in production without first testing it in pre-production.
Apr 02 05:50:04.221506 np0000162737 devstack@n-api-meta.service[107505]: Service is starting with native threading. This is currently experimental. Do not use it in production without first testing it in pre-production.
Apr 02 05:50:04.223050 np0000162737 devstack@n-api-meta.service[107506]: Service is starting with native threading. This is currently experimental. Do not use it in production without first testing it in pre-production.
Apr 02 05:50:04.228419 np0000162737 devstack@n-api-meta.service[107504]: Service is starting with native threading. This is currently experimental. Do not use it in production without first testing it in pre-production.
Apr 02 05:50:05.574146 np0000162737 devstack@n-api-meta.service[107506]: INFO dbcounter [None req-f9b03a6c-5277-4517-9683-479261cc554e None None] Registered counter for database nova_api
Apr 02 05:50:05.587290 np0000162737 devstack@n-api-meta.service[107507]: INFO dbcounter [None req-5582a685-b3d0-4c44-8c7d-6b9f962de296 None None] Registered counter for database nova_api
Apr 02 05:50:05.588052 np0000162737 devstack@n-api-meta.service[107506]: DEBUG oslo_db.sqlalchemy.engines [None req-f9b03a6c-5277-4517-9683-479261cc554e None None] MySQL server mode set to STRICT_TRANS_TABLES,STRICT_ALL_TABLES,NO_ZERO_IN_DATE,NO_ZERO_DATE,ERROR_FOR_DIVISION_BY_ZERO,TRADITIONAL,NO_ENGINE_SUBSTITUTION {{(pid=107506) _check_effective_sql_mode /opt/stack/data/venv/lib/python3.12/site-packages/oslo_db/sqlalchemy/engines.py:325}}
Apr 02 05:50:05.603869 np0000162737 devstack@n-api-meta.service[107507]: DEBUG oslo_db.sqlalchemy.engines [None req-5582a685-b3d0-4c44-8c7d-6b9f962de296 None None] MySQL server mode set to STRICT_TRANS_TABLES,STRICT_ALL_TABLES,NO_ZERO_IN_DATE,NO_ZERO_DATE,ERROR_FOR_DIVISION_BY_ZERO,TRADITIONAL,NO_ENGINE_SUBSTITUTION {{(pid=107507) _check_effective_sql_mode /opt/stack/data/venv/lib/python3.12/site-packages/oslo_db/sqlalchemy/engines.py:325}}
Apr 02 05:50:05.613187 np0000162737 devstack@n-api-meta.service[107504]: INFO dbcounter [None req-55d87a12-a927-4ba1-8b1c-39a46ae1897e None None] Registered counter for database nova_api
Apr 02 05:50:05.616604 np0000162737 devstack@n-api-meta.service[107505]: INFO dbcounter [None req-07068783-9831-4c3b-a8d7-aeece70f1a88 None None] Registered counter for database nova_api
Apr 02 05:50:05.619743 np0000162737 devstack@n-api-meta.service[107506]: DEBUG dbcounter [-] [107506] Writer thread running {{(pid=107506) stat_writer /opt/stack/data/venv/lib/python3.12/site-packages/dbcounter.py:102}}
Apr 02 05:50:05.621794 np0000162737 devstack@n-api-meta.service[107506]: DEBUG nova.context [None req-f9b03a6c-5277-4517-9683-479261cc554e None None] Found 2 cells: 00000000-0000-0000-0000-000000000000(cell0),98755355-f396-4bd9-891e-a2497816c11d(cell1) {{(pid=107506) load_cells /opt/stack/nova/nova/context.py:509}}
Apr 02 05:50:05.622025 np0000162737 devstack@n-api-meta.service[107506]: INFO nova.utils [None req-f9b03a6c-5277-4517-9683-479261cc554e None None] The cell worker thread pool MainProcess.cell_worker is initialized
Apr 02 05:50:05.623608 np0000162737 devstack@n-api-meta.service[107506]: DEBUG oslo_concurrency.lockutils [None req-f9b03a6c-5277-4517-9683-479261cc554e None None] Acquiring lock "00000000-0000-0000-0000-000000000000" by "nova.context.set_target_cell..get_or_set_cached_cell_and_set_connections" {{(pid=107506) inner /opt/stack/data/venv/lib/python3.12/site-packages/oslo_concurrency/lockutils.py:506}}
Apr 02 05:50:05.623757 np0000162737 devstack@n-api-meta.service[107506]: DEBUG oslo_concurrency.lockutils [None req-f9b03a6c-5277-4517-9683-479261cc554e None None] Lock "00000000-0000-0000-0000-000000000000" acquired by "nova.context.set_target_cell..get_or_set_cached_cell_and_set_connections" :: waited 0.000s {{(pid=107506) inner /opt/stack/data/venv/lib/python3.12/site-packages/oslo_concurrency/lockutils.py:519}}
Apr 02 05:50:05.624107 np0000162737 devstack@n-api-meta.service[107506]: DEBUG oslo_concurrency.lockutils [None req-f9b03a6c-5277-4517-9683-479261cc554e None None] Lock "00000000-0000-0000-0000-000000000000" "released" by "nova.context.set_target_cell..get_or_set_cached_cell_and_set_connections" :: held 0.000s {{(pid=107506) inner /opt/stack/data/venv/lib/python3.12/site-packages/oslo_concurrency/lockutils.py:538}}
Apr 02 05:50:05.624789 np0000162737 devstack@n-api-meta.service[107506]: DEBUG oslo_concurrency.lockutils [None req-f9b03a6c-5277-4517-9683-479261cc554e None None] Acquiring lock "98755355-f396-4bd9-891e-a2497816c11d" by "nova.context.set_target_cell..get_or_set_cached_cell_and_set_connections" {{(pid=107506) inner /opt/stack/data/venv/lib/python3.12/site-packages/oslo_concurrency/lockutils.py:506}}
Apr 02 05:50:05.624942 np0000162737 devstack@n-api-meta.service[107506]: DEBUG oslo_concurrency.lockutils [None req-f9b03a6c-5277-4517-9683-479261cc554e None None] Lock "98755355-f396-4bd9-891e-a2497816c11d" acquired by "nova.context.set_target_cell..get_or_set_cached_cell_and_set_connections" :: waited 0.000s {{(pid=107506) inner /opt/stack/data/venv/lib/python3.12/site-packages/oslo_concurrency/lockutils.py:519}}
Apr 02 05:50:05.625818 np0000162737 devstack@n-api-meta.service[107506]: DEBUG oslo_concurrency.lockutils [None req-f9b03a6c-5277-4517-9683-479261cc554e None None] Lock "98755355-f396-4bd9-891e-a2497816c11d" "released" by "nova.context.set_target_cell..get_or_set_cached_cell_and_set_connections" :: held 0.001s {{(pid=107506) inner /opt/stack/data/venv/lib/python3.12/site-packages/oslo_concurrency/lockutils.py:538}}
Apr 02 05:50:05.626143 np0000162737 devstack@n-api-meta.service[107504]: DEBUG oslo_db.sqlalchemy.engines [None req-55d87a12-a927-4ba1-8b1c-39a46ae1897e None None] MySQL server mode set to STRICT_TRANS_TABLES,STRICT_ALL_TABLES,NO_ZERO_IN_DATE,NO_ZERO_DATE,ERROR_FOR_DIVISION_BY_ZERO,TRADITIONAL,NO_ENGINE_SUBSTITUTION {{(pid=107504) _check_effective_sql_mode /opt/stack/data/venv/lib/python3.12/site-packages/oslo_db/sqlalchemy/engines.py:325}}
Apr 02 05:50:05.628184 np0000162737 devstack@n-api-meta.service[107506]: INFO dbcounter [None req-f9b03a6c-5277-4517-9683-479261cc554e None None] Registered counter for database nova_cell0
Apr 02 05:50:05.634749 np0000162737 devstack@n-api-meta.service[107507]: DEBUG dbcounter [-] [107507] Writer thread running {{(pid=107507) stat_writer /opt/stack/data/venv/lib/python3.12/site-packages/dbcounter.py:102}}
Apr 02 05:50:05.634882 np0000162737 devstack@n-api-meta.service[107506]: INFO dbcounter [None req-f9b03a6c-5277-4517-9683-479261cc554e None None] Registered counter for database nova_cell1
Apr 02 05:50:05.635277 np0000162737 devstack@n-api-meta.service[107505]: DEBUG oslo_db.sqlalchemy.engines [None req-07068783-9831-4c3b-a8d7-aeece70f1a88 None None] MySQL server mode set to STRICT_TRANS_TABLES,STRICT_ALL_TABLES,NO_ZERO_IN_DATE,NO_ZERO_DATE,ERROR_FOR_DIVISION_BY_ZERO,TRADITIONAL,NO_ENGINE_SUBSTITUTION {{(pid=107505) _check_effective_sql_mode /opt/stack/data/venv/lib/python3.12/site-packages/oslo_db/sqlalchemy/engines.py:325}}
Apr 02 05:50:05.636079 np0000162737 devstack@n-api-meta.service[107507]: DEBUG nova.context [None req-5582a685-b3d0-4c44-8c7d-6b9f962de296 None None] Found 2 cells: 00000000-0000-0000-0000-000000000000(cell0),98755355-f396-4bd9-891e-a2497816c11d(cell1) {{(pid=107507) load_cells /opt/stack/nova/nova/context.py:509}}
Apr 02 05:50:05.636325 np0000162737 devstack@n-api-meta.service[107507]: INFO nova.utils [None req-5582a685-b3d0-4c44-8c7d-6b9f962de296 None None] The cell worker thread pool MainProcess.cell_worker is initialized
Apr 02 05:50:05.638059 np0000162737 devstack@n-api-meta.service[107507]: DEBUG oslo_concurrency.lockutils [None req-5582a685-b3d0-4c44-8c7d-6b9f962de296 None None] Acquiring lock "00000000-0000-0000-0000-000000000000" by "nova.context.set_target_cell..get_or_set_cached_cell_and_set_connections" {{(pid=107507) inner /opt/stack/data/venv/lib/python3.12/site-packages/oslo_concurrency/lockutils.py:506}}
Apr 02 05:50:05.638204 np0000162737 devstack@n-api-meta.service[107507]: DEBUG oslo_concurrency.lockutils [None req-5582a685-b3d0-4c44-8c7d-6b9f962de296 None None] Lock "00000000-0000-0000-0000-000000000000" acquired by "nova.context.set_target_cell..get_or_set_cached_cell_and_set_connections" :: waited 0.000s {{(pid=107507) inner /opt/stack/data/venv/lib/python3.12/site-packages/oslo_concurrency/lockutils.py:519}}
Apr 02 05:50:05.638546 np0000162737 devstack@n-api-meta.service[107507]: DEBUG oslo_concurrency.lockutils [None req-5582a685-b3d0-4c44-8c7d-6b9f962de296 None None] Lock "00000000-0000-0000-0000-000000000000" "released" by "nova.context.set_target_cell..get_or_set_cached_cell_and_set_connections" :: held 0.000s {{(pid=107507) inner /opt/stack/data/venv/lib/python3.12/site-packages/oslo_concurrency/lockutils.py:538}}
Apr 02 05:50:05.639144 np0000162737 devstack@n-api-meta.service[107507]: DEBUG oslo_concurrency.lockutils [None req-5582a685-b3d0-4c44-8c7d-6b9f962de296 None None] Acquiring lock "98755355-f396-4bd9-891e-a2497816c11d" by "nova.context.set_target_cell..get_or_set_cached_cell_and_set_connections" {{(pid=107507) inner /opt/stack/data/venv/lib/python3.12/site-packages/oslo_concurrency/lockutils.py:506}}
Apr 02 05:50:05.639279 np0000162737 devstack@n-api-meta.service[107507]: DEBUG oslo_concurrency.lockutils [None req-5582a685-b3d0-4c44-8c7d-6b9f962de296 None None] Lock "98755355-f396-4bd9-891e-a2497816c11d" acquired by "nova.context.set_target_cell..get_or_set_cached_cell_and_set_connections" :: waited 0.000s {{(pid=107507) inner /opt/stack/data/venv/lib/python3.12/site-packages/oslo_concurrency/lockutils.py:519}}
Apr 02 05:50:05.640232 np0000162737 devstack@n-api-meta.service[107507]: DEBUG oslo_concurrency.lockutils [None req-5582a685-b3d0-4c44-8c7d-6b9f962de296 None None] Lock "98755355-f396-4bd9-891e-a2497816c11d" "released" by "nova.context.set_target_cell..get_or_set_cached_cell_and_set_connections" :: held 0.001s {{(pid=107507) inner /opt/stack/data/venv/lib/python3.12/site-packages/oslo_concurrency/lockutils.py:538}}
Apr 02 05:50:05.641849 np0000162737 devstack@n-api-meta.service[107506]: DEBUG oslo_db.sqlalchemy.engines [None req-f9b03a6c-5277-4517-9683-479261cc554e None None] MySQL server mode set to STRICT_TRANS_TABLES,STRICT_ALL_TABLES,NO_ZERO_IN_DATE,NO_ZERO_DATE,ERROR_FOR_DIVISION_BY_ZERO,TRADITIONAL,NO_ENGINE_SUBSTITUTION {{(pid=107506) _check_effective_sql_mode /opt/stack/data/venv/lib/python3.12/site-packages/oslo_db/sqlalchemy/engines.py:325}}
Apr 02 05:50:05.642208 np0000162737 devstack@n-api-meta.service[107507]: INFO dbcounter [None req-5582a685-b3d0-4c44-8c7d-6b9f962de296 None None] Registered counter for database nova_cell0
Apr 02 05:50:05.646729 np0000162737 devstack@n-api-meta.service[107507]: INFO dbcounter [None req-5582a685-b3d0-4c44-8c7d-6b9f962de296 None None] Registered counter for database nova_cell1
Apr 02 05:50:05.646862 np0000162737 devstack@n-api-meta.service[107506]: DEBUG oslo_db.sqlalchemy.engines [None req-f9b03a6c-5277-4517-9683-479261cc554e None None] MySQL server mode set to STRICT_TRANS_TABLES,STRICT_ALL_TABLES,NO_ZERO_IN_DATE,NO_ZERO_DATE,ERROR_FOR_DIVISION_BY_ZERO,TRADITIONAL,NO_ENGINE_SUBSTITUTION {{(pid=107506) _check_effective_sql_mode /opt/stack/data/venv/lib/python3.12/site-packages/oslo_db/sqlalchemy/engines.py:325}}
Apr 02 05:50:05.660855 np0000162737 devstack@n-api-meta.service[107504]: DEBUG dbcounter [-] [107504] Writer thread running {{(pid=107504) stat_writer /opt/stack/data/venv/lib/python3.12/site-packages/dbcounter.py:102}}
Apr 02 05:50:05.660855 np0000162737 devstack@n-api-meta.service[107504]: DEBUG nova.context [None req-55d87a12-a927-4ba1-8b1c-39a46ae1897e None None] Found 2 cells: 00000000-0000-0000-0000-000000000000(cell0),98755355-f396-4bd9-891e-a2497816c11d(cell1) {{(pid=107504) load_cells /opt/stack/nova/nova/context.py:509}}
Apr 02 05:50:05.661083 np0000162737 devstack@n-api-meta.service[107504]: INFO nova.utils [None req-55d87a12-a927-4ba1-8b1c-39a46ae1897e None None] The cell worker thread pool MainProcess.cell_worker is initialized
Apr 02 05:50:05.662766 np0000162737 devstack@n-api-meta.service[107504]: DEBUG oslo_concurrency.lockutils [None req-55d87a12-a927-4ba1-8b1c-39a46ae1897e None None] Acquiring lock "00000000-0000-0000-0000-000000000000" by "nova.context.set_target_cell..get_or_set_cached_cell_and_set_connections" {{(pid=107504) inner /opt/stack/data/venv/lib/python3.12/site-packages/oslo_concurrency/lockutils.py:506}}
Apr 02 05:50:05.662933 np0000162737 devstack@n-api-meta.service[107504]: DEBUG oslo_concurrency.lockutils [None req-55d87a12-a927-4ba1-8b1c-39a46ae1897e None None] Lock "00000000-0000-0000-0000-000000000000" acquired by "nova.context.set_target_cell..get_or_set_cached_cell_and_set_connections" :: waited 0.000s {{(pid=107504) inner /opt/stack/data/venv/lib/python3.12/site-packages/oslo_concurrency/lockutils.py:519}}
Apr 02 05:50:05.663270 np0000162737 devstack@n-api-meta.service[107504]: DEBUG oslo_concurrency.lockutils [None req-55d87a12-a927-4ba1-8b1c-39a46ae1897e None None] Lock "00000000-0000-0000-0000-000000000000" "released" by "nova.context.set_target_cell..get_or_set_cached_cell_and_set_connections" :: held 0.000s {{(pid=107504) inner /opt/stack/data/venv/lib/python3.12/site-packages/oslo_concurrency/lockutils.py:538}}
Apr 02 05:50:05.663919 np0000162737 devstack@n-api-meta.service[107504]: DEBUG oslo_concurrency.lockutils [None req-55d87a12-a927-4ba1-8b1c-39a46ae1897e None None] Acquiring lock "98755355-f396-4bd9-891e-a2497816c11d" by "nova.context.set_target_cell..get_or_set_cached_cell_and_set_connections" {{(pid=107504) inner /opt/stack/data/venv/lib/python3.12/site-packages/oslo_concurrency/lockutils.py:506}}
Apr 02 05:50:05.664048 np0000162737 devstack@n-api-meta.service[107504]: DEBUG oslo_concurrency.lockutils [None req-55d87a12-a927-4ba1-8b1c-39a46ae1897e None None] Lock "98755355-f396-4bd9-891e-a2497816c11d" acquired by "nova.context.set_target_cell..get_or_set_cached_cell_and_set_connections" :: waited 0.000s {{(pid=107504) inner /opt/stack/data/venv/lib/python3.12/site-packages/oslo_concurrency/lockutils.py:519}}
Apr 02 05:50:05.664995 np0000162737 devstack@n-api-meta.service[107504]: DEBUG oslo_concurrency.lockutils [None req-55d87a12-a927-4ba1-8b1c-39a46ae1897e None None] Lock "98755355-f396-4bd9-891e-a2497816c11d" "released" by "nova.context.set_target_cell..get_or_set_cached_cell_and_set_connections" :: held 0.001s {{(pid=107504) inner /opt/stack/data/venv/lib/python3.12/site-packages/oslo_concurrency/lockutils.py:538}}
Apr 02 05:50:05.667256 np0000162737 devstack@n-api-meta.service[107504]: INFO dbcounter [None req-55d87a12-a927-4ba1-8b1c-39a46ae1897e None None] Registered counter for database nova_cell0
Apr 02 05:50:05.668905 np0000162737 devstack@n-api-meta.service[107507]: DEBUG oslo_db.sqlalchemy.engines [None req-5582a685-b3d0-4c44-8c7d-6b9f962de296 None None] MySQL server mode set to STRICT_TRANS_TABLES,STRICT_ALL_TABLES,NO_ZERO_IN_DATE,NO_ZERO_DATE,ERROR_FOR_DIVISION_BY_ZERO,TRADITIONAL,NO_ENGINE_SUBSTITUTION {{(pid=107507) _check_effective_sql_mode /opt/stack/data/venv/lib/python3.12/site-packages/oslo_db/sqlalchemy/engines.py:325}}
Apr 02 05:50:05.672075 np0000162737 devstack@n-api-meta.service[107505]: DEBUG dbcounter [-] [107505] Writer thread running {{(pid=107505) stat_writer /opt/stack/data/venv/lib/python3.12/site-packages/dbcounter.py:102}}
Apr 02 05:50:05.674902 np0000162737 devstack@n-api-meta.service[107507]: DEBUG oslo_db.sqlalchemy.engines [None req-5582a685-b3d0-4c44-8c7d-6b9f962de296 None None] MySQL server mode set to STRICT_TRANS_TABLES,STRICT_ALL_TABLES,NO_ZERO_IN_DATE,NO_ZERO_DATE,ERROR_FOR_DIVISION_BY_ZERO,TRADITIONAL,NO_ENGINE_SUBSTITUTION {{(pid=107507) _check_effective_sql_mode /opt/stack/data/venv/lib/python3.12/site-packages/oslo_db/sqlalchemy/engines.py:325}}
Apr 02 05:50:05.675146 np0000162737 devstack@n-api-meta.service[107504]: INFO dbcounter [None req-55d87a12-a927-4ba1-8b1c-39a46ae1897e None None] Registered counter for database nova_cell1
Apr 02 05:50:05.677092 np0000162737 devstack@n-api-meta.service[107505]: DEBUG nova.context [None req-07068783-9831-4c3b-a8d7-aeece70f1a88 None None] Found 2 cells: 00000000-0000-0000-0000-000000000000(cell0),98755355-f396-4bd9-891e-a2497816c11d(cell1) {{(pid=107505) load_cells /opt/stack/nova/nova/context.py:509}}
Apr 02 05:50:05.677604 np0000162737 devstack@n-api-meta.service[107505]: INFO nova.utils [None req-07068783-9831-4c3b-a8d7-aeece70f1a88 None None] The cell worker thread pool MainProcess.cell_worker is initialized
Apr 02 05:50:05.678097 np0000162737 devstack@n-api-meta.service[107504]: DEBUG oslo_db.sqlalchemy.engines [None req-55d87a12-a927-4ba1-8b1c-39a46ae1897e None None] MySQL server mode set to STRICT_TRANS_TABLES,STRICT_ALL_TABLES,NO_ZERO_IN_DATE,NO_ZERO_DATE,ERROR_FOR_DIVISION_BY_ZERO,TRADITIONAL,NO_ENGINE_SUBSTITUTION {{(pid=107504) _check_effective_sql_mode /opt/stack/data/venv/lib/python3.12/site-packages/oslo_db/sqlalchemy/engines.py:325}}
Apr 02 05:50:05.681110 np0000162737 devstack@n-api-meta.service[107505]: DEBUG oslo_concurrency.lockutils [None req-07068783-9831-4c3b-a8d7-aeece70f1a88 None None] Acquiring lock "00000000-0000-0000-0000-000000000000" by "nova.context.set_target_cell..get_or_set_cached_cell_and_set_connections" {{(pid=107505) inner /opt/stack/data/venv/lib/python3.12/site-packages/oslo_concurrency/lockutils.py:506}}
Apr 02 05:50:05.681110 np0000162737 devstack@n-api-meta.service[107505]: DEBUG oslo_concurrency.lockutils [None req-07068783-9831-4c3b-a8d7-aeece70f1a88 None None] Lock "00000000-0000-0000-0000-000000000000" acquired by "nova.context.set_target_cell..get_or_set_cached_cell_and_set_connections" :: waited 0.000s {{(pid=107505) inner /opt/stack/data/venv/lib/python3.12/site-packages/oslo_concurrency/lockutils.py:519}}
Apr 02 05:50:05.681110 np0000162737 devstack@n-api-meta.service[107505]: DEBUG oslo_concurrency.lockutils [None req-07068783-9831-4c3b-a8d7-aeece70f1a88 None None] Lock "00000000-0000-0000-0000-000000000000" "released" by "nova.context.set_target_cell..get_or_set_cached_cell_and_set_connections" :: held 0.000s {{(pid=107505) inner /opt/stack/data/venv/lib/python3.12/site-packages/oslo_concurrency/lockutils.py:538}}
Apr 02 05:50:05.681374 np0000162737 devstack@n-api-meta.service[107505]: DEBUG oslo_concurrency.lockutils [None req-07068783-9831-4c3b-a8d7-aeece70f1a88 None None] Acquiring lock "98755355-f396-4bd9-891e-a2497816c11d" by "nova.context.set_target_cell..get_or_set_cached_cell_and_set_connections" {{(pid=107505) inner /opt/stack/data/venv/lib/python3.12/site-packages/oslo_concurrency/lockutils.py:506}}
Apr 02 05:50:05.682702 np0000162737 devstack@n-api-meta.service[107504]: DEBUG oslo_db.sqlalchemy.engines [None req-55d87a12-a927-4ba1-8b1c-39a46ae1897e None None] MySQL server mode set to STRICT_TRANS_TABLES,STRICT_ALL_TABLES,NO_ZERO_IN_DATE,NO_ZERO_DATE,ERROR_FOR_DIVISION_BY_ZERO,TRADITIONAL,NO_ENGINE_SUBSTITUTION {{(pid=107504) _check_effective_sql_mode /opt/stack/data/venv/lib/python3.12/site-packages/oslo_db/sqlalchemy/engines.py:325}}
Apr 02 05:50:05.682942 np0000162737 devstack@n-api-meta.service[107505]: INFO dbcounter [None req-07068783-9831-4c3b-a8d7-aeece70f1a88 None None] Registered counter for database nova_cell0
Apr 02 05:50:05.684352 np0000162737 devstack@n-api-meta.service[107505]: DEBUG oslo_concurrency.lockutils [None req-07068783-9831-4c3b-a8d7-aeece70f1a88 None None] Lock "98755355-f396-4bd9-891e-a2497816c11d" acquired by "nova.context.set_target_cell..get_or_set_cached_cell_and_set_connections" :: waited 0.001s {{(pid=107505) inner /opt/stack/data/venv/lib/python3.12/site-packages/oslo_concurrency/lockutils.py:519}}
Apr 02 05:50:05.685989 np0000162737 devstack@n-api-meta.service[107505]: DEBUG oslo_concurrency.lockutils [None req-07068783-9831-4c3b-a8d7-aeece70f1a88 None None] Lock "98755355-f396-4bd9-891e-a2497816c11d" "released" by "nova.context.set_target_cell..get_or_set_cached_cell_and_set_connections" :: held 0.003s {{(pid=107505) inner /opt/stack/data/venv/lib/python3.12/site-packages/oslo_concurrency/lockutils.py:538}}
Apr 02 05:50:05.689546 np0000162737 devstack@n-api-meta.service[107505]: INFO dbcounter [None req-07068783-9831-4c3b-a8d7-aeece70f1a88 None None] Registered counter for database nova_cell1
Apr 02 05:50:05.700493 np0000162737 devstack@n-api-meta.service[107505]: DEBUG oslo_db.sqlalchemy.engines [None req-07068783-9831-4c3b-a8d7-aeece70f1a88 None None] MySQL server mode set to STRICT_TRANS_TABLES,STRICT_ALL_TABLES,NO_ZERO_IN_DATE,NO_ZERO_DATE,ERROR_FOR_DIVISION_BY_ZERO,TRADITIONAL,NO_ENGINE_SUBSTITUTION {{(pid=107505) _check_effective_sql_mode /opt/stack/data/venv/lib/python3.12/site-packages/oslo_db/sqlalchemy/engines.py:325}}
Apr 02 05:50:05.707697 np0000162737 devstack@n-api-meta.service[107505]: DEBUG oslo_db.sqlalchemy.engines [None req-07068783-9831-4c3b-a8d7-aeece70f1a88 None None] MySQL server mode set to STRICT_TRANS_TABLES,STRICT_ALL_TABLES,NO_ZERO_IN_DATE,NO_ZERO_DATE,ERROR_FOR_DIVISION_BY_ZERO,TRADITIONAL,NO_ENGINE_SUBSTITUTION {{(pid=107505) _check_effective_sql_mode /opt/stack/data/venv/lib/python3.12/site-packages/oslo_db/sqlalchemy/engines.py:325}}
Apr 02 05:50:05.740973 np0000162737 devstack@n-api-meta.service[107506]: DEBUG dbcounter [-] [107506] Writer thread running {{(pid=107506) stat_writer /opt/stack/data/venv/lib/python3.12/site-packages/dbcounter.py:102}}
Apr 02 05:50:05.741614 np0000162737 devstack@n-api-meta.service[107506]: DEBUG dbcounter [-] [107506] Writer thread running {{(pid=107506) stat_writer /opt/stack/data/venv/lib/python3.12/site-packages/dbcounter.py:102}}
Apr 02 05:50:05.747382 np0000162737 devstack@n-api-meta.service[107506]: INFO dbcounter [None req-f9b03a6c-5277-4517-9683-479261cc554e None None] Registered counter for database nova_cell0
Apr 02 05:50:05.756615 np0000162737 devstack@n-api-meta.service[107506]: DEBUG oslo_db.sqlalchemy.engines [None req-f9b03a6c-5277-4517-9683-479261cc554e None None] MySQL server mode set to STRICT_TRANS_TABLES,STRICT_ALL_TABLES,NO_ZERO_IN_DATE,NO_ZERO_DATE,ERROR_FOR_DIVISION_BY_ZERO,TRADITIONAL,NO_ENGINE_SUBSTITUTION {{(pid=107506) _check_effective_sql_mode /opt/stack/data/venv/lib/python3.12/site-packages/oslo_db/sqlalchemy/engines.py:325}}
Apr 02 05:50:05.763357 np0000162737 devstack@n-api-meta.service[107506]: DEBUG dbcounter [-] [107506] Writer thread running {{(pid=107506) stat_writer /opt/stack/data/venv/lib/python3.12/site-packages/dbcounter.py:102}}
Apr 02 05:50:05.766961 np0000162737 devstack@n-api-meta.service[107504]: DEBUG dbcounter [-] [107504] Writer thread running {{(pid=107504) stat_writer /opt/stack/data/venv/lib/python3.12/site-packages/dbcounter.py:102}}
Apr 02 05:50:05.771090 np0000162737 devstack@n-api-meta.service[107504]: DEBUG dbcounter [-] [107504] Writer thread running {{(pid=107504) stat_writer /opt/stack/data/venv/lib/python3.12/site-packages/dbcounter.py:102}}
Apr 02 05:50:05.777500 np0000162737 devstack@n-api-meta.service[107504]: INFO dbcounter [None req-55d87a12-a927-4ba1-8b1c-39a46ae1897e None None] Registered counter for database nova_cell0
Apr 02 05:50:05.783420 np0000162737 devstack@n-api-meta.service[107507]: DEBUG dbcounter [-] [107507] Writer thread running {{(pid=107507) stat_writer /opt/stack/data/venv/lib/python3.12/site-packages/dbcounter.py:102}}
Apr 02 05:50:05.784199 np0000162737 devstack@n-api-meta.service[107507]: DEBUG dbcounter [-] [107507] Writer thread running {{(pid=107507) stat_writer /opt/stack/data/venv/lib/python3.12/site-packages/dbcounter.py:102}}
Apr 02 05:50:05.786683 np0000162737 devstack@n-api-meta.service[107504]: DEBUG oslo_db.sqlalchemy.engines [None req-55d87a12-a927-4ba1-8b1c-39a46ae1897e None None] MySQL server mode set to STRICT_TRANS_TABLES,STRICT_ALL_TABLES,NO_ZERO_IN_DATE,NO_ZERO_DATE,ERROR_FOR_DIVISION_BY_ZERO,TRADITIONAL,NO_ENGINE_SUBSTITUTION {{(pid=107504) _check_effective_sql_mode /opt/stack/data/venv/lib/python3.12/site-packages/oslo_db/sqlalchemy/engines.py:325}}
Apr 02 05:50:05.787893 np0000162737 devstack@n-api-meta.service[107507]: INFO dbcounter [None req-5582a685-b3d0-4c44-8c7d-6b9f962de296 None None] Registered counter for database nova_cell0
Apr 02 05:50:05.795488 np0000162737 devstack@n-api-meta.service[107504]: DEBUG dbcounter [-] [107504] Writer thread running {{(pid=107504) stat_writer /opt/stack/data/venv/lib/python3.12/site-packages/dbcounter.py:102}}
Apr 02 05:50:05.798077 np0000162737 devstack@n-api-meta.service[107507]: DEBUG oslo_db.sqlalchemy.engines [None req-5582a685-b3d0-4c44-8c7d-6b9f962de296 None None] MySQL server mode set to STRICT_TRANS_TABLES,STRICT_ALL_TABLES,NO_ZERO_IN_DATE,NO_ZERO_DATE,ERROR_FOR_DIVISION_BY_ZERO,TRADITIONAL,NO_ENGINE_SUBSTITUTION {{(pid=107507) _check_effective_sql_mode /opt/stack/data/venv/lib/python3.12/site-packages/oslo_db/sqlalchemy/engines.py:325}}
Apr 02 05:50:05.805981 np0000162737 devstack@n-api-meta.service[107505]: DEBUG dbcounter [-] [107505] Writer thread running {{(pid=107505) stat_writer /opt/stack/data/venv/lib/python3.12/site-packages/dbcounter.py:102}}
Apr 02 05:50:05.806577 np0000162737 devstack@n-api-meta.service[107505]: DEBUG dbcounter [-] [107505] Writer thread running {{(pid=107505) stat_writer /opt/stack/data/venv/lib/python3.12/site-packages/dbcounter.py:102}}
Apr 02 05:50:05.808195 np0000162737 devstack@n-api-meta.service[107506]: WARNING nova.api.metadata.handler [None req-f9b03a6c-5277-4517-9683-479261cc554e None None] metadata_proxy_shared_secret is not configured, the metadata information returned by the proxy cannot be trusted
Apr 02 05:50:05.808873 np0000162737 devstack@n-api-meta.service[107507]: DEBUG dbcounter [-] [107507] Writer thread running {{(pid=107507) stat_writer /opt/stack/data/venv/lib/python3.12/site-packages/dbcounter.py:102}}
Apr 02 05:50:05.810547 np0000162737 devstack@n-api-meta.service[107505]: INFO dbcounter [None req-07068783-9831-4c3b-a8d7-aeece70f1a88 None None] Registered counter for database nova_cell0
Apr 02 05:50:05.810602 np0000162737 devstack@n-api-meta.service[107506]: DEBUG nova.api.openstack.wsgi_app [None req-f9b03a6c-5277-4517-9683-479261cc554e None None] ******************************************************************************** {{(pid=107506) log_opt_values /opt/stack/data/venv/lib/python3.12/site-packages/oslo_config/cfg.py:2979}}
Apr 02 05:50:05.810712 np0000162737 devstack@n-api-meta.service[107506]: DEBUG nova.api.openstack.wsgi_app [None req-f9b03a6c-5277-4517-9683-479261cc554e None None] Configuration options gathered from: {{(pid=107506) log_opt_values /opt/stack/data/venv/lib/python3.12/site-packages/oslo_config/cfg.py:2980}}
Apr 02 05:50:05.810819 np0000162737 devstack@n-api-meta.service[107506]: DEBUG nova.api.openstack.wsgi_app [None req-f9b03a6c-5277-4517-9683-479261cc554e None None] command line args: [] {{(pid=107506) log_opt_values /opt/stack/data/venv/lib/python3.12/site-packages/oslo_config/cfg.py:2981}}
Apr 02 05:50:05.810995 np0000162737 devstack@n-api-meta.service[107506]: DEBUG nova.api.openstack.wsgi_app [None req-f9b03a6c-5277-4517-9683-479261cc554e None None] config files: ['/etc/nova/api-paste.ini', '/etc/nova/nova.conf'] {{(pid=107506) log_opt_values /opt/stack/data/venv/lib/python3.12/site-packages/oslo_config/cfg.py:2982}}
Apr 02 05:50:05.811104 np0000162737 devstack@n-api-meta.service[107506]: DEBUG nova.api.openstack.wsgi_app [None req-f9b03a6c-5277-4517-9683-479261cc554e None None] ================================================================================ {{(pid=107506) log_opt_values /opt/stack/data/venv/lib/python3.12/site-packages/oslo_config/cfg.py:2987}}
Apr 02 05:50:05.811271 np0000162737 devstack@n-api-meta.service[107506]: DEBUG nova.api.openstack.wsgi_app [None req-f9b03a6c-5277-4517-9683-479261cc554e None None] allow_resize_to_same_host = True {{(pid=107506) log_opt_values /opt/stack/data/venv/lib/python3.12/site-packages/oslo_config/cfg.py:2995}}
Apr 02 05:50:05.811406 np0000162737 devstack@n-api-meta.service[107506]: DEBUG nova.api.openstack.wsgi_app [None req-f9b03a6c-5277-4517-9683-479261cc554e None None] arq_binding_timeout = 300 {{(pid=107506) log_opt_values /opt/stack/data/venv/lib/python3.12/site-packages/oslo_config/cfg.py:2995}}
Apr 02 05:50:05.811578 np0000162737 devstack@n-api-meta.service[107506]: DEBUG nova.api.openstack.wsgi_app [None req-f9b03a6c-5277-4517-9683-479261cc554e None None] block_device_allocate_retries = 60 {{(pid=107506) log_opt_values /opt/stack/data/venv/lib/python3.12/site-packages/oslo_config/cfg.py:2995}}
Apr 02 05:50:05.811718 np0000162737 devstack@n-api-meta.service[107506]: DEBUG nova.api.openstack.wsgi_app [None req-f9b03a6c-5277-4517-9683-479261cc554e None None] block_device_allocate_retries_interval = 3 {{(pid=107506) log_opt_values /opt/stack/data/venv/lib/python3.12/site-packages/oslo_config/cfg.py:2995}}
Apr 02 05:50:05.812051 np0000162737 devstack@n-api-meta.service[107506]: DEBUG nova.api.openstack.wsgi_app [None req-f9b03a6c-5277-4517-9683-479261cc554e None None] cell_worker_thread_pool_size = 5 {{(pid=107506) log_opt_values /opt/stack/data/venv/lib/python3.12/site-packages/oslo_config/cfg.py:2995}}
Apr 02 05:50:05.812677 np0000162737 devstack@n-api-meta.service[107506]: DEBUG nova.api.openstack.wsgi_app [None req-f9b03a6c-5277-4517-9683-479261cc554e None None] cert = self.pem {{(pid=107506) log_opt_values /opt/stack/data/venv/lib/python3.12/site-packages/oslo_config/cfg.py:2995}}
Apr 02 05:50:05.812677 np0000162737 devstack@n-api-meta.service[107506]: DEBUG nova.api.openstack.wsgi_app [None req-f9b03a6c-5277-4517-9683-479261cc554e None None] compute_driver = libvirt.LibvirtDriver {{(pid=107506) log_opt_values /opt/stack/data/venv/lib/python3.12/site-packages/oslo_config/cfg.py:2995}}
Apr 02 05:50:05.812677 np0000162737 devstack@n-api-meta.service[107506]: DEBUG nova.api.openstack.wsgi_app [None req-f9b03a6c-5277-4517-9683-479261cc554e None None] compute_monitors = [] {{(pid=107506) log_opt_values /opt/stack/data/venv/lib/python3.12/site-packages/oslo_config/cfg.py:2995}}
Apr 02 05:50:05.812677 np0000162737 devstack@n-api-meta.service[107506]: DEBUG nova.api.openstack.wsgi_app [None req-f9b03a6c-5277-4517-9683-479261cc554e None None] config_dir = [] {{(pid=107506) log_opt_values /opt/stack/data/venv/lib/python3.12/site-packages/oslo_config/cfg.py:2995}}
Apr 02 05:50:05.813100 np0000162737 devstack@n-api-meta.service[107506]: DEBUG nova.api.openstack.wsgi_app [None req-f9b03a6c-5277-4517-9683-479261cc554e None None] config_drive_format = iso9660 {{(pid=107506) log_opt_values /opt/stack/data/venv/lib/python3.12/site-packages/oslo_config/cfg.py:2995}}
Apr 02 05:50:05.813100 np0000162737 devstack@n-api-meta.service[107506]: DEBUG nova.api.openstack.wsgi_app [None req-f9b03a6c-5277-4517-9683-479261cc554e None None] config_file = ['/etc/nova/api-paste.ini', '/etc/nova/nova.conf'] {{(pid=107506) log_opt_values /opt/stack/data/venv/lib/python3.12/site-packages/oslo_config/cfg.py:2995}}
Apr 02 05:50:05.813100 np0000162737 devstack@n-api-meta.service[107506]: DEBUG nova.api.openstack.wsgi_app [None req-f9b03a6c-5277-4517-9683-479261cc554e None None] config_source = [] {{(pid=107506) log_opt_values /opt/stack/data/venv/lib/python3.12/site-packages/oslo_config/cfg.py:2995}}
Apr 02 05:50:05.813286 np0000162737 devstack@n-api-meta.service[107506]: DEBUG nova.api.openstack.wsgi_app [None req-f9b03a6c-5277-4517-9683-479261cc554e None None] console_host = np0000162737 {{(pid=107506) log_opt_values /opt/stack/data/venv/lib/python3.12/site-packages/oslo_config/cfg.py:2995}}
Apr 02 05:50:05.813421 np0000162737 devstack@n-api-meta.service[107506]: DEBUG nova.api.openstack.wsgi_app [None req-f9b03a6c-5277-4517-9683-479261cc554e None None] control_exchange = nova {{(pid=107506) log_opt_values /opt/stack/data/venv/lib/python3.12/site-packages/oslo_config/cfg.py:2995}}
Apr 02 05:50:05.813491 np0000162737 devstack@n-api-meta.service[107506]: DEBUG nova.api.openstack.wsgi_app [None req-f9b03a6c-5277-4517-9683-479261cc554e None None] cpu_allocation_ratio = None {{(pid=107506) log_opt_values /opt/stack/data/venv/lib/python3.12/site-packages/oslo_config/cfg.py:2995}}
Apr 02 05:50:05.813665 np0000162737 devstack@n-api-meta.service[107506]: DEBUG nova.api.openstack.wsgi_app [None req-f9b03a6c-5277-4517-9683-479261cc554e None None] daemon = False {{(pid=107506) log_opt_values /opt/stack/data/venv/lib/python3.12/site-packages/oslo_config/cfg.py:2995}}
Apr 02 05:50:05.813721 np0000162737 devstack@n-api-meta.service[107506]: DEBUG nova.api.openstack.wsgi_app [None req-f9b03a6c-5277-4517-9683-479261cc554e None None] debug = True {{(pid=107506) log_opt_values /opt/stack/data/venv/lib/python3.12/site-packages/oslo_config/cfg.py:2995}}
Apr 02 05:50:05.813855 np0000162737 devstack@n-api-meta.service[107506]: DEBUG nova.api.openstack.wsgi_app [None req-f9b03a6c-5277-4517-9683-479261cc554e None None] default_access_ip_network_name = None {{(pid=107506) log_opt_values /opt/stack/data/venv/lib/python3.12/site-packages/oslo_config/cfg.py:2995}}
Apr 02 05:50:05.814017 np0000162737 devstack@n-api-meta.service[107506]: DEBUG nova.api.openstack.wsgi_app [None req-f9b03a6c-5277-4517-9683-479261cc554e None None] default_availability_zone = nova {{(pid=107506) log_opt_values /opt/stack/data/venv/lib/python3.12/site-packages/oslo_config/cfg.py:2995}}
Apr 02 05:50:05.814142 np0000162737 devstack@n-api-meta.service[107506]: DEBUG nova.api.openstack.wsgi_app [None req-f9b03a6c-5277-4517-9683-479261cc554e None None] default_ephemeral_format = ext4 {{(pid=107506) log_opt_values /opt/stack/data/venv/lib/python3.12/site-packages/oslo_config/cfg.py:2995}}
Apr 02 05:50:05.814309 np0000162737 devstack@n-api-meta.service[107506]: DEBUG nova.api.openstack.wsgi_app [None req-f9b03a6c-5277-4517-9683-479261cc554e None None] default_green_pool_size = 1000 {{(pid=107506) log_opt_values /opt/stack/data/venv/lib/python3.12/site-packages/oslo_config/cfg.py:2995}}
Apr 02 05:50:05.814504 np0000162737 devstack@n-api-meta.service[107506]: DEBUG nova.api.openstack.wsgi_app [None req-f9b03a6c-5277-4517-9683-479261cc554e None None] default_log_levels = ['amqp=WARN', 'boto=WARN', 'sqlalchemy=WARN', 'suds=INFO', 'oslo.messaging=INFO', 'oslo_messaging=INFO', 'iso8601=WARN', 'requests.packages.urllib3.connectionpool=WARN', 'urllib3.connectionpool=WARN', 'websocket=WARN', 'requests.packages.urllib3.util.retry=WARN', 'urllib3.util.retry=WARN', 'keystonemiddleware=WARN', 'routes.middleware=WARN', 'stevedore=WARN', 'taskflow=WARN', 'keystoneauth=WARN', 'oslo.cache=INFO', 'oslo_policy=INFO', 'dogpile.core.dogpile=INFO', 'glanceclient=WARN', 'oslo.privsep.daemon=INFO'] {{(pid=107506) log_opt_values /opt/stack/data/venv/lib/python3.12/site-packages/oslo_config/cfg.py:2995}}
Apr 02 05:50:05.814739 np0000162737 devstack@n-api-meta.service[107506]: DEBUG nova.api.openstack.wsgi_app [None req-f9b03a6c-5277-4517-9683-479261cc554e None None] default_schedule_zone = None {{(pid=107506) log_opt_values /opt/stack/data/venv/lib/python3.12/site-packages/oslo_config/cfg.py:2995}}
Apr 02 05:50:05.814739 np0000162737 devstack@n-api-meta.service[107506]: DEBUG nova.api.openstack.wsgi_app [None req-f9b03a6c-5277-4517-9683-479261cc554e None None] default_thread_pool_size = 10 {{(pid=107506) log_opt_values /opt/stack/data/venv/lib/python3.12/site-packages/oslo_config/cfg.py:2995}}
Apr 02 05:50:05.814934 np0000162737 devstack@n-api-meta.service[107506]: DEBUG nova.api.openstack.wsgi_app [None req-f9b03a6c-5277-4517-9683-479261cc554e None None] disk_allocation_ratio = None {{(pid=107506) log_opt_values /opt/stack/data/venv/lib/python3.12/site-packages/oslo_config/cfg.py:2995}}
Apr 02 05:50:05.815065 np0000162737 devstack@n-api-meta.service[107506]: DEBUG nova.api.openstack.wsgi_app [None req-f9b03a6c-5277-4517-9683-479261cc554e None None] enable_new_services = True {{(pid=107506) log_opt_values /opt/stack/data/venv/lib/python3.12/site-packages/oslo_config/cfg.py:2995}}
Apr 02 05:50:05.815189 np0000162737 devstack@n-api-meta.service[107506]: DEBUG nova.api.openstack.wsgi_app [None req-f9b03a6c-5277-4517-9683-479261cc554e None None] flat_injected = False {{(pid=107506) log_opt_values /opt/stack/data/venv/lib/python3.12/site-packages/oslo_config/cfg.py:2995}}
Apr 02 05:50:05.815313 np0000162737 devstack@n-api-meta.service[107506]: DEBUG nova.api.openstack.wsgi_app [None req-f9b03a6c-5277-4517-9683-479261cc554e None None] force_config_drive = False {{(pid=107506) log_opt_values /opt/stack/data/venv/lib/python3.12/site-packages/oslo_config/cfg.py:2995}}
Apr 02 05:50:05.815443 np0000162737 devstack@n-api-meta.service[107506]: DEBUG nova.api.openstack.wsgi_app [None req-f9b03a6c-5277-4517-9683-479261cc554e None None] force_raw_images = True {{(pid=107506) log_opt_values /opt/stack/data/venv/lib/python3.12/site-packages/oslo_config/cfg.py:2995}}
Apr 02 05:50:05.815580 np0000162737 devstack@n-api-meta.service[107506]: DEBUG nova.api.openstack.wsgi_app [None req-f9b03a6c-5277-4517-9683-479261cc554e None None] graceful_shutdown_timeout = 5 {{(pid=107506) log_opt_values /opt/stack/data/venv/lib/python3.12/site-packages/oslo_config/cfg.py:2995}}
Apr 02 05:50:05.815707 np0000162737 devstack@n-api-meta.service[107506]: DEBUG nova.api.openstack.wsgi_app [None req-f9b03a6c-5277-4517-9683-479261cc554e None None] heal_instance_info_cache_interval = -1 {{(pid=107506) log_opt_values /opt/stack/data/venv/lib/python3.12/site-packages/oslo_config/cfg.py:2995}}
Apr 02 05:50:05.815904 np0000162737 devstack@n-api-meta.service[107506]: DEBUG nova.api.openstack.wsgi_app [None req-f9b03a6c-5277-4517-9683-479261cc554e None None] host = np0000162737 {{(pid=107506) log_opt_values /opt/stack/data/venv/lib/python3.12/site-packages/oslo_config/cfg.py:2995}}
Apr 02 05:50:05.816041 np0000162737 devstack@n-api-meta.service[107506]: DEBUG nova.api.openstack.wsgi_app [None req-f9b03a6c-5277-4517-9683-479261cc554e None None] initial_cpu_allocation_ratio = 4.0 {{(pid=107506) log_opt_values /opt/stack/data/venv/lib/python3.12/site-packages/oslo_config/cfg.py:2995}}
Apr 02 05:50:05.816171 np0000162737 devstack@n-api-meta.service[107506]: DEBUG nova.api.openstack.wsgi_app [None req-f9b03a6c-5277-4517-9683-479261cc554e None None] initial_disk_allocation_ratio = 1.0 {{(pid=107506) log_opt_values /opt/stack/data/venv/lib/python3.12/site-packages/oslo_config/cfg.py:2995}}
Apr 02 05:50:05.816299 np0000162737 devstack@n-api-meta.service[107506]: DEBUG nova.api.openstack.wsgi_app [None req-f9b03a6c-5277-4517-9683-479261cc554e None None] initial_ram_allocation_ratio = 1.0 {{(pid=107506) log_opt_values /opt/stack/data/venv/lib/python3.12/site-packages/oslo_config/cfg.py:2995}}
Apr 02 05:50:05.816500 np0000162737 devstack@n-api-meta.service[107506]: DEBUG nova.api.openstack.wsgi_app [None req-f9b03a6c-5277-4517-9683-479261cc554e None None] injected_network_template = /opt/stack/nova/nova/virt/interfaces.template {{(pid=107506) log_opt_values /opt/stack/data/venv/lib/python3.12/site-packages/oslo_config/cfg.py:2995}}
Apr 02 05:50:05.816636 np0000162737 devstack@n-api-meta.service[107506]: DEBUG nova.api.openstack.wsgi_app [None req-f9b03a6c-5277-4517-9683-479261cc554e None None] instance_build_timeout = 0 {{(pid=107506) log_opt_values /opt/stack/data/venv/lib/python3.12/site-packages/oslo_config/cfg.py:2995}}
Apr 02 05:50:05.816765 np0000162737 devstack@n-api-meta.service[107506]: DEBUG nova.api.openstack.wsgi_app [None req-f9b03a6c-5277-4517-9683-479261cc554e None None] instance_delete_interval = 300 {{(pid=107506) log_opt_values /opt/stack/data/venv/lib/python3.12/site-packages/oslo_config/cfg.py:2995}}
Apr 02 05:50:05.816949 np0000162737 devstack@n-api-meta.service[107506]: DEBUG nova.api.openstack.wsgi_app [None req-f9b03a6c-5277-4517-9683-479261cc554e None None] instance_format = [instance: %(uuid)s] {{(pid=107506) log_opt_values /opt/stack/data/venv/lib/python3.12/site-packages/oslo_config/cfg.py:2995}}
Apr 02 05:50:05.817092 np0000162737 devstack@n-api-meta.service[107506]: DEBUG nova.api.openstack.wsgi_app [None req-f9b03a6c-5277-4517-9683-479261cc554e None None] instance_name_template = instance-%08x {{(pid=107506) log_opt_values /opt/stack/data/venv/lib/python3.12/site-packages/oslo_config/cfg.py:2995}}
Apr 02 05:50:05.817221 np0000162737 devstack@n-api-meta.service[107506]: DEBUG nova.api.openstack.wsgi_app [None req-f9b03a6c-5277-4517-9683-479261cc554e None None] instance_usage_audit = False {{(pid=107506) log_opt_values /opt/stack/data/venv/lib/python3.12/site-packages/oslo_config/cfg.py:2995}}
Apr 02 05:50:05.817356 np0000162737 devstack@n-api-meta.service[107506]: DEBUG nova.api.openstack.wsgi_app [None req-f9b03a6c-5277-4517-9683-479261cc554e None None] instance_usage_audit_period = month {{(pid=107506) log_opt_values /opt/stack/data/venv/lib/python3.12/site-packages/oslo_config/cfg.py:2995}}
Apr 02 05:50:05.817507 np0000162737 devstack@n-api-meta.service[107506]: DEBUG nova.api.openstack.wsgi_app [None req-f9b03a6c-5277-4517-9683-479261cc554e None None] instance_uuid_format = [instance: %(uuid)s] {{(pid=107506) log_opt_values /opt/stack/data/venv/lib/python3.12/site-packages/oslo_config/cfg.py:2995}}
Apr 02 05:50:05.817638 np0000162737 devstack@n-api-meta.service[107506]: DEBUG nova.api.openstack.wsgi_app [None req-f9b03a6c-5277-4517-9683-479261cc554e None None] instances_path = /opt/stack/data/nova/instances {{(pid=107506) log_opt_values /opt/stack/data/venv/lib/python3.12/site-packages/oslo_config/cfg.py:2995}}
Apr 02 05:50:05.817768 np0000162737 devstack@n-api-meta.service[107506]: DEBUG nova.api.openstack.wsgi_app [None req-f9b03a6c-5277-4517-9683-479261cc554e None None] internal_service_availability_zone = internal {{(pid=107506) log_opt_values /opt/stack/data/venv/lib/python3.12/site-packages/oslo_config/cfg.py:2995}}
Apr 02 05:50:05.817923 np0000162737 devstack@n-api-meta.service[107506]: DEBUG nova.api.openstack.wsgi_app [None req-f9b03a6c-5277-4517-9683-479261cc554e None None] key = None {{(pid=107506) log_opt_values /opt/stack/data/venv/lib/python3.12/site-packages/oslo_config/cfg.py:2995}}
Apr 02 05:50:05.818052 np0000162737 devstack@n-api-meta.service[107506]: DEBUG nova.api.openstack.wsgi_app [None req-f9b03a6c-5277-4517-9683-479261cc554e None None] live_migration_retry_count = 30 {{(pid=107506) log_opt_values /opt/stack/data/venv/lib/python3.12/site-packages/oslo_config/cfg.py:2995}}
Apr 02 05:50:05.818188 np0000162737 devstack@n-api-meta.service[107506]: DEBUG nova.api.openstack.wsgi_app [None req-f9b03a6c-5277-4517-9683-479261cc554e None None] log_color = False {{(pid=107506) log_opt_values /opt/stack/data/venv/lib/python3.12/site-packages/oslo_config/cfg.py:2995}}
Apr 02 05:50:05.818314 np0000162737 devstack@n-api-meta.service[107506]: DEBUG nova.api.openstack.wsgi_app [None req-f9b03a6c-5277-4517-9683-479261cc554e None None] log_config_append = None {{(pid=107506) log_opt_values /opt/stack/data/venv/lib/python3.12/site-packages/oslo_config/cfg.py:2995}}
Apr 02 05:50:05.818444 np0000162737 devstack@n-api-meta.service[107506]: DEBUG nova.api.openstack.wsgi_app [None req-f9b03a6c-5277-4517-9683-479261cc554e None None] log_date_format = %Y-%m-%d %H:%M:%S {{(pid=107506) log_opt_values /opt/stack/data/venv/lib/python3.12/site-packages/oslo_config/cfg.py:2995}}
Apr 02 05:50:05.818571 np0000162737 devstack@n-api-meta.service[107506]: DEBUG nova.api.openstack.wsgi_app [None req-f9b03a6c-5277-4517-9683-479261cc554e None None] log_dir = None {{(pid=107506) log_opt_values /opt/stack/data/venv/lib/python3.12/site-packages/oslo_config/cfg.py:2995}}
Apr 02 05:50:05.818695 np0000162737 devstack@n-api-meta.service[107506]: DEBUG nova.api.openstack.wsgi_app [None req-f9b03a6c-5277-4517-9683-479261cc554e None None] log_file = None {{(pid=107506) log_opt_values /opt/stack/data/venv/lib/python3.12/site-packages/oslo_config/cfg.py:2995}}
Apr 02 05:50:05.818795 np0000162737 devstack@n-api-meta.service[107506]: DEBUG nova.api.openstack.wsgi_app [None req-f9b03a6c-5277-4517-9683-479261cc554e None None] log_options = True {{(pid=107506) log_opt_values /opt/stack/data/venv/lib/python3.12/site-packages/oslo_config/cfg.py:2995}}
Apr 02 05:50:05.818956 np0000162737 devstack@n-api-meta.service[107506]: DEBUG nova.api.openstack.wsgi_app [None req-f9b03a6c-5277-4517-9683-479261cc554e None None] log_rotate_interval = 1 {{(pid=107506) log_opt_values /opt/stack/data/venv/lib/python3.12/site-packages/oslo_config/cfg.py:2995}}
