2026-06-03 01:10:20.266 8 INFO cinder.api.openstack.wsgi [None req-d8613fd9-4beb-480b-8f87-59703404e6b9 b0b5ab34b49a403a85a4fee4f54f5f16 28c4ba8de37e4e2ebc4fb3e18dbc0eba - - default default] GET http://cinder-api.openstack.svc.cluster.local:8776/v3/28c4ba8de37e4e2ebc4fb3e18dbc0eba/volumes/261a26ab-79f1-4828-8db6-1e01e049cd37 /var/lib/openstack/lib/python3.10/site-packages/oslo_context/context.py:100: DeprecationWarning: Policy enforcement is depending on the value of is_admin. This key is deprecated. Please update your policy file to use the standard policy values. warnings.warn('Policy enforcement is depending on the value of '
2026-06-03 01:10:20.283 8 INFO cinder.volume.api [None req-d8613fd9-4beb-480b-8f87-59703404e6b9 b0b5ab34b49a403a85a4fee4f54f5f16 28c4ba8de37e4e2ebc4fb3e18dbc0eba - - default default] Volume info retrieved successfully.
2026-06-03 01:10:20.289 8 INFO cinder.api.openstack.wsgi [None req-d8613fd9-4beb-480b-8f87-59703404e6b9 b0b5ab34b49a403a85a4fee4f54f5f16 28c4ba8de37e4e2ebc4fb3e18dbc0eba - - default default] http://cinder-api.openstack.svc.cluster.local:8776/v3/28c4ba8de37e4e2ebc4fb3e18dbc0eba/volumes/261a26ab-79f1-4828-8db6-1e01e049cd37 returned with HTTP 200 [pid: 8|app: 0|req: 472/939] 10.0.0.126 () {32 vars in 775 bytes} [Wed Jun 3 01:10:20 2026] GET /v3/28c4ba8de37e4e2ebc4fb3e18dbc0eba/volumes/261a26ab-79f1-4828-8db6-1e01e049cd37 => generated 968 bytes in 32 msecs (HTTP/1.1 200) 7 headers in 285 bytes (1 switches on core 0)
2026-06-03 01:10:20.313 7 INFO cinder.api.openstack.wsgi [None req-40d2035e-5ae1-45a7-9764-1c878ccd9059 b0b5ab34b49a403a85a4fee4f54f5f16 28c4ba8de37e4e2ebc4fb3e18dbc0eba - - default default] DELETE http://cinder-api.openstack.svc.cluster.local:8776/v3/28c4ba8de37e4e2ebc4fb3e18dbc0eba/volumes/261a26ab-79f1-4828-8db6-1e01e049cd37
2026-06-03 01:10:20.314 7 INFO cinder.api.v3.volumes [None req-40d2035e-5ae1-45a7-9764-1c878ccd9059 b0b5ab34b49a403a85a4fee4f54f5f16 28c4ba8de37e4e2ebc4fb3e18dbc0eba - - default default] Delete volume with id: 261a26ab-79f1-4828-8db6-1e01e049cd37  /var/lib/openstack/lib/python3.10/site-packages/oslo_context/context.py:100: DeprecationWarning: Policy enforcement is depending on the value of is_admin. This key is deprecated. Please update your policy file to use the standard policy values. warnings.warn('Policy enforcement is depending on the value of '
2026-06-03 01:10:20.326 7 INFO cinder.volume.api [None req-40d2035e-5ae1-45a7-9764-1c878ccd9059 b0b5ab34b49a403a85a4fee4f54f5f16 28c4ba8de37e4e2ebc4fb3e18dbc0eba - - default default] Volume info retrieved successfully.
2026-06-03 01:10:20.350 7 INFO cinder.volume.api [None req-40d2035e-5ae1-45a7-9764-1c878ccd9059 b0b5ab34b49a403a85a4fee4f54f5f16 28c4ba8de37e4e2ebc4fb3e18dbc0eba - - default default] Delete volume request issued successfully.
2026-06-03 01:10:20.351 7 INFO cinder.api.openstack.wsgi [None req-40d2035e-5ae1-45a7-9764-1c878ccd9059 b0b5ab34b49a403a85a4fee4f54f5f16 28c4ba8de37e4e2ebc4fb3e18dbc0eba - - default default] http://cinder-api.openstack.svc.cluster.local:8776/v3/28c4ba8de37e4e2ebc4fb3e18dbc0eba/volumes/261a26ab-79f1-4828-8db6-1e01e049cd37 returned with HTTP 202 [pid: 7|app: 0|req: 468/940] 10.0.0.126 () {32 vars in 778 bytes} [Wed Jun 3 01:10:20 2026] DELETE /v3/28c4ba8de37e4e2ebc4fb3e18dbc0eba/volumes/261a26ab-79f1-4828-8db6-1e01e049cd37 => generated 0 bytes in 44 msecs (HTTP/1.1 202) 6 headers in 233 bytes (1 switches on core 0) /var/lib/openstack/lib/python3.10/site-packages/pycadf/identifier.py:71: UserWarning: Invalid uuid: cinderv3. To ensure interoperability, identifiers should be a valid uuid. warnings.warn(('Invalid uuid: %s. To ensure interoperability, '
2026-06-03 01:10:20.365 8 INFO cinder.api.openstack.wsgi [None req-e8327694-4977-4bf6-bbbb-18ddfb78267b b0b5ab34b49a403a85a4fee4f54f5f16 28c4ba8de37e4e2ebc4fb3e18dbc0eba - - default default] GET http://cinder-api.openstack.svc.cluster.local:8776/v3/28c4ba8de37e4e2ebc4fb3e18dbc0eba/volumes/261a26ab-79f1-4828-8db6-1e01e049cd37 /var/lib/openstack/lib/python3.10/site-packages/oslo_context/context.py:100: DeprecationWarning: Policy enforcement is depending on the value of is_admin. This key is deprecated. Please update your policy file to use the standard policy values. warnings.warn('Policy enforcement is depending on the value of '
2026-06-03 01:10:20.384 8 INFO cinder.volume.api [None req-e8327694-4977-4bf6-bbbb-18ddfb78267b b0b5ab34b49a403a85a4fee4f54f5f16 28c4ba8de37e4e2ebc4fb3e18dbc0eba - - default default] Volume info retrieved successfully.
2026-06-03 01:10:20.392 8 INFO cinder.api.openstack.wsgi [None req-e8327694-4977-4bf6-bbbb-18ddfb78267b b0b5ab34b49a403a85a4fee4f54f5f16 28c4ba8de37e4e2ebc4fb3e18dbc0eba - - default default] http://cinder-api.openstack.svc.cluster.local:8776/v3/28c4ba8de37e4e2ebc4fb3e18dbc0eba/volumes/261a26ab-79f1-4828-8db6-1e01e049cd37 returned with HTTP 200 [pid: 8|app: 0|req: 473/941] 10.0.0.126 () {32 vars in 775 bytes} [Wed Jun 3 01:10:20 2026] GET /v3/28c4ba8de37e4e2ebc4fb3e18dbc0eba/volumes/261a26ab-79f1-4828-8db6-1e01e049cd37 => generated 967 bytes in 36 msecs (HTTP/1.1 200) 7 headers in 285 bytes (1 switches on core 0) /var/lib/openstack/lib/python3.10/site-packages/pycadf/identifier.py:71: UserWarning: Invalid uuid: cinderv3. To ensure interoperability, identifiers should be a valid uuid. warnings.warn(('Invalid uuid: %s. To ensure interoperability, '
2026-06-03 01:10:21.416 7 INFO cinder.api.openstack.wsgi [None req-b3a07331-c47f-4104-b386-9bc6f7fe6c19 b0b5ab34b49a403a85a4fee4f54f5f16 28c4ba8de37e4e2ebc4fb3e18dbc0eba - - default default] GET http://cinder-api.openstack.svc.cluster.local:8776/v3/28c4ba8de37e4e2ebc4fb3e18dbc0eba/volumes/261a26ab-79f1-4828-8db6-1e01e049cd37
2026-06-03 01:10:21.426 7 INFO cinder.api.openstack.wsgi [None req-b3a07331-c47f-4104-b386-9bc6f7fe6c19 b0b5ab34b49a403a85a4fee4f54f5f16 28c4ba8de37e4e2ebc4fb3e18dbc0eba - - default default] http://cinder-api.openstack.svc.cluster.local:8776/v3/28c4ba8de37e4e2ebc4fb3e18dbc0eba/volumes/261a26ab-79f1-4828-8db6-1e01e049cd37 returned with HTTP 404 [pid: 7|app: 0|req: 469/942] 10.0.0.126 () {32 vars in 775 bytes} [Wed Jun 3 01:10:21 2026] GET /v3/28c4ba8de37e4e2ebc4fb3e18dbc0eba/volumes/261a26ab-79f1-4828-8db6-1e01e049cd37 => generated 109 bytes in 18 msecs (HTTP/1.1 404) 7 headers in 292 bytes (1 switches on core 0) /var/lib/openstack/lib/python3.10/site-packages/pycadf/identifier.py:71: UserWarning: Invalid uuid: cinderv3. To ensure interoperability, identifiers should be a valid uuid. warnings.warn(('Invalid uuid: %s. To ensure interoperability, '
2026-06-03 01:10:21.439 8 INFO cinder.api.openstack.wsgi [None req-93e6912e-d75c-466f-9734-b8125cfc854b b0b5ab34b49a403a85a4fee4f54f5f16 28c4ba8de37e4e2ebc4fb3e18dbc0eba - - default default] GET http://cinder-api.openstack.svc.cluster.local:8776/v3/28c4ba8de37e4e2ebc4fb3e18dbc0eba/volumes/6d612d02-2485-443b-a085-2eeb0e6d432b /var/lib/openstack/lib/python3.10/site-packages/oslo_context/context.py:100: DeprecationWarning: Policy enforcement is depending on the value of is_admin. This key is deprecated. Please update your policy file to use the standard policy values. warnings.warn('Policy enforcement is depending on the value of '
2026-06-03 01:10:21.457 8 INFO cinder.volume.api [None req-93e6912e-d75c-466f-9734-b8125cfc854b b0b5ab34b49a403a85a4fee4f54f5f16 28c4ba8de37e4e2ebc4fb3e18dbc0eba - - default default] Volume info retrieved successfully.
2026-06-03 01:10:21.463 8 INFO cinder.api.openstack.wsgi [None req-93e6912e-d75c-466f-9734-b8125cfc854b b0b5ab34b49a403a85a4fee4f54f5f16 28c4ba8de37e4e2ebc4fb3e18dbc0eba - - default default] http://cinder-api.openstack.svc.cluster.local:8776/v3/28c4ba8de37e4e2ebc4fb3e18dbc0eba/volumes/6d612d02-2485-443b-a085-2eeb0e6d432b returned with HTTP 200 [pid: 8|app: 0|req: 474/943] 10.0.0.126 () {32 vars in 775 bytes} [Wed Jun 3 01:10:21 2026] GET /v3/28c4ba8de37e4e2ebc4fb3e18dbc0eba/volumes/6d612d02-2485-443b-a085-2eeb0e6d432b => generated 968 bytes in 32 msecs (HTTP/1.1 200) 7 headers in 285 bytes (1 switches on core 0)
2026-06-03 01:10:21.487 7 INFO cinder.api.openstack.wsgi [None req-800eaeed-b767-4405-8f4e-bd4b851f7fe1 b0b5ab34b49a403a85a4fee4f54f5f16 28c4ba8de37e4e2ebc4fb3e18dbc0eba - - default default] DELETE http://cinder-api.openstack.svc.cluster.local:8776/v3/28c4ba8de37e4e2ebc4fb3e18dbc0eba/volumes/6d612d02-2485-443b-a085-2eeb0e6d432b
2026-06-03 01:10:21.487 7 INFO cinder.api.v3.volumes [None req-800eaeed-b767-4405-8f4e-bd4b851f7fe1 b0b5ab34b49a403a85a4fee4f54f5f16 28c4ba8de37e4e2ebc4fb3e18dbc0eba - - default default] Delete volume with id: 6d612d02-2485-443b-a085-2eeb0e6d432b  /var/lib/openstack/lib/python3.10/site-packages/oslo_context/context.py:100: DeprecationWarning: Policy enforcement is depending on the value of is_admin. This key is deprecated. Please update your policy file to use the standard policy values. warnings.warn('Policy enforcement is depending on the value of '
2026-06-03 01:10:21.500 7 INFO cinder.volume.api [None req-800eaeed-b767-4405-8f4e-bd4b851f7fe1 b0b5ab34b49a403a85a4fee4f54f5f16 28c4ba8de37e4e2ebc4fb3e18dbc0eba - - default default] Volume info retrieved successfully.
2026-06-03 01:10:21.524 7 INFO cinder.volume.api [None req-800eaeed-b767-4405-8f4e-bd4b851f7fe1 b0b5ab34b49a403a85a4fee4f54f5f16 28c4ba8de37e4e2ebc4fb3e18dbc0eba - - default default] Delete volume request issued successfully.
2026-06-03 01:10:21.524 7 INFO cinder.api.openstack.wsgi [None req-800eaeed-b767-4405-8f4e-bd4b851f7fe1 b0b5ab34b49a403a85a4fee4f54f5f16 28c4ba8de37e4e2ebc4fb3e18dbc0eba - - default default] http://cinder-api.openstack.svc.cluster.local:8776/v3/28c4ba8de37e4e2ebc4fb3e18dbc0eba/volumes/6d612d02-2485-443b-a085-2eeb0e6d432b returned with HTTP 202 [pid: 7|app: 0|req: 470/944] 10.0.0.126 () {32 vars in 778 bytes} [Wed Jun 3 01:10:21 2026] DELETE /v3/28c4ba8de37e4e2ebc4fb3e18dbc0eba/volumes/6d612d02-2485-443b-a085-2eeb0e6d432b => generated 0 bytes in 43 msecs (HTTP/1.1 202) 6 headers in 233 bytes (1 switches on core 0) /var/lib/openstack/lib/python3.10/site-packages/pycadf/identifier.py:71: UserWarning: Invalid uuid: cinderv3. To ensure interoperability, identifiers should be a valid uuid. warnings.warn(('Invalid uuid: %s. To ensure interoperability, '
2026-06-03 01:10:21.538 8 INFO cinder.api.openstack.wsgi [None req-64728b48-487f-4f0f-828a-86759ef395a2 b0b5ab34b49a403a85a4fee4f54f5f16 28c4ba8de37e4e2ebc4fb3e18dbc0eba - - default default] GET http://cinder-api.openstack.svc.cluster.local:8776/v3/28c4ba8de37e4e2ebc4fb3e18dbc0eba/volumes/6d612d02-2485-443b-a085-2eeb0e6d432b /var/lib/openstack/lib/python3.10/site-packages/oslo_context/context.py:100: DeprecationWarning: Policy enforcement is depending on the value of is_admin. This key is deprecated. Please update your policy file to use the standard policy values. warnings.warn('Policy enforcement is depending on the value of '
2026-06-03 01:10:21.560 8 INFO cinder.volume.api [None req-64728b48-487f-4f0f-828a-86759ef395a2 b0b5ab34b49a403a85a4fee4f54f5f16 28c4ba8de37e4e2ebc4fb3e18dbc0eba - - default default] Volume info retrieved successfully.
2026-06-03 01:10:21.568 8 INFO cinder.api.openstack.wsgi [None req-64728b48-487f-4f0f-828a-86759ef395a2 b0b5ab34b49a403a85a4fee4f54f5f16 28c4ba8de37e4e2ebc4fb3e18dbc0eba - - default default] http://cinder-api.openstack.svc.cluster.local:8776/v3/28c4ba8de37e4e2ebc4fb3e18dbc0eba/volumes/6d612d02-2485-443b-a085-2eeb0e6d432b returned with HTTP 200 [pid: 8|app: 0|req: 475/945] 10.0.0.126 () {32 vars in 775 bytes} [Wed Jun 3 01:10:21 2026] GET /v3/28c4ba8de37e4e2ebc4fb3e18dbc0eba/volumes/6d612d02-2485-443b-a085-2eeb0e6d432b => generated 967 bytes in 39 msecs (HTTP/1.1 200) 7 headers in 285 bytes (1 switches on core 0) /var/lib/openstack/lib/python3.10/site-packages/pycadf/identifier.py:71: UserWarning: Invalid uuid: cinderv3. To ensure interoperability, identifiers should be a valid uuid. warnings.warn(('Invalid uuid: %s. To ensure interoperability, '
2026-06-03 01:10:22.592 7 INFO cinder.api.openstack.wsgi [None req-99c370a3-8960-4b87-8a37-4a0dfd6e4cc9 b0b5ab34b49a403a85a4fee4f54f5f16 28c4ba8de37e4e2ebc4fb3e18dbc0eba - - default default] GET http://cinder-api.openstack.svc.cluster.local:8776/v3/28c4ba8de37e4e2ebc4fb3e18dbc0eba/volumes/6d612d02-2485-443b-a085-2eeb0e6d432b
2026-06-03 01:10:22.604 7 INFO cinder.api.openstack.wsgi [None req-99c370a3-8960-4b87-8a37-4a0dfd6e4cc9 b0b5ab34b49a403a85a4fee4f54f5f16 28c4ba8de37e4e2ebc4fb3e18dbc0eba - - default default] http://cinder-api.openstack.svc.cluster.local:8776/v3/28c4ba8de37e4e2ebc4fb3e18dbc0eba/volumes/6d612d02-2485-443b-a085-2eeb0e6d432b returned with HTTP 404 [pid: 7|app: 0|req: 471/946] 10.0.0.126 () {32 vars in 775 bytes} [Wed Jun 3 01:10:22 2026] GET /v3/28c4ba8de37e4e2ebc4fb3e18dbc0eba/volumes/6d612d02-2485-443b-a085-2eeb0e6d432b => generated 109 bytes in 21 msecs (HTTP/1.1 404) 7 headers in 292 bytes (1 switches on core 0)
2026-06-03 01:10:24.797 8 INFO cinder.api.openstack.wsgi [None req-64728b48-487f-4f0f-828a-86759ef395a2 b0b5ab34b49a403a85a4fee4f54f5f16 28c4ba8de37e4e2ebc4fb3e18dbc0eba - - default default] GET http://10.0.0.178:8776/
2026-06-03 01:10:24.798 8 INFO cinder.api.openstack.wsgi [None req-64728b48-487f-4f0f-828a-86759ef395a2 b0b5ab34b49a403a85a4fee4f54f5f16 28c4ba8de37e4e2ebc4fb3e18dbc0eba - - default default] http://10.0.0.178:8776/ returned with HTTP 300
2026-06-03 01:10:24.799 7 INFO cinder.api.openstack.wsgi [None req-99c370a3-8960-4b87-8a37-4a0dfd6e4cc9 b0b5ab34b49a403a85a4fee4f54f5f16 28c4ba8de37e4e2ebc4fb3e18dbc0eba - - default default] GET http://10.0.0.178:8776/
2026-06-03 01:10:24.799 7 INFO cinder.api.openstack.wsgi [None req-99c370a3-8960-4b87-8a37-4a0dfd6e4cc9 b0b5ab34b49a403a85a4fee4f54f5f16 28c4ba8de37e4e2ebc4fb3e18dbc0eba - - default default] http://10.0.0.178:8776/ returned with HTTP 300
2026-06-03 01:10:34.788 8 INFO cinder.api.openstack.wsgi [None req-64728b48-487f-4f0f-828a-86759ef395a2 b0b5ab34b49a403a85a4fee4f54f5f16 28c4ba8de37e4e2ebc4fb3e18dbc0eba - - default default] GET http://10.0.0.178:8776/
2026-06-03 01:10:34.788 7 INFO cinder.api.openstack.wsgi [None req-99c370a3-8960-4b87-8a37-4a0dfd6e4cc9 b0b5ab34b49a403a85a4fee4f54f5f16 28c4ba8de37e4e2ebc4fb3e18dbc0eba - - default default] GET http://10.0.0.178:8776/
2026-06-03 01:10:34.789 8 INFO cinder.api.openstack.wsgi [None req-64728b48-487f-4f0f-828a-86759ef395a2 b0b5ab34b49a403a85a4fee4f54f5f16 28c4ba8de37e4e2ebc4fb3e18dbc0eba - - default default] http://10.0.0.178:8776/ returned with HTTP 300
2026-06-03 01:10:34.789 7 INFO cinder.api.openstack.wsgi [None req-99c370a3-8960-4b87-8a37-4a0dfd6e4cc9 b0b5ab34b49a403a85a4fee4f54f5f16 28c4ba8de37e4e2ebc4fb3e18dbc0eba - - default default] http://10.0.0.178:8776/ returned with HTTP 300
2026-06-03 01:10:44.788 8 INFO cinder.api.openstack.wsgi [None req-64728b48-487f-4f0f-828a-86759ef395a2 b0b5ab34b49a403a85a4fee4f54f5f16 28c4ba8de37e4e2ebc4fb3e18dbc0eba - - default default] GET http://10.0.0.178:8776/
2026-06-03 01:10:44.789 8 INFO cinder.api.openstack.wsgi [None req-64728b48-487f-4f0f-828a-86759ef395a2 b0b5ab34b49a403a85a4fee4f54f5f16 28c4ba8de37e4e2ebc4fb3e18dbc0eba - - default default] http://10.0.0.178:8776/ returned with HTTP 300
2026-06-03 01:10:44.789 7 INFO cinder.api.openstack.wsgi [None req-99c370a3-8960-4b87-8a37-4a0dfd6e4cc9 b0b5ab34b49a403a85a4fee4f54f5f16 28c4ba8de37e4e2ebc4fb3e18dbc0eba - - default default] GET http://10.0.0.178:8776/
2026-06-03 01:10:44.790 7 INFO cinder.api.openstack.wsgi [None req-99c370a3-8960-4b87-8a37-4a0dfd6e4cc9 b0b5ab34b49a403a85a4fee4f54f5f16 28c4ba8de37e4e2ebc4fb3e18dbc0eba - - default default] http://10.0.0.178:8776/ returned with HTTP 300
2026-06-03 01:10:54.788 8 INFO cinder.api.openstack.wsgi [None req-64728b48-487f-4f0f-828a-86759ef395a2 b0b5ab34b49a403a85a4fee4f54f5f16 28c4ba8de37e4e2ebc4fb3e18dbc0eba - - default default] GET http://10.0.0.178:8776/
2026-06-03 01:10:54.789 7 INFO cinder.api.openstack.wsgi [None req-99c370a3-8960-4b87-8a37-4a0dfd6e4cc9 b0b5ab34b49a403a85a4fee4f54f5f16 28c4ba8de37e4e2ebc4fb3e18dbc0eba - - default default] GET http://10.0.0.178:8776/
2026-06-03 01:10:54.789 8 INFO cinder.api.openstack.wsgi [None req-64728b48-487f-4f0f-828a-86759ef395a2 b0b5ab34b49a403a85a4fee4f54f5f16 28c4ba8de37e4e2ebc4fb3e18dbc0eba - - default default] http://10.0.0.178:8776/ returned with HTTP 300
2026-06-03 01:10:54.790 7 INFO cinder.api.openstack.wsgi [None req-99c370a3-8960-4b87-8a37-4a0dfd6e4cc9 b0b5ab34b49a403a85a4fee4f54f5f16 28c4ba8de37e4e2ebc4fb3e18dbc0eba - - default default] http://10.0.0.178:8776/ returned with HTTP 300
2026-06-03 01:11:04.787 7 INFO cinder.api.openstack.wsgi [None req-99c370a3-8960-4b87-8a37-4a0dfd6e4cc9 b0b5ab34b49a403a85a4fee4f54f5f16 28c4ba8de37e4e2ebc4fb3e18dbc0eba - - default default] GET http://10.0.0.178:8776/
2026-06-03 01:11:04.787 8 INFO cinder.api.openstack.wsgi [None req-64728b48-487f-4f0f-828a-86759ef395a2 b0b5ab34b49a403a85a4fee4f54f5f16 28c4ba8de37e4e2ebc4fb3e18dbc0eba - - default default] GET http://10.0.0.178:8776/
2026-06-03 01:11:04.789 7 INFO cinder.api.openstack.wsgi [None req-99c370a3-8960-4b87-8a37-4a0dfd6e4cc9 b0b5ab34b49a403a85a4fee4f54f5f16 28c4ba8de37e4e2ebc4fb3e18dbc0eba - - default default] http://10.0.0.178:8776/ returned with HTTP 300
2026-06-03 01:11:04.789 8 INFO cinder.api.openstack.wsgi [None req-64728b48-487f-4f0f-828a-86759ef395a2 b0b5ab34b49a403a85a4fee4f54f5f16 28c4ba8de37e4e2ebc4fb3e18dbc0eba - - default default] http://10.0.0.178:8776/ returned with HTTP 300
2026-06-03 01:11:14.787 7 INFO cinder.api.openstack.wsgi [None req-99c370a3-8960-4b87-8a37-4a0dfd6e4cc9 b0b5ab34b49a403a85a4fee4f54f5f16 28c4ba8de37e4e2ebc4fb3e18dbc0eba - - default default] GET http://10.0.0.178:8776/
2026-06-03 01:11:14.788 8 INFO cinder.api.openstack.wsgi [None req-64728b48-487f-4f0f-828a-86759ef395a2 b0b5ab34b49a403a85a4fee4f54f5f16 28c4ba8de37e4e2ebc4fb3e18dbc0eba - - default default] GET http://10.0.0.178:8776/
2026-06-03 01:11:14.789 7 INFO cinder.api.openstack.wsgi [None req-99c370a3-8960-4b87-8a37-4a0dfd6e4cc9 b0b5ab34b49a403a85a4fee4f54f5f16 28c4ba8de37e4e2ebc4fb3e18dbc0eba - - default default] http://10.0.0.178:8776/ returned with HTTP 300
2026-06-03 01:11:14.789 8 INFO cinder.api.openstack.wsgi [None req-64728b48-487f-4f0f-828a-86759ef395a2 b0b5ab34b49a403a85a4fee4f54f5f16 28c4ba8de37e4e2ebc4fb3e18dbc0eba - - default default] http://10.0.0.178:8776/ returned with HTTP 300
2026-06-03 01:11:15.582 7 INFO cinder.api.openstack.wsgi [None req-0ee2c509-5cb6-4e4f-8a53-26cdd23616a3 7d0384c5b26a420b94af87a146429a89 f096df4168b7404798a68562db186506 - - default default] GET http://cinder-api.openstack.svc.cluster.local:8776/v3/f096df4168b7404798a68562db186506/os-services
2026-06-03 01:11:15.590 7 INFO cinder.api.openstack.wsgi [None req-0ee2c509-5cb6-4e4f-8a53-26cdd23616a3 7d0384c5b26a420b94af87a146429a89 f096df4168b7404798a68562db186506 - - default default] http://cinder-api.openstack.svc.cluster.local:8776/v3/f096df4168b7404798a68562db186506/os-services returned with HTTP 200 [pid: 7|app: 0|req: 478/959] 10.0.0.22 () {28 vars in 644 bytes} [Wed Jun 3 01:11:15 2026] GET /v3/f096df4168b7404798a68562db186506/os-services => generated 646 bytes in 264 msecs (HTTP/1.1 200) 7 headers in 285 bytes (1 switches on core 0) /var/lib/openstack/lib/python3.10/site-packages/pycadf/identifier.py:71: UserWarning: Invalid uuid: cinderv3. To ensure interoperability, identifiers should be a valid uuid. warnings.warn(('Invalid uuid: %s. To ensure interoperability, '
2026-06-03 01:11:15.604 8 INFO cinder.api.openstack.wsgi [None req-adc5e637-508c-47ce-a235-2381b3b77d6e 7d0384c5b26a420b94af87a146429a89 f096df4168b7404798a68562db186506 - - default default] GET http://cinder-api.openstack.svc.cluster.local:8776/v3/f096df4168b7404798a68562db186506/snapshots?all_tenants=true
2026-06-03 01:11:15.613 8 INFO cinder.volume.api [None req-adc5e637-508c-47ce-a235-2381b3b77d6e 7d0384c5b26a420b94af87a146429a89 f096df4168b7404798a68562db186506 - - default default] Get all snapshots completed successfully.
2026-06-03 01:11:15.614 8 INFO cinder.api.openstack.wsgi [None req-adc5e637-508c-47ce-a235-2381b3b77d6e 7d0384c5b26a420b94af87a146429a89 f096df4168b7404798a68562db186506 - - default default] http://cinder-api.openstack.svc.cluster.local:8776/v3/f096df4168b7404798a68562db186506/snapshots?all_tenants=true returned with HTTP 200 [pid: 8|app: 0|req: 482/960] 10.0.0.22 () {28 vars in 673 bytes} [Wed Jun 3 01:11:15 2026] GET /v3/f096df4168b7404798a68562db186506/snapshots?all_tenants=true => generated 17 bytes in 18 msecs (HTTP/1.1 200) 7 headers in 284 bytes (1 switches on core 0)
2026-06-03 01:11:15.626 7 INFO cinder.api.openstack.wsgi [None req-735202bb-68b2-4798-b218-f8f0bf1117e6 7d0384c5b26a420b94af87a146429a89 f096df4168b7404798a68562db186506 - - default default] GET http://cinder-api.openstack.svc.cluster.local:8776/v3/f096df4168b7404798a68562db186506/volumes/detail?all_tenants=true
2026-06-03 01:11:15.639 7 INFO cinder.volume.api [None req-735202bb-68b2-4798-b218-f8f0bf1117e6 7d0384c5b26a420b94af87a146429a89 f096df4168b7404798a68562db186506 - - default default] Get all volumes completed successfully.
2026-06-03 01:11:15.641 7 INFO cinder.api.openstack.wsgi [None req-735202bb-68b2-4798-b218-f8f0bf1117e6 7d0384c5b26a420b94af87a146429a89 f096df4168b7404798a68562db186506 - - default default] http://cinder-api.openstack.svc.cluster.local:8776/v3/f096df4168b7404798a68562db186506/volumes/detail?all_tenants=true returned with HTTP 200 [pid: 7|app: 0|req: 479/961] 10.0.0.22 () {28 vars in 683 bytes} [Wed Jun 3 01:11:15 2026] GET /v3/f096df4168b7404798a68562db186506/volumes/detail?all_tenants=true => generated 15 bytes in 22 msecs (HTTP/1.1 200) 7 headers in 284 bytes (1 switches on core 0)
2026-06-03 01:11:15.657 8 INFO cinder.api.openstack.wsgi [None req-b0944216-1a1e-418f-a8c1-f637829c9010 7d0384c5b26a420b94af87a146429a89 f096df4168b7404798a68562db186506 - - default default] GET http://cinder-api.openstack.svc.cluster.local:8776/v3/f096df4168b7404798a68562db186506/volumes/detail?all_tenants=true
2026-06-03 01:11:15.678 8 INFO cinder.volume.api [None req-b0944216-1a1e-418f-a8c1-f637829c9010 7d0384c5b26a420b94af87a146429a89 f096df4168b7404798a68562db186506 - - default default] Get all volumes completed successfully.
2026-06-03 01:11:15.682 8 INFO cinder.api.openstack.wsgi [None req-b0944216-1a1e-418f-a8c1-f637829c9010 7d0384c5b26a420b94af87a146429a89 f096df4168b7404798a68562db186506 - - default default] http://cinder-api.openstack.svc.cluster.local:8776/v3/f096df4168b7404798a68562db186506/volumes/detail?all_tenants=true returned with HTTP 200 [pid: 8|app: 0|req: 483/962] 10.0.0.22 () {28 vars in 683 bytes} [Wed Jun 3 01:11:15 2026] GET /v3/f096df4168b7404798a68562db186506/volumes/detail?all_tenants=true => generated 15 bytes in 38 msecs (HTTP/1.1 200) 7 headers in 284 bytes (1 switches on core 0)
2026-06-03 01:11:15.697 7 INFO cinder.api.openstack.wsgi [None req-7b91c980-6510-4b39-95b4-9610f503c5d8 7d0384c5b26a420b94af87a146429a89 f096df4168b7404798a68562db186506 - - default default] GET http://cinder-api.openstack.svc.cluster.local:8776/v3/f096df4168b7404798a68562db186506/scheduler-stats/get_pools?detail=true
2026-06-03 01:11:15.718 7 INFO cinder.api.openstack.wsgi [None req-7b91c980-6510-4b39-95b4-9610f503c5d8 7d0384c5b26a420b94af87a146429a89 f096df4168b7404798a68562db186506 - - default default] http://cinder-api.openstack.svc.cluster.local:8776/v3/f096df4168b7404798a68562db186506/scheduler-stats/get_pools?detail=true returned with HTTP 200 [pid: 7|app: 0|req: 480/963] 10.0.0.22 () {28 vars in 695 bytes} [Wed Jun 3 01:11:15 2026] GET /v3/f096df4168b7404798a68562db186506/scheduler-stats/get_pools?detail=true => generated 670 bytes in 31 msecs (HTTP/1.1 200) 7 headers in 285 bytes (1 switches on core 0)
2026-06-03 01:11:15.768 8 INFO cinder.api.openstack.wsgi [None req-55893c0e-605d-49f4-b38e-4c862e33a8ee 7d0384c5b26a420b94af87a146429a89 f096df4168b7404798a68562db186506 - - default default] GET http://cinder-api.openstack.svc.cluster.local:8776/v3/f096df4168b7404798a68562db186506/os-quota-sets/26ff17a723194444a3d407aa52afc42e?usage=true
2026-06-03 01:11:15.807 8 INFO cinder.api.openstack.wsgi [None req-55893c0e-605d-49f4-b38e-4c862e33a8ee 7d0384c5b26a420b94af87a146429a89 f096df4168b7404798a68562db186506 - - default default] http://cinder-api.openstack.svc.cluster.local:8776/v3/f096df4168b7404798a68562db186506/os-quota-sets/26ff17a723194444a3d407aa52afc42e?usage=true returned with HTTP 200 [pid: 8|app: 0|req: 484/964] 10.0.0.22 () {28 vars in 735 bytes} [Wed Jun 3 01:11:15 2026] GET /v3/f096df4168b7404798a68562db186506/os-quota-sets/26ff17a723194444a3d407aa52afc42e?usage=true => generated 845 bytes in 50 msecs (HTTP/1.1 200) 7 headers in 285 bytes (1 switches on core 0)
2026-06-03 01:11:15.824 7 INFO cinder.api.openstack.wsgi [None req-bc8c232c-93ee-4545-a943-691e51df5894 7d0384c5b26a420b94af87a146429a89 f096df4168b7404798a68562db186506 - - default default] GET http://cinder-api.openstack.svc.cluster.local:8776/v3/f096df4168b7404798a68562db186506/os-quota-sets/4ac306ea586541daa00f567005ea8995?usage=true
2026-06-03 01:11:15.860 7 INFO cinder.api.openstack.wsgi [None req-bc8c232c-93ee-4545-a943-691e51df5894 7d0384c5b26a420b94af87a146429a89 f096df4168b7404798a68562db186506 - - default default] http://cinder-api.openstack.svc.cluster.local:8776/v3/f096df4168b7404798a68562db186506/os-quota-sets/4ac306ea586541daa00f567005ea8995?usage=true returned with HTTP 200 [pid: 7|app: 0|req: 481/965] 10.0.0.22 () {28 vars in 735 bytes} [Wed Jun 3 01:11:15 2026] GET /v3/f096df4168b7404798a68562db186506/os-quota-sets/4ac306ea586541daa00f567005ea8995?usage=true => generated 847 bytes in 48 msecs (HTTP/1.1 200) 7 headers in 285 bytes (1 switches on core 0)
2026-06-03 01:11:15.875 8 INFO cinder.api.openstack.wsgi [None req-e4688258-7d26-4b11-96eb-6ff23a1edc51 7d0384c5b26a420b94af87a146429a89 f096df4168b7404798a68562db186506 - - default default] GET http://cinder-api.openstack.svc.cluster.local:8776/v3/f096df4168b7404798a68562db186506/os-quota-sets/54942b0db4f14223aa06f7b3a71f1187?usage=true
2026-06-03 01:11:15.914 8 INFO cinder.api.openstack.wsgi [None req-e4688258-7d26-4b11-96eb-6ff23a1edc51 7d0384c5b26a420b94af87a146429a89 f096df4168b7404798a68562db186506 - - default default] http://cinder-api.openstack.svc.cluster.local:8776/v3/f096df4168b7404798a68562db186506/os-quota-sets/54942b0db4f14223aa06f7b3a71f1187?usage=true returned with HTTP 200 [pid: 8|app: 0|req: 485/966] 10.0.0.22 () {28 vars in 735 bytes} [Wed Jun 3 01:11:15 2026] GET /v3/f096df4168b7404798a68562db186506/os-quota-sets/54942b0db4f14223aa06f7b3a71f1187?usage=true => generated 847 bytes in 50 msecs (HTTP/1.1 200) 7 headers in 285 bytes (1 switches on core 0)
2026-06-03 01:11:15.933 7 INFO cinder.api.openstack.wsgi [None req-fb463edb-1aeb-4b61-bb08-c44937438065 7d0384c5b26a420b94af87a146429a89 f096df4168b7404798a68562db186506 - - default default] GET http://cinder-api.openstack.svc.cluster.local:8776/v3/f096df4168b7404798a68562db186506/os-quota-sets/650d43cb6ab14b9883ae121e9b14b8a2?usage=true
2026-06-03 01:11:15.968 7 INFO cinder.api.openstack.wsgi [None req-fb463edb-1aeb-4b61-bb08-c44937438065 7d0384c5b26a420b94af87a146429a89 f096df4168b7404798a68562db186506 - - default default] http://cinder-api.openstack.svc.cluster.local:8776/v3/f096df4168b7404798a68562db186506/os-quota-sets/650d43cb6ab14b9883ae121e9b14b8a2?usage=true returned with HTTP 200 [pid: 7|app: 0|req: 482/967] 10.0.0.22 () {28 vars in 735 bytes} [Wed Jun 3 01:11:15 2026] GET /v3/f096df4168b7404798a68562db186506/os-quota-sets/650d43cb6ab14b9883ae121e9b14b8a2?usage=true => generated 847 bytes in 49 msecs (HTTP/1.1 200) 7 headers in 285 bytes (1 switches on core 0)
2026-06-03 01:11:15.994 8 INFO cinder.api.openstack.wsgi [None req-b46c15fb-ae43-4113-9dd1-032b6c79e0a1 7d0384c5b26a420b94af87a146429a89 f096df4168b7404798a68562db186506 - - default default] GET http://cinder-api.openstack.svc.cluster.local:8776/v3/f096df4168b7404798a68562db186506/os-quota-sets/6a39d18f0a3a444c9c9f0678d63bb6c6?usage=true
2026-06-03 01:11:16.038 8 INFO cinder.api.openstack.wsgi [None req-b46c15fb-ae43-4113-9dd1-032b6c79e0a1 7d0384c5b26a420b94af87a146429a89 f096df4168b7404798a68562db186506 - - default default] http://cinder-api.openstack.svc.cluster.local:8776/v3/f096df4168b7404798a68562db186506/os-quota-sets/6a39d18f0a3a444c9c9f0678d63bb6c6?usage=true returned with HTTP 200 [pid: 8|app: 0|req: 486/968] 10.0.0.22 () {28 vars in 735 bytes} [Wed Jun 3 01:11:15 2026] GET /v3/f096df4168b7404798a68562db186506/os-quota-sets/6a39d18f0a3a444c9c9f0678d63bb6c6?usage=true => generated 847 bytes in 60 msecs (HTTP/1.1 200) 7 headers in 285 bytes (1 switches on core 0)
2026-06-03 01:11:16.049 7 INFO cinder.api.openstack.wsgi [None req-ac7156d2-866c-4b07-ad88-94eea3c0187e 7d0384c5b26a420b94af87a146429a89 f096df4168b7404798a68562db186506 - - default default] GET http://cinder-api.openstack.svc.cluster.local:8776/v3/f096df4168b7404798a68562db186506/os-quota-sets/8086e52668914d6180388352e6c4e7da?usage=true
2026-06-03 01:11:16.084 7 INFO cinder.api.openstack.wsgi [None req-ac7156d2-866c-4b07-ad88-94eea3c0187e 7d0384c5b26a420b94af87a146429a89 f096df4168b7404798a68562db186506 - - default default] http://cinder-api.openstack.svc.cluster.local:8776/v3/f096df4168b7404798a68562db186506/os-quota-sets/8086e52668914d6180388352e6c4e7da?usage=true returned with HTTP 200 [pid: 7|app: 0|req: 483/969] 10.0.0.22 () {28 vars in 735 bytes} [Wed Jun 3 01:11:16 2026] GET /v3/f096df4168b7404798a68562db186506/os-quota-sets/8086e52668914d6180388352e6c4e7da?usage=true => generated 847 bytes in 42 msecs (HTTP/1.1 200) 7 headers in 285 bytes (1 switches on core 0)
2026-06-03 01:11:16.101 8 INFO cinder.api.openstack.wsgi [None req-85faa08a-41c2-4c7d-8442-93062a59b64e 7d0384c5b26a420b94af87a146429a89 f096df4168b7404798a68562db186506 - - default default] GET http://cinder-api.openstack.svc.cluster.local:8776/v3/f096df4168b7404798a68562db186506/os-quota-sets/a5d25de04d4545f4b640d45097fe6929?usage=true
2026-06-03 01:11:16.135 8 INFO cinder.api.openstack.wsgi [None req-85faa08a-41c2-4c7d-8442-93062a59b64e 7d0384c5b26a420b94af87a146429a89 f096df4168b7404798a68562db186506 - - default default] http://cinder-api.openstack.svc.cluster.local:8776/v3/f096df4168b7404798a68562db186506/os-quota-sets/a5d25de04d4545f4b640d45097fe6929?usage=true returned with HTTP 200 [pid: 8|app: 0|req: 487/970] 10.0.0.22 () {28 vars in 735 bytes} [Wed Jun 3 01:11:16 2026] GET /v3/f096df4168b7404798a68562db186506/os-quota-sets/a5d25de04d4545f4b640d45097fe6929?usage=true => generated 847 bytes in 45 msecs (HTTP/1.1 200) 7 headers in 285 bytes (1 switches on core 0)
2026-06-03 01:11:16.154 7 INFO cinder.api.openstack.wsgi [None req-adc38d69-cbd0-49ea-8368-49b9889868e5 7d0384c5b26a420b94af87a146429a89 f096df4168b7404798a68562db186506 - - default default] GET http://cinder-api.openstack.svc.cluster.local:8776/v3/f096df4168b7404798a68562db186506/os-quota-sets/d5ad06739c0c4bc296e6d5ed50bfdabf?usage=true
2026-06-03 01:11:16.179 7 INFO cinder.api.openstack.wsgi [None req-adc38d69-cbd0-49ea-8368-49b9889868e5 7d0384c5b26a420b94af87a146429a89 f096df4168b7404798a68562db186506 - - default default] http://cinder-api.openstack.svc.cluster.local:8776/v3/f096df4168b7404798a68562db186506/os-quota-sets/d5ad06739c0c4bc296e6d5ed50bfdabf?usage=true returned with HTTP 200 [pid: 7|app: 0|req: 484/971] 10.0.0.22 () {28 vars in 735 bytes} [Wed Jun 3 01:11:16 2026] GET /v3/f096df4168b7404798a68562db186506/os-quota-sets/d5ad06739c0c4bc296e6d5ed50bfdabf?usage=true => generated 847 bytes in 35 msecs (HTTP/1.1 200) 7 headers in 285 bytes (1 switches on core 0)
2026-06-03 01:11:16.204 8 INFO cinder.api.openstack.wsgi [None req-abb5ffbe-9e79-466c-8914-79d93e204d28 7d0384c5b26a420b94af87a146429a89 f096df4168b7404798a68562db186506 - - default default] GET http://cinder-api.openstack.svc.cluster.local:8776/v3/f096df4168b7404798a68562db186506/os-quota-sets/ed995ac3371a485da6569800f2154083?usage=true
2026-06-03 01:11:16.250 8 INFO cinder.api.openstack.wsgi [None req-abb5ffbe-9e79-466c-8914-79d93e204d28 7d0384c5b26a420b94af87a146429a89 f096df4168b7404798a68562db186506 - - default default] http://cinder-api.openstack.svc.cluster.local:8776/v3/f096df4168b7404798a68562db186506/os-quota-sets/ed995ac3371a485da6569800f2154083?usage=true returned with HTTP 200 [pid: 8|app: 0|req: 488/972] 10.0.0.22 () {28 vars in 735 bytes} [Wed Jun 3 01:11:16 2026] GET /v3/f096df4168b7404798a68562db186506/os-quota-sets/ed995ac3371a485da6569800f2154083?usage=true => generated 847 bytes in 67 msecs (HTTP/1.1 200) 7 headers in 285 bytes (1 switches on core 0)
2026-06-03 01:11:16.270 7 INFO cinder.api.openstack.wsgi [None req-33e655a7-04f6-4c3b-8234-03448c6e5670 7d0384c5b26a420b94af87a146429a89 f096df4168b7404798a68562db186506 - - default default] GET http://cinder-api.openstack.svc.cluster.local:8776/v3/f096df4168b7404798a68562db186506/os-quota-sets/f096df4168b7404798a68562db186506?usage=true
2026-06-03 01:11:16.299 7 INFO cinder.api.openstack.wsgi [None req-33e655a7-04f6-4c3b-8234-03448c6e5670 7d0384c5b26a420b94af87a146429a89 f096df4168b7404798a68562db186506 - - default default] http://cinder-api.openstack.svc.cluster.local:8776/v3/f096df4168b7404798a68562db186506/os-quota-sets/f096df4168b7404798a68562db186506?usage=true returned with HTTP 200 [pid: 7|app: 0|req: 485/973] 10.0.0.22 () {28 vars in 735 bytes} [Wed Jun 3 01:11:16 2026] GET /v3/f096df4168b7404798a68562db186506/os-quota-sets/f096df4168b7404798a68562db186506?usage=true => generated 845 bytes in 41 msecs (HTTP/1.1 200) 7 headers in 285 bytes (1 switches on core 0)
2026-06-03 01:11:16.315 8 INFO cinder.api.openstack.wsgi [None req-300cd966-c144-4dee-a1b3-a3a5cba07f28 7d0384c5b26a420b94af87a146429a89 f096df4168b7404798a68562db186506 - - default default] GET http://cinder-api.openstack.svc.cluster.local:8776/v3/f096df4168b7404798a68562db186506/os-quota-sets/f3b9698c3ab24b02b89c1fdfbdc83b76?usage=true
2026-06-03 01:11:16.342 8 INFO cinder.api.openstack.wsgi [None req-300cd966-c144-4dee-a1b3-a3a5cba07f28 7d0384c5b26a420b94af87a146429a89 f096df4168b7404798a68562db186506 - - default default] http://cinder-api.openstack.svc.cluster.local:8776/v3/f096df4168b7404798a68562db186506/os-quota-sets/f3b9698c3ab24b02b89c1fdfbdc83b76?usage=true returned with HTTP 200 [pid: 8|app: 0|req: 489/974] 10.0.0.22 () {28 vars in 735 bytes} [Wed Jun 3 01:11:16 2026] GET /v3/f096df4168b7404798a68562db186506/os-quota-sets/f3b9698c3ab24b02b89c1fdfbdc83b76?usage=true => generated 847 bytes in 37 msecs (HTTP/1.1 200) 7 headers in 285 bytes (1 switches on core 0)
2026-06-03 01:11:24.788 7 INFO cinder.api.openstack.wsgi [None req-33e655a7-04f6-4c3b-8234-03448c6e5670 7d0384c5b26a420b94af87a146429a89 f096df4168b7404798a68562db186506 - - default default] GET http://10.0.0.178:8776/
2026-06-03 01:11:24.788 8 INFO cinder.api.openstack.wsgi [None req-300cd966-c144-4dee-a1b3-a3a5cba07f28 7d0384c5b26a420b94af87a146429a89 f096df4168b7404798a68562db186506 - - default default] GET http://10.0.0.178:8776/
2026-06-03 01:11:24.789 8 INFO cinder.api.openstack.wsgi [None req-300cd966-c144-4dee-a1b3-a3a5cba07f28 7d0384c5b26a420b94af87a146429a89 f096df4168b7404798a68562db186506 - - default default] http://10.0.0.178:8776/ returned with HTTP 300
2026-06-03 01:11:24.789 7 INFO cinder.api.openstack.wsgi [None req-33e655a7-04f6-4c3b-8234-03448c6e5670 7d0384c5b26a420b94af87a146429a89 f096df4168b7404798a68562db186506 - - default default] http://10.0.0.178:8776/ returned with HTTP 300
2026-06-03 01:11:34.788 8 INFO cinder.api.openstack.wsgi [None req-300cd966-c144-4dee-a1b3-a3a5cba07f28 7d0384c5b26a420b94af87a146429a89 f096df4168b7404798a68562db186506 - - default default] GET http://10.0.0.178:8776/
2026-06-03 01:11:34.789 8 INFO cinder.api.openstack.wsgi [None req-300cd966-c144-4dee-a1b3-a3a5cba07f28 7d0384c5b26a420b94af87a146429a89 f096df4168b7404798a68562db186506 - - default default] http://10.0.0.178:8776/ returned with HTTP 300
2026-06-03 01:11:34.788 7 INFO cinder.api.openstack.wsgi [None req-33e655a7-04f6-4c3b-8234-03448c6e5670 7d0384c5b26a420b94af87a146429a89 f096df4168b7404798a68562db186506 - - default default] GET http://10.0.0.178:8776/
2026-06-03 01:11:34.791 7 INFO cinder.api.openstack.wsgi [None req-33e655a7-04f6-4c3b-8234-03448c6e5670 7d0384c5b26a420b94af87a146429a89 f096df4168b7404798a68562db186506 - - default default] http://10.0.0.178:8776/ returned with HTTP 300
2026-06-03 01:11:43.790 8 INFO cinder.api.openstack.wsgi [None req-d598ceeb-3349-466f-abde-805cbf262c76 7d0384c5b26a420b94af87a146429a89 f096df4168b7404798a68562db186506 - - default default] POST http://cinder-api.openstack.svc.cluster.local:8776/v3/f096df4168b7404798a68562db186506/volumes
2026-06-03 01:11:43.891 8 INFO cinder.api.v3.volumes [None req-d598ceeb-3349-466f-abde-805cbf262c76 7d0384c5b26a420b94af87a146429a89 f096df4168b7404798a68562db186506 - - default default] Create volume of 16 GB
2026-06-03 01:11:43.898 8 INFO cinder.volume.api [None req-d598ceeb-3349-466f-abde-805cbf262c76 7d0384c5b26a420b94af87a146429a89 f096df4168b7404798a68562db186506 - - default default] Availability Zones retrieved successfully.
2026-06-03 01:11:44.112 8 INFO cinder.volume.api [None req-d598ceeb-3349-466f-abde-805cbf262c76 7d0384c5b26a420b94af87a146429a89 f096df4168b7404798a68562db186506 - - default default] Create volume request issued successfully.
2026-06-03 01:11:44.113 8 INFO cinder.api.openstack.wsgi [None req-d598ceeb-3349-466f-abde-805cbf262c76 7d0384c5b26a420b94af87a146429a89 f096df4168b7404798a68562db186506 - - default default] http://cinder-api.openstack.svc.cluster.local:8776/v3/f096df4168b7404798a68562db186506/volumes returned with HTTP 202 [pid: 8|app: 0|req: 492/979] 199.204.45.216 () {34 vars in 734 bytes} [Wed Jun 3 01:11:43 2026] POST /v3/f096df4168b7404798a68562db186506/volumes => generated 846 bytes in 378 msecs (HTTP/1.1 202) 7 headers in 291 bytes (1 switches on core 0)
2026-06-03 01:11:44.126 7 INFO cinder.api.openstack.wsgi [req-d598ceeb-3349-466f-abde-805cbf262c76 req-263a8e57-6e01-43f7-93b2-b2e5c52951cd 7d0384c5b26a420b94af87a146429a89 f096df4168b7404798a68562db186506 - - default default] GET http://cinder-api.openstack.svc.cluster.local:8776/v3/f096df4168b7404798a68562db186506/volumes/ae72bec1-082d-4b27-9e66-a11e19a2c98e /var/lib/openstack/lib/python3.10/site-packages/oslo_context/context.py:100: DeprecationWarning: Policy enforcement is depending on the value of is_admin. This key is deprecated. Please update your policy file to use the standard policy values. warnings.warn('Policy enforcement is depending on the value of '
2026-06-03 01:11:44.159 7 INFO cinder.volume.api [req-d598ceeb-3349-466f-abde-805cbf262c76 req-263a8e57-6e01-43f7-93b2-b2e5c52951cd 7d0384c5b26a420b94af87a146429a89 f096df4168b7404798a68562db186506 - - default default] Volume info retrieved successfully.
2026-06-03 01:11:44.164 7 INFO cinder.api.openstack.wsgi [req-d598ceeb-3349-466f-abde-805cbf262c76 req-263a8e57-6e01-43f7-93b2-b2e5c52951cd 7d0384c5b26a420b94af87a146429a89 f096df4168b7404798a68562db186506 - - default default] http://cinder-api.openstack.svc.cluster.local:8776/v3/f096df4168b7404798a68562db186506/volumes/ae72bec1-082d-4b27-9e66-a11e19a2c98e returned with HTTP 200 [pid: 7|app: 0|req: 488/980] 199.204.45.216 () {32 vars in 825 bytes} [Wed Jun 3 01:11:44 2026] GET /v3/f096df4168b7404798a68562db186506/volumes/ae72bec1-082d-4b27-9e66-a11e19a2c98e => generated 1025 bytes in 43 msecs (HTTP/1.1 200) 7 headers in 286 bytes (1 switches on core 0)
2026-06-03 01:11:44.787 7 INFO cinder.api.openstack.wsgi [req-d598ceeb-3349-466f-abde-805cbf262c76 req-263a8e57-6e01-43f7-93b2-b2e5c52951cd 7d0384c5b26a420b94af87a146429a89 f096df4168b7404798a68562db186506 - - default default] GET http://10.0.0.178:8776/
2026-06-03 01:11:44.788 8 INFO cinder.api.openstack.wsgi [None req-d598ceeb-3349-466f-abde-805cbf262c76 7d0384c5b26a420b94af87a146429a89 f096df4168b7404798a68562db186506 - - default default] GET http://10.0.0.178:8776/
2026-06-03 01:11:44.789 7 INFO cinder.api.openstack.wsgi [req-d598ceeb-3349-466f-abde-805cbf262c76 req-263a8e57-6e01-43f7-93b2-b2e5c52951cd 7d0384c5b26a420b94af87a146429a89 f096df4168b7404798a68562db186506 - - default default] http://10.0.0.178:8776/ returned with HTTP 300
2026-06-03 01:11:44.789 8 INFO cinder.api.openstack.wsgi [None req-d598ceeb-3349-466f-abde-805cbf262c76 7d0384c5b26a420b94af87a146429a89 f096df4168b7404798a68562db186506 - - default default] http://10.0.0.178:8776/ returned with HTTP 300 /var/lib/openstack/lib/python3.10/site-packages/pycadf/identifier.py:71: UserWarning: Invalid uuid: cinderv3. To ensure interoperability, identifiers should be a valid uuid. warnings.warn(('Invalid uuid: %s. To ensure interoperability, '
2026-06-03 01:11:49.189 7 INFO cinder.api.openstack.wsgi [req-d598ceeb-3349-466f-abde-805cbf262c76 req-39c0cd35-3741-4b1f-8d92-a10bbde1b7cb 7d0384c5b26a420b94af87a146429a89 f096df4168b7404798a68562db186506 - - default default] GET http://cinder-api.openstack.svc.cluster.local:8776/v3/f096df4168b7404798a68562db186506/volumes/ae72bec1-082d-4b27-9e66-a11e19a2c98e /var/lib/openstack/lib/python3.10/site-packages/oslo_context/context.py:100: DeprecationWarning: Policy enforcement is depending on the value of is_admin. This key is deprecated. Please update your policy file to use the standard policy values. warnings.warn('Policy enforcement is depending on the value of '
2026-06-03 01:11:49.208 7 INFO cinder.volume.api [req-d598ceeb-3349-466f-abde-805cbf262c76 req-39c0cd35-3741-4b1f-8d92-a10bbde1b7cb 7d0384c5b26a420b94af87a146429a89 f096df4168b7404798a68562db186506 - - default default] Volume info retrieved successfully.
2026-06-03 01:11:49.218 7 INFO cinder.api.openstack.wsgi [req-d598ceeb-3349-466f-abde-805cbf262c76 req-39c0cd35-3741-4b1f-8d92-a10bbde1b7cb 7d0384c5b26a420b94af87a146429a89 f096df4168b7404798a68562db186506 - - default default] http://cinder-api.openstack.svc.cluster.local:8776/v3/f096df4168b7404798a68562db186506/volumes/ae72bec1-082d-4b27-9e66-a11e19a2c98e returned with HTTP 200 [pid: 7|app: 0|req: 490/983] 199.204.45.216 () {32 vars in 825 bytes} [Wed Jun 3 01:11:49 2026] GET /v3/f096df4168b7404798a68562db186506/volumes/ae72bec1-082d-4b27-9e66-a11e19a2c98e => generated 1675 bytes in 38 msecs (HTTP/1.1 200) 7 headers in 286 bytes (1 switches on core 0) /var/lib/openstack/lib/python3.10/site-packages/pycadf/identifier.py:71: UserWarning: Invalid uuid: cinderv3. To ensure interoperability, identifiers should be a valid uuid. warnings.warn(('Invalid uuid: %s. To ensure interoperability, '
2026-06-03 01:11:49.767 8 INFO cinder.api.openstack.wsgi [req-c5c313a3-b2f2-416c-8ed2-1f92fb03c8f6 req-31042e5a-fbc9-4b8e-86f2-49f56a167a40 7d0384c5b26a420b94af87a146429a89 f096df4168b7404798a68562db186506 - - default default] GET http://cinder-api.openstack.svc.cluster.local:8776/v3/f096df4168b7404798a68562db186506/volumes/ae72bec1-082d-4b27-9e66-a11e19a2c98e /var/lib/openstack/lib/python3.10/site-packages/oslo_context/context.py:100: DeprecationWarning: Policy enforcement is depending on the value of is_admin. This key is deprecated. Please update your policy file to use the standard policy values. warnings.warn('Policy enforcement is depending on the value of '
2026-06-03 01:11:49.783 8 INFO cinder.volume.api [req-c5c313a3-b2f2-416c-8ed2-1f92fb03c8f6 req-31042e5a-fbc9-4b8e-86f2-49f56a167a40 7d0384c5b26a420b94af87a146429a89 f096df4168b7404798a68562db186506 - - default default] Volume info retrieved successfully.
2026-06-03 01:11:49.790 8 INFO cinder.api.openstack.wsgi [req-c5c313a3-b2f2-416c-8ed2-1f92fb03c8f6 req-31042e5a-fbc9-4b8e-86f2-49f56a167a40 7d0384c5b26a420b94af87a146429a89 f096df4168b7404798a68562db186506 - - default default] http://cinder-api.openstack.svc.cluster.local:8776/v3/f096df4168b7404798a68562db186506/volumes/ae72bec1-082d-4b27-9e66-a11e19a2c98e returned with HTTP 200 [pid: 8|app: 0|req: 494/984] 10.0.0.110 () {34 vars in 1028 bytes} [Wed Jun 3 01:11:49 2026] GET /v3/f096df4168b7404798a68562db186506/volumes/ae72bec1-082d-4b27-9e66-a11e19a2c98e => generated 1675 bytes in 71 msecs (HTTP/1.1 200) 7 headers in 286 bytes (1 switches on core 0) /var/lib/openstack/lib/python3.10/site-packages/pycadf/identifier.py:71: UserWarning: Invalid uuid: cinderv3. To ensure interoperability, identifiers should be a valid uuid. warnings.warn(('Invalid uuid: %s. To ensure interoperability, '
2026-06-03 01:11:50.349 7 INFO cinder.api.openstack.wsgi [req-c5c313a3-b2f2-416c-8ed2-1f92fb03c8f6 req-8bfadadf-7e44-4e52-9055-0a95e5320d71 7d0384c5b26a420b94af87a146429a89 f096df4168b7404798a68562db186506 - - default default] GET http://cinder-api.openstack.svc.cluster.local:8776/v3/f096df4168b7404798a68562db186506/volumes/ae72bec1-082d-4b27-9e66-a11e19a2c98e /var/lib/openstack/lib/python3.10/site-packages/oslo_context/context.py:100: DeprecationWarning: Policy enforcement is depending on the value of is_admin. This key is deprecated. Please update your policy file to use the standard policy values. warnings.warn('Policy enforcement is depending on the value of '
2026-06-03 01:11:50.365 7 INFO cinder.volume.api [req-c5c313a3-b2f2-416c-8ed2-1f92fb03c8f6 req-8bfadadf-7e44-4e52-9055-0a95e5320d71 7d0384c5b26a420b94af87a146429a89 f096df4168b7404798a68562db186506 - - default default] Volume info retrieved successfully.
2026-06-03 01:11:50.372 7 INFO cinder.api.openstack.wsgi [req-c5c313a3-b2f2-416c-8ed2-1f92fb03c8f6 req-8bfadadf-7e44-4e52-9055-0a95e5320d71 7d0384c5b26a420b94af87a146429a89 f096df4168b7404798a68562db186506 - - default default] http://cinder-api.openstack.svc.cluster.local:8776/v3/f096df4168b7404798a68562db186506/volumes/ae72bec1-082d-4b27-9e66-a11e19a2c98e returned with HTTP 200 [pid: 7|app: 0|req: 491/985] 10.0.0.110 () {34 vars in 1028 bytes} [Wed Jun 3 01:11:50 2026] GET /v3/f096df4168b7404798a68562db186506/volumes/ae72bec1-082d-4b27-9e66-a11e19a2c98e => generated 1675 bytes in 34 msecs (HTTP/1.1 200) 7 headers in 286 bytes (1 switches on core 0)
2026-06-03 01:11:50.384 8 INFO cinder.api.openstack.wsgi [req-c5c313a3-b2f2-416c-8ed2-1f92fb03c8f6 req-31042e5a-fbc9-4b8e-86f2-49f56a167a40 7d0384c5b26a420b94af87a146429a89 f096df4168b7404798a68562db186506 - - default default] GET http://cinder-api.openstack.svc.cluster.local:8776/
2026-06-03 01:11:50.386 8 INFO cinder.api.openstack.wsgi [req-c5c313a3-b2f2-416c-8ed2-1f92fb03c8f6 req-31042e5a-fbc9-4b8e-86f2-49f56a167a40 7d0384c5b26a420b94af87a146429a89 f096df4168b7404798a68562db186506 - - default default] http://cinder-api.openstack.svc.cluster.local:8776/ returned with HTTP 300 [pid: 8|app: 0|req: 495/986] 10.0.0.110 () {32 vars in 829 bytes} [Wed Jun 3 01:11:50 2026] GET / => generated 411 bytes in 3 msecs (HTTP/1.1 300) 5 headers in 169 bytes (1 switches on core 0) /var/lib/openstack/lib/python3.10/site-packages/pycadf/identifier.py:71: UserWarning: Invalid uuid: cinderv3. To ensure interoperability, identifiers should be a valid uuid. warnings.warn(('Invalid uuid: %s. To ensure interoperability, '
2026-06-03 01:11:50.398 7 INFO cinder.api.openstack.wsgi [req-c5c313a3-b2f2-416c-8ed2-1f92fb03c8f6 req-b04c794b-2eb6-4132-84a5-b483d7147158 7d0384c5b26a420b94af87a146429a89 f096df4168b7404798a68562db186506 - - default default] POST http://cinder-api.openstack.svc.cluster.local:8776/v3/f096df4168b7404798a68562db186506/attachments /var/lib/openstack/lib/python3.10/site-packages/oslo_context/context.py:100: DeprecationWarning: Policy enforcement is depending on the value of is_admin. This key is deprecated. Please update your policy file to use the standard policy values. warnings.warn('Policy enforcement is depending on the value of '
2026-06-03 01:11:50.450 7 INFO cinder.api.openstack.wsgi [req-c5c313a3-b2f2-416c-8ed2-1f92fb03c8f6 req-b04c794b-2eb6-4132-84a5-b483d7147158 7d0384c5b26a420b94af87a146429a89 f096df4168b7404798a68562db186506 - - default default] http://cinder-api.openstack.svc.cluster.local:8776/v3/f096df4168b7404798a68562db186506/attachments returned with HTTP 200 [pid: 7|app: 0|req: 492/987] 10.0.0.110 () {40 vars in 1057 bytes} [Wed Jun 3 01:11:50 2026] POST /v3/f096df4168b7404798a68562db186506/attachments => generated 273 bytes in 61 msecs (HTTP/1.1 200) 7 headers in 286 bytes (1 switches on core 0) /var/lib/openstack/lib/python3.10/site-packages/pycadf/identifier.py:71: UserWarning: Invalid uuid: cinderv3. To ensure interoperability, identifiers should be a valid uuid. warnings.warn(('Invalid uuid: %s. To ensure interoperability, '
2026-06-03 01:11:50.955 8 INFO cinder.api.openstack.wsgi [req-d598ceeb-3349-466f-abde-805cbf262c76 req-d360fc00-19b2-493f-aa9a-004b16bee273 7d0384c5b26a420b94af87a146429a89 f096df4168b7404798a68562db186506 - - default default] GET http://cinder-api.openstack.svc.cluster.local:8776/v3/f096df4168b7404798a68562db186506/volumes/ae72bec1-082d-4b27-9e66-a11e19a2c98e /var/lib/openstack/lib/python3.10/site-packages/oslo_context/context.py:100: DeprecationWarning: Policy enforcement is depending on the value of is_admin. This key is deprecated. Please update your policy file to use the standard policy values. warnings.warn('Policy enforcement is depending on the value of '
2026-06-03 01:11:50.982 8 INFO cinder.volume.api [req-d598ceeb-3349-466f-abde-805cbf262c76 req-d360fc00-19b2-493f-aa9a-004b16bee273 7d0384c5b26a420b94af87a146429a89 f096df4168b7404798a68562db186506 - - default default] Volume info retrieved successfully.
