Jun 29 04:55:36.754675 np0000183403 neutron-rpc-server[105308]: DEBUG cotyledon.oslo_config_glue [-] placement.timeout = None {{(pid=105308) log_opt_values /opt/stack/data/venv/lib/python3.12/site-packages/oslo_config/cfg.py:3253}}
Jun 29 04:55:36.754675 np0000183403 neutron-rpc-server[105308]: DEBUG cotyledon.oslo_config_glue [-] ironic.auth_section = None {{(pid=105308) log_opt_values /opt/stack/data/venv/lib/python3.12/site-packages/oslo_config/cfg.py:3253}}
Jun 29 04:55:36.754675 np0000183403 neutron-rpc-server[105308]: DEBUG cotyledon.oslo_config_glue [-] ironic.auth_type = None {{(pid=105308) log_opt_values /opt/stack/data/venv/lib/python3.12/site-packages/oslo_config/cfg.py:3253}}
Jun 29 04:55:36.754989 np0000183403 neutron-rpc-server[105308]: DEBUG cotyledon.oslo_config_glue [-] ironic.cafile = None {{(pid=105308) log_opt_values /opt/stack/data/venv/lib/python3.12/site-packages/oslo_config/cfg.py:3253}}
Jun 29 04:55:36.754989 np0000183403 neutron-rpc-server[105308]: DEBUG cotyledon.oslo_config_glue [-] ironic.certfile = None {{(pid=105308) log_opt_values /opt/stack/data/venv/lib/python3.12/site-packages/oslo_config/cfg.py:3253}}
Jun 29 04:55:36.754989 np0000183403 neutron-rpc-server[105308]: DEBUG cotyledon.oslo_config_glue [-] ironic.collect_timing = False {{(pid=105308) log_opt_values /opt/stack/data/venv/lib/python3.12/site-packages/oslo_config/cfg.py:3253}}
Jun 29 04:55:36.754989 np0000183403 neutron-rpc-server[105308]: DEBUG cotyledon.oslo_config_glue [-] ironic.connect_retries = None {{(pid=105308) log_opt_values /opt/stack/data/venv/lib/python3.12/site-packages/oslo_config/cfg.py:3253}}
Jun 29 04:55:36.754989 np0000183403 neutron-rpc-server[105308]: DEBUG cotyledon.oslo_config_glue [-] ironic.connect_retry_delay = None {{(pid=105308) log_opt_values /opt/stack/data/venv/lib/python3.12/site-packages/oslo_config/cfg.py:3253}}
Jun 29 04:55:36.754989 np0000183403 neutron-rpc-server[105308]: DEBUG cotyledon.oslo_config_glue [-] ironic.enable_notifications = False {{(pid=105308) log_opt_values /opt/stack/data/venv/lib/python3.12/site-packages/oslo_config/cfg.py:3253}}
Jun 29 04:55:36.754989 np0000183403 neutron-rpc-server[105308]: DEBUG cotyledon.oslo_config_glue [-] ironic.endpoint_override = None {{(pid=105308) log_opt_values /opt/stack/data/venv/lib/python3.12/site-packages/oslo_config/cfg.py:3253}}
Jun 29 04:55:36.754989 np0000183403 neutron-rpc-server[105308]: DEBUG cotyledon.oslo_config_glue [-] ironic.insecure = False {{(pid=105308) log_opt_values /opt/stack/data/venv/lib/python3.12/site-packages/oslo_config/cfg.py:3253}}
Jun 29 04:55:36.755287 np0000183403 neutron-rpc-server[105308]: DEBUG cotyledon.oslo_config_glue [-] ironic.interface = None {{(pid=105308) log_opt_values /opt/stack/data/venv/lib/python3.12/site-packages/oslo_config/cfg.py:3253}}
Jun 29 04:55:36.755287 np0000183403 neutron-rpc-server[105308]: DEBUG cotyledon.oslo_config_glue [-] ironic.keyfile = None {{(pid=105308) log_opt_values /opt/stack/data/venv/lib/python3.12/site-packages/oslo_config/cfg.py:3253}}
Jun 29 04:55:36.755287 np0000183403 neutron-rpc-server[105308]: DEBUG cotyledon.oslo_config_glue [-] ironic.max_version = None {{(pid=105308) log_opt_values /opt/stack/data/venv/lib/python3.12/site-packages/oslo_config/cfg.py:3253}}
Jun 29 04:55:36.755287 np0000183403 neutron-rpc-server[105308]: DEBUG cotyledon.oslo_config_glue [-] ironic.min_version = None {{(pid=105308) log_opt_values /opt/stack/data/venv/lib/python3.12/site-packages/oslo_config/cfg.py:3253}}
Jun 29 04:55:36.755287 np0000183403 neutron-rpc-server[105308]: DEBUG cotyledon.oslo_config_glue [-] ironic.region_name = None {{(pid=105308) log_opt_values /opt/stack/data/venv/lib/python3.12/site-packages/oslo_config/cfg.py:3253}}
Jun 29 04:55:36.755287 np0000183403 neutron-rpc-server[105308]: DEBUG cotyledon.oslo_config_glue [-] ironic.retriable_status_codes = None {{(pid=105308) log_opt_values /opt/stack/data/venv/lib/python3.12/site-packages/oslo_config/cfg.py:3253}}
Jun 29 04:55:36.755287 np0000183403 neutron-rpc-server[105308]: DEBUG cotyledon.oslo_config_glue [-] ironic.service_name = None {{(pid=105308) log_opt_values /opt/stack/data/venv/lib/python3.12/site-packages/oslo_config/cfg.py:3253}}
Jun 29 04:55:36.755287 np0000183403 neutron-rpc-server[105308]: DEBUG cotyledon.oslo_config_glue [-] ironic.service_type = None {{(pid=105308) log_opt_values /opt/stack/data/venv/lib/python3.12/site-packages/oslo_config/cfg.py:3253}}
Jun 29 04:55:36.755560 np0000183403 neutron-rpc-server[105308]: DEBUG cotyledon.oslo_config_glue [-] ironic.split_loggers = False {{(pid=105308) log_opt_values /opt/stack/data/venv/lib/python3.12/site-packages/oslo_config/cfg.py:3253}}
Jun 29 04:55:36.755560 np0000183403 neutron-rpc-server[105308]: DEBUG cotyledon.oslo_config_glue [-] ironic.status_code_retries = None {{(pid=105308) log_opt_values /opt/stack/data/venv/lib/python3.12/site-packages/oslo_config/cfg.py:3253}}
Jun 29 04:55:36.755560 np0000183403 neutron-rpc-server[105308]: DEBUG cotyledon.oslo_config_glue [-] ironic.status_code_retry_delay = None {{(pid=105308) log_opt_values /opt/stack/data/venv/lib/python3.12/site-packages/oslo_config/cfg.py:3253}}
Jun 29 04:55:36.755560 np0000183403 neutron-rpc-server[105308]: DEBUG cotyledon.oslo_config_glue [-] ironic.timeout = None {{(pid=105308) log_opt_values /opt/stack/data/venv/lib/python3.12/site-packages/oslo_config/cfg.py:3253}}
Jun 29 04:55:36.755560 np0000183403 neutron-rpc-server[105308]: DEBUG cotyledon.oslo_config_glue [-] ironic.valid_interfaces = None {{(pid=105308) log_opt_values /opt/stack/data/venv/lib/python3.12/site-packages/oslo_config/cfg.py:3253}}
Jun 29 04:55:36.755560 np0000183403 neutron-rpc-server[105308]: DEBUG cotyledon.oslo_config_glue [-] ironic.version = None {{(pid=105308) log_opt_values /opt/stack/data/venv/lib/python3.12/site-packages/oslo_config/cfg.py:3253}}
Jun 29 04:55:36.755560 np0000183403 neutron-rpc-server[105308]: DEBUG cotyledon.oslo_config_glue [-] cli_script.dry_run = False {{(pid=105308) log_opt_values /opt/stack/data/venv/lib/python3.12/site-packages/oslo_config/cfg.py:3253}}
Jun 29 04:55:36.755779 np0000183403 neutron-rpc-server[105308]: DEBUG cotyledon.oslo_config_glue [-] oslo_messaging_rabbit.amqp_auto_delete = False {{(pid=105308) log_opt_values /opt/stack/data/venv/lib/python3.12/site-packages/oslo_config/cfg.py:3253}}
Jun 29 04:55:36.755779 np0000183403 neutron-rpc-server[105308]: DEBUG cotyledon.oslo_config_glue [-] oslo_messaging_rabbit.amqp_durable_queues = False {{(pid=105308) log_opt_values /opt/stack/data/venv/lib/python3.12/site-packages/oslo_config/cfg.py:3253}}
Jun 29 04:55:36.755830 np0000183403 neutron-rpc-server[105286]: WARNING neutron.plugins.ml2.drivers.ovn.mech_driver.mech_driver [-] uWSGI is the only supported loader for the Neutron API; it provides, via ``uwsgi`` library, the worker ID. If other loader is used, a random hash ring node UUID will be provided
Jun 29 04:55:36.755865 np0000183403 neutron-rpc-server[105308]: DEBUG cotyledon.oslo_config_glue [-] oslo_messaging_rabbit.conn_pool_min_size = 2 {{(pid=105308) log_opt_values /opt/stack/data/venv/lib/python3.12/site-packages/oslo_config/cfg.py:3253}}
Jun 29 04:55:36.755865 np0000183403 neutron-rpc-server[105308]: DEBUG cotyledon.oslo_config_glue [-] oslo_messaging_rabbit.conn_pool_ttl = 1200 {{(pid=105308) log_opt_values /opt/stack/data/venv/lib/python3.12/site-packages/oslo_config/cfg.py:3253}}
Jun 29 04:55:36.755865 np0000183403 neutron-rpc-server[105308]: DEBUG cotyledon.oslo_config_glue [-] oslo_messaging_rabbit.direct_mandatory_flag = True {{(pid=105308) log_opt_values /opt/stack/data/venv/lib/python3.12/site-packages/oslo_config/cfg.py:3253}}
Jun 29 04:55:36.755865 np0000183403 neutron-rpc-server[105308]: DEBUG cotyledon.oslo_config_glue [-] oslo_messaging_rabbit.enable_cancel_on_failover = False {{(pid=105308) log_opt_values /opt/stack/data/venv/lib/python3.12/site-packages/oslo_config/cfg.py:3253}}
Jun 29 04:55:36.755865 np0000183403 neutron-rpc-server[105308]: DEBUG cotyledon.oslo_config_glue [-] oslo_messaging_rabbit.heartbeat_rate = 3 {{(pid=105308) log_opt_values /opt/stack/data/venv/lib/python3.12/site-packages/oslo_config/cfg.py:3253}}
Jun 29 04:55:36.755984 np0000183403 neutron-rpc-server[105308]: DEBUG cotyledon.oslo_config_glue [-] oslo_messaging_rabbit.heartbeat_timeout_threshold = 60 {{(pid=105308) log_opt_values /opt/stack/data/venv/lib/python3.12/site-packages/oslo_config/cfg.py:3253}}
Jun 29 04:55:36.755984 np0000183403 neutron-rpc-server[105308]: DEBUG cotyledon.oslo_config_glue [-] oslo_messaging_rabbit.hostname = np0000183403 {{(pid=105308) log_opt_values /opt/stack/data/venv/lib/python3.12/site-packages/oslo_config/cfg.py:3253}}
Jun 29 04:55:36.755984 np0000183403 neutron-rpc-server[105308]: DEBUG cotyledon.oslo_config_glue [-] oslo_messaging_rabbit.kombu_compression = None {{(pid=105308) log_opt_values /opt/stack/data/venv/lib/python3.12/site-packages/oslo_config/cfg.py:3253}}
Jun 29 04:55:36.756060 np0000183403 neutron-rpc-server[105308]: DEBUG cotyledon.oslo_config_glue [-] oslo_messaging_rabbit.kombu_failover_strategy = round-robin {{(pid=105308) log_opt_values /opt/stack/data/venv/lib/python3.12/site-packages/oslo_config/cfg.py:3253}}
Jun 29 04:55:36.756060 np0000183403 neutron-rpc-server[105308]: DEBUG cotyledon.oslo_config_glue [-] oslo_messaging_rabbit.kombu_missing_consumer_retry_timeout = 60 {{(pid=105308) log_opt_values /opt/stack/data/venv/lib/python3.12/site-packages/oslo_config/cfg.py:3253}}
Jun 29 04:55:36.756197 np0000183403 neutron-rpc-server[105308]: DEBUG cotyledon.oslo_config_glue [-] oslo_messaging_rabbit.kombu_reconnect_delay = 1.0 {{(pid=105308) log_opt_values /opt/stack/data/venv/lib/python3.12/site-packages/oslo_config/cfg.py:3253}}
Jun 29 04:55:36.756239 np0000183403 neutron-rpc-server[105308]: DEBUG cotyledon.oslo_config_glue [-] oslo_messaging_rabbit.kombu_reconnect_splay = 0.0 {{(pid=105308) log_opt_values /opt/stack/data/venv/lib/python3.12/site-packages/oslo_config/cfg.py:3253}}
Jun 29 04:55:36.756287 np0000183403 neutron-rpc-server[105294]: WARNING neutron.plugins.ml2.drivers.ovn.mech_driver.mech_driver [-] uWSGI is the only supported loader for the Neutron API; it provides, via ``uwsgi`` library, the worker ID. If other loader is used, a random hash ring node UUID will be provided
Jun 29 04:55:36.756320 np0000183403 neutron-rpc-server[105308]: DEBUG cotyledon.oslo_config_glue [-] oslo_messaging_rabbit.processname = neutron-rpc-server {{(pid=105308) log_opt_values /opt/stack/data/venv/lib/python3.12/site-packages/oslo_config/cfg.py:3253}}
Jun 29 04:55:36.756320 np0000183403 neutron-rpc-server[105308]: DEBUG cotyledon.oslo_config_glue [-] oslo_messaging_rabbit.rabbit_ha_queues = False {{(pid=105308) log_opt_values /opt/stack/data/venv/lib/python3.12/site-packages/oslo_config/cfg.py:3253}}
Jun 29 04:55:36.756377 np0000183403 neutron-rpc-server[105308]: DEBUG cotyledon.oslo_config_glue [-] oslo_messaging_rabbit.rabbit_interval_max = 30 {{(pid=105308) log_opt_values /opt/stack/data/venv/lib/python3.12/site-packages/oslo_config/cfg.py:3253}}
Jun 29 04:55:36.756402 np0000183403 neutron-rpc-server[105308]: DEBUG cotyledon.oslo_config_glue [-] oslo_messaging_rabbit.rabbit_login_method = AMQPLAIN {{(pid=105308) log_opt_values /opt/stack/data/venv/lib/python3.12/site-packages/oslo_config/cfg.py:3253}}
Jun 29 04:55:36.756427 np0000183403 neutron-rpc-server[105308]: DEBUG cotyledon.oslo_config_glue [-] oslo_messaging_rabbit.rabbit_qos_prefetch_count = 0 {{(pid=105308) log_opt_values /opt/stack/data/venv/lib/python3.12/site-packages/oslo_config/cfg.py:3253}}
Jun 29 04:55:36.756464 np0000183403 neutron-rpc-server[105308]: DEBUG cotyledon.oslo_config_glue [-] oslo_messaging_rabbit.rabbit_quorum_delivery_limit = 0 {{(pid=105308) log_opt_values /opt/stack/data/venv/lib/python3.12/site-packages/oslo_config/cfg.py:3253}}
Jun 29 04:55:36.756501 np0000183403 neutron-rpc-server[105308]: DEBUG cotyledon.oslo_config_glue [-] oslo_messaging_rabbit.rabbit_quorum_max_memory_bytes = 0 {{(pid=105308) log_opt_values /opt/stack/data/venv/lib/python3.12/site-packages/oslo_config/cfg.py:3253}}
Jun 29 04:55:36.756537 np0000183403 neutron-rpc-server[105308]: DEBUG cotyledon.oslo_config_glue [-] oslo_messaging_rabbit.rabbit_quorum_max_memory_length = 0 {{(pid=105308) log_opt_values /opt/stack/data/venv/lib/python3.12/site-packages/oslo_config/cfg.py:3253}}
Jun 29 04:55:36.756600 np0000183403 neutron-rpc-server[105308]: DEBUG cotyledon.oslo_config_glue [-] oslo_messaging_rabbit.rabbit_quorum_queue = False {{(pid=105308) log_opt_values /opt/stack/data/venv/lib/python3.12/site-packages/oslo_config/cfg.py:3253}}
Jun 29 04:55:36.756600 np0000183403 neutron-rpc-server[105308]: DEBUG cotyledon.oslo_config_glue [-] oslo_messaging_rabbit.rabbit_retry_backoff = 2 {{(pid=105308) log_opt_values /opt/stack/data/venv/lib/python3.12/site-packages/oslo_config/cfg.py:3253}}
Jun 29 04:55:36.756652 np0000183403 neutron-rpc-server[105308]: DEBUG cotyledon.oslo_config_glue [-] oslo_messaging_rabbit.rabbit_retry_interval = 1 {{(pid=105308) log_opt_values /opt/stack/data/venv/lib/python3.12/site-packages/oslo_config/cfg.py:3253}}
Jun 29 04:55:36.756702 np0000183403 neutron-rpc-server[105308]: DEBUG cotyledon.oslo_config_glue [-] oslo_messaging_rabbit.rabbit_stream_fanout = False {{(pid=105308) log_opt_values /opt/stack/data/venv/lib/python3.12/site-packages/oslo_config/cfg.py:3253}}
Jun 29 04:55:36.756727 np0000183403 neutron-rpc-server[105308]: DEBUG cotyledon.oslo_config_glue [-] oslo_messaging_rabbit.rabbit_transient_queues_ttl = 1800 {{(pid=105308) log_opt_values /opt/stack/data/venv/lib/python3.12/site-packages/oslo_config/cfg.py:3253}}
Jun 29 04:55:36.756756 np0000183403 neutron-rpc-server[105308]: DEBUG cotyledon.oslo_config_glue [-] oslo_messaging_rabbit.rabbit_transient_quorum_queue = False {{(pid=105308) log_opt_values /opt/stack/data/venv/lib/python3.12/site-packages/oslo_config/cfg.py:3253}}
Jun 29 04:55:36.756787 np0000183403 neutron-rpc-server[105308]: DEBUG cotyledon.oslo_config_glue [-] oslo_messaging_rabbit.rpc_conn_pool_size = 30 {{(pid=105308) log_opt_values /opt/stack/data/venv/lib/python3.12/site-packages/oslo_config/cfg.py:3253}}
Jun 29 04:55:36.756825 np0000183403 neutron-rpc-server[105308]: DEBUG cotyledon.oslo_config_glue [-] oslo_messaging_rabbit.ssl = False {{(pid=105308) log_opt_values /opt/stack/data/venv/lib/python3.12/site-packages/oslo_config/cfg.py:3253}}
Jun 29 04:55:36.756859 np0000183403 neutron-rpc-server[105308]: DEBUG cotyledon.oslo_config_glue [-] oslo_messaging_rabbit.ssl_ca_file = {{(pid=105308) log_opt_values /opt/stack/data/venv/lib/python3.12/site-packages/oslo_config/cfg.py:3253}}
Jun 29 04:55:36.756915 np0000183403 neutron-rpc-server[105308]: DEBUG cotyledon.oslo_config_glue [-] oslo_messaging_rabbit.ssl_cert_file = {{(pid=105308) log_opt_values /opt/stack/data/venv/lib/python3.12/site-packages/oslo_config/cfg.py:3253}}
Jun 29 04:55:36.756944 np0000183403 neutron-rpc-server[105308]: DEBUG cotyledon.oslo_config_glue [-] oslo_messaging_rabbit.ssl_enforce_fips_mode = False {{(pid=105308) log_opt_values /opt/stack/data/venv/lib/python3.12/site-packages/oslo_config/cfg.py:3253}}
Jun 29 04:55:36.756982 np0000183403 neutron-rpc-server[105308]: DEBUG cotyledon.oslo_config_glue [-] oslo_messaging_rabbit.ssl_enforce_hostname_verification = True {{(pid=105308) log_opt_values /opt/stack/data/venv/lib/python3.12/site-packages/oslo_config/cfg.py:3253}}
Jun 29 04:55:36.757014 np0000183403 neutron-rpc-server[105308]: DEBUG cotyledon.oslo_config_glue [-] oslo_messaging_rabbit.ssl_key_file = {{(pid=105308) log_opt_values /opt/stack/data/venv/lib/python3.12/site-packages/oslo_config/cfg.py:3253}}
Jun 29 04:55:36.757124 np0000183403 neutron-rpc-server[105308]: DEBUG cotyledon.oslo_config_glue [-] oslo_messaging_rabbit.ssl_version = {{(pid=105308) log_opt_values /opt/stack/data/venv/lib/python3.12/site-packages/oslo_config/cfg.py:3253}}
Jun 29 04:55:36.757124 np0000183403 neutron-rpc-server[105308]: DEBUG cotyledon.oslo_config_glue [-] oslo_messaging_rabbit.use_queue_manager = False {{(pid=105308) log_opt_values /opt/stack/data/venv/lib/python3.12/site-packages/oslo_config/cfg.py:3253}}
Jun 29 04:55:36.757185 np0000183403 neutron-rpc-server[105308]: DEBUG cotyledon.oslo_config_glue [-] oslo_messaging_notifications.driver = [] {{(pid=105308) log_opt_values /opt/stack/data/venv/lib/python3.12/site-packages/oslo_config/cfg.py:3253}}
Jun 29 04:55:36.757212 np0000183403 neutron-rpc-server[105308]: DEBUG cotyledon.oslo_config_glue [-] oslo_messaging_notifications.retry = -1 {{(pid=105308) log_opt_values /opt/stack/data/venv/lib/python3.12/site-packages/oslo_config/cfg.py:3253}}
Jun 29 04:55:36.757236 np0000183403 neutron-rpc-server[105308]: DEBUG cotyledon.oslo_config_glue [-] oslo_messaging_notifications.topics = ['notifications'] {{(pid=105308) log_opt_values /opt/stack/data/venv/lib/python3.12/site-packages/oslo_config/cfg.py:3253}}
Jun 29 04:55:36.757278 np0000183403 neutron-rpc-server[105308]: DEBUG cotyledon.oslo_config_glue [-] oslo_messaging_notifications.transport_url = **** {{(pid=105308) log_opt_values /opt/stack/data/venv/lib/python3.12/site-packages/oslo_config/cfg.py:3253}}
Jun 29 04:55:36.757350 np0000183403 neutron-rpc-server[105308]: DEBUG cotyledon.oslo_config_glue [-] oslo_reports.file_event_handler = None {{(pid=105308) log_opt_values /opt/stack/data/venv/lib/python3.12/site-packages/oslo_config/cfg.py:3253}}
Jun 29 04:55:36.757381 np0000183403 neutron-rpc-server[105308]: DEBUG cotyledon.oslo_config_glue [-] oslo_reports.file_event_handler_interval = 1 {{(pid=105308) log_opt_values /opt/stack/data/venv/lib/python3.12/site-packages/oslo_config/cfg.py:3253}}
Jun 29 04:55:36.757605 np0000183403 neutron-rpc-server[105308]: DEBUG cotyledon.oslo_config_glue [-] oslo_reports.log_dir = None {{(pid=105308) log_opt_values /opt/stack/data/venv/lib/python3.12/site-packages/oslo_config/cfg.py:3253}}
Jun 29 04:55:36.757657 np0000183403 neutron-rpc-server[105318]: DEBUG cotyledon.oslo_config_glue [-] Full set of CONF: {{(pid=105318) _load_service_options /opt/stack/data/venv/lib/python3.12/site-packages/cotyledon/oslo_config_glue.py:65}}
Jun 29 04:55:36.757910 np0000183403 neutron-rpc-server[105308]: DEBUG cotyledon.oslo_config_glue [-] oslo_versionedobjects.fatal_exception_format_errors = False {{(pid=105308) log_opt_values /opt/stack/data/venv/lib/python3.12/site-packages/oslo_config/cfg.py:3253}}
Jun 29 04:55:36.757981 np0000183403 neutron-rpc-server[105318]: DEBUG cotyledon.oslo_config_glue [-] ******************************************************************************** {{(pid=105318) log_opt_values /opt/stack/data/venv/lib/python3.12/site-packages/oslo_config/cfg.py:3226}}
Jun 29 04:55:36.758021 np0000183403 neutron-rpc-server[105308]: DEBUG cotyledon.oslo_config_glue [-] QUOTAS.default_quota = -1 {{(pid=105308) log_opt_values /opt/stack/data/venv/lib/python3.12/site-packages/oslo_config/cfg.py:3253}}
Jun 29 04:55:36.758084 np0000183403 neutron-rpc-server[105318]: DEBUG cotyledon.oslo_config_glue [-] Configuration options gathered from: {{(pid=105318) log_opt_values /opt/stack/data/venv/lib/python3.12/site-packages/oslo_config/cfg.py:3227}}
Jun 29 04:55:36.758235 np0000183403 neutron-rpc-server[105308]: DEBUG cotyledon.oslo_config_glue [-] QUOTAS.quota_driver = neutron.db.quota.driver_nolock.DbQuotaNoLockDriver {{(pid=105308) log_opt_values /opt/stack/data/venv/lib/python3.12/site-packages/oslo_config/cfg.py:3253}}
Jun 29 04:55:36.758235 np0000183403 neutron-rpc-server[105308]: DEBUG cotyledon.oslo_config_glue [-] QUOTAS.quota_floatingip = 50 {{(pid=105308) log_opt_values /opt/stack/data/venv/lib/python3.12/site-packages/oslo_config/cfg.py:3253}}
Jun 29 04:55:36.758324 np0000183403 neutron-rpc-server[105318]: DEBUG cotyledon.oslo_config_glue [-] command line args: ['--config-file', '/etc/neutron/neutron.conf', '--config-file', '/etc/neutron/plugins/ml2/ml2_conf.ini'] {{(pid=105318) log_opt_values /opt/stack/data/venv/lib/python3.12/site-packages/oslo_config/cfg.py:3228}}
Jun 29 04:55:36.758400 np0000183403 neutron-rpc-server[105308]: DEBUG cotyledon.oslo_config_glue [-] QUOTAS.quota_network = 100 {{(pid=105308) log_opt_values /opt/stack/data/venv/lib/python3.12/site-packages/oslo_config/cfg.py:3253}}
Jun 29 04:55:36.758400 np0000183403 neutron-rpc-server[105308]: DEBUG cotyledon.oslo_config_glue [-] QUOTAS.quota_port = 500 {{(pid=105308) log_opt_values /opt/stack/data/venv/lib/python3.12/site-packages/oslo_config/cfg.py:3253}}
Jun 29 04:55:36.758400 np0000183403 neutron-rpc-server[105308]: DEBUG cotyledon.oslo_config_glue [-] QUOTAS.quota_rbac_policy = 10 {{(pid=105308) log_opt_values /opt/stack/data/venv/lib/python3.12/site-packages/oslo_config/cfg.py:3253}}
Jun 29 04:55:36.758669 np0000183403 neutron-rpc-server[105318]: DEBUG cotyledon.oslo_config_glue [-] config files: ['/etc/neutron/neutron.conf', '/etc/neutron/plugins/ml2/ml2_conf.ini'] {{(pid=105318) log_opt_values /opt/stack/data/venv/lib/python3.12/site-packages/oslo_config/cfg.py:3229}}
Jun 29 04:55:36.758697 np0000183403 neutron-rpc-server[105308]: DEBUG cotyledon.oslo_config_glue [-] QUOTAS.quota_router = 10 {{(pid=105308) log_opt_values /opt/stack/data/venv/lib/python3.12/site-packages/oslo_config/cfg.py:3253}}
Jun 29 04:55:36.758722 np0000183403 neutron-rpc-server[105318]: DEBUG cotyledon.oslo_config_glue [-] ================================================================================ {{(pid=105318) log_opt_values /opt/stack/data/venv/lib/python3.12/site-packages/oslo_config/cfg.py:3234}}
Jun 29 04:55:36.758748 np0000183403 neutron-rpc-server[105308]: DEBUG cotyledon.oslo_config_glue [-] QUOTAS.quota_router_route = 30 {{(pid=105308) log_opt_values /opt/stack/data/venv/lib/python3.12/site-packages/oslo_config/cfg.py:3253}}
Jun 29 04:55:36.758748 np0000183403 neutron-rpc-server[105308]: DEBUG cotyledon.oslo_config_glue [-] QUOTAS.quota_security_group = 10 {{(pid=105308) log_opt_values /opt/stack/data/venv/lib/python3.12/site-packages/oslo_config/cfg.py:3253}}
Jun 29 04:55:36.758748 np0000183403 neutron-rpc-server[105308]: DEBUG cotyledon.oslo_config_glue [-] QUOTAS.quota_security_group_rule = 100 {{(pid=105308) log_opt_values /opt/stack/data/venv/lib/python3.12/site-packages/oslo_config/cfg.py:3253}}
Jun 29 04:55:36.758748 np0000183403 neutron-rpc-server[105308]: DEBUG cotyledon.oslo_config_glue [-] QUOTAS.quota_subnet = 100 {{(pid=105308) log_opt_values /opt/stack/data/venv/lib/python3.12/site-packages/oslo_config/cfg.py:3253}}
Jun 29 04:55:36.758846 np0000183403 neutron-rpc-server[105318]: DEBUG cotyledon.oslo_config_glue [-] agent_down_time = 75 {{(pid=105318) log_opt_values /opt/stack/data/venv/lib/python3.12/site-packages/oslo_config/cfg.py:3242}}
Jun 29 04:55:36.758872 np0000183403 neutron-rpc-server[105308]: DEBUG cotyledon.oslo_config_glue [-] QUOTAS.track_quota_usage = True {{(pid=105308) log_opt_values /opt/stack/data/venv/lib/python3.12/site-packages/oslo_config/cfg.py:3253}}
Jun 29 04:55:36.758903 np0000183403 neutron-rpc-server[105318]: DEBUG cotyledon.oslo_config_glue [-] allow_automatic_dhcp_failover = True {{(pid=105318) log_opt_values /opt/stack/data/venv/lib/python3.12/site-packages/oslo_config/cfg.py:3242}}
Jun 29 04:55:36.758934 np0000183403 neutron-rpc-server[105308]: DEBUG cotyledon.oslo_config_glue [-] privsep.capabilities = [21, 12, 1, 2, 19] {{(pid=105308) log_opt_values /opt/stack/data/venv/lib/python3.12/site-packages/oslo_config/cfg.py:3253}}
Jun 29 04:55:36.758934 np0000183403 neutron-rpc-server[105308]: DEBUG cotyledon.oslo_config_glue [-] privsep.group = None {{(pid=105308) log_opt_values /opt/stack/data/venv/lib/python3.12/site-packages/oslo_config/cfg.py:3253}}
Jun 29 04:55:36.758984 np0000183403 neutron-rpc-server[105318]: DEBUG cotyledon.oslo_config_glue [-] allow_bulk = True {{(pid=105318) log_opt_values /opt/stack/data/venv/lib/python3.12/site-packages/oslo_config/cfg.py:3242}}
Jun 29 04:55:36.759011 np0000183403 neutron-rpc-server[105308]: DEBUG cotyledon.oslo_config_glue [-] privsep.helper_command = None {{(pid=105308) log_opt_values /opt/stack/data/venv/lib/python3.12/site-packages/oslo_config/cfg.py:3253}}
Jun 29 04:55:36.759011 np0000183403 neutron-rpc-server[105308]: DEBUG cotyledon.oslo_config_glue [-] privsep.log_daemon_traceback = False {{(pid=105308) log_opt_values /opt/stack/data/venv/lib/python3.12/site-packages/oslo_config/cfg.py:3253}}
Jun 29 04:55:36.759011 np0000183403 neutron-rpc-server[105308]: DEBUG cotyledon.oslo_config_glue [-] privsep.logger_name = oslo_privsep.daemon {{(pid=105308) log_opt_values /opt/stack/data/venv/lib/python3.12/site-packages/oslo_config/cfg.py:3253}}
Jun 29 04:55:36.759011 np0000183403 neutron-rpc-server[105308]: DEBUG cotyledon.oslo_config_glue [-] privsep.thread_pool_size = 16 {{(pid=105308) log_opt_values /opt/stack/data/venv/lib/python3.12/site-packages/oslo_config/cfg.py:3253}}
Jun 29 04:55:36.759011 np0000183403 neutron-rpc-server[105308]: DEBUG cotyledon.oslo_config_glue [-] privsep.user = None {{(pid=105308) log_opt_values /opt/stack/data/venv/lib/python3.12/site-packages/oslo_config/cfg.py:3253}}
Jun 29 04:55:36.759011 np0000183403 neutron-rpc-server[105308]: DEBUG cotyledon.oslo_config_glue [-] privsep_dhcp_release.capabilities = [21, 12] {{(pid=105308) log_opt_values /opt/stack/data/venv/lib/python3.12/site-packages/oslo_config/cfg.py:3253}}
Jun 29 04:55:36.759153 np0000183403 neutron-rpc-server[105318]: DEBUG cotyledon.oslo_config_glue [-] allowed_conntrack_helpers = [{'amanda': 'tcp'}, {'ftp': 'tcp'}, {'h323': 'udp'}, {'h323': 'tcp'}, {'irc': 'tcp'}, {'netbios-ns': 'udp'}, {'pptp': 'tcp'}, {'sane': 'tcp'}, {'sip': 'udp'}, {'sip': 'tcp'}, {'snmp': 'udp'}, {'tftp': 'udp'}] {{(pid=105318) log_opt_values /opt/stack/data/venv/lib/python3.12/site-packages/oslo_config/cfg.py:3242}}
Jun 29 04:55:36.759194 np0000183403 neutron-rpc-server[105308]: DEBUG cotyledon.oslo_config_glue [-] privsep_dhcp_release.group = None {{(pid=105308) log_opt_values /opt/stack/data/venv/lib/python3.12/site-packages/oslo_config/cfg.py:3253}}
Jun 29 04:55:36.759194 np0000183403 neutron-rpc-server[105308]: DEBUG cotyledon.oslo_config_glue [-] privsep_dhcp_release.helper_command = None {{(pid=105308) log_opt_values /opt/stack/data/venv/lib/python3.12/site-packages/oslo_config/cfg.py:3253}}
Jun 29 04:55:36.759194 np0000183403 neutron-rpc-server[105308]: DEBUG cotyledon.oslo_config_glue [-] privsep_dhcp_release.log_daemon_traceback = False {{(pid=105308) log_opt_values /opt/stack/data/venv/lib/python3.12/site-packages/oslo_config/cfg.py:3253}}
Jun 29 04:55:36.759282 np0000183403 neutron-rpc-server[105318]: DEBUG cotyledon.oslo_config_glue [-] api_extensions_path = {{(pid=105318) log_opt_values /opt/stack/data/venv/lib/python3.12/site-packages/oslo_config/cfg.py:3242}}
Jun 29 04:55:36.759313 np0000183403 neutron-rpc-server[105308]: DEBUG cotyledon.oslo_config_glue [-] privsep_dhcp_release.logger_name = oslo_privsep.daemon {{(pid=105308) log_opt_values /opt/stack/data/venv/lib/python3.12/site-packages/oslo_config/cfg.py:3253}}
Jun 29 04:55:36.759313 np0000183403 neutron-rpc-server[105308]: DEBUG cotyledon.oslo_config_glue [-] privsep_dhcp_release.thread_pool_size = 16 {{(pid=105308) log_opt_values /opt/stack/data/venv/lib/python3.12/site-packages/oslo_config/cfg.py:3253}}
Jun 29 04:55:36.759370 np0000183403 neutron-rpc-server[105318]: DEBUG cotyledon.oslo_config_glue [-] api_paste_config = api-paste.ini {{(pid=105318) log_opt_values /opt/stack/data/venv/lib/python3.12/site-packages/oslo_config/cfg.py:3242}}
Jun 29 04:55:36.759476 np0000183403 neutron-rpc-server[105308]: DEBUG cotyledon.oslo_config_glue [-] privsep_dhcp_release.user = None {{(pid=105308) log_opt_values /opt/stack/data/venv/lib/python3.12/site-packages/oslo_config/cfg.py:3253}}
Jun 29 04:55:36.759540 np0000183403 neutron-rpc-server[105294]: DEBUG ovsdbapp.backend.ovs_idl [None req-25d892fe-7ab4-4f82-9ad5-e8486c52237d None None] Created lookup_table index Logical_Switch.name {{(pid=105294) autocreate_indices /opt/stack/data/venv/lib/python3.12/site-packages/ovsdbapp/backend/ovs_idl/__init__.py:87}}
Jun 29 04:55:36.759602 np0000183403 neutron-rpc-server[105308]: DEBUG cotyledon.oslo_config_glue [-] privsep_ovs_vsctl.capabilities = [21, 12] {{(pid=105308) log_opt_values /opt/stack/data/venv/lib/python3.12/site-packages/oslo_config/cfg.py:3253}}
Jun 29 04:55:36.759661 np0000183403 neutron-rpc-server[105318]: DEBUG cotyledon.oslo_config_glue [-] auth_strategy = keystone {{(pid=105318) log_opt_values /opt/stack/data/venv/lib/python3.12/site-packages/oslo_config/cfg.py:3242}}
Jun 29 04:55:36.759735 np0000183403 neutron-rpc-server[105308]: DEBUG cotyledon.oslo_config_glue [-] privsep_ovs_vsctl.group = None {{(pid=105308) log_opt_values /opt/stack/data/venv/lib/python3.12/site-packages/oslo_config/cfg.py:3253}}
Jun 29 04:55:36.759735 np0000183403 neutron-rpc-server[105308]: DEBUG cotyledon.oslo_config_glue [-] privsep_ovs_vsctl.helper_command = None {{(pid=105308) log_opt_values /opt/stack/data/venv/lib/python3.12/site-packages/oslo_config/cfg.py:3253}}
Jun 29 04:55:36.759826 np0000183403 neutron-rpc-server[105318]: DEBUG cotyledon.oslo_config_glue [-] base_mac = fa:16:3e:00:00:00 {{(pid=105318) log_opt_values /opt/stack/data/venv/lib/python3.12/site-packages/oslo_config/cfg.py:3242}}
Jun 29 04:55:36.759886 np0000183403 neutron-rpc-server[105308]: DEBUG cotyledon.oslo_config_glue [-] privsep_ovs_vsctl.log_daemon_traceback = False {{(pid=105308) log_opt_values /opt/stack/data/venv/lib/python3.12/site-packages/oslo_config/cfg.py:3253}}
Jun 29 04:55:36.759919 np0000183403 neutron-rpc-server[105294]: DEBUG ovsdbapp.backend.ovs_idl [None req-25d892fe-7ab4-4f82-9ad5-e8486c52237d None None] Created lookup_table index Logical_Router.name {{(pid=105294) autocreate_indices /opt/stack/data/venv/lib/python3.12/site-packages/ovsdbapp/backend/ovs_idl/__init__.py:87}}
Jun 29 04:55:36.759948 np0000183403 neutron-rpc-server[105308]: DEBUG cotyledon.oslo_config_glue [-] privsep_ovs_vsctl.logger_name = oslo_privsep.daemon {{(pid=105308) log_opt_values /opt/stack/data/venv/lib/python3.12/site-packages/oslo_config/cfg.py:3253}}
Jun 29 04:55:36.759973 np0000183403 neutron-rpc-server[105318]: DEBUG cotyledon.oslo_config_glue [-] client_socket_timeout = 900 {{(pid=105318) log_opt_values /opt/stack/data/venv/lib/python3.12/site-packages/oslo_config/cfg.py:3242}}
Jun 29 04:55:36.760033 np0000183403 neutron-rpc-server[105308]: DEBUG cotyledon.oslo_config_glue [-] privsep_ovs_vsctl.thread_pool_size = 16 {{(pid=105308) log_opt_values /opt/stack/data/venv/lib/python3.12/site-packages/oslo_config/cfg.py:3253}}
Jun 29 04:55:36.760033 np0000183403 neutron-rpc-server[105308]: DEBUG cotyledon.oslo_config_glue [-] privsep_ovs_vsctl.user = None {{(pid=105308) log_opt_values /opt/stack/data/venv/lib/python3.12/site-packages/oslo_config/cfg.py:3253}}
Jun 29 04:55:36.760121 np0000183403 neutron-rpc-server[105318]: DEBUG cotyledon.oslo_config_glue [-] config_dir = [] {{(pid=105318) log_opt_values /opt/stack/data/venv/lib/python3.12/site-packages/oslo_config/cfg.py:3242}}
Jun 29 04:55:36.760191 np0000183403 neutron-rpc-server[105294]: DEBUG ovsdbapp.backend.ovs_idl [None req-25d892fe-7ab4-4f82-9ad5-e8486c52237d None None] Created lookup_table index Load_Balancer.name {{(pid=105294) autocreate_indices /opt/stack/data/venv/lib/python3.12/site-packages/ovsdbapp/backend/ovs_idl/__init__.py:87}}
Jun 29 04:55:36.760222 np0000183403 neutron-rpc-server[105308]: DEBUG cotyledon.oslo_config_glue [-] privsep_namespace.capabilities = [21] {{(pid=105308) log_opt_values /opt/stack/data/venv/lib/python3.12/site-packages/oslo_config/cfg.py:3253}}
Jun 29 04:55:36.760250 np0000183403 neutron-rpc-server[105318]: DEBUG cotyledon.oslo_config_glue [-] config_file = ['/etc/neutron/neutron.conf', '/etc/neutron/plugins/ml2/ml2_conf.ini'] {{(pid=105318) log_opt_values /opt/stack/data/venv/lib/python3.12/site-packages/oslo_config/cfg.py:3242}}
Jun 29 04:55:36.760287 np0000183403 neutron-rpc-server[105308]: DEBUG cotyledon.oslo_config_glue [-] privsep_namespace.group = None {{(pid=105308) log_opt_values /opt/stack/data/venv/lib/python3.12/site-packages/oslo_config/cfg.py:3253}}
Jun 29 04:55:36.760315 np0000183403 neutron-rpc-server[105286]: DEBUG ovsdbapp.backend.ovs_idl [None req-f9257d51-04b5-4863-9b45-e946857469fa None None] Created lookup_table index Logical_Switch.name {{(pid=105286) autocreate_indices /opt/stack/data/venv/lib/python3.12/site-packages/ovsdbapp/backend/ovs_idl/__init__.py:87}}
Jun 29 04:55:36.760345 np0000183403 neutron-rpc-server[105308]: DEBUG cotyledon.oslo_config_glue [-] privsep_namespace.helper_command = None {{(pid=105308) log_opt_values /opt/stack/data/venv/lib/python3.12/site-packages/oslo_config/cfg.py:3253}}
Jun 29 04:55:36.760369 np0000183403 neutron-rpc-server[105318]: DEBUG cotyledon.oslo_config_glue [-] config_source = [] {{(pid=105318) log_opt_values /opt/stack/data/venv/lib/python3.12/site-packages/oslo_config/cfg.py:3242}}
Jun 29 04:55:36.760430 np0000183403 neutron-rpc-server[105308]: DEBUG cotyledon.oslo_config_glue [-] privsep_namespace.log_daemon_traceback = False {{(pid=105308) log_opt_values /opt/stack/data/venv/lib/python3.12/site-packages/oslo_config/cfg.py:3253}}
Jun 29 04:55:36.760499 np0000183403 neutron-rpc-server[105294]: DEBUG ovsdbapp.backend.ovs_idl [None req-25d892fe-7ab4-4f82-9ad5-e8486c52237d None None] Created schema index Copp.name {{(pid=105294) autocreate_indices /opt/stack/data/venv/lib/python3.12/site-packages/ovsdbapp/backend/ovs_idl/__init__.py:106}}
Jun 29 04:55:36.760559 np0000183403 neutron-rpc-server[105286]: DEBUG ovsdbapp.backend.ovs_idl [None req-f9257d51-04b5-4863-9b45-e946857469fa None None] Created lookup_table index Logical_Router.name {{(pid=105286) autocreate_indices /opt/stack/data/venv/lib/python3.12/site-packages/ovsdbapp/backend/ovs_idl/__init__.py:87}}
Jun 29 04:55:36.760627 np0000183403 neutron-rpc-server[105308]: DEBUG cotyledon.oslo_config_glue [-] privsep_namespace.logger_name = oslo_privsep.daemon {{(pid=105308) log_opt_values /opt/stack/data/venv/lib/python3.12/site-packages/oslo_config/cfg.py:3253}}
Jun 29 04:55:36.760694 np0000183403 neutron-rpc-server[105318]: DEBUG cotyledon.oslo_config_glue [-] control_exchange = neutron {{(pid=105318) log_opt_values /opt/stack/data/venv/lib/python3.12/site-packages/oslo_config/cfg.py:3242}}
Jun 29 04:55:36.760760 np0000183403 neutron-rpc-server[105308]: DEBUG cotyledon.oslo_config_glue [-] privsep_namespace.thread_pool_size = 16 {{(pid=105308) log_opt_values /opt/stack/data/venv/lib/python3.12/site-packages/oslo_config/cfg.py:3253}}
Jun 29 04:55:36.760791 np0000183403 neutron-rpc-server[105294]: DEBUG ovsdbapp.backend.ovs_idl [None req-25d892fe-7ab4-4f82-9ad5-e8486c52237d None None] Created schema index Meter.name {{(pid=105294) autocreate_indices /opt/stack/data/venv/lib/python3.12/site-packages/ovsdbapp/backend/ovs_idl/__init__.py:106}}
Jun 29 04:55:36.760820 np0000183403 neutron-rpc-server[105308]: DEBUG cotyledon.oslo_config_glue [-] privsep_namespace.user = None {{(pid=105308) log_opt_values /opt/stack/data/venv/lib/python3.12/site-packages/oslo_config/cfg.py:3253}}
Jun 29 04:55:36.760844 np0000183403 neutron-rpc-server[105286]: DEBUG ovsdbapp.backend.ovs_idl [None req-f9257d51-04b5-4863-9b45-e946857469fa None None] Created lookup_table index Load_Balancer.name {{(pid=105286) autocreate_indices /opt/stack/data/venv/lib/python3.12/site-packages/ovsdbapp/backend/ovs_idl/__init__.py:87}}
Jun 29 04:55:36.760877 np0000183403 neutron-rpc-server[105318]: DEBUG cotyledon.oslo_config_glue [-] core_plugin = ml2 {{(pid=105318) log_opt_values /opt/stack/data/venv/lib/python3.12/site-packages/oslo_config/cfg.py:3242}}
Jun 29 04:55:36.760905 np0000183403 neutron-rpc-server[105308]: DEBUG cotyledon.oslo_config_glue [-] privsep_conntrack.capabilities = [12] {{(pid=105308) log_opt_values /opt/stack/data/venv/lib/python3.12/site-packages/oslo_config/cfg.py:3253}}
Jun 29 04:55:36.760905 np0000183403 neutron-rpc-server[105308]: DEBUG cotyledon.oslo_config_glue [-] privsep_conntrack.group = None {{(pid=105308) log_opt_values /opt/stack/data/venv/lib/python3.12/site-packages/oslo_config/cfg.py:3253}}
Jun 29 04:55:36.761095 np0000183403 neutron-rpc-server[105318]: DEBUG cotyledon.oslo_config_glue [-] debug = True {{(pid=105318) log_opt_values /opt/stack/data/venv/lib/python3.12/site-packages/oslo_config/cfg.py:3242}}
Jun 29 04:55:36.761133 np0000183403 neutron-rpc-server[105286]: DEBUG ovsdbapp.backend.ovs_idl [None req-f9257d51-04b5-4863-9b45-e946857469fa None None] Created schema index Copp.name {{(pid=105286) autocreate_indices /opt/stack/data/venv/lib/python3.12/site-packages/ovsdbapp/backend/ovs_idl/__init__.py:106}}
Jun 29 04:55:36.761162 np0000183403 neutron-rpc-server[105294]: DEBUG ovsdbapp.backend.ovs_idl [None req-25d892fe-7ab4-4f82-9ad5-e8486c52237d None None] Created schema index Load_Balancer_Group.name {{(pid=105294) autocreate_indices /opt/stack/data/venv/lib/python3.12/site-packages/ovsdbapp/backend/ovs_idl/__init__.py:106}}
Jun 29 04:55:36.761247 np0000183403 neutron-rpc-server[105308]: DEBUG cotyledon.oslo_config_glue [-] privsep_conntrack.helper_command = None {{(pid=105308) log_opt_values /opt/stack/data/venv/lib/python3.12/site-packages/oslo_config/cfg.py:3253}}
Jun 29 04:55:36.761315 np0000183403 neutron-rpc-server[105318]: DEBUG cotyledon.oslo_config_glue [-] default_availability_zones = [] {{(pid=105318) log_opt_values /opt/stack/data/venv/lib/python3.12/site-packages/oslo_config/cfg.py:3242}}
Jun 29 04:55:36.761343 np0000183403 neutron-rpc-server[105308]: DEBUG cotyledon.oslo_config_glue [-] privsep_conntrack.log_daemon_traceback = False {{(pid=105308) log_opt_values /opt/stack/data/venv/lib/python3.12/site-packages/oslo_config/cfg.py:3253}}
Jun 29 04:55:36.761368 np0000183403 neutron-rpc-server[105286]: DEBUG ovsdbapp.backend.ovs_idl [None req-f9257d51-04b5-4863-9b45-e946857469fa None None] Created schema index Meter.name {{(pid=105286) autocreate_indices /opt/stack/data/venv/lib/python3.12/site-packages/ovsdbapp/backend/ovs_idl/__init__.py:106}}
Jun 29 04:55:36.761425 np0000183403 neutron-rpc-server[105308]: DEBUG cotyledon.oslo_config_glue [-] privsep_conntrack.logger_name = oslo_privsep.daemon {{(pid=105308) log_opt_values /opt/stack/data/venv/lib/python3.12/site-packages/oslo_config/cfg.py:3253}}
Jun 29 04:55:36.761454 np0000183403 neutron-rpc-server[105294]: DEBUG ovsdbapp.backend.ovs_idl [None req-25d892fe-7ab4-4f82-9ad5-e8486c52237d None None] Created schema index HA_Chassis_Group.name {{(pid=105294) autocreate_indices /opt/stack/data/venv/lib/python3.12/site-packages/ovsdbapp/backend/ovs_idl/__init__.py:106}}
Jun 29 04:55:36.761486 np0000183403 neutron-rpc-server[105308]: DEBUG cotyledon.oslo_config_glue [-] privsep_conntrack.thread_pool_size = 16 {{(pid=105308) log_opt_values /opt/stack/data/venv/lib/python3.12/site-packages/oslo_config/cfg.py:3253}}
Jun 29 04:55:36.761513 np0000183403 neutron-rpc-server[105286]: DEBUG ovsdbapp.backend.ovs_idl [None req-f9257d51-04b5-4863-9b45-e946857469fa None None] Created schema index Load_Balancer_Group.name {{(pid=105286) autocreate_indices /opt/stack/data/venv/lib/python3.12/site-packages/ovsdbapp/backend/ovs_idl/__init__.py:106}}
Jun 29 04:55:36.761539 np0000183403 neutron-rpc-server[105308]: DEBUG cotyledon.oslo_config_glue [-] privsep_conntrack.user = None {{(pid=105308) log_opt_values /opt/stack/data/venv/lib/python3.12/site-packages/oslo_config/cfg.py:3253}}
Jun 29 04:55:36.761539 np0000183403 neutron-rpc-server[105308]: DEBUG cotyledon.oslo_config_glue [-] privsep_link.capabilities = [12, 21] {{(pid=105308) log_opt_values /opt/stack/data/venv/lib/python3.12/site-packages/oslo_config/cfg.py:3253}}
Jun 29 04:55:36.761585 np0000183403 neutron-rpc-server[105294]: DEBUG ovsdbapp.backend.ovs_idl [None req-25d892fe-7ab4-4f82-9ad5-e8486c52237d None None] Created schema index Address_Set.name {{(pid=105294) autocreate_indices /opt/stack/data/venv/lib/python3.12/site-packages/ovsdbapp/backend/ovs_idl/__init__.py:106}}
Jun 29 04:55:36.761615 np0000183403 neutron-rpc-server[105286]: DEBUG ovsdbapp.backend.ovs_idl [None req-f9257d51-04b5-4863-9b45-e946857469fa None None] Created schema index HA_Chassis_Group.name {{(pid=105286) autocreate_indices /opt/stack/data/venv/lib/python3.12/site-packages/ovsdbapp/backend/ovs_idl/__init__.py:106}}
Jun 29 04:55:36.761642 np0000183403 neutron-rpc-server[105318]: DEBUG cotyledon.oslo_config_glue [-] default_log_levels = ['amqp=WARN', 'boto=WARN', 'sqlalchemy=WARN', 'suds=INFO', 'oslo.messaging=INFO', 'oslo_messaging=INFO', 'iso8601=WARN', 'requests.packages.urllib3.connectionpool=WARN', 'urllib3.connectionpool=WARN', 'websocket=WARN', 'requests.packages.urllib3.util.retry=WARN', 'urllib3.util.retry=WARN', 'keystonemiddleware=WARN', 'routes.middleware=WARN', 'stevedore=WARN', 'taskflow=WARN', 'keystoneauth=WARN', 'oslo.cache=INFO', 'oslo_policy=INFO', 'dogpile.core.dogpile=INFO', 'OFPHandler=INFO', 'OfctlService=INFO', 'os_ken.base.app_manager=INFO', 'os_ken.controller.controller=INFO'] {{(pid=105318) log_opt_values /opt/stack/data/venv/lib/python3.12/site-packages/oslo_config/cfg.py:3242}}
Jun 29 04:55:36.761695 np0000183403 neutron-rpc-server[105308]: DEBUG cotyledon.oslo_config_glue [-] privsep_link.group = None {{(pid=105308) log_opt_values /opt/stack/data/venv/lib/python3.12/site-packages/oslo_config/cfg.py:3253}}
Jun 29 04:55:36.761695 np0000183403 neutron-rpc-server[105308]: DEBUG cotyledon.oslo_config_glue [-] privsep_link.helper_command = None {{(pid=105308) log_opt_values /opt/stack/data/venv/lib/python3.12/site-packages/oslo_config/cfg.py:3253}}
Jun 29 04:55:36.761747 np0000183403 neutron-rpc-server[105286]: DEBUG ovsdbapp.backend.ovs_idl [None req-f9257d51-04b5-4863-9b45-e946857469fa None None] Created schema index Address_Set.name {{(pid=105286) autocreate_indices /opt/stack/data/venv/lib/python3.12/site-packages/ovsdbapp/backend/ovs_idl/__init__.py:106}}
Jun 29 04:55:36.761773 np0000183403 neutron-rpc-server[105318]: DEBUG cotyledon.oslo_config_glue [-] dhcp_agent_notification = False {{(pid=105318) log_opt_values /opt/stack/data/venv/lib/python3.12/site-packages/oslo_config/cfg.py:3242}}
Jun 29 04:55:36.761797 np0000183403 neutron-rpc-server[105308]: DEBUG cotyledon.oslo_config_glue [-] privsep_link.log_daemon_traceback = False {{(pid=105308) log_opt_values /opt/stack/data/venv/lib/python3.12/site-packages/oslo_config/cfg.py:3253}}
Jun 29 04:55:36.761823 np0000183403 neutron-rpc-server[105294]: DEBUG ovsdbapp.backend.ovs_idl [None req-25d892fe-7ab4-4f82-9ad5-e8486c52237d None None] Created schema index Connection.target {{(pid=105294) autocreate_indices /opt/stack/data/venv/lib/python3.12/site-packages/ovsdbapp/backend/ovs_idl/__init__.py:106}}
Jun 29 04:55:36.761850 np0000183403 neutron-rpc-server[105308]: DEBUG cotyledon.oslo_config_glue [-] privsep_link.logger_name = oslo_privsep.daemon {{(pid=105308) log_opt_values /opt/stack/data/venv/lib/python3.12/site-packages/oslo_config/cfg.py:3253}}
Jun 29 04:55:36.761875 np0000183403 neutron-rpc-server[105286]: DEBUG ovsdbapp.backend.ovs_idl [None req-f9257d51-04b5-4863-9b45-e946857469fa None None] Created schema index Connection.target {{(pid=105286) autocreate_indices /opt/stack/data/venv/lib/python3.12/site-packages/ovsdbapp/backend/ovs_idl/__init__.py:106}}
Jun 29 04:55:36.761904 np0000183403 neutron-rpc-server[105318]: DEBUG cotyledon.oslo_config_glue [-] dhcp_agents_per_network = 1 {{(pid=105318) log_opt_values /opt/stack/data/venv/lib/python3.12/site-packages/oslo_config/cfg.py:3242}}
Jun 29 04:55:36.761943 np0000183403 neutron-rpc-server[105308]: DEBUG cotyledon.oslo_config_glue [-] privsep_link.thread_pool_size = 16 {{(pid=105308) log_opt_values /opt/stack/data/venv/lib/python3.12/site-packages/oslo_config/cfg.py:3253}}
Jun 29 04:55:36.761943 np0000183403 neutron-rpc-server[105308]: DEBUG cotyledon.oslo_config_glue [-] privsep_link.user = None {{(pid=105308) log_opt_values /opt/stack/data/venv/lib/python3.12/site-packages/oslo_config/cfg.py:3253}}
Jun 29 04:55:36.761998 np0000183403 neutron-rpc-server[105318]: DEBUG cotyledon.oslo_config_glue [-] dhcp_lease_duration = 86400 {{(pid=105318) log_opt_values /opt/stack/data/venv/lib/python3.12/site-packages/oslo_config/cfg.py:3242}}
Jun 29 04:55:36.762024 np0000183403 neutron-rpc-server[105286]: DEBUG ovsdbapp.backend.ovs_idl [None req-f9257d51-04b5-4863-9b45-e946857469fa None None] Created schema index Gateway_Chassis.name {{(pid=105286) autocreate_indices /opt/stack/data/venv/lib/python3.12/site-packages/ovsdbapp/backend/ovs_idl/__init__.py:106}}
Jun 29 04:55:36.762052 np0000183403 neutron-rpc-server[105294]: DEBUG ovsdbapp.backend.ovs_idl [None req-25d892fe-7ab4-4f82-9ad5-e8486c52237d None None] Created schema index Gateway_Chassis.name {{(pid=105294) autocreate_indices /opt/stack/data/venv/lib/python3.12/site-packages/ovsdbapp/backend/ovs_idl/__init__.py:106}}
Jun 29 04:55:36.762078 np0000183403 neutron-rpc-server[105308]: DEBUG cotyledon.oslo_config_glue [-] AGENT.root_helper = sudo /opt/stack/data/venv/bin/neutron-rootwrap /etc/neutron/rootwrap.conf {{(pid=105308) log_opt_values /opt/stack/data/venv/lib/python3.12/site-packages/oslo_config/cfg.py:3253}}
Jun 29 04:55:36.762105 np0000183403 neutron-rpc-server[105286]: DEBUG ovsdbapp.backend.ovs_idl [None req-f9257d51-04b5-4863-9b45-e946857469fa None None] Created schema index Mirror.name {{(pid=105286) autocreate_indices /opt/stack/data/venv/lib/python3.12/site-packages/ovsdbapp/backend/ovs_idl/__init__.py:106}}
Jun 29 04:55:36.762133 np0000183403 neutron-rpc-server[105318]: DEBUG cotyledon.oslo_config_glue [-] dhcp_load_type = networks {{(pid=105318) log_opt_values /opt/stack/data/venv/lib/python3.12/site-packages/oslo_config/cfg.py:3242}}
Jun 29 04:55:36.762157 np0000183403 neutron-rpc-server[105308]: DEBUG cotyledon.oslo_config_glue [-] AGENT.root_helper_daemon = sudo /opt/stack/data/venv/bin/neutron-rootwrap-daemon /etc/neutron/rootwrap.conf {{(pid=105308) log_opt_values /opt/stack/data/venv/lib/python3.12/site-packages/oslo_config/cfg.py:3253}}
Jun 29 04:55:36.762205 np0000183403 neutron-rpc-server[105294]: DEBUG ovsdbapp.backend.ovs_idl [None req-25d892fe-7ab4-4f82-9ad5-e8486c52237d None None] Created schema index Mirror.name {{(pid=105294) autocreate_indices /opt/stack/data/venv/lib/python3.12/site-packages/ovsdbapp/backend/ovs_idl/__init__.py:106}}
Jun 29 04:55:36.762234 np0000183403 neutron-rpc-server[105308]: DEBUG cotyledon.oslo_config_glue [-] AGENT.use_helper_for_ns_read = True {{(pid=105308) log_opt_values /opt/stack/data/venv/lib/python3.12/site-packages/oslo_config/cfg.py:3253}}
Jun 29 04:55:36.762259 np0000183403 neutron-rpc-server[105318]: DEBUG cotyledon.oslo_config_glue [-] dns_domain = openstacklocal {{(pid=105318) log_opt_values /opt/stack/data/venv/lib/python3.12/site-packages/oslo_config/cfg.py:3242}}
Jun 29 04:55:36.762287 np0000183403 neutron-rpc-server[105286]: DEBUG ovsdbapp.backend.ovs_idl [None req-f9257d51-04b5-4863-9b45-e946857469fa None None] Created schema index Chassis_Template_Var.chassis {{(pid=105286) autocreate_indices /opt/stack/data/venv/lib/python3.12/site-packages/ovsdbapp/backend/ovs_idl/__init__.py:106}}
Jun 29 04:55:36.762315 np0000183403 neutron-rpc-server[105308]: DEBUG cotyledon.oslo_config_glue [-] SECURITYGROUP.enable_ipset = True {{(pid=105308) log_opt_values /opt/stack/data/venv/lib/python3.12/site-packages/oslo_config/cfg.py:3253}}
Jun 29 04:55:36.762339 np0000183403 neutron-rpc-server[105318]: DEBUG cotyledon.oslo_config_glue [-] dvr_base_mac = fa:16:3f:00:00:00 {{(pid=105318) log_opt_values /opt/stack/data/venv/lib/python3.12/site-packages/oslo_config/cfg.py:3242}}
Jun 29 04:55:36.762400 np0000183403 neutron-rpc-server[105308]: DEBUG cotyledon.oslo_config_glue [-] SECURITYGROUP.enable_security_group = True {{(pid=105308) log_opt_values /opt/stack/data/venv/lib/python3.12/site-packages/oslo_config/cfg.py:3253}}
Jun 29 04:55:36.762428 np0000183403 neutron-rpc-server[105294]: DEBUG ovsdbapp.backend.ovs_idl [None req-25d892fe-7ab4-4f82-9ad5-e8486c52237d None None] Created schema index Chassis_Template_Var.chassis {{(pid=105294) autocreate_indices /opt/stack/data/venv/lib/python3.12/site-packages/ovsdbapp/backend/ovs_idl/__init__.py:106}}
Jun 29 04:55:36.762454 np0000183403 neutron-rpc-server[105286]: DEBUG ovsdbapp.backend.ovs_idl [None req-f9257d51-04b5-4863-9b45-e946857469fa None None] Created schema index Logical_Router_Port.name {{(pid=105286) autocreate_indices /opt/stack/data/venv/lib/python3.12/site-packages/ovsdbapp/backend/ovs_idl/__init__.py:106}}
Jun 29 04:55:36.762488 np0000183403 neutron-rpc-server[105308]: DEBUG cotyledon.oslo_config_glue [-] SECURITYGROUP.firewall_driver = None {{(pid=105308) log_opt_values /opt/stack/data/venv/lib/python3.12/site-packages/oslo_config/cfg.py:3253}}
Jun 29 04:55:36.762515 np0000183403 neutron-rpc-server[105318]: DEBUG cotyledon.oslo_config_glue [-] enable_default_route_bfd = False {{(pid=105318) log_opt_values /opt/stack/data/venv/lib/python3.12/site-packages/oslo_config/cfg.py:3242}}
Jun 29 04:55:36.762539 np0000183403 neutron-rpc-server[105308]: DEBUG cotyledon.oslo_config_glue [-] SECURITYGROUP.permitted_ethertypes = [] {{(pid=105308) log_opt_values /opt/stack/data/venv/lib/python3.12/site-packages/oslo_config/cfg.py:3253}}
Jun 29 04:55:36.762565 np0000183403 neutron-rpc-server[105318]: DEBUG cotyledon.oslo_config_glue [-] enable_default_route_ecmp = False {{(pid=105318) log_opt_values /opt/stack/data/venv/lib/python3.12/site-packages/oslo_config/cfg.py:3242}}
Jun 29 04:55:36.762595 np0000183403 neutron-rpc-server[105286]: DEBUG ovsdbapp.backend.ovs_idl [None req-f9257d51-04b5-4863-9b45-e946857469fa None None] Created schema index Port_Group.name {{(pid=105286) autocreate_indices /opt/stack/data/venv/lib/python3.12/site-packages/ovsdbapp/backend/ovs_idl/__init__.py:106}}
