Jun 29 04:55:36.909353 np0000183403 devstack@neutron-api.service[103737]: WARNING neutron.api.extensions [None req-695630f3-86b3-4a12-9e31-b7b283b0b021 None None] Did not find expected name "Stdattrs_common" in /opt/stack/neutron/neutron/extensions/stdattrs_common.py
Jun 29 04:55:36.909411 np0000183403 devstack@neutron-api.service[103738]: DEBUG neutron.api.extensions [None req-b84bfdd7-296c-4490-8f35-a0fd96d3f2c8 None None] Extended resource: service-providers {{(pid=103738) __init__ /opt/stack/neutron/neutron/api/extensions.py:156}}
Jun 29 04:55:36.909468 np0000183403 devstack@neutron-api.service[103737]: DEBUG neutron.api.extensions [None req-695630f3-86b3-4a12-9e31-b7b283b0b021 None None] Loading extension file: subnet_dns_publish_fixed_ip.py {{(pid=103737) _load_all_extensions_from_path /opt/stack/neutron/neutron/api/extensions.py:449}}
Jun 29 04:55:36.909649 np0000183403 devstack@neutron-api.service[103737]: DEBUG neutron.api.extensions [None req-695630f3-86b3-4a12-9e31-b7b283b0b021 None None] Ext name="Subnet DNS publish fixed IP" alias="subnet-dns-publish-fixed-ip" description="Support choosing to publish DNS records for IPs from a subnet" updated="2019-05-24T10:00:00-00:00" {{(pid=103737) _check_extension /opt/stack/neutron/neutron/api/extensions.py:415}}
Jun 29 04:55:36.909851 np0000183403 devstack@neutron-api.service[103737]: INFO neutron.api.extensions [None req-695630f3-86b3-4a12-9e31-b7b283b0b021 None None] Loaded extension: subnet-dns-publish-fixed-ip
Jun 29 04:55:36.909920 np0000183403 devstack@neutron-api.service[103738]: DEBUG neutron.api.extensions [None req-b84bfdd7-296c-4490-8f35-a0fd96d3f2c8 None None] Extended resource: subnetpools {{(pid=103738) __init__ /opt/stack/neutron/neutron/api/extensions.py:156}}
Jun 29 04:55:36.909991 np0000183403 devstack@neutron-api.service[103737]: DEBUG neutron.api.extensions [None req-695630f3-86b3-4a12-9e31-b7b283b0b021 None None] Loading extension file: subnet_external_network.py {{(pid=103737) _load_all_extensions_from_path /opt/stack/neutron/neutron/api/extensions.py:449}}
Jun 29 04:55:36.910156 np0000183403 devstack@neutron-api.service[103737]: DEBUG neutron.api.extensions [None req-695630f3-86b3-4a12-9e31-b7b283b0b021 None None] Ext name="Subnet belongs to an external network" alias="subnet-external-network" description="Informs if the subnet belongs to an external network" updated="2024-02-05T18:00:00-00:00" {{(pid=103737) _check_extension /opt/stack/neutron/neutron/api/extensions.py:415}}
Jun 29 04:55:36.910327 np0000183403 devstack@neutron-api.service[103737]: INFO neutron.api.extensions [None req-695630f3-86b3-4a12-9e31-b7b283b0b021 None None] Loaded extension: subnet-external-network
Jun 29 04:55:36.910418 np0000183403 devstack@neutron-api.service[103737]: DEBUG neutron.api.extensions [None req-695630f3-86b3-4a12-9e31-b7b283b0b021 None None] Loading extension file: subnet_onboard.py {{(pid=103737) _load_all_extensions_from_path /opt/stack/neutron/neutron/api/extensions.py:449}}
Jun 29 04:55:36.910540 np0000183403 devstack@neutron-api.service[103738]: DEBUG neutron.api.extensions [None req-b84bfdd7-296c-4490-8f35-a0fd96d3f2c8 None None] Extended resource: subnetpools {{(pid=103738) __init__ /opt/stack/neutron/neutron/api/extensions.py:156}}
Jun 29 04:55:36.910696 np0000183403 devstack@neutron-api.service[103737]: DEBUG neutron.api.extensions [None req-695630f3-86b3-4a12-9e31-b7b283b0b021 None None] Ext name="Subnet Onboard" alias="subnet_onboard" description="Provides support for onboarding subnets into subnet pools" updated="2018-12-18T09:00:00-00:00" {{(pid=103737) _check_extension /opt/stack/neutron/neutron/api/extensions.py:415}}
Jun 29 04:55:36.910946 np0000183403 devstack@neutron-api.service[103737]: INFO neutron.api.extensions [None req-695630f3-86b3-4a12-9e31-b7b283b0b021 None None] Loaded extension: subnet_onboard
Jun 29 04:55:36.910946 np0000183403 devstack@neutron-api.service[103737]: DEBUG neutron.api.extensions [None req-695630f3-86b3-4a12-9e31-b7b283b0b021 None None] Loading extension file: subnet_segmentid_writable.py {{(pid=103737) _load_all_extensions_from_path /opt/stack/neutron/neutron/api/extensions.py:449}}
Jun 29 04:55:36.911151 np0000183403 devstack@neutron-api.service[103738]: DEBUG neutron.api.extensions [None req-b84bfdd7-296c-4490-8f35-a0fd96d3f2c8 None None] Extended resource: tags {{(pid=103738) __init__ /opt/stack/neutron/neutron/api/extensions.py:156}}
Jun 29 04:55:36.911241 np0000183403 devstack@neutron-api.service[103737]: DEBUG neutron.api.extensions [None req-695630f3-86b3-4a12-9e31-b7b283b0b021 None None] Ext name="Subnet SegmentID (writable)" alias="subnet-segmentid-writable" description="Provides a writable segment_id attribute for a subnet resource." updated="2018-03-12T00:00:00-00:00" {{(pid=103737) _check_extension /opt/stack/neutron/neutron/api/extensions.py:415}}
Jun 29 04:55:36.911453 np0000183403 devstack@neutron-api.service[103737]: INFO neutron.api.extensions [None req-695630f3-86b3-4a12-9e31-b7b283b0b021 None None] Extension subnet-segmentid-writable not supported by any of loaded plugins
Jun 29 04:55:36.911453 np0000183403 devstack@neutron-api.service[103737]: DEBUG neutron.api.extensions [None req-695630f3-86b3-4a12-9e31-b7b283b0b021 None None] Loading extension file: subnet_service_types.py {{(pid=103737) _load_all_extensions_from_path /opt/stack/neutron/neutron/api/extensions.py:449}}
Jun 29 04:55:36.911569 np0000183403 devstack@neutron-api.service[103739]: DEBUG neutron_lib.callbacks.manager [None req-e916aaa6-9f45-4b33-93f9-a76bcbbadd5f None None] Publish callbacks ['neutron.plugins.ml2.drivers.ovn.mech_driver.mech_driver.OVNMechanismDriver.pre_fork_initialize-227643'] for process (None), before_spawn {{(pid=103739) _notify_loop /opt/stack/data/venv/lib/python3.12/site-packages/neutron_lib/callbacks/manager.py:184}}
Jun 29 04:55:36.911673 np0000183403 devstack@neutron-api.service[103737]: DEBUG neutron.api.extensions [None req-695630f3-86b3-4a12-9e31-b7b283b0b021 None None] Ext name="Subnet service types" alias="subnet-service-types" description="Provides ability to set the subnet service_types field" updated="2016-03-15T18:00:00-00:00" {{(pid=103737) _check_extension /opt/stack/neutron/neutron/api/extensions.py:415}}
Jun 29 04:55:36.911831 np0000183403 devstack@neutron-api.service[103737]: INFO neutron.api.extensions [None req-695630f3-86b3-4a12-9e31-b7b283b0b021 None None] Loaded extension: subnet-service-types
Jun 29 04:55:36.911899 np0000183403 devstack@neutron-api.service[103738]: DEBUG neutron.api.extensions [None req-b84bfdd7-296c-4490-8f35-a0fd96d3f2c8 None None] Extended resource: tags {{(pid=103738) __init__ /opt/stack/neutron/neutron/api/extensions.py:156}}
Jun 29 04:55:36.911963 np0000183403 devstack@neutron-api.service[103737]: DEBUG neutron.api.extensions [None req-695630f3-86b3-4a12-9e31-b7b283b0b021 None None] Loading extension file: subnetallocation.py {{(pid=103737) _load_all_extensions_from_path /opt/stack/neutron/neutron/api/extensions.py:449}}
Jun 29 04:55:36.912035 np0000183403 devstack@neutron-api.service[103739]: DEBUG oslo_concurrency.processutils [None req-e916aaa6-9f45-4b33-93f9-a76bcbbadd5f None None] Running cmd (subprocess): ovsdb-client transact ssl:199.204.45.113:6641 --timeout 180 -p /opt/stack/data/CA/int-ca/private/devstack-cert.key -c /opt/stack/data/CA/int-ca/devstack-cert.crt -C /opt/stack/data/CA/int-ca/ca-chain.pem ["OVN_Northbound", {"op": "wait", "timeout": 0, "table": "Port_Group", "where": [["name", "==", "neutron_pg_drop"]], "until": "==", "rows": []}, {"op": "insert", "table": "ACL", "row": {"action": "drop", "direction": "to-lport", "match": "outport == @neutron_pg_drop && ip", "priority": 1001}, "uuid-name": "droptoport"}, {"op": "insert", "table": "ACL", "row": {"action": "drop", "direction": "from-lport", "match": "inport == @neutron_pg_drop && ip", "priority": 1001}, "uuid-name": "dropfromport"}, {"op": "insert", "table": "Port_Group", "row": {"name": "neutron_pg_drop", "acls": ["set", [["named-uuid", "droptoport"], ["named-uuid", "dropfromport"]]]}}] {{(pid=103739) execute /opt/stack/data/venv/lib/python3.12/site-packages/oslo_concurrency/processutils.py:440}}
Jun 29 04:55:36.912159 np0000183403 devstack@neutron-api.service[103737]: DEBUG neutron.api.extensions [None req-695630f3-86b3-4a12-9e31-b7b283b0b021 None None] Ext name="Subnet Allocation" alias="subnet_allocation" description="Enables allocation of subnets from a subnet pool" updated="2015-03-30T10:00:00-00:00" {{(pid=103737) _check_extension /opt/stack/neutron/neutron/api/extensions.py:415}}
Jun 29 04:55:36.912498 np0000183403 devstack@neutron-api.service[103737]: INFO neutron.api.extensions [None req-695630f3-86b3-4a12-9e31-b7b283b0b021 None None] Loaded extension: subnet_allocation
Jun 29 04:55:36.912498 np0000183403 devstack@neutron-api.service[103737]: DEBUG neutron.api.extensions [None req-695630f3-86b3-4a12-9e31-b7b283b0b021 None None] Loading extension file: subnetpool_prefix_ops.py {{(pid=103737) _load_all_extensions_from_path /opt/stack/neutron/neutron/api/extensions.py:449}}
Jun 29 04:55:36.912655 np0000183403 devstack@neutron-api.service[103737]: DEBUG neutron.api.extensions [None req-695630f3-86b3-4a12-9e31-b7b283b0b021 None None] Ext name="Subnet Pool Prefix Operations" alias="subnetpool-prefix-ops" description="Provides support for adjusting the prefix list of subnet pools" updated="2019-02-08T10:00:00-00:00" {{(pid=103737) _check_extension /opt/stack/neutron/neutron/api/extensions.py:415}}
Jun 29 04:55:36.912820 np0000183403 devstack@neutron-api.service[103738]: DEBUG neutron.api.extensions [None req-b84bfdd7-296c-4490-8f35-a0fd96d3f2c8 None None] Extended resource: tags {{(pid=103738) __init__ /opt/stack/neutron/neutron/api/extensions.py:156}}
Jun 29 04:55:36.912881 np0000183403 devstack@neutron-api.service[103737]: INFO neutron.api.extensions [None req-695630f3-86b3-4a12-9e31-b7b283b0b021 None None] Loaded extension: subnetpool-prefix-ops
Jun 29 04:55:36.912881 np0000183403 devstack@neutron-api.service[103737]: DEBUG neutron.api.extensions [None req-695630f3-86b3-4a12-9e31-b7b283b0b021 None None] Loading extension file: tag_creation.py {{(pid=103737) _load_all_extensions_from_path /opt/stack/neutron/neutron/api/extensions.py:449}}
Jun 29 04:55:36.913130 np0000183403 devstack@neutron-api.service[103737]: DEBUG neutron.api.extensions [None req-695630f3-86b3-4a12-9e31-b7b283b0b021 None None] Ext name="Tag creation extension" alias="tag-creation" description="Allow to create multiple tags for a resource" updated="2024-23-07T10:00:00-00:00" {{(pid=103737) _check_extension /opt/stack/neutron/neutron/api/extensions.py:415}}
Jun 29 04:55:36.913310 np0000183403 devstack@neutron-api.service[103737]: INFO neutron.api.extensions [None req-695630f3-86b3-4a12-9e31-b7b283b0b021 None None] Loaded extension: tag-creation
Jun 29 04:55:36.913478 np0000183403 devstack@neutron-api.service[103737]: DEBUG neutron.api.extensions [None req-695630f3-86b3-4a12-9e31-b7b283b0b021 None None] Loading extension file: tag_ports_during_bulk_creation.py {{(pid=103737) _load_all_extensions_from_path /opt/stack/neutron/neutron/api/extensions.py:449}}
Jun 29 04:55:36.913590 np0000183403 devstack@neutron-api.service[103737]: DEBUG neutron.api.extensions [None req-695630f3-86b3-4a12-9e31-b7b283b0b021 None None] Ext name="Tag Ports During Bulk Creation" alias="tag-ports-during-bulk-creation" description="Allow to tag ports during bulk creation" updated="2019-12-29T19:00:00-00:00" {{(pid=103737) _check_extension /opt/stack/neutron/neutron/api/extensions.py:415}}
Jun 29 04:55:36.913653 np0000183403 devstack@neutron-api.service[103738]: DEBUG neutron.api.extensions [None req-b84bfdd7-296c-4490-8f35-a0fd96d3f2c8 None None] Extended resource: tags {{(pid=103738) __init__ /opt/stack/neutron/neutron/api/extensions.py:156}}
Jun 29 04:55:36.913766 np0000183403 devstack@neutron-api.service[103737]: INFO neutron.api.extensions [None req-695630f3-86b3-4a12-9e31-b7b283b0b021 None None] Extension tag-ports-during-bulk-creation not supported by any of loaded plugins
Jun 29 04:55:36.913857 np0000183403 devstack@neutron-api.service[103737]: DEBUG neutron.api.extensions [None req-695630f3-86b3-4a12-9e31-b7b283b0b021 None None] Loading extension file: tagging.py {{(pid=103737) _load_all_extensions_from_path /opt/stack/neutron/neutron/api/extensions.py:449}}
Jun 29 04:55:36.914393 np0000183403 devstack@neutron-api.service[103738]: DEBUG neutron.api.extensions [None req-b84bfdd7-296c-4490-8f35-a0fd96d3f2c8 None None] Extended resource: tags {{(pid=103738) __init__ /opt/stack/neutron/neutron/api/extensions.py:156}}
Jun 29 04:55:36.914693 np0000183403 devstack@neutron-api.service[103737]: DEBUG neutron.api.extensions [None req-695630f3-86b3-4a12-9e31-b7b283b0b021 None None] Ext name="Tag support for resources with standard attribute: port, subnet, subnetpool, network, security_group, router, floatingip, policy, trunk, network_segment_range" alias="standard-attr-tag" description="Enables to set tag on resources with standard attribute." updated="2017-01-01T00:00:00-00:00" {{(pid=103737) _check_extension /opt/stack/neutron/neutron/api/extensions.py:415}}
Jun 29 04:55:36.914870 np0000183403 devstack@neutron-api.service[103737]: INFO neutron.api.extensions [None req-695630f3-86b3-4a12-9e31-b7b283b0b021 None None] Loaded extension: standard-attr-tag
Jun 29 04:55:36.914989 np0000183403 devstack@neutron-api.service[103737]: DEBUG neutron.api.extensions [None req-695630f3-86b3-4a12-9e31-b7b283b0b021 None None] Loading extension file: timestamp.py {{(pid=103737) _load_all_extensions_from_path /opt/stack/neutron/neutron/api/extensions.py:449}}
Jun 29 04:55:36.915253 np0000183403 devstack@neutron-api.service[103737]: DEBUG neutron.api.extensions [None req-695630f3-86b3-4a12-9e31-b7b283b0b021 None None] Ext name="Resource timestamps" alias="standard-attr-timestamp" description="Adds created_at and updated_at fields to all Neutron resources that have Neutron standard attributes." updated="2016-09-12T10:00:00-00:00" {{(pid=103737) _check_extension /opt/stack/neutron/neutron/api/extensions.py:415}}
Jun 29 04:55:36.915325 np0000183403 devstack@neutron-api.service[103738]: DEBUG neutron.api.extensions [None req-b84bfdd7-296c-4490-8f35-a0fd96d3f2c8 None None] Extended resource: tags {{(pid=103738) __init__ /opt/stack/neutron/neutron/api/extensions.py:156}}
Jun 29 04:55:36.915424 np0000183403 devstack@neutron-api.service[103737]: INFO neutron.api.extensions [None req-695630f3-86b3-4a12-9e31-b7b283b0b021 None None] Loaded extension: standard-attr-timestamp
Jun 29 04:55:36.915513 np0000183403 devstack@neutron-api.service[103737]: DEBUG neutron.api.extensions [None req-695630f3-86b3-4a12-9e31-b7b283b0b021 None None] Loading extension file: trunk.py {{(pid=103737) _load_all_extensions_from_path /opt/stack/neutron/neutron/api/extensions.py:449}}
Jun 29 04:55:36.915827 np0000183403 devstack@neutron-api.service[103737]: DEBUG neutron.api.extensions [None req-695630f3-86b3-4a12-9e31-b7b283b0b021 None None] Ext name="Trunk Extension" alias="trunk" description="Provides support for trunk ports" updated="2016-01-01T10:00:00-00:00" {{(pid=103737) _check_extension /opt/stack/neutron/neutron/api/extensions.py:415}}
Jun 29 04:55:36.915923 np0000183403 devstack@neutron-api.service[103737]: INFO neutron.api.extensions [None req-695630f3-86b3-4a12-9e31-b7b283b0b021 None None] Extension trunk not supported by any of loaded plugins
Jun 29 04:55:36.916067 np0000183403 devstack@neutron-api.service[103737]: DEBUG neutron.api.extensions [None req-695630f3-86b3-4a12-9e31-b7b283b0b021 None None] Loading extension file: trunk_details.py {{(pid=103737) _load_all_extensions_from_path /opt/stack/neutron/neutron/api/extensions.py:449}}
Jun 29 04:55:36.916135 np0000183403 devstack@neutron-api.service[103738]: DEBUG neutron.api.extensions [None req-b84bfdd7-296c-4490-8f35-a0fd96d3f2c8 None None] Extended resource: tags {{(pid=103738) __init__ /opt/stack/neutron/neutron/api/extensions.py:156}}
Jun 29 04:55:36.916289 np0000183403 devstack@neutron-api.service[103737]: DEBUG neutron.api.extensions [None req-695630f3-86b3-4a12-9e31-b7b283b0b021 None None] Ext name="Trunk port details" alias="trunk-details" description="Expose trunk port details" updated="2016-01-01T10:00:00-00:00" {{(pid=103737) _check_extension /opt/stack/neutron/neutron/api/extensions.py:415}}
Jun 29 04:55:36.916425 np0000183403 devstack@neutron-api.service[103737]: INFO neutron.api.extensions [None req-695630f3-86b3-4a12-9e31-b7b283b0b021 None None] Extension trunk-details not supported by any of loaded plugins
Jun 29 04:55:36.916513 np0000183403 devstack@neutron-api.service[103737]: DEBUG neutron.api.extensions [None req-695630f3-86b3-4a12-9e31-b7b283b0b021 None None] Loading extension file: uplink_status_propagation.py {{(pid=103737) _load_all_extensions_from_path /opt/stack/neutron/neutron/api/extensions.py:449}}
Jun 29 04:55:36.916746 np0000183403 devstack@neutron-api.service[103737]: DEBUG neutron.api.extensions [None req-695630f3-86b3-4a12-9e31-b7b283b0b021 None None] Ext name="Uplink status propagation extension" alias="uplink-status-propagation" description="Provides ability to propagate port uplink status." updated="2018-05-31T18:00:00-00:00" {{(pid=103737) _check_extension /opt/stack/neutron/neutron/api/extensions.py:415}}
Jun 29 04:55:36.916966 np0000183403 devstack@neutron-api.service[103738]: DEBUG neutron.api.extensions [None req-b84bfdd7-296c-4490-8f35-a0fd96d3f2c8 None None] Extended resource: tags {{(pid=103738) __init__ /opt/stack/neutron/neutron/api/extensions.py:156}}
Jun 29 04:55:36.916997 np0000183403 devstack@neutron-api.service[103737]: INFO neutron.api.extensions [None req-695630f3-86b3-4a12-9e31-b7b283b0b021 None None] Extension uplink-status-propagation not supported by any of loaded plugins
Jun 29 04:55:36.917090 np0000183403 devstack@neutron-api.service[103737]: DEBUG neutron.api.extensions [None req-695630f3-86b3-4a12-9e31-b7b283b0b021 None None] Loading extension file: uplink_status_propagation_updatable.py {{(pid=103737) _load_all_extensions_from_path /opt/stack/neutron/neutron/api/extensions.py:449}}
Jun 29 04:55:36.917301 np0000183403 devstack@neutron-api.service[103737]: DEBUG neutron.api.extensions [None req-695630f3-86b3-4a12-9e31-b7b283b0b021 None None] Ext name="Uplink status propagation updatable extension" alias="uplink-status-propagation-updatable" description="Provides ability to update the port uplink status." updated="2024-09-03T18:00:00-00:00" {{(pid=103737) _check_extension /opt/stack/neutron/neutron/api/extensions.py:415}}
Jun 29 04:55:36.917773 np0000183403 devstack@neutron-api.service[103737]: INFO neutron.api.extensions [None req-695630f3-86b3-4a12-9e31-b7b283b0b021 None None] Extension uplink-status-propagation-updatable not supported by any of loaded plugins
Jun 29 04:55:36.917773 np0000183403 devstack@neutron-api.service[103737]: DEBUG neutron.api.extensions [None req-695630f3-86b3-4a12-9e31-b7b283b0b021 None None] Loading extension file: vlantransparent.py {{(pid=103737) _load_all_extensions_from_path /opt/stack/neutron/neutron/api/extensions.py:449}}
Jun 29 04:55:36.917877 np0000183403 devstack@neutron-api.service[103738]: DEBUG neutron.api.extensions [None req-b84bfdd7-296c-4490-8f35-a0fd96d3f2c8 None None] Extended resource: tags {{(pid=103738) __init__ /opt/stack/neutron/neutron/api/extensions.py:156}}
Jun 29 04:55:36.918226 np0000183403 devstack@neutron-api.service[103737]: DEBUG neutron.api.extensions [None req-695630f3-86b3-4a12-9e31-b7b283b0b021 None None] Ext name="Vlantransparent" alias="vlan-transparent" description="Provides Vlan Transparent Networks" updated="2015-03-23T09:00:00-00:00" {{(pid=103737) _check_extension /opt/stack/neutron/neutron/api/extensions.py:415}}
Jun 29 04:55:36.918226 np0000183403 devstack@neutron-api.service[103737]: INFO neutron.api.extensions [None req-695630f3-86b3-4a12-9e31-b7b283b0b021 None None] Loaded extension: vlan-transparent
Jun 29 04:55:36.918708 np0000183403 devstack@neutron-api.service[103738]: DEBUG neutron.api.extensions [None req-b84bfdd7-296c-4490-8f35-a0fd96d3f2c8 None None] Extended resource: tags {{(pid=103738) __init__ /opt/stack/neutron/neutron/api/extensions.py:156}}
Jun 29 04:55:36.920008 np0000183403 devstack@neutron-api.service[103737]: INFO neutron.quota.resource_registry [None req-695630f3-86b3-4a12-9e31-b7b283b0b021 None None] Creating instance of TrackedResource for resource:network
Jun 29 04:55:36.920008 np0000183403 devstack@neutron-api.service[103737]: INFO neutron.quota.resource_registry [None req-695630f3-86b3-4a12-9e31-b7b283b0b021 None None] Creating instance of TrackedResource for resource:subnet
Jun 29 04:55:36.920354 np0000183403 devstack@neutron-api.service[103737]: INFO neutron.quota.resource_registry [None req-695630f3-86b3-4a12-9e31-b7b283b0b021 None None] Creating instance of TrackedResource for resource:subnetpool
Jun 29 04:55:36.920354 np0000183403 devstack@neutron-api.service[103737]: INFO neutron.quota.resource_registry [None req-695630f3-86b3-4a12-9e31-b7b283b0b021 None None] Creating instance of TrackedResource for resource:port
Jun 29 04:55:36.922062 np0000183403 devstack@neutron-api.service[103737]: INFO neutron.quota.resource_registry [None req-695630f3-86b3-4a12-9e31-b7b283b0b021 None None] Creating instance of CountableResource for resource:router_route
Jun 29 04:55:36.922062 np0000183403 devstack@neutron-api.service[103737]: DEBUG neutron.api.v2.resource_helper [None req-695630f3-86b3-4a12-9e31-b7b283b0b021 None None] Service L3_ROUTER_NAT assigned prefix: {{(pid=103737) build_resource_info /opt/stack/neutron/neutron/api/v2/resource_helper.py:77}}
Jun 29 04:55:36.922480 np0000183403 devstack@neutron-api.service[103737]: DEBUG neutron.api.v2.resource_helper [None req-695630f3-86b3-4a12-9e31-b7b283b0b021 None None] Service FLAVORS assigned prefix: {{(pid=103737) build_resource_info /opt/stack/neutron/neutron/api/v2/resource_helper.py:77}}
Jun 29 04:55:36.923376 np0000183403 devstack@neutron-api.service[103737]: DEBUG neutron.api.v2.resource_helper [None req-695630f3-86b3-4a12-9e31-b7b283b0b021 None None] Service L3_ROUTER_NAT assigned prefix: {{(pid=103737) build_resource_info /opt/stack/neutron/neutron/api/v2/resource_helper.py:77}}
Jun 29 04:55:36.923712 np0000183403 devstack@neutron-api.service[103737]: DEBUG neutron.api.v2.resource_helper [None req-695630f3-86b3-4a12-9e31-b7b283b0b021 None None] Service L3_ROUTER_NAT assigned prefix: {{(pid=103737) build_resource_info /opt/stack/neutron/neutron/api/v2/resource_helper.py:77}}
Jun 29 04:55:36.923846 np0000183403 devstack@neutron-api.service[103737]: INFO neutron.quota.resource_registry [None req-695630f3-86b3-4a12-9e31-b7b283b0b021 None None] Creating instance of TrackedResource for resource:router
Jun 29 04:55:36.924258 np0000183403 devstack@neutron-api.service[103737]: INFO neutron.quota.resource_registry [None req-695630f3-86b3-4a12-9e31-b7b283b0b021 None None] Creating instance of TrackedResource for resource:floatingip
Jun 29 04:55:36.925406 np0000183403 devstack@neutron-api.service[103737]: INFO neutron.quota.resource_registry [None req-695630f3-86b3-4a12-9e31-b7b283b0b021 None None] Creating instance of CountableResource for resource:rbac_policy
Jun 29 04:55:36.926122 np0000183403 devstack@neutron-api.service[103737]: INFO neutron.quota.resource_registry [None req-695630f3-86b3-4a12-9e31-b7b283b0b021 None None] Creating instance of TrackedResource for resource:security_group
Jun 29 04:55:36.926568 np0000183403 devstack@neutron-api.service[103737]: INFO neutron.quota.resource_registry [None req-695630f3-86b3-4a12-9e31-b7b283b0b021 None None] Creating instance of TrackedResource for resource:security_group_rule
Jun 29 04:55:36.927324 np0000183403 devstack@neutron-api.service[103737]: DEBUG neutron.api.v2.resource_helper [None req-695630f3-86b3-4a12-9e31-b7b283b0b021 None None] Service CORE assigned prefix: {{(pid=103737) build_resource_info /opt/stack/neutron/neutron/api/v2/resource_helper.py:77}}
Jun 29 04:55:36.927457 np0000183403 devstack@neutron-api.service[103737]: INFO neutron.quota.resource_registry [None req-695630f3-86b3-4a12-9e31-b7b283b0b021 None None] Creating instance of TrackedResource for resource:subnetpool
Jun 29 04:55:36.927570 np0000183403 devstack@neutron-api.service[103737]: WARNING neutron.quota.resource_registry [None req-695630f3-86b3-4a12-9e31-b7b283b0b021 None None] subnetpool is already registered
Jun 29 04:55:36.928074 np0000183403 devstack@neutron-api.service[103737]: DEBUG neutron.api.v2.resource_helper [None req-695630f3-86b3-4a12-9e31-b7b283b0b021 None None] Service CORE assigned prefix: {{(pid=103737) build_resource_info /opt/stack/neutron/neutron/api/v2/resource_helper.py:77}}
Jun 29 04:55:36.928074 np0000183403 devstack@neutron-api.service[103737]: INFO neutron.quota.resource_registry [None req-695630f3-86b3-4a12-9e31-b7b283b0b021 None None] Creating instance of TrackedResource for resource:subnetpool
Jun 29 04:55:36.928195 np0000183403 devstack@neutron-api.service[103737]: WARNING neutron.quota.resource_registry [None req-695630f3-86b3-4a12-9e31-b7b283b0b021 None None] subnetpool is already registered
Jun 29 04:55:36.928727 np0000183403 devstack@neutron-api.service[103738]: DEBUG neutron_lib.callbacks.manager [None req-b84bfdd7-296c-4490-8f35-a0fd96d3f2c8 None None] Publish callbacks ['neutron.plugins.ml2.drivers.ovn.mech_driver.mech_driver.OVNMechanismDriver.pre_fork_initialize-223936'] for process (None), before_spawn {{(pid=103738) _notify_loop /opt/stack/data/venv/lib/python3.12/site-packages/neutron_lib/callbacks/manager.py:184}}
Jun 29 04:55:36.929109 np0000183403 devstack@neutron-api.service[103738]: DEBUG oslo_concurrency.processutils [None req-b84bfdd7-296c-4490-8f35-a0fd96d3f2c8 None None] Running cmd (subprocess): ovsdb-client transact ssl:199.204.45.113:6641 --timeout 180 -p /opt/stack/data/CA/int-ca/private/devstack-cert.key -c /opt/stack/data/CA/int-ca/devstack-cert.crt -C /opt/stack/data/CA/int-ca/ca-chain.pem ["OVN_Northbound", {"op": "wait", "timeout": 0, "table": "Port_Group", "where": [["name", "==", "neutron_pg_drop"]], "until": "==", "rows": []}, {"op": "insert", "table": "ACL", "row": {"action": "drop", "direction": "to-lport", "match": "outport == @neutron_pg_drop && ip", "priority": 1001}, "uuid-name": "droptoport"}, {"op": "insert", "table": "ACL", "row": {"action": "drop", "direction": "from-lport", "match": "inport == @neutron_pg_drop && ip", "priority": 1001}, "uuid-name": "dropfromport"}, {"op": "insert", "table": "Port_Group", "row": {"name": "neutron_pg_drop", "acls": ["set", [["named-uuid", "droptoport"], ["named-uuid", "dropfromport"]]]}}] {{(pid=103738) execute /opt/stack/data/venv/lib/python3.12/site-packages/oslo_concurrency/processutils.py:440}}
Jun 29 04:55:36.930472 np0000183403 devstack@neutron-api.service[103737]: INFO neutron.quota.resource_registry [None req-695630f3-86b3-4a12-9e31-b7b283b0b021 None None] Creating instance of CountableResource for resource:router_route
Jun 29 04:55:36.930528 np0000183403 devstack@neutron-api.service[103737]: WARNING neutron.quota.resource_registry [None req-695630f3-86b3-4a12-9e31-b7b283b0b021 None None] router_route is already registered
Jun 29 04:55:36.930676 np0000183403 devstack@neutron-api.service[103737]: DEBUG neutron.api.v2.resource_helper [None req-695630f3-86b3-4a12-9e31-b7b283b0b021 None None] Service L3_ROUTER_NAT assigned prefix: {{(pid=103737) build_resource_info /opt/stack/neutron/neutron/api/v2/resource_helper.py:77}}
Jun 29 04:55:36.931043 np0000183403 devstack@neutron-api.service[103737]: DEBUG neutron.api.v2.resource_helper [None req-695630f3-86b3-4a12-9e31-b7b283b0b021 None None] Service FLAVORS assigned prefix: {{(pid=103737) build_resource_info /opt/stack/neutron/neutron/api/v2/resource_helper.py:77}}
Jun 29 04:55:36.931923 np0000183403 devstack@neutron-api.service[103737]: DEBUG neutron.api.v2.resource_helper [None req-695630f3-86b3-4a12-9e31-b7b283b0b021 None None] Service L3_ROUTER_NAT assigned prefix: {{(pid=103737) build_resource_info /opt/stack/neutron/neutron/api/v2/resource_helper.py:77}}
Jun 29 04:55:36.932516 np0000183403 devstack@neutron-api.service[103737]: DEBUG neutron.api.v2.resource_helper [None req-695630f3-86b3-4a12-9e31-b7b283b0b021 None None] Service L3_ROUTER_NAT assigned prefix: {{(pid=103737) build_resource_info /opt/stack/neutron/neutron/api/v2/resource_helper.py:77}}
Jun 29 04:55:36.932516 np0000183403 devstack@neutron-api.service[103737]: INFO neutron.quota.resource_registry [None req-695630f3-86b3-4a12-9e31-b7b283b0b021 None None] Creating instance of TrackedResource for resource:router
Jun 29 04:55:36.932516 np0000183403 devstack@neutron-api.service[103737]: WARNING neutron.quota.resource_registry [None req-695630f3-86b3-4a12-9e31-b7b283b0b021 None None] router is already registered
Jun 29 04:55:36.933056 np0000183403 devstack@neutron-api.service[103737]: INFO neutron.quota.resource_registry [None req-695630f3-86b3-4a12-9e31-b7b283b0b021 None None] Creating instance of TrackedResource for resource:floatingip
Jun 29 04:55:36.933239 np0000183403 devstack@neutron-api.service[103737]: WARNING neutron.quota.resource_registry [None req-695630f3-86b3-4a12-9e31-b7b283b0b021 None None] floatingip is already registered
Jun 29 04:55:36.934212 np0000183403 devstack@neutron-api.service[103737]: INFO neutron.quota.resource_registry [None req-695630f3-86b3-4a12-9e31-b7b283b0b021 None None] Creating instance of CountableResource for resource:rbac_policy
Jun 29 04:55:36.934312 np0000183403 devstack@neutron-api.service[103737]: WARNING neutron.quota.resource_registry [None req-695630f3-86b3-4a12-9e31-b7b283b0b021 None None] rbac_policy is already registered
Jun 29 04:55:36.934992 np0000183403 devstack@neutron-api.service[103737]: INFO neutron.quota.resource_registry [None req-695630f3-86b3-4a12-9e31-b7b283b0b021 None None] Creating instance of TrackedResource for resource:security_group
Jun 29 04:55:36.935119 np0000183403 devstack@neutron-api.service[103737]: WARNING neutron.quota.resource_registry [None req-695630f3-86b3-4a12-9e31-b7b283b0b021 None None] security_group is already registered
Jun 29 04:55:36.936495 np0000183403 devstack@neutron-api.service[103737]: INFO neutron.quota.resource_registry [None req-695630f3-86b3-4a12-9e31-b7b283b0b021 None None] Creating instance of TrackedResource for resource:security_group_rule
Jun 29 04:55:36.936495 np0000183403 devstack@neutron-api.service[103737]: WARNING neutron.quota.resource_registry [None req-695630f3-86b3-4a12-9e31-b7b283b0b021 None None] security_group_rule is already registered
Jun 29 04:55:36.936495 np0000183403 devstack@neutron-api.service[103737]: DEBUG neutron.api.v2.resource_helper [None req-695630f3-86b3-4a12-9e31-b7b283b0b021 None None] Service CORE assigned prefix: {{(pid=103737) build_resource_info /opt/stack/neutron/neutron/api/v2/resource_helper.py:77}}
Jun 29 04:55:36.936495 np0000183403 devstack@neutron-api.service[103737]: INFO neutron.quota.resource_registry [None req-695630f3-86b3-4a12-9e31-b7b283b0b021 None None] Creating instance of TrackedResource for resource:subnetpool
Jun 29 04:55:36.936495 np0000183403 devstack@neutron-api.service[103737]: WARNING neutron.quota.resource_registry [None req-695630f3-86b3-4a12-9e31-b7b283b0b021 None None] subnetpool is already registered
Jun 29 04:55:36.936816 np0000183403 devstack@neutron-api.service[103737]: DEBUG neutron.api.v2.resource_helper [None req-695630f3-86b3-4a12-9e31-b7b283b0b021 None None] Service CORE assigned prefix: {{(pid=103737) build_resource_info /opt/stack/neutron/neutron/api/v2/resource_helper.py:77}}
Jun 29 04:55:36.936906 np0000183403 devstack@neutron-api.service[103737]: INFO neutron.quota.resource_registry [None req-695630f3-86b3-4a12-9e31-b7b283b0b021 None None] Creating instance of TrackedResource for resource:subnetpool
Jun 29 04:55:36.937016 np0000183403 devstack@neutron-api.service[103737]: WARNING neutron.quota.resource_registry [None req-695630f3-86b3-4a12-9e31-b7b283b0b021 None None] subnetpool is already registered
Jun 29 04:55:36.937539 np0000183403 devstack@neutron-api.service[103737]: DEBUG neutron.api.extensions [None req-695630f3-86b3-4a12-9e31-b7b283b0b021 None None] Extended resource: extensions {{(pid=103737) __init__ /opt/stack/neutron/neutron/api/extensions.py:156}}
Jun 29 04:55:36.939244 np0000183403 devstack@neutron-api.service[103737]: DEBUG neutron.api.extensions [None req-695630f3-86b3-4a12-9e31-b7b283b0b021 None None] Extended resource: address-groups {{(pid=103737) __init__ /opt/stack/neutron/neutron/api/extensions.py:156}}
Jun 29 04:55:36.939244 np0000183403 devstack@neutron-api.service[103737]: DEBUG neutron.api.extensions [None req-695630f3-86b3-4a12-9e31-b7b283b0b021 None None] Extended resource: address-scopes {{(pid=103737) __init__ /opt/stack/neutron/neutron/api/extensions.py:156}}
Jun 29 04:55:36.939546 np0000183403 devstack@neutron-api.service[103737]: DEBUG neutron.api.extensions [None req-695630f3-86b3-4a12-9e31-b7b283b0b021 None None] Extended resource: agents {{(pid=103737) __init__ /opt/stack/neutron/neutron/api/extensions.py:156}}
Jun 29 04:55:36.940055 np0000183403 devstack@neutron-api.service[103737]: DEBUG neutron.api.extensions [None req-695630f3-86b3-4a12-9e31-b7b283b0b021 None None] Extended resource: auto-allocated-topology {{(pid=103737) __init__ /opt/stack/neutron/neutron/api/extensions.py:156}}
Jun 29 04:55:36.940605 np0000183403 devstack@neutron-api.service[103737]: DEBUG neutron.api.extensions [None req-695630f3-86b3-4a12-9e31-b7b283b0b021 None None] Extended resource: availability_zones {{(pid=103737) __init__ /opt/stack/neutron/neutron/api/extensions.py:156}}
Jun 29 04:55:36.941079 np0000183403 devstack@neutron-api.service[103737]: DEBUG neutron.api.extensions [None req-695630f3-86b3-4a12-9e31-b7b283b0b021 None None] Extended resource: dhcp-networks {{(pid=103737) __init__ /opt/stack/neutron/neutron/api/extensions.py:156}}
Jun 29 04:55:36.941780 np0000183403 devstack@neutron-api.service[103737]: DEBUG neutron.api.extensions [None req-695630f3-86b3-4a12-9e31-b7b283b0b021 None None] Extended resource: dhcp-agents {{(pid=103737) __init__ /opt/stack/neutron/neutron/api/extensions.py:156}}
Jun 29 04:55:36.942382 np0000183403 devstack@neutron-api.service[103737]: DEBUG neutron.api.extensions [None req-695630f3-86b3-4a12-9e31-b7b283b0b021 None None] Extended resource: routers {{(pid=103737) __init__ /opt/stack/neutron/neutron/api/extensions.py:156}}
Jun 29 04:55:36.943370 np0000183403 devstack@neutron-api.service[103737]: DEBUG neutron.api.extensions [None req-695630f3-86b3-4a12-9e31-b7b283b0b021 None None] Extended resource: flavors {{(pid=103737) __init__ /opt/stack/neutron/neutron/api/extensions.py:156}}
Jun 29 04:55:36.943899 np0000183403 devstack@neutron-api.service[103737]: DEBUG neutron.api.extensions [None req-695630f3-86b3-4a12-9e31-b7b283b0b021 None None] Extended resource: service_profiles {{(pid=103737) __init__ /opt/stack/neutron/neutron/api/extensions.py:156}}
Jun 29 04:55:36.944440 np0000183403 devstack@neutron-api.service[103737]: DEBUG neutron.api.extensions [None req-695630f3-86b3-4a12-9e31-b7b283b0b021 None None] Extended resource: next_providers {{(pid=103737) __init__ /opt/stack/neutron/neutron/api/extensions.py:156}}
Jun 29 04:55:36.945118 np0000183403 devstack@neutron-api.service[103737]: DEBUG neutron.api.extensions [None req-695630f3-86b3-4a12-9e31-b7b283b0b021 None None] Extended resource: service_profiles {{(pid=103737) __init__ /opt/stack/neutron/neutron/api/extensions.py:156}}
Jun 29 04:55:36.945845 np0000183403 devstack@neutron-api.service[103737]: DEBUG neutron.api.extensions [None req-695630f3-86b3-4a12-9e31-b7b283b0b021 None None] Extended resource: floatingip-pools {{(pid=103737) __init__ /opt/stack/neutron/neutron/api/extensions.py:156}}
Jun 29 04:55:36.946366 np0000183403 devstack@neutron-api.service[103737]: DEBUG neutron.api.extensions [None req-695630f3-86b3-4a12-9e31-b7b283b0b021 None None] Extended resource: routers {{(pid=103737) __init__ /opt/stack/neutron/neutron/api/extensions.py:156}}
Jun 29 04:55:36.947306 np0000183403 devstack@neutron-api.service[103737]: DEBUG neutron.api.extensions [None req-695630f3-86b3-4a12-9e31-b7b283b0b021 None None] Extended resource: floatingips {{(pid=103737) __init__ /opt/stack/neutron/neutron/api/extensions.py:156}}
Jun 29 04:55:36.948496 np0000183403 devstack@neutron-api.service[103737]: DEBUG neutron.api.extensions [None req-695630f3-86b3-4a12-9e31-b7b283b0b021 None None] Extended resource: l3-routers {{(pid=103737) __init__ /opt/stack/neutron/neutron/api/extensions.py:156}}
Jun 29 04:55:36.951573 np0000183403 devstack@neutron-api.service[103737]: DEBUG neutron.api.extensions [None req-695630f3-86b3-4a12-9e31-b7b283b0b021 None None] Extended resource: l3-agents {{(pid=103737) __init__ /opt/stack/neutron/neutron/api/extensions.py:156}}
Jun 29 04:55:36.951573 np0000183403 devstack@neutron-api.service[103737]: DEBUG neutron.api.extensions [None req-695630f3-86b3-4a12-9e31-b7b283b0b021 None None] Extended resource: network-ip-availabilities {{(pid=103737) __init__ /opt/stack/neutron/neutron/api/extensions.py:156}}
Jun 29 04:55:36.951573 np0000183403 devstack@neutron-api.service[103737]: DEBUG neutron.api.extensions [None req-695630f3-86b3-4a12-9e31-b7b283b0b021 None None] Extended resource: network-ip-availabilities {{(pid=103737) __init__ /opt/stack/neutron/neutron/api/extensions.py:156}}
Jun 29 04:55:36.951573 np0000183403 devstack@neutron-api.service[103737]: DEBUG neutron.api.extensions [None req-695630f3-86b3-4a12-9e31-b7b283b0b021 None None] Extended resource: bindings {{(pid=103737) __init__ /opt/stack/neutron/neutron/api/extensions.py:156}}
Jun 29 04:55:36.951573 np0000183403 devstack@neutron-api.service[103737]: DEBUG neutron.api.extensions [None req-695630f3-86b3-4a12-9e31-b7b283b0b021 None None] Extended resource: quotas {{(pid=103737) __init__ /opt/stack/neutron/neutron/api/extensions.py:156}}
Jun 29 04:55:36.952456 np0000183403 devstack@neutron-api.service[103737]: DEBUG neutron.api.extensions [None req-695630f3-86b3-4a12-9e31-b7b283b0b021 None None] Extended resource: quotas {{(pid=103737) __init__ /opt/stack/neutron/neutron/api/extensions.py:156}}
Jun 29 04:55:36.952920 np0000183403 devstack@neutron-api.service[103737]: DEBUG neutron.api.extensions [None req-695630f3-86b3-4a12-9e31-b7b283b0b021 None None] Extended resource: rbac-policies {{(pid=103737) __init__ /opt/stack/neutron/neutron/api/extensions.py:156}}
Jun 29 04:55:36.953459 np0000183403 devstack@neutron-api.service[103737]: DEBUG neutron.api.extensions [None req-695630f3-86b3-4a12-9e31-b7b283b0b021 None None] Extended resource: default-security-group-rules {{(pid=103737) __init__ /opt/stack/neutron/neutron/api/extensions.py:156}}
Jun 29 04:55:36.953995 np0000183403 devstack@neutron-api.service[103737]: DEBUG neutron.api.extensions [None req-695630f3-86b3-4a12-9e31-b7b283b0b021 None None] Extended resource: security-groups-default-statefulness {{(pid=103737) __init__ /opt/stack/neutron/neutron/api/extensions.py:156}}
Jun 29 04:55:36.954635 np0000183403 devstack@neutron-api.service[103737]: DEBUG neutron.api.extensions [None req-695630f3-86b3-4a12-9e31-b7b283b0b021 None None] Extended resource: security-groups {{(pid=103737) __init__ /opt/stack/neutron/neutron/api/extensions.py:156}}
Jun 29 04:55:36.955112 np0000183403 devstack@neutron-api.service[103737]: DEBUG neutron.api.extensions [None req-695630f3-86b3-4a12-9e31-b7b283b0b021 None None] Extended resource: security-group-rules {{(pid=103737) __init__ /opt/stack/neutron/neutron/api/extensions.py:156}}
Jun 29 04:55:36.955636 np0000183403 devstack@neutron-api.service[103737]: DEBUG neutron.api.extensions [None req-695630f3-86b3-4a12-9e31-b7b283b0b021 None None] Extended resource: service-providers {{(pid=103737) __init__ /opt/stack/neutron/neutron/api/extensions.py:156}}
Jun 29 04:55:36.956208 np0000183403 devstack@neutron-api.service[103737]: DEBUG neutron.api.extensions [None req-695630f3-86b3-4a12-9e31-b7b283b0b021 None None] Extended resource: subnetpools {{(pid=103737) __init__ /opt/stack/neutron/neutron/api/extensions.py:156}}
Jun 29 04:55:36.956759 np0000183403 devstack@neutron-api.service[103737]: DEBUG neutron.api.extensions [None req-695630f3-86b3-4a12-9e31-b7b283b0b021 None None] Extended resource: subnetpools {{(pid=103737) __init__ /opt/stack/neutron/neutron/api/extensions.py:156}}
Jun 29 04:55:36.957377 np0000183403 devstack@neutron-api.service[103737]: DEBUG neutron.api.extensions [None req-695630f3-86b3-4a12-9e31-b7b283b0b021 None None] Extended resource: tags {{(pid=103737) __init__ /opt/stack/neutron/neutron/api/extensions.py:156}}
Jun 29 04:55:36.958145 np0000183403 devstack@neutron-api.service[103737]: DEBUG neutron.api.extensions [None req-695630f3-86b3-4a12-9e31-b7b283b0b021 None None] Extended resource: tags {{(pid=103737) __init__ /opt/stack/neutron/neutron/api/extensions.py:156}}
Jun 29 04:55:36.958945 np0000183403 devstack@neutron-api.service[103737]: DEBUG neutron.api.extensions [None req-695630f3-86b3-4a12-9e31-b7b283b0b021 None None] Extended resource: tags {{(pid=103737) __init__ /opt/stack/neutron/neutron/api/extensions.py:156}}
Jun 29 04:55:36.959870 np0000183403 devstack@neutron-api.service[103737]: DEBUG neutron.api.extensions [None req-695630f3-86b3-4a12-9e31-b7b283b0b021 None None] Extended resource: tags {{(pid=103737) __init__ /opt/stack/neutron/neutron/api/extensions.py:156}}
Jun 29 04:55:36.960633 np0000183403 devstack@neutron-api.service[103737]: DEBUG neutron.api.extensions [None req-695630f3-86b3-4a12-9e31-b7b283b0b021 None None] Extended resource: tags {{(pid=103737) __init__ /opt/stack/neutron/neutron/api/extensions.py:156}}
Jun 29 04:55:36.961676 np0000183403 devstack@neutron-api.service[103737]: DEBUG neutron.api.extensions [None req-695630f3-86b3-4a12-9e31-b7b283b0b021 None None] Extended resource: tags {{(pid=103737) __init__ /opt/stack/neutron/neutron/api/extensions.py:156}}
Jun 29 04:55:36.962432 np0000183403 devstack@neutron-api.service[103737]: DEBUG neutron.api.extensions [None req-695630f3-86b3-4a12-9e31-b7b283b0b021 None None] Extended resource: tags {{(pid=103737) __init__ /opt/stack/neutron/neutron/api/extensions.py:156}}
Jun 29 04:55:36.963468 np0000183403 devstack@neutron-api.service[103737]: DEBUG neutron.api.extensions [None req-695630f3-86b3-4a12-9e31-b7b283b0b021 None None] Extended resource: tags {{(pid=103737) __init__ /opt/stack/neutron/neutron/api/extensions.py:156}}
Jun 29 04:55:36.964248 np0000183403 devstack@neutron-api.service[103737]: DEBUG neutron.api.extensions [None req-695630f3-86b3-4a12-9e31-b7b283b0b021 None None] Extended resource: tags {{(pid=103737) __init__ /opt/stack/neutron/neutron/api/extensions.py:156}}
Jun 29 04:55:36.965030 np0000183403 devstack@neutron-api.service[103737]: DEBUG neutron.api.extensions [None req-695630f3-86b3-4a12-9e31-b7b283b0b021 None None] Extended resource: tags {{(pid=103737) __init__ /opt/stack/neutron/neutron/api/extensions.py:156}}
Jun 29 04:55:36.965071 np0000183403 devstack@neutron-api.service[103738]: DEBUG oslo_concurrency.processutils [None req-b84bfdd7-296c-4490-8f35-a0fd96d3f2c8 None None] CMD "ovsdb-client transact ssl:199.204.45.113:6641 --timeout 180 -p /opt/stack/data/CA/int-ca/private/devstack-cert.key -c /opt/stack/data/CA/int-ca/devstack-cert.crt -C /opt/stack/data/CA/int-ca/ca-chain.pem ["OVN_Northbound", {"op": "wait", "timeout": 0, "table": "Port_Group", "where": [["name", "==", "neutron_pg_drop"]], "until": "==", "rows": []}, {"op": "insert", "table": "ACL", "row": {"action": "drop", "direction": "to-lport", "match": "outport == @neutron_pg_drop && ip", "priority": 1001}, "uuid-name": "droptoport"}, {"op": "insert", "table": "ACL", "row": {"action": "drop", "direction": "from-lport", "match": "inport == @neutron_pg_drop && ip", "priority": 1001}, "uuid-name": "dropfromport"}, {"op": "insert", "table": "Port_Group", "row": {"name": "neutron_pg_drop", "acls": ["set", [["named-uuid", "droptoport"], ["named-uuid", "dropfromport"]]]}}]" returned: 0 in 0.036s {{(pid=103738) execute /opt/stack/data/venv/lib/python3.12/site-packages/oslo_concurrency/processutils.py:468}}
Jun 29 04:55:36.965424 np0000183403 devstack@neutron-api.service[103738]: DEBUG neutron_lib.callbacks.manager [None req-b84bfdd7-296c-4490-8f35-a0fd96d3f2c8 None None] Publish callbacks ['neutron.plugins.ml2.drivers.ovn.mech_driver.mech_driver.OVNMechanismDriver.post_fork_initialize-223992', 'neutron.services.pvlan.drivers.ovn.driver._initialize_pvlan_pg_drop-8235793047716', 'neutron.services.ovn_l3.plugin.OVNL3RouterPlugin._post_fork_initialize-921746'] for process (None), after_init {{(pid=103738) _notify_loop /opt/stack/data/venv/lib/python3.12/site-packages/neutron_lib/callbacks/manager.py:184}}
Jun 29 04:55:36.965744 np0000183403 devstack@neutron-api.service[103738]: DEBUG oslo_concurrency.lockutils [None req-b84bfdd7-296c-4490-8f35-a0fd96d3f2c8 None None] Acquiring lock "singleton_lock" {{(pid=103738) lock /opt/stack/data/venv/lib/python3.12/site-packages/oslo_concurrency/lockutils.py:395}}
Jun 29 04:55:36.965882 np0000183403 devstack@neutron-api.service[103738]: DEBUG oslo_concurrency.lockutils [None req-b84bfdd7-296c-4490-8f35-a0fd96d3f2c8 None None] Acquired lock "singleton_lock" {{(pid=103738) lock /opt/stack/data/venv/lib/python3.12/site-packages/oslo_concurrency/lockutils.py:398}}
Jun 29 04:55:36.966096 np0000183403 devstack@neutron-api.service[103738]: DEBUG oslo_concurrency.lockutils [None req-b84bfdd7-296c-4490-8f35-a0fd96d3f2c8 None None] Releasing lock "singleton_lock" {{(pid=103738) lock /opt/stack/data/venv/lib/python3.12/site-packages/oslo_concurrency/lockutils.py:418}}
Jun 29 04:55:36.967758 np0000183403 devstack@neutron-api.service[103738]: DEBUG neutron.plugins.ml2.drivers.ovn.mech_driver.mech_driver [None req-b84bfdd7-296c-4490-8f35-a0fd96d3f2c8 None None] Hash Ring setup using WSGI start time 2026-06-29 04:55:30+00:00 {{(pid=103738) _init_hash_ring /opt/stack/neutron/neutron/plugins/ml2/drivers/ovn/mech_driver/mech_driver.py:404}}
Jun 29 04:55:36.968417 np0000183403 devstack@neutron-api.service[103739]: DEBUG oslo_concurrency.processutils [None req-e916aaa6-9f45-4b33-93f9-a76bcbbadd5f None None] CMD "ovsdb-client transact ssl:199.204.45.113:6641 --timeout 180 -p /opt/stack/data/CA/int-ca/private/devstack-cert.key -c /opt/stack/data/CA/int-ca/devstack-cert.crt -C /opt/stack/data/CA/int-ca/ca-chain.pem ["OVN_Northbound", {"op": "wait", "timeout": 0, "table": "Port_Group", "where": [["name", "==", "neutron_pg_drop"]], "until": "==", "rows": []}, {"op": "insert", "table": "ACL", "row": {"action": "drop", "direction": "to-lport", "match": "outport == @neutron_pg_drop && ip", "priority": 1001}, "uuid-name": "droptoport"}, {"op": "insert", "table": "ACL", "row": {"action": "drop", "direction": "from-lport", "match": "inport == @neutron_pg_drop && ip", "priority": 1001}, "uuid-name": "dropfromport"}, {"op": "insert", "table": "Port_Group", "row": {"name": "neutron_pg_drop", "acls": ["set", [["named-uuid", "droptoport"], ["named-uuid", "dropfromport"]]]}}]" returned: 0 in 0.056s {{(pid=103739) execute /opt/stack/data/venv/lib/python3.12/site-packages/oslo_concurrency/processutils.py:468}}
Jun 29 04:55:36.968920 np0000183403 devstack@neutron-api.service[103739]: DEBUG neutron_lib.callbacks.manager [None req-e916aaa6-9f45-4b33-93f9-a76bcbbadd5f None None] Publish callbacks ['neutron.plugins.ml2.drivers.ovn.mech_driver.mech_driver.OVNMechanismDriver.post_fork_initialize-227587', 'neutron.services.pvlan.drivers.ovn.driver._initialize_pvlan_pg_drop-8235793046692', 'neutron.services.ovn_l3.plugin.OVNL3RouterPlugin._post_fork_initialize-3485'] for process (None), after_init {{(pid=103739) _notify_loop /opt/stack/data/venv/lib/python3.12/site-packages/neutron_lib/callbacks/manager.py:184}}
Jun 29 04:55:36.969400 np0000183403 devstack@neutron-api.service[103739]: DEBUG oslo_concurrency.lockutils [None req-e916aaa6-9f45-4b33-93f9-a76bcbbadd5f None None] Acquiring lock "singleton_lock" {{(pid=103739) lock /opt/stack/data/venv/lib/python3.12/site-packages/oslo_concurrency/lockutils.py:395}}
Jun 29 04:55:36.969538 np0000183403 devstack@neutron-api.service[103739]: DEBUG oslo_concurrency.lockutils [None req-e916aaa6-9f45-4b33-93f9-a76bcbbadd5f None None] Acquired lock "singleton_lock" {{(pid=103739) lock /opt/stack/data/venv/lib/python3.12/site-packages/oslo_concurrency/lockutils.py:398}}
Jun 29 04:55:36.969834 np0000183403 devstack@neutron-api.service[103739]: DEBUG oslo_concurrency.lockutils [None req-e916aaa6-9f45-4b33-93f9-a76bcbbadd5f None None] Releasing lock "singleton_lock" {{(pid=103739) lock /opt/stack/data/venv/lib/python3.12/site-packages/oslo_concurrency/lockutils.py:418}}
Jun 29 04:55:36.972108 np0000183403 devstack@neutron-api.service[103739]: DEBUG neutron.plugins.ml2.drivers.ovn.mech_driver.mech_driver [None req-e916aaa6-9f45-4b33-93f9-a76bcbbadd5f None None] Hash Ring setup using WSGI start time 2026-06-29 04:55:30+00:00 {{(pid=103739) _init_hash_ring /opt/stack/neutron/neutron/plugins/ml2/drivers/ovn/mech_driver/mech_driver.py:404}}
Jun 29 04:55:36.975851 np0000183403 devstack@neutron-api.service[103737]: DEBUG neutron_lib.callbacks.manager [None req-695630f3-86b3-4a12-9e31-b7b283b0b021 None None] Publish callbacks ['neutron.plugins.ml2.drivers.ovn.mech_driver.mech_driver.OVNMechanismDriver.pre_fork_initialize-216863'] for process (None), before_spawn {{(pid=103737) _notify_loop /opt/stack/data/venv/lib/python3.12/site-packages/neutron_lib/callbacks/manager.py:184}}
