2026-06-17 04:23:40.106 16 INFO neutron.plugins.ml2.plugin [None req-81499f64-47fa-40ba-8d80-ce5725ec5e88 - - - - - -] Attempt 1 to provision port 4379b4c9-48a3-40fc-93fb-b74e91b4d693
2026-06-17 04:23:41.585 16 INFO neutron.plugins.ml2.plugin [None req-0af2aab4-cf56-4215-a17f-0da94d54c5ef - - - - - -] Attempt 1 to provision port 4379b4c9-48a3-40fc-93fb-b74e91b4d693
2026-06-17 04:23:44.492 16 INFO neutron.plugins.ml2.plugin [None req-81499f64-47fa-40ba-8d80-ce5725ec5e88 - - - - - -] Attempt 1 to provision port a382bac4-0807-4b8d-835c-2d010b3d7d0b
2026-06-17 04:23:45.017 16 INFO neutron.plugins.ml2.plugin [None req-81499f64-47fa-40ba-8d80-ce5725ec5e88 - - - - - -] Attempt 1 to provision port 83bf13d1-1331-4d18-8e11-1c91d1014130
2026-06-17 04:23:46.285 13 INFO neutron.plugins.ml2.plugin [None req-81499f64-47fa-40ba-8d80-ce5725ec5e88 - - - - - -] Attempt 1 to provision port a382bac4-0807-4b8d-835c-2d010b3d7d0b
2026-06-17 04:23:46.458 13 INFO neutron.plugins.ml2.plugin [None req-81499f64-47fa-40ba-8d80-ce5725ec5e88 - - - - - -] Attempt 1 to provision port 83bf13d1-1331-4d18-8e11-1c91d1014130
2026-06-17 04:23:55.871 16 INFO neutron.plugins.ml2.plugin [None req-ba7de85a-6804-4a3a-8ab3-2fb697b22151 - - - - - -] Attempt 1 to provision port 32b3db8f-2ae4-4434-a098-f2dc65272b15
2026-06-17 04:23:58.161 16 INFO neutron.plugins.ml2.plugin [None req-81499f64-47fa-40ba-8d80-ce5725ec5e88 - - - - - -] Attempt 1 to provision port 6cbd798e-7a9f-414d-b6da-4cd2b57722df
2026-06-17 04:24:00.148 16 INFO neutron.plugins.ml2.plugin [None req-81499f64-47fa-40ba-8d80-ce5725ec5e88 - - - - - -] Attempt 1 to provision port 6cbd798e-7a9f-414d-b6da-4cd2b57722df
2026-06-17 04:24:00.191 13 INFO neutron.plugins.ml2.plugin [None req-6b4519bf-5767-43e5-946d-a00572fd4f9c - - - - - -] Attempt 1 to provision port df61de89-402d-4843-a8ba-492ff3777384
2026-06-17 04:24:00.238 13 INFO neutron.plugins.ml2.plugin [None req-6b4519bf-5767-43e5-946d-a00572fd4f9c - - - - - -] Attempt 1 to provision port 6cbd798e-7a9f-414d-b6da-4cd2b57722df
2026-06-17 04:24:00.412 16 INFO neutron.plugins.ml2.plugin [None req-81499f64-47fa-40ba-8d80-ce5725ec5e88 - - - - - -] Attempt 1 to provision port d02f822e-c3de-4389-ab35-4af8810c7461
2026-06-17 04:24:02.067 13 INFO neutron.plugins.ml2.plugin [None req-81499f64-47fa-40ba-8d80-ce5725ec5e88 - - - - - -] Attempt 1 to provision port d02f822e-c3de-4389-ab35-4af8810c7461
2026-06-17 04:24:02.504 16 INFO neutron.plugins.ml2.plugin [None req-9f356245-8333-4051-b721-99ac71347b6a - - - - - -] Attempt 1 to provision port 63b2e234-d45f-4a8b-beca-8ec40c2b3e28
2026-06-17 04:24:02.554 16 INFO neutron.plugins.ml2.plugin [None req-9f356245-8333-4051-b721-99ac71347b6a - - - - - -] Attempt 1 to provision port 6cbd798e-7a9f-414d-b6da-4cd2b57722df
2026-06-17 04:24:04.653 16 INFO neutron.plugins.ml2.plugin [None req-0bfc7ca1-77aa-47bb-82fd-acce84cc45c5 - - - - - -] Attempt 1 to provision port 63b2e234-d45f-4a8b-beca-8ec40c2b3e28
2026-06-17 04:24:13.573 16 INFO neutron.plugins.ml2.plugin [None req-81499f64-47fa-40ba-8d80-ce5725ec5e88 - - - - - -] Attempt 1 to provision port 80089e76-5b45-4db2-a9bf-929a3429b81f
2026-06-17 04:24:13.707 16 INFO neutron.notifiers.nova [-] Nova event matching ['req-b58acf44-8ab2-433d-a5e1-7d187a69bb4e'] response: {'server_uuid': '54f558b7-caef-4c60-89f9-f4b260d9c999', 'name': 'network-vif-plugged', 'status': 'completed', 'tag': '80089e76-5b45-4db2-a9bf-929a3429b81f', 'code': 200}
2026-06-17 04:24:15.004 16 INFO neutron.plugins.ml2.plugin [None req-81499f64-47fa-40ba-8d80-ce5725ec5e88 - - - - - -] Attempt 1 to provision port 80089e76-5b45-4db2-a9bf-929a3429b81f
2026-06-17 04:24:17.284 13 INFO neutron.plugins.ml2.plugin [None req-81499f64-47fa-40ba-8d80-ce5725ec5e88 - - - - - -] Attempt 1 to provision port 63b2e234-d45f-4a8b-beca-8ec40c2b3e28
2026-06-17 04:24:19.072 16 INFO neutron.plugins.ml2.plugin [None req-81499f64-47fa-40ba-8d80-ce5725ec5e88 - - - - - -] Attempt 1 to provision port 63b2e234-d45f-4a8b-beca-8ec40c2b3e28
2026-06-17 04:24:19.304 16 INFO neutron.plugins.ml2.plugin [None req-81499f64-47fa-40ba-8d80-ce5725ec5e88 - - - - - -] Attempt 1 to provision port df61de89-402d-4843-a8ba-492ff3777384
2026-06-17 04:24:21.025 16 INFO neutron.plugins.ml2.plugin [None req-81499f64-47fa-40ba-8d80-ce5725ec5e88 - - - - - -] Attempt 1 to provision port df61de89-402d-4843-a8ba-492ff3777384
2026-06-17 04:24:39.008 16 INFO neutron.plugins.ml2.plugin [None req-81499f64-47fa-40ba-8d80-ce5725ec5e88 - - - - - -] Attempt 1 to provision port 63fe4ed7-6d95-4d1d-b09d-c6613e328f5a
2026-06-17 04:24:39.538 13 INFO neutron.plugins.ml2.plugin [None req-43025f37-de65-491f-bd10-137c1536e872 - - - - - -] Attempt 1 to provision port 63fe4ed7-6d95-4d1d-b09d-c6613e328f5a
2026-06-17 04:24:41.052 16 INFO neutron.plugins.ml2.plugin [None req-81499f64-47fa-40ba-8d80-ce5725ec5e88 - - - - - -] Attempt 1 to provision port c436e0dc-0a74-4634-a536-038231eb87b4
2026-06-17 04:24:41.516 16 INFO neutron.plugins.ml2.plugin [None req-81499f64-47fa-40ba-8d80-ce5725ec5e88 - - - - - -] Attempt 1 to provision port 63fe4ed7-6d95-4d1d-b09d-c6613e328f5a
2026-06-17 04:24:43.158 13 INFO neutron.plugins.ml2.plugin [None req-81499f64-47fa-40ba-8d80-ce5725ec5e88 - - - - - -] Attempt 1 to provision port c436e0dc-0a74-4634-a536-038231eb87b4
2026-06-17 04:24:43.363 13 INFO neutron.plugins.ml2.plugin [None req-81499f64-47fa-40ba-8d80-ce5725ec5e88 - - - - - -] Attempt 1 to provision port 28bf1ce1-3429-49fb-9a12-ce8b53d37a81
2026-06-17 04:24:45.041 13 INFO neutron.plugins.ml2.plugin [None req-81499f64-47fa-40ba-8d80-ce5725ec5e88 - - - - - -] Attempt 1 to provision port 28bf1ce1-3429-49fb-9a12-ce8b53d37a81
2026-06-17 04:24:47.081 13 INFO neutron.plugins.ml2.plugin [None req-81499f64-47fa-40ba-8d80-ce5725ec5e88 - - - - - -] Attempt 1 to provision port 7fde6f62-e08a-4b9f-9feb-0025b35c07d1
2026-06-17 04:24:56.079 13 INFO neutron.plugins.ml2.plugin [None req-81499f64-47fa-40ba-8d80-ce5725ec5e88 - - - - - -] Attempt 1 to provision port c95a5f6b-6440-44dd-bb8e-ce010b2cc154
2026-06-17 04:24:56.187 13 INFO neutron.notifiers.nova [-] Nova event matching ['req-195564c1-1d52-4b92-920d-d5a61387f2ea'] response: {'server_uuid': '52a64542-cedc-4a06-86c4-4343de424a50', 'name': 'network-vif-plugged', 'status': 'completed', 'tag': 'c95a5f6b-6440-44dd-bb8e-ce010b2cc154', 'code': 200}
2026-06-17 04:24:56.364 16 INFO neutron.plugins.ml2.plugin [None req-da765d14-22de-4b66-adf2-fd86bac51877 - - - - - -] Attempt 1 to provision port 63fe4ed7-6d95-4d1d-b09d-c6613e328f5a
2026-06-17 04:24:56.430 16 INFO neutron.plugins.ml2.plugin [None req-da765d14-22de-4b66-adf2-fd86bac51877 - - - - - -] Attempt 1 to provision port de7bb715-6899-4eee-b3ac-5d4a63124a6f
2026-06-17 04:24:56.451 16 INFO neutron.plugins.ml2.plugin [None req-da765d14-22de-4b66-adf2-fd86bac51877 - - - - - -] Attempt 1 to provision port c95a5f6b-6440-44dd-bb8e-ce010b2cc154
2026-06-17 04:24:56.502 16 INFO neutron.plugins.ml2.plugin [None req-da765d14-22de-4b66-adf2-fd86bac51877 - - - - - -] Attempt 1 to provision port 9a4a8e96-8265-43b9-8f39-18797075e2db
2026-06-17 04:24:57.052 16 INFO neutron.plugins.ml2.plugin [None req-81499f64-47fa-40ba-8d80-ce5725ec5e88 - - - - - -] Attempt 1 to provision port c95a5f6b-6440-44dd-bb8e-ce010b2cc154
2026-06-17 04:24:59.080 16 INFO neutron.plugins.ml2.plugin [None req-81499f64-47fa-40ba-8d80-ce5725ec5e88 - - - - - -] Attempt 1 to provision port de7bb715-6899-4eee-b3ac-5d4a63124a6f
2026-06-17 04:24:59.397 16 INFO neutron.plugins.ml2.plugin [None req-81499f64-47fa-40ba-8d80-ce5725ec5e88 - - - - - -] Attempt 1 to provision port 9a4a8e96-8265-43b9-8f39-18797075e2db
2026-06-17 04:25:01.074 13 INFO neutron.plugins.ml2.plugin [None req-81499f64-47fa-40ba-8d80-ce5725ec5e88 - - - - - -] Attempt 1 to provision port de7bb715-6899-4eee-b3ac-5d4a63124a6f
2026-06-17 04:25:01.461 13 INFO neutron.plugins.ml2.plugin [None req-81499f64-47fa-40ba-8d80-ce5725ec5e88 - - - - - -] Attempt 1 to provision port 9a4a8e96-8265-43b9-8f39-18797075e2db
2026-06-17 04:25:11.229 16 INFO neutron.plugins.ml2.plugin [None req-81499f64-47fa-40ba-8d80-ce5725ec5e88 - - - - - -] Attempt 1 to provision port c3654bf3-bf06-4386-8154-9ccf9ecd9dfc
2026-06-17 04:25:11.331 13 ERROR oslo_messaging.rpc.server [None req-9232d7ea-e9a3-4907-aa9e-961f1b58b470 - - - - - -] Exception during message handling: neutron_lib.exceptions.SubnetInUse: Unable to complete operation on subnet ee3e58a7-c8ae-4ca8-96e0-e4bf058f676c: This subnet is being modified by another concurrent operation.
2026-06-17 04:25:11.331 13 ERROR oslo_messaging.rpc.server
Traceback (most recent call last):
2026-06-17 04:25:11.331 13 ERROR oslo_messaging.rpc.server
File "/var/lib/openstack/lib/python3.12/site-packages/oslo_messaging/rpc/server.py", line 174, in _process_incoming
2026-06-17 04:25:11.331 13 ERROR oslo_messaging.rpc.server res = self.dispatcher.dispatch(message)
2026-06-17 04:25:11.331 13 ERROR oslo_messaging.rpc.server ^^^^^^^^^^^^^^^^^^^^^^^^^^^^^^^^^
2026-06-17 04:25:11.331 13 ERROR oslo_messaging.rpc.server
File "/var/lib/openstack/lib/python3.12/site-packages/oslo_messaging/rpc/dispatcher.py", line 309, in dispatch
2026-06-17 04:25:11.331 13 ERROR oslo_messaging.rpc.server return self._do_dispatch(endpoint, method, ctxt, args)
2026-06-17 04:25:11.331 13 ERROR oslo_messaging.rpc.server ^^^^^^^^^^^^^^^^^^^^^^^^^^^^^^^^^^^^^^^^^^^^^^^
2026-06-17 04:25:11.331 13 ERROR oslo_messaging.rpc.server
File "/var/lib/openstack/lib/python3.12/site-packages/oslo_messaging/rpc/dispatcher.py", line 229, in _do_dispatch
2026-06-17 04:25:11.331 13 ERROR oslo_messaging.rpc.server result = func(ctxt, **new_args)
2026-06-17 04:25:11.331 13 ERROR oslo_messaging.rpc.server ^^^^^^^^^^^^^^^^^^^^^^
2026-06-17 04:25:11.331 13 ERROR oslo_messaging.rpc.server
File "/var/lib/openstack/lib/python3.12/site-packages/oslo_messaging/rpc/server.py", line 269, in inner
2026-06-17 04:25:11.331 13 ERROR oslo_messaging.rpc.server return func(*args, **kwargs)
2026-06-17 04:25:11.331 13 ERROR oslo_messaging.rpc.server ^^^^^^^^^^^^^^^^^^^^^
2026-06-17 04:25:11.331 13 ERROR oslo_messaging.rpc.server
File "/var/lib/openstack/lib/python3.12/site-packages/neutron_lib/db/api.py", line 137, in wrapped
2026-06-17 04:25:11.331 13 ERROR oslo_messaging.rpc.server with excutils.save_and_reraise_exception():
2026-06-17 04:25:11.331 13 ERROR oslo_messaging.rpc.server
File "/var/lib/openstack/lib/python3.12/site-packages/oslo_utils/excutils.py", line 227, in __exit__
2026-06-17 04:25:11.331 13 ERROR oslo_messaging.rpc.server self.force_reraise()
2026-06-17 04:25:11.331 13 ERROR oslo_messaging.rpc.server
File "/var/lib/openstack/lib/python3.12/site-packages/oslo_utils/excutils.py", line 200, in force_reraise
2026-06-17 04:25:11.331 13 ERROR oslo_messaging.rpc.server raise self.value
2026-06-17 04:25:11.331 13 ERROR oslo_messaging.rpc.server
File "/var/lib/openstack/lib/python3.12/site-packages/neutron_lib/db/api.py", line 135, in wrapped
2026-06-17 04:25:11.331 13 ERROR oslo_messaging.rpc.server return f(*args, **kwargs)
2026-06-17 04:25:11.331 13 ERROR oslo_messaging.rpc.server ^^^^^^^^^^^^^^^^^^
2026-06-17 04:25:11.331 13 ERROR oslo_messaging.rpc.server
File "/var/lib/openstack/lib/python3.12/site-packages/oslo_db/api.py", line 144, in wrapper
2026-06-17 04:25:11.331 13 ERROR oslo_messaging.rpc.server with excutils.save_and_reraise_exception() as ectxt:
2026-06-17 04:25:11.331 13 ERROR oslo_messaging.rpc.server
File "/var/lib/openstack/lib/python3.12/site-packages/oslo_utils/excutils.py", line 227, in __exit__
2026-06-17 04:25:11.331 13 ERROR oslo_messaging.rpc.server self.force_reraise()
2026-06-17 04:25:11.331 13 ERROR oslo_messaging.rpc.server
File "/var/lib/openstack/lib/python3.12/site-packages/oslo_utils/excutils.py", line 200, in force_reraise
2026-06-17 04:25:11.331 13 ERROR oslo_messaging.rpc.server raise self.value
2026-06-17 04:25:11.331 13 ERROR oslo_messaging.rpc.server
File "/var/lib/openstack/lib/python3.12/site-packages/oslo_db/api.py", line 142, in wrapper
2026-06-17 04:25:11.331 13 ERROR oslo_messaging.rpc.server return f(*args, **kwargs)
2026-06-17 04:25:11.331 13 ERROR oslo_messaging.rpc.server ^^^^^^^^^^^^^^^^^^
2026-06-17 04:25:11.331 13 ERROR oslo_messaging.rpc.server
File "/var/lib/openstack/lib/python3.12/site-packages/neutron_lib/db/api.py", line 183, in wrapped
2026-06-17 04:25:11.331 13 ERROR oslo_messaging.rpc.server with excutils.save_and_reraise_exception():
2026-06-17 04:25:11.331 13 ERROR oslo_messaging.rpc.server
File "/var/lib/openstack/lib/python3.12/site-packages/oslo_utils/excutils.py", line 227, in __exit__
2026-06-17 04:25:11.331 13 ERROR oslo_messaging.rpc.server self.force_reraise()
2026-06-17 04:25:11.331 13 ERROR oslo_messaging.rpc.server
File "/var/lib/openstack/lib/python3.12/site-packages/oslo_utils/excutils.py", line 200, in force_reraise
2026-06-17 04:25:11.331 13 ERROR oslo_messaging.rpc.server raise self.value
2026-06-17 04:25:11.331 13 ERROR oslo_messaging.rpc.server
File "/var/lib/openstack/lib/python3.12/site-packages/neutron_lib/db/api.py", line 181, in wrapped
2026-06-17 04:25:11.331 13 ERROR oslo_messaging.rpc.server return f(*dup_args, **dup_kwargs)
2026-06-17 04:25:11.331 13 ERROR oslo_messaging.rpc.server ^^^^^^^^^^^^^^^^^^^^^^^^^^
2026-06-17 04:25:11.331 13 ERROR oslo_messaging.rpc.server
File "/var/lib/openstack/lib/python3.12/site-packages/neutron/quota/resource_registry.py", line 95, in wrapper
2026-06-17 04:25:11.331 13 ERROR oslo_messaging.rpc.server ret_val = f(_self, context, *args, **kwargs)
2026-06-17 04:25:11.331 13 ERROR oslo_messaging.rpc.server ^^^^^^^^^^^^^^^^^^^^^^^^^^^^^^^^^^
2026-06-17 04:25:11.331 13 ERROR oslo_messaging.rpc.server
File "/var/lib/openstack/lib/python3.12/site-packages/neutron/api/rpc/handlers/dhcp_rpc.py", line 292, in create_dhcp_port
2026-06-17 04:25:11.331 13 ERROR oslo_messaging.rpc.server return self._port_action(plugin, context, port, 'create_port')
2026-06-17 04:25:11.331 13 ERROR oslo_messaging.rpc.server ^^^^^^^^^^^^^^^^^^^^^^^^^^^^^^^^^^^^^^^^^^^^^^^^^^^^^^^
2026-06-17 04:25:11.331 13 ERROR oslo_messaging.rpc.server
File "/var/lib/openstack/lib/python3.12/site-packages/neutron/api/rpc/handlers/dhcp_rpc.py", line 118, in _port_action
2026-06-17 04:25:11.331 13 ERROR oslo_messaging.rpc.server return p_utils.create_port(plugin, context, port)
2026-06-17 04:25:11.331 13 ERROR oslo_messaging.rpc.server ^^^^^^^^^^^^^^^^^^^^^^^^^^^^^^^^^^^^^^^^^^
2026-06-17 04:25:11.331 13 ERROR oslo_messaging.rpc.server
File "/var/lib/openstack/lib/python3.12/site-packages/neutron_lib/plugins/utils.py", line 338, in create_port
2026-06-17 04:25:11.331 13 ERROR oslo_messaging.rpc.server return core_plugin.create_port(
2026-06-17 04:25:11.331 13 ERROR oslo_messaging.rpc.server ^^^^^^^^^^^^^^^^^^^^^^^^
2026-06-17 04:25:11.331 13 ERROR oslo_messaging.rpc.server
File "/var/lib/openstack/lib/python3.12/site-packages/neutron/common/utils.py", line 717, in inner
2026-06-17 04:25:11.331 13 ERROR oslo_messaging.rpc.server return f(*args, **kwargs)
2026-06-17 04:25:11.331 13 ERROR oslo_messaging.rpc.server ^^^^^^^^^^^^^^^^^^
2026-06-17 04:25:11.331 13 ERROR oslo_messaging.rpc.server
File "/var/lib/openstack/lib/python3.12/site-packages/neutron_lib/db/api.py", line 223, in wrapped
2026-06-17 04:25:11.331 13 ERROR oslo_messaging.rpc.server return f_with_retry(*args, **kwargs,
2026-06-17 04:25:11.331 13 ERROR oslo_messaging.rpc.server ^^^^^^^^^^^^^^^^^^^^^^^^^^^^^
2026-06-17 04:25:11.331 13 ERROR oslo_messaging.rpc.server
File "/var/lib/openstack/lib/python3.12/site-packages/neutron_lib/db/api.py", line 137, in wrapped
2026-06-17 04:25:11.331 13 ERROR oslo_messaging.rpc.server with excutils.save_and_reraise_exception():
2026-06-17 04:25:11.331 13 ERROR oslo_messaging.rpc.server
File "/var/lib/openstack/lib/python3.12/site-packages/oslo_utils/excutils.py", line 227, in __exit__
2026-06-17 04:25:11.331 13 ERROR oslo_messaging.rpc.server self.force_reraise()
2026-06-17 04:25:11.331 13 ERROR oslo_messaging.rpc.server
File "/var/lib/openstack/lib/python3.12/site-packages/oslo_utils/excutils.py", line 200, in force_reraise
2026-06-17 04:25:11.331 13 ERROR oslo_messaging.rpc.server raise self.value
2026-06-17 04:25:11.331 13 ERROR oslo_messaging.rpc.server
File "/var/lib/openstack/lib/python3.12/site-packages/neutron_lib/db/api.py", line 135, in wrapped
2026-06-17 04:25:11.331 13 ERROR oslo_messaging.rpc.server return f(*args, **kwargs)
2026-06-17 04:25:11.331 13 ERROR oslo_messaging.rpc.server ^^^^^^^^^^^^^^^^^^
2026-06-17 04:25:11.331 13 ERROR oslo_messaging.rpc.server
File "/var/lib/openstack/lib/python3.12/site-packages/oslo_db/api.py", line 144, in wrapper
2026-06-17 04:25:11.331 13 ERROR oslo_messaging.rpc.server with excutils.save_and_reraise_exception() as ectxt:
2026-06-17 04:25:11.331 13 ERROR oslo_messaging.rpc.server
File "/var/lib/openstack/lib/python3.12/site-packages/oslo_utils/excutils.py", line 227, in __exit__
2026-06-17 04:25:11.331 13 ERROR oslo_messaging.rpc.server self.force_reraise()
2026-06-17 04:25:11.331 13 ERROR oslo_messaging.rpc.server
File "/var/lib/openstack/lib/python3.12/site-packages/oslo_utils/excutils.py", line 200, in force_reraise
2026-06-17 04:25:11.331 13 ERROR oslo_messaging.rpc.server raise self.value
2026-06-17 04:25:11.331 13 ERROR oslo_messaging.rpc.server
File "/var/lib/openstack/lib/python3.12/site-packages/oslo_db/api.py", line 142, in wrapper
2026-06-17 04:25:11.331 13 ERROR oslo_messaging.rpc.server return f(*args, **kwargs)
2026-06-17 04:25:11.331 13 ERROR oslo_messaging.rpc.server ^^^^^^^^^^^^^^^^^^
2026-06-17 04:25:11.331 13 ERROR oslo_messaging.rpc.server
File "/var/lib/openstack/lib/python3.12/site-packages/neutron_lib/db/api.py", line 183, in wrapped
2026-06-17 04:25:11.331 13 ERROR oslo_messaging.rpc.server with excutils.save_and_reraise_exception():
2026-06-17 04:25:11.331 13 ERROR oslo_messaging.rpc.server
File "/var/lib/openstack/lib/python3.12/site-packages/oslo_utils/excutils.py", line 227, in __exit__
2026-06-17 04:25:11.331 13 ERROR oslo_messaging.rpc.server self.force_reraise()
2026-06-17 04:25:11.331 13 ERROR oslo_messaging.rpc.server
File "/var/lib/openstack/lib/python3.12/site-packages/oslo_utils/excutils.py", line 200, in force_reraise
2026-06-17 04:25:11.331 13 ERROR oslo_messaging.rpc.server raise self.value
2026-06-17 04:25:11.331 13 ERROR oslo_messaging.rpc.server
File "/var/lib/openstack/lib/python3.12/site-packages/neutron_lib/db/api.py", line 181, in wrapped
2026-06-17 04:25:11.331 13 ERROR oslo_messaging.rpc.server return f(*dup_args, **dup_kwargs)
2026-06-17 04:25:11.331 13 ERROR oslo_messaging.rpc.server ^^^^^^^^^^^^^^^^^^^^^^^^^^
2026-06-17 04:25:11.331 13 ERROR oslo_messaging.rpc.server
File "/var/lib/openstack/lib/python3.12/site-packages/neutron/plugins/ml2/plugin.py", line 1660, in create_port
2026-06-17 04:25:11.331 13 ERROR oslo_messaging.rpc.server result, mech_context = self._create_port_db(context, port)
2026-06-17 04:25:11.331 13 ERROR oslo_messaging.rpc.server ^^^^^^^^^^^^^^^^^^^^^^^^^^^^^^^^^^^
2026-06-17 04:25:11.331 13 ERROR oslo_messaging.rpc.server
File "/var/lib/openstack/lib/python3.12/site-packages/neutron/plugins/ml2/plugin.py", line 1625, in _create_port_db
2026-06-17 04:25:11.331 13 ERROR oslo_messaging.rpc.server port_db = self.create_port_db(context, port)
2026-06-17 04:25:11.331 13 ERROR oslo_messaging.rpc.server ^^^^^^^^^^^^^^^^^^^^^^^^^^^^^^^^^^
2026-06-17 04:25:11.331 13 ERROR oslo_messaging.rpc.server
File "/var/lib/openstack/lib/python3.12/site-packages/neutron/db/db_base_plugin_v2.py", line 1572, in create_port_db
2026-06-17 04:25:11.331 13 ERROR oslo_messaging.rpc.server self.ipam.allocate_ips_for_port_and_store(
2026-06-17 04:25:11.331 13 ERROR oslo_messaging.rpc.server
File "/var/lib/openstack/lib/python3.12/site-packages/neutron/db/ipam_pluggable_backend.py", line 219, in allocate_ips_for_port_and_store
2026-06-17 04:25:11.331 13 ERROR oslo_messaging.rpc.server ips = self.allocate_ips_for_port(context, port_copy)
2026-06-17 04:25:11.331 13 ERROR oslo_messaging.rpc.server ^^^^^^^^^^^^^^^^^^^^^^^^^^^^^^^^^^^^^^^^^^^^^^
2026-06-17 04:25:11.331 13 ERROR oslo_messaging.rpc.server
File "/var/lib/openstack/lib/python3.12/site-packages/neutron_lib/db/api.py", line 221, in wrapped
2026-06-17 04:25:11.331 13 ERROR oslo_messaging.rpc.server return f(*args, **kwargs)
2026-06-17 04:25:11.331 13 ERROR oslo_messaging.rpc.server ^^^^^^^^^^^^^^^^^^
2026-06-17 04:25:11.331 13 ERROR oslo_messaging.rpc.server
File "/var/lib/openstack/lib/python3.12/site-packages/oslo_db/sqlalchemy/enginefacade.py", line 1183, in wrapper
2026-06-17 04:25:11.331 13 ERROR oslo_messaging.rpc.server return fn(*args, **kwargs)
2026-06-17 04:25:11.331 13 ERROR oslo_messaging.rpc.server ^^^^^^^^^^^^^^^^^^^
2026-06-17 04:25:11.331 13 ERROR oslo_messaging.rpc.server
File "/var/lib/openstack/lib/python3.12/site-packages/neutron/db/ipam_pluggable_backend.py", line 226, in allocate_ips_for_port
2026-06-17 04:25:11.331 13 ERROR oslo_messaging.rpc.server return self._allocate_ips_for_port(context, port)
2026-06-17 04:25:11.331 13 ERROR oslo_messaging.rpc.server ^^^^^^^^^^^^^^^^^^^^^^^^^^^^^^^^^^^^^^^^^^
2026-06-17 04:25:11.331 13 ERROR oslo_messaging.rpc.server
File "/var/lib/openstack/lib/python3.12/site-packages/neutron/db/ipam_pluggable_backend.py", line 258, in _allocate_ips_for_port
2026-06-17 04:25:11.331 13 ERROR oslo_messaging.rpc.server subnets = self._ipam_get_subnets(
2026-06-17 04:25:11.331 13 ERROR oslo_messaging.rpc.server ^^^^^^^^^^^^^^^^^^^^^^^
2026-06-17 04:25:11.331 13 ERROR oslo_messaging.rpc.server
File "/var/lib/openstack/lib/python3.12/site-packages/neutron/db/ipam_backend_mixin.py", line 686, in _ipam_get_subnets
2026-06-17 04:25:11.331 13 ERROR oslo_messaging.rpc.server subnet.read_lock_register(
2026-06-17 04:25:11.331 13 ERROR oslo_messaging.rpc.server
File "/var/lib/openstack/lib/python3.12/site-packages/neutron/db/models_v2.py", line 77, in read_lock_register
2026-06-17 04:25:11.331 13 ERROR oslo_messaging.rpc.server raise exception
2026-06-17 04:25:11.331 13 ERROR oslo_messaging.rpc.server neutron_lib.exceptions.SubnetInUse: Unable to complete operation on subnet ee3e58a7-c8ae-4ca8-96e0-e4bf058f676c: This subnet is being modified by another concurrent operation.
2026-06-17 04:25:11.331 13 ERROR oslo_messaging.rpc.server
2026-06-17 04:25:23.034 16 INFO neutron.plugins.ml2.plugin [None req-81499f64-47fa-40ba-8d80-ce5725ec5e88 - - - - - -] Attempt 1 to provision port 5acd9310-6b0f-4221-9166-d6b5db035a11
2026-06-17 04:25:40.958 13 INFO neutron.plugins.ml2.plugin [None req-e07a653a-7e41-4eb0-b1e8-ec8ab0dc26e7 - - - - - -] Attempt 1 to provision port faa33c3f-85f9-4add-b25f-e5a9f7c70756
2026-06-17 04:25:43.144 13 INFO neutron.plugins.ml2.plugin [None req-81499f64-47fa-40ba-8d80-ce5725ec5e88 - - - - - -] Attempt 1 to provision port 78688558-0323-4e57-90a0-d0c0a5cd0caa
2026-06-17 04:25:45.295 16 INFO neutron.plugins.ml2.plugin [None req-81499f64-47fa-40ba-8d80-ce5725ec5e88 - - - - - -] Attempt 1 to provision port 78688558-0323-4e57-90a0-d0c0a5cd0caa
2026-06-17 04:25:45.479 16 INFO neutron.plugins.ml2.plugin [None req-81499f64-47fa-40ba-8d80-ce5725ec5e88 - - - - - -] Attempt 1 to provision port 03c99211-b8ac-4960-9d15-70499a671b61
2026-06-17 04:25:47.202 13 INFO neutron.plugins.ml2.plugin [None req-81499f64-47fa-40ba-8d80-ce5725ec5e88 - - - - - -] Attempt 1 to provision port 03c99211-b8ac-4960-9d15-70499a671b61
2026-06-17 04:25:50.464 13 INFO neutron.plugins.ml2.plugin [None req-7da69c0b-c843-4df8-89f4-ecd37ed4039d - - - - - -] Attempt 1 to provision port 03c99211-b8ac-4960-9d15-70499a671b61
2026-06-17 04:25:50.524 13 INFO neutron.plugins.ml2.plugin [None req-7da69c0b-c843-4df8-89f4-ecd37ed4039d - - - - - -] Attempt 1 to provision port 84162738-fe62-4e56-bf65-a42d070fffa7
2026-06-17 04:25:52.309 16 INFO neutron.plugins.ml2.plugin [None req-19fc042e-e3d6-4532-afc9-6dc565b8d717 - - - - - -] Attempt 1 to provision port 84162738-fe62-4e56-bf65-a42d070fffa7
2026-06-17 04:25:53.618 16 INFO neutron.plugins.ml2.plugin [None req-1ce61930-bd06-4d8f-8194-73fc0dcf014c - - - - - -] Attempt 1 to provision port 84162738-fe62-4e56-bf65-a42d070fffa7
2026-06-17 04:25:57.687 16 INFO neutron.plugins.ml2.plugin [None req-81499f64-47fa-40ba-8d80-ce5725ec5e88 - - - - - -] Attempt 1 to provision port 734998ed-c7f4-4163-9f51-6d248015b2cf
2026-06-17 04:25:57.835 16 INFO neutron.notifiers.nova [-] Nova event matching ['req-f2276005-8cd7-4350-be23-d59f14be8bf2'] response: {'server_uuid': '611cd094-9549-48d3-9d30-3cfd17ae4e87', 'name': 'network-vif-plugged', 'status': 'completed', 'tag': '734998ed-c7f4-4163-9f51-6d248015b2cf', 'code': 200}
2026-06-17 04:25:59.210 13 INFO neutron.plugins.ml2.plugin [None req-81499f64-47fa-40ba-8d80-ce5725ec5e88 - - - - - -] Attempt 1 to provision port 734998ed-c7f4-4163-9f51-6d248015b2cf
2026-06-17 04:26:01.279 16 INFO neutron.plugins.ml2.plugin [None req-81499f64-47fa-40ba-8d80-ce5725ec5e88 - - - - - -] Attempt 1 to provision port 84162738-fe62-4e56-bf65-a42d070fffa7
2026-06-17 04:26:02.029 16 INFO neutron.plugins.ml2.plugin [None req-81499f64-47fa-40ba-8d80-ce5725ec5e88 - - - - - -] Attempt 1 to provision port faa33c3f-85f9-4add-b25f-e5a9f7c70756
2026-06-17 04:26:03.189 13 INFO neutron.plugins.ml2.plugin [None req-81499f64-47fa-40ba-8d80-ce5725ec5e88 - - - - - -] Attempt 1 to provision port 84162738-fe62-4e56-bf65-a42d070fffa7
2026-06-17 04:26:03.400 13 INFO neutron.plugins.ml2.plugin [None req-81499f64-47fa-40ba-8d80-ce5725ec5e88 - - - - - -] Attempt 1 to provision port faa33c3f-85f9-4add-b25f-e5a9f7c70756
2026-06-17 04:26:08.664 13 INFO neutron.plugins.ml2.plugin [None req-83ab90b0-a16b-422b-bbc5-630fa5a4b580 - - - - - -] Attempt 1 to provision port a0da2a2d-f230-4124-8398-508cc33ab629
2026-06-17 04:26:09.179 16 INFO neutron.plugins.ml2.plugin [None req-81499f64-47fa-40ba-8d80-ce5725ec5e88 - - - - - -] Attempt 1 to provision port a0da2a2d-f230-4124-8398-508cc33ab629
2026-06-17 04:26:41.720 16 INFO neutron.plugins.ml2.plugin [None req-81499f64-47fa-40ba-8d80-ce5725ec5e88 - - - - - -] Attempt 1 to provision port 0d71bf94-5d48-4a76-b2cc-da3221b2178f
2026-06-17 04:26:41.860 16 INFO neutron.notifiers.nova [-] Nova event matching ['req-a572fd86-d0a4-4943-923d-80e02a235868'] response: {'server_uuid': 'e435e755-b213-461f-b041-45af4a22ad5c', 'name': 'network-vif-plugged', 'status': 'completed', 'tag': '0d71bf94-5d48-4a76-b2cc-da3221b2178f', 'code': 200}
2026-06-17 04:26:43.209 13 INFO neutron.plugins.ml2.plugin [None req-81499f64-47fa-40ba-8d80-ce5725ec5e88 - - - - - -] Attempt 1 to provision port 0d71bf94-5d48-4a76-b2cc-da3221b2178f
2026-06-17 04:26:47.234 13 INFO neutron.plugins.ml2.plugin [None req-81499f64-47fa-40ba-8d80-ce5725ec5e88 - - - - - -] Attempt 1 to provision port 93202e72-1f22-4d41-ac9b-9138c2fb0a66
2026-06-17 04:26:47.804 16 INFO neutron.plugins.ml2.plugin [None req-0b3e6a66-d356-4ebf-becb-814ad42083a3 - - - - - -] Attempt 1 to provision port 93202e72-1f22-4d41-ac9b-9138c2fb0a66
2026-06-17 04:26:49.152 13 INFO neutron.plugins.ml2.plugin [None req-81499f64-47fa-40ba-8d80-ce5725ec5e88 - - - - - -] Attempt 1 to provision port 93202e72-1f22-4d41-ac9b-9138c2fb0a66
2026-06-17 04:26:51.231 13 INFO neutron.plugins.ml2.plugin [None req-81499f64-47fa-40ba-8d80-ce5725ec5e88 - - - - - -] Attempt 1 to provision port eae6d44a-c1d2-4b55-92c0-cc43ac2cfb2d
2026-06-17 04:26:51.592 13 INFO neutron.plugins.ml2.plugin [None req-81499f64-47fa-40ba-8d80-ce5725ec5e88 - - - - - -] Attempt 1 to provision port 68d62f4d-a32e-4e45-9abc-6abae4117592
2026-06-17 04:26:53.275 16 INFO neutron.plugins.ml2.plugin [None req-81499f64-47fa-40ba-8d80-ce5725ec5e88 - - - - - -] Attempt 1 to provision port eae6d44a-c1d2-4b55-92c0-cc43ac2cfb2d
2026-06-17 04:26:53.516 16 INFO neutron.plugins.ml2.plugin [None req-81499f64-47fa-40ba-8d80-ce5725ec5e88 - - - - - -] Attempt 1 to provision port 68d62f4d-a32e-4e45-9abc-6abae4117592
2026-06-17 04:26:55.202 13 INFO neutron.plugins.ml2.plugin [None req-81499f64-47fa-40ba-8d80-ce5725ec5e88 - - - - - -] Attempt 1 to provision port bda1f1c5-81f5-4900-91a8-ccc3f0188c1e
2026-06-17 04:26:57.224 13 INFO neutron.plugins.ml2.plugin [None req-81499f64-47fa-40ba-8d80-ce5725ec5e88 - - - - - -] Attempt 1 to provision port bda1f1c5-81f5-4900-91a8-ccc3f0188c1e
2026-06-17 04:26:59.259 13 INFO neutron.plugins.ml2.plugin [None req-81499f64-47fa-40ba-8d80-ce5725ec5e88 - - - - - -] Attempt 1 to provision port 93202e72-1f22-4d41-ac9b-9138c2fb0a66
2026-06-17 04:27:00.626 16 INFO neutron.plugins.ml2.plugin [None req-6991cacd-d3c6-48ae-9970-36e10e2d88a9 - - - - - -] Attempt 1 to provision port efdea0b6-967c-4bbc-ba25-0aaa103f79c2
2026-06-17 04:27:00.661 16 INFO neutron.plugins.ml2.plugin [None req-6991cacd-d3c6-48ae-9970-36e10e2d88a9 - - - - - -] Attempt 1 to provision port bda1f1c5-81f5-4900-91a8-ccc3f0188c1e
2026-06-17 04:27:00.710 16 INFO neutron.plugins.ml2.plugin [None req-6991cacd-d3c6-48ae-9970-36e10e2d88a9 - - - - - -] Attempt 1 to provision port f7187cd0-0c2f-448f-9785-d25b9c4d0732
2026-06-17 04:27:00.733 16 INFO neutron.plugins.ml2.plugin [None req-6991cacd-d3c6-48ae-9970-36e10e2d88a9 - - - - - -] Attempt 1 to provision port eae6d44a-c1d2-4b55-92c0-cc43ac2cfb2d
2026-06-17 04:27:00.785 16 INFO neutron.plugins.ml2.plugin [None req-6991cacd-d3c6-48ae-9970-36e10e2d88a9 - - - - - -] Attempt 1 to provision port 93202e72-1f22-4d41-ac9b-9138c2fb0a66
2026-06-17 04:27:05.994 16 INFO neutron.plugins.ml2.plugin [None req-8a162c00-6e86-432d-b99e-9cc28974300b - - - - - -] Attempt 1 to provision port efdea0b6-967c-4bbc-ba25-0aaa103f79c2
2026-06-17 04:27:06.021 16 INFO neutron.plugins.ml2.plugin [None req-8a162c00-6e86-432d-b99e-9cc28974300b - - - - - -] Attempt 1 to provision port eae6d44a-c1d2-4b55-92c0-cc43ac2cfb2d
2026-06-17 04:27:06.058 16 INFO neutron.plugins.ml2.plugin [None req-8a162c00-6e86-432d-b99e-9cc28974300b - - - - - -] Attempt 1 to provision port 2edac3b7-dd56-481e-9464-65f8b5e888b0
2026-06-17 04:27:06.083 16 INFO neutron.plugins.ml2.plugin [None req-8a162c00-6e86-432d-b99e-9cc28974300b - - - - - -] Attempt 1 to provision port 93202e72-1f22-4d41-ac9b-9138c2fb0a66
2026-06-17 04:27:07.753 16 INFO neutron.plugins.ml2.plugin [None req-81499f64-47fa-40ba-8d80-ce5725ec5e88 - - - - - -] Attempt 1 to provision port 3494d7ac-8c89-4a6e-8d89-c3ed3c21cbe4
2026-06-17 04:27:07.895 16 INFO neutron.notifiers.nova [-] Nova event matching ['req-a1e76f62-8d4c-45dd-963b-17115e0d3e3a'] response: {'server_uuid': 'd83c8e71-8ebc-4a39-bfb2-d482a21e992a', 'name': 'network-vif-plugged', 'status': 'completed', 'tag': '3494d7ac-8c89-4a6e-8d89-c3ed3c21cbe4', 'code': 200}
2026-06-17 04:27:09.359 16 INFO neutron.plugins.ml2.plugin [None req-81499f64-47fa-40ba-8d80-ce5725ec5e88 - - - - - -] Attempt 1 to provision port 2edac3b7-dd56-481e-9464-65f8b5e888b0
2026-06-17 04:27:09.992 16 INFO neutron.plugins.ml2.plugin [None req-81499f64-47fa-40ba-8d80-ce5725ec5e88 - - - - - -] Attempt 1 to provision port 3494d7ac-8c89-4a6e-8d89-c3ed3c21cbe4
2026-06-17 04:27:11.272 13 INFO neutron.plugins.ml2.plugin [None req-81499f64-47fa-40ba-8d80-ce5725ec5e88 - - - - - -] Attempt 1 to provision port bfaf143d-ce33-41a7-8773-1c4d2efdd766
2026-06-17 04:27:11.581 13 INFO neutron.plugins.ml2.plugin [None req-81499f64-47fa-40ba-8d80-ce5725ec5e88 - - - - - -] Attempt 1 to provision port f7187cd0-0c2f-448f-9785-d25b9c4d0732
2026-06-17 04:27:11.956 13 INFO neutron.plugins.ml2.plugin [None req-81499f64-47fa-40ba-8d80-ce5725ec5e88 - - - - - -] Attempt 1 to provision port 2edac3b7-dd56-481e-9464-65f8b5e888b0
2026-06-17 04:27:12.182 13 INFO neutron.plugins.ml2.plugin [None req-81499f64-47fa-40ba-8d80-ce5725ec5e88 - - - - - -] Attempt 1 to provision port efdea0b6-967c-4bbc-ba25-0aaa103f79c2
2026-06-17 04:27:13.309 16 INFO neutron.plugins.ml2.plugin [None req-81499f64-47fa-40ba-8d80-ce5725ec5e88 - - - - - -] Attempt 1 to provision port bfaf143d-ce33-41a7-8773-1c4d2efdd766
2026-06-17 04:27:13.576 16 INFO neutron.plugins.ml2.plugin [None req-81499f64-47fa-40ba-8d80-ce5725ec5e88 - - - - - -] Attempt 1 to provision port f7187cd0-0c2f-448f-9785-d25b9c4d0732
2026-06-17 04:27:13.758 16 INFO neutron.plugins.ml2.plugin [None req-81499f64-47fa-40ba-8d80-ce5725ec5e88 - - - - - -] Attempt 1 to provision port efdea0b6-967c-4bbc-ba25-0aaa103f79c2
2026-06-17 04:27:14.274 16 INFO neutron.plugins.ml2.plugin [None req-59bbbabf-cfa1-48a6-9f65-566ae45973f1 - - - - - -] Attempt 1 to provision port efdea0b6-967c-4bbc-ba25-0aaa103f79c2
2026-06-17 04:27:14.336 16 INFO neutron.plugins.ml2.plugin [None req-59bbbabf-cfa1-48a6-9f65-566ae45973f1 - - - - - -] Attempt 1 to provision port bda1f1c5-81f5-4900-91a8-ccc3f0188c1e
2026-06-17 04:27:14.394 16 INFO neutron.plugins.ml2.plugin [None req-59bbbabf-cfa1-48a6-9f65-566ae45973f1 - - - - - -] Attempt 1 to provision port bfaf143d-ce33-41a7-8773-1c4d2efdd766
2026-06-17 04:27:14.462 16 INFO neutron.plugins.ml2.plugin [None req-59bbbabf-cfa1-48a6-9f65-566ae45973f1 - - - - - -] Attempt 1 to provision port 2edac3b7-dd56-481e-9464-65f8b5e888b0
2026-06-17 04:27:17.702 13 INFO neutron.plugins.ml2.plugin [None req-e28979dd-00e4-428c-8fa4-91f2c106e2c2 - - - - - -] Attempt 1 to provision port bfaf143d-ce33-41a7-8773-1c4d2efdd766
2026-06-17 04:27:17.766 13 INFO neutron.plugins.ml2.plugin [None req-e28979dd-00e4-428c-8fa4-91f2c106e2c2 - - - - - -] Attempt 1 to provision port 3494d7ac-8c89-4a6e-8d89-c3ed3c21cbe4
2026-06-17 04:27:19.143 13 INFO neutron.plugins.ml2.plugin [None req-1a91db80-f900-4329-98fe-a0b43459f0c8 - - - - - -] Attempt 1 to provision port bfaf143d-ce33-41a7-8773-1c4d2efdd766
2026-06-17 04:27:25.196 16 INFO neutron.plugins.ml2.plugin [None req-81499f64-47fa-40ba-8d80-ce5725ec5e88 - - - - - -] Attempt 1 to provision port fba43833-d53a-4290-a6f8-4de67791c5af
2026-06-17 04:27:25.320 16 INFO neutron.notifiers.nova [-] Nova event matching ['req-78577853-aa6f-45b5-8144-91cd0524365b'] response: {'server_uuid': '8dfed7fd-3b84-4ba9-bfb5-e55478f7da39', 'name': 'network-vif-plugged', 'status': 'completed', 'tag': 'fba43833-d53a-4290-a6f8-4de67791c5af', 'code': 200}
2026-06-17 04:27:27.342 13 INFO neutron.plugins.ml2.plugin [None req-81499f64-47fa-40ba-8d80-ce5725ec5e88 - - - - - -] Attempt 1 to provision port 6d8d3c92-2dee-4f52-9c09-9c3f6fd28c63
2026-06-17 04:27:27.428 13 INFO neutron.plugins.ml2.plugin [None req-331058df-b022-4c56-9959-b1cb29878f67 - - - - - -] Attempt 1 to provision port 6d8d3c92-2dee-4f52-9c09-9c3f6fd28c63
2026-06-17 04:27:28.359 13 INFO neutron.plugins.ml2.plugin [None req-81499f64-47fa-40ba-8d80-ce5725ec5e88 - - - - - -] Attempt 1 to provision port fba43833-d53a-4290-a6f8-4de67791c5af
2026-06-17 04:27:29.296 13 INFO neutron.plugins.ml2.plugin [None req-81499f64-47fa-40ba-8d80-ce5725ec5e88 - - - - - -] Attempt 1 to provision port 6d8d3c92-2dee-4f52-9c09-9c3f6fd28c63
2026-06-17 04:27:29.518 13 INFO neutron.plugins.ml2.plugin [None req-81499f64-47fa-40ba-8d80-ce5725ec5e88 - - - - - -] Attempt 1 to provision port 95396cb7-ea71-4375-a210-4d284b55477e
2026-06-17 04:27:31.209 16 INFO neutron.plugins.ml2.plugin [None req-81499f64-47fa-40ba-8d80-ce5725ec5e88 - - - - - -] Attempt 1 to provision port 95396cb7-ea71-4375-a210-4d284b55477e
2026-06-17 04:27:35.331 13 INFO neutron.plugins.ml2.plugin [None req-81499f64-47fa-40ba-8d80-ce5725ec5e88 - - - - - -] Attempt 1 to provision port 8716066d-43fe-4354-a923-e0616793a82d
2026-06-17 04:27:35.614 13 INFO neutron.plugins.ml2.plugin [None req-81499f64-47fa-40ba-8d80-ce5725ec5e88 - - - - - -] Attempt 1 to provision port 2e93b67f-8de3-4cee-b6bd-a3adba469517
2026-06-17 04:27:36.365 13 INFO neutron.plugins.ml2.plugin [None req-87fb3e88-ce7a-4bc7-8f8a-892043932a59 - - - - - -] Attempt 1 to provision port 6d8d3c92-2dee-4f52-9c09-9c3f6fd28c63
2026-06-17 04:27:36.431 13 INFO neutron.plugins.ml2.plugin [None req-87fb3e88-ce7a-4bc7-8f8a-892043932a59 - - - - - -] Attempt 1 to provision port b46b8872-8f61-4db3-aa80-b7d21e786cc6
2026-06-17 04:27:36.455 13 INFO neutron.plugins.ml2.plugin [None req-87fb3e88-ce7a-4bc7-8f8a-892043932a59 - - - - - -] Attempt 1 to provision port 8716066d-43fe-4354-a923-e0616793a82d
2026-06-17 04:27:36.496 13 INFO neutron.plugins.ml2.plugin [None req-87fb3e88-ce7a-4bc7-8f8a-892043932a59 - - - - - -] Attempt 1 to provision port d1ff157d-4624-4da8-972b-15a7e6f3932b
2026-06-17 04:27:37.191 13 INFO neutron.plugins.ml2.plugin [None req-81499f64-47fa-40ba-8d80-ce5725ec5e88 - - - - - -] Attempt 1 to provision port 8716066d-43fe-4354-a923-e0616793a82d
2026-06-17 04:27:37.424 13 INFO neutron.plugins.ml2.plugin [None req-81499f64-47fa-40ba-8d80-ce5725ec5e88 - - - - - -] Attempt 1 to provision port 2e93b67f-8de3-4cee-b6bd-a3adba469517
2026-06-17 04:27:40.586 13 INFO neutron.plugins.ml2.plugin [None req-89ff2265-0888-4be7-aedc-f8e6a258810c - - - - - -] Attempt 1 to provision port 70b9e925-615c-4345-a029-260d121b5a66
2026-06-17 04:27:40.617 13 INFO neutron.plugins.ml2.plugin [None req-89ff2265-0888-4be7-aedc-f8e6a258810c - - - - - -] Attempt 1 to provision port b46b8872-8f61-4db3-aa80-b7d21e786cc6
2026-06-17 04:27:40.649 13 INFO neutron.plugins.ml2.plugin [None req-89ff2265-0888-4be7-aedc-f8e6a258810c - - - - - -] Attempt 1 to provision port 8716066d-43fe-4354-a923-e0616793a82d
2026-06-17 04:27:40.711 13 INFO neutron.plugins.ml2.plugin [None req-89ff2265-0888-4be7-aedc-f8e6a258810c - - - - - -] Attempt 1 to provision port 5d0ae8c4-5d76-43f2-bc7d-4ba7411e2546
2026-06-17 04:27:42.430 13 INFO neutron.plugins.ml2.plugin [None req-c99272fe-0818-4968-a0f8-066fb7ecbeca - - - - - -] Attempt 1 to provision port 5d0ae8c4-5d76-43f2-bc7d-4ba7411e2546
2026-06-17 04:27:48.242 16 INFO neutron.plugins.ml2.plugin [None req-81499f64-47fa-40ba-8d80-ce5725ec5e88 - - - - - -] Attempt 1 to provision port 3b62914b-a914-4b8b-8760-dfdf324e7ae8
2026-06-17 04:27:48.371 16 INFO neutron.notifiers.nova [-] Nova event matching ['req-d592f127-8922-4525-bcb6-ed2caddef1c7'] response: {'server_uuid': 'da79ea09-e38d-4cee-a30d-d895c701eaba', 'name': 'network-vif-plugged', 'status': 'completed', 'tag': '3b62914b-a914-4b8b-8760-dfdf324e7ae8', 'code': 200}
2026-06-17 04:27:49.249 13 INFO neutron.plugins.ml2.plugin [None req-81499f64-47fa-40ba-8d80-ce5725ec5e88 - - - - - -] Attempt 1 to provision port b46b8872-8f61-4db3-aa80-b7d21e786cc6
2026-06-17 04:27:49.582 13 INFO neutron.plugins.ml2.plugin [None req-81499f64-47fa-40ba-8d80-ce5725ec5e88 - - - - - -] Attempt 1 to provision port 3b62914b-a914-4b8b-8760-dfdf324e7ae8
2026-06-17 04:27:49.836 13 INFO neutron.plugins.ml2.plugin [None req-81499f64-47fa-40ba-8d80-ce5725ec5e88 - - - - - -] Attempt 1 to provision port d1ff157d-4624-4da8-972b-15a7e6f3932b
2026-06-17 04:27:51.254 16 INFO neutron.plugins.ml2.plugin [None req-81499f64-47fa-40ba-8d80-ce5725ec5e88 - - - - - -] Attempt 1 to provision port b46b8872-8f61-4db3-aa80-b7d21e786cc6
2026-06-17 04:27:51.720 16 INFO neutron.plugins.ml2.plugin [None req-81499f64-47fa-40ba-8d80-ce5725ec5e88 - - - - - -] Attempt 1 to provision port d1ff157d-4624-4da8-972b-15a7e6f3932b
2026-06-17 04:27:53.281 16 INFO neutron.plugins.ml2.plugin [None req-81499f64-47fa-40ba-8d80-ce5725ec5e88 - - - - - -] Attempt 1 to provision port 70b9e925-615c-4345-a029-260d121b5a66
2026-06-17 04:27:53.596 16 INFO neutron.plugins.ml2.plugin [None req-81499f64-47fa-40ba-8d80-ce5725ec5e88 - - - - - -] Attempt 1 to provision port 5d0ae8c4-5d76-43f2-bc7d-4ba7411e2546
2026-06-17 04:27:54.094 13 INFO neutron.plugins.ml2.plugin [None req-92e47627-2f0f-4dc7-a32b-8d84a0cea2fb - - - - - -] Attempt 1 to provision port 0421a776-2f7e-4322-a99d-47c4a473b008
2026-06-17 04:27:55.232 16 INFO neutron.plugins.ml2.plugin [None req-81499f64-47fa-40ba-8d80-ce5725ec5e88 - - - - - -] Attempt 1 to provision port 70b9e925-615c-4345-a029-260d121b5a66
2026-06-17 04:27:55.343 16 INFO neutron.plugins.ml2.plugin [None req-81499f64-47fa-40ba-8d80-ce5725ec5e88 - - - - - -] Attempt 1 to provision port 5d0ae8c4-5d76-43f2-bc7d-4ba7411e2546
2026-06-17 04:28:16.043 13 INFO neutron.plugins.ml2.plugin [None req-81499f64-47fa-40ba-8d80-ce5725ec5e88 - - - - - -] Attempt 1 to provision port 0f46b653-dbf5-4396-8a8c-f18a7cae7384
2026-06-17 04:28:16.187 13 INFO neutron.notifiers.nova [-] Nova event matching ['req-3d018562-6829-4548-8f6a-26d0336285b6'] response: {'server_uuid': 'e420e9e4-943e-4340-b623-0e05a1f21ba9', 'name': 'network-vif-plugged', 'status': 'completed', 'tag': '0f46b653-dbf5-4396-8a8c-f18a7cae7384', 'code': 200}
2026-06-17 04:28:17.450 13 INFO neutron.plugins.ml2.plugin [None req-81499f64-47fa-40ba-8d80-ce5725ec5e88 - - - - - -] Attempt 1 to provision port 0f46b653-dbf5-4396-8a8c-f18a7cae7384
2026-06-17 04:28:59.003 16 INFO neutron.plugins.ml2.plugin [None req-819897c4-74f6-4e1b-82ab-7568d5dcabcf - - - - - -] Attempt 1 to provision port 6b6b90f6-01a1-4068-a332-fb9075350a84
2026-06-17 04:29:05.422 13 INFO neutron.plugins.ml2.plugin [None req-81499f64-47fa-40ba-8d80-ce5725ec5e88 - - - - - -] Attempt 1 to provision port 6b6b90f6-01a1-4068-a332-fb9075350a84
2026-06-17 04:29:05.541 13 INFO neutron.notifiers.nova [-] Nova event matching ['req-b85553e7-3e2b-4281-91bd-affa02a246b3'] response: {'server_uuid': 'e420e9e4-943e-4340-b623-0e05a1f21ba9', 'name': 'network-vif-plugged', 'status': 'completed', 'tag': '6b6b90f6-01a1-4068-a332-fb9075350a84', 'code': 200}
2026-06-17 04:29:07.403 16 INFO neutron.plugins.ml2.plugin [None req-81499f64-47fa-40ba-8d80-ce5725ec5e88 - - - - - -] Attempt 1 to provision port 6b6b90f6-01a1-4068-a332-fb9075350a84
2026-06-17 04:29:09.926 16 INFO neutron.plugins.ml2.plugin [None req-81499f64-47fa-40ba-8d80-ce5725ec5e88 - - - - - -] Attempt 1 to provision port 6b6b90f6-01a1-4068-a332-fb9075350a84
2026-06-17 04:29:30.160 16 INFO neutron.plugins.ml2.plugin [None req-b1ca397d-ad2d-4512-a537-ba6fa808003e - - - - - -] Attempt 1 to provision port 4b7afdec-b6e1-4a6d-b261-30b75ffe1417
2026-06-17 04:29:36.986 16 INFO neutron.plugins.ml2.plugin [None req-81499f64-47fa-40ba-8d80-ce5725ec5e88 - - - - - -] Attempt 1 to provision port 4b7afdec-b6e1-4a6d-b261-30b75ffe1417
2026-06-17 04:29:37.238 16 INFO neutron.notifiers.nova [-] Nova event matching ['req-63bf6af9-51b1-4796-88ed-98e13c66aa3b'] response: {'server_uuid': 'e420e9e4-943e-4340-b623-0e05a1f21ba9', 'name': 'network-vif-plugged', 'status': 'completed', 'tag': '4b7afdec-b6e1-4a6d-b261-30b75ffe1417', 'code': 200}
2026-06-17 04:29:37.620 13 INFO neutron.plugins.ml2.plugin [None req-81499f64-47fa-40ba-8d80-ce5725ec5e88 - - - - - -] Attempt 1 to provision port 4b7afdec-b6e1-4a6d-b261-30b75ffe1417
2026-06-17 04:29:51.440 13 INFO neutron.plugins.ml2.plugin [None req-52478a9d-fd90-4838-a98e-da59e899cb1a - - - - - -] Attempt 1 to provision port b4bb32ca-19ed-455e-833d-6b8ef1348930
2026-06-17 04:29:57.621 16 INFO neutron.plugins.ml2.plugin [None req-81499f64-47fa-40ba-8d80-ce5725ec5e88 - - - - - -] Attempt 1 to provision port b4bb32ca-19ed-455e-833d-6b8ef1348930
2026-06-17 04:29:57.742 16 INFO neutron.notifiers.nova [-] Nova event matching ['req-674e59ee-3abd-4beb-9a11-d7a954b7c09f'] response: {'server_uuid': 'e420e9e4-943e-4340-b623-0e05a1f21ba9', 'name': 'network-vif-plugged', 'status': 'completed', 'tag': 'b4bb32ca-19ed-455e-833d-6b8ef1348930', 'code': 200}
2026-06-17 04:29:59.599 13 INFO neutron.plugins.ml2.plugin [None req-81499f64-47fa-40ba-8d80-ce5725ec5e88 - - - - - -] Attempt 1 to provision port b4bb32ca-19ed-455e-833d-6b8ef1348930
2026-06-17 04:30:01.752 16 INFO neutron.plugins.ml2.plugin [None req-8efc3dcf-bd8b-42aa-b9e0-4aa7c2b83f38 - - - - - -] Attempt 1 to provision port 4b7afdec-b6e1-4a6d-b261-30b75ffe1417
2026-06-17 04:30:15.604 16 INFO neutron.plugins.ml2.plugin [None req-d5cd8453-d726-41cd-8e8f-8c3258ddc8c7 - - - - - -] Attempt 1 to provision port b4bb32ca-19ed-455e-833d-6b8ef1348930
2026-06-17 04:30:15.692 13 INFO neutron.plugins.ml2.plugin [None req-81499f64-47fa-40ba-8d80-ce5725ec5e88 - - - - - -] Attempt 1 to provision port b4bb32ca-19ed-455e-833d-6b8ef1348930
2026-06-17 04:30:17.075 13 INFO neutron.plugins.ml2.plugin [None req-ca0ddda4-086b-4ce9-8d4d-453d4b1f6359 - - - - - -] Attempt 1 to provision port b4bb32ca-19ed-455e-833d-6b8ef1348930
2026-06-17 04:30:27.101 13 INFO neutron.plugins.ml2.plugin [None req-542d6526-adc2-4ec9-9bed-291f8a56d9e7 - - - - - -] Attempt 1 to provision port 4b7afdec-b6e1-4a6d-b261-30b75ffe1417
2026-06-17 04:30:27.672 16 INFO neutron.plugins.ml2.plugin [None req-81499f64-47fa-40ba-8d80-ce5725ec5e88 - - - - - -] Attempt 1 to provision port 4b7afdec-b6e1-4a6d-b261-30b75ffe1417
2026-06-17 04:30:53.816 16 INFO neutron.notifiers.nova [-] Nova event matching ['req-d1e8f4e7-4133-4bed-a54e-5fd6fbf552cd'] response: {'server_uuid': 'e420e9e4-943e-4340-b623-0e05a1f21ba9', 'name': 'network-vif-unplugged', 'status': 'completed', 'tag': '0f46b653-dbf5-4396-8a8c-f18a7cae7384', 'code': 200}
2026-06-17 04:31:09.818 16 INFO neutron.notifiers.nova [-] Nova event matching ['req-e917f654-c1cd-4cbf-910c-0a318f14a4a8'] response: {'server_uuid': 'd83c8e71-8ebc-4a39-bfb2-d482a21e992a', 'name': 'network-vif-unplugged', 'status': 'completed', 'tag': '3494d7ac-8c89-4a6e-8d89-c3ed3c21cbe4', 'code': 200}
2026-06-17 04:31:09.900 16 INFO neutron.plugins.ml2.plugin [None req-81499f64-47fa-40ba-8d80-ce5725ec5e88 - - - - - -] No ports have port_id starting with 3494d7ac-8c89-4a6e-8d89-c3ed3c21cbe4