2026-04-16 03:26:31.013 7 INFO neutron.api.extensions [None req-b0fad8f6-cc26-42e3-8bb0-296a5cb661dc - - - - - -] Loaded extension: enable-default-route-bfd
2026-04-16 03:26:31.013 7 INFO neutron.api.extensions [None req-b0fad8f6-cc26-42e3-8bb0-296a5cb661dc - - - - - -] Loaded extension: enable-default-route-ecmp
2026-04-16 03:26:31.013 8 INFO neutron.quota.resource_registry [None req-8007a938-301c-42cb-92c6-527d64b38ef3 - - - - - -] Creating instance of CountableResource for resource:rbac_policy
2026-04-16 03:26:31.014 7 INFO neutron.api.extensions [None req-b0fad8f6-cc26-42e3-8bb0-296a5cb661dc - - - - - -] Loaded extension: ext-gw-mode
2026-04-16 03:26:31.014 8 INFO neutron.quota.resource_registry [None req-8007a938-301c-42cb-92c6-527d64b38ef3 - - - - - -] Creating instance of TrackedResource for resource:security_group
2026-04-16 03:26:31.014 7 INFO neutron.api.extensions [None req-b0fad8f6-cc26-42e3-8bb0-296a5cb661dc - - - - - -] Loaded extension: l3-ha
2026-04-16 03:26:31.014 8 INFO neutron.quota.resource_registry [None req-8007a938-301c-42cb-92c6-527d64b38ef3 - - - - - -] Creating instance of TrackedResource for resource:security_group_rule
2026-04-16 03:26:31.015 7 INFO neutron.api.extensions [None req-b0fad8f6-cc26-42e3-8bb0-296a5cb661dc - - - - - -] Extension l3-ext-ndp-proxy not supported by any of loaded plugins
2026-04-16 03:26:31.015 7 INFO neutron.api.extensions [None req-b0fad8f6-cc26-42e3-8bb0-296a5cb661dc - - - - - -] Loaded extension: external-gateway-multihoming
2026-04-16 03:26:31.015 8 INFO neutron.quota.resource_registry [None req-8007a938-301c-42cb-92c6-527d64b38ef3 - - - - - -] Creating instance of TrackedResource for resource:subnetpool
2026-04-16 03:26:31.016 8 WARNING neutron.quota.resource_registry [None req-8007a938-301c-42cb-92c6-527d64b38ef3 - - - - - -] subnetpool is already registered
2026-04-16 03:26:31.016 7 INFO neutron.api.extensions [None req-b0fad8f6-cc26-42e3-8bb0-296a5cb661dc - - - - - -] Loaded extension: l3-flavors
2026-04-16 03:26:31.016 8 INFO neutron.quota.resource_registry [None req-8007a938-301c-42cb-92c6-527d64b38ef3 - - - - - -] Creating instance of CountableResource for resource:trunk
2026-04-16 03:26:31.016 8 INFO neutron.quota.resource_registry [None req-8007a938-301c-42cb-92c6-527d64b38ef3 - - - - - -] Creating instance of CountableResource for resource:ikepolicy
2026-04-16 03:26:31.017 7 INFO neutron.api.extensions [None req-b0fad8f6-cc26-42e3-8bb0-296a5cb661dc - - - - - -] Extension l3-ndp-proxy not supported by any of loaded plugins
2026-04-16 03:26:31.017 8 INFO neutron.quota.resource_registry [None req-8007a938-301c-42cb-92c6-527d64b38ef3 - - - - - -] Creating instance of CountableResource for resource:ipsecpolicy
2026-04-16 03:26:31.017 7 INFO neutron.api.extensions [None req-b0fad8f6-cc26-42e3-8bb0-296a5cb661dc - - - - - -] Extension l3-port-ip-change-not-allowed not supported by any of loaded plugins
2026-04-16 03:26:31.017 8 INFO neutron.quota.resource_registry [None req-8007a938-301c-42cb-92c6-527d64b38ef3 - - - - - -] Creating instance of CountableResource for resource:endpoint_group
2026-04-16 03:26:31.018 8 INFO neutron.quota.resource_registry [None req-8007a938-301c-42cb-92c6-527d64b38ef3 - - - - - -] Creating instance of CountableResource for resource:vpnservice
2026-04-16 03:26:31.018 8 INFO neutron.quota.resource_registry [None req-8007a938-301c-42cb-92c6-527d64b38ef3 - - - - - -] Creating instance of CountableResource for resource:ipsec_site_connection
2026-04-16 03:26:31.018 8 INFO neutron.quota.resource_registry [None req-8007a938-301c-42cb-92c6-527d64b38ef3 - - - - - -] Creating instance of CountableResource for resource:ipsecpolicy
2026-04-16 03:26:31.019 8 WARNING neutron.quota.resource_registry [None req-8007a938-301c-42cb-92c6-527d64b38ef3 - - - - - -] ipsecpolicy is already registered
2026-04-16 03:26:31.019 8 INFO neutron.quota.resource_registry [None req-8007a938-301c-42cb-92c6-527d64b38ef3 - - - - - -] Creating instance of CountableResource for resource:ikepolicy
2026-04-16 03:26:31.019 8 WARNING neutron.quota.resource_registry [None req-8007a938-301c-42cb-92c6-527d64b38ef3 - - - - - -] ikepolicy is already registered
2026-04-16 03:26:31.019 7 INFO neutron.api.extensions [None req-b0fad8f6-cc26-42e3-8bb0-296a5cb661dc - - - - - -] Extension l3_agent_scheduler not supported by any of loaded plugins
2026-04-16 03:26:31.021 7 INFO neutron.api.extensions [None req-b0fad8f6-cc26-42e3-8bb0-296a5cb661dc - - - - - -] Extension local_ip not supported by any of loaded plugins
2026-04-16 03:26:31.022 7 INFO neutron.api.extensions [None req-b0fad8f6-cc26-42e3-8bb0-296a5cb661dc - - - - - -] Loaded extension: logging
2026-04-16 03:26:31.023 7 INFO neutron.api.extensions [None req-b0fad8f6-cc26-42e3-8bb0-296a5cb661dc - - - - - -] Extension metering not supported by any of loaded plugins
2026-04-16 03:26:31.024 7 INFO neutron.api.extensions [None req-b0fad8f6-cc26-42e3-8bb0-296a5cb661dc - - - - - -] Extension metering_source_and_destination_fields not supported by any of loaded plugins
2026-04-16 03:26:31.024 8 INFO neutron.quota.resource_registry [None req-8007a938-301c-42cb-92c6-527d64b38ef3 - - - - - -] Creating instance of TrackedResource for resource:router
2026-04-16 03:26:31.024 8 WARNING neutron.quota.resource_registry [None req-8007a938-301c-42cb-92c6-527d64b38ef3 - - - - - -] router is already registered
2026-04-16 03:26:31.024 7 INFO neutron.api.extensions [None req-b0fad8f6-cc26-42e3-8bb0-296a5cb661dc - - - - - -] Loaded extension: multi-provider
2026-04-16 03:26:31.024 8 INFO neutron.quota.resource_registry [None req-8007a938-301c-42cb-92c6-527d64b38ef3 - - - - - -] Creating instance of TrackedResource for resource:floatingip
2026-04-16 03:26:31.024 8 WARNING neutron.quota.resource_registry [None req-8007a938-301c-42cb-92c6-527d64b38ef3 - - - - - -] floatingip is already registered
2026-04-16 03:26:31.025 7 INFO neutron.api.extensions [None req-b0fad8f6-cc26-42e3-8bb0-296a5cb661dc - - - - - -] Loaded extension: net-mtu
2026-04-16 03:26:31.025 7 INFO neutron.api.extensions [None req-b0fad8f6-cc26-42e3-8bb0-296a5cb661dc - - - - - -] Loaded extension: net-mtu-writable
2026-04-16 03:26:31.026 7 INFO neutron.api.extensions [None req-b0fad8f6-cc26-42e3-8bb0-296a5cb661dc - - - - - -] Loaded extension: network_availability_zone
2026-04-16 03:26:31.026 7 INFO neutron.api.extensions [None req-b0fad8f6-cc26-42e3-8bb0-296a5cb661dc - - - - - -] Extension network_ha not supported by any of loaded plugins
2026-04-16 03:26:31.027 7 INFO neutron.api.extensions [None req-b0fad8f6-cc26-42e3-8bb0-296a5cb661dc - - - - - -] Loaded extension: network-ip-availability
2026-04-16 03:26:31.029 7 INFO neutron.api.extensions [None req-b0fad8f6-cc26-42e3-8bb0-296a5cb661dc - - - - - -] Extension network-segment-range not supported by any of loaded plugins
2026-04-16 03:26:31.029 8 INFO neutron.quota.resource_registry [None req-8007a938-301c-42cb-92c6-527d64b38ef3 - - - - - -] Creating instance of CountableResource for resource:rbac_policy
2026-04-16 03:26:31.029 8 WARNING neutron.quota.resource_registry [None req-8007a938-301c-42cb-92c6-527d64b38ef3 - - - - - -] rbac_policy is already registered
2026-04-16 03:26:31.029 7 INFO neutron.api.extensions [None req-b0fad8f6-cc26-42e3-8bb0-296a5cb661dc - - - - - -] Loaded extension: pagination
2026-04-16 03:26:31.030 8 INFO neutron.quota.resource_registry [None req-8007a938-301c-42cb-92c6-527d64b38ef3 - - - - - -] Creating instance of TrackedResource for resource:security_group
2026-04-16 03:26:31.030 8 WARNING neutron.quota.resource_registry [None req-8007a938-301c-42cb-92c6-527d64b38ef3 - - - - - -] security_group is already registered
2026-04-16 03:26:31.030 7 INFO neutron.api.extensions [None req-b0fad8f6-cc26-42e3-8bb0-296a5cb661dc - - - - - -] Loaded extension: port-device-profile
2026-04-16 03:26:31.030 8 INFO neutron.quota.resource_registry [None req-8007a938-301c-42cb-92c6-527d64b38ef3 - - - - - -] Creating instance of TrackedResource for resource:security_group_rule
2026-04-16 03:26:31.031 7 INFO neutron.api.extensions [None req-b0fad8f6-cc26-42e3-8bb0-296a5cb661dc - - - - - -] Extension port-hardware-offload-type not supported by any of loaded plugins
2026-04-16 03:26:31.031 8 WARNING neutron.quota.resource_registry [None req-8007a938-301c-42cb-92c6-527d64b38ef3 - - - - - -] security_group_rule is already registered
2026-04-16 03:26:31.031 7 INFO neutron.api.extensions [None req-b0fad8f6-cc26-42e3-8bb0-296a5cb661dc - - - - - -] Extension port-hint-ovs-tx-steering not supported by any of loaded plugins
2026-04-16 03:26:31.031 8 INFO neutron.quota.resource_registry [None req-8007a938-301c-42cb-92c6-527d64b38ef3 - - - - - -] Creating instance of TrackedResource for resource:subnetpool
2026-04-16 03:26:31.031 7 INFO neutron.api.extensions [None req-b0fad8f6-cc26-42e3-8bb0-296a5cb661dc - - - - - -] Extension port-hints not supported by any of loaded plugins
2026-04-16 03:26:31.031 8 WARNING neutron.quota.resource_registry [None req-8007a938-301c-42cb-92c6-527d64b38ef3 - - - - - -] subnetpool is already registered
2026-04-16 03:26:31.032 8 INFO neutron.quota.resource_registry [None req-8007a938-301c-42cb-92c6-527d64b38ef3 - - - - - -] Creating instance of CountableResource for resource:trunk
2026-04-16 03:26:31.032 7 INFO neutron.api.extensions [None req-b0fad8f6-cc26-42e3-8bb0-296a5cb661dc - - - - - -] Extension port-mac-override not supported by any of loaded plugins
2026-04-16 03:26:31.032 8 WARNING neutron.quota.resource_registry [None req-8007a938-301c-42cb-92c6-527d64b38ef3 - - - - - -] trunk is already registered
2026-04-16 03:26:31.032 8 INFO neutron.quota.resource_registry [None req-8007a938-301c-42cb-92c6-527d64b38ef3 - - - - - -] Creating instance of CountableResource for resource:ikepolicy
2026-04-16 03:26:31.033 8 WARNING neutron.quota.resource_registry [None req-8007a938-301c-42cb-92c6-527d64b38ef3 - - - - - -] ikepolicy is already registered
2026-04-16 03:26:31.033 7 INFO neutron.api.extensions [None req-b0fad8f6-cc26-42e3-8bb0-296a5cb661dc - - - - - -] Loaded extension: port-mac-address-regenerate
2026-04-16 03:26:31.033 8 INFO neutron.quota.resource_registry [None req-8007a938-301c-42cb-92c6-527d64b38ef3 - - - - - -] Creating instance of CountableResource for resource:ipsecpolicy
2026-04-16 03:26:31.033 7 INFO neutron.api.extensions [None req-b0fad8f6-cc26-42e3-8bb0-296a5cb661dc - - - - - -] Loaded extension: port-numa-affinity-policy
2026-04-16 03:26:31.033 8 WARNING neutron.quota.resource_registry [None req-8007a938-301c-42cb-92c6-527d64b38ef3 - - - - - -] ipsecpolicy is already registered
2026-04-16 03:26:31.034 8 INFO neutron.quota.resource_registry [None req-8007a938-301c-42cb-92c6-527d64b38ef3 - - - - - -] Creating instance of CountableResource for resource:endpoint_group
2026-04-16 03:26:31.034 7 INFO neutron.api.extensions [None req-b0fad8f6-cc26-42e3-8bb0-296a5cb661dc - - - - - -] Loaded extension: port-numa-affinity-policy-socket
2026-04-16 03:26:31.034 8 WARNING neutron.quota.resource_registry [None req-8007a938-301c-42cb-92c6-527d64b38ef3 - - - - - -] endpoint_group is already registered
2026-04-16 03:26:31.034 8 INFO neutron.quota.resource_registry [None req-8007a938-301c-42cb-92c6-527d64b38ef3 - - - - - -] Creating instance of CountableResource for resource:vpnservice
2026-04-16 03:26:31.034 7 INFO neutron.api.extensions [None req-b0fad8f6-cc26-42e3-8bb0-296a5cb661dc - - - - - -] Loaded extension: port-resource-request
2026-04-16 03:26:31.034 8 WARNING neutron.quota.resource_registry [None req-8007a938-301c-42cb-92c6-527d64b38ef3 - - - - - -] vpnservice is already registered
2026-04-16 03:26:31.035 8 INFO neutron.quota.resource_registry [None req-8007a938-301c-42cb-92c6-527d64b38ef3 - - - - - -] Creating instance of CountableResource for resource:ipsec_site_connection
2026-04-16 03:26:31.035 8 WARNING neutron.quota.resource_registry [None req-8007a938-301c-42cb-92c6-527d64b38ef3 - - - - - -] ipsec_site_connection is already registered
2026-04-16 03:26:31.035 7 INFO neutron.api.extensions [None req-b0fad8f6-cc26-42e3-8bb0-296a5cb661dc - - - - - -] Loaded extension: port-resource-request-groups
2026-04-16 03:26:31.035 8 INFO neutron.quota.resource_registry [None req-8007a938-301c-42cb-92c6-527d64b38ef3 - - - - - -] Creating instance of CountableResource for resource:ipsecpolicy
2026-04-16 03:26:31.035 8 WARNING neutron.quota.resource_registry [None req-8007a938-301c-42cb-92c6-527d64b38ef3 - - - - - -] ipsecpolicy is already registered
2026-04-16 03:26:31.035 7 INFO neutron.api.extensions [None req-b0fad8f6-cc26-42e3-8bb0-296a5cb661dc - - - - - -] Extension port-trusted-vif not supported by any of loaded plugins
2026-04-16 03:26:31.036 8 INFO neutron.quota.resource_registry [None req-8007a938-301c-42cb-92c6-527d64b38ef3 - - - - - -] Creating instance of CountableResource for resource:ikepolicy
2026-04-16 03:26:31.036 8 WARNING neutron.quota.resource_registry [None req-8007a938-301c-42cb-92c6-527d64b38ef3 - - - - - -] ikepolicy is already registered
2026-04-16 03:26:31.036 7 INFO neutron.api.extensions [None req-b0fad8f6-cc26-42e3-8bb0-296a5cb661dc - - - - - -] Loaded extension: binding
2026-04-16 03:26:31.036 7 INFO neutron.api.extensions [None req-b0fad8f6-cc26-42e3-8bb0-296a5cb661dc - - - - - -] Loaded extension: binding-extended
2026-04-16 03:26:31.037 7 INFO neutron.api.extensions [None req-b0fad8f6-cc26-42e3-8bb0-296a5cb661dc - - - - - -] Loaded extension: port-security
2026-04-16 03:26:31.037 7 INFO neutron.api.extensions [None req-b0fad8f6-cc26-42e3-8bb0-296a5cb661dc - - - - - -] Loaded extension: project-id
2026-04-16 03:26:31.038 7 INFO neutron.api.extensions [None req-b0fad8f6-cc26-42e3-8bb0-296a5cb661dc - - - - - -] Loaded extension: provider
2026-04-16 03:26:31.039 7 INFO neutron.api.extensions [None req-b0fad8f6-cc26-42e3-8bb0-296a5cb661dc - - - - - -] Loaded extension: qinq
2026-04-16 03:26:31.041 7 INFO neutron.api.extensions [None req-b0fad8f6-cc26-42e3-8bb0-296a5cb661dc - - - - - -] Loaded extension: qos
2026-04-16 03:26:31.042 7 INFO neutron.api.extensions [None req-b0fad8f6-cc26-42e3-8bb0-296a5cb661dc - - - - - -] Loaded extension: qos-bw-limit-direction
2026-04-16 03:26:31.042 7 INFO neutron.api.extensions [None req-b0fad8f6-cc26-42e3-8bb0-296a5cb661dc - - - - - -] Loaded extension: qos-bw-minimum-ingress
2026-04-16 03:26:31.043 7 INFO neutron.api.extensions [None req-b0fad8f6-cc26-42e3-8bb0-296a5cb661dc - - - - - -] Loaded extension: qos-default
2026-04-16 03:26:31.043 7 INFO neutron.api.extensions [None req-b0fad8f6-cc26-42e3-8bb0-296a5cb661dc - - - - - -] Loaded extension: qos-fip
2026-04-16 03:26:31.044 7 INFO neutron.api.extensions [None req-b0fad8f6-cc26-42e3-8bb0-296a5cb661dc - - - - - -] Extension qos-fip-network-policy not supported by any of loaded plugins
2026-04-16 03:26:31.044 7 INFO neutron.api.extensions [None req-b0fad8f6-cc26-42e3-8bb0-296a5cb661dc - - - - - -] Loaded extension: qos-gateway-ip
2026-04-16 03:26:31.045 7 INFO neutron.api.extensions [None req-b0fad8f6-cc26-42e3-8bb0-296a5cb661dc - - - - - -] Loaded extension: qos-port-network-policy
2026-04-16 03:26:31.045 7 INFO neutron.api.extensions [None req-b0fad8f6-cc26-42e3-8bb0-296a5cb661dc - - - - - -] Loaded extension: qos-pps-minimum
2026-04-16 03:26:31.046 7 INFO neutron.api.extensions [None req-b0fad8f6-cc26-42e3-8bb0-296a5cb661dc - - - - - -] Loaded extension: qos-pps-minimum-rule-alias
2026-04-16 03:26:31.047 7 INFO neutron.api.extensions [None req-b0fad8f6-cc26-42e3-8bb0-296a5cb661dc - - - - - -] Loaded extension: qos-pps
2026-04-16 03:26:31.047 7 INFO neutron.api.extensions [None req-b0fad8f6-cc26-42e3-8bb0-296a5cb661dc - - - - - -] Loaded extension: qos-rule-type-details
2026-04-16 03:26:31.048 7 INFO neutron.api.extensions [None req-b0fad8f6-cc26-42e3-8bb0-296a5cb661dc - - - - - -] Loaded extension: qos-rule-type-filter
2026-04-16 03:26:31.048 7 INFO neutron.api.extensions [None req-b0fad8f6-cc26-42e3-8bb0-296a5cb661dc - - - - - -] Loaded extension: qos-rules-alias
2026-04-16 03:26:31.049 7 INFO neutron.api.extensions [None req-b0fad8f6-cc26-42e3-8bb0-296a5cb661dc - - - - - -] Loaded extension: quota-check-limit
2026-04-16 03:26:31.050 7 INFO neutron.api.extensions [None req-b0fad8f6-cc26-42e3-8bb0-296a5cb661dc - - - - - -] Loaded extension: quota-check-limit-default
2026-04-16 03:26:31.052 7 INFO neutron.api.extensions [None req-b0fad8f6-cc26-42e3-8bb0-296a5cb661dc - - - - - -] Loaded extension: quotas
2026-04-16 03:26:31.053 7 INFO neutron.api.extensions [None req-b0fad8f6-cc26-42e3-8bb0-296a5cb661dc - - - - - -] Loaded extension: quota_details
2026-04-16 03:26:31.054 7 INFO neutron.api.extensions [None req-b0fad8f6-cc26-42e3-8bb0-296a5cb661dc - - - - - -] Loaded extension: rbac-policies
2026-04-16 03:26:31.055 7 INFO neutron.api.extensions [None req-b0fad8f6-cc26-42e3-8bb0-296a5cb661dc - - - - - -] Extension rbac-address-group not supported by any of loaded plugins
2026-04-16 03:26:31.055 7 INFO neutron.api.extensions [None req-b0fad8f6-cc26-42e3-8bb0-296a5cb661dc - - - - - -] Loaded extension: rbac-address-scope
2026-04-16 03:26:31.056 7 INFO neutron.api.extensions [None req-b0fad8f6-cc26-42e3-8bb0-296a5cb661dc - - - - - -] Loaded extension: rbac-security-groups
2026-04-16 03:26:31.056 7 INFO neutron.api.extensions [None req-b0fad8f6-cc26-42e3-8bb0-296a5cb661dc - - - - - -] Extension rbac-subnetpool not supported by any of loaded plugins
2026-04-16 03:26:31.057 7 INFO neutron.api.extensions [None req-b0fad8f6-cc26-42e3-8bb0-296a5cb661dc - - - - - -] Loaded extension: revision-if-match
2026-04-16 03:26:31.058 7 INFO neutron.api.extensions [None req-b0fad8f6-cc26-42e3-8bb0-296a5cb661dc - - - - - -] Loaded extension: standard-attr-revisions
2026-04-16 03:26:31.058 7 INFO neutron.api.extensions [None req-b0fad8f6-cc26-42e3-8bb0-296a5cb661dc - - - - - -] Loaded extension: router_availability_zone
2026-04-16 03:26:31.059 7 INFO neutron.api.extensions [None req-b0fad8f6-cc26-42e3-8bb0-296a5cb661dc - - - - - -] Extension router-service-type not supported by any of loaded plugins
2026-04-16 03:26:31.060 7 INFO neutron.api.extensions [None req-b0fad8f6-cc26-42e3-8bb0-296a5cb661dc - - - - - -] Loaded extension: security-groups-default-rules
2026-04-16 03:26:31.061 7 INFO neutron.api.extensions [None req-b0fad8f6-cc26-42e3-8bb0-296a5cb661dc - - - - - -] Loaded extension: security-groups-normalized-cidr
2026-04-16 03:26:31.062 7 INFO neutron.api.extensions [None req-b0fad8f6-cc26-42e3-8bb0-296a5cb661dc - - - - - -] Extension port-security-groups-filtering not supported by any of loaded plugins
2026-04-16 03:26:31.062 7 INFO neutron.api.extensions [None req-b0fad8f6-cc26-42e3-8bb0-296a5cb661dc - - - - - -] Loaded extension: security-groups-remote-address-group
2026-04-16 03:26:31.063 7 INFO neutron.api.extensions [None req-b0fad8f6-cc26-42e3-8bb0-296a5cb661dc - - - - - -] Loaded extension: security-groups-rules-belongs-to-default-sg
2026-04-16 03:26:31.063 7 INFO neutron.api.extensions [None req-b0fad8f6-cc26-42e3-8bb0-296a5cb661dc - - - - - -] Loaded extension: security-groups-shared-filtering
2026-04-16 03:26:31.068 7 INFO neutron.api.extensions [None req-b0fad8f6-cc26-42e3-8bb0-296a5cb661dc - - - - - -] Loaded extension: security-group
2026-04-16 03:26:31.069 7 INFO neutron.api.extensions [None req-b0fad8f6-cc26-42e3-8bb0-296a5cb661dc - - - - - -] Loaded extension: segment
2026-04-16 03:26:31.069 7 INFO neutron.api.extensions [None req-b0fad8f6-cc26-42e3-8bb0-296a5cb661dc - - - - - -] Loaded extension: segments-peer-subnet-host-routes
2026-04-16 03:26:31.070 7 INFO neutron.api.extensions [None req-b0fad8f6-cc26-42e3-8bb0-296a5cb661dc - - - - - -] Loaded extension: service-type
2026-04-16 03:26:31.070 7 INFO neutron.api.extensions [None req-b0fad8f6-cc26-42e3-8bb0-296a5cb661dc - - - - - -] Loaded extension: sorting
2026-04-16 03:26:31.071 7 INFO neutron.api.extensions [None req-b0fad8f6-cc26-42e3-8bb0-296a5cb661dc - - - - - -] Loaded extension: standard-attr-segment
2026-04-16 03:26:31.072 7 INFO neutron.api.extensions [None req-b0fad8f6-cc26-42e3-8bb0-296a5cb661dc - - - - - -] Loaded extension: standard-attr-description
2026-04-16 03:26:31.072 7 INFO neutron.api.extensions [None req-b0fad8f6-cc26-42e3-8bb0-296a5cb661dc - - - - - -] Loaded extension: stateful-security-group
2026-04-16 03:26:31.073 7 WARNING neutron.api.extensions [None req-b0fad8f6-cc26-42e3-8bb0-296a5cb661dc - - - - - -] Did not find expected name "Stdattrs_common" in /var/lib/openstack/lib/python3.12/site-packages/neutron/extensions/stdattrs_common.py
2026-04-16 03:26:31.073 7 INFO neutron.api.extensions [None req-b0fad8f6-cc26-42e3-8bb0-296a5cb661dc - - - - - -] Loaded extension: subnet-dns-publish-fixed-ip
2026-04-16 03:26:31.074 7 INFO neutron.api.extensions [None req-b0fad8f6-cc26-42e3-8bb0-296a5cb661dc - - - - - -] Loaded extension: subnet-external-network
2026-04-16 03:26:31.074 8 WARNING keystonemiddleware._common.config [None req-8007a938-301c-42cb-92c6-527d64b38ef3 - - - - - -] The option "audit_map_file" is not known to keystonemiddleware
2026-04-16 03:26:31.075 7 INFO neutron.api.extensions [None req-b0fad8f6-cc26-42e3-8bb0-296a5cb661dc - - - - - -] Extension subnet_onboard not supported by any of loaded plugins
2026-04-16 03:26:31.075 7 INFO neutron.api.extensions [None req-b0fad8f6-cc26-42e3-8bb0-296a5cb661dc - - - - - -] Loaded extension: subnet-segmentid-writable
2026-04-16 03:26:31.076 7 INFO neutron.api.extensions [None req-b0fad8f6-cc26-42e3-8bb0-296a5cb661dc - - - - - -] Loaded extension: subnet-service-types
2026-04-16 03:26:31.076 7 INFO neutron.api.extensions [None req-b0fad8f6-cc26-42e3-8bb0-296a5cb661dc - - - - - -] Loaded extension: subnet_allocation
2026-04-16 03:26:31.077 7 INFO neutron.api.extensions [None req-b0fad8f6-cc26-42e3-8bb0-296a5cb661dc - - - - - -] Loaded extension: subnetpool-prefix-ops
2026-04-16 03:26:31.077 7 INFO neutron.api.extensions [None req-b0fad8f6-cc26-42e3-8bb0-296a5cb661dc - - - - - -] Loaded extension: tag-creation
2026-04-16 03:26:31.078 7 INFO neutron.api.extensions [None req-b0fad8f6-cc26-42e3-8bb0-296a5cb661dc - - - - - -] Extension tag-ports-during-bulk-creation not supported by any of loaded plugins
2026-04-16 03:26:31.082 8 WARNING oslo_config.cfg [None req-8007a938-301c-42cb-92c6-527d64b38ef3 - - - - - -] Deprecated: Option "auth_uri" from group "keystone_authtoken" is deprecated. Use option "www_authenticate_uri" from group "keystone_authtoken".
2026-04-16 03:26:31.082 7 INFO neutron.api.extensions [None req-b0fad8f6-cc26-42e3-8bb0-296a5cb661dc - - - - - -] Loaded extension: standard-attr-tag
2026-04-16 03:26:31.083 7 INFO neutron.api.extensions [None req-b0fad8f6-cc26-42e3-8bb0-296a5cb661dc - - - - - -] Loaded extension: standard-attr-timestamp
2026-04-16 03:26:31.083 7 INFO neutron.api.extensions [None req-b0fad8f6-cc26-42e3-8bb0-296a5cb661dc - - - - - -] Loaded extension: trunk
2026-04-16 03:26:31.084 7 INFO neutron.api.extensions [None req-b0fad8f6-cc26-42e3-8bb0-296a5cb661dc - - - - - -] Loaded extension: trunk-details
2026-04-16 03:26:31.084 7 INFO neutron.api.extensions [None req-b0fad8f6-cc26-42e3-8bb0-296a5cb661dc - - - - - -] Extension uplink-status-propagation not supported by any of loaded plugins
2026-04-16 03:26:31.085 7 INFO neutron.api.extensions [None req-b0fad8f6-cc26-42e3-8bb0-296a5cb661dc - - - - - -] Extension uplink-status-propagation-updatable not supported by any of loaded plugins
2026-04-16 03:26:31.086 7 INFO neutron.api.extensions [None req-b0fad8f6-cc26-42e3-8bb0-296a5cb661dc - - - - - -] Loaded extension: vlan-transparent
2026-04-16 03:26:31.086 7 INFO neutron.api.extensions [None req-b0fad8f6-cc26-42e3-8bb0-296a5cb661dc - - - - - -] Loaded extension: vpn-aes-ctr
2026-04-16 03:26:31.088 7 INFO neutron.api.extensions [None req-b0fad8f6-cc26-42e3-8bb0-296a5cb661dc - - - - - -] Loaded extension: vpn-agent-scheduler
2026-04-16 03:26:31.089 7 INFO neutron.api.extensions [None req-b0fad8f6-cc26-42e3-8bb0-296a5cb661dc - - - - - -] Loaded extension: vpn-endpoint-groups
2026-04-16 03:26:31.090 7 INFO neutron.api.extensions [None req-b0fad8f6-cc26-42e3-8bb0-296a5cb661dc - - - - - -] Loaded extension: vpn-flavors
2026-04-16 03:26:31.091 7 INFO neutron.api.extensions [None req-b0fad8f6-cc26-42e3-8bb0-296a5cb661dc - - - - - -] Loaded extension: vpnaas
2026-04-16 03:26:31.093 7 INFO neutron.api.extensions [None req-b0fad8f6-cc26-42e3-8bb0-296a5cb661dc - - - - - -] Loaded extension: taas
2026-04-16 03:26:31.094 7 INFO neutron.api.extensions [None req-b0fad8f6-cc26-42e3-8bb0-296a5cb661dc - - - - - -] Loaded extension: tap-mirror
2026-04-16 03:26:31.094 7 INFO neutron.api.extensions [None req-b0fad8f6-cc26-42e3-8bb0-296a5cb661dc - - - - - -] Loaded extension: taas-vlan-filter
2026-04-16 03:26:31.097 7 INFO neutron.quota.resource_registry [None req-b0fad8f6-cc26-42e3-8bb0-296a5cb661dc - - - - - -] Creating instance of TrackedResource for resource:network
2026-04-16 03:26:31.097 7 INFO neutron.quota.resource_registry [None req-b0fad8f6-cc26-42e3-8bb0-296a5cb661dc - - - - - -] Creating instance of TrackedResource for resource:subnet
2026-04-16 03:26:31.097 7 INFO neutron.quota.resource_registry [None req-b0fad8f6-cc26-42e3-8bb0-296a5cb661dc - - - - - -] Creating instance of TrackedResource for resource:subnetpool
2026-04-16 03:26:31.098 7 INFO neutron.quota.resource_registry [None req-b0fad8f6-cc26-42e3-8bb0-296a5cb661dc - - - - - -] Creating instance of TrackedResource for resource:port
2026-04-16 03:26:31.101 7 INFO neutron.quota.resource_registry [None req-b0fad8f6-cc26-42e3-8bb0-296a5cb661dc - - - - - -] Creating instance of TrackedResource for resource:router
2026-04-16 03:26:31.101 7 INFO neutron.quota.resource_registry [None req-b0fad8f6-cc26-42e3-8bb0-296a5cb661dc - - - - - -] Creating instance of TrackedResource for resource:floatingip
2026-04-16 03:26:31.101 8 WARNING neutron.plugins.ml2.drivers.ovn.mech_driver.mech_driver [None req-8007a938-301c-42cb-92c6-527d64b38ef3 - - - - - -] uWSGI must provide a start time using the configuration parameter "start-time %t" in the configuration file
2026-04-16 03:26:31.106 7 INFO neutron.quota.resource_registry [None req-b0fad8f6-cc26-42e3-8bb0-296a5cb661dc - - - - - -] Creating instance of CountableResource for resource:rbac_policy
2026-04-16 03:26:31.107 7 INFO neutron.quota.resource_registry [None req-b0fad8f6-cc26-42e3-8bb0-296a5cb661dc - - - - - -] Creating instance of TrackedResource for resource:security_group
2026-04-16 03:26:31.107 7 INFO neutron.quota.resource_registry [None req-b0fad8f6-cc26-42e3-8bb0-296a5cb661dc - - - - - -] Creating instance of TrackedResource for resource:security_group_rule
2026-04-16 03:26:31.108 7 INFO neutron.quota.resource_registry [None req-b0fad8f6-cc26-42e3-8bb0-296a5cb661dc - - - - - -] Creating instance of TrackedResource for resource:subnetpool
2026-04-16 03:26:31.108 7 WARNING neutron.quota.resource_registry [None req-b0fad8f6-cc26-42e3-8bb0-296a5cb661dc - - - - - -] subnetpool is already registered
2026-04-16 03:26:31.109 7 INFO neutron.quota.resource_registry [None req-b0fad8f6-cc26-42e3-8bb0-296a5cb661dc - - - - - -] Creating instance of CountableResource for resource:trunk
2026-04-16 03:26:31.109 7 INFO neutron.quota.resource_registry [None req-b0fad8f6-cc26-42e3-8bb0-296a5cb661dc - - - - - -] Creating instance of CountableResource for resource:ikepolicy
2026-04-16 03:26:31.110 7 INFO neutron.quota.resource_registry [None req-b0fad8f6-cc26-42e3-8bb0-296a5cb661dc - - - - - -] Creating instance of CountableResource for resource:ipsecpolicy
2026-04-16 03:26:31.110 7 INFO neutron.quota.resource_registry [None req-b0fad8f6-cc26-42e3-8bb0-296a5cb661dc - - - - - -] Creating instance of CountableResource for resource:endpoint_group
2026-04-16 03:26:31.111 7 INFO neutron.quota.resource_registry [None req-b0fad8f6-cc26-42e3-8bb0-296a5cb661dc - - - - - -] Creating instance of CountableResource for resource:vpnservice
2026-04-16 03:26:31.111 7 INFO neutron.quota.resource_registry [None req-b0fad8f6-cc26-42e3-8bb0-296a5cb661dc - - - - - -] Creating instance of CountableResource for resource:ipsec_site_connection
2026-04-16 03:26:31.111 7 INFO neutron.quota.resource_registry [None req-b0fad8f6-cc26-42e3-8bb0-296a5cb661dc - - - - - -] Creating instance of CountableResource for resource:ipsecpolicy
2026-04-16 03:26:31.112 7 WARNING neutron.quota.resource_registry [None req-b0fad8f6-cc26-42e3-8bb0-296a5cb661dc - - - - - -] ipsecpolicy is already registered
2026-04-16 03:26:31.112 7 INFO neutron.quota.resource_registry [None req-b0fad8f6-cc26-42e3-8bb0-296a5cb661dc - - - - - -] Creating instance of CountableResource for resource:ikepolicy
2026-04-16 03:26:31.112 7 WARNING neutron.quota.resource_registry [None req-b0fad8f6-cc26-42e3-8bb0-296a5cb661dc - - - - - -] ikepolicy is already registered
2026-04-16 03:26:31.116 8 INFO neutron.db.ovn_hash_ring_db [None req-8007a938-301c-42cb-92c6-527d64b38ef3 - - - - - -] Nodes from host "neutron-server-67d9645f59-48szr" and group "mechanism_driver" removed from the Hash Ring created at
2026-04-16 03:26:31+00:00
2026-04-16 03:26:31.117 7 INFO neutron.quota.resource_registry [None req-b0fad8f6-cc26-42e3-8bb0-296a5cb661dc - - - - - -] Creating instance of TrackedResource for resource:router
2026-04-16 03:26:31.117 7 WARNING neutron.quota.resource_registry [None req-b0fad8f6-cc26-42e3-8bb0-296a5cb661dc - - - - - -] router is already registered
2026-04-16 03:26:31.117 7 INFO neutron.quota.resource_registry [None req-b0fad8f6-cc26-42e3-8bb0-296a5cb661dc - - - - - -] Creating instance of TrackedResource for resource:floatingip
2026-04-16 03:26:31.118 7 WARNING neutron.quota.resource_registry [None req-b0fad8f6-cc26-42e3-8bb0-296a5cb661dc - - - - - -] floatingip is already registered
2026-04-16 03:26:31.119 8 INFO neutron.db.ovn_hash_ring_db [None req-8007a938-301c-42cb-92c6-527d64b38ef3 - - - - - -] Node 6259bbc210ab56689979577c65b5d440 from host "neutron-server-67d9645f59-48szr" and group "mechanism_driver" added to the Hash Ring
2026-04-16 03:26:31.122 7 INFO neutron.quota.resource_registry [None req-b0fad8f6-cc26-42e3-8bb0-296a5cb661dc - - - - - -] Creating instance of CountableResource for resource:rbac_policy
2026-04-16 03:26:31.122 7 WARNING neutron.quota.resource_registry [None req-b0fad8f6-cc26-42e3-8bb0-296a5cb661dc - - - - - -] rbac_policy is already registered
2026-04-16 03:26:31.123 7 INFO neutron.quota.resource_registry [None req-b0fad8f6-cc26-42e3-8bb0-296a5cb661dc - - - - - -] Creating instance of TrackedResource for resource:security_group
2026-04-16 03:26:31.123 7 WARNING neutron.quota.resource_registry [None req-b0fad8f6-cc26-42e3-8bb0-296a5cb661dc - - - - - -] security_group is already registered
2026-04-16 03:26:31.123 7 INFO neutron.quota.resource_registry [None req-b0fad8f6-cc26-42e3-8bb0-296a5cb661dc - - - - - -] Creating instance of TrackedResource for resource:security_group_rule
2026-04-16 03:26:31.124 7 WARNING neutron.quota.resource_registry [None req-b0fad8f6-cc26-42e3-8bb0-296a5cb661dc - - - - - -] security_group_rule is already registered
2026-04-16 03:26:31.124 7 INFO neutron.quota.resource_registry [None req-b0fad8f6-cc26-42e3-8bb0-296a5cb661dc - - - - - -] Creating instance of TrackedResource for resource:subnetpool
2026-04-16 03:26:31.125 7 WARNING neutron.quota.resource_registry [None req-b0fad8f6-cc26-42e3-8bb0-296a5cb661dc - - - - - -] subnetpool is already registered
2026-04-16 03:26:31.125 7 INFO neutron.quota.resource_registry [None req-b0fad8f6-cc26-42e3-8bb0-296a5cb661dc - - - - - -] Creating instance of CountableResource for resource:trunk
2026-04-16 03:26:31.125 7 WARNING neutron.quota.resource_registry [None req-b0fad8f6-cc26-42e3-8bb0-296a5cb661dc - - - - - -] trunk is already registered
2026-04-16 03:26:31.125 7 INFO neutron.quota.resource_registry [None req-b0fad8f6-cc26-42e3-8bb0-296a5cb661dc - - - - - -] Creating instance of CountableResource for resource:ikepolicy
2026-04-16 03:26:31.126 7 WARNING neutron.quota.resource_registry [None req-b0fad8f6-cc26-42e3-8bb0-296a5cb661dc - - - - - -] ikepolicy is already registered
2026-04-16 03:26:31.126 7 INFO neutron.quota.resource_registry [None req-b0fad8f6-cc26-42e3-8bb0-296a5cb661dc - - - - - -] Creating instance of CountableResource for resource:ipsecpolicy
2026-04-16 03:26:31.126 7 WARNING neutron.quota.resource_registry [None req-b0fad8f6-cc26-42e3-8bb0-296a5cb661dc - - - - - -] ipsecpolicy is already registered
2026-04-16 03:26:31.127 7 INFO neutron.quota.resource_registry [None req-b0fad8f6-cc26-42e3-8bb0-296a5cb661dc - - - - - -] Creating instance of CountableResource for resource:endpoint_group
2026-04-16 03:26:31.127 7 WARNING neutron.quota.resource_registry [None req-b0fad8f6-cc26-42e3-8bb0-296a5cb661dc - - - - - -] endpoint_group is already registered
2026-04-16 03:26:31.127 7 INFO neutron.quota.resource_registry [None req-b0fad8f6-cc26-42e3-8bb0-296a5cb661dc - - - - - -] Creating instance of CountableResource for resource:vpnservice
2026-04-16 03:26:31.127 7 WARNING neutron.quota.resource_registry [None req-b0fad8f6-cc26-42e3-8bb0-296a5cb661dc - - - - - -] vpnservice is already registered
2026-04-16 03:26:31.128 7 INFO neutron.quota.resource_registry [None req-b0fad8f6-cc26-42e3-8bb0-296a5cb661dc - - - - - -] Creating instance of CountableResource for resource:ipsec_site_connection
2026-04-16 03:26:31.128 7 WARNING neutron.quota.resource_registry [None req-b0fad8f6-cc26-42e3-8bb0-296a5cb661dc - - - - - -] ipsec_site_connection is already registered
2026-04-16 03:26:31.128 8 INFO neutron.plugins.ml2.drivers.ovn.mech_driver.mech_driver [None req-8007a938-301c-42cb-92c6-527d64b38ef3 - - - - - -] Hash Ring probing thread for node 6259bbc210ab56689979577c65b5d440 has started
2026-04-16 03:26:31.128 7 INFO neutron.quota.resource_registry [None req-b0fad8f6-cc26-42e3-8bb0-296a5cb661dc - - - - - -] Creating instance of CountableResource for resource:ipsecpolicy
2026-04-16 03:26:31.128 7 WARNING neutron.quota.resource_registry [None req-b0fad8f6-cc26-42e3-8bb0-296a5cb661dc - - - - - -] ipsecpolicy is already registered
2026-04-16 03:26:31.129 7 INFO neutron.quota.resource_registry [None req-b0fad8f6-cc26-42e3-8bb0-296a5cb661dc - - - - - -] Creating instance of CountableResource for resource:ikepolicy
2026-04-16 03:26:31.129 8 INFO neutron.plugins.ml2.drivers.ovn.mech_driver.ovsdb.impl_idl_ovn [None req-8007a938-301c-42cb-92c6-527d64b38ef3 - - - - - -] Getting OvsdbNbOvnIdl for WorkerService with retry
2026-04-16 03:26:31.129 7 WARNING neutron.quota.resource_registry [None req-b0fad8f6-cc26-42e3-8bb0-296a5cb661dc - - - - - -] ikepolicy is already registered
2026-04-16 03:26:31.161 8 INFO ovsdbapp.backend.ovs_idl.vlog [None req-8007a938-301c-42cb-92c6-527d64b38ef3 - - - - - -] tcp:10.98.189.155:6641: connecting...
2026-04-16 03:26:31.161 8 INFO ovsdbapp.backend.ovs_idl.vlog [None req-8007a938-301c-42cb-92c6-527d64b38ef3 - - - - - -] tcp:10.98.189.155:6641: connected
2026-04-16 03:26:31.166 7 WARNING keystonemiddleware._common.config [None req-b0fad8f6-cc26-42e3-8bb0-296a5cb661dc - - - - - -] The option "audit_map_file" is not known to keystonemiddleware
2026-04-16 03:26:31.173 7 WARNING oslo_config.cfg [None req-b0fad8f6-cc26-42e3-8bb0-296a5cb661dc - - - - - -] Deprecated: Option "auth_uri" from group "keystone_authtoken" is deprecated. Use option "www_authenticate_uri" from group "keystone_authtoken".
2026-04-16 03:26:31.198 7 WARNING neutron.plugins.ml2.drivers.ovn.mech_driver.mech_driver [None req-b0fad8f6-cc26-42e3-8bb0-296a5cb661dc - - - - - -] uWSGI must provide a start time using the configuration parameter "start-time %t" in the configuration file
2026-04-16 03:26:31.220 7 INFO neutron.db.ovn_hash_ring_db [None req-b0fad8f6-cc26-42e3-8bb0-296a5cb661dc - - - - - -] Nodes from host "neutron-server-67d9645f59-48szr" and group "mechanism_driver" removed from the Hash Ring created at
2026-04-16 03:26:31+00:00
2026-04-16 03:26:31.224 7 INFO neutron.db.ovn_hash_ring_db [None req-b0fad8f6-cc26-42e3-8bb0-296a5cb661dc - - - - - -] Node ea0fa56a4cb15c8da529ac312e23bc1d from host "neutron-server-67d9645f59-48szr" and group "mechanism_driver" added to the Hash Ring
2026-04-16 03:26:31.233 7 INFO neutron.plugins.ml2.drivers.ovn.mech_driver.mech_driver [None req-b0fad8f6-cc26-42e3-8bb0-296a5cb661dc - - - - - -] Hash Ring probing thread for node ea0fa56a4cb15c8da529ac312e23bc1d has started
2026-04-16 03:26:31.234 7 INFO neutron.plugins.ml2.drivers.ovn.mech_driver.ovsdb.impl_idl_ovn [None req-b0fad8f6-cc26-42e3-8bb0-296a5cb661dc - - - - - -] Getting OvsdbNbOvnIdl for WorkerService with retry
2026-04-16 03:26:31.237 8 INFO neutron.plugins.ml2.drivers.ovn.mech_driver.ovsdb.impl_idl_ovn [None req-8007a938-301c-42cb-92c6-527d64b38ef3 - - - - - -] Getting OvsdbSbOvnIdl for WorkerService with retry
2026-04-16 03:26:31.256 8 INFO ovsdbapp.backend.ovs_idl.vlog [None req-8007a938-301c-42cb-92c6-527d64b38ef3 - - - - - -] tcp:10.99.153.106:6642: connecting...
2026-04-16 03:26:31.256 8 INFO ovsdbapp.backend.ovs_idl.vlog [None req-8007a938-301c-42cb-92c6-527d64b38ef3 - - - - - -] tcp:10.99.153.106:6642: connected
2026-04-16 03:26:31.270 7 INFO ovsdbapp.backend.ovs_idl.vlog [None req-b0fad8f6-cc26-42e3-8bb0-296a5cb661dc - - - - - -] tcp:10.98.189.155:6641: connecting...
2026-04-16 03:26:31.271 7 INFO ovsdbapp.backend.ovs_idl.vlog [None req-b0fad8f6-cc26-42e3-8bb0-296a5cb661dc - - - - - -] tcp:10.98.189.155:6641: connected
2026-04-16 03:26:31.286 8 INFO neutron.plugins.ml2.drivers.ovn.mech_driver.mech_driver [None req-8007a938-301c-42cb-92c6-527d64b38ef3 - - - - - -] WorkerService process has finished the post initialization
2026-04-16 03:26:31.308 8 INFO ovsdbapp.backend.ovs_idl.vlog [None req-8007a938-301c-42cb-92c6-527d64b38ef3 - - - - - -] tcp:10.98.189.155:6641: connecting...
2026-04-16 03:26:31.308 8 INFO ovsdbapp.backend.ovs_idl.vlog [None req-8007a938-301c-42cb-92c6-527d64b38ef3 - - - - - -] tcp:10.98.189.155:6641: connected
2026-04-16 03:26:31.309 7 INFO neutron.plugins.ml2.drivers.ovn.mech_driver.ovsdb.impl_idl_ovn [None req-b0fad8f6-cc26-42e3-8bb0-296a5cb661dc - - - - - -] Getting OvsdbSbOvnIdl for WorkerService with retry
2026-04-16 03:26:31.333 7 INFO ovsdbapp.backend.ovs_idl.vlog [None req-b0fad8f6-cc26-42e3-8bb0-296a5cb661dc - - - - - -] tcp:10.99.153.106:6642: connecting...
2026-04-16 03:26:31.333 7 INFO ovsdbapp.backend.ovs_idl.vlog [None req-b0fad8f6-cc26-42e3-8bb0-296a5cb661dc - - - - - -] tcp:10.99.153.106:6642: connected
2026-04-16 03:26:31.345 8 INFO ovsdbapp.backend.ovs_idl.vlog [None req-8007a938-301c-42cb-92c6-527d64b38ef3 - - - - - -] tcp:10.98.189.155:6641: connecting...
2026-04-16 03:26:31.345 8 INFO ovsdbapp.backend.ovs_idl.vlog [None req-8007a938-301c-42cb-92c6-527d64b38ef3 - - - - - -] tcp:10.98.189.155:6641: connected
2026-04-16 03:26:31.362 7 INFO neutron.plugins.ml2.drivers.ovn.mech_driver.mech_driver [None req-b0fad8f6-cc26-42e3-8bb0-296a5cb661dc - - - - - -] WorkerService process has finished the post initialization
2026-04-16 03:26:31.363 7 INFO neutron.plugins.ml2.drivers.ovn.mech_driver.ovsdb.extensions.qos [-] Starting OVNClientQosExtension
2026-04-16 03:26:31.364 7 INFO neutron.plugins.ml2.drivers.ovn.mech_driver.ovsdb.extensions.placement [-] Starting OVNClientPlacementExtension WSGI app 0 (mountpoint='') ready in 10 seconds on interpreter 0x7f00649d4668 pid: 8 (default app)
2026-04-16 03:26:31.391 7 INFO ovsdbapp.backend.ovs_idl.vlog [None req-b0fad8f6-cc26-42e3-8bb0-296a5cb661dc - - - - - -] tcp:10.98.189.155:6641: connecting...
2026-04-16 03:26:31.392 7 INFO ovsdbapp.backend.ovs_idl.vlog [None req-b0fad8f6-cc26-42e3-8bb0-296a5cb661dc - - - - - -] tcp:10.98.189.155:6641: connected
2026-04-16 03:26:31.431 7 INFO ovsdbapp.backend.ovs_idl.vlog [None req-b0fad8f6-cc26-42e3-8bb0-296a5cb661dc - - - - - -] tcp:10.98.189.155:6641: connecting...
2026-04-16 03:26:31.431 7 INFO ovsdbapp.backend.ovs_idl.vlog [None req-b0fad8f6-cc26-42e3-8bb0-296a5cb661dc - - - - - -] tcp:10.98.189.155:6641: connected WSGI app 0 (mountpoint='') ready in 10 seconds on interpreter 0x7f00649d4668 pid: 7 (default app) /var/lib/openstack/lib/python3.12/site-packages/pycadf/identifier.py:70: UserWarning: Invalid uuid: unknown. To ensure interoperability, identifiers should be a valid uuid. warnings.warn(('Invalid uuid: %s. To ensure interoperability, '
2026-04-16 03:26:33.774 8 INFO neutron.pecan_wsgi.hooks.translation [None req-a78e26eb-ccf9-446a-a920-d10c71f3b451 757bb90951fb4abe8d1c4d161fcf6313 9bb142ba12db4410bd7df8de12e51496 - - default default] GET failed (client error): The resource could not be found. [pid: 8|app: 0|req: 3/3] 199.204.45.157 () {44 vars in 927 bytes} [Thu Apr 16 03:26:32 2026] GET /v2.0/networks/public => generated 108 bytes in 818 msecs (HTTP/1.1 404) 4 headers in 164 bytes (1 switches on core 0) /var/lib/openstack/lib/python3.12/site-packages/pycadf/identifier.py:70: UserWarning: Invalid uuid: unknown. To ensure interoperability, identifiers should be a valid uuid. warnings.warn(('Invalid uuid: %s. To ensure interoperability, ' [pid: 7|app: 0|req: 1/4] 199.204.45.157 () {44 vars in 949 bytes} [Thu Apr 16 03:26:33 2026] GET /v2.0/networks?name=public => generated 15 bytes in 372 msecs (HTTP/1.1 200) 4 headers in 156 bytes (1 switches on core 0)
2026-04-16 03:26:34.489 8 INFO neutron.plugins.ml2.drivers.ovn.mech_driver.ovsdb.extensions.qos [None req-c1a8ed3e-bbd3-4602-8071-5acd23754049 757bb90951fb4abe8d1c4d161fcf6313 9bb142ba12db4410bd7df8de12e51496 - - default default] Starting OVNClientQosExtension
2026-04-16 03:26:34.489 8 INFO neutron.plugins.ml2.drivers.ovn.mech_driver.ovsdb.extensions.placement [None req-c1a8ed3e-bbd3-4602-8071-5acd23754049 757bb90951fb4abe8d1c4d161fcf6313 9bb142ba12db4410bd7df8de12e51496 - - default default] Starting OVNClientPlacementExtension
2026-04-16 03:26:34.532 8 INFO neutron.db.ovn_revision_numbers_db [None req-c1a8ed3e-bbd3-4602-8071-5acd23754049 757bb90951fb4abe8d1c4d161fcf6313 9bb142ba12db4410bd7df8de12e51496 - - default default] Successfully bumped revision number for resource bf047838-c708-4270-94f9-211a10205283 (type: security_groups) to 1
2026-04-16 03:26:34.545 8 INFO neutron.db.ovn_revision_numbers_db [None req-c1a8ed3e-bbd3-4602-8071-5acd23754049 757bb90951fb4abe8d1c4d161fcf6313 9bb142ba12db4410bd7df8de12e51496 - - default default] Successfully bumped revision number for resource 41563572-80eb-4310-ac53-6c5743664ce7 (type: security_group_rules) to 0
2026-04-16 03:26:34.556 8 INFO neutron.db.ovn_revision_numbers_db [None req-c1a8ed3e-bbd3-4602-8071-5acd23754049 757bb90951fb4abe8d1c4d161fcf6313 9bb142ba12db4410bd7df8de12e51496 - - default default] Successfully bumped revision number for resource 8766a4e0-e001-4711-a438-e37c9894355a (type: security_group_rules) to 0
2026-04-16 03:26:34.567 8 INFO neutron.db.ovn_revision_numbers_db [None req-c1a8ed3e-bbd3-4602-8071-5acd23754049 757bb90951fb4abe8d1c4d161fcf6313 9bb142ba12db4410bd7df8de12e51496 - - default default] Successfully bumped revision number for resource 9f749daa-198f-41b6-aced-e09f38346388 (type: security_group_rules) to 0
2026-04-16 03:26:34.579 8 INFO neutron.db.ovn_revision_numbers_db [None req-c1a8ed3e-bbd3-4602-8071-5acd23754049 757bb90951fb4abe8d1c4d161fcf6313 9bb142ba12db4410bd7df8de12e51496 - - default default] Successfully bumped revision number for resource c7cc8b72-7c35-489d-bd2e-db06e04614a2 (type: security_group_rules) to 0
2026-04-16 03:26:34.653 8 WARNING neutron.services.revisions.revision_plugin [None req-c1a8ed3e-bbd3-4602-8071-5acd23754049 757bb90951fb4abe8d1c4d161fcf6313 9bb142ba12db4410bd7df8de12e51496 - - default default] Could not find related network for resource to bump revision.
2026-04-16 03:26:34.675 8 INFO neutron.db.segments_db [None req-c1a8ed3e-bbd3-4602-8071-5acd23754049 757bb90951fb4abe8d1c4d161fcf6313 9bb142ba12db4410bd7df8de12e51496 - - default default] Added segment c33bb322-e445-463a-ab13-18308cc3054b of type flat for network 16b3b066-97c5-449e-ad0d-64531260e114
2026-04-16 03:26:34.788 8 INFO neutron.plugins.ml2.drivers.ovn.mech_driver.mech_driver [-] OVN reports status down for port: provnet-c33bb322-e445-463a-ab13-18308cc3054b
2026-04-16 03:26:34.794 7 INFO neutron.plugins.ml2.drivers.ovn.mech_driver.mech_driver [-] OVN reports status down for port: provnet-c33bb322-e445-463a-ab13-18308cc3054b
2026-04-16 03:26:34.849 8 INFO neutron.db.ovn_revision_numbers_db [None req-c1a8ed3e-bbd3-4602-8071-5acd23754049 757bb90951fb4abe8d1c4d161fcf6313 9bb142ba12db4410bd7df8de12e51496 - - default default] Successfully bumped revision number for resource 16b3b066-97c5-449e-ad0d-64531260e114 (type: networks) to 1
2026-04-16 03:26:35.125 8 WARNING neutron.scheduler.dhcp_agent_scheduler [None req-c1a8ed3e-bbd3-4602-8071-5acd23754049 757bb90951fb4abe8d1c4d161fcf6313 9bb142ba12db4410bd7df8de12e51496 - - default default] No more DHCP agents
2026-04-16 03:26:35.126 8 WARNING neutron.api.rpc.agentnotifiers.dhcp_rpc_agent_api [None req-c1a8ed3e-bbd3-4602-8071-5acd23754049 757bb90951fb4abe8d1c4d161fcf6313 9bb142ba12db4410bd7df8de12e51496 - - default default] Unable to schedule network 16b3b066-97c5-449e-ad0d-64531260e114: no agents available; will retry on subsequent port and subnet creation events.
2026-04-16 03:26:35.385 8 INFO neutron.plugins.ml2.drivers.ovn.mech_driver.mech_driver [None req-b911b225-0105-48bc-9940-409b569582e7 - - - - - -] OVN reports status down for port: af3440f4-3eff-4b8c-862e-67d7c7032c0b
2026-04-16 03:26:35.453 8 INFO neutron.db.ovn_revision_numbers_db [None req-c1a8ed3e-bbd3-4602-8071-5acd23754049 757bb90951fb4abe8d1c4d161fcf6313 9bb142ba12db4410bd7df8de12e51496 - - default default] Successfully bumped revision number for resource af3440f4-3eff-4b8c-862e-67d7c7032c0b (type: ports) to 1 [pid: 8|app: 0|req: 4/5] 199.204.45.157 () {48 vars in 967 bytes} [Thu Apr 16 03:26:34 2026] POST /v2.0/networks => generated 744 bytes in 1351 msecs (HTTP/1.1 201) 4 headers in 162 bytes (1 switches on core 0)
2026-04-16 03:26:36.623 8 INFO neutron.pecan_wsgi.hooks.translation [None req-24194f87-b2a9-49ce-82c9-a3faa315061c 757bb90951fb4abe8d1c4d161fcf6313 9bb142ba12db4410bd7df8de12e51496 - - default default] GET failed (client error): The resource could not be found. [pid: 8|app: 0|req: 5/7] 199.204.45.157 () {44 vars in 927 bytes} [Thu Apr 16 03:26:36 2026] GET /v2.0/networks/public => generated 108 bytes in 41 msecs (HTTP/1.1 404) 4 headers in 164 bytes (1 switches on core 0) [pid: 7|app: 0|req: 3/8] 199.204.45.157 () {44 vars in 949 bytes} [Thu Apr 16 03:26:36 2026] GET /v2.0/networks?name=public => generated 753 bytes in 221 msecs (HTTP/1.1 200) 4 headers in 157 bytes (1 switches on core 0)
2026-04-16 03:26:36.883 8 INFO neutron.pecan_wsgi.hooks.translation [None req-3f8d78d8-af62-40f6-bb45-3c6f4bee9600 757bb90951fb4abe8d1c4d161fcf6313 9bb142ba12db4410bd7df8de12e51496 - - default default] GET failed (client error): The resource could not be found. [pid: 8|app: 0|req: 6/9] 199.204.45.157 () {44 vars in 1034 bytes} [Thu Apr 16 03:26:36 2026] GET /v2.0/subnets/public-subnet?network_id=16b3b066-97c5-449e-ad0d-64531260e114 => generated 113 bytes in 25 msecs (HTTP/1.1 404) 4 headers in 164 bytes (1 switches on core 0) [pid: 7|app: 0|req: 4/10] 199.204.45.157 () {44 vars in 1057 bytes} [Thu Apr 16 03:26:36 2026] GET /v2.0/subnets?name=public-subnet&network_id=16b3b066-97c5-449e-ad0d-64531260e114 => generated 14 bytes in 19 msecs (HTTP/1.1 200) 4 headers in 156 bytes (1 switches on core 0)
2026-04-16 03:26:37.112 8 WARNING neutron.scheduler.dhcp_agent_scheduler [None req-c9d3ea62-c796-4a14-94fa-f198c3355009 757bb90951fb4abe8d1c4d161fcf6313 9bb142ba12db4410bd7df8de12e51496 - - default default] No more DHCP agents
2026-04-16 03:26:37.113 8 WARNING neutron.api.rpc.agentnotifiers.dhcp_rpc_agent_api [None req-c9d3ea62-c796-4a14-94fa-f198c3355009 757bb90951fb4abe8d1c4d161fcf6313 9bb142ba12db4410bd7df8de12e51496 - - default default] Unable to schedule network 16b3b066-97c5-449e-ad0d-64531260e114: no agents available; will retry on subsequent port and subnet creation events.
2026-04-16 03:26:37.592 8 INFO neutron.db.ovn_revision_numbers_db [None req-633be22a-8ecb-498f-b07d-6e226ed4d31c - - - - - -] Successfully bumped revision number for resource af3440f4-3eff-4b8c-862e-67d7c7032c0b (type: ports) to 2
2026-04-16 03:26:37.632 8 INFO neutron.db.ovn_revision_numbers_db [None req-633be22a-8ecb-498f-b07d-6e226ed4d31c - - - - - -] Successfully bumped revision number for resource b4942c50-2cec-46ea-9b51-0a0aec562d9e (type: subnets) to 0 [pid: 8|app: 0|req: 7/11] 199.204.45.157 () {48 vars in 965 bytes} [Thu Apr 16 03:26:36 2026] POST /v2.0/subnets => generated 664 bytes in 736 msecs (HTTP/1.1 201) 4 headers in 162 bytes (1 switches on core 0)
2026-04-16 03:31:32.652 7 INFO neutron.pecan_wsgi.hooks.translation [None req-f59142bd-a92f-44ea-838a-fdbccbb33444 757bb90951fb4abe8d1c4d161fcf6313 9bb142ba12db4410bd7df8de12e51496 - - default default] GET failed (client error): The resource could not be found. [pid: 7|app: 0|req: 23/48] 199.204.45.157 () {44 vars in 937 bytes} [Thu Apr 16 03:31:32 2026] GET /v2.0/networks/lb-mgmt-net => generated 113 bytes in 451 msecs (HTTP/1.1 404) 4 headers in 164 bytes (1 switches on core 0) [pid: 8|app: 0|req: 26/49] 199.204.45.157 () {44 vars in 959 bytes} [Thu Apr 16 03:31:32 2026] GET /v2.0/networks?name=lb-mgmt-net => generated 15 bytes in 25 msecs (HTTP/1.1 200) 4 headers in 156 bytes (1 switches on core 0)
2026-04-16 03:31:32.802 7 INFO neutron.db.segments_db [None req-fbd63849-cafa-4c36-bee8-cc9125447375 757bb90951fb4abe8d1c4d161fcf6313 9bb142ba12db4410bd7df8de12e51496 - - default default] Added segment 5f5901c8-beca-4b00-9418-2b69c0136520 of type geneve for network b4ff38a8-c12c-40b3-bb91-0a9830d834da
2026-04-16 03:31:33.002 7 INFO neutron.db.ovn_revision_numbers_db [None req-fbd63849-cafa-4c36-bee8-cc9125447375 757bb90951fb4abe8d1c4d161fcf6313 9bb142ba12db4410bd7df8de12e51496 - - default default] Successfully bumped revision number for resource b4ff38a8-c12c-40b3-bb91-0a9830d834da (type: networks) to 1
