Jun 26 22:05:45.073954 np0000183219 devstack@n-api.service[99918]: INFO nova.api.openstack.requestlog [None req-55e0f683-5176-48b4-b7f9-5932dead7196 admin admin] 199.204.45.57 "GET /compute/v2.1" status: 200 len: 392 microversion: 2.1 time: 0.005514
Jun 26 22:05:45.074320 np0000183219 devstack@n-api.service[99918]: [pid: 99918|app: 0|req: 18/73] 199.204.45.57 () {62 vars in 1056 bytes} [Fri Jun 26 22:05:45 2026] GET /compute/v2.1 => generated 392 bytes in 6 msecs (HTTP/1.1 200) 9 headers in 357 bytes (1 switches on core 0)
Jun 26 22:05:45.105621 np0000183219 devstack@n-api.service[99919]: DEBUG nova.api.openstack.wsgi [None req-8de9bff0-a1fc-4895-ab2e-e2fa44a21f6c admin admin] Calling method '>' {{(pid=99919) _process_stack /opt/stack/nova/nova/api/openstack/wsgi.py:551}}
Jun 26 22:05:45.109750 np0000183219 devstack@n-api.service[99919]: INFO nova.api.openstack.requestlog [None req-8de9bff0-a1fc-4895-ab2e-e2fa44a21f6c admin admin] 199.204.45.57 "GET /compute/v2.1/" status: 200 len: 392 microversion: 2.1 time: 0.004576
Jun 26 22:05:45.109988 np0000183219 devstack@n-api.service[99919]: [pid: 99919|app: 0|req: 19/74] 199.204.45.57 () {62 vars in 1059 bytes} [Fri Jun 26 22:05:45 2026] GET /compute/v2.1/ => generated 392 bytes in 5 msecs (HTTP/1.1 200) 9 headers in 357 bytes (1 switches on core 0)
Jun 26 22:05:45.142942 np0000183219 devstack@n-api.service[99917]: DEBUG nova.api.openstack.wsgi [None req-4cb5e685-9711-43b0-8d34-cc94846610eb demo demo] Calling method '>' {{(pid=99917) _process_stack /opt/stack/nova/nova/api/openstack/wsgi.py:551}}
Jun 26 22:05:45.162479 np0000183219 devstack@n-api.service[99917]: INFO nova.api.openstack.requestlog [None req-4cb5e685-9711-43b0-8d34-cc94846610eb demo demo] 199.204.45.57 "GET /compute/v2.1/flavors/detail?is_public=None" status: 200 len: 5240 microversion: 2.61 time: 0.022988
Jun 26 22:05:45.162758 np0000183219 devstack@n-api.service[99917]: [pid: 99917|app: 0|req: 19/75] 199.204.45.57 () {68 vars in 1417 bytes} [Fri Jun 26 22:05:45 2026] GET /compute/v2.1/flavors/detail?is_public=None => generated 5240 bytes in 24 msecs (HTTP/1.1 200) 9 headers in 360 bytes (1 switches on core 0)
Jun 26 22:05:45.208303 np0000183219 devstack@n-api.service[99916]: DEBUG nova.api.openstack.wsgi [None req-dc5490f1-4f52-43a0-b45d-40164d23707c demo demo] Calling method '>' {{(pid=99916) _process_stack /opt/stack/nova/nova/api/openstack/wsgi.py:551}}
Jun 26 22:05:45.228696 np0000183219 devstack@n-api.service[99916]: INFO nova.api.openstack.requestlog [None req-dc5490f1-4f52-43a0-b45d-40164d23707c demo demo] 199.204.45.57 "GET /compute/v2.1/flavors/detail?is_public=None" status: 200 len: 5240 microversion: 2.61 time: 0.024075
Jun 26 22:05:45.229000 np0000183219 devstack@n-api.service[99916]: [pid: 99916|app: 0|req: 20/76] 199.204.45.57 () {68 vars in 1417 bytes} [Fri Jun 26 22:05:45 2026] GET /compute/v2.1/flavors/detail?is_public=None => generated 5240 bytes in 25 msecs (HTTP/1.1 200) 9 headers in 360 bytes (1 switches on core 0)
Jun 26 22:05:48.867250 np0000183219 devstack@n-api.service[99918]: DEBUG nova.api.openstack.wsgi [None req-55e0f683-5176-48b4-b7f9-5932dead7196 admin admin] Calling method '>' {{(pid=99918) _process_stack /opt/stack/nova/nova/api/openstack/wsgi.py:551}}
Jun 26 22:05:48.873865 np0000183219 devstack@n-api.service[99918]: INFO nova.api.openstack.requestlog [None req-55e0f683-5176-48b4-b7f9-5932dead7196 admin admin] 199.204.45.57 "GET /compute/v2.1" status: 200 len: 392 microversion: 2.1 time: 0.007041
Jun 26 22:05:48.874796 np0000183219 devstack@n-api.service[99918]: [pid: 99918|app: 0|req: 19/77] 199.204.45.57 () {62 vars in 1067 bytes} [Fri Jun 26 22:05:48 2026] GET /compute/v2.1 => generated 392 bytes in 8 msecs (HTTP/1.1 200) 9 headers in 357 bytes (1 switches on core 0)
Jun 26 22:05:48.909708 np0000183219 devstack@n-api.service[99919]: DEBUG nova.api.openstack.wsgi [None req-8de9bff0-a1fc-4895-ab2e-e2fa44a21f6c admin admin] Calling method '>' {{(pid=99919) _process_stack /opt/stack/nova/nova/api/openstack/wsgi.py:551}}
Jun 26 22:05:48.915168 np0000183219 devstack@n-api.service[99919]: INFO nova.api.openstack.requestlog [None req-8de9bff0-a1fc-4895-ab2e-e2fa44a21f6c admin admin] 199.204.45.57 "GET /compute/v2.1/" status: 200 len: 392 microversion: 2.1 time: 0.005841
Jun 26 22:05:48.915521 np0000183219 devstack@n-api.service[99919]: [pid: 99919|app: 0|req: 20/78] 199.204.45.57 () {62 vars in 1070 bytes} [Fri Jun 26 22:05:48 2026] GET /compute/v2.1/ => generated 392 bytes in 7 msecs (HTTP/1.1 200) 9 headers in 357 bytes (1 switches on core 0)
Jun 26 22:05:48.951870 np0000183219 devstack@n-api.service[99917]: DEBUG nova.api.openstack.wsgi [None req-65d782ec-8102-49ab-8254-a04168496a19 demo demo] Calling method '>' {{(pid=99917) _process_stack /opt/stack/nova/nova/api/openstack/wsgi.py:551}}
Jun 26 22:05:48.974032 np0000183219 devstack@n-api.service[99917]: INFO nova.api.openstack.requestlog [None req-65d782ec-8102-49ab-8254-a04168496a19 demo demo] 199.204.45.57 "GET /compute/v2.1/os-server-groups" status: 200 len: 21 microversion: 2.64 time: 0.025478
Jun 26 22:05:48.974303 np0000183219 devstack@n-api.service[99917]: [pid: 99917|app: 0|req: 20/79] 199.204.45.57 () {68 vars in 1405 bytes} [Fri Jun 26 22:05:48 2026] GET /compute/v2.1/os-server-groups => generated 21 bytes in 26 msecs (HTTP/1.1 200) 9 headers in 358 bytes (1 switches on core 0)
Jun 26 22:05:49.014992 np0000183219 devstack@n-api.service[99916]: DEBUG nova.api.openstack.wsgi [None req-dc5490f1-4f52-43a0-b45d-40164d23707c demo demo] Calling method '>' {{(pid=99916) _process_stack /opt/stack/nova/nova/api/openstack/wsgi.py:551}}
Jun 26 22:05:49.017524 np0000183219 devstack@n-api.service[99916]: INFO nova.api.openstack.requestlog [None req-dc5490f1-4f52-43a0-b45d-40164d23707c demo demo] 199.204.45.57 "GET /compute/v2.1" status: 200 len: 392 microversion: 2.1 time: 0.002792
Jun 26 22:05:49.017709 np0000183219 devstack@n-api.service[99916]: [pid: 99916|app: 0|req: 21/80] 199.204.45.57 () {62 vars in 1067 bytes} [Fri Jun 26 22:05:49 2026] GET /compute/v2.1 => generated 392 bytes in 3 msecs (HTTP/1.1 200) 9 headers in 357 bytes (1 switches on core 0)
Jun 26 22:05:49.055137 np0000183219 devstack@n-api.service[99918]: DEBUG nova.api.openstack.wsgi [None req-55e0f683-5176-48b4-b7f9-5932dead7196 admin admin] Calling method '>' {{(pid=99918) _process_stack /opt/stack/nova/nova/api/openstack/wsgi.py:551}}
Jun 26 22:05:49.063193 np0000183219 devstack@n-api.service[99918]: INFO nova.api.openstack.requestlog [None req-55e0f683-5176-48b4-b7f9-5932dead7196 admin admin] 199.204.45.57 "GET /compute/v2.1/" status: 200 len: 392 microversion: 2.1 time: 0.008544
Jun 26 22:05:49.063417 np0000183219 devstack@n-api.service[99918]: [pid: 99918|app: 0|req: 20/81] 199.204.45.57 () {62 vars in 1070 bytes} [Fri Jun 26 22:05:49 2026] GET /compute/v2.1/ => generated 392 bytes in 9 msecs (HTTP/1.1 200) 9 headers in 357 bytes (1 switches on core 0)
Jun 26 22:05:49.106580 np0000183219 devstack@n-api.service[99919]: DEBUG nova.api.openstack.wsgi [None req-2e6ee7c4-a998-4857-bd23-5aab1dc195dc demo demo] Action: 'create', calling method: >, body: {"server_group": {"name": "kube-vjr9w", "policy": "soft-anti-affinity"}} {{(pid=99919) _process_stack /opt/stack/nova/nova/api/openstack/wsgi.py:549}}
Jun 26 22:05:49.133232 np0000183219 devstack@n-api.service[99919]: DEBUG nova.quota [None req-2e6ee7c4-a998-4857-bd23-5aab1dc195dc demo demo] Getting quotas for project 8130cc359c7840438d45e4f04394de48. Resources: {'server_groups'} {{(pid=99919) _get_quotas /opt/stack/nova/nova/quota.py:392}}
Jun 26 22:05:49.135954 np0000183219 devstack@n-api.service[99919]: DEBUG nova.quota [None req-2e6ee7c4-a998-4857-bd23-5aab1dc195dc demo demo] Getting quotas for user 41539ac615ed482998e4359e946937d7 and project 8130cc359c7840438d45e4f04394de48. Resources: {'server_groups'} {{(pid=99919) _get_quotas /opt/stack/nova/nova/quota.py:382}}
Jun 26 22:05:49.192331 np0000183219 devstack@n-api.service[99919]: DEBUG nova.quota [None req-2e6ee7c4-a998-4857-bd23-5aab1dc195dc demo demo] Getting quotas for project 8130cc359c7840438d45e4f04394de48. Resources: {'server_groups'} {{(pid=99919) _get_quotas /opt/stack/nova/nova/quota.py:392}}
Jun 26 22:05:49.194549 np0000183219 devstack@n-api.service[99919]: DEBUG nova.quota [None req-2e6ee7c4-a998-4857-bd23-5aab1dc195dc demo demo] Getting quotas for user 41539ac615ed482998e4359e946937d7 and project 8130cc359c7840438d45e4f04394de48. Resources: {'server_groups'} {{(pid=99919) _get_quotas /opt/stack/nova/nova/quota.py:382}}
Jun 26 22:05:49.201704 np0000183219 devstack@n-api.service[99919]: INFO nova.api.openstack.requestlog [None req-2e6ee7c4-a998-4857-bd23-5aab1dc195dc demo demo] 199.204.45.57 "POST /compute/v2.1/os-server-groups" status: 200 len: 243 microversion: 2.64 time: 0.099119
Jun 26 22:05:49.201985 np0000183219 devstack@n-api.service[99919]: [pid: 99919|app: 0|req: 21/82] 199.204.45.57 () {72 vars in 1445 bytes} [Fri Jun 26 22:05:49 2026] POST /compute/v2.1/os-server-groups => generated 243 bytes in 100 msecs (HTTP/1.1 200) 9 headers in 359 bytes (1 switches on core 0)
Jun 26 22:05:49.245420 np0000183219 devstack@n-api.service[99917]: DEBUG nova.api.openstack.wsgi [None req-65d782ec-8102-49ab-8254-a04168496a19 demo demo] Calling method '>' {{(pid=99917) _process_stack /opt/stack/nova/nova/api/openstack/wsgi.py:551}}
Jun 26 22:05:49.252134 np0000183219 devstack@n-api.service[99917]: INFO nova.api.openstack.requestlog [None req-65d782ec-8102-49ab-8254-a04168496a19 demo demo] 199.204.45.57 "GET /compute/v2.1" status: 200 len: 392 microversion: 2.1 time: 0.006985
Jun 26 22:05:49.252531 np0000183219 devstack@n-api.service[99917]: [pid: 99917|app: 0|req: 21/83] 199.204.45.57 () {62 vars in 1067 bytes} [Fri Jun 26 22:05:49 2026] GET /compute/v2.1 => generated 392 bytes in 8 msecs (HTTP/1.1 200) 9 headers in 357 bytes (1 switches on core 0)
Jun 26 22:05:49.288274 np0000183219 devstack@n-api.service[99916]: DEBUG nova.api.openstack.wsgi [None req-dc5490f1-4f52-43a0-b45d-40164d23707c demo demo] Calling method '>' {{(pid=99916) _process_stack /opt/stack/nova/nova/api/openstack/wsgi.py:551}}
Jun 26 22:05:49.290823 np0000183219 devstack@n-api.service[99916]: INFO nova.api.openstack.requestlog [None req-dc5490f1-4f52-43a0-b45d-40164d23707c demo demo] 199.204.45.57 "GET /compute/v2.1/" status: 200 len: 392 microversion: 2.1 time: 0.002800
Jun 26 22:05:49.291112 np0000183219 devstack@n-api.service[99916]: [pid: 99916|app: 0|req: 22/84] 199.204.45.57 () {62 vars in 1070 bytes} [Fri Jun 26 22:05:49 2026] GET /compute/v2.1/ => generated 392 bytes in 3 msecs (HTTP/1.1 200) 9 headers in 357 bytes (1 switches on core 0)
Jun 26 22:05:49.326252 np0000183219 devstack@n-api.service[99918]: DEBUG nova.api.openstack.wsgi [None req-7a7d52e8-fa66-4512-a32f-be1ce4e841d3 demo demo] Calling method '>' {{(pid=99918) _process_stack /opt/stack/nova/nova/api/openstack/wsgi.py:551}}
Jun 26 22:05:49.347894 np0000183219 devstack@n-api.service[99918]: INFO nova.api.openstack.requestlog [None req-7a7d52e8-fa66-4512-a32f-be1ce4e841d3 demo demo] 199.204.45.57 "GET /compute/v2.1/os-server-groups" status: 200 len: 246 microversion: 2.64 time: 0.025522
Jun 26 22:05:49.348130 np0000183219 devstack@n-api.service[99918]: [pid: 99918|app: 0|req: 21/85] 199.204.45.57 () {68 vars in 1405 bytes} [Fri Jun 26 22:05:49 2026] GET /compute/v2.1/os-server-groups => generated 246 bytes in 26 msecs (HTTP/1.1 200) 9 headers in 359 bytes (1 switches on core 0)
Jun 26 22:05:49.386987 np0000183219 devstack@n-api.service[99919]: DEBUG nova.api.openstack.wsgi [None req-2e6ee7c4-a998-4857-bd23-5aab1dc195dc demo demo] Calling method '>' {{(pid=99919) _process_stack /opt/stack/nova/nova/api/openstack/wsgi.py:551}}
Jun 26 22:05:49.391555 np0000183219 devstack@n-api.service[99919]: INFO nova.api.openstack.requestlog [None req-2e6ee7c4-a998-4857-bd23-5aab1dc195dc demo demo] 199.204.45.57 "GET /compute/v2.1" status: 200 len: 392 microversion: 2.1 time: 0.005247
Jun 26 22:05:49.391846 np0000183219 devstack@n-api.service[99919]: [pid: 99919|app: 0|req: 22/86] 199.204.45.57 () {62 vars in 1067 bytes} [Fri Jun 26 22:05:49 2026] GET /compute/v2.1 => generated 392 bytes in 6 msecs (HTTP/1.1 200) 9 headers in 357 bytes (1 switches on core 0)
Jun 26 22:05:49.427324 np0000183219 devstack@n-api.service[99917]: DEBUG nova.api.openstack.wsgi [None req-65d782ec-8102-49ab-8254-a04168496a19 demo demo] Calling method '>' {{(pid=99917) _process_stack /opt/stack/nova/nova/api/openstack/wsgi.py:551}}
Jun 26 22:05:49.433110 np0000183219 devstack@n-api.service[99917]: INFO nova.api.openstack.requestlog [None req-65d782ec-8102-49ab-8254-a04168496a19 demo demo] 199.204.45.57 "GET /compute/v2.1/" status: 200 len: 392 microversion: 2.1 time: 0.006173
Jun 26 22:05:49.433458 np0000183219 devstack@n-api.service[99917]: [pid: 99917|app: 0|req: 22/87] 199.204.45.57 () {62 vars in 1070 bytes} [Fri Jun 26 22:05:49 2026] GET /compute/v2.1/ => generated 392 bytes in 7 msecs (HTTP/1.1 200) 9 headers in 357 bytes (1 switches on core 0)
Jun 26 22:05:49.491128 np0000183219 devstack@n-api.service[99916]: DEBUG nova.api.openstack.wsgi [None req-66bcb4f0-964c-4399-a786-184457e45eb5 demo demo] Action: 'create', calling method: >, body: {"server_group": {"name": "kube-vjr9w-default-worker", "policy": "soft-anti-affinity"}} {{(pid=99916) _process_stack /opt/stack/nova/nova/api/openstack/wsgi.py:549}}
Jun 26 22:05:49.509821 np0000183219 devstack@n-api.service[99916]: DEBUG nova.quota [None req-66bcb4f0-964c-4399-a786-184457e45eb5 demo demo] Getting quotas for project 8130cc359c7840438d45e4f04394de48. Resources: {'server_groups'} {{(pid=99916) _get_quotas /opt/stack/nova/nova/quota.py:392}}
Jun 26 22:05:49.512931 np0000183219 devstack@n-api.service[99916]: DEBUG nova.quota [None req-66bcb4f0-964c-4399-a786-184457e45eb5 demo demo] Getting quotas for user 41539ac615ed482998e4359e946937d7 and project 8130cc359c7840438d45e4f04394de48. Resources: {'server_groups'} {{(pid=99916) _get_quotas /opt/stack/nova/nova/quota.py:382}}
Jun 26 22:05:49.559809 np0000183219 devstack@n-api.service[99916]: DEBUG nova.quota [None req-66bcb4f0-964c-4399-a786-184457e45eb5 demo demo] Getting quotas for project 8130cc359c7840438d45e4f04394de48. Resources: {'server_groups'} {{(pid=99916) _get_quotas /opt/stack/nova/nova/quota.py:392}}
Jun 26 22:05:49.562197 np0000183219 devstack@n-api.service[99916]: DEBUG nova.quota [None req-66bcb4f0-964c-4399-a786-184457e45eb5 demo demo] Getting quotas for user 41539ac615ed482998e4359e946937d7 and project 8130cc359c7840438d45e4f04394de48. Resources: {'server_groups'} {{(pid=99916) _get_quotas /opt/stack/nova/nova/quota.py:382}}
Jun 26 22:05:49.569297 np0000183219 devstack@n-api.service[99916]: INFO nova.api.openstack.requestlog [None req-66bcb4f0-964c-4399-a786-184457e45eb5 demo demo] 199.204.45.57 "POST /compute/v2.1/os-server-groups" status: 200 len: 258 microversion: 2.64 time: 0.079972
Jun 26 22:05:49.569585 np0000183219 devstack@n-api.service[99916]: [pid: 99916|app: 0|req: 23/88] 199.204.45.57 () {72 vars in 1445 bytes} [Fri Jun 26 22:05:49 2026] POST /compute/v2.1/os-server-groups => generated 258 bytes in 80 msecs (HTTP/1.1 200) 9 headers in 359 bytes (1 switches on core 0)
Jun 26 22:05:52.697648 np0000183219 devstack@n-api.service[99918]: DEBUG nova.api.openstack.wsgi [None req-7a7d52e8-fa66-4512-a32f-be1ce4e841d3 demo demo] Calling method '>' {{(pid=99918) _process_stack /opt/stack/nova/nova/api/openstack/wsgi.py:551}}
Jun 26 22:05:52.702965 np0000183219 devstack@n-api.service[99918]: INFO nova.api.openstack.requestlog [None req-7a7d52e8-fa66-4512-a32f-be1ce4e841d3 demo demo] 199.204.45.57 "GET /compute/v2.1" status: 200 len: 392 microversion: 2.1 time: 0.005613
Jun 26 22:05:52.703325 np0000183219 devstack@n-api.service[99918]: [pid: 99918|app: 0|req: 22/89] 199.204.45.57 () {62 vars in 1067 bytes} [Fri Jun 26 22:05:52 2026] GET /compute/v2.1 => generated 392 bytes in 6 msecs (HTTP/1.1 200) 9 headers in 357 bytes (1 switches on core 0)
Jun 26 22:05:52.741053 np0000183219 devstack@n-api.service[99919]: DEBUG nova.api.openstack.wsgi [None req-2e6ee7c4-a998-4857-bd23-5aab1dc195dc demo demo] Calling method '>' {{(pid=99919) _process_stack /opt/stack/nova/nova/api/openstack/wsgi.py:551}}
Jun 26 22:05:52.747160 np0000183219 devstack@n-api.service[99919]: INFO nova.api.openstack.requestlog [None req-2e6ee7c4-a998-4857-bd23-5aab1dc195dc demo demo] 199.204.45.57 "GET /compute/v2.1/" status: 200 len: 392 microversion: 2.1 time: 0.006659
Jun 26 22:05:52.747352 np0000183219 devstack@n-api.service[99919]: [pid: 99919|app: 0|req: 23/90] 199.204.45.57 () {62 vars in 1070 bytes} [Fri Jun 26 22:05:52 2026] GET /compute/v2.1/ => generated 392 bytes in 7 msecs (HTTP/1.1 200) 9 headers in 357 bytes (1 switches on core 0)
Jun 26 22:05:52.777836 np0000183219 devstack@n-api.service[99917]: DEBUG nova.api.openstack.wsgi [None req-98bcf01c-c159-4883-8a7d-e039d6492b9b demo demo] Calling method '>' {{(pid=99917) _process_stack /opt/stack/nova/nova/api/openstack/wsgi.py:551}}
Jun 26 22:05:52.798716 np0000183219 devstack@n-api.service[99917]: INFO nova.api.openstack.requestlog [None req-98bcf01c-c159-4883-8a7d-e039d6492b9b demo demo] 199.204.45.57 "GET /compute/v2.1/flavors/detail?is_public=None" status: 200 len: 5240 microversion: 2.61 time: 0.024331
Jun 26 22:05:52.799215 np0000183219 devstack@n-api.service[99917]: [pid: 99917|app: 0|req: 23/91] 199.204.45.57 () {68 vars in 1428 bytes} [Fri Jun 26 22:05:52 2026] GET /compute/v2.1/flavors/detail?is_public=None => generated 5240 bytes in 25 msecs (HTTP/1.1 200) 9 headers in 360 bytes (1 switches on core 0)
Jun 26 22:05:52.837574 np0000183219 devstack@n-api.service[99916]: DEBUG nova.api.openstack.wsgi [None req-1ca87905-9554-4409-9cf5-6501403496f7 demo demo] Calling method '>' {{(pid=99916) _process_stack /opt/stack/nova/nova/api/openstack/wsgi.py:551}}
Jun 26 22:05:52.853953 np0000183219 devstack@n-api.service[99916]: INFO nova.api.openstack.requestlog [None req-1ca87905-9554-4409-9cf5-6501403496f7 demo demo] 199.204.45.57 "GET /compute/v2.1/flavors/detail?is_public=None" status: 200 len: 5240 microversion: 2.61 time: 0.018223
Jun 26 22:05:52.854176 np0000183219 devstack@n-api.service[99916]: [pid: 99916|app: 0|req: 24/92] 199.204.45.57 () {68 vars in 1428 bytes} [Fri Jun 26 22:05:52 2026] GET /compute/v2.1/flavors/detail?is_public=None => generated 5240 bytes in 19 msecs (HTTP/1.1 200) 9 headers in 360 bytes (1 switches on core 0)
Jun 26 22:05:52.988840 np0000183219 devstack@n-api.service[99918]: DEBUG nova.api.openstack.wsgi [None req-7a7d52e8-fa66-4512-a32f-be1ce4e841d3 demo demo] Calling method '>' {{(pid=99918) _process_stack /opt/stack/nova/nova/api/openstack/wsgi.py:551}}
Jun 26 22:05:52.995233 np0000183219 devstack@n-api.service[99918]: INFO nova.api.openstack.requestlog [None req-7a7d52e8-fa66-4512-a32f-be1ce4e841d3 demo demo] 199.204.45.57 "GET /compute/v2.1" status: 200 len: 392 microversion: 2.1 time: 0.006980
Jun 26 22:05:52.995487 np0000183219 devstack@n-api.service[99918]: [pid: 99918|app: 0|req: 23/93] 199.204.45.57 () {62 vars in 1067 bytes} [Fri Jun 26 22:05:52 2026] GET /compute/v2.1 => generated 392 bytes in 8 msecs (HTTP/1.1 200) 9 headers in 357 bytes (1 switches on core 0)
Jun 26 22:05:53.024655 np0000183219 devstack@n-api.service[99919]: DEBUG nova.api.openstack.wsgi [None req-2e6ee7c4-a998-4857-bd23-5aab1dc195dc demo demo] Calling method '>' {{(pid=99919) _process_stack /opt/stack/nova/nova/api/openstack/wsgi.py:551}}
Jun 26 22:05:53.027971 np0000183219 devstack@n-api.service[99919]: INFO nova.api.openstack.requestlog [None req-2e6ee7c4-a998-4857-bd23-5aab1dc195dc demo demo] 199.204.45.57 "GET /compute/v2.1/" status: 200 len: 392 microversion: 2.1 time: 0.003540
Jun 26 22:05:53.028108 np0000183219 devstack@n-api.service[99919]: [pid: 99919|app: 0|req: 24/94] 199.204.45.57 () {62 vars in 1070 bytes} [Fri Jun 26 22:05:53 2026] GET /compute/v2.1/ => generated 392 bytes in 4 msecs (HTTP/1.1 200) 9 headers in 357 bytes (1 switches on core 0)
Jun 26 22:05:53.059783 np0000183219 devstack@n-api.service[99917]: DEBUG nova.api.openstack.wsgi [None req-e0520790-5025-4939-ab8a-9f9e94394dbc demo demo] Calling method '>' {{(pid=99917) _process_stack /opt/stack/nova/nova/api/openstack/wsgi.py:551}}
Jun 26 22:05:53.079127 np0000183219 devstack@n-api.service[99917]: INFO nova.api.openstack.requestlog [None req-e0520790-5025-4939-ab8a-9f9e94394dbc demo demo] 199.204.45.57 "GET /compute/v2.1/flavors/detail?is_public=None" status: 200 len: 5240 microversion: 2.61 time: 0.022568
Jun 26 22:05:53.079380 np0000183219 devstack@n-api.service[99917]: [pid: 99917|app: 0|req: 24/95] 199.204.45.57 () {68 vars in 1428 bytes} [Fri Jun 26 22:05:53 2026] GET /compute/v2.1/flavors/detail?is_public=None => generated 5240 bytes in 23 msecs (HTTP/1.1 200) 9 headers in 360 bytes (1 switches on core 0)
Jun 26 22:05:59.197995 np0000183219 devstack@n-api.service[99919]: DEBUG dbcounter [-] [99919] Writing DB stats nova_cell0:SELECT=4 {{(pid=99919) stat_writer /opt/stack/data/venv/lib/python3.12/site-packages/dbcounter.py:115}}
Jun 26 22:05:59.199472 np0000183219 devstack@n-api.service[99919]: DEBUG dbcounter [-] [99919] Writing DB stats nova_api:SELECT=14,nova_api:INSERT=2 {{(pid=99919) stat_writer /opt/stack/data/venv/lib/python3.12/site-packages/dbcounter.py:115}}
Jun 26 22:05:59.345605 np0000183219 devstack@n-api.service[99918]: DEBUG dbcounter [-] [99918] Writing DB stats nova_api:SELECT=2 {{(pid=99918) stat_writer /opt/stack/data/venv/lib/python3.12/site-packages/dbcounter.py:115}}
Jun 26 22:05:59.565341 np0000183219 devstack@n-api.service[99916]: DEBUG dbcounter [-] [99916] Writing DB stats nova_cell0:SELECT=4 {{(pid=99916) stat_writer /opt/stack/data/venv/lib/python3.12/site-packages/dbcounter.py:115}}
Jun 26 22:06:02.842212 np0000183219 devstack@n-api.service[99916]: DEBUG dbcounter [-] [99916] Writing DB stats nova_api:SELECT=19,nova_api:INSERT=2 {{(pid=99916) stat_writer /opt/stack/data/venv/lib/python3.12/site-packages/dbcounter.py:115}}
Jun 26 22:06:03.066216 np0000183219 devstack@n-api.service[99917]: DEBUG dbcounter [-] [99917] Writing DB stats nova_api:SELECT=8 {{(pid=99917) stat_writer /opt/stack/data/venv/lib/python3.12/site-packages/dbcounter.py:115}}
Jun 26 22:06:13.702397 np0000183219 devstack@n-api.service[99916]: DEBUG nova.api.openstack.wsgi [None req-1ca87905-9554-4409-9cf5-6501403496f7 demo demo] Calling method '>' {{(pid=99916) _process_stack /opt/stack/nova/nova/api/openstack/wsgi.py:551}}
Jun 26 22:06:13.708095 np0000183219 devstack@n-api.service[99916]: INFO nova.api.openstack.requestlog [None req-1ca87905-9554-4409-9cf5-6501403496f7 demo demo] 172.18.0.2 "GET /compute/v2.1/" status: 200 len: 392 microversion: 2.1 time: 0.006157
Jun 26 22:06:13.708456 np0000183219 devstack@n-api.service[99916]: [pid: 99916|app: 0|req: 25/96] 199.204.45.57 () {64 vars in 1266 bytes} [Fri Jun 26 22:06:13 2026] GET /compute/v2.1/ => generated 392 bytes in 7 msecs (HTTP/1.1 200) 9 headers in 357 bytes (1 switches on core 0)
Jun 26 22:06:13.718414 np0000183219 devstack@n-api.service[99918]: DEBUG nova.api.openstack.wsgi [None req-5ace4a8d-12e7-4556-8d49-df91b4917209 demo demo] Calling method '>' {{(pid=99918) _process_stack /opt/stack/nova/nova/api/openstack/wsgi.py:551}}
Jun 26 22:06:13.721835 np0000183219 devstack@n-api.service[99918]: DEBUG oslo_concurrency.lockutils [None req-5ace4a8d-12e7-4556-8d49-df91b4917209 demo demo] Acquiring lock "00000000-0000-0000-0000-000000000000" by "nova.context.set_target_cell..get_or_set_cached_cell_and_set_connections" {{(pid=99918) inner /opt/stack/data/venv/lib/python3.12/site-packages/oslo_concurrency/lockutils.py:511}}
Jun 26 22:06:13.722181 np0000183219 devstack@n-api.service[99918]: DEBUG oslo_concurrency.lockutils [None req-5ace4a8d-12e7-4556-8d49-df91b4917209 demo demo] Lock "00000000-0000-0000-0000-000000000000" acquired by "nova.context.set_target_cell..get_or_set_cached_cell_and_set_connections" :: waited 0.000s {{(pid=99918) inner /opt/stack/data/venv/lib/python3.12/site-packages/oslo_concurrency/lockutils.py:524}}
Jun 26 22:06:13.722552 np0000183219 devstack@n-api.service[99918]: DEBUG oslo_concurrency.lockutils [None req-5ace4a8d-12e7-4556-8d49-df91b4917209 demo demo] Lock "00000000-0000-0000-0000-000000000000" "released" by "nova.context.set_target_cell..get_or_set_cached_cell_and_set_connections" :: held 0.000s {{(pid=99918) inner /opt/stack/data/venv/lib/python3.12/site-packages/oslo_concurrency/lockutils.py:543}}
Jun 26 22:06:13.724358 np0000183219 devstack@n-api.service[99918]: DEBUG oslo_concurrency.lockutils [None req-5ace4a8d-12e7-4556-8d49-df91b4917209 demo demo] Acquiring lock "2c19e648-82e9-478e-b54a-6eb46219ff6a" by "nova.context.set_target_cell..get_or_set_cached_cell_and_set_connections" {{(pid=99918) inner /opt/stack/data/venv/lib/python3.12/site-packages/oslo_concurrency/lockutils.py:511}}
Jun 26 22:06:13.724859 np0000183219 devstack@n-api.service[99918]: DEBUG oslo_concurrency.lockutils [None req-5ace4a8d-12e7-4556-8d49-df91b4917209 demo demo] Lock "2c19e648-82e9-478e-b54a-6eb46219ff6a" acquired by "nova.context.set_target_cell..get_or_set_cached_cell_and_set_connections" :: waited 0.000s {{(pid=99918) inner /opt/stack/data/venv/lib/python3.12/site-packages/oslo_concurrency/lockutils.py:524}}
Jun 26 22:06:13.725224 np0000183219 devstack@n-api.service[99918]: DEBUG oslo_concurrency.lockutils [None req-5ace4a8d-12e7-4556-8d49-df91b4917209 demo demo] Lock "2c19e648-82e9-478e-b54a-6eb46219ff6a" "released" by "nova.context.set_target_cell..get_or_set_cached_cell_and_set_connections" :: held 0.000s {{(pid=99918) inner /opt/stack/data/venv/lib/python3.12/site-packages/oslo_concurrency/lockutils.py:543}}
Jun 26 22:06:13.789705 np0000183219 devstack@n-api.service[99918]: INFO nova.api.openstack.requestlog [None req-5ace4a8d-12e7-4556-8d49-df91b4917209 demo demo] 172.18.0.2 "GET /compute/v2.1/os-availability-zone" status: 200 len: 97 microversion: 2.38 time: 0.074193
Jun 26 22:06:13.790331 np0000183219 devstack@n-api.service[99918]: [pid: 99918|app: 0|req: 24/97] 199.204.45.57 () {68 vars in 1409 bytes} [Fri Jun 26 22:06:13 2026] GET /compute/v2.1/os-availability-zone => generated 97 bytes in 76 msecs (HTTP/1.1 200) 9 headers in 358 bytes (1 switches on core 0)
Jun 26 22:06:14.507170 np0000183219 devstack@n-api.service[99919]: DEBUG nova.api.openstack.wsgi [None req-2e6ee7c4-a998-4857-bd23-5aab1dc195dc demo demo] Calling method '>' {{(pid=99919) _process_stack /opt/stack/nova/nova/api/openstack/wsgi.py:551}}
Jun 26 22:06:14.512391 np0000183219 devstack@n-api.service[99919]: INFO nova.api.openstack.requestlog [None req-2e6ee7c4-a998-4857-bd23-5aab1dc195dc demo demo] 172.18.0.2 "GET /compute/v2.1/" status: 200 len: 392 microversion: 2.1 time: 0.005600
Jun 26 22:06:14.512785 np0000183219 devstack@n-api.service[99919]: [pid: 99919|app: 0|req: 25/98] 199.204.45.57 () {64 vars in 1266 bytes} [Fri Jun 26 22:06:14 2026] GET /compute/v2.1/ => generated 392 bytes in 6 msecs (HTTP/1.1 200) 9 headers in 357 bytes (1 switches on core 0)
Jun 26 22:06:14.522909 np0000183219 devstack@n-api.service[99917]: DEBUG nova.api.openstack.wsgi [None req-bb19c498-a3c0-46e5-996e-e3e3cba20f47 demo demo] Calling method '>' {{(pid=99917) _process_stack /opt/stack/nova/nova/api/openstack/wsgi.py:551}}
Jun 26 22:06:14.526156 np0000183219 devstack@n-api.service[99917]: DEBUG oslo_concurrency.lockutils [None req-bb19c498-a3c0-46e5-996e-e3e3cba20f47 demo demo] Acquiring lock "00000000-0000-0000-0000-000000000000" by "nova.context.set_target_cell..get_or_set_cached_cell_and_set_connections" {{(pid=99917) inner /opt/stack/data/venv/lib/python3.12/site-packages/oslo_concurrency/lockutils.py:511}}
Jun 26 22:06:14.526386 np0000183219 devstack@n-api.service[99917]: DEBUG oslo_concurrency.lockutils [None req-bb19c498-a3c0-46e5-996e-e3e3cba20f47 demo demo] Lock "00000000-0000-0000-0000-000000000000" acquired by "nova.context.set_target_cell..get_or_set_cached_cell_and_set_connections" :: waited 0.000s {{(pid=99917) inner /opt/stack/data/venv/lib/python3.12/site-packages/oslo_concurrency/lockutils.py:524}}
Jun 26 22:06:14.526564 np0000183219 devstack@n-api.service[99917]: DEBUG oslo_concurrency.lockutils [None req-bb19c498-a3c0-46e5-996e-e3e3cba20f47 demo demo] Lock "00000000-0000-0000-0000-000000000000" "released" by "nova.context.set_target_cell..get_or_set_cached_cell_and_set_connections" :: held 0.000s {{(pid=99917) inner /opt/stack/data/venv/lib/python3.12/site-packages/oslo_concurrency/lockutils.py:543}}
Jun 26 22:06:14.527612 np0000183219 devstack@n-api.service[99917]: DEBUG oslo_concurrency.lockutils [None req-bb19c498-a3c0-46e5-996e-e3e3cba20f47 demo demo] Acquiring lock "2c19e648-82e9-478e-b54a-6eb46219ff6a" by "nova.context.set_target_cell..get_or_set_cached_cell_and_set_connections" {{(pid=99917) inner /opt/stack/data/venv/lib/python3.12/site-packages/oslo_concurrency/lockutils.py:511}}
Jun 26 22:06:14.527832 np0000183219 devstack@n-api.service[99917]: DEBUG oslo_concurrency.lockutils [None req-bb19c498-a3c0-46e5-996e-e3e3cba20f47 demo demo] Lock "2c19e648-82e9-478e-b54a-6eb46219ff6a" acquired by "nova.context.set_target_cell..get_or_set_cached_cell_and_set_connections" :: waited 0.000s {{(pid=99917) inner /opt/stack/data/venv/lib/python3.12/site-packages/oslo_concurrency/lockutils.py:524}}
Jun 26 22:06:14.528010 np0000183219 devstack@n-api.service[99917]: DEBUG oslo_concurrency.lockutils [None req-bb19c498-a3c0-46e5-996e-e3e3cba20f47 demo demo] Lock "2c19e648-82e9-478e-b54a-6eb46219ff6a" "released" by "nova.context.set_target_cell..get_or_set_cached_cell_and_set_connections" :: held 0.000s {{(pid=99917) inner /opt/stack/data/venv/lib/python3.12/site-packages/oslo_concurrency/lockutils.py:543}}
Jun 26 22:06:14.631689 np0000183219 devstack@n-api.service[99917]: INFO nova.api.openstack.requestlog [None req-bb19c498-a3c0-46e5-996e-e3e3cba20f47 demo demo] 172.18.0.2 "GET /compute/v2.1/os-availability-zone" status: 200 len: 97 microversion: 2.38 time: 0.112121
Jun 26 22:06:14.632028 np0000183219 devstack@n-api.service[99917]: [pid: 99917|app: 0|req: 25/99] 199.204.45.57 () {68 vars in 1409 bytes} [Fri Jun 26 22:06:14 2026] GET /compute/v2.1/os-availability-zone => generated 97 bytes in 113 msecs (HTTP/1.1 200) 9 headers in 358 bytes (1 switches on core 0)
Jun 26 22:06:15.219921 np0000183219 devstack@n-api.service[99916]: DEBUG nova.api.openstack.wsgi [None req-1ca87905-9554-4409-9cf5-6501403496f7 demo demo] Calling method '>' {{(pid=99916) _process_stack /opt/stack/nova/nova/api/openstack/wsgi.py:551}}
Jun 26 22:06:15.224606 np0000183219 devstack@n-api.service[99916]: INFO nova.api.openstack.requestlog [None req-1ca87905-9554-4409-9cf5-6501403496f7 demo demo] 172.18.0.2 "GET /compute/v2.1/" status: 200 len: 392 microversion: 2.1 time: 0.005244
Jun 26 22:06:15.225189 np0000183219 devstack@n-api.service[99916]: [pid: 99916|app: 0|req: 26/100] 199.204.45.57 () {64 vars in 1266 bytes} [Fri Jun 26 22:06:15 2026] GET /compute/v2.1/ => generated 392 bytes in 6 msecs (HTTP/1.1 200) 9 headers in 357 bytes (1 switches on core 0)
Jun 26 22:06:15.240405 np0000183219 devstack@n-api.service[99918]: DEBUG nova.api.openstack.wsgi [None req-d8e2430a-f7dd-474e-8be6-24025fc8fec8 demo demo] Calling method '>' {{(pid=99918) _process_stack /opt/stack/nova/nova/api/openstack/wsgi.py:551}}
Jun 26 22:06:15.244514 np0000183219 devstack@n-api.service[99918]: DEBUG oslo_concurrency.lockutils [None req-d8e2430a-f7dd-474e-8be6-24025fc8fec8 demo demo] Acquiring lock "00000000-0000-0000-0000-000000000000" by "nova.context.set_target_cell..get_or_set_cached_cell_and_set_connections" {{(pid=99918) inner /opt/stack/data/venv/lib/python3.12/site-packages/oslo_concurrency/lockutils.py:511}}
Jun 26 22:06:15.244514 np0000183219 devstack@n-api.service[99918]: DEBUG oslo_concurrency.lockutils [None req-d8e2430a-f7dd-474e-8be6-24025fc8fec8 demo demo] Lock "00000000-0000-0000-0000-000000000000" acquired by "nova.context.set_target_cell..get_or_set_cached_cell_and_set_connections" :: waited 0.000s {{(pid=99918) inner /opt/stack/data/venv/lib/python3.12/site-packages/oslo_concurrency/lockutils.py:524}}
Jun 26 22:06:15.244514 np0000183219 devstack@n-api.service[99918]: DEBUG oslo_concurrency.lockutils [None req-d8e2430a-f7dd-474e-8be6-24025fc8fec8 demo demo] Lock "00000000-0000-0000-0000-000000000000" "released" by "nova.context.set_target_cell..get_or_set_cached_cell_and_set_connections" :: held 0.000s {{(pid=99918) inner /opt/stack/data/venv/lib/python3.12/site-packages/oslo_concurrency/lockutils.py:543}}
Jun 26 22:06:15.246061 np0000183219 devstack@n-api.service[99918]: DEBUG oslo_concurrency.lockutils [None req-d8e2430a-f7dd-474e-8be6-24025fc8fec8 demo demo] Acquiring lock "2c19e648-82e9-478e-b54a-6eb46219ff6a" by "nova.context.set_target_cell..get_or_set_cached_cell_and_set_connections" {{(pid=99918) inner /opt/stack/data/venv/lib/python3.12/site-packages/oslo_concurrency/lockutils.py:511}}
Jun 26 22:06:15.246199 np0000183219 devstack@n-api.service[99918]: DEBUG oslo_concurrency.lockutils [None req-d8e2430a-f7dd-474e-8be6-24025fc8fec8 demo demo] Lock "2c19e648-82e9-478e-b54a-6eb46219ff6a" acquired by "nova.context.set_target_cell..get_or_set_cached_cell_and_set_connections" :: waited 0.000s {{(pid=99918) inner /opt/stack/data/venv/lib/python3.12/site-packages/oslo_concurrency/lockutils.py:524}}
Jun 26 22:06:15.246306 np0000183219 devstack@n-api.service[99918]: DEBUG oslo_concurrency.lockutils [None req-d8e2430a-f7dd-474e-8be6-24025fc8fec8 demo demo] Lock "2c19e648-82e9-478e-b54a-6eb46219ff6a" "released" by "nova.context.set_target_cell..get_or_set_cached_cell_and_set_connections" :: held 0.000s {{(pid=99918) inner /opt/stack/data/venv/lib/python3.12/site-packages/oslo_concurrency/lockutils.py:543}}
Jun 26 22:06:15.268528 np0000183219 devstack@n-api.service[99918]: INFO nova.api.openstack.requestlog [None req-d8e2430a-f7dd-474e-8be6-24025fc8fec8 demo demo] 172.18.0.2 "GET /compute/v2.1/os-availability-zone" status: 200 len: 97 microversion: 2.38 time: 0.033285
Jun 26 22:06:15.269185 np0000183219 devstack@n-api.service[99918]: [pid: 99918|app: 0|req: 25/101] 199.204.45.57 () {68 vars in 1409 bytes} [Fri Jun 26 22:06:15 2026] GET /compute/v2.1/os-availability-zone => generated 97 bytes in 34 msecs (HTTP/1.1 200) 9 headers in 358 bytes (1 switches on core 0)
Jun 26 22:06:15.784837 np0000183219 devstack@n-api.service[99919]: DEBUG nova.api.openstack.wsgi [None req-2e6ee7c4-a998-4857-bd23-5aab1dc195dc demo demo] Calling method '>' {{(pid=99919) _process_stack /opt/stack/nova/nova/api/openstack/wsgi.py:551}}
Jun 26 22:06:15.790657 np0000183219 devstack@n-api.service[99919]: INFO nova.api.openstack.requestlog [None req-2e6ee7c4-a998-4857-bd23-5aab1dc195dc demo demo] 172.18.0.2 "GET /compute/v2.1/" status: 200 len: 392 microversion: 2.1 time: 0.006181
Jun 26 22:06:15.791267 np0000183219 devstack@n-api.service[99919]: [pid: 99919|app: 0|req: 26/102] 199.204.45.57 () {64 vars in 1266 bytes} [Fri Jun 26 22:06:15 2026] GET /compute/v2.1/ => generated 392 bytes in 7 msecs (HTTP/1.1 200) 9 headers in 357 bytes (1 switches on core 0)
Jun 26 22:06:15.801071 np0000183219 devstack@n-api.service[99917]: DEBUG nova.api.openstack.wsgi [None req-e9081970-4067-4f32-a090-602d38a09a65 demo demo] Calling method '>' {{(pid=99917) _process_stack /opt/stack/nova/nova/api/openstack/wsgi.py:551}}
Jun 26 22:06:15.804458 np0000183219 devstack@n-api.service[99917]: DEBUG oslo_concurrency.lockutils [None req-e9081970-4067-4f32-a090-602d38a09a65 demo demo] Acquiring lock "00000000-0000-0000-0000-000000000000" by "nova.context.set_target_cell..get_or_set_cached_cell_and_set_connections" {{(pid=99917) inner /opt/stack/data/venv/lib/python3.12/site-packages/oslo_concurrency/lockutils.py:511}}
Jun 26 22:06:15.804827 np0000183219 devstack@n-api.service[99917]: DEBUG oslo_concurrency.lockutils [None req-e9081970-4067-4f32-a090-602d38a09a65 demo demo] Lock "00000000-0000-0000-0000-000000000000" acquired by "nova.context.set_target_cell..get_or_set_cached_cell_and_set_connections" :: waited 0.000s {{(pid=99917) inner /opt/stack/data/venv/lib/python3.12/site-packages/oslo_concurrency/lockutils.py:524}}
Jun 26 22:06:15.805092 np0000183219 devstack@n-api.service[99917]: DEBUG oslo_concurrency.lockutils [None req-e9081970-4067-4f32-a090-602d38a09a65 demo demo] Lock "00000000-0000-0000-0000-000000000000" "released" by "nova.context.set_target_cell..get_or_set_cached_cell_and_set_connections" :: held 0.000s {{(pid=99917) inner /opt/stack/data/venv/lib/python3.12/site-packages/oslo_concurrency/lockutils.py:543}}
Jun 26 22:06:15.806121 np0000183219 devstack@n-api.service[99917]: DEBUG oslo_concurrency.lockutils [None req-e9081970-4067-4f32-a090-602d38a09a65 demo demo] Acquiring lock "2c19e648-82e9-478e-b54a-6eb46219ff6a" by "nova.context.set_target_cell..get_or_set_cached_cell_and_set_connections" {{(pid=99917) inner /opt/stack/data/venv/lib/python3.12/site-packages/oslo_concurrency/lockutils.py:511}}
Jun 26 22:06:15.806238 np0000183219 devstack@n-api.service[99917]: DEBUG oslo_concurrency.lockutils [None req-e9081970-4067-4f32-a090-602d38a09a65 demo demo] Lock "2c19e648-82e9-478e-b54a-6eb46219ff6a" acquired by "nova.context.set_target_cell..get_or_set_cached_cell_and_set_connections" :: waited 0.000s {{(pid=99917) inner /opt/stack/data/venv/lib/python3.12/site-packages/oslo_concurrency/lockutils.py:524}}
Jun 26 22:06:15.806376 np0000183219 devstack@n-api.service[99917]: DEBUG oslo_concurrency.lockutils [None req-e9081970-4067-4f32-a090-602d38a09a65 demo demo] Lock "2c19e648-82e9-478e-b54a-6eb46219ff6a" "released" by "nova.context.set_target_cell..get_or_set_cached_cell_and_set_connections" :: held 0.000s {{(pid=99917) inner /opt/stack/data/venv/lib/python3.12/site-packages/oslo_concurrency/lockutils.py:543}}
Jun 26 22:06:15.832896 np0000183219 devstack@n-api.service[99917]: INFO nova.api.openstack.requestlog [None req-e9081970-4067-4f32-a090-602d38a09a65 demo demo] 172.18.0.2 "GET /compute/v2.1/os-availability-zone" status: 200 len: 97 microversion: 2.38 time: 0.034883
Jun 26 22:06:15.833502 np0000183219 devstack@n-api.service[99917]: [pid: 99917|app: 0|req: 26/103] 199.204.45.57 () {68 vars in 1409 bytes} [Fri Jun 26 22:06:15 2026] GET /compute/v2.1/os-availability-zone => generated 97 bytes in 36 msecs (HTTP/1.1 200) 9 headers in 358 bytes (1 switches on core 0)
Jun 26 22:06:20.418169 np0000183219 devstack@n-api.service[99916]: DEBUG nova.api.openstack.wsgi [None req-1ca87905-9554-4409-9cf5-6501403496f7 demo demo] Calling method '>' {{(pid=99916) _process_stack /opt/stack/nova/nova/api/openstack/wsgi.py:551}}
Jun 26 22:06:20.424735 np0000183219 devstack@n-api.service[99916]: INFO nova.api.openstack.requestlog [None req-1ca87905-9554-4409-9cf5-6501403496f7 demo demo] 172.18.0.2 "GET /compute/v2.1/" status: 200 len: 392 microversion: 2.1 time: 0.006958
Jun 26 22:06:20.425125 np0000183219 devstack@n-api.service[99916]: [pid: 99916|app: 0|req: 27/104] 199.204.45.57 () {64 vars in 1266 bytes} [Fri Jun 26 22:06:20 2026] GET /compute/v2.1/ => generated 392 bytes in 8 msecs (HTTP/1.1 200) 9 headers in 357 bytes (1 switches on core 0)
Jun 26 22:06:20.435046 np0000183219 devstack@n-api.service[99918]: DEBUG nova.api.openstack.wsgi [None req-a25d70c3-3860-4dcd-be8f-f2cadcea9069 demo demo] Calling method '>' {{(pid=99918) _process_stack /opt/stack/nova/nova/api/openstack/wsgi.py:551}}
Jun 26 22:06:20.460506 np0000183219 devstack@n-api.service[99918]: INFO nova.api.openstack.requestlog [None req-a25d70c3-3860-4dcd-be8f-f2cadcea9069 demo demo] 172.18.0.2 "GET /compute/v2.1/flavors/detail" status: 200 len: 4000 microversion: 2.38 time: 0.029172
Jun 26 22:06:20.460896 np0000183219 devstack@n-api.service[99918]: [pid: 99918|app: 0|req: 26/105] 199.204.45.57 () {68 vars in 1391 bytes} [Fri Jun 26 22:06:20 2026] GET /compute/v2.1/flavors/detail => generated 4000 bytes in 30 msecs (HTTP/1.1 200) 9 headers in 360 bytes (1 switches on core 0)
Jun 26 22:06:21.098842 np0000183219 devstack@n-api.service[99919]: DEBUG nova.api.openstack.wsgi [None req-2e6ee7c4-a998-4857-bd23-5aab1dc195dc demo demo] Calling method '>' {{(pid=99919) _process_stack /opt/stack/nova/nova/api/openstack/wsgi.py:551}}
Jun 26 22:06:21.102688 np0000183219 devstack@n-api.service[99919]: INFO nova.api.openstack.requestlog [None req-2e6ee7c4-a998-4857-bd23-5aab1dc195dc demo demo] 172.18.0.2 "GET /compute/v2.1/" status: 200 len: 392 microversion: 2.1 time: 0.004135
Jun 26 22:06:21.102935 np0000183219 devstack@n-api.service[99919]: [pid: 99919|app: 0|req: 27/106] 199.204.45.57 () {64 vars in 1266 bytes} [Fri Jun 26 22:06:21 2026] GET /compute/v2.1/ => generated 392 bytes in 5 msecs (HTTP/1.1 200) 9 headers in 357 bytes (1 switches on core 0)
Jun 26 22:06:21.114564 np0000183219 devstack@n-api.service[99917]: DEBUG nova.api.openstack.wsgi [None req-864a1e3d-663e-4a03-a428-d479c2bea3a9 demo demo] Calling method '>' {{(pid=99917) _process_stack /opt/stack/nova/nova/api/openstack/wsgi.py:551}}
Jun 26 22:06:21.117394 np0000183219 devstack@n-api.service[99917]: DEBUG nova.policy [None req-864a1e3d-663e-4a03-a428-d479c2bea3a9 demo demo] Policy check for os_compute_api:servers:allow_all_filters failed with credentials {'is_admin': False, 'user_id': '41539ac615ed482998e4359e946937d7', 'user_domain_id': 'default', 'system_scope': None, 'domain_id': None, 'project_id': '8130cc359c7840438d45e4f04394de48', 'project_domain_id': 'default', 'roles': ['anotherrole', 'reader', 'load-balancer_member', 'member'], 'is_admin_project': True, 'service_user_id': None, 'service_user_domain_id': None, 'service_project_id': None, 'service_project_domain_id': None, 'service_roles': []} {{(pid=99917) authorize /opt/stack/nova/nova/policy.py:192}}
Jun 26 22:06:21.117730 np0000183219 devstack@n-api.service[99917]: DEBUG nova.compute.api [None req-864a1e3d-663e-4a03-a428-d479c2bea3a9 demo demo] Searching by: {'name': '^kube-vjr9w-bvrcb-9cdnz$', 'deleted': False, 'project_id': '8130cc359c7840438d45e4f04394de48'} {{(pid=99917) get_all /opt/stack/nova/nova/compute/api.py:3111}}
Jun 26 22:06:21.122962 np0000183219 devstack@n-api.service[99917]: DEBUG oslo_concurrency.lockutils [None req-864a1e3d-663e-4a03-a428-d479c2bea3a9 demo demo] Acquiring lock "00000000-0000-0000-0000-000000000000" by "nova.context.set_target_cell..get_or_set_cached_cell_and_set_connections" {{(pid=99917) inner /opt/stack/data/venv/lib/python3.12/site-packages/oslo_concurrency/lockutils.py:511}}
Jun 26 22:06:21.123096 np0000183219 devstack@n-api.service[99917]: DEBUG oslo_concurrency.lockutils [None req-864a1e3d-663e-4a03-a428-d479c2bea3a9 demo demo] Lock "00000000-0000-0000-0000-000000000000" acquired by "nova.context.set_target_cell..get_or_set_cached_cell_and_set_connections" :: waited 0.000s {{(pid=99917) inner /opt/stack/data/venv/lib/python3.12/site-packages/oslo_concurrency/lockutils.py:524}}
Jun 26 22:06:21.123316 np0000183219 devstack@n-api.service[99917]: DEBUG oslo_concurrency.lockutils [None req-864a1e3d-663e-4a03-a428-d479c2bea3a9 demo demo] Lock "00000000-0000-0000-0000-000000000000" "released" by "nova.context.set_target_cell..get_or_set_cached_cell_and_set_connections" :: held 0.000s {{(pid=99917) inner /opt/stack/data/venv/lib/python3.12/site-packages/oslo_concurrency/lockutils.py:543}}
Jun 26 22:06:21.123654 np0000183219 devstack@n-api.service[99917]: DEBUG oslo_concurrency.lockutils [None req-864a1e3d-663e-4a03-a428-d479c2bea3a9 demo demo] Acquiring lock "2c19e648-82e9-478e-b54a-6eb46219ff6a" by "nova.context.set_target_cell..get_or_set_cached_cell_and_set_connections" {{(pid=99917) inner /opt/stack/data/venv/lib/python3.12/site-packages/oslo_concurrency/lockutils.py:511}}
Jun 26 22:06:21.124047 np0000183219 devstack@n-api.service[99917]: DEBUG oslo_concurrency.lockutils [None req-864a1e3d-663e-4a03-a428-d479c2bea3a9 demo demo] Lock "2c19e648-82e9-478e-b54a-6eb46219ff6a" acquired by "nova.context.set_target_cell..get_or_set_cached_cell_and_set_connections" :: waited 0.000s {{(pid=99917) inner /opt/stack/data/venv/lib/python3.12/site-packages/oslo_concurrency/lockutils.py:524}}
Jun 26 22:06:21.124252 np0000183219 devstack@n-api.service[99917]: DEBUG oslo_concurrency.lockutils [None req-864a1e3d-663e-4a03-a428-d479c2bea3a9 demo demo] Lock "2c19e648-82e9-478e-b54a-6eb46219ff6a" "released" by "nova.context.set_target_cell..get_or_set_cached_cell_and_set_connections" :: held 0.000s {{(pid=99917) inner /opt/stack/data/venv/lib/python3.12/site-packages/oslo_concurrency/lockutils.py:543}}
Jun 26 22:06:21.195408 np0000183219 devstack@n-api.service[99917]: DEBUG oslo_concurrency.lockutils [None req-864a1e3d-663e-4a03-a428-d479c2bea3a9 demo demo] Acquiring lock "00000000-0000-0000-0000-000000000000" by "nova.context.set_target_cell..get_or_set_cached_cell_and_set_connections" {{(pid=99917) inner /opt/stack/data/venv/lib/python3.12/site-packages/oslo_concurrency/lockutils.py:511}}
Jun 26 22:06:21.195993 np0000183219 devstack@n-api.service[99917]: DEBUG oslo_concurrency.lockutils [None req-864a1e3d-663e-4a03-a428-d479c2bea3a9 demo demo] Lock "00000000-0000-0000-0000-000000000000" acquired by "nova.context.set_target_cell..get_or_set_cached_cell_and_set_connections" :: waited 0.001s {{(pid=99917) inner /opt/stack/data/venv/lib/python3.12/site-packages/oslo_concurrency/lockutils.py:524}}
Jun 26 22:06:21.196647 np0000183219 devstack@n-api.service[99917]: DEBUG oslo_concurrency.lockutils [None req-864a1e3d-663e-4a03-a428-d479c2bea3a9 demo demo] Lock "00000000-0000-0000-0000-000000000000" "released" by "nova.context.set_target_cell..get_or_set_cached_cell_and_set_connections" :: held 0.001s {{(pid=99917) inner /opt/stack/data/venv/lib/python3.12/site-packages/oslo_concurrency/lockutils.py:543}}
Jun 26 22:06:21.197279 np0000183219 devstack@n-api.service[99917]: DEBUG oslo_concurrency.lockutils [None req-864a1e3d-663e-4a03-a428-d479c2bea3a9 demo demo] Acquiring lock "2c19e648-82e9-478e-b54a-6eb46219ff6a" by "nova.context.set_target_cell..get_or_set_cached_cell_and_set_connections" {{(pid=99917) inner /opt/stack/data/venv/lib/python3.12/site-packages/oslo_concurrency/lockutils.py:511}}
Jun 26 22:06:21.197555 np0000183219 devstack@n-api.service[99917]: DEBUG oslo_concurrency.lockutils [None req-864a1e3d-663e-4a03-a428-d479c2bea3a9 demo demo] Lock "2c19e648-82e9-478e-b54a-6eb46219ff6a" acquired by "nova.context.set_target_cell..get_or_set_cached_cell_and_set_connections" :: waited 0.000s {{(pid=99917) inner /opt/stack/data/venv/lib/python3.12/site-packages/oslo_concurrency/lockutils.py:524}}
Jun 26 22:06:21.197836 np0000183219 devstack@n-api.service[99917]: DEBUG oslo_concurrency.lockutils [None req-864a1e3d-663e-4a03-a428-d479c2bea3a9 demo demo] Lock "2c19e648-82e9-478e-b54a-6eb46219ff6a" "released" by "nova.context.set_target_cell..get_or_set_cached_cell_and_set_connections" :: held 0.000s {{(pid=99917) inner /opt/stack/data/venv/lib/python3.12/site-packages/oslo_concurrency/lockutils.py:543}}
Jun 26 22:06:21.202963 np0000183219 devstack@n-api.service[99917]: DEBUG nova.policy [None req-864a1e3d-663e-4a03-a428-d479c2bea3a9 demo demo] Policy check for os_compute_api:os-extended-server-attributes failed with credentials {'is_admin': False, 'user_id': '41539ac615ed482998e4359e946937d7', 'user_domain_id': 'default', 'system_scope': None, 'domain_id': None, 'project_id': '8130cc359c7840438d45e4f04394de48', 'project_domain_id': 'default', 'roles': ['anotherrole', 'reader', 'load-balancer_member', 'member'], 'is_admin_project': True, 'service_user_id': None, 'service_user_domain_id': None, 'service_project_id': None, 'service_project_domain_id': None, 'service_roles': []} {{(pid=99917) authorize /opt/stack/nova/nova/policy.py:192}}
Jun 26 22:06:21.208684 np0000183219 devstack@n-api.service[99917]: DEBUG nova.policy [None req-864a1e3d-663e-4a03-a428-d479c2bea3a9 demo demo] Policy check for os_compute_api:servers:show:host_status failed with credentials {'is_admin': False, 'user_id': '41539ac615ed482998e4359e946937d7', 'user_domain_id': 'default', 'system_scope': None, 'domain_id': None, 'project_id': '8130cc359c7840438d45e4f04394de48', 'project_domain_id': 'default', 'roles': ['anotherrole', 'reader', 'load-balancer_member', 'member'], 'is_admin_project': True, 'service_user_id': None, 'service_user_domain_id': None, 'service_project_id': None, 'service_project_domain_id': None, 'service_roles': []} {{(pid=99917) authorize /opt/stack/nova/nova/policy.py:192}}
Jun 26 22:06:21.208684 np0000183219 devstack@n-api.service[99917]: DEBUG nova.policy [None req-864a1e3d-663e-4a03-a428-d479c2bea3a9 demo demo] Policy check for os_compute_api:servers:show:host_status:unknown-only failed with credentials {'is_admin': False, 'user_id': '41539ac615ed482998e4359e946937d7', 'user_domain_id': 'default', 'system_scope': None, 'domain_id': None, 'project_id': '8130cc359c7840438d45e4f04394de48', 'project_domain_id': 'default', 'roles': ['anotherrole', 'reader', 'load-balancer_member', 'member'], 'is_admin_project': True, 'service_user_id': None, 'service_user_domain_id': None, 'service_project_id': None, 'service_project_domain_id': None, 'service_roles': []} {{(pid=99917) authorize /opt/stack/nova/nova/policy.py:192}}
Jun 26 22:06:21.209042 np0000183219 devstack@n-api.service[99917]: INFO nova.api.openstack.requestlog [None req-864a1e3d-663e-4a03-a428-d479c2bea3a9 demo demo] 172.18.0.2 "GET /compute/v2.1/servers/detail?name=%5Ekube-vjr9w-bvrcb-9cdnz%24" status: 200 len: 15 microversion: 2.38 time: 0.098461
Jun 26 22:06:21.209187 np0000183219 devstack@n-api.service[99917]: [pid: 99917|app: 0|req: 27/107] 199.204.45.57 () {68 vars in 1458 bytes} [Fri Jun 26 22:06:21 2026] GET /compute/v2.1/servers/detail?name=%5Ekube-vjr9w-bvrcb-9cdnz%24 => generated 15 bytes in 99 msecs (HTTP/1.1 200) 9 headers in 358 bytes (1 switches on core 0)
