Feb 17 20:36:54.981477 np0000156161 devstack@neutron-api.service[103507]: DEBUG neutron.api.extensions [None req-d4f2efc8-c570-404a-a8ad-1d974892c783 None None] Loading extension file: fip_pf_description.py {{(pid=103507) _load_all_extensions_from_path /opt/stack/neutron/neutron/api/extensions.py:449}}
Feb 17 20:36:54.981515 np0000156161 devstack@neutron-api.service[103504]: DEBUG neutron_lib.callbacks.manager [None req-ed3f4eb4-8fef-4797-b4ce-6f1b7446fda8 None None] Subscribe: > port precommit_delete 55550000, False {{(pid=103504) subscribe /opt/stack/data/venv/lib/python3.12/site-packages/neutron_lib/callbacks/manager.py:52}}
Feb 17 20:36:54.981562 np0000156161 devstack@neutron-api.service[103506]: DEBUG neutron.api.extensions [None req-f38e2821-2581-4de5-bc0c-5615c7c137e6 None None] Ext name="DNS domain names with keywords allowed" alias="dns-integration-domain-keywords" description="Allows to use keywords like , , and as DNS domain name" updated="2020-06-15T18:00:00-00:00" {{(pid=103506) _check_extension /opt/stack/neutron/neutron/api/extensions.py:415}}
Feb 17 20:36:54.981606 np0000156161 devstack@neutron-api.service[103504]: DEBUG neutron_lib.callbacks.manager [None req-ed3f4eb4-8fef-4797-b4ce-6f1b7446fda8 None None] Subscribe: port before_update 55550000, False {{(pid=103504) subscribe /opt/stack/data/venv/lib/python3.12/site-packages/neutron_lib/callbacks/manager.py:52}}
Feb 17 20:36:54.981606 np0000156161 devstack@neutron-api.service[103504]: DEBUG neutron_lib.callbacks.manager [None req-ed3f4eb4-8fef-4797-b4ce-6f1b7446fda8 None None] Subscribe: port before_delete 55550000, False {{(pid=103504) subscribe /opt/stack/data/venv/lib/python3.12/site-packages/neutron_lib/callbacks/manager.py:52}}
Feb 17 20:36:54.981728 np0000156161 devstack@neutron-api.service[103507]: DEBUG neutron.api.extensions [None req-d4f2efc8-c570-404a-a8ad-1d974892c783 None None] Ext name="Floating IP Port Forwarding new attribute description" alias="floating-ip-port-forwarding-description" description="Add a description field to Port Forwarding rules" updated="2019-11-01T10:00:00-00:00" {{(pid=103507) _check_extension /opt/stack/neutron/neutron/api/extensions.py:415}}
Feb 17 20:36:54.981806 np0000156161 devstack@neutron-api.service[103506]: INFO neutron.api.extensions [None req-f38e2821-2581-4de5-bc0c-5615c7c137e6 None None] Loaded extension: dns-integration-domain-keywords
Feb 17 20:36:54.981854 np0000156161 devstack@neutron-api.service[103504]: DEBUG neutron_lib.callbacks.manager [None req-ed3f4eb4-8fef-4797-b4ce-6f1b7446fda8 None None] Subscribe: > router precommit_create 55550000, False {{(pid=103504) subscribe /opt/stack/data/venv/lib/python3.12/site-packages/neutron_lib/callbacks/manager.py:52}}
Feb 17 20:36:54.981894 np0000156161 devstack@neutron-api.service[103506]: DEBUG neutron.api.extensions [None req-f38e2821-2581-4de5-bc0c-5615c7c137e6 None None] Loading extension file: dvr.py {{(pid=103506) _load_all_extensions_from_path /opt/stack/neutron/neutron/api/extensions.py:449}}
Feb 17 20:36:54.981971 np0000156161 devstack@neutron-api.service[103504]: DEBUG neutron_lib.callbacks.manager [None req-ed3f4eb4-8fef-4797-b4ce-6f1b7446fda8 None None] Subscribe: > router precommit_create 55550000, False {{(pid=103504) subscribe /opt/stack/data/venv/lib/python3.12/site-packages/neutron_lib/callbacks/manager.py:52}}
Feb 17 20:36:54.982012 np0000156161 devstack@neutron-api.service[103507]: INFO neutron.api.extensions [None req-d4f2efc8-c570-404a-a8ad-1d974892c783 None None] Extension floating-ip-port-forwarding-description not supported by any of loaded plugins
Feb 17 20:36:54.982049 np0000156161 devstack@neutron-api.service[103504]: DEBUG neutron_lib.callbacks.manager [None req-ed3f4eb4-8fef-4797-b4ce-6f1b7446fda8 None None] Subscribe: > router precommit_update 55550000, False {{(pid=103504) subscribe /opt/stack/data/venv/lib/python3.12/site-packages/neutron_lib/callbacks/manager.py:52}}
Feb 17 20:36:54.982135 np0000156161 devstack@neutron-api.service[103507]: DEBUG neutron.api.extensions [None req-d4f2efc8-c570-404a-a8ad-1d974892c783 None None] Loading extension file: fip_pf_detail.py {{(pid=103507) _load_all_extensions_from_path /opt/stack/neutron/neutron/api/extensions.py:449}}
Feb 17 20:36:54.982173 np0000156161 devstack@neutron-api.service[103506]: DEBUG neutron.api.extensions [None req-f38e2821-2581-4de5-bc0c-5615c7c137e6 None None] Ext name="Distributed Virtual Router" alias="dvr" description="Enables configuration of Distributed Virtual Routers." updated="2014-06-1T10:00:00-00:00" {{(pid=103506) _check_extension /opt/stack/neutron/neutron/api/extensions.py:415}}
Feb 17 20:36:54.982216 np0000156161 devstack@neutron-api.service[103504]: DEBUG neutron_lib.callbacks.manager [None req-ed3f4eb4-8fef-4797-b4ce-6f1b7446fda8 None None] Subscribe: subnet after_update 55550000, False {{(pid=103504) subscribe /opt/stack/data/venv/lib/python3.12/site-packages/neutron_lib/callbacks/manager.py:52}}
Feb 17 20:36:54.982292 np0000156161 devstack@neutron-api.service[103506]: INFO neutron.api.extensions [None req-f38e2821-2581-4de5-bc0c-5615c7c137e6 None None] Extension dvr not supported by any of loaded plugins
Feb 17 20:36:54.982335 np0000156161 devstack@neutron-api.service[103507]: DEBUG neutron.api.extensions [None req-d4f2efc8-c570-404a-a8ad-1d974892c783 None None] Ext name="Floating IP port forwarding detail" alias="floating-ip-port-forwarding-detail" description="Allow list floating ip return more port forwarding data, include'id' and 'internal_port_id'" updated="2022-05-06T10:00:00-00:00" {{(pid=103507) _check_extension /opt/stack/neutron/neutron/api/extensions.py:415}}
Feb 17 20:36:54.982373 np0000156161 devstack@neutron-api.service[103506]: DEBUG neutron.api.extensions [None req-f38e2821-2581-4de5-bc0c-5615c7c137e6 None None] Loading extension file: ecmp_routes.py {{(pid=103506) _load_all_extensions_from_path /opt/stack/neutron/neutron/api/extensions.py:449}}
Feb 17 20:36:54.982456 np0000156161 devstack@neutron-api.service[103507]: INFO neutron.api.extensions [None req-d4f2efc8-c570-404a-a8ad-1d974892c783 None None] Loaded extension: floating-ip-port-forwarding-detail
Feb 17 20:36:54.982494 np0000156161 devstack@neutron-api.service[103506]: DEBUG neutron.api.extensions [None req-f38e2821-2581-4de5-bc0c-5615c7c137e6 None None] Ext name="Equal Cost Multipath Routing" alias="ecmp_routes" description="Allows traffic to reach thesame destination via multiple different links " updated="2020-11-26T18:00:00-00:00" {{(pid=103506) _check_extension /opt/stack/neutron/neutron/api/extensions.py:415}}
Feb 17 20:36:54.982575 np0000156161 devstack@neutron-api.service[103507]: DEBUG neutron.api.extensions [None req-d4f2efc8-c570-404a-a8ad-1d974892c783 None None] Loading extension file: fip_pf_port_range.py {{(pid=103507) _load_all_extensions_from_path /opt/stack/neutron/neutron/api/extensions.py:449}}
Feb 17 20:36:54.982624 np0000156161 devstack@neutron-api.service[103506]: INFO neutron.api.extensions [None req-f38e2821-2581-4de5-bc0c-5615c7c137e6 None None] Extension ecmp_routes not supported by any of loaded plugins
Feb 17 20:36:54.982715 np0000156161 devstack@neutron-api.service[103504]: DEBUG neutron.quota.resource_registry [None req-ed3f4eb4-8fef-4797-b4ce-6f1b7446fda8 None None] Tracking information for resource: router configured {{(pid=103504) set_tracked_resource /opt/stack/neutron/neutron/quota/resource_registry.py:203}}
Feb 17 20:36:54.982754 np0000156161 devstack@neutron-api.service[103506]: DEBUG neutron.api.extensions [None req-f38e2821-2581-4de5-bc0c-5615c7c137e6 None None] Loading extension file: empty_string_filtering.py {{(pid=103506) _load_all_extensions_from_path /opt/stack/neutron/neutron/api/extensions.py:449}}
Feb 17 20:36:54.982807 np0000156161 devstack@neutron-api.service[103504]: DEBUG neutron.quota.resource_registry [None req-ed3f4eb4-8fef-4797-b4ce-6f1b7446fda8 None None] Tracking information for resource: floatingip configured {{(pid=103504) set_tracked_resource /opt/stack/neutron/neutron/quota/resource_registry.py:203}}
Feb 17 20:36:54.982897 np0000156161 devstack@neutron-api.service[103507]: DEBUG neutron.api.extensions [None req-d4f2efc8-c570-404a-a8ad-1d974892c783 None None] Ext name="Floating IP Port Forwarding support port ranges" alias="floating-ip-port-forwarding-port-ranges" description="Add support to port ranges" updated="2020-07-01T10:00:00-00:00" {{(pid=103507) _check_extension /opt/stack/neutron/neutron/api/extensions.py:415}}
Feb 17 20:36:54.982936 np0000156161 devstack@neutron-api.service[103504]: INFO neutron.services.ovn_l3.plugin [None req-ed3f4eb4-8fef-4797-b4ce-6f1b7446fda8 None None] Starting OVNL3RouterPlugin
Feb 17 20:36:54.983011 np0000156161 devstack@neutron-api.service[103506]: DEBUG neutron.api.extensions [None req-f38e2821-2581-4de5-bc0c-5615c7c137e6 None None] Ext name="Empty String Filtering Extension" alias="empty-string-filtering" description="Allow filtering by attributes with empty string value" updated="2018-05-01T10:00:00-00:00" {{(pid=103506) _check_extension /opt/stack/neutron/neutron/api/extensions.py:415}}
Feb 17 20:36:54.983049 np0000156161 devstack@neutron-api.service[103507]: INFO neutron.api.extensions [None req-d4f2efc8-c570-404a-a8ad-1d974892c783 None None] Extension floating-ip-port-forwarding-port-ranges not supported by any of loaded plugins
Feb 17 20:36:54.983152 np0000156161 devstack@neutron-api.service[103504]: DEBUG neutron_lib.callbacks.manager [None req-ed3f4eb4-8fef-4797-b4ce-6f1b7446fda8 None None] Subscribe: > port_forwarding_plugin after_init 55550000, False {{(pid=103504) subscribe /opt/stack/data/venv/lib/python3.12/site-packages/neutron_lib/callbacks/manager.py:52}}
Feb 17 20:36:54.983204 np0000156161 devstack@neutron-api.service[103506]: INFO neutron.api.extensions [None req-f38e2821-2581-4de5-bc0c-5615c7c137e6 None None] Loaded extension: empty-string-filtering
Feb 17 20:36:54.983281 np0000156161 devstack@neutron-api.service[103507]: DEBUG neutron.api.extensions [None req-d4f2efc8-c570-404a-a8ad-1d974892c783 None None] Loading extension file: fip_port_details.py {{(pid=103507) _load_all_extensions_from_path /opt/stack/neutron/neutron/api/extensions.py:449}}
Feb 17 20:36:54.983320 np0000156161 devstack@neutron-api.service[103506]: DEBUG neutron.api.extensions [None req-f38e2821-2581-4de5-bc0c-5615c7c137e6 None None] Loading extension file: expose_l3_conntrack_helper.py {{(pid=103506) _load_all_extensions_from_path /opt/stack/neutron/neutron/api/extensions.py:449}}
Feb 17 20:36:54.983364 np0000156161 devstack@neutron-api.service[103504]: DEBUG neutron_lib.callbacks.manager [None req-ed3f4eb4-8fef-4797-b4ce-6f1b7446fda8 None None] Subscribe: > router before_create 55550100, False {{(pid=103504) subscribe /opt/stack/data/venv/lib/python3.12/site-packages/neutron_lib/callbacks/manager.py:52}}
Feb 17 20:36:54.983364 np0000156161 devstack@neutron-api.service[103504]: DEBUG neutron_lib.callbacks.manager [None req-ed3f4eb4-8fef-4797-b4ce-6f1b7446fda8 None None] Subscribe: > router precommit_delete 55550100, False {{(pid=103504) subscribe /opt/stack/data/venv/lib/python3.12/site-packages/neutron_lib/callbacks/manager.py:52}}
Feb 17 20:36:54.983493 np0000156161 devstack@neutron-api.service[103506]: DEBUG neutron.api.extensions [None req-f38e2821-2581-4de5-bc0c-5615c7c137e6 None None] Ext name="Expose CT target rules for conntrack helper" alias="expose-l3-conntrack-helper" description="Expose allow adding CT target rules for conntrack helper" updated="2019-04-04T10:00:00-00:00" {{(pid=103506) _check_extension /opt/stack/neutron/neutron/api/extensions.py:415}}
Feb 17 20:36:54.983576 np0000156161 devstack@neutron-api.service[103504]: DEBUG neutron_lib.callbacks.manager [None req-ed3f4eb4-8fef-4797-b4ce-6f1b7446fda8 None None] Subscribe: > router precommit_create 55550100, False {{(pid=103504) subscribe /opt/stack/data/venv/lib/python3.12/site-packages/neutron_lib/callbacks/manager.py:52}}
Feb 17 20:36:54.983615 np0000156161 devstack@neutron-api.service[103507]: DEBUG neutron.api.extensions [None req-d4f2efc8-c570-404a-a8ad-1d974892c783 None None] Ext name="Floating IP Port Details Extension" alias="fip-port-details" description="Add port_details attribute to Floating IP resource" updated="2018-04-09T10:00:00-00:00" {{(pid=103507) _check_extension /opt/stack/neutron/neutron/api/extensions.py:415}}
Feb 17 20:36:54.983653 np0000156161 devstack@neutron-api.service[103506]: INFO neutron.api.extensions [None req-f38e2821-2581-4de5-bc0c-5615c7c137e6 None None] Extension expose-l3-conntrack-helper not supported by any of loaded plugins
Feb 17 20:36:54.983770 np0000156161 devstack@neutron-api.service[103504]: DEBUG neutron_lib.callbacks.manager [None req-ed3f4eb4-8fef-4797-b4ce-6f1b7446fda8 None None] Subscribe: > router precommit_update 55550100, False {{(pid=103504) subscribe /opt/stack/data/venv/lib/python3.12/site-packages/neutron_lib/callbacks/manager.py:52}}
Feb 17 20:36:54.983818 np0000156161 devstack@neutron-api.service[103506]: DEBUG neutron.api.extensions [None req-f38e2821-2581-4de5-bc0c-5615c7c137e6 None None] Loading extension file: expose_port_forwarding_in_fip.py {{(pid=103506) _load_all_extensions_from_path /opt/stack/neutron/neutron/api/extensions.py:449}}
Feb 17 20:36:54.983900 np0000156161 devstack@neutron-api.service[103507]: INFO neutron.api.extensions [None req-d4f2efc8-c570-404a-a8ad-1d974892c783 None None] Loaded extension: fip-port-details
Feb 17 20:36:54.983957 np0000156161 devstack@neutron-api.service[103506]: DEBUG neutron.api.extensions [None req-f38e2821-2581-4de5-bc0c-5615c7c137e6 None None] Ext name="Expose Floating IP port forwardings" alias="expose-port-forwarding-in-fip" description="Expose port forwarding fields in floating IP response" updated="2018-06-28T16:00:00-00:00" {{(pid=103506) _check_extension /opt/stack/neutron/neutron/api/extensions.py:415}}
Feb 17 20:36:54.983997 np0000156161 devstack@neutron-api.service[103507]: DEBUG neutron.api.extensions [None req-d4f2efc8-c570-404a-a8ad-1d974892c783 None None] Loading extension file: flavors.py {{(pid=103507) _load_all_extensions_from_path /opt/stack/neutron/neutron/api/extensions.py:449}}
Feb 17 20:36:54.984071 np0000156161 devstack@neutron-api.service[103506]: INFO neutron.api.extensions [None req-f38e2821-2581-4de5-bc0c-5615c7c137e6 None None] Extension expose-port-forwarding-in-fip not supported by any of loaded plugins
Feb 17 20:36:54.984071 np0000156161 devstack@neutron-api.service[103506]: DEBUG neutron.api.extensions [None req-f38e2821-2581-4de5-bc0c-5615c7c137e6 None None] Loading extension file: external_net.py {{(pid=103506) _load_all_extensions_from_path /opt/stack/neutron/neutron/api/extensions.py:449}}
Feb 17 20:36:54.984140 np0000156161 devstack@neutron-api.service[103507]: DEBUG neutron.api.extensions [None req-d4f2efc8-c570-404a-a8ad-1d974892c783 None None] Ext name="Neutron Service Flavors" alias="flavors" description="Flavor specification for Neutron advanced services." updated="2015-09-17T10:00:00-00:00" {{(pid=103507) _check_extension /opt/stack/neutron/neutron/api/extensions.py:415}}
Feb 17 20:36:54.984260 np0000156161 devstack@neutron-api.service[103506]: DEBUG neutron.api.extensions [None req-f38e2821-2581-4de5-bc0c-5615c7c137e6 None None] Ext name="Neutron external network" alias="external-net" description="Adds external network attribute to network resource." updated="2013-01-14T10:00:00-00:00" {{(pid=103506) _check_extension /opt/stack/neutron/neutron/api/extensions.py:415}}
Feb 17 20:36:54.984299 np0000156161 devstack@neutron-api.service[103507]: INFO neutron.api.extensions [None req-d4f2efc8-c570-404a-a8ad-1d974892c783 None None] Loaded extension: flavors
Feb 17 20:36:54.984375 np0000156161 devstack@neutron-api.service[103506]: INFO neutron.api.extensions [None req-f38e2821-2581-4de5-bc0c-5615c7c137e6 None None] Loaded extension: external-net
Feb 17 20:36:54.984449 np0000156161 devstack@neutron-api.service[103507]: DEBUG neutron.api.extensions [None req-d4f2efc8-c570-404a-a8ad-1d974892c783 None None] Loading extension file: floating_ip_port_forwarding.py {{(pid=103507) _load_all_extensions_from_path /opt/stack/neutron/neutron/api/extensions.py:449}}
Feb 17 20:36:54.984532 np0000156161 devstack@neutron-api.service[103506]: DEBUG neutron.api.extensions [None req-f38e2821-2581-4de5-bc0c-5615c7c137e6 None None] Loading extension file: extra_dhcp_opt.py {{(pid=103506) _load_all_extensions_from_path /opt/stack/neutron/neutron/api/extensions.py:449}}
Feb 17 20:36:54.984532 np0000156161 devstack@neutron-api.service[103506]: DEBUG neutron.api.extensions [None req-f38e2821-2581-4de5-bc0c-5615c7c137e6 None None] Ext name="Neutron Extra DHCP options" alias="extra_dhcp_opt" description="Extra options configuration for DHCP. For example PXE boot options to DHCP clients can be specified (e.g. tftp-server, server-ip-address, bootfile-name)" updated="2013-03-17T12:00:00-00:00" {{(pid=103506) _check_extension /opt/stack/neutron/neutron/api/extensions.py:415}}
Feb 17 20:36:54.984532 np0000156161 devstack@neutron-api.service[103506]: INFO neutron.api.extensions [None req-f38e2821-2581-4de5-bc0c-5615c7c137e6 None None] Loaded extension: extra_dhcp_opt
Feb 17 20:36:54.984633 np0000156161 devstack@neutron-api.service[103507]: DEBUG neutron.api.extensions [None req-d4f2efc8-c570-404a-a8ad-1d974892c783 None None] Ext name="Floating IP Port Forwarding" alias="floating-ip-port-forwarding" description="Allow port forwarding from floating IP port to an internal port" updated="2018-01-19T10:00:00-00:00" {{(pid=103507) _check_extension /opt/stack/neutron/neutron/api/extensions.py:415}}
Feb 17 20:36:54.984758 np0000156161 devstack@neutron-api.service[103506]: DEBUG neutron.api.extensions [None req-f38e2821-2581-4de5-bc0c-5615c7c137e6 None None] Loading extension file: extraroute.py {{(pid=103506) _load_all_extensions_from_path /opt/stack/neutron/neutron/api/extensions.py:449}}
Feb 17 20:36:54.984853 np0000156161 devstack@neutron-api.service[103507]: INFO neutron.api.extensions [None req-d4f2efc8-c570-404a-a8ad-1d974892c783 None None] Extension floating-ip-port-forwarding not supported by any of loaded plugins
Feb 17 20:36:54.984853 np0000156161 devstack@neutron-api.service[103507]: DEBUG neutron.api.extensions [None req-d4f2efc8-c570-404a-a8ad-1d974892c783 None None] Loading extension file: floatingip_pools.py {{(pid=103507) _load_all_extensions_from_path /opt/stack/neutron/neutron/api/extensions.py:449}}
Feb 17 20:36:54.984990 np0000156161 devstack@neutron-api.service[103506]: DEBUG neutron.api.extensions [None req-f38e2821-2581-4de5-bc0c-5615c7c137e6 None None] Ext name="Neutron Extra Route" alias="extraroute" description="Extra routes configuration for L3 router" updated="2013-02-01T10:00:00-00:00" {{(pid=103506) _check_extension /opt/stack/neutron/neutron/api/extensions.py:415}}
Feb 17 20:36:54.984990 np0000156161 devstack@neutron-api.service[103506]: INFO neutron.api.extensions [None req-f38e2821-2581-4de5-bc0c-5615c7c137e6 None None] Loaded extension: extraroute
Feb 17 20:36:54.985073 np0000156161 devstack@neutron-api.service[103507]: DEBUG neutron.api.extensions [None req-d4f2efc8-c570-404a-a8ad-1d974892c783 None None] Ext name="Floating IP Pools Extension" alias="floatingip-pools" description="Provides a floating IP pools API." updated="2018-03-21T10:00:00-00:00" {{(pid=103507) _check_extension /opt/stack/neutron/neutron/api/extensions.py:415}}
Feb 17 20:36:54.985158 np0000156161 devstack@neutron-api.service[103506]: DEBUG neutron.api.extensions [None req-f38e2821-2581-4de5-bc0c-5615c7c137e6 None None] Loading extension file: extraroute_atomic.py {{(pid=103506) _load_all_extensions_from_path /opt/stack/neutron/neutron/api/extensions.py:449}}
Feb 17 20:36:54.985245 np0000156161 devstack@neutron-api.service[103507]: INFO neutron.api.extensions [None req-d4f2efc8-c570-404a-a8ad-1d974892c783 None None] Loaded extension: floatingip-pools
Feb 17 20:36:54.985283 np0000156161 devstack@neutron-api.service[103506]: DEBUG neutron.api.extensions [None req-f38e2821-2581-4de5-bc0c-5615c7c137e6 None None] Ext name="Atomically add/remove extra routes" alias="extraroute-atomic" description="Edit extra routes of a router on server side by atomically adding/removing extra routes" updated="2019-07-10T00:00:00+00:00" {{(pid=103506) _check_extension /opt/stack/neutron/neutron/api/extensions.py:415}}
Feb 17 20:36:54.985362 np0000156161 devstack@neutron-api.service[103507]: DEBUG neutron.api.extensions [None req-d4f2efc8-c570-404a-a8ad-1d974892c783 None None] Loading extension file: ip_allocation.py {{(pid=103507) _load_all_extensions_from_path /opt/stack/neutron/neutron/api/extensions.py:449}}
Feb 17 20:36:54.985533 np0000156161 devstack@neutron-api.service[103506]: INFO neutron.api.extensions [None req-f38e2821-2581-4de5-bc0c-5615c7c137e6 None None] Loaded extension: extraroute-atomic
Feb 17 20:36:54.985533 np0000156161 devstack@neutron-api.service[103506]: DEBUG neutron.api.extensions [None req-f38e2821-2581-4de5-bc0c-5615c7c137e6 None None] Loading extension file: filter_validation.py {{(pid=103506) _load_all_extensions_from_path /opt/stack/neutron/neutron/api/extensions.py:449}}
Feb 17 20:36:54.985646 np0000156161 devstack@neutron-api.service[103507]: DEBUG neutron.api.extensions [None req-d4f2efc8-c570-404a-a8ad-1d974892c783 None None] Ext name="IP Allocation" alias="ip_allocation" description="IP allocation extension." updated="2016-06-10T23:00:00-00:00" {{(pid=103507) _check_extension /opt/stack/neutron/neutron/api/extensions.py:415}}
Feb 17 20:36:54.985646 np0000156161 devstack@neutron-api.service[103507]: INFO neutron.api.extensions [None req-d4f2efc8-c570-404a-a8ad-1d974892c783 None None] Extension ip_allocation not supported by any of loaded plugins
Feb 17 20:36:54.985790 np0000156161 devstack@neutron-api.service[103506]: DEBUG neutron.api.extensions [None req-f38e2821-2581-4de5-bc0c-5615c7c137e6 None None] Ext name="Filter parameters validation" alias="filter-validation" description="Provides validation on filter parameters." updated="2018-07-04T10:00:00-00:00" {{(pid=103506) _check_extension /opt/stack/neutron/neutron/api/extensions.py:415}}
Feb 17 20:36:54.985829 np0000156161 devstack@neutron-api.service[103507]: DEBUG neutron.api.extensions [None req-d4f2efc8-c570-404a-a8ad-1d974892c783 None None] Loading extension file: ip_substring_port_filtering.py {{(pid=103507) _load_all_extensions_from_path /opt/stack/neutron/neutron/api/extensions.py:449}}
Feb 17 20:36:54.985893 np0000156161 devstack@neutron-api.service[103506]: INFO neutron.api.extensions [None req-f38e2821-2581-4de5-bc0c-5615c7c137e6 None None] Loaded extension: filter-validation
Feb 17 20:36:54.985962 np0000156161 devstack@neutron-api.service[103507]: DEBUG neutron.api.extensions [None req-d4f2efc8-c570-404a-a8ad-1d974892c783 None None] Ext name="IP address substring filtering" alias="ip-substring-filtering" description="Provides IP address substring filtering when listing ports" updated="2017-11-28T09:00:00-00:00" {{(pid=103507) _check_extension /opt/stack/neutron/neutron/api/extensions.py:415}}
Feb 17 20:36:54.985991 np0000156161 devstack@neutron-api.service[103506]: DEBUG neutron.api.extensions [None req-f38e2821-2581-4de5-bc0c-5615c7c137e6 None None] Loading extension file: fip_pf_description.py {{(pid=103506) _load_all_extensions_from_path /opt/stack/neutron/neutron/api/extensions.py:449}}
Feb 17 20:36:54.986051 np0000156161 devstack@neutron-api.service[103507]: INFO neutron.api.extensions [None req-d4f2efc8-c570-404a-a8ad-1d974892c783 None None] Extension ip-substring-filtering not supported by any of loaded plugins
Feb 17 20:36:54.986077 np0000156161 devstack@neutron-api.service[103506]: DEBUG neutron.api.extensions [None req-f38e2821-2581-4de5-bc0c-5615c7c137e6 None None] Ext name="Floating IP Port Forwarding new attribute description" alias="floating-ip-port-forwarding-description" description="Add a description field to Port Forwarding rules" updated="2019-11-01T10:00:00-00:00" {{(pid=103506) _check_extension /opt/stack/neutron/neutron/api/extensions.py:415}}
Feb 17 20:36:54.986143 np0000156161 devstack@neutron-api.service[103507]: DEBUG neutron.api.extensions [None req-d4f2efc8-c570-404a-a8ad-1d974892c783 None None] Loading extension file: l2_adjacency.py {{(pid=103507) _load_all_extensions_from_path /opt/stack/neutron/neutron/api/extensions.py:449}}
Feb 17 20:36:54.986198 np0000156161 devstack@neutron-api.service[103506]: INFO neutron.api.extensions [None req-f38e2821-2581-4de5-bc0c-5615c7c137e6 None None] Extension floating-ip-port-forwarding-description not supported by any of loaded plugins
Feb 17 20:36:54.986227 np0000156161 devstack@neutron-api.service[103504]: DEBUG neutron.services.provider_configuration [None req-ed3f4eb4-8fef-4797-b4ce-6f1b7446fda8 None None] Service providers = [] {{(pid=103504) parse_service_provider_opt /opt/stack/neutron/neutron/services/provider_configuration.py:171}}
Feb 17 20:36:54.986285 np0000156161 devstack@neutron-api.service[103506]: DEBUG neutron.api.extensions [None req-f38e2821-2581-4de5-bc0c-5615c7c137e6 None None] Loading extension file: fip_pf_detail.py {{(pid=103506) _load_all_extensions_from_path /opt/stack/neutron/neutron/api/extensions.py:449}}
Feb 17 20:36:54.986311 np0000156161 devstack@neutron-api.service[103504]: DEBUG neutron.db.servicetype_db [None req-ed3f4eb4-8fef-4797-b4ce-6f1b7446fda8 None None] Adding provider configuration for service L3_ROUTER_NAT {{(pid=103504) add_provider_configuration /opt/stack/neutron/neutron/db/servicetype_db.py:42}}
Feb 17 20:36:54.986340 np0000156161 devstack@neutron-api.service[103507]: DEBUG neutron.api.extensions [None req-d4f2efc8-c570-404a-a8ad-1d974892c783 None None] Ext name="L2 Adjacency" alias="l2_adjacency" description="Display L2 Adjacency for Neutron Networks." updated="2016-04-12T16:00:00-00:00" {{(pid=103507) _check_extension /opt/stack/neutron/neutron/api/extensions.py:415}}
Feb 17 20:36:54.986340 np0000156161 devstack@neutron-api.service[103507]: INFO neutron.api.extensions [None req-d4f2efc8-c570-404a-a8ad-1d974892c783 None None] Extension l2_adjacency not supported by any of loaded plugins
Feb 17 20:36:54.986460 np0000156161 devstack@neutron-api.service[103506]: DEBUG neutron.api.extensions [None req-f38e2821-2581-4de5-bc0c-5615c7c137e6 None None] Ext name="Floating IP port forwarding detail" alias="floating-ip-port-forwarding-detail" description="Allow list floating ip return more port forwarding data, include'id' and 'internal_port_id'" updated="2022-05-06T10:00:00-00:00" {{(pid=103506) _check_extension /opt/stack/neutron/neutron/api/extensions.py:415}}
Feb 17 20:36:54.986491 np0000156161 devstack@neutron-api.service[103507]: DEBUG neutron.api.extensions [None req-d4f2efc8-c570-404a-a8ad-1d974892c783 None None] Loading extension file: l3.py {{(pid=103507) _load_all_extensions_from_path /opt/stack/neutron/neutron/api/extensions.py:449}}
Feb 17 20:36:54.986545 np0000156161 devstack@neutron-api.service[103506]: INFO neutron.api.extensions [None req-f38e2821-2581-4de5-bc0c-5615c7c137e6 None None] Loaded extension: floating-ip-port-forwarding-detail
Feb 17 20:36:54.986545 np0000156161 devstack@neutron-api.service[103506]: DEBUG neutron.api.extensions [None req-f38e2821-2581-4de5-bc0c-5615c7c137e6 None None] Loading extension file: fip_pf_port_range.py {{(pid=103506) _load_all_extensions_from_path /opt/stack/neutron/neutron/api/extensions.py:449}}
Feb 17 20:36:54.986545 np0000156161 devstack@neutron-api.service[103506]: DEBUG neutron.api.extensions [None req-f38e2821-2581-4de5-bc0c-5615c7c137e6 None None] Ext name="Floating IP Port Forwarding support port ranges" alias="floating-ip-port-forwarding-port-ranges" description="Add support to port ranges" updated="2020-07-01T10:00:00-00:00" {{(pid=103506) _check_extension /opt/stack/neutron/neutron/api/extensions.py:415}}
Feb 17 20:36:54.986633 np0000156161 devstack@neutron-api.service[103507]: DEBUG neutron.api.extensions [None req-d4f2efc8-c570-404a-a8ad-1d974892c783 None None] Ext name="Neutron L3 Router" alias="router" description="Router abstraction for basic L3 forwarding between L2 Neutron networks and access to external networks via a NAT gateway." updated="2012-07-20T10:00:00-00:00" {{(pid=103507) _check_extension /opt/stack/neutron/neutron/api/extensions.py:415}}
Feb 17 20:36:54.986743 np0000156161 devstack@neutron-api.service[103506]: INFO neutron.api.extensions [None req-f38e2821-2581-4de5-bc0c-5615c7c137e6 None None] Extension floating-ip-port-forwarding-port-ranges not supported by any of loaded plugins
Feb 17 20:36:54.986801 np0000156161 devstack@neutron-api.service[103507]: INFO neutron.api.extensions [None req-d4f2efc8-c570-404a-a8ad-1d974892c783 None None] Loaded extension: router
Feb 17 20:36:54.986828 np0000156161 devstack@neutron-api.service[103506]: DEBUG neutron.api.extensions [None req-f38e2821-2581-4de5-bc0c-5615c7c137e6 None None] Loading extension file: fip_port_details.py {{(pid=103506) _load_all_extensions_from_path /opt/stack/neutron/neutron/api/extensions.py:449}}
Feb 17 20:36:54.986892 np0000156161 devstack@neutron-api.service[103507]: DEBUG neutron.api.extensions [None req-d4f2efc8-c570-404a-a8ad-1d974892c783 None None] Loading extension file: l3_conntrack_helper.py {{(pid=103507) _load_all_extensions_from_path /opt/stack/neutron/neutron/api/extensions.py:449}}
Feb 17 20:36:54.986925 np0000156161 devstack@neutron-api.service[103504]: DEBUG neutron_lib.callbacks.manager [None req-ed3f4eb4-8fef-4797-b4ce-6f1b7446fda8 None None] Subscribe: > router precommit_create 55549900, False {{(pid=103504) subscribe /opt/stack/data/venv/lib/python3.12/site-packages/neutron_lib/callbacks/manager.py:52}}
Feb 17 20:36:54.986983 np0000156161 devstack@neutron-api.service[103506]: DEBUG neutron.api.extensions [None req-f38e2821-2581-4de5-bc0c-5615c7c137e6 None None] Ext name="Floating IP Port Details Extension" alias="fip-port-details" description="Add port_details attribute to Floating IP resource" updated="2018-04-09T10:00:00-00:00" {{(pid=103506) _check_extension /opt/stack/neutron/neutron/api/extensions.py:415}}
Feb 17 20:36:54.987017 np0000156161 devstack@neutron-api.service[103504]: DEBUG neutron_lib.callbacks.manager [None req-ed3f4eb4-8fef-4797-b4ce-6f1b7446fda8 None None] Subscribe: > router_interface after_create 55550000, False {{(pid=103504) subscribe /opt/stack/data/venv/lib/python3.12/site-packages/neutron_lib/callbacks/manager.py:52}}
Feb 17 20:36:54.987079 np0000156161 devstack@neutron-api.service[103506]: INFO neutron.api.extensions [None req-f38e2821-2581-4de5-bc0c-5615c7c137e6 None None] Loaded extension: fip-port-details
Feb 17 20:36:54.987141 np0000156161 devstack@neutron-api.service[103504]: DEBUG neutron_lib.callbacks.manager [None req-ed3f4eb4-8fef-4797-b4ce-6f1b7446fda8 None None] Subscribe: > floatingip after_create 55550000, False {{(pid=103504) subscribe /opt/stack/data/venv/lib/python3.12/site-packages/neutron_lib/callbacks/manager.py:52}}
Feb 17 20:36:54.987170 np0000156161 devstack@neutron-api.service[103506]: DEBUG neutron.api.extensions [None req-f38e2821-2581-4de5-bc0c-5615c7c137e6 None None] Loading extension file: flavors.py {{(pid=103506) _load_all_extensions_from_path /opt/stack/neutron/neutron/api/extensions.py:449}}
Feb 17 20:36:54.987233 np0000156161 devstack@neutron-api.service[103504]: DEBUG neutron_lib.callbacks.manager [None req-ed3f4eb4-8fef-4797-b4ce-6f1b7446fda8 None None] Subscribe: > floatingip precommit_create 55550000, False {{(pid=103504) subscribe /opt/stack/data/venv/lib/python3.12/site-packages/neutron_lib/callbacks/manager.py:52}}
Feb 17 20:36:54.987291 np0000156161 devstack@neutron-api.service[103507]: DEBUG neutron.api.extensions [None req-d4f2efc8-c570-404a-a8ad-1d974892c783 None None] Ext name="L3 Conntrack helper" alias="l3-conntrack-helper" description="Allow adding CT target rules for conntrack helper" updated="2019-04-04T10:00:00-00:00" {{(pid=103507) _check_extension /opt/stack/neutron/neutron/api/extensions.py:415}}
Feb 17 20:36:54.987321 np0000156161 devstack@neutron-api.service[103504]: DEBUG neutron_lib.callbacks.manager [None req-ed3f4eb4-8fef-4797-b4ce-6f1b7446fda8 None None] Subscribe: > floatingip precommit_update 55550000, False {{(pid=103504) subscribe /opt/stack/data/venv/lib/python3.12/site-packages/neutron_lib/callbacks/manager.py:52}}
Feb 17 20:36:54.987321 np0000156161 devstack@neutron-api.service[103504]: DEBUG neutron_lib.callbacks.manager [None req-ed3f4eb4-8fef-4797-b4ce-6f1b7446fda8 None None] Subscribe: > floatingip after_delete 55550000, False {{(pid=103504) subscribe /opt/stack/data/venv/lib/python3.12/site-packages/neutron_lib/callbacks/manager.py:52}}
Feb 17 20:36:54.987439 np0000156161 devstack@neutron-api.service[103506]: DEBUG neutron.api.extensions [None req-f38e2821-2581-4de5-bc0c-5615c7c137e6 None None] Ext name="Neutron Service Flavors" alias="flavors" description="Flavor specification for Neutron advanced services." updated="2015-09-17T10:00:00-00:00" {{(pid=103506) _check_extension /opt/stack/neutron/neutron/api/extensions.py:415}}
Feb 17 20:36:54.987473 np0000156161 devstack@neutron-api.service[103507]: INFO neutron.api.extensions [None req-d4f2efc8-c570-404a-a8ad-1d974892c783 None None] Extension l3-conntrack-helper not supported by any of loaded plugins
Feb 17 20:36:54.987531 np0000156161 devstack@neutron-api.service[103504]: DEBUG neutron_lib.callbacks.manager [None req-ed3f4eb4-8fef-4797-b4ce-6f1b7446fda8 None None] Subscribe: > floatingip after_status_update 55550000, False {{(pid=103504) subscribe /opt/stack/data/venv/lib/python3.12/site-packages/neutron_lib/callbacks/manager.py:52}}
Feb 17 20:36:54.987569 np0000156161 devstack@neutron-api.service[103507]: DEBUG neutron.api.extensions [None req-d4f2efc8-c570-404a-a8ad-1d974892c783 None None] Loading extension file: l3_enable_default_route_bfd.py {{(pid=103507) _load_all_extensions_from_path /opt/stack/neutron/neutron/api/extensions.py:449}}
Feb 17 20:36:54.987598 np0000156161 devstack@neutron-api.service[103504]: DEBUG neutron_lib.callbacks.manager [None req-ed3f4eb4-8fef-4797-b4ce-6f1b7446fda8 None None] Subscribe: > floatingip after_update 55550000, False {{(pid=103504) subscribe /opt/stack/data/venv/lib/python3.12/site-packages/neutron_lib/callbacks/manager.py:52}}
Feb 17 20:36:54.987655 np0000156161 devstack@neutron-api.service[103506]: INFO neutron.api.extensions [None req-f38e2821-2581-4de5-bc0c-5615c7c137e6 None None] Loaded extension: flavors
Feb 17 20:36:54.987695 np0000156161 devstack@neutron-api.service[103504]: DEBUG neutron_lib.callbacks.manager [None req-ed3f4eb4-8fef-4797-b4ce-6f1b7446fda8 None None] Subscribe: > port_forwarding after_create 55550000, False {{(pid=103504) subscribe /opt/stack/data/venv/lib/python3.12/site-packages/neutron_lib/callbacks/manager.py:52}}
Feb 17 20:36:54.987723 np0000156161 devstack@neutron-api.service[103506]: DEBUG neutron.api.extensions [None req-f38e2821-2581-4de5-bc0c-5615c7c137e6 None None] Loading extension file: floating_ip_port_forwarding.py {{(pid=103506) _load_all_extensions_from_path /opt/stack/neutron/neutron/api/extensions.py:449}}
Feb 17 20:36:54.987797 np0000156161 devstack@neutron-api.service[103504]: DEBUG neutron_lib.callbacks.manager [None req-ed3f4eb4-8fef-4797-b4ce-6f1b7446fda8 None None] Subscribe: > router_interface after_delete 55550000, False {{(pid=103504) subscribe /opt/stack/data/venv/lib/python3.12/site-packages/neutron_lib/callbacks/manager.py:52}}
Feb 17 20:36:54.987861 np0000156161 devstack@neutron-api.service[103507]: DEBUG neutron.api.extensions [None req-d4f2efc8-c570-404a-a8ad-1d974892c783 None None] Ext name="Enable Default Route BFD" alias="enable-default-route-bfd" description="Enables configurable BFD behavior for default routes" updated="2023-02-27T00:00:00-00:00" {{(pid=103507) _check_extension /opt/stack/neutron/neutron/api/extensions.py:415}}
Feb 17 20:36:54.987894 np0000156161 devstack@neutron-api.service[103504]: DEBUG neutron_lib.callbacks.manager [None req-ed3f4eb4-8fef-4797-b4ce-6f1b7446fda8 None None] Subscribe: > router after_create 55550000, False {{(pid=103504) subscribe /opt/stack/data/venv/lib/python3.12/site-packages/neutron_lib/callbacks/manager.py:52}}
Feb 17 20:36:54.987960 np0000156161 devstack@neutron-api.service[103507]: INFO neutron.api.extensions [None req-d4f2efc8-c570-404a-a8ad-1d974892c783 None None] Loaded extension: enable-default-route-bfd
Feb 17 20:36:54.987988 np0000156161 devstack@neutron-api.service[103504]: DEBUG neutron_lib.callbacks.manager [None req-ed3f4eb4-8fef-4797-b4ce-6f1b7446fda8 None None] Subscribe: > router precommit_create 55550000, False {{(pid=103504) subscribe /opt/stack/data/venv/lib/python3.12/site-packages/neutron_lib/callbacks/manager.py:52}}
Feb 17 20:36:54.988054 np0000156161 devstack@neutron-api.service[103506]: DEBUG neutron.api.extensions [None req-f38e2821-2581-4de5-bc0c-5615c7c137e6 None None] Ext name="Floating IP Port Forwarding" alias="floating-ip-port-forwarding" description="Allow port forwarding from floating IP port to an internal port" updated="2018-01-19T10:00:00-00:00" {{(pid=103506) _check_extension /opt/stack/neutron/neutron/api/extensions.py:415}}
Feb 17 20:36:54.988111 np0000156161 devstack@neutron-api.service[103507]: DEBUG neutron.api.extensions [None req-d4f2efc8-c570-404a-a8ad-1d974892c783 None None] Loading extension file: l3_enable_default_route_ecmp.py {{(pid=103507) _load_all_extensions_from_path /opt/stack/neutron/neutron/api/extensions.py:449}}
Feb 17 20:36:54.988140 np0000156161 devstack@neutron-api.service[103504]: DEBUG neutron_lib.callbacks.manager [None req-ed3f4eb4-8fef-4797-b4ce-6f1b7446fda8 None None] Subscribe: > router after_delete 55550000, False {{(pid=103504) subscribe /opt/stack/data/venv/lib/python3.12/site-packages/neutron_lib/callbacks/manager.py:52}}
Feb 17 20:36:54.988198 np0000156161 devstack@neutron-api.service[103506]: INFO neutron.api.extensions [None req-f38e2821-2581-4de5-bc0c-5615c7c137e6 None None] Extension floating-ip-port-forwarding not supported by any of loaded plugins
Feb 17 20:36:54.988254 np0000156161 devstack@neutron-api.service[103504]: DEBUG neutron_lib.callbacks.manager [None req-ed3f4eb4-8fef-4797-b4ce-6f1b7446fda8 None None] Subscribe: > router after_update 55550000, False {{(pid=103504) subscribe /opt/stack/data/venv/lib/python3.12/site-packages/neutron_lib/callbacks/manager.py:52}}
Feb 17 20:36:54.988362 np0000156161 devstack@neutron-api.service[103506]: DEBUG neutron.api.extensions [None req-f38e2821-2581-4de5-bc0c-5615c7c137e6 None None] Loading extension file: floatingip_pools.py {{(pid=103506) _load_all_extensions_from_path /opt/stack/neutron/neutron/api/extensions.py:449}}
Feb 17 20:36:54.988447 np0000156161 devstack@neutron-api.service[103504]: DEBUG neutron.services.service_base [None req-ed3f4eb4-8fef-4797-b4ce-6f1b7446fda8 None None] Loaded 'neutron.services.ovn_l3.service_providers.ovn.OvnDriver' provider for service L3_ROUTER_NAT {{(pid=103504) load_drivers /opt/stack/neutron/neutron/services/service_base.py:49}}
Feb 17 20:36:54.988514 np0000156161 devstack@neutron-api.service[103507]: DEBUG neutron.api.extensions [None req-d4f2efc8-c570-404a-a8ad-1d974892c783 None None] Ext name="Enable Default Route ECMP" alias="enable-default-route-ecmp" description="Enables configurable ECMP behavior for default routes" updated="2023-02-27T00:00:00-00:00" {{(pid=103507) _check_extension /opt/stack/neutron/neutron/api/extensions.py:415}}
Feb 17 20:36:54.988894 np0000156161 devstack@neutron-api.service[103504]: DEBUG neutron_lib.callbacks.manager [None req-ed3f4eb4-8fef-4797-b4ce-6f1b7446fda8 None None] Subscribe: > process after_init 55550001, True {{(pid=103504) subscribe /opt/stack/data/venv/lib/python3.12/site-packages/neutron_lib/callbacks/manager.py:52}}
Feb 17 20:36:54.989000 np0000156161 devstack@neutron-api.service[103507]: INFO neutron.api.extensions [None req-d4f2efc8-c570-404a-a8ad-1d974892c783 None None] Loaded extension: enable-default-route-ecmp
Feb 17 20:36:54.989080 np0000156161 devstack@neutron-api.service[103504]: DEBUG neutron.manager [None req-ed3f4eb4-8fef-4797-b4ce-6f1b7446fda8 None None] Successfully loaded L3_ROUTER_NAT plugin. Description: L3 Router Service Plugin for basic L3 forwarding using OVN {{(pid=103504) _create_and_add_service_plugin /opt/stack/neutron/neutron/manager.py:229}}
Feb 17 20:36:54.989145 np0000156161 devstack@neutron-api.service[103506]: DEBUG neutron.api.extensions [None req-f38e2821-2581-4de5-bc0c-5615c7c137e6 None None] Ext name="Floating IP Pools Extension" alias="floatingip-pools" description="Provides a floating IP pools API." updated="2018-03-21T10:00:00-00:00" {{(pid=103506) _check_extension /opt/stack/neutron/neutron/api/extensions.py:415}}
Feb 17 20:36:54.989211 np0000156161 devstack@neutron-api.service[103507]: DEBUG neutron.api.extensions [None req-d4f2efc8-c570-404a-a8ad-1d974892c783 None None] Loading extension file: l3_ext_gw_mode.py {{(pid=103507) _load_all_extensions_from_path /opt/stack/neutron/neutron/api/extensions.py:449}}
Feb 17 20:36:54.989298 np0000156161 devstack@neutron-api.service[103504]: INFO neutron.manager [None req-ed3f4eb4-8fef-4797-b4ce-6f1b7446fda8 None None] Loading Plugin: auto_allocate
Feb 17 20:36:54.989356 np0000156161 devstack@neutron-api.service[103506]: INFO neutron.api.extensions [None req-f38e2821-2581-4de5-bc0c-5615c7c137e6 None None] Loaded extension: floatingip-pools
Feb 17 20:36:54.989356 np0000156161 devstack@neutron-api.service[103506]: DEBUG neutron.api.extensions [None req-f38e2821-2581-4de5-bc0c-5615c7c137e6 None None] Loading extension file: ip_allocation.py {{(pid=103506) _load_all_extensions_from_path /opt/stack/neutron/neutron/api/extensions.py:449}}
Feb 17 20:36:54.989530 np0000156161 devstack@neutron-api.service[103507]: DEBUG neutron.api.extensions [None req-d4f2efc8-c570-404a-a8ad-1d974892c783 None None] Ext name="Neutron L3 Configurable external gateway mode" alias="ext-gw-mode" description="Extension of the router abstraction for specifying whether SNAT should occur on the external gateway" updated="2013-03-28T10:00:00-00:00" {{(pid=103507) _check_extension /opt/stack/neutron/neutron/api/extensions.py:415}}
Feb 17 20:36:54.989530 np0000156161 devstack@neutron-api.service[103507]: INFO neutron.api.extensions [None req-d4f2efc8-c570-404a-a8ad-1d974892c783 None None] Loaded extension: ext-gw-mode
Feb 17 20:36:54.989620 np0000156161 devstack@neutron-api.service[103506]: DEBUG neutron.api.extensions [None req-f38e2821-2581-4de5-bc0c-5615c7c137e6 None None] Ext name="IP Allocation" alias="ip_allocation" description="IP allocation extension." updated="2016-06-10T23:00:00-00:00" {{(pid=103506) _check_extension /opt/stack/neutron/neutron/api/extensions.py:415}}
Feb 17 20:36:54.989703 np0000156161 devstack@neutron-api.service[103507]: DEBUG neutron.api.extensions [None req-d4f2efc8-c570-404a-a8ad-1d974892c783 None None] Loading extension file: l3_ext_ha_mode.py {{(pid=103507) _load_all_extensions_from_path /opt/stack/neutron/neutron/api/extensions.py:449}}
Feb 17 20:36:54.989776 np0000156161 devstack@neutron-api.service[103506]: INFO neutron.api.extensions [None req-f38e2821-2581-4de5-bc0c-5615c7c137e6 None None] Extension ip_allocation not supported by any of loaded plugins
Feb 17 20:36:54.989776 np0000156161 devstack@neutron-api.service[103506]: DEBUG neutron.api.extensions [None req-f38e2821-2581-4de5-bc0c-5615c7c137e6 None None] Loading extension file: ip_substring_port_filtering.py {{(pid=103506) _load_all_extensions_from_path /opt/stack/neutron/neutron/api/extensions.py:449}}
Feb 17 20:36:54.989935 np0000156161 devstack@neutron-api.service[103507]: DEBUG neutron.api.extensions [None req-d4f2efc8-c570-404a-a8ad-1d974892c783 None None] Ext name="HA Router extension" alias="l3-ha" description="Adds HA capability to routers." updated="2014-04-26T00:00:00-00:00" {{(pid=103507) _check_extension /opt/stack/neutron/neutron/api/extensions.py:415}}
Feb 17 20:36:54.989998 np0000156161 devstack@neutron-api.service[103504]: DEBUG neutron_lib.callbacks.manager [None req-ed3f4eb4-8fef-4797-b4ce-6f1b7446fda8 None None] Subscribe: network precommit_update 55550000, False {{(pid=103504) subscribe /opt/stack/data/venv/lib/python3.12/site-packages/neutron_lib/callbacks/manager.py:52}}
Feb 17 20:36:54.989998 np0000156161 devstack@neutron-api.service[103504]: DEBUG neutron_lib.callbacks.manager [None req-ed3f4eb4-8fef-4797-b4ce-6f1b7446fda8 None None] Subscribe: network precommit_create 55550000, False {{(pid=103504) subscribe /opt/stack/data/venv/lib/python3.12/site-packages/neutron_lib/callbacks/manager.py:52}}
Feb 17 20:36:54.990101 np0000156161 devstack@neutron-api.service[103507]: INFO neutron.api.extensions [None req-d4f2efc8-c570-404a-a8ad-1d974892c783 None None] Loaded extension: l3-ha
Feb 17 20:36:54.990160 np0000156161 devstack@neutron-api.service[103506]: DEBUG neutron.api.extensions [None req-f38e2821-2581-4de5-bc0c-5615c7c137e6 None None] Ext name="IP address substring filtering" alias="ip-substring-filtering" description="Provides IP address substring filtering when listing ports" updated="2017-11-28T09:00:00-00:00" {{(pid=103506) _check_extension /opt/stack/neutron/neutron/api/extensions.py:415}}
Feb 17 20:36:54.990256 np0000156161 devstack@neutron-api.service[103507]: DEBUG neutron.api.extensions [None req-d4f2efc8-c570-404a-a8ad-1d974892c783 None None] Loading extension file: l3_ext_ndp_proxy.py {{(pid=103507) _load_all_extensions_from_path /opt/stack/neutron/neutron/api/extensions.py:449}}
Feb 17 20:36:54.990319 np0000156161 devstack@neutron-api.service[103506]: INFO neutron.api.extensions [None req-f38e2821-2581-4de5-bc0c-5615c7c137e6 None None] Extension ip-substring-filtering not supported by any of loaded plugins
Feb 17 20:36:54.990467 np0000156161 devstack@neutron-api.service[103504]: DEBUG neutron.manager [None req-ed3f4eb4-8fef-4797-b4ce-6f1b7446fda8 None None] Successfully loaded auto-allocated-topology plugin. Description: Auto Allocated Topology - aka get me a network. {{(pid=103504) _create_and_add_service_plugin /opt/stack/neutron/neutron/manager.py:229}}
Feb 17 20:36:54.990544 np0000156161 devstack@neutron-api.service[103506]: DEBUG neutron.api.extensions [None req-f38e2821-2581-4de5-bc0c-5615c7c137e6 None None] Loading extension file: l2_adjacency.py {{(pid=103506) _load_all_extensions_from_path /opt/stack/neutron/neutron/api/extensions.py:449}}
Feb 17 20:36:54.990626 np0000156161 devstack@neutron-api.service[103504]: INFO neutron.manager [None req-ed3f4eb4-8fef-4797-b4ce-6f1b7446fda8 None None] Loading Plugin: tag
Feb 17 20:36:54.990698 np0000156161 devstack@neutron-api.service[103507]: DEBUG neutron.api.extensions [None req-d4f2efc8-c570-404a-a8ad-1d974892c783 None None] Ext name="Router support to enable NDP proxy" alias="l3-ext-ndp-proxy" description="Router extension to enable ndp proxy" updated="2020-08-25T00:00:00-00:00" {{(pid=103507) _check_extension /opt/stack/neutron/neutron/api/extensions.py:415}}
Feb 17 20:36:54.990784 np0000156161 devstack@neutron-api.service[103506]: DEBUG neutron.api.extensions [None req-f38e2821-2581-4de5-bc0c-5615c7c137e6 None None] Ext name="L2 Adjacency" alias="l2_adjacency" description="Display L2 Adjacency for Neutron Networks." updated="2016-04-12T16:00:00-00:00" {{(pid=103506) _check_extension /opt/stack/neutron/neutron/api/extensions.py:415}}
Feb 17 20:36:54.990961 np0000156161 devstack@neutron-api.service[103507]: INFO neutron.api.extensions [None req-d4f2efc8-c570-404a-a8ad-1d974892c783 None None] Extension l3-ext-ndp-proxy not supported by any of loaded plugins
Feb 17 20:36:54.990961 np0000156161 devstack@neutron-api.service[103507]: DEBUG neutron.api.extensions [None req-d4f2efc8-c570-404a-a8ad-1d974892c783 None None] Loading extension file: l3_extra_gws.py {{(pid=103507) _load_all_extensions_from_path /opt/stack/neutron/neutron/api/extensions.py:449}}
Feb 17 20:36:54.991096 np0000156161 devstack@neutron-api.service[103506]: INFO neutron.api.extensions [None req-f38e2821-2581-4de5-bc0c-5615c7c137e6 None None] Extension l2_adjacency not supported by any of loaded plugins
Feb 17 20:36:54.991096 np0000156161 devstack@neutron-api.service[103506]: DEBUG neutron.api.extensions [None req-f38e2821-2581-4de5-bc0c-5615c7c137e6 None None] Loading extension file: l3.py {{(pid=103506) _load_all_extensions_from_path /opt/stack/neutron/neutron/api/extensions.py:449}}
Feb 17 20:36:54.991227 np0000156161 devstack@neutron-api.service[103507]: DEBUG neutron.api.extensions [None req-d4f2efc8-c570-404a-a8ad-1d974892c783 None None] Ext name="Neutron L3 External Gateway Multihoming" alias="external-gateway-multihoming" description="Allow multiple external gateway ports per router" updated="2023-01-18T00:00:00-00:00" {{(pid=103507) _check_extension /opt/stack/neutron/neutron/api/extensions.py:415}}
Feb 17 20:36:54.991227 np0000156161 devstack@neutron-api.service[103507]: INFO neutron.api.extensions [None req-d4f2efc8-c570-404a-a8ad-1d974892c783 None None] Loaded extension: external-gateway-multihoming
Feb 17 20:36:54.991227 np0000156161 devstack@neutron-api.service[103507]: DEBUG neutron.api.extensions [None req-d4f2efc8-c570-404a-a8ad-1d974892c783 None None] Loading extension file: l3_flavors.py {{(pid=103507) _load_all_extensions_from_path /opt/stack/neutron/neutron/api/extensions.py:449}}
Feb 17 20:36:54.991348 np0000156161 devstack@neutron-api.service[103506]: DEBUG neutron.api.extensions [None req-f38e2821-2581-4de5-bc0c-5615c7c137e6 None None] Ext name="Neutron L3 Router" alias="router" description="Router abstraction for basic L3 forwarding between L2 Neutron networks and access to external networks via a NAT gateway." updated="2012-07-20T10:00:00-00:00" {{(pid=103506) _check_extension /opt/stack/neutron/neutron/api/extensions.py:415}}
