Feb 17 20:37:26.646042 np0000156161 systemd[1]: Starting devstack@n-api-meta.service - Devstack devstack@n-api-meta.service...
Feb 17 20:37:26.654962 np0000156161 devstack@n-api-meta.service[108594]: [uWSGI] getting INI configuration from /etc/nova/nova-metadata-uwsgi.ini
Feb 17 20:37:26.655531 np0000156161 devstack@n-api-meta.service[108594]: open("./http_plugin.so"): No such file or directory [core/utils.c line 3709]
Feb 17 20:37:26.655531 np0000156161 devstack@n-api-meta.service[108594]: !!! UNABLE to load uWSGI plugin: ./http_plugin.so: cannot open shared object file: No such file or directory !!!
Feb 17 20:37:26.655531 np0000156161 devstack@n-api-meta.service[108594]: open("./python3_plugin.so"): No such file or directory [core/utils.c line 3709]
Feb 17 20:37:26.655531 np0000156161 devstack@n-api-meta.service[108594]: !!! UNABLE to load uWSGI plugin: ./python3_plugin.so: cannot open shared object file: No such file or directory !!!
Feb 17 20:37:26.655531 np0000156161 devstack@n-api-meta.service[108594]: *** Starting uWSGI 2.0.31 (64bit) on [Tue Feb 17 20:37:26 2026] ***
Feb 17 20:37:26.655531 np0000156161 devstack@n-api-meta.service[108594]: compiled with version: 13.3.0 on 17 February 2026 20:27:36
Feb 17 20:37:26.655531 np0000156161 devstack@n-api-meta.service[108594]: os: Linux-6.8.0-100-generic #100-Ubuntu SMP PREEMPT_DYNAMIC Tue Jan 13 16:40:06 UTC 2026
Feb 17 20:37:26.655531 np0000156161 devstack@n-api-meta.service[108594]: nodename: np0000156161
Feb 17 20:37:26.655531 np0000156161 devstack@n-api-meta.service[108594]: machine: x86_64
Feb 17 20:37:26.655531 np0000156161 devstack@n-api-meta.service[108594]: clock source: unix
Feb 17 20:37:26.655531 np0000156161 devstack@n-api-meta.service[108594]: pcre jit disabled
Feb 17 20:37:26.655531 np0000156161 devstack@n-api-meta.service[108594]: detected number of CPU cores: 16
Feb 17 20:37:26.655531 np0000156161 devstack@n-api-meta.service[108594]: current working directory: /
Feb 17 20:37:26.655531 np0000156161 devstack@n-api-meta.service[108594]: detected binary path: /opt/stack/data/venv/bin/uwsgi
Feb 17 20:37:26.655531 np0000156161 devstack@n-api-meta.service[108594]: your processes number limit is 256923
Feb 17 20:37:26.655531 np0000156161 devstack@n-api-meta.service[108594]: your memory page size is 4096 bytes
Feb 17 20:37:26.655531 np0000156161 devstack@n-api-meta.service[108594]: detected max file descriptor number: 2048
Feb 17 20:37:26.655531 np0000156161 devstack@n-api-meta.service[108594]: lock engine: pthread robust mutexes
Feb 17 20:37:26.655531 np0000156161 devstack@n-api-meta.service[108594]: thunder lock: enabled
Feb 17 20:37:26.656483 np0000156161 devstack@n-api-meta.service[108594]: uWSGI http bound on 0.0.0.0:8775 fd 5
Feb 17 20:37:26.656483 np0000156161 devstack@n-api-meta.service[108594]: uwsgi socket 0 bound to TCP address 127.0.0.1:35719 (port auto-assigned) fd 4
Feb 17 20:37:26.656483 np0000156161 devstack@n-api-meta.service[108594]: Python version: 3.12.3 (main, Jan 22 2026, 20:57:42) [GCC 13.3.0]
Feb 17 20:37:26.656483 np0000156161 devstack@n-api-meta.service[108594]: PEP 405 virtualenv detected: /opt/stack/data/venv
Feb 17 20:37:26.656483 np0000156161 devstack@n-api-meta.service[108594]: Set PythonHome to /opt/stack/data/venv
Feb 17 20:37:26.691210 np0000156161 devstack@n-api-meta.service[108594]: Python main interpreter initialized at 0x7c14272a3668
Feb 17 20:37:26.691210 np0000156161 devstack@n-api-meta.service[108594]: python threads support enabled
Feb 17 20:37:26.691210 np0000156161 devstack@n-api-meta.service[108594]: your server socket listen backlog is limited to 100 connections
Feb 17 20:37:26.691210 np0000156161 devstack@n-api-meta.service[108594]: your mercy for graceful operations on workers is 80 seconds
Feb 17 20:37:26.691738 np0000156161 devstack@n-api-meta.service[108594]: mapped 671795 bytes (656 KB) for 4 cores
Feb 17 20:37:26.691873 np0000156161 devstack@n-api-meta.service[108594]: *** Operational MODE: preforking ***
Feb 17 20:37:26.692052 np0000156161 devstack@n-api-meta.service[108594]: *** uWSGI is running in multiple interpreter mode ***
Feb 17 20:37:26.692052 np0000156161 devstack@n-api-meta.service[108594]: spawned uWSGI master process (pid: 108594)
Feb 17 20:37:26.692194 np0000156161 systemd[1]: Started devstack@n-api-meta.service - Devstack devstack@n-api-meta.service.
Feb 17 20:37:26.692655 np0000156161 devstack@n-api-meta.service[108594]: spawned uWSGI worker 1 (pid: 108595, cores: 1)
Feb 17 20:37:26.693135 np0000156161 devstack@n-api-meta.service[108594]: spawned uWSGI worker 2 (pid: 108596, cores: 1)
Feb 17 20:37:26.693614 np0000156161 devstack@n-api-meta.service[108594]: spawned uWSGI worker 3 (pid: 108597, cores: 1)
Feb 17 20:37:26.694242 np0000156161 devstack@n-api-meta.service[108594]: spawned uWSGI worker 4 (pid: 108598, cores: 1)
Feb 17 20:37:26.694704 np0000156161 devstack@n-api-meta.service[108594]: spawned uWSGI http 1 (pid: 108599)
Feb 17 20:37:26.694704 np0000156161 devstack@n-api-meta.service[108594]: running "unix_signal:15 gracefully_kill_them_all" (master-start)...
Feb 17 20:37:27.032625 np0000156161 devstack@n-api-meta.service[108597]: Service is starting with native threading. This is currently experimental. Do not use it in production without first testing it in pre-production.
Feb 17 20:37:27.039417 np0000156161 devstack@n-api-meta.service[108596]: Service is starting with native threading. This is currently experimental. Do not use it in production without first testing it in pre-production.
Feb 17 20:37:27.043141 np0000156161 devstack@n-api-meta.service[108598]: Service is starting with native threading. This is currently experimental. Do not use it in production without first testing it in pre-production.
Feb 17 20:37:27.046943 np0000156161 devstack@n-api-meta.service[108595]: Service is starting with native threading. This is currently experimental. Do not use it in production without first testing it in pre-production.
Feb 17 20:37:28.384837 np0000156161 devstack@n-api-meta.service[108597]: INFO dbcounter [None req-851880b9-9716-4ed3-bde7-55e44ce657ea None None] Registered counter for database nova_api
Feb 17 20:37:28.401631 np0000156161 devstack@n-api-meta.service[108597]: DEBUG oslo_db.sqlalchemy.engines [None req-851880b9-9716-4ed3-bde7-55e44ce657ea None None] MySQL server mode set to STRICT_TRANS_TABLES,STRICT_ALL_TABLES,NO_ZERO_IN_DATE,NO_ZERO_DATE,ERROR_FOR_DIVISION_BY_ZERO,TRADITIONAL,NO_ENGINE_SUBSTITUTION {{(pid=108597) _check_effective_sql_mode /opt/stack/data/venv/lib/python3.12/site-packages/oslo_db/sqlalchemy/engines.py:325}}
Feb 17 20:37:28.415663 np0000156161 devstack@n-api-meta.service[108598]: INFO dbcounter [None req-5ee3ef31-4479-4743-950c-0427752ae618 None None] Registered counter for database nova_api
Feb 17 20:37:28.423801 np0000156161 devstack@n-api-meta.service[108596]: INFO dbcounter [None req-3134c978-991f-4230-99c8-5f72c9f943c0 None None] Registered counter for database nova_api
Feb 17 20:37:28.434592 np0000156161 devstack@n-api-meta.service[108598]: DEBUG oslo_db.sqlalchemy.engines [None req-5ee3ef31-4479-4743-950c-0427752ae618 None None] MySQL server mode set to STRICT_TRANS_TABLES,STRICT_ALL_TABLES,NO_ZERO_IN_DATE,NO_ZERO_DATE,ERROR_FOR_DIVISION_BY_ZERO,TRADITIONAL,NO_ENGINE_SUBSTITUTION {{(pid=108598) _check_effective_sql_mode /opt/stack/data/venv/lib/python3.12/site-packages/oslo_db/sqlalchemy/engines.py:325}}
Feb 17 20:37:28.435326 np0000156161 devstack@n-api-meta.service[108597]: DEBUG dbcounter [-] [108597] Writer thread running {{(pid=108597) stat_writer /opt/stack/data/venv/lib/python3.12/site-packages/dbcounter.py:102}}
Feb 17 20:37:28.437461 np0000156161 devstack@n-api-meta.service[108597]: DEBUG nova.context [None req-851880b9-9716-4ed3-bde7-55e44ce657ea None None] Found 2 cells: 00000000-0000-0000-0000-000000000000(cell0),67d502ee-4615-4596-8762-28101223da15(cell1) {{(pid=108597) load_cells /opt/stack/nova/nova/context.py:509}}
Feb 17 20:37:28.437690 np0000156161 devstack@n-api-meta.service[108597]: INFO nova.utils [None req-851880b9-9716-4ed3-bde7-55e44ce657ea None None] The cell worker thread pool MainProcess.cell_worker is initialized
Feb 17 20:37:28.439351 np0000156161 devstack@n-api-meta.service[108597]: DEBUG oslo_concurrency.lockutils [None req-851880b9-9716-4ed3-bde7-55e44ce657ea None None] Acquiring lock "00000000-0000-0000-0000-000000000000" by "nova.context.set_target_cell..get_or_set_cached_cell_and_set_connections" {{(pid=108597) inner /opt/stack/data/venv/lib/python3.12/site-packages/oslo_concurrency/lockutils.py:506}}
Feb 17 20:37:28.439506 np0000156161 devstack@n-api-meta.service[108597]: DEBUG oslo_concurrency.lockutils [None req-851880b9-9716-4ed3-bde7-55e44ce657ea None None] Lock "00000000-0000-0000-0000-000000000000" acquired by "nova.context.set_target_cell..get_or_set_cached_cell_and_set_connections" :: waited 0.000s {{(pid=108597) inner /opt/stack/data/venv/lib/python3.12/site-packages/oslo_concurrency/lockutils.py:519}}
Feb 17 20:37:28.439859 np0000156161 devstack@n-api-meta.service[108597]: DEBUG oslo_concurrency.lockutils [None req-851880b9-9716-4ed3-bde7-55e44ce657ea None None] Lock "00000000-0000-0000-0000-000000000000" "released" by "nova.context.set_target_cell..get_or_set_cached_cell_and_set_connections" :: held 0.000s {{(pid=108597) inner /opt/stack/data/venv/lib/python3.12/site-packages/oslo_concurrency/lockutils.py:538}}
Feb 17 20:37:28.440496 np0000156161 devstack@n-api-meta.service[108597]: DEBUG oslo_concurrency.lockutils [None req-851880b9-9716-4ed3-bde7-55e44ce657ea None None] Acquiring lock "67d502ee-4615-4596-8762-28101223da15" by "nova.context.set_target_cell..get_or_set_cached_cell_and_set_connections" {{(pid=108597) inner /opt/stack/data/venv/lib/python3.12/site-packages/oslo_concurrency/lockutils.py:506}}
Feb 17 20:37:28.440647 np0000156161 devstack@n-api-meta.service[108597]: DEBUG oslo_concurrency.lockutils [None req-851880b9-9716-4ed3-bde7-55e44ce657ea None None] Lock "67d502ee-4615-4596-8762-28101223da15" acquired by "nova.context.set_target_cell..get_or_set_cached_cell_and_set_connections" :: waited 0.000s {{(pid=108597) inner /opt/stack/data/venv/lib/python3.12/site-packages/oslo_concurrency/lockutils.py:519}}
Feb 17 20:37:28.441425 np0000156161 devstack@n-api-meta.service[108597]: DEBUG oslo_concurrency.lockutils [None req-851880b9-9716-4ed3-bde7-55e44ce657ea None None] Lock "67d502ee-4615-4596-8762-28101223da15" "released" by "nova.context.set_target_cell..get_or_set_cached_cell_and_set_connections" :: held 0.001s {{(pid=108597) inner /opt/stack/data/venv/lib/python3.12/site-packages/oslo_concurrency/lockutils.py:538}}
Feb 17 20:37:28.441498 np0000156161 devstack@n-api-meta.service[108596]: DEBUG oslo_db.sqlalchemy.engines [None req-3134c978-991f-4230-99c8-5f72c9f943c0 None None] MySQL server mode set to STRICT_TRANS_TABLES,STRICT_ALL_TABLES,NO_ZERO_IN_DATE,NO_ZERO_DATE,ERROR_FOR_DIVISION_BY_ZERO,TRADITIONAL,NO_ENGINE_SUBSTITUTION {{(pid=108596) _check_effective_sql_mode /opt/stack/data/venv/lib/python3.12/site-packages/oslo_db/sqlalchemy/engines.py:325}}
Feb 17 20:37:28.444530 np0000156161 devstack@n-api-meta.service[108597]: INFO dbcounter [None req-851880b9-9716-4ed3-bde7-55e44ce657ea None None] Registered counter for database nova_cell0
Feb 17 20:37:28.450319 np0000156161 devstack@n-api-meta.service[108597]: INFO dbcounter [None req-851880b9-9716-4ed3-bde7-55e44ce657ea None None] Registered counter for database nova_cell1
Feb 17 20:37:28.460472 np0000156161 devstack@n-api-meta.service[108597]: DEBUG oslo_db.sqlalchemy.engines [None req-851880b9-9716-4ed3-bde7-55e44ce657ea None None] MySQL server mode set to STRICT_TRANS_TABLES,STRICT_ALL_TABLES,NO_ZERO_IN_DATE,NO_ZERO_DATE,ERROR_FOR_DIVISION_BY_ZERO,TRADITIONAL,NO_ENGINE_SUBSTITUTION {{(pid=108597) _check_effective_sql_mode /opt/stack/data/venv/lib/python3.12/site-packages/oslo_db/sqlalchemy/engines.py:325}}
Feb 17 20:37:28.469247 np0000156161 devstack@n-api-meta.service[108595]: INFO dbcounter [None req-8ecab150-acfc-4266-9da0-81f8387fe9d0 None None] Registered counter for database nova_api
Feb 17 20:37:28.471914 np0000156161 devstack@n-api-meta.service[108597]: DEBUG oslo_db.sqlalchemy.engines [None req-851880b9-9716-4ed3-bde7-55e44ce657ea None None] MySQL server mode set to STRICT_TRANS_TABLES,STRICT_ALL_TABLES,NO_ZERO_IN_DATE,NO_ZERO_DATE,ERROR_FOR_DIVISION_BY_ZERO,TRADITIONAL,NO_ENGINE_SUBSTITUTION {{(pid=108597) _check_effective_sql_mode /opt/stack/data/venv/lib/python3.12/site-packages/oslo_db/sqlalchemy/engines.py:325}}
Feb 17 20:37:28.472326 np0000156161 devstack@n-api-meta.service[108598]: DEBUG dbcounter [-] [108598] Writer thread running {{(pid=108598) stat_writer /opt/stack/data/venv/lib/python3.12/site-packages/dbcounter.py:102}}
Feb 17 20:37:28.474794 np0000156161 devstack@n-api-meta.service[108598]: DEBUG nova.context [None req-5ee3ef31-4479-4743-950c-0427752ae618 None None] Found 2 cells: 00000000-0000-0000-0000-000000000000(cell0),67d502ee-4615-4596-8762-28101223da15(cell1) {{(pid=108598) load_cells /opt/stack/nova/nova/context.py:509}}
Feb 17 20:37:28.475012 np0000156161 devstack@n-api-meta.service[108598]: INFO nova.utils [None req-5ee3ef31-4479-4743-950c-0427752ae618 None None] The cell worker thread pool MainProcess.cell_worker is initialized
Feb 17 20:37:28.476328 np0000156161 devstack@n-api-meta.service[108596]: DEBUG dbcounter [-] [108596] Writer thread running {{(pid=108596) stat_writer /opt/stack/data/venv/lib/python3.12/site-packages/dbcounter.py:102}}
Feb 17 20:37:28.476713 np0000156161 devstack@n-api-meta.service[108598]: DEBUG oslo_concurrency.lockutils [None req-5ee3ef31-4479-4743-950c-0427752ae618 None None] Acquiring lock "00000000-0000-0000-0000-000000000000" by "nova.context.set_target_cell..get_or_set_cached_cell_and_set_connections" {{(pid=108598) inner /opt/stack/data/venv/lib/python3.12/site-packages/oslo_concurrency/lockutils.py:506}}
Feb 17 20:37:28.476885 np0000156161 devstack@n-api-meta.service[108598]: DEBUG oslo_concurrency.lockutils [None req-5ee3ef31-4479-4743-950c-0427752ae618 None None] Lock "00000000-0000-0000-0000-000000000000" acquired by "nova.context.set_target_cell..get_or_set_cached_cell_and_set_connections" :: waited 0.000s {{(pid=108598) inner /opt/stack/data/venv/lib/python3.12/site-packages/oslo_concurrency/lockutils.py:519}}
Feb 17 20:37:28.477241 np0000156161 devstack@n-api-meta.service[108598]: DEBUG oslo_concurrency.lockutils [None req-5ee3ef31-4479-4743-950c-0427752ae618 None None] Lock "00000000-0000-0000-0000-000000000000" "released" by "nova.context.set_target_cell..get_or_set_cached_cell_and_set_connections" :: held 0.000s {{(pid=108598) inner /opt/stack/data/venv/lib/python3.12/site-packages/oslo_concurrency/lockutils.py:538}}
Feb 17 20:37:28.477845 np0000156161 devstack@n-api-meta.service[108598]: DEBUG oslo_concurrency.lockutils [None req-5ee3ef31-4479-4743-950c-0427752ae618 None None] Acquiring lock "67d502ee-4615-4596-8762-28101223da15" by "nova.context.set_target_cell..get_or_set_cached_cell_and_set_connections" {{(pid=108598) inner /opt/stack/data/venv/lib/python3.12/site-packages/oslo_concurrency/lockutils.py:506}}
Feb 17 20:37:28.477987 np0000156161 devstack@n-api-meta.service[108598]: DEBUG oslo_concurrency.lockutils [None req-5ee3ef31-4479-4743-950c-0427752ae618 None None] Lock "67d502ee-4615-4596-8762-28101223da15" acquired by "nova.context.set_target_cell..get_or_set_cached_cell_and_set_connections" :: waited 0.000s {{(pid=108598) inner /opt/stack/data/venv/lib/python3.12/site-packages/oslo_concurrency/lockutils.py:519}}
Feb 17 20:37:28.478872 np0000156161 devstack@n-api-meta.service[108598]: DEBUG oslo_concurrency.lockutils [None req-5ee3ef31-4479-4743-950c-0427752ae618 None None] Lock "67d502ee-4615-4596-8762-28101223da15" "released" by "nova.context.set_target_cell..get_or_set_cached_cell_and_set_connections" :: held 0.001s {{(pid=108598) inner /opt/stack/data/venv/lib/python3.12/site-packages/oslo_concurrency/lockutils.py:538}}
Feb 17 20:37:28.478951 np0000156161 devstack@n-api-meta.service[108596]: DEBUG nova.context [None req-3134c978-991f-4230-99c8-5f72c9f943c0 None None] Found 2 cells: 00000000-0000-0000-0000-000000000000(cell0),67d502ee-4615-4596-8762-28101223da15(cell1) {{(pid=108596) load_cells /opt/stack/nova/nova/context.py:509}}
Feb 17 20:37:28.479108 np0000156161 devstack@n-api-meta.service[108596]: INFO nova.utils [None req-3134c978-991f-4230-99c8-5f72c9f943c0 None None] The cell worker thread pool MainProcess.cell_worker is initialized
Feb 17 20:37:28.480844 np0000156161 devstack@n-api-meta.service[108596]: DEBUG oslo_concurrency.lockutils [None req-3134c978-991f-4230-99c8-5f72c9f943c0 None None] Acquiring lock "00000000-0000-0000-0000-000000000000" by "nova.context.set_target_cell..get_or_set_cached_cell_and_set_connections" {{(pid=108596) inner /opt/stack/data/venv/lib/python3.12/site-packages/oslo_concurrency/lockutils.py:506}}
Feb 17 20:37:28.481013 np0000156161 devstack@n-api-meta.service[108596]: DEBUG oslo_concurrency.lockutils [None req-3134c978-991f-4230-99c8-5f72c9f943c0 None None] Lock "00000000-0000-0000-0000-000000000000" acquired by "nova.context.set_target_cell..get_or_set_cached_cell_and_set_connections" :: waited 0.000s {{(pid=108596) inner /opt/stack/data/venv/lib/python3.12/site-packages/oslo_concurrency/lockutils.py:519}}
Feb 17 20:37:28.481088 np0000156161 devstack@n-api-meta.service[108598]: INFO dbcounter [None req-5ee3ef31-4479-4743-950c-0427752ae618 None None] Registered counter for database nova_cell0
Feb 17 20:37:28.481370 np0000156161 devstack@n-api-meta.service[108596]: DEBUG oslo_concurrency.lockutils [None req-3134c978-991f-4230-99c8-5f72c9f943c0 None None] Lock "00000000-0000-0000-0000-000000000000" "released" by "nova.context.set_target_cell..get_or_set_cached_cell_and_set_connections" :: held 0.000s {{(pid=108596) inner /opt/stack/data/venv/lib/python3.12/site-packages/oslo_concurrency/lockutils.py:538}}
Feb 17 20:37:28.482183 np0000156161 devstack@n-api-meta.service[108596]: DEBUG oslo_concurrency.lockutils [None req-3134c978-991f-4230-99c8-5f72c9f943c0 None None] Acquiring lock "67d502ee-4615-4596-8762-28101223da15" by "nova.context.set_target_cell..get_or_set_cached_cell_and_set_connections" {{(pid=108596) inner /opt/stack/data/venv/lib/python3.12/site-packages/oslo_concurrency/lockutils.py:506}}
Feb 17 20:37:28.482329 np0000156161 devstack@n-api-meta.service[108596]: DEBUG oslo_concurrency.lockutils [None req-3134c978-991f-4230-99c8-5f72c9f943c0 None None] Lock "67d502ee-4615-4596-8762-28101223da15" acquired by "nova.context.set_target_cell..get_or_set_cached_cell_and_set_connections" :: waited 0.000s {{(pid=108596) inner /opt/stack/data/venv/lib/python3.12/site-packages/oslo_concurrency/lockutils.py:519}}
Feb 17 20:37:28.483189 np0000156161 devstack@n-api-meta.service[108596]: DEBUG oslo_concurrency.lockutils [None req-3134c978-991f-4230-99c8-5f72c9f943c0 None None] Lock "67d502ee-4615-4596-8762-28101223da15" "released" by "nova.context.set_target_cell..get_or_set_cached_cell_and_set_connections" :: held 0.001s {{(pid=108596) inner /opt/stack/data/venv/lib/python3.12/site-packages/oslo_concurrency/lockutils.py:538}}
Feb 17 20:37:28.483833 np0000156161 devstack@n-api-meta.service[108595]: DEBUG oslo_db.sqlalchemy.engines [None req-8ecab150-acfc-4266-9da0-81f8387fe9d0 None None] MySQL server mode set to STRICT_TRANS_TABLES,STRICT_ALL_TABLES,NO_ZERO_IN_DATE,NO_ZERO_DATE,ERROR_FOR_DIVISION_BY_ZERO,TRADITIONAL,NO_ENGINE_SUBSTITUTION {{(pid=108595) _check_effective_sql_mode /opt/stack/data/venv/lib/python3.12/site-packages/oslo_db/sqlalchemy/engines.py:325}}
Feb 17 20:37:28.486579 np0000156161 devstack@n-api-meta.service[108598]: INFO dbcounter [None req-5ee3ef31-4479-4743-950c-0427752ae618 None None] Registered counter for database nova_cell1
Feb 17 20:37:28.487010 np0000156161 devstack@n-api-meta.service[108596]: INFO dbcounter [None req-3134c978-991f-4230-99c8-5f72c9f943c0 None None] Registered counter for database nova_cell0
Feb 17 20:37:28.492019 np0000156161 devstack@n-api-meta.service[108596]: INFO dbcounter [None req-3134c978-991f-4230-99c8-5f72c9f943c0 None None] Registered counter for database nova_cell1
Feb 17 20:37:28.500964 np0000156161 devstack@n-api-meta.service[108598]: DEBUG oslo_db.sqlalchemy.engines [None req-5ee3ef31-4479-4743-950c-0427752ae618 None None] MySQL server mode set to STRICT_TRANS_TABLES,STRICT_ALL_TABLES,NO_ZERO_IN_DATE,NO_ZERO_DATE,ERROR_FOR_DIVISION_BY_ZERO,TRADITIONAL,NO_ENGINE_SUBSTITUTION {{(pid=108598) _check_effective_sql_mode /opt/stack/data/venv/lib/python3.12/site-packages/oslo_db/sqlalchemy/engines.py:325}}
Feb 17 20:37:28.511824 np0000156161 devstack@n-api-meta.service[108598]: DEBUG oslo_db.sqlalchemy.engines [None req-5ee3ef31-4479-4743-950c-0427752ae618 None None] MySQL server mode set to STRICT_TRANS_TABLES,STRICT_ALL_TABLES,NO_ZERO_IN_DATE,NO_ZERO_DATE,ERROR_FOR_DIVISION_BY_ZERO,TRADITIONAL,NO_ENGINE_SUBSTITUTION {{(pid=108598) _check_effective_sql_mode /opt/stack/data/venv/lib/python3.12/site-packages/oslo_db/sqlalchemy/engines.py:325}}
Feb 17 20:37:28.515256 np0000156161 devstack@n-api-meta.service[108596]: DEBUG oslo_db.sqlalchemy.engines [None req-3134c978-991f-4230-99c8-5f72c9f943c0 None None] MySQL server mode set to STRICT_TRANS_TABLES,STRICT_ALL_TABLES,NO_ZERO_IN_DATE,NO_ZERO_DATE,ERROR_FOR_DIVISION_BY_ZERO,TRADITIONAL,NO_ENGINE_SUBSTITUTION {{(pid=108596) _check_effective_sql_mode /opt/stack/data/venv/lib/python3.12/site-packages/oslo_db/sqlalchemy/engines.py:325}}
Feb 17 20:37:28.518372 np0000156161 devstack@n-api-meta.service[108595]: DEBUG dbcounter [-] [108595] Writer thread running {{(pid=108595) stat_writer /opt/stack/data/venv/lib/python3.12/site-packages/dbcounter.py:102}}
Feb 17 20:37:28.521535 np0000156161 devstack@n-api-meta.service[108595]: DEBUG nova.context [None req-8ecab150-acfc-4266-9da0-81f8387fe9d0 None None] Found 2 cells: 00000000-0000-0000-0000-000000000000(cell0),67d502ee-4615-4596-8762-28101223da15(cell1) {{(pid=108595) load_cells /opt/stack/nova/nova/context.py:509}}
Feb 17 20:37:28.521799 np0000156161 devstack@n-api-meta.service[108595]: INFO nova.utils [None req-8ecab150-acfc-4266-9da0-81f8387fe9d0 None None] The cell worker thread pool MainProcess.cell_worker is initialized
Feb 17 20:37:28.523756 np0000156161 devstack@n-api-meta.service[108595]: DEBUG oslo_concurrency.lockutils [None req-8ecab150-acfc-4266-9da0-81f8387fe9d0 None None] Acquiring lock "00000000-0000-0000-0000-000000000000" by "nova.context.set_target_cell..get_or_set_cached_cell_and_set_connections" {{(pid=108595) inner /opt/stack/data/venv/lib/python3.12/site-packages/oslo_concurrency/lockutils.py:506}}
Feb 17 20:37:28.523945 np0000156161 devstack@n-api-meta.service[108595]: DEBUG oslo_concurrency.lockutils [None req-8ecab150-acfc-4266-9da0-81f8387fe9d0 None None] Lock "00000000-0000-0000-0000-000000000000" acquired by "nova.context.set_target_cell..get_or_set_cached_cell_and_set_connections" :: waited 0.000s {{(pid=108595) inner /opt/stack/data/venv/lib/python3.12/site-packages/oslo_concurrency/lockutils.py:519}}
Feb 17 20:37:28.524280 np0000156161 devstack@n-api-meta.service[108595]: DEBUG oslo_concurrency.lockutils [None req-8ecab150-acfc-4266-9da0-81f8387fe9d0 None None] Lock "00000000-0000-0000-0000-000000000000" "released" by "nova.context.set_target_cell..get_or_set_cached_cell_and_set_connections" :: held 0.000s {{(pid=108595) inner /opt/stack/data/venv/lib/python3.12/site-packages/oslo_concurrency/lockutils.py:538}}
Feb 17 20:37:28.525043 np0000156161 devstack@n-api-meta.service[108595]: DEBUG oslo_concurrency.lockutils [None req-8ecab150-acfc-4266-9da0-81f8387fe9d0 None None] Acquiring lock "67d502ee-4615-4596-8762-28101223da15" by "nova.context.set_target_cell..get_or_set_cached_cell_and_set_connections" {{(pid=108595) inner /opt/stack/data/venv/lib/python3.12/site-packages/oslo_concurrency/lockutils.py:506}}
Feb 17 20:37:28.525195 np0000156161 devstack@n-api-meta.service[108595]: DEBUG oslo_concurrency.lockutils [None req-8ecab150-acfc-4266-9da0-81f8387fe9d0 None None] Lock "67d502ee-4615-4596-8762-28101223da15" acquired by "nova.context.set_target_cell..get_or_set_cached_cell_and_set_connections" :: waited 0.000s {{(pid=108595) inner /opt/stack/data/venv/lib/python3.12/site-packages/oslo_concurrency/lockutils.py:519}}
Feb 17 20:37:28.526278 np0000156161 devstack@n-api-meta.service[108595]: DEBUG oslo_concurrency.lockutils [None req-8ecab150-acfc-4266-9da0-81f8387fe9d0 None None] Lock "67d502ee-4615-4596-8762-28101223da15" "released" by "nova.context.set_target_cell..get_or_set_cached_cell_and_set_connections" :: held 0.001s {{(pid=108595) inner /opt/stack/data/venv/lib/python3.12/site-packages/oslo_concurrency/lockutils.py:538}}
Feb 17 20:37:28.526892 np0000156161 devstack@n-api-meta.service[108596]: DEBUG oslo_db.sqlalchemy.engines [None req-3134c978-991f-4230-99c8-5f72c9f943c0 None None] MySQL server mode set to STRICT_TRANS_TABLES,STRICT_ALL_TABLES,NO_ZERO_IN_DATE,NO_ZERO_DATE,ERROR_FOR_DIVISION_BY_ZERO,TRADITIONAL,NO_ENGINE_SUBSTITUTION {{(pid=108596) _check_effective_sql_mode /opt/stack/data/venv/lib/python3.12/site-packages/oslo_db/sqlalchemy/engines.py:325}}
Feb 17 20:37:28.529417 np0000156161 devstack@n-api-meta.service[108595]: INFO dbcounter [None req-8ecab150-acfc-4266-9da0-81f8387fe9d0 None None] Registered counter for database nova_cell0
Feb 17 20:37:28.534289 np0000156161 devstack@n-api-meta.service[108595]: INFO dbcounter [None req-8ecab150-acfc-4266-9da0-81f8387fe9d0 None None] Registered counter for database nova_cell1
Feb 17 20:37:28.543427 np0000156161 devstack@n-api-meta.service[108595]: DEBUG oslo_db.sqlalchemy.engines [None req-8ecab150-acfc-4266-9da0-81f8387fe9d0 None None] MySQL server mode set to STRICT_TRANS_TABLES,STRICT_ALL_TABLES,NO_ZERO_IN_DATE,NO_ZERO_DATE,ERROR_FOR_DIVISION_BY_ZERO,TRADITIONAL,NO_ENGINE_SUBSTITUTION {{(pid=108595) _check_effective_sql_mode /opt/stack/data/venv/lib/python3.12/site-packages/oslo_db/sqlalchemy/engines.py:325}}
Feb 17 20:37:28.549264 np0000156161 devstack@n-api-meta.service[108595]: DEBUG oslo_db.sqlalchemy.engines [None req-8ecab150-acfc-4266-9da0-81f8387fe9d0 None None] MySQL server mode set to STRICT_TRANS_TABLES,STRICT_ALL_TABLES,NO_ZERO_IN_DATE,NO_ZERO_DATE,ERROR_FOR_DIVISION_BY_ZERO,TRADITIONAL,NO_ENGINE_SUBSTITUTION {{(pid=108595) _check_effective_sql_mode /opt/stack/data/venv/lib/python3.12/site-packages/oslo_db/sqlalchemy/engines.py:325}}
Feb 17 20:37:28.564163 np0000156161 devstack@n-api-meta.service[108597]: DEBUG dbcounter [-] [108597] Writer thread running {{(pid=108597) stat_writer /opt/stack/data/venv/lib/python3.12/site-packages/dbcounter.py:102}}
Feb 17 20:37:28.568731 np0000156161 devstack@n-api-meta.service[108597]: DEBUG dbcounter [-] [108597] Writer thread running {{(pid=108597) stat_writer /opt/stack/data/venv/lib/python3.12/site-packages/dbcounter.py:102}}
Feb 17 20:37:28.572687 np0000156161 devstack@n-api-meta.service[108597]: INFO dbcounter [None req-851880b9-9716-4ed3-bde7-55e44ce657ea None None] Registered counter for database nova_cell0
Feb 17 20:37:28.581689 np0000156161 devstack@n-api-meta.service[108597]: DEBUG oslo_db.sqlalchemy.engines [None req-851880b9-9716-4ed3-bde7-55e44ce657ea None None] MySQL server mode set to STRICT_TRANS_TABLES,STRICT_ALL_TABLES,NO_ZERO_IN_DATE,NO_ZERO_DATE,ERROR_FOR_DIVISION_BY_ZERO,TRADITIONAL,NO_ENGINE_SUBSTITUTION {{(pid=108597) _check_effective_sql_mode /opt/stack/data/venv/lib/python3.12/site-packages/oslo_db/sqlalchemy/engines.py:325}}
Feb 17 20:37:28.587199 np0000156161 devstack@n-api-meta.service[108597]: DEBUG dbcounter [-] [108597] Writer thread running {{(pid=108597) stat_writer /opt/stack/data/venv/lib/python3.12/site-packages/dbcounter.py:102}}
Feb 17 20:37:28.607146 np0000156161 devstack@n-api-meta.service[108598]: DEBUG dbcounter [-] [108598] Writer thread running {{(pid=108598) stat_writer /opt/stack/data/venv/lib/python3.12/site-packages/dbcounter.py:102}}
Feb 17 20:37:28.607986 np0000156161 devstack@n-api-meta.service[108598]: DEBUG dbcounter [-] [108598] Writer thread running {{(pid=108598) stat_writer /opt/stack/data/venv/lib/python3.12/site-packages/dbcounter.py:102}}
Feb 17 20:37:28.611023 np0000156161 devstack@n-api-meta.service[108596]: DEBUG dbcounter [-] [108596] Writer thread running {{(pid=108596) stat_writer /opt/stack/data/venv/lib/python3.12/site-packages/dbcounter.py:102}}
Feb 17 20:37:28.614279 np0000156161 devstack@n-api-meta.service[108598]: INFO dbcounter [None req-5ee3ef31-4479-4743-950c-0427752ae618 None None] Registered counter for database nova_cell0
Feb 17 20:37:28.619433 np0000156161 devstack@n-api-meta.service[108596]: DEBUG dbcounter [-] [108596] Writer thread running {{(pid=108596) stat_writer /opt/stack/data/venv/lib/python3.12/site-packages/dbcounter.py:102}}
Feb 17 20:37:28.622467 np0000156161 devstack@n-api-meta.service[108598]: DEBUG oslo_db.sqlalchemy.engines [None req-5ee3ef31-4479-4743-950c-0427752ae618 None None] MySQL server mode set to STRICT_TRANS_TABLES,STRICT_ALL_TABLES,NO_ZERO_IN_DATE,NO_ZERO_DATE,ERROR_FOR_DIVISION_BY_ZERO,TRADITIONAL,NO_ENGINE_SUBSTITUTION {{(pid=108598) _check_effective_sql_mode /opt/stack/data/venv/lib/python3.12/site-packages/oslo_db/sqlalchemy/engines.py:325}}
Feb 17 20:37:28.625518 np0000156161 devstack@n-api-meta.service[108596]: INFO dbcounter [None req-3134c978-991f-4230-99c8-5f72c9f943c0 None None] Registered counter for database nova_cell0
Feb 17 20:37:28.630240 np0000156161 devstack@n-api-meta.service[108598]: DEBUG dbcounter [-] [108598] Writer thread running {{(pid=108598) stat_writer /opt/stack/data/venv/lib/python3.12/site-packages/dbcounter.py:102}}
Feb 17 20:37:28.630811 np0000156161 devstack@n-api-meta.service[108597]: WARNING nova.api.metadata.handler [None req-851880b9-9716-4ed3-bde7-55e44ce657ea None None] metadata_proxy_shared_secret is not configured, the metadata information returned by the proxy cannot be trusted
Feb 17 20:37:28.633030 np0000156161 devstack@n-api-meta.service[108597]: DEBUG nova.api.openstack.wsgi_app [None req-851880b9-9716-4ed3-bde7-55e44ce657ea None None] ******************************************************************************** {{(pid=108597) log_opt_values /opt/stack/data/venv/lib/python3.12/site-packages/oslo_config/cfg.py:2804}}
Feb 17 20:37:28.633164 np0000156161 devstack@n-api-meta.service[108597]: DEBUG nova.api.openstack.wsgi_app [None req-851880b9-9716-4ed3-bde7-55e44ce657ea None None] Configuration options gathered from: {{(pid=108597) log_opt_values /opt/stack/data/venv/lib/python3.12/site-packages/oslo_config/cfg.py:2805}}
Feb 17 20:37:28.633270 np0000156161 devstack@n-api-meta.service[108597]: DEBUG nova.api.openstack.wsgi_app [None req-851880b9-9716-4ed3-bde7-55e44ce657ea None None] command line args: [] {{(pid=108597) log_opt_values /opt/stack/data/venv/lib/python3.12/site-packages/oslo_config/cfg.py:2806}}
Feb 17 20:37:28.633382 np0000156161 devstack@n-api-meta.service[108597]: DEBUG nova.api.openstack.wsgi_app [None req-851880b9-9716-4ed3-bde7-55e44ce657ea None None] config files: ['/etc/nova/api-paste.ini', '/etc/nova/nova.conf'] {{(pid=108597) log_opt_values /opt/stack/data/venv/lib/python3.12/site-packages/oslo_config/cfg.py:2807}}
Feb 17 20:37:28.633485 np0000156161 devstack@n-api-meta.service[108597]: DEBUG nova.api.openstack.wsgi_app [None req-851880b9-9716-4ed3-bde7-55e44ce657ea None None] ================================================================================ {{(pid=108597) log_opt_values /opt/stack/data/venv/lib/python3.12/site-packages/oslo_config/cfg.py:2809}}
Feb 17 20:37:28.633753 np0000156161 devstack@n-api-meta.service[108597]: DEBUG nova.api.openstack.wsgi_app [None req-851880b9-9716-4ed3-bde7-55e44ce657ea None None] allow_resize_to_same_host = True {{(pid=108597) log_opt_values /opt/stack/data/venv/lib/python3.12/site-packages/oslo_config/cfg.py:2817}}
Feb 17 20:37:28.633887 np0000156161 devstack@n-api-meta.service[108597]: DEBUG nova.api.openstack.wsgi_app [None req-851880b9-9716-4ed3-bde7-55e44ce657ea None None] arq_binding_timeout = 300 {{(pid=108597) log_opt_values /opt/stack/data/venv/lib/python3.12/site-packages/oslo_config/cfg.py:2817}}
Feb 17 20:37:28.634010 np0000156161 devstack@n-api-meta.service[108597]: DEBUG nova.api.openstack.wsgi_app [None req-851880b9-9716-4ed3-bde7-55e44ce657ea None None] block_device_allocate_retries = 60 {{(pid=108597) log_opt_values /opt/stack/data/venv/lib/python3.12/site-packages/oslo_config/cfg.py:2817}}
Feb 17 20:37:28.634153 np0000156161 devstack@n-api-meta.service[108597]: DEBUG nova.api.openstack.wsgi_app [None req-851880b9-9716-4ed3-bde7-55e44ce657ea None None] block_device_allocate_retries_interval = 3 {{(pid=108597) log_opt_values /opt/stack/data/venv/lib/python3.12/site-packages/oslo_config/cfg.py:2817}}
Feb 17 20:37:28.634267 np0000156161 devstack@n-api-meta.service[108597]: DEBUG nova.api.openstack.wsgi_app [None req-851880b9-9716-4ed3-bde7-55e44ce657ea None None] cell_worker_thread_pool_size = 5 {{(pid=108597) log_opt_values /opt/stack/data/venv/lib/python3.12/site-packages/oslo_config/cfg.py:2817}}
Feb 17 20:37:28.634409 np0000156161 devstack@n-api-meta.service[108597]: DEBUG nova.api.openstack.wsgi_app [None req-851880b9-9716-4ed3-bde7-55e44ce657ea None None] cert = self.pem {{(pid=108597) log_opt_values /opt/stack/data/venv/lib/python3.12/site-packages/oslo_config/cfg.py:2817}}
Feb 17 20:37:28.634534 np0000156161 devstack@n-api-meta.service[108597]: DEBUG nova.api.openstack.wsgi_app [None req-851880b9-9716-4ed3-bde7-55e44ce657ea None None] compute_driver = libvirt.LibvirtDriver {{(pid=108597) log_opt_values /opt/stack/data/venv/lib/python3.12/site-packages/oslo_config/cfg.py:2817}}
Feb 17 20:37:28.634669 np0000156161 devstack@n-api-meta.service[108597]: DEBUG nova.api.openstack.wsgi_app [None req-851880b9-9716-4ed3-bde7-55e44ce657ea None None] compute_monitors = [] {{(pid=108597) log_opt_values /opt/stack/data/venv/lib/python3.12/site-packages/oslo_config/cfg.py:2817}}
Feb 17 20:37:28.634821 np0000156161 devstack@n-api-meta.service[108597]: DEBUG nova.api.openstack.wsgi_app [None req-851880b9-9716-4ed3-bde7-55e44ce657ea None None] config_dir = [] {{(pid=108597) log_opt_values /opt/stack/data/venv/lib/python3.12/site-packages/oslo_config/cfg.py:2817}}
Feb 17 20:37:28.634956 np0000156161 devstack@n-api-meta.service[108597]: DEBUG nova.api.openstack.wsgi_app [None req-851880b9-9716-4ed3-bde7-55e44ce657ea None None] config_drive_format = iso9660 {{(pid=108597) log_opt_values /opt/stack/data/venv/lib/python3.12/site-packages/oslo_config/cfg.py:2817}}
Feb 17 20:37:28.635044 np0000156161 devstack@n-api-meta.service[108597]: DEBUG nova.api.openstack.wsgi_app [None req-851880b9-9716-4ed3-bde7-55e44ce657ea None None] config_file = ['/etc/nova/api-paste.ini', '/etc/nova/nova.conf'] {{(pid=108597) log_opt_values /opt/stack/data/venv/lib/python3.12/site-packages/oslo_config/cfg.py:2817}}
Feb 17 20:37:28.635187 np0000156161 devstack@n-api-meta.service[108597]: DEBUG nova.api.openstack.wsgi_app [None req-851880b9-9716-4ed3-bde7-55e44ce657ea None None] config_source = [] {{(pid=108597) log_opt_values /opt/stack/data/venv/lib/python3.12/site-packages/oslo_config/cfg.py:2817}}
Feb 17 20:37:28.635319 np0000156161 devstack@n-api-meta.service[108597]: DEBUG nova.api.openstack.wsgi_app [None req-851880b9-9716-4ed3-bde7-55e44ce657ea None None] console_host = np0000156161 {{(pid=108597) log_opt_values /opt/stack/data/venv/lib/python3.12/site-packages/oslo_config/cfg.py:2817}}
Feb 17 20:37:28.635452 np0000156161 devstack@n-api-meta.service[108597]: DEBUG nova.api.openstack.wsgi_app [None req-851880b9-9716-4ed3-bde7-55e44ce657ea None None] control_exchange = nova {{(pid=108597) log_opt_values /opt/stack/data/venv/lib/python3.12/site-packages/oslo_config/cfg.py:2817}}
Feb 17 20:37:28.635576 np0000156161 devstack@n-api-meta.service[108597]: DEBUG nova.api.openstack.wsgi_app [None req-851880b9-9716-4ed3-bde7-55e44ce657ea None None] cpu_allocation_ratio = None {{(pid=108597) log_opt_values /opt/stack/data/venv/lib/python3.12/site-packages/oslo_config/cfg.py:2817}}
Feb 17 20:37:28.635741 np0000156161 devstack@n-api-meta.service[108597]: DEBUG nova.api.openstack.wsgi_app [None req-851880b9-9716-4ed3-bde7-55e44ce657ea None None] daemon = False {{(pid=108597) log_opt_values /opt/stack/data/venv/lib/python3.12/site-packages/oslo_config/cfg.py:2817}}
Feb 17 20:37:28.635871 np0000156161 devstack@n-api-meta.service[108597]: DEBUG nova.api.openstack.wsgi_app [None req-851880b9-9716-4ed3-bde7-55e44ce657ea None None] debug = True {{(pid=108597) log_opt_values /opt/stack/data/venv/lib/python3.12/site-packages/oslo_config/cfg.py:2817}}
Feb 17 20:37:28.635986 np0000156161 devstack@n-api-meta.service[108597]: DEBUG nova.api.openstack.wsgi_app [None req-851880b9-9716-4ed3-bde7-55e44ce657ea None None] default_access_ip_network_name = None {{(pid=108597) log_opt_values /opt/stack/data/venv/lib/python3.12/site-packages/oslo_config/cfg.py:2817}}
Feb 17 20:37:28.636217 np0000156161 devstack@n-api-meta.service[108596]: DEBUG oslo_db.sqlalchemy.engines [None req-3134c978-991f-4230-99c8-5f72c9f943c0 None None] MySQL server mode set to STRICT_TRANS_TABLES,STRICT_ALL_TABLES,NO_ZERO_IN_DATE,NO_ZERO_DATE,ERROR_FOR_DIVISION_BY_ZERO,TRADITIONAL,NO_ENGINE_SUBSTITUTION {{(pid=108596) _check_effective_sql_mode /opt/stack/data/venv/lib/python3.12/site-packages/oslo_db/sqlalchemy/engines.py:325}}
Feb 17 20:37:28.636294 np0000156161 devstack@n-api-meta.service[108597]: DEBUG nova.api.openstack.wsgi_app [None req-851880b9-9716-4ed3-bde7-55e44ce657ea None None] default_availability_zone = nova {{(pid=108597) log_opt_values /opt/stack/data/venv/lib/python3.12/site-packages/oslo_config/cfg.py:2817}}
Feb 17 20:37:28.636294 np0000156161 devstack@n-api-meta.service[108597]: DEBUG nova.api.openstack.wsgi_app [None req-851880b9-9716-4ed3-bde7-55e44ce657ea None None] default_ephemeral_format = ext4 {{(pid=108597) log_opt_values /opt/stack/data/venv/lib/python3.12/site-packages/oslo_config/cfg.py:2817}}
Feb 17 20:37:28.636412 np0000156161 devstack@n-api-meta.service[108597]: DEBUG nova.api.openstack.wsgi_app [None req-851880b9-9716-4ed3-bde7-55e44ce657ea None None] default_green_pool_size = 1000 {{(pid=108597) log_opt_values /opt/stack/data/venv/lib/python3.12/site-packages/oslo_config/cfg.py:2817}}
Feb 17 20:37:28.636568 np0000156161 devstack@n-api-meta.service[108597]: DEBUG nova.api.openstack.wsgi_app [None req-851880b9-9716-4ed3-bde7-55e44ce657ea None None] default_log_levels = ['amqp=WARN', 'boto=WARN', 'sqlalchemy=WARN', 'suds=INFO', 'oslo.messaging=INFO', 'oslo_messaging=INFO', 'iso8601=WARN', 'requests.packages.urllib3.connectionpool=WARN', 'urllib3.connectionpool=WARN', 'websocket=WARN', 'requests.packages.urllib3.util.retry=WARN', 'urllib3.util.retry=WARN', 'keystonemiddleware=WARN', 'routes.middleware=WARN', 'stevedore=WARN', 'taskflow=WARN', 'keystoneauth=WARN', 'oslo.cache=INFO', 'oslo_policy=INFO', 'dogpile.core.dogpile=INFO', 'glanceclient=WARN', 'oslo.privsep.daemon=INFO'] {{(pid=108597) log_opt_values /opt/stack/data/venv/lib/python3.12/site-packages/oslo_config/cfg.py:2817}}
Feb 17 20:37:28.636759 np0000156161 devstack@n-api-meta.service[108597]: DEBUG nova.api.openstack.wsgi_app [None req-851880b9-9716-4ed3-bde7-55e44ce657ea None None] default_schedule_zone = None {{(pid=108597) log_opt_values /opt/stack/data/venv/lib/python3.12/site-packages/oslo_config/cfg.py:2817}}
Feb 17 20:37:28.636830 np0000156161 devstack@n-api-meta.service[108597]: DEBUG nova.api.openstack.wsgi_app [None req-851880b9-9716-4ed3-bde7-55e44ce657ea None None] default_thread_pool_size = 10 {{(pid=108597) log_opt_values /opt/stack/data/venv/lib/python3.12/site-packages/oslo_config/cfg.py:2817}}
Feb 17 20:37:28.636960 np0000156161 devstack@n-api-meta.service[108597]: DEBUG nova.api.openstack.wsgi_app [None req-851880b9-9716-4ed3-bde7-55e44ce657ea None None] disk_allocation_ratio = None {{(pid=108597) log_opt_values /opt/stack/data/venv/lib/python3.12/site-packages/oslo_config/cfg.py:2817}}
Feb 17 20:37:28.637078 np0000156161 devstack@n-api-meta.service[108597]: DEBUG nova.api.openstack.wsgi_app [None req-851880b9-9716-4ed3-bde7-55e44ce657ea None None] enable_new_services = True {{(pid=108597) log_opt_values /opt/stack/data/venv/lib/python3.12/site-packages/oslo_config/cfg.py:2817}}
Feb 17 20:37:28.637203 np0000156161 devstack@n-api-meta.service[108597]: DEBUG nova.api.openstack.wsgi_app [None req-851880b9-9716-4ed3-bde7-55e44ce657ea None None] flat_injected = False {{(pid=108597) log_opt_values /opt/stack/data/venv/lib/python3.12/site-packages/oslo_config/cfg.py:2817}}
Feb 17 20:37:28.637328 np0000156161 devstack@n-api-meta.service[108597]: DEBUG nova.api.openstack.wsgi_app [None req-851880b9-9716-4ed3-bde7-55e44ce657ea None None] force_config_drive = False {{(pid=108597) log_opt_values /opt/stack/data/venv/lib/python3.12/site-packages/oslo_config/cfg.py:2817}}
Feb 17 20:37:28.637461 np0000156161 devstack@n-api-meta.service[108597]: DEBUG nova.api.openstack.wsgi_app [None req-851880b9-9716-4ed3-bde7-55e44ce657ea None None] force_raw_images = True {{(pid=108597) log_opt_values /opt/stack/data/venv/lib/python3.12/site-packages/oslo_config/cfg.py:2817}}
Feb 17 20:37:28.637621 np0000156161 devstack@n-api-meta.service[108597]: DEBUG nova.api.openstack.wsgi_app [None req-851880b9-9716-4ed3-bde7-55e44ce657ea None None] graceful_shutdown_timeout = 5 {{(pid=108597) log_opt_values /opt/stack/data/venv/lib/python3.12/site-packages/oslo_config/cfg.py:2817}}
Feb 17 20:37:28.637776 np0000156161 devstack@n-api-meta.service[108597]: DEBUG nova.api.openstack.wsgi_app [None req-851880b9-9716-4ed3-bde7-55e44ce657ea None None] heal_instance_info_cache_interval = -1 {{(pid=108597) log_opt_values /opt/stack/data/venv/lib/python3.12/site-packages/oslo_config/cfg.py:2817}}
Feb 17 20:37:28.637939 np0000156161 devstack@n-api-meta.service[108597]: DEBUG nova.api.openstack.wsgi_app [None req-851880b9-9716-4ed3-bde7-55e44ce657ea None None] host = np0000156161 {{(pid=108597) log_opt_values /opt/stack/data/venv/lib/python3.12/site-packages/oslo_config/cfg.py:2817}}
Feb 17 20:37:28.638080 np0000156161 devstack@n-api-meta.service[108597]: DEBUG nova.api.openstack.wsgi_app [None req-851880b9-9716-4ed3-bde7-55e44ce657ea None None] initial_cpu_allocation_ratio = 4.0 {{(pid=108597) log_opt_values /opt/stack/data/venv/lib/python3.12/site-packages/oslo_config/cfg.py:2817}}
Feb 17 20:37:28.638254 np0000156161 devstack@n-api-meta.service[108597]: DEBUG nova.api.openstack.wsgi_app [None req-851880b9-9716-4ed3-bde7-55e44ce657ea None None] initial_disk_allocation_ratio = 1.0 {{(pid=108597) log_opt_values /opt/stack/data/venv/lib/python3.12/site-packages/oslo_config/cfg.py:2817}}
Feb 17 20:37:28.638387 np0000156161 devstack@n-api-meta.service[108597]: DEBUG nova.api.openstack.wsgi_app [None req-851880b9-9716-4ed3-bde7-55e44ce657ea None None] initial_ram_allocation_ratio = 1.0 {{(pid=108597) log_opt_values /opt/stack/data/venv/lib/python3.12/site-packages/oslo_config/cfg.py:2817}}
Feb 17 20:37:28.638553 np0000156161 devstack@n-api-meta.service[108597]: DEBUG nova.api.openstack.wsgi_app [None req-851880b9-9716-4ed3-bde7-55e44ce657ea None None] injected_network_template = /opt/stack/nova/nova/virt/interfaces.template {{(pid=108597) log_opt_values /opt/stack/data/venv/lib/python3.12/site-packages/oslo_config/cfg.py:2817}}
Feb 17 20:37:28.638709 np0000156161 devstack@n-api-meta.service[108597]: DEBUG nova.api.openstack.wsgi_app [None req-851880b9-9716-4ed3-bde7-55e44ce657ea None None] instance_build_timeout = 0 {{(pid=108597) log_opt_values /opt/stack/data/venv/lib/python3.12/site-packages/oslo_config/cfg.py:2817}}
Feb 17 20:37:28.638829 np0000156161 devstack@n-api-meta.service[108597]: DEBUG nova.api.openstack.wsgi_app [None req-851880b9-9716-4ed3-bde7-55e44ce657ea None None] instance_delete_interval = 300 {{(pid=108597) log_opt_values /opt/stack/data/venv/lib/python3.12/site-packages/oslo_config/cfg.py:2817}}
Feb 17 20:37:28.638961 np0000156161 devstack@n-api-meta.service[108597]: DEBUG nova.api.openstack.wsgi_app [None req-851880b9-9716-4ed3-bde7-55e44ce657ea None None] instance_format = [instance: %(uuid)s] {{(pid=108597) log_opt_values /opt/stack/data/venv/lib/python3.12/site-packages/oslo_config/cfg.py:2817}}
Feb 17 20:37:28.639094 np0000156161 devstack@n-api-meta.service[108597]: DEBUG nova.api.openstack.wsgi_app [None req-851880b9-9716-4ed3-bde7-55e44ce657ea None None] instance_name_template = instance-%08x {{(pid=108597) log_opt_values /opt/stack/data/venv/lib/python3.12/site-packages/oslo_config/cfg.py:2817}}
Feb 17 20:37:28.639228 np0000156161 devstack@n-api-meta.service[108597]: DEBUG nova.api.openstack.wsgi_app [None req-851880b9-9716-4ed3-bde7-55e44ce657ea None None] instance_usage_audit = False {{(pid=108597) log_opt_values /opt/stack/data/venv/lib/python3.12/site-packages/oslo_config/cfg.py:2817}}
Feb 17 20:37:28.639366 np0000156161 devstack@n-api-meta.service[108597]: DEBUG nova.api.openstack.wsgi_app [None req-851880b9-9716-4ed3-bde7-55e44ce657ea None None] instance_usage_audit_period = month {{(pid=108597) log_opt_values /opt/stack/data/venv/lib/python3.12/site-packages/oslo_config/cfg.py:2817}}
Feb 17 20:37:28.639498 np0000156161 devstack@n-api-meta.service[108597]: DEBUG nova.api.openstack.wsgi_app [None req-851880b9-9716-4ed3-bde7-55e44ce657ea None None] instance_uuid_format = [instance: %(uuid)s] {{(pid=108597) log_opt_values /opt/stack/data/venv/lib/python3.12/site-packages/oslo_config/cfg.py:2817}}
Feb 17 20:37:28.639629 np0000156161 devstack@n-api-meta.service[108597]: DEBUG nova.api.openstack.wsgi_app [None req-851880b9-9716-4ed3-bde7-55e44ce657ea None None] instances_path = /opt/stack/data/nova/instances {{(pid=108597) log_opt_values /opt/stack/data/venv/lib/python3.12/site-packages/oslo_config/cfg.py:2817}}
Feb 17 20:37:28.639778 np0000156161 devstack@n-api-meta.service[108597]: DEBUG nova.api.openstack.wsgi_app [None req-851880b9-9716-4ed3-bde7-55e44ce657ea None None] internal_service_availability_zone = internal {{(pid=108597) log_opt_values /opt/stack/data/venv/lib/python3.12/site-packages/oslo_config/cfg.py:2817}}
Feb 17 20:37:28.639904 np0000156161 devstack@n-api-meta.service[108597]: DEBUG nova.api.openstack.wsgi_app [None req-851880b9-9716-4ed3-bde7-55e44ce657ea None None] key = None {{(pid=108597) log_opt_values /opt/stack/data/venv/lib/python3.12/site-packages/oslo_config/cfg.py:2817}}
Feb 17 20:37:28.640032 np0000156161 devstack@n-api-meta.service[108597]: DEBUG nova.api.openstack.wsgi_app [None req-851880b9-9716-4ed3-bde7-55e44ce657ea None None] live_migration_retry_count = 30 {{(pid=108597) log_opt_values /opt/stack/data/venv/lib/python3.12/site-packages/oslo_config/cfg.py:2817}}
Feb 17 20:37:28.640164 np0000156161 devstack@n-api-meta.service[108597]: DEBUG nova.api.openstack.wsgi_app [None req-851880b9-9716-4ed3-bde7-55e44ce657ea None None] log_color = False {{(pid=108597) log_opt_values /opt/stack/data/venv/lib/python3.12/site-packages/oslo_config/cfg.py:2817}}
Feb 17 20:37:28.640297 np0000156161 devstack@n-api-meta.service[108597]: DEBUG nova.api.openstack.wsgi_app [None req-851880b9-9716-4ed3-bde7-55e44ce657ea None None] log_config_append = None {{(pid=108597) log_opt_values /opt/stack/data/venv/lib/python3.12/site-packages/oslo_config/cfg.py:2817}}
Feb 17 20:37:28.640428 np0000156161 devstack@n-api-meta.service[108597]: DEBUG nova.api.openstack.wsgi_app [None req-851880b9-9716-4ed3-bde7-55e44ce657ea None None] log_date_format = %Y-%m-%d %H:%M:%S {{(pid=108597) log_opt_values /opt/stack/data/venv/lib/python3.12/site-packages/oslo_config/cfg.py:2817}}
Feb 17 20:37:28.640556 np0000156161 devstack@n-api-meta.service[108597]: DEBUG nova.api.openstack.wsgi_app [None req-851880b9-9716-4ed3-bde7-55e44ce657ea None None] log_dir = None {{(pid=108597) log_opt_values /opt/stack/data/venv/lib/python3.12/site-packages/oslo_config/cfg.py:2817}}
Feb 17 20:37:28.640706 np0000156161 devstack@n-api-meta.service[108597]: DEBUG nova.api.openstack.wsgi_app [None req-851880b9-9716-4ed3-bde7-55e44ce657ea None None] log_file = None {{(pid=108597) log_opt_values /opt/stack/data/venv/lib/python3.12/site-packages/oslo_config/cfg.py:2817}}
Feb 17 20:37:28.640792 np0000156161 devstack@n-api-meta.service[108597]: DEBUG nova.api.openstack.wsgi_app [None req-851880b9-9716-4ed3-bde7-55e44ce657ea None None] log_options = True {{(pid=108597) log_opt_values /opt/stack/data/venv/lib/python3.12/site-packages/oslo_config/cfg.py:2817}}
Feb 17 20:37:28.640928 np0000156161 devstack@n-api-meta.service[108597]: DEBUG nova.api.openstack.wsgi_app [None req-851880b9-9716-4ed3-bde7-55e44ce657ea None None] log_rotate_interval = 1 {{(pid=108597) log_opt_values /opt/stack/data/venv/lib/python3.12/site-packages/oslo_config/cfg.py:2817}}
Feb 17 20:37:28.641061 np0000156161 devstack@n-api-meta.service[108597]: DEBUG nova.api.openstack.wsgi_app [None req-851880b9-9716-4ed3-bde7-55e44ce657ea None None] log_rotate_interval_type = days {{(pid=108597) log_opt_values /opt/stack/data/venv/lib/python3.12/site-packages/oslo_config/cfg.py:2817}}
Feb 17 20:37:28.641193 np0000156161 devstack@n-api-meta.service[108597]: DEBUG nova.api.openstack.wsgi_app [None req-851880b9-9716-4ed3-bde7-55e44ce657ea None None] log_rotation_type = none {{(pid=108597) log_opt_values /opt/stack/data/venv/lib/python3.12/site-packages/oslo_config/cfg.py:2817}}
Feb 17 20:37:28.641294 np0000156161 devstack@n-api-meta.service[108597]: DEBUG nova.api.openstack.wsgi_app [None req-851880b9-9716-4ed3-bde7-55e44ce657ea None None] logging_context_format_string = %(color)s%(levelname)s %(name)s [%(global_request_id)s %(request_id)s %(project_name)s %(user_name)s%(color)s] %(instance)s%(color)s%(message)s {{(pid=108597) log_opt_values /opt/stack/data/venv/lib/python3.12/site-packages/oslo_config/cfg.py:2817}}
