Apr 22 02:55:58.287616 np0000169106 devstack@neutron-api.service[104391]: DEBUG neutron.api.extensions [None req-059b5045-3bfc-433b-a7aa-2a520501389a None None] Ext name="QoS port network policy ID" alias="qos-port-network-policy" description="Adds a the QoS network ID to the port definition" updated="2019-11-01T10:00:00-00:00" {{(pid=104391) _check_extension /opt/stack/neutron/neutron/api/extensions.py:415}}
Apr 22 02:55:58.287788 np0000169106 devstack@neutron-api.service[104391]: INFO neutron.api.extensions [None req-059b5045-3bfc-433b-a7aa-2a520501389a None None] Extension qos-port-network-policy not supported by any of loaded plugins
Apr 22 02:55:58.287874 np0000169106 devstack@neutron-api.service[104391]: DEBUG neutron.api.extensions [None req-059b5045-3bfc-433b-a7aa-2a520501389a None None] Loading extension file: qos_pps_minimum_rule.py {{(pid=104391) _load_all_extensions_from_path /opt/stack/neutron/neutron/api/extensions.py:449}}
Apr 22 02:55:58.287905 np0000169106 devstack@neutron-api.service[104389]: DEBUG oslo_concurrency.lockutils [None req-3dd35a5c-0fd1-43f7-a967-dad2c37575bd None None] Acquiring lock "singleton_lock" {{(pid=104389) lock /opt/stack/data/venv/lib/python3.12/site-packages/oslo_concurrency/lockutils.py:390}}
Apr 22 02:55:58.288199 np0000169106 devstack@neutron-api.service[104391]: DEBUG neutron.api.extensions [None req-059b5045-3bfc-433b-a7aa-2a520501389a None None] Ext name="QoS minimum packet rate rule" alias="qos-pps-minimum" description="Allow to configure QoS minimum packet rate rule." updated="2021-07-14T10:00:00-00:00" {{(pid=104391) _check_extension /opt/stack/neutron/neutron/api/extensions.py:415}}
Apr 22 02:55:58.288237 np0000169106 devstack@neutron-api.service[104389]: DEBUG oslo_concurrency.lockutils [None req-3dd35a5c-0fd1-43f7-a967-dad2c37575bd None None] Acquired lock "singleton_lock" {{(pid=104389) lock /opt/stack/data/venv/lib/python3.12/site-packages/oslo_concurrency/lockutils.py:393}}
Apr 22 02:55:58.288374 np0000169106 devstack@neutron-api.service[104391]: INFO neutron.api.extensions [None req-059b5045-3bfc-433b-a7aa-2a520501389a None None] Extension qos-pps-minimum not supported by any of loaded plugins
Apr 22 02:55:58.288467 np0000169106 devstack@neutron-api.service[104391]: DEBUG neutron.api.extensions [None req-059b5045-3bfc-433b-a7aa-2a520501389a None None] Loading extension file: qos_pps_minimum_rule_alias.py {{(pid=104391) _load_all_extensions_from_path /opt/stack/neutron/neutron/api/extensions.py:449}}
Apr 22 02:55:58.288640 np0000169106 devstack@neutron-api.service[104389]: DEBUG oslo_concurrency.lockutils [None req-3dd35a5c-0fd1-43f7-a967-dad2c37575bd None None] Releasing lock "singleton_lock" {{(pid=104389) lock /opt/stack/data/venv/lib/python3.12/site-packages/oslo_concurrency/lockutils.py:413}}
Apr 22 02:55:58.288709 np0000169106 devstack@neutron-api.service[104391]: DEBUG neutron.api.extensions [None req-059b5045-3bfc-433b-a7aa-2a520501389a None None] Ext name="QoS minimum packet rate rule alias" alias="qos-pps-minimum-rule-alias" description="API to enable GET, PUT and DELETE operations on QoS minimum packet rate rule without specifying policy ID" updated="2021-10-22T10:00:00-00:00" {{(pid=104391) _check_extension /opt/stack/neutron/neutron/api/extensions.py:415}}
Apr 22 02:55:58.288889 np0000169106 devstack@neutron-api.service[104391]: INFO neutron.api.extensions [None req-059b5045-3bfc-433b-a7aa-2a520501389a None None] Extension qos-pps-minimum-rule-alias not supported by any of loaded plugins
Apr 22 02:55:58.288975 np0000169106 devstack@neutron-api.service[104391]: DEBUG neutron.api.extensions [None req-059b5045-3bfc-433b-a7aa-2a520501389a None None] Loading extension file: qos_pps_rule.py {{(pid=104391) _load_all_extensions_from_path /opt/stack/neutron/neutron/api/extensions.py:449}}
Apr 22 02:55:58.289259 np0000169106 devstack@neutron-api.service[104391]: DEBUG neutron.api.extensions [None req-059b5045-3bfc-433b-a7aa-2a520501389a None None] Ext name="QoS Rule Type Packet per Second Extension" alias="qos-pps" description="Add QoS Rule Type Packet per Second" updated="2021-05-12T10:00:00-00:00" {{(pid=104391) _check_extension /opt/stack/neutron/neutron/api/extensions.py:415}}
Apr 22 02:55:58.289432 np0000169106 devstack@neutron-api.service[104391]: INFO neutron.api.extensions [None req-059b5045-3bfc-433b-a7aa-2a520501389a None None] Extension qos-pps not supported by any of loaded plugins
Apr 22 02:55:58.289529 np0000169106 devstack@neutron-api.service[104391]: DEBUG neutron.api.extensions [None req-059b5045-3bfc-433b-a7aa-2a520501389a None None] Loading extension file: qos_rule_type_details.py {{(pid=104391) _load_all_extensions_from_path /opt/stack/neutron/neutron/api/extensions.py:449}}
Apr 22 02:55:58.289771 np0000169106 devstack@neutron-api.service[104391]: DEBUG neutron.api.extensions [None req-059b5045-3bfc-433b-a7aa-2a520501389a None None] Ext name="Details of QoS rule types" alias="qos-rule-type-details" description="Expose details about QoS rule types supported by loaded backend drivers" updated="2017-06-22T10:00:00-00:00" {{(pid=104391) _check_extension /opt/stack/neutron/neutron/api/extensions.py:415}}
Apr 22 02:55:58.289936 np0000169106 devstack@neutron-api.service[104391]: INFO neutron.api.extensions [None req-059b5045-3bfc-433b-a7aa-2a520501389a None None] Extension qos-rule-type-details not supported by any of loaded plugins
Apr 22 02:55:58.290021 np0000169106 devstack@neutron-api.service[104391]: DEBUG neutron.api.extensions [None req-059b5045-3bfc-433b-a7aa-2a520501389a None None] Loading extension file: qos_rule_type_filter.py {{(pid=104391) _load_all_extensions_from_path /opt/stack/neutron/neutron/api/extensions.py:449}}
Apr 22 02:55:58.290281 np0000169106 devstack@neutron-api.service[104391]: DEBUG neutron.api.extensions [None req-059b5045-3bfc-433b-a7aa-2a520501389a None None] Ext name="Allow to filter the list of QoS rule types" alias="qos-rule-type-filter" description="Allows to filter the QoS rule type list adding two new flags. "all_rules" prints all implemented QoS rule types."all_supported" prints all supported QoS rule types by the loaded mechanism drivers" updated="2022-02-02T10:00:00-00:00" {{(pid=104391) _check_extension /opt/stack/neutron/neutron/api/extensions.py:415}}
Apr 22 02:55:58.290445 np0000169106 devstack@neutron-api.service[104391]: INFO neutron.api.extensions [None req-059b5045-3bfc-433b-a7aa-2a520501389a None None] Extension qos-rule-type-filter not supported by any of loaded plugins
Apr 22 02:55:58.290537 np0000169106 devstack@neutron-api.service[104391]: DEBUG neutron.api.extensions [None req-059b5045-3bfc-433b-a7aa-2a520501389a None None] Loading extension file: qos_rules_alias.py {{(pid=104391) _load_all_extensions_from_path /opt/stack/neutron/neutron/api/extensions.py:449}}
Apr 22 02:55:58.290794 np0000169106 devstack@neutron-api.service[104391]: DEBUG neutron.api.extensions [None req-059b5045-3bfc-433b-a7aa-2a520501389a None None] Ext name="Quality of Service rules alias API" alias="qos-rules-alias" description="API to enable GET, PUT and DELETE operations on QoS policy rules without specifying policy ID" updated="2018-10-07T10:00:00-00:00" {{(pid=104391) _check_extension /opt/stack/neutron/neutron/api/extensions.py:415}}
Apr 22 02:55:58.290837 np0000169106 devstack@neutron-api.service[104389]: DEBUG neutron.plugins.ml2.drivers.ovn.mech_driver.mech_driver [None req-3dd35a5c-0fd1-43f7-a967-dad2c37575bd None None] Hash Ring setup using WSGI start time 2026-04-22 02:55:50+00:00 {{(pid=104389) _init_hash_ring /opt/stack/neutron/neutron/plugins/ml2/drivers/ovn/mech_driver/mech_driver.py:402}}
Apr 22 02:55:58.290968 np0000169106 devstack@neutron-api.service[104391]: INFO neutron.api.extensions [None req-059b5045-3bfc-433b-a7aa-2a520501389a None None] Extension qos-rules-alias not supported by any of loaded plugins
Apr 22 02:55:58.291072 np0000169106 devstack@neutron-api.service[104391]: DEBUG neutron.api.extensions [None req-059b5045-3bfc-433b-a7aa-2a520501389a None None] Loading extension file: quota_check_limit.py {{(pid=104391) _load_all_extensions_from_path /opt/stack/neutron/neutron/api/extensions.py:449}}
Apr 22 02:55:58.291313 np0000169106 devstack@neutron-api.service[104391]: DEBUG neutron.api.extensions [None req-059b5045-3bfc-433b-a7aa-2a520501389a None None] Ext name="Quota engine limit check" alias="quota-check-limit" description="Support for checking the resource usage before applying a new quota limit" updated="2021-09-08T16:00:00-00:00" {{(pid=104391) _check_extension /opt/stack/neutron/neutron/api/extensions.py:415}}
Apr 22 02:55:58.291488 np0000169106 devstack@neutron-api.service[104391]: INFO neutron.api.extensions [None req-059b5045-3bfc-433b-a7aa-2a520501389a None None] Loaded extension: quota-check-limit
Apr 22 02:55:58.291576 np0000169106 devstack@neutron-api.service[104391]: DEBUG neutron.api.extensions [None req-059b5045-3bfc-433b-a7aa-2a520501389a None None] Loading extension file: quota_check_limit_default.py {{(pid=104391) _load_all_extensions_from_path /opt/stack/neutron/neutron/api/extensions.py:449}}
Apr 22 02:55:58.291837 np0000169106 devstack@neutron-api.service[104391]: DEBUG neutron.api.extensions [None req-059b5045-3bfc-433b-a7aa-2a520501389a None None] Ext name="Quota engine limit check by default" alias="quota-check-limit-default" description="By default, the Neutron quota engine checks the resource usage before applying a new quota limit" updated="2024-08-21T16:00:00-00:00" {{(pid=104391) _check_extension /opt/stack/neutron/neutron/api/extensions.py:415}}
Apr 22 02:55:58.291995 np0000169106 devstack@neutron-api.service[104391]: INFO neutron.api.extensions [None req-059b5045-3bfc-433b-a7aa-2a520501389a None None] Loaded extension: quota-check-limit-default
Apr 22 02:55:58.292225 np0000169106 devstack@neutron-api.service[104391]: DEBUG neutron.api.extensions [None req-059b5045-3bfc-433b-a7aa-2a520501389a None None] Loading extension file: quotasv2.py {{(pid=104391) _load_all_extensions_from_path /opt/stack/neutron/neutron/api/extensions.py:449}}
Apr 22 02:55:58.292741 np0000169106 devstack@neutron-api.service[104391]: DEBUG neutron.api.extensions [None req-059b5045-3bfc-433b-a7aa-2a520501389a None None] Ext name="Quota management support" alias="quotas" description="Expose functions for quotas management per project" updated="2012-07-29T10:00:00-00:00" {{(pid=104391) _check_extension /opt/stack/neutron/neutron/api/extensions.py:415}}
Apr 22 02:55:58.292880 np0000169106 devstack@neutron-api.service[104391]: INFO neutron.api.extensions [None req-059b5045-3bfc-433b-a7aa-2a520501389a None None] Loaded extension: quotas
Apr 22 02:55:58.293013 np0000169106 devstack@neutron-api.service[104391]: DEBUG neutron.api.extensions [None req-059b5045-3bfc-433b-a7aa-2a520501389a None None] Loading extension file: quotasv2_detail.py {{(pid=104391) _load_all_extensions_from_path /opt/stack/neutron/neutron/api/extensions.py:449}}
Apr 22 02:55:58.293535 np0000169106 devstack@neutron-api.service[104391]: DEBUG neutron.api.extensions [None req-059b5045-3bfc-433b-a7aa-2a520501389a None None] Ext name="Quota details management support" alias="quota_details" description="Expose functions for quotas usage statistics per project" updated="2017-02-10T10:00:00-00:00" {{(pid=104391) _check_extension /opt/stack/neutron/neutron/api/extensions.py:415}}
Apr 22 02:55:58.293678 np0000169106 devstack@neutron-api.service[104391]: INFO neutron.api.extensions [None req-059b5045-3bfc-433b-a7aa-2a520501389a None None] Loaded extension: quota_details
Apr 22 02:55:58.293817 np0000169106 devstack@neutron-api.service[104391]: DEBUG neutron.api.extensions [None req-059b5045-3bfc-433b-a7aa-2a520501389a None None] Loading extension file: rbac.py {{(pid=104391) _load_all_extensions_from_path /opt/stack/neutron/neutron/api/extensions.py:449}}
Apr 22 02:55:58.294585 np0000169106 devstack@neutron-api.service[104391]: DEBUG neutron.api.extensions [None req-059b5045-3bfc-433b-a7aa-2a520501389a None None] Ext name="RBAC Policies" alias="rbac-policies" description="Allows creation and modification of policies that control project access to resources." updated="2015-06-17T12:15:12-00:00" {{(pid=104391) _check_extension /opt/stack/neutron/neutron/api/extensions.py:415}}
Apr 22 02:55:58.294865 np0000169106 devstack@neutron-api.service[104391]: INFO neutron.api.extensions [None req-059b5045-3bfc-433b-a7aa-2a520501389a None None] Loaded extension: rbac-policies
Apr 22 02:55:58.295003 np0000169106 devstack@neutron-api.service[104391]: DEBUG neutron.api.extensions [None req-059b5045-3bfc-433b-a7aa-2a520501389a None None] Loading extension file: rbac_address_group.py {{(pid=104391) _load_all_extensions_from_path /opt/stack/neutron/neutron/api/extensions.py:449}}
Apr 22 02:55:58.295365 np0000169106 devstack@neutron-api.service[104391]: DEBUG neutron.api.extensions [None req-059b5045-3bfc-433b-a7aa-2a520501389a None None] Ext name="Add address_group type to RBAC" alias="rbac-address-group" description="Add address_group type to network RBAC" updated="2021-01-20T00:00:00-00:00" {{(pid=104391) _check_extension /opt/stack/neutron/neutron/api/extensions.py:415}}
Apr 22 02:55:58.295642 np0000169106 devstack@neutron-api.service[104391]: INFO neutron.api.extensions [None req-059b5045-3bfc-433b-a7aa-2a520501389a None None] Extension rbac-address-group not supported by any of loaded plugins
Apr 22 02:55:58.295742 np0000169106 devstack@neutron-api.service[104391]: DEBUG neutron.api.extensions [None req-059b5045-3bfc-433b-a7aa-2a520501389a None None] Loading extension file: rbac_address_scope.py {{(pid=104391) _load_all_extensions_from_path /opt/stack/neutron/neutron/api/extensions.py:449}}
Apr 22 02:55:58.296149 np0000169106 devstack@neutron-api.service[104391]: DEBUG neutron.api.extensions [None req-059b5045-3bfc-433b-a7aa-2a520501389a None None] Ext name="Add address_scope type to RBAC" alias="rbac-address-scope" description="Add address_scope type to RBAC" updated="2020-02-12T00:00:00-00:00" {{(pid=104391) _check_extension /opt/stack/neutron/neutron/api/extensions.py:415}}
Apr 22 02:55:58.296479 np0000169106 devstack@neutron-api.service[104391]: INFO neutron.api.extensions [None req-059b5045-3bfc-433b-a7aa-2a520501389a None None] Loaded extension: rbac-address-scope
Apr 22 02:55:58.296521 np0000169106 devstack@neutron-api.service[104391]: DEBUG neutron.api.extensions [None req-059b5045-3bfc-433b-a7aa-2a520501389a None None] Loading extension file: rbac_security_groups.py {{(pid=104391) _load_all_extensions_from_path /opt/stack/neutron/neutron/api/extensions.py:449}}
Apr 22 02:55:58.296875 np0000169106 devstack@neutron-api.service[104391]: DEBUG neutron.api.extensions [None req-059b5045-3bfc-433b-a7aa-2a520501389a None None] Ext name="Add security_group type to network RBAC" alias="rbac-security-groups" description="Add security_group type to network RBAC" updated="2019-02-14T00:00:00-00:00" {{(pid=104391) _check_extension /opt/stack/neutron/neutron/api/extensions.py:415}}
Apr 22 02:55:58.296922 np0000169106 devstack@neutron-api.service[104389]: INFO neutron.db.ovn_hash_ring_db [None req-3dd35a5c-0fd1-43f7-a967-dad2c37575bd None None] Nodes from host "np0000169106" and group "mechanism_driver" removed from the Hash Ring created at 2026-04-22 02:55:50+00:00
Apr 22 02:55:58.297137 np0000169106 devstack@neutron-api.service[104391]: INFO neutron.api.extensions [None req-059b5045-3bfc-433b-a7aa-2a520501389a None None] Loaded extension: rbac-security-groups
Apr 22 02:55:58.297320 np0000169106 devstack@neutron-api.service[104391]: DEBUG neutron.api.extensions [None req-059b5045-3bfc-433b-a7aa-2a520501389a None None] Loading extension file: rbac_subnetpool.py {{(pid=104391) _load_all_extensions_from_path /opt/stack/neutron/neutron/api/extensions.py:449}}
Apr 22 02:55:58.297601 np0000169106 devstack@neutron-api.service[104391]: DEBUG neutron.api.extensions [None req-059b5045-3bfc-433b-a7aa-2a520501389a None None] Ext name="Add subnetpool type to RBAC" alias="rbac-subnetpool" description="Add subnetpool type to RBAC" updated="2020-02-05T00:00:00-00:00" {{(pid=104391) _check_extension /opt/stack/neutron/neutron/api/extensions.py:415}}
Apr 22 02:55:58.297843 np0000169106 devstack@neutron-api.service[104391]: INFO neutron.api.extensions [None req-059b5045-3bfc-433b-a7aa-2a520501389a None None] Extension rbac-subnetpool not supported by any of loaded plugins
Apr 22 02:55:58.297974 np0000169106 devstack@neutron-api.service[104391]: DEBUG neutron.api.extensions [None req-059b5045-3bfc-433b-a7aa-2a520501389a None None] Loading extension file: revisionifmatch.py {{(pid=104391) _load_all_extensions_from_path /opt/stack/neutron/neutron/api/extensions.py:449}}
Apr 22 02:55:58.298292 np0000169106 devstack@neutron-api.service[104391]: DEBUG neutron.api.extensions [None req-059b5045-3bfc-433b-a7aa-2a520501389a None None] Ext name="If-Match constraints based on revision_number" alias="revision-if-match" description="Extension indicating that If-Match based on revision_number is supported." updated="2016-12-11T00:00:00-00:00" {{(pid=104391) _check_extension /opt/stack/neutron/neutron/api/extensions.py:415}}
Apr 22 02:55:58.298508 np0000169106 devstack@neutron-api.service[104391]: INFO neutron.api.extensions [None req-059b5045-3bfc-433b-a7aa-2a520501389a None None] Loaded extension: revision-if-match
Apr 22 02:55:58.298636 np0000169106 devstack@neutron-api.service[104391]: DEBUG neutron.api.extensions [None req-059b5045-3bfc-433b-a7aa-2a520501389a None None] Loading extension file: revisions.py {{(pid=104391) _load_all_extensions_from_path /opt/stack/neutron/neutron/api/extensions.py:449}}
Apr 22 02:55:58.298989 np0000169106 devstack@neutron-api.service[104391]: DEBUG neutron.api.extensions [None req-059b5045-3bfc-433b-a7aa-2a520501389a None None] Ext name="Resource revision numbers" alias="standard-attr-revisions" description="This extension will display the revision number of neutron resources." updated="2016-04-11T10:00:00-00:00" {{(pid=104391) _check_extension /opt/stack/neutron/neutron/api/extensions.py:415}}
Apr 22 02:55:58.299171 np0000169106 devstack@neutron-api.service[104389]: INFO neutron.db.ovn_hash_ring_db [None req-3dd35a5c-0fd1-43f7-a967-dad2c37575bd None None] Node 167ae04970aa579191e935c392333863 from host "np0000169106" and group "mechanism_driver" added to the Hash Ring
Apr 22 02:55:58.299225 np0000169106 devstack@neutron-api.service[104391]: INFO neutron.api.extensions [None req-059b5045-3bfc-433b-a7aa-2a520501389a None None] Loaded extension: standard-attr-revisions
Apr 22 02:55:58.299370 np0000169106 devstack@neutron-api.service[104391]: DEBUG neutron.api.extensions [None req-059b5045-3bfc-433b-a7aa-2a520501389a None None] Loading extension file: router_availability_zone.py {{(pid=104391) _load_all_extensions_from_path /opt/stack/neutron/neutron/api/extensions.py:449}}
Apr 22 02:55:58.299742 np0000169106 devstack@neutron-api.service[104391]: DEBUG neutron.api.extensions [None req-059b5045-3bfc-433b-a7aa-2a520501389a None None] Ext name="Router Availability Zone" alias="router_availability_zone" description="Availability zone support for router." updated="2015-01-01T10:00:00-00:00" {{(pid=104391) _check_extension /opt/stack/neutron/neutron/api/extensions.py:415}}
Apr 22 02:55:58.299987 np0000169106 devstack@neutron-api.service[104391]: INFO neutron.api.extensions [None req-059b5045-3bfc-433b-a7aa-2a520501389a None None] Loaded extension: router_availability_zone
Apr 22 02:55:58.300190 np0000169106 devstack@neutron-api.service[104391]: DEBUG neutron.api.extensions [None req-059b5045-3bfc-433b-a7aa-2a520501389a None None] Loading extension file: router_enable_snat.py {{(pid=104391) _load_all_extensions_from_path /opt/stack/neutron/neutron/api/extensions.py:449}}
Apr 22 02:55:58.300528 np0000169106 devstack@neutron-api.service[104391]: DEBUG neutron.api.extensions [None req-059b5045-3bfc-433b-a7aa-2a520501389a None None] Ext name="Exposes the router "enable_snat" read-only configuration flag" alias="router-enable-snat" description="Exposes the router "enable_snat" read-only configuration flag" updated="2025-09-18T18:00:00-00:00" {{(pid=104391) _check_extension /opt/stack/neutron/neutron/api/extensions.py:415}}
Apr 22 02:55:58.300757 np0000169106 devstack@neutron-api.service[104391]: INFO neutron.api.extensions [None req-059b5045-3bfc-433b-a7aa-2a520501389a None None] Loaded extension: router-enable-snat
Apr 22 02:55:58.300850 np0000169106 devstack@neutron-api.service[104391]: DEBUG neutron.api.extensions [None req-059b5045-3bfc-433b-a7aa-2a520501389a None None] Loading extension file: routerservicetype.py {{(pid=104391) _load_all_extensions_from_path /opt/stack/neutron/neutron/api/extensions.py:449}}
Apr 22 02:55:58.301098 np0000169106 devstack@neutron-api.service[104391]: DEBUG neutron.api.extensions [None req-059b5045-3bfc-433b-a7aa-2a520501389a None None] Ext name="Router Service Type" alias="router-service-type" description="Provides router service type" updated="2013-01-29T00:00:00-00:00" {{(pid=104391) _check_extension /opt/stack/neutron/neutron/api/extensions.py:415}}
Apr 22 02:55:58.301274 np0000169106 devstack@neutron-api.service[104391]: INFO neutron.api.extensions [None req-059b5045-3bfc-433b-a7aa-2a520501389a None None] Extension router-service-type not supported by any of loaded plugins
Apr 22 02:55:58.301363 np0000169106 devstack@neutron-api.service[104391]: DEBUG neutron.api.extensions [None req-059b5045-3bfc-433b-a7aa-2a520501389a None None] Loading extension file: security_groups_default_rules.py {{(pid=104391) _load_all_extensions_from_path /opt/stack/neutron/neutron/api/extensions.py:449}}
Apr 22 02:55:58.301755 np0000169106 devstack@neutron-api.service[104389]: DEBUG neutron.plugins.ml2.drivers.ovn.mech_driver.mech_driver [None req-3dd35a5c-0fd1-43f7-a967-dad2c37575bd None None] Hash Ring setup, this worker has detected 2 OVN hash ring registers in the database {{(pid=104389) _init_hash_ring /opt/stack/neutron/neutron/plugins/ml2/drivers/ovn/mech_driver/mech_driver.py:412}}
Apr 22 02:55:58.301807 np0000169106 devstack@neutron-api.service[104391]: DEBUG neutron.api.extensions [None req-059b5045-3bfc-433b-a7aa-2a520501389a None None] Ext name="Default rules for security groups" alias="security-groups-default-rules" description="Configure set of security group rules used as default rules for every new security group" updated="2022-12-19T10:00:00-00:00" {{(pid=104391) _check_extension /opt/stack/neutron/neutron/api/extensions.py:415}}
Apr 22 02:55:58.301993 np0000169106 devstack@neutron-api.service[104391]: INFO neutron.api.extensions [None req-059b5045-3bfc-433b-a7aa-2a520501389a None None] Loaded extension: security-groups-default-rules
Apr 22 02:55:58.302108 np0000169106 devstack@neutron-api.service[104391]: DEBUG neutron.api.extensions [None req-059b5045-3bfc-433b-a7aa-2a520501389a None None] Loading extension file: security_groups_normalized_cidr.py {{(pid=104391) _load_all_extensions_from_path /opt/stack/neutron/neutron/api/extensions.py:449}}
Apr 22 02:55:58.302349 np0000169106 devstack@neutron-api.service[104391]: DEBUG neutron.api.extensions [None req-059b5045-3bfc-433b-a7aa-2a520501389a None None] Ext name="Normalized CIDR field for security group rules" alias="security-groups-normalized-cidr" description="Add new field with normalized remote_ip_prefix cidr in SG rule" updated="2020-07-28T10:00:00-00:00" {{(pid=104391) _check_extension /opt/stack/neutron/neutron/api/extensions.py:415}}
Apr 22 02:55:58.302515 np0000169106 devstack@neutron-api.service[104391]: INFO neutron.api.extensions [None req-059b5045-3bfc-433b-a7aa-2a520501389a None None] Loaded extension: security-groups-normalized-cidr
Apr 22 02:55:58.302608 np0000169106 devstack@neutron-api.service[104391]: DEBUG neutron.api.extensions [None req-059b5045-3bfc-433b-a7aa-2a520501389a None None] Loading extension file: security_groups_port_filtering.py {{(pid=104391) _load_all_extensions_from_path /opt/stack/neutron/neutron/api/extensions.py:449}}
Apr 22 02:55:58.302915 np0000169106 devstack@neutron-api.service[104391]: DEBUG neutron.api.extensions [None req-059b5045-3bfc-433b-a7aa-2a520501389a None None] Ext name="Port filtering on security groups" alias="port-security-groups-filtering" description="Provides security groups filtering when listing ports" updated="2018-01-09T09:00:00-00:00" {{(pid=104391) _check_extension /opt/stack/neutron/neutron/api/extensions.py:415}}
Apr 22 02:55:58.303070 np0000169106 devstack@neutron-api.service[104391]: INFO neutron.api.extensions [None req-059b5045-3bfc-433b-a7aa-2a520501389a None None] Extension port-security-groups-filtering not supported by any of loaded plugins
Apr 22 02:55:58.303160 np0000169106 devstack@neutron-api.service[104391]: DEBUG neutron.api.extensions [None req-059b5045-3bfc-433b-a7aa-2a520501389a None None] Loading extension file: security_groups_remote_address_group.py {{(pid=104391) _load_all_extensions_from_path /opt/stack/neutron/neutron/api/extensions.py:449}}
Apr 22 02:55:58.303392 np0000169106 devstack@neutron-api.service[104391]: DEBUG neutron.api.extensions [None req-059b5045-3bfc-433b-a7aa-2a520501389a None None] Ext name="Remote address group id field for security group rules" alias="security-groups-remote-address-group" description="Add new field of remote address group id in SG rules" updated="2020-08-25T10:00:00-00:00" {{(pid=104391) _check_extension /opt/stack/neutron/neutron/api/extensions.py:415}}
Apr 22 02:55:58.303592 np0000169106 devstack@neutron-api.service[104391]: INFO neutron.api.extensions [None req-059b5045-3bfc-433b-a7aa-2a520501389a None None] Loaded extension: security-groups-remote-address-group
Apr 22 02:55:58.303592 np0000169106 devstack@neutron-api.service[104391]: DEBUG neutron.api.extensions [None req-059b5045-3bfc-433b-a7aa-2a520501389a None None] Loading extension file: security_groups_rules_belongs_to_default_sg.py {{(pid=104391) _load_all_extensions_from_path /opt/stack/neutron/neutron/api/extensions.py:449}}
Apr 22 02:55:58.303883 np0000169106 devstack@neutron-api.service[104391]: DEBUG neutron.api.extensions [None req-059b5045-3bfc-433b-a7aa-2a520501389a None None] Ext name="Security group rule belongs to the project's default security group" alias="security-groups-rules-belongs-to-default-sg" description="Flag to determine if the security group rule belongs to the project's default security group" updated="2023-05-23T10:00:00-00:00" {{(pid=104391) _check_extension /opt/stack/neutron/neutron/api/extensions.py:415}}
Apr 22 02:55:58.304151 np0000169106 devstack@neutron-api.service[104391]: INFO neutron.api.extensions [None req-059b5045-3bfc-433b-a7aa-2a520501389a None None] Loaded extension: security-groups-rules-belongs-to-default-sg
Apr 22 02:55:58.304197 np0000169106 devstack@neutron-api.service[104391]: DEBUG neutron.api.extensions [None req-059b5045-3bfc-433b-a7aa-2a520501389a None None] Loading extension file: security_groups_shared_filtering.py {{(pid=104391) _load_all_extensions_from_path /opt/stack/neutron/neutron/api/extensions.py:449}}
Apr 22 02:55:58.304439 np0000169106 devstack@neutron-api.service[104391]: DEBUG neutron.api.extensions [None req-059b5045-3bfc-433b-a7aa-2a520501389a None None] Ext name="Security group filtering on the shared field" alias="security-groups-shared-filtering" description="Support filtering security groups on the shared field" updated="2021-10-05T09:00:00-00:00" {{(pid=104391) _check_extension /opt/stack/neutron/neutron/api/extensions.py:415}}
Apr 22 02:55:58.304684 np0000169106 devstack@neutron-api.service[104391]: INFO neutron.api.extensions [None req-059b5045-3bfc-433b-a7aa-2a520501389a None None] Loaded extension: security-groups-shared-filtering
Apr 22 02:55:58.304684 np0000169106 devstack@neutron-api.service[104391]: DEBUG neutron.api.extensions [None req-059b5045-3bfc-433b-a7aa-2a520501389a None None] Loading extension file: securitygroup.py {{(pid=104391) _load_all_extensions_from_path /opt/stack/neutron/neutron/api/extensions.py:449}}
Apr 22 02:55:58.306711 np0000169106 devstack@neutron-api.service[104391]: DEBUG neutron.api.extensions [None req-059b5045-3bfc-433b-a7aa-2a520501389a None None] Ext name="security-group" alias="security-group" description="The security groups extension." updated="2012-10-05T10:00:00-00:00" {{(pid=104391) _check_extension /opt/stack/neutron/neutron/api/extensions.py:415}}
Apr 22 02:55:58.306942 np0000169106 devstack@neutron-api.service[104391]: INFO neutron.api.extensions [None req-059b5045-3bfc-433b-a7aa-2a520501389a None None] Loaded extension: security-group
Apr 22 02:55:58.307040 np0000169106 devstack@neutron-api.service[104391]: DEBUG neutron.api.extensions [None req-059b5045-3bfc-433b-a7aa-2a520501389a None None] Loading extension file: segment.py {{(pid=104391) _load_all_extensions_from_path /opt/stack/neutron/neutron/api/extensions.py:449}}
Apr 22 02:55:58.307361 np0000169106 devstack@neutron-api.service[104391]: DEBUG neutron.api.extensions [None req-059b5045-3bfc-433b-a7aa-2a520501389a None None] Ext name="Segment" alias="segment" description="Segments extension." updated="2016-02-24T17:00:00-00:00" {{(pid=104391) _check_extension /opt/stack/neutron/neutron/api/extensions.py:415}}
Apr 22 02:55:58.307526 np0000169106 devstack@neutron-api.service[104391]: INFO neutron.api.extensions [None req-059b5045-3bfc-433b-a7aa-2a520501389a None None] Extension segment not supported by any of loaded plugins
Apr 22 02:55:58.307607 np0000169106 devstack@neutron-api.service[104391]: DEBUG neutron.api.extensions [None req-059b5045-3bfc-433b-a7aa-2a520501389a None None] Loading extension file: segments_peer_subnet_host_routes.py {{(pid=104391) _load_all_extensions_from_path /opt/stack/neutron/neutron/api/extensions.py:449}}
Apr 22 02:55:58.307841 np0000169106 devstack@neutron-api.service[104391]: DEBUG neutron.api.extensions [None req-059b5045-3bfc-433b-a7aa-2a520501389a None None] Ext name="Segments peer-subnet host routes" alias="segments-peer-subnet-host-routes" description="Add host routes to subnets on a routed network (segments)" updated="2018-06-12T10:00:00-00:00" {{(pid=104391) _check_extension /opt/stack/neutron/neutron/api/extensions.py:415}}
Apr 22 02:55:58.308120 np0000169106 devstack@neutron-api.service[104391]: INFO neutron.api.extensions [None req-059b5045-3bfc-433b-a7aa-2a520501389a None None] Extension segments-peer-subnet-host-routes not supported by any of loaded plugins
Apr 22 02:55:58.308120 np0000169106 devstack@neutron-api.service[104391]: DEBUG neutron.api.extensions [None req-059b5045-3bfc-433b-a7aa-2a520501389a None None] Loading extension file: servicetype.py {{(pid=104391) _load_all_extensions_from_path /opt/stack/neutron/neutron/api/extensions.py:449}}
Apr 22 02:55:58.308404 np0000169106 devstack@neutron-api.service[104391]: DEBUG neutron.api.extensions [None req-059b5045-3bfc-433b-a7aa-2a520501389a None None] Ext name="Neutron Service Type Management" alias="service-type" description="API for retrieving service providers for Neutron advanced services" updated="2013-01-20T00:00:00-00:00" {{(pid=104391) _check_extension /opt/stack/neutron/neutron/api/extensions.py:415}}
Apr 22 02:55:58.308579 np0000169106 devstack@neutron-api.service[104391]: INFO neutron.api.extensions [None req-059b5045-3bfc-433b-a7aa-2a520501389a None None] Loaded extension: service-type
Apr 22 02:55:58.308705 np0000169106 devstack@neutron-api.service[104391]: DEBUG neutron.api.extensions [None req-059b5045-3bfc-433b-a7aa-2a520501389a None None] Loading extension file: sorting.py {{(pid=104391) _load_all_extensions_from_path /opt/stack/neutron/neutron/api/extensions.py:449}}
Apr 22 02:55:58.308975 np0000169106 devstack@neutron-api.service[104391]: DEBUG neutron.api.extensions [None req-059b5045-3bfc-433b-a7aa-2a520501389a None None] Ext name="Sorting support" alias="sorting" description="Extension that indicates that sorting is enabled." updated="2016-06-12T00:00:00-00:00" {{(pid=104391) _check_extension /opt/stack/neutron/neutron/api/extensions.py:415}}
Apr 22 02:55:58.308975 np0000169106 devstack@neutron-api.service[104391]: INFO neutron.api.extensions [None req-059b5045-3bfc-433b-a7aa-2a520501389a None None] Loaded extension: sorting
Apr 22 02:55:58.309198 np0000169106 devstack@neutron-api.service[104391]: DEBUG neutron.api.extensions [None req-059b5045-3bfc-433b-a7aa-2a520501389a None None] Loading extension file: standard_attr_segment.py {{(pid=104391) _load_all_extensions_from_path /opt/stack/neutron/neutron/api/extensions.py:449}}
Apr 22 02:55:58.309391 np0000169106 devstack@neutron-api.service[104391]: DEBUG neutron.api.extensions [None req-059b5045-3bfc-433b-a7aa-2a520501389a None None] Ext name="Standard Attribute Segment Extension" alias="standard-attr-segment" description="Add standard attributes to Segment resource" updated="2018-04-09T10:00:00-00:00" {{(pid=104391) _check_extension /opt/stack/neutron/neutron/api/extensions.py:415}}
Apr 22 02:55:58.309554 np0000169106 devstack@neutron-api.service[104391]: INFO neutron.api.extensions [None req-059b5045-3bfc-433b-a7aa-2a520501389a None None] Extension standard-attr-segment not supported by any of loaded plugins
Apr 22 02:55:58.309631 np0000169106 devstack@neutron-api.service[104391]: DEBUG neutron.api.extensions [None req-059b5045-3bfc-433b-a7aa-2a520501389a None None] Loading extension file: standardattrdescription.py {{(pid=104391) _load_all_extensions_from_path /opt/stack/neutron/neutron/api/extensions.py:449}}
Apr 22 02:55:58.309827 np0000169106 devstack@neutron-api.service[104388]: DEBUG oslo_concurrency.processutils [None req-fb9727fc-8c8d-4b39-b548-e6c7023bf903 None None] CMD "ovsdb-client transact ssl:199.204.45.38:6641 --timeout 180 -p /opt/stack/data/CA/int-ca/private/devstack-cert.key -c /opt/stack/data/CA/int-ca/devstack-cert.crt -C /opt/stack/data/CA/int-ca/ca-chain.pem ["OVN_Northbound", {"op": "wait", "timeout": 0, "table": "Port_Group", "where": [["name", "==", "neutron_pg_drop"]], "until": "==", "rows": []}, {"op": "insert", "table": "ACL", "row": {"action": "drop", "direction": "to-lport", "match": "outport == @neutron_pg_drop && ip", "priority": 1001}, "uuid-name": "droptoport"}, {"op": "insert", "table": "ACL", "row": {"action": "drop", "direction": "from-lport", "match": "inport == @neutron_pg_drop && ip", "priority": 1001}, "uuid-name": "dropfromport"}, {"op": "insert", "table": "Port_Group", "row": {"name": "neutron_pg_drop", "acls": ["set", [["named-uuid", "droptoport"], ["named-uuid", "dropfromport"]]]}}]" returned: 0 in 0.054s {{(pid=104388) execute /opt/stack/data/venv/lib/python3.12/site-packages/oslo_concurrency/processutils.py:468}}
Apr 22 02:55:58.309954 np0000169106 devstack@neutron-api.service[104391]: DEBUG neutron.api.extensions [None req-059b5045-3bfc-433b-a7aa-2a520501389a None None] Ext name="standard-attr-description" alias="standard-attr-description" description="Extension to add descriptions to standard attributes" updated="2016-02-10T10:00:00-00:00" {{(pid=104391) _check_extension /opt/stack/neutron/neutron/api/extensions.py:415}}
Apr 22 02:55:58.310292 np0000169106 devstack@neutron-api.service[104391]: INFO neutron.api.extensions [None req-059b5045-3bfc-433b-a7aa-2a520501389a None None] Loaded extension: standard-attr-description
Apr 22 02:55:58.310541 np0000169106 devstack@neutron-api.service[104388]: DEBUG neutron_lib.callbacks.manager [None req-fb9727fc-8c8d-4b39-b548-e6c7023bf903 None None] Publish callbacks ['neutron.plugins.ml2.drivers.ovn.mech_driver.mech_driver.OVNMechanismDriver.post_fork_initialize-4055183', 'neutron.services.ovn_l3.plugin.OVNL3RouterPlugin._post_fork_initialize-1670440'] for process (None), after_init {{(pid=104388) _notify_loop /opt/stack/data/venv/lib/python3.12/site-packages/neutron_lib/callbacks/manager.py:184}}
Apr 22 02:55:58.310885 np0000169106 devstack@neutron-api.service[104391]: DEBUG neutron.api.extensions [None req-059b5045-3bfc-433b-a7aa-2a520501389a None None] Loading extension file: stateful_security_group.py {{(pid=104391) _load_all_extensions_from_path /opt/stack/neutron/neutron/api/extensions.py:449}}
Apr 22 02:55:58.310885 np0000169106 devstack@neutron-api.service[104391]: DEBUG neutron.api.extensions [None req-059b5045-3bfc-433b-a7aa-2a520501389a None None] Ext name="Stateful security group" alias="stateful-security-group" description="Indicates if the security group is stateful or not" updated="2019-11-26T09:00:00-00:00" {{(pid=104391) _check_extension /opt/stack/neutron/neutron/api/extensions.py:415}}
Apr 22 02:55:58.311024 np0000169106 devstack@neutron-api.service[104388]: DEBUG oslo_concurrency.lockutils [None req-fb9727fc-8c8d-4b39-b548-e6c7023bf903 None None] Acquiring lock "singleton_lock" {{(pid=104388) lock /opt/stack/data/venv/lib/python3.12/site-packages/oslo_concurrency/lockutils.py:390}}
Apr 22 02:55:58.311024 np0000169106 devstack@neutron-api.service[104388]: DEBUG oslo_concurrency.lockutils [None req-fb9727fc-8c8d-4b39-b548-e6c7023bf903 None None] Acquired lock "singleton_lock" {{(pid=104388) lock /opt/stack/data/venv/lib/python3.12/site-packages/oslo_concurrency/lockutils.py:393}}
Apr 22 02:55:58.311183 np0000169106 devstack@neutron-api.service[104391]: INFO neutron.api.extensions [None req-059b5045-3bfc-433b-a7aa-2a520501389a None None] Loaded extension: stateful-security-group
Apr 22 02:55:58.311183 np0000169106 devstack@neutron-api.service[104391]: DEBUG neutron.api.extensions [None req-059b5045-3bfc-433b-a7aa-2a520501389a None None] Loading extension file: stdattrs_common.py {{(pid=104391) _load_all_extensions_from_path /opt/stack/neutron/neutron/api/extensions.py:449}}
Apr 22 02:55:58.311317 np0000169106 devstack@neutron-api.service[104388]: DEBUG oslo_concurrency.lockutils [None req-fb9727fc-8c8d-4b39-b548-e6c7023bf903 None None] Releasing lock "singleton_lock" {{(pid=104388) lock /opt/stack/data/venv/lib/python3.12/site-packages/oslo_concurrency/lockutils.py:413}}
Apr 22 02:55:58.311407 np0000169106 devstack@neutron-api.service[104391]: WARNING neutron.api.extensions [None req-059b5045-3bfc-433b-a7aa-2a520501389a None None] Did not find expected name "Stdattrs_common" in /opt/stack/neutron/neutron/extensions/stdattrs_common.py
Apr 22 02:55:58.311407 np0000169106 devstack@neutron-api.service[104391]: DEBUG neutron.api.extensions [None req-059b5045-3bfc-433b-a7aa-2a520501389a None None] Loading extension file: subnet_dns_publish_fixed_ip.py {{(pid=104391) _load_all_extensions_from_path /opt/stack/neutron/neutron/api/extensions.py:449}}
Apr 22 02:55:58.311800 np0000169106 devstack@neutron-api.service[104389]: DEBUG neutron.plugins.ml2.drivers.ovn.mech_driver.ovsdb.maintenance [None req-3dd35a5c-0fd1-43f7-a967-dad2c37575bd None None] Periodic task found: HashRingHealthCheckPeriodics.touch_hash_ring_node {{(pid=104389) add_periodics /opt/stack/neutron/neutron/plugins/ml2/drivers/ovn/mech_driver/ovsdb/maintenance.py:148}}
Apr 22 02:55:58.311879 np0000169106 devstack@neutron-api.service[104391]: DEBUG neutron.api.extensions [None req-059b5045-3bfc-433b-a7aa-2a520501389a None None] Ext name="Subnet DNS publish fixed IP" alias="subnet-dns-publish-fixed-ip" description="Support choosing to publish DNS records for IPs from a subnet" updated="2019-05-24T10:00:00-00:00" {{(pid=104391) _check_extension /opt/stack/neutron/neutron/api/extensions.py:415}}
Apr 22 02:55:58.312108 np0000169106 devstack@neutron-api.service[104391]: INFO neutron.api.extensions [None req-059b5045-3bfc-433b-a7aa-2a520501389a None None] Loaded extension: subnet-dns-publish-fixed-ip
Apr 22 02:55:58.312276 np0000169106 devstack@neutron-api.service[104391]: DEBUG neutron.api.extensions [None req-059b5045-3bfc-433b-a7aa-2a520501389a None None] Loading extension file: subnet_external_network.py {{(pid=104391) _load_all_extensions_from_path /opt/stack/neutron/neutron/api/extensions.py:449}}
Apr 22 02:55:58.312590 np0000169106 devstack@neutron-api.service[104391]: DEBUG neutron.api.extensions [None req-059b5045-3bfc-433b-a7aa-2a520501389a None None] Ext name="Subnet belongs to an external network" alias="subnet-external-network" description="Informs if the subnet belongs to an external network" updated="2024-02-05T18:00:00-00:00" {{(pid=104391) _check_extension /opt/stack/neutron/neutron/api/extensions.py:415}}
Apr 22 02:55:58.312830 np0000169106 devstack@neutron-api.service[104391]: INFO neutron.api.extensions [None req-059b5045-3bfc-433b-a7aa-2a520501389a None None] Loaded extension: subnet-external-network
Apr 22 02:55:58.312896 np0000169106 devstack@neutron-api.service[104391]: DEBUG neutron.api.extensions [None req-059b5045-3bfc-433b-a7aa-2a520501389a None None] Loading extension file: subnet_onboard.py {{(pid=104391) _load_all_extensions_from_path /opt/stack/neutron/neutron/api/extensions.py:449}}
Apr 22 02:55:58.313048 np0000169106 devstack@neutron-api.service[104389]: INFO neutron.plugins.ml2.drivers.ovn.mech_driver.mech_driver [None req-3dd35a5c-0fd1-43f7-a967-dad2c37575bd None None] Hash Ring probing thread for node 167ae04970aa579191e935c392333863 has started
Apr 22 02:55:58.313270 np0000169106 devstack@neutron-api.service[104391]: DEBUG neutron.api.extensions [None req-059b5045-3bfc-433b-a7aa-2a520501389a None None] Ext name="Subnet Onboard" alias="subnet_onboard" description="Provides support for onboarding subnets into subnet pools" updated="2018-12-18T09:00:00-00:00" {{(pid=104391) _check_extension /opt/stack/neutron/neutron/api/extensions.py:415}}
Apr 22 02:55:58.313441 np0000169106 devstack@neutron-api.service[104388]: DEBUG neutron.plugins.ml2.drivers.ovn.mech_driver.mech_driver [None req-fb9727fc-8c8d-4b39-b548-e6c7023bf903 None None] Hash Ring setup using WSGI start time 2026-04-22 02:55:50+00:00 {{(pid=104388) _init_hash_ring /opt/stack/neutron/neutron/plugins/ml2/drivers/ovn/mech_driver/mech_driver.py:402}}
Apr 22 02:55:58.313513 np0000169106 devstack@neutron-api.service[104391]: INFO neutron.api.extensions [None req-059b5045-3bfc-433b-a7aa-2a520501389a None None] Extension subnet_onboard not supported by any of loaded plugins
Apr 22 02:55:58.313642 np0000169106 devstack@neutron-api.service[104391]: DEBUG neutron.api.extensions [None req-059b5045-3bfc-433b-a7aa-2a520501389a None None] Loading extension file: subnet_segmentid_writable.py {{(pid=104391) _load_all_extensions_from_path /opt/stack/neutron/neutron/api/extensions.py:449}}
Apr 22 02:55:58.313983 np0000169106 devstack@neutron-api.service[104391]: DEBUG neutron.api.extensions [None req-059b5045-3bfc-433b-a7aa-2a520501389a None None] Ext name="Subnet SegmentID (writable)" alias="subnet-segmentid-writable" description="Provides a writable segment_id attribute for a subnet resource." updated="2018-03-12T00:00:00-00:00" {{(pid=104391) _check_extension /opt/stack/neutron/neutron/api/extensions.py:415}}
Apr 22 02:55:58.314130 np0000169106 devstack@neutron-api.service[104389]: INFO neutron.plugins.ml2.drivers.ovn.mech_driver.ovsdb.impl_idl_ovn [None req-3dd35a5c-0fd1-43f7-a967-dad2c37575bd None None] Getting OvsdbNbOvnIdl for WorkerService with retry
Apr 22 02:55:58.314252 np0000169106 devstack@neutron-api.service[104391]: INFO neutron.api.extensions [None req-059b5045-3bfc-433b-a7aa-2a520501389a None None] Extension subnet-segmentid-writable not supported by any of loaded plugins
Apr 22 02:55:58.314384 np0000169106 devstack@neutron-api.service[104391]: DEBUG neutron.api.extensions [None req-059b5045-3bfc-433b-a7aa-2a520501389a None None] Loading extension file: subnet_service_types.py {{(pid=104391) _load_all_extensions_from_path /opt/stack/neutron/neutron/api/extensions.py:449}}
Apr 22 02:55:58.314715 np0000169106 devstack@neutron-api.service[104391]: DEBUG neutron.api.extensions [None req-059b5045-3bfc-433b-a7aa-2a520501389a None None] Ext name="Subnet service types" alias="subnet-service-types" description="Provides ability to set the subnet service_types field" updated="2016-03-15T18:00:00-00:00" {{(pid=104391) _check_extension /opt/stack/neutron/neutron/api/extensions.py:415}}
Apr 22 02:55:58.314992 np0000169106 devstack@neutron-api.service[104391]: INFO neutron.api.extensions [None req-059b5045-3bfc-433b-a7aa-2a520501389a None None] Loaded extension: subnet-service-types
Apr 22 02:55:58.315149 np0000169106 devstack@neutron-api.service[104391]: DEBUG neutron.api.extensions [None req-059b5045-3bfc-433b-a7aa-2a520501389a None None] Loading extension file: subnetallocation.py {{(pid=104391) _load_all_extensions_from_path /opt/stack/neutron/neutron/api/extensions.py:449}}
Apr 22 02:55:58.315450 np0000169106 devstack@neutron-api.service[104391]: DEBUG neutron.api.extensions [None req-059b5045-3bfc-433b-a7aa-2a520501389a None None] Ext name="Subnet Allocation" alias="subnet_allocation" description="Enables allocation of subnets from a subnet pool" updated="2015-03-30T10:00:00-00:00" {{(pid=104391) _check_extension /opt/stack/neutron/neutron/api/extensions.py:415}}
Apr 22 02:55:58.315695 np0000169106 devstack@neutron-api.service[104391]: INFO neutron.api.extensions [None req-059b5045-3bfc-433b-a7aa-2a520501389a None None] Loaded extension: subnet_allocation
Apr 22 02:55:58.315820 np0000169106 devstack@neutron-api.service[104391]: DEBUG neutron.api.extensions [None req-059b5045-3bfc-433b-a7aa-2a520501389a None None] Loading extension file: subnetpool_prefix_ops.py {{(pid=104391) _load_all_extensions_from_path /opt/stack/neutron/neutron/api/extensions.py:449}}
Apr 22 02:55:58.316266 np0000169106 devstack@neutron-api.service[104391]: DEBUG neutron.api.extensions [None req-059b5045-3bfc-433b-a7aa-2a520501389a None None] Ext name="Subnet Pool Prefix Operations" alias="subnetpool-prefix-ops" description="Provides support for adjusting the prefix list of subnet pools" updated="2019-02-08T10:00:00-00:00" {{(pid=104391) _check_extension /opt/stack/neutron/neutron/api/extensions.py:415}}
Apr 22 02:55:58.316590 np0000169106 devstack@neutron-api.service[104391]: INFO neutron.api.extensions [None req-059b5045-3bfc-433b-a7aa-2a520501389a None None] Loaded extension: subnetpool-prefix-ops
Apr 22 02:55:58.316590 np0000169106 devstack@neutron-api.service[104391]: DEBUG neutron.api.extensions [None req-059b5045-3bfc-433b-a7aa-2a520501389a None None] Loading extension file: tag_creation.py {{(pid=104391) _load_all_extensions_from_path /opt/stack/neutron/neutron/api/extensions.py:449}}
Apr 22 02:55:58.316935 np0000169106 devstack@neutron-api.service[104391]: DEBUG neutron.api.extensions [None req-059b5045-3bfc-433b-a7aa-2a520501389a None None] Ext name="Tag creation extension" alias="tag-creation" description="Allow to create multiple tags for a resource" updated="2024-23-07T10:00:00-00:00" {{(pid=104391) _check_extension /opt/stack/neutron/neutron/api/extensions.py:415}}
Apr 22 02:55:58.317219 np0000169106 devstack@neutron-api.service[104391]: INFO neutron.api.extensions [None req-059b5045-3bfc-433b-a7aa-2a520501389a None None] Loaded extension: tag-creation
Apr 22 02:55:58.317474 np0000169106 devstack@neutron-api.service[104391]: DEBUG neutron.api.extensions [None req-059b5045-3bfc-433b-a7aa-2a520501389a None None] Loading extension file: tag_ports_during_bulk_creation.py {{(pid=104391) _load_all_extensions_from_path /opt/stack/neutron/neutron/api/extensions.py:449}}
Apr 22 02:55:58.317639 np0000169106 devstack@neutron-api.service[104391]: DEBUG neutron.api.extensions [None req-059b5045-3bfc-433b-a7aa-2a520501389a None None] Ext name="Tag Ports During Bulk Creation" alias="tag-ports-during-bulk-creation" description="Allow to tag ports during bulk creation" updated="2019-12-29T19:00:00-00:00" {{(pid=104391) _check_extension /opt/stack/neutron/neutron/api/extensions.py:415}}
Apr 22 02:55:58.317873 np0000169106 devstack@neutron-api.service[104391]: INFO neutron.api.extensions [None req-059b5045-3bfc-433b-a7aa-2a520501389a None None] Extension tag-ports-during-bulk-creation not supported by any of loaded plugins
Apr 22 02:55:58.317993 np0000169106 devstack@neutron-api.service[104391]: DEBUG neutron.api.extensions [None req-059b5045-3bfc-433b-a7aa-2a520501389a None None] Loading extension file: tagging.py {{(pid=104391) _load_all_extensions_from_path /opt/stack/neutron/neutron/api/extensions.py:449}}
Apr 22 02:55:58.319233 np0000169106 devstack@neutron-api.service[104391]: DEBUG neutron.api.extensions [None req-059b5045-3bfc-433b-a7aa-2a520501389a None None] Ext name="Tag support for resources with standard attribute: port, subnet, subnetpool, network, security_group, router, floatingip, policy, trunk, network_segment_range" alias="standard-attr-tag" description="Enables to set tag on resources with standard attribute." updated="2017-01-01T00:00:00-00:00" {{(pid=104391) _check_extension /opt/stack/neutron/neutron/api/extensions.py:415}}
Apr 22 02:55:58.319488 np0000169106 devstack@neutron-api.service[104391]: INFO neutron.api.extensions [None req-059b5045-3bfc-433b-a7aa-2a520501389a None None] Loaded extension: standard-attr-tag
Apr 22 02:55:58.319622 np0000169106 devstack@neutron-api.service[104391]: DEBUG neutron.api.extensions [None req-059b5045-3bfc-433b-a7aa-2a520501389a None None] Loading extension file: timestamp.py {{(pid=104391) _load_all_extensions_from_path /opt/stack/neutron/neutron/api/extensions.py:449}}
Apr 22 02:55:58.320193 np0000169106 devstack@neutron-api.service[104391]: DEBUG neutron.api.extensions [None req-059b5045-3bfc-433b-a7aa-2a520501389a None None] Ext name="Resource timestamps" alias="standard-attr-timestamp" description="Adds created_at and updated_at fields to all Neutron resources that have Neutron standard attributes." updated="2016-09-12T10:00:00-00:00" {{(pid=104391) _check_extension /opt/stack/neutron/neutron/api/extensions.py:415}}
Apr 22 02:55:58.320449 np0000169106 devstack@neutron-api.service[104391]: INFO neutron.api.extensions [None req-059b5045-3bfc-433b-a7aa-2a520501389a None None] Loaded extension: standard-attr-timestamp
