Jun 17 15:30:30.450638 np0000181230 devstack@neutron-api.service[107252]: DEBUG neutron.api.extensions [None req-a4d2e625-3504-434e-9974-0eb3776920d2 None None] Ext name="Prevent L3 router ports IP address change extension" alias="l3-port-ip-change-not-allowed" description="Prevent change of IP address for some L3 router ports" updated="2018-10-09T10:00:00-00:00" {{(pid=107252) _check_extension /opt/stack/neutron/neutron/api/extensions.py:415}}
Jun 17 15:30:30.450852 np0000181230 devstack@neutron-api.service[107252]: INFO neutron.api.extensions [None req-a4d2e625-3504-434e-9974-0eb3776920d2 None None] Extension l3-port-ip-change-not-allowed not supported by any of loaded plugins
Jun 17 15:30:30.450966 np0000181230 devstack@neutron-api.service[107252]: DEBUG neutron.api.extensions [None req-a4d2e625-3504-434e-9974-0eb3776920d2 None None] Loading extension file: l3agentscheduler.py {{(pid=107252) _load_all_extensions_from_path /opt/stack/neutron/neutron/api/extensions.py:449}}
Jun 17 15:30:30.451572 np0000181230 devstack@neutron-api.service[107255]: INFO neutron.quota [None req-d486837c-eade-4e55-a116-32a6deaa763f None None] Loaded quota_driver: .
Jun 17 15:30:30.451703 np0000181230 devstack@neutron-api.service[107255]: INFO neutron.plugins.ml2.plugin [None req-d486837c-eade-4e55-a116-32a6deaa763f None None] Modular L2 Plugin initialization complete
Jun 17 15:30:30.451745 np0000181230 devstack@neutron-api.service[107252]: DEBUG neutron.api.extensions [None req-a4d2e625-3504-434e-9974-0eb3776920d2 None None] Ext name="L3 Agent Scheduler" alias="l3_agent_scheduler" description="Schedule routers among l3 agents" updated="2013-02-07T10:00:00-00:00" {{(pid=107252) _check_extension /opt/stack/neutron/neutron/api/extensions.py:415}}
Jun 17 15:30:30.451931 np0000181230 devstack@neutron-api.service[107252]: INFO neutron.api.extensions [None req-a4d2e625-3504-434e-9974-0eb3776920d2 None None] Loaded extension: l3_agent_scheduler
Jun 17 15:30:30.451966 np0000181230 devstack@neutron-api.service[107255]: DEBUG neutron.manager [None req-d486837c-eade-4e55-a116-32a6deaa763f None None] Loading services supported by the core plugin {{(pid=107255) _load_services_from_core_plugin /opt/stack/neutron/neutron/manager.py:170}}
Jun 17 15:30:30.452036 np0000181230 devstack@neutron-api.service[107252]: DEBUG neutron.api.extensions [None req-a4d2e625-3504-434e-9974-0eb3776920d2 None None] Loading extension file: local_ip.py {{(pid=107252) _load_all_extensions_from_path /opt/stack/neutron/neutron/api/extensions.py:449}}
Jun 17 15:30:30.452104 np0000181230 devstack@neutron-api.service[107255]: INFO neutron.plugins.ml2.managers [None req-d486837c-eade-4e55-a116-32a6deaa763f None None] Got port-security extension from driver 'port_security'
Jun 17 15:30:30.452353 np0000181230 devstack@neutron-api.service[107252]: DEBUG neutron.api.extensions [None req-a4d2e625-3504-434e-9974-0eb3776920d2 None None] Ext name="Local IP" alias="local_ip" description="Support Node Local Virtual IP" updated="2021-07-26T10:00:00-00:00" {{(pid=107252) _check_extension /opt/stack/neutron/neutron/api/extensions.py:415}}
Jun 17 15:30:30.452389 np0000181230 devstack@neutron-api.service[107255]: DEBUG neutron.manager [None req-d486837c-eade-4e55-a116-32a6deaa763f None None] Loading service plugins: ['ovn-router', 'auto_allocate', 'tag', 'timestamp', 'network_ip_availability', 'flavors', 'revisions'] {{(pid=107255) _load_service_plugins /opt/stack/neutron/neutron/manager.py:195}}
Jun 17 15:30:30.452478 np0000181230 devstack@neutron-api.service[107255]: INFO neutron.manager [None req-d486837c-eade-4e55-a116-32a6deaa763f None None] Loading Plugin: ovn-router
Jun 17 15:30:30.452544 np0000181230 devstack@neutron-api.service[107252]: INFO neutron.api.extensions [None req-a4d2e625-3504-434e-9974-0eb3776920d2 None None] Extension local_ip not supported by any of loaded plugins
Jun 17 15:30:30.452604 np0000181230 devstack@neutron-api.service[107252]: DEBUG neutron.api.extensions [None req-a4d2e625-3504-434e-9974-0eb3776920d2 None None] Loading extension file: logging.py {{(pid=107252) _load_all_extensions_from_path /opt/stack/neutron/neutron/api/extensions.py:449}}
Jun 17 15:30:30.452944 np0000181230 devstack@neutron-api.service[107252]: DEBUG neutron.api.extensions [None req-a4d2e625-3504-434e-9974-0eb3776920d2 None None] Ext name="Logging API Extension" alias="logging" description="Provides a logging API for resources such as security group and firewall." updated="2017-01-01T10:00:00-00:00" {{(pid=107252) _check_extension /opt/stack/neutron/neutron/api/extensions.py:415}}
Jun 17 15:30:30.453136 np0000181230 devstack@neutron-api.service[107252]: INFO neutron.api.extensions [None req-a4d2e625-3504-434e-9974-0eb3776920d2 None None] Extension logging not supported by any of loaded plugins
Jun 17 15:30:30.453213 np0000181230 devstack@neutron-api.service[107252]: DEBUG neutron.api.extensions [None req-a4d2e625-3504-434e-9974-0eb3776920d2 None None] Loading extension file: metering.py {{(pid=107252) _load_all_extensions_from_path /opt/stack/neutron/neutron/api/extensions.py:449}}
Jun 17 15:30:30.453525 np0000181230 devstack@neutron-api.service[107252]: DEBUG neutron.api.extensions [None req-a4d2e625-3504-434e-9974-0eb3776920d2 None None] Ext name="Neutron Metering" alias="metering" description="Neutron Metering extension." updated="2013-06-12T10:00:00-00:00" {{(pid=107252) _check_extension /opt/stack/neutron/neutron/api/extensions.py:415}}
Jun 17 15:30:30.453722 np0000181230 devstack@neutron-api.service[107252]: INFO neutron.api.extensions [None req-a4d2e625-3504-434e-9974-0eb3776920d2 None None] Extension metering not supported by any of loaded plugins
Jun 17 15:30:30.453812 np0000181230 devstack@neutron-api.service[107252]: DEBUG neutron.api.extensions [None req-a4d2e625-3504-434e-9974-0eb3776920d2 None None] Loading extension file: metering_source_and_destination_fields.py {{(pid=107252) _load_all_extensions_from_path /opt/stack/neutron/neutron/api/extensions.py:449}}
Jun 17 15:30:30.454062 np0000181230 devstack@neutron-api.service[107252]: DEBUG neutron.api.extensions [None req-a4d2e625-3504-434e-9974-0eb3776920d2 None None] Ext name="Neutron Metering with source and destination filtering" alias="metering_source_and_destination_fields" description="Neutron Metering extension that enables the use of source and destination IP prefixes to create metering label rules." updated="2020-08-21T08:12:00-00:00" {{(pid=107252) _check_extension /opt/stack/neutron/neutron/api/extensions.py:415}}
Jun 17 15:30:30.454238 np0000181230 devstack@neutron-api.service[107252]: INFO neutron.api.extensions [None req-a4d2e625-3504-434e-9974-0eb3776920d2 None None] Extension metering_source_and_destination_fields not supported by any of loaded plugins
Jun 17 15:30:30.454322 np0000181230 devstack@neutron-api.service[107252]: DEBUG neutron.api.extensions [None req-a4d2e625-3504-434e-9974-0eb3776920d2 None None] Loading extension file: multiprovidernet.py {{(pid=107252) _load_all_extensions_from_path /opt/stack/neutron/neutron/api/extensions.py:449}}
Jun 17 15:30:30.454564 np0000181230 devstack@neutron-api.service[107252]: DEBUG neutron.api.extensions [None req-a4d2e625-3504-434e-9974-0eb3776920d2 None None] Ext name="Multi Provider Network" alias="multi-provider" description="Expose mapping of virtual networks to multiple physical networks" updated="2013-06-27T10:00:00-00:00" {{(pid=107252) _check_extension /opt/stack/neutron/neutron/api/extensions.py:415}}
Jun 17 15:30:30.454746 np0000181230 devstack@neutron-api.service[107252]: INFO neutron.api.extensions [None req-a4d2e625-3504-434e-9974-0eb3776920d2 None None] Loaded extension: multi-provider
Jun 17 15:30:30.454834 np0000181230 devstack@neutron-api.service[107252]: DEBUG neutron.api.extensions [None req-a4d2e625-3504-434e-9974-0eb3776920d2 None None] Loading extension file: netmtu.py {{(pid=107252) _load_all_extensions_from_path /opt/stack/neutron/neutron/api/extensions.py:449}}
Jun 17 15:30:30.455069 np0000181230 devstack@neutron-api.service[107252]: DEBUG neutron.api.extensions [None req-a4d2e625-3504-434e-9974-0eb3776920d2 None None] Ext name="Network MTU" alias="net-mtu" description="Provides MTU attribute for a network resource." updated="2015-03-25T10:00:00-00:00" {{(pid=107252) _check_extension /opt/stack/neutron/neutron/api/extensions.py:415}}
Jun 17 15:30:30.455234 np0000181230 devstack@neutron-api.service[107252]: INFO neutron.api.extensions [None req-a4d2e625-3504-434e-9974-0eb3776920d2 None None] Loaded extension: net-mtu
Jun 17 15:30:30.455330 np0000181230 devstack@neutron-api.service[107252]: DEBUG neutron.api.extensions [None req-a4d2e625-3504-434e-9974-0eb3776920d2 None None] Loading extension file: netmtu_writable.py {{(pid=107252) _load_all_extensions_from_path /opt/stack/neutron/neutron/api/extensions.py:449}}
Jun 17 15:30:30.455595 np0000181230 devstack@neutron-api.service[107252]: DEBUG neutron.api.extensions [None req-a4d2e625-3504-434e-9974-0eb3776920d2 None None] Ext name="Network MTU (writable)" alias="net-mtu-writable" description="Provides a writable MTU attribute for a network resource." updated="2017-07-12T00:00:00-00:00" {{(pid=107252) _check_extension /opt/stack/neutron/neutron/api/extensions.py:415}}
Jun 17 15:30:30.455783 np0000181230 devstack@neutron-api.service[107252]: INFO neutron.api.extensions [None req-a4d2e625-3504-434e-9974-0eb3776920d2 None None] Loaded extension: net-mtu-writable
Jun 17 15:30:30.455875 np0000181230 devstack@neutron-api.service[107252]: DEBUG neutron.api.extensions [None req-a4d2e625-3504-434e-9974-0eb3776920d2 None None] Loading extension file: network_availability_zone.py {{(pid=107252) _load_all_extensions_from_path /opt/stack/neutron/neutron/api/extensions.py:449}}
Jun 17 15:30:30.456123 np0000181230 devstack@neutron-api.service[107252]: DEBUG neutron.api.extensions [None req-a4d2e625-3504-434e-9974-0eb3776920d2 None None] Ext name="Network Availability Zone" alias="network_availability_zone" description="Availability zone support for network." updated="2015-01-01T10:00:00-00:00" {{(pid=107252) _check_extension /opt/stack/neutron/neutron/api/extensions.py:415}}
Jun 17 15:30:30.456293 np0000181230 devstack@neutron-api.service[107252]: INFO neutron.api.extensions [None req-a4d2e625-3504-434e-9974-0eb3776920d2 None None] Loaded extension: network_availability_zone
Jun 17 15:30:30.456388 np0000181230 devstack@neutron-api.service[107252]: DEBUG neutron.api.extensions [None req-a4d2e625-3504-434e-9974-0eb3776920d2 None None] Loading extension file: network_ha.py {{(pid=107252) _load_all_extensions_from_path /opt/stack/neutron/neutron/api/extensions.py:449}}
Jun 17 15:30:30.456610 np0000181230 devstack@neutron-api.service[107252]: DEBUG neutron.api.extensions [None req-a4d2e625-3504-434e-9974-0eb3776920d2 None None] Ext name="Network HA creation flag" alias="network_ha" description="Network high availability creation flag." updated="2023-04-27T10:00:00-00:00" {{(pid=107252) _check_extension /opt/stack/neutron/neutron/api/extensions.py:415}}
Jun 17 15:30:30.456798 np0000181230 devstack@neutron-api.service[107252]: INFO neutron.api.extensions [None req-a4d2e625-3504-434e-9974-0eb3776920d2 None None] Extension network_ha not supported by any of loaded plugins
Jun 17 15:30:30.456893 np0000181230 devstack@neutron-api.service[107252]: DEBUG neutron.api.extensions [None req-a4d2e625-3504-434e-9974-0eb3776920d2 None None] Loading extension file: network_ip_availability.py {{(pid=107252) _load_all_extensions_from_path /opt/stack/neutron/neutron/api/extensions.py:449}}
Jun 17 15:30:30.457129 np0000181230 devstack@neutron-api.service[107252]: DEBUG neutron.api.extensions [None req-a4d2e625-3504-434e-9974-0eb3776920d2 None None] Ext name="Network IP Availability" alias="network-ip-availability" description="Provides IP availability data for each network and subnet." updated="2015-09-24T00:00:00-00:00" {{(pid=107252) _check_extension /opt/stack/neutron/neutron/api/extensions.py:415}}
Jun 17 15:30:30.457300 np0000181230 devstack@neutron-api.service[107252]: INFO neutron.api.extensions [None req-a4d2e625-3504-434e-9974-0eb3776920d2 None None] Loaded extension: network-ip-availability
Jun 17 15:30:30.457391 np0000181230 devstack@neutron-api.service[107252]: DEBUG neutron.api.extensions [None req-a4d2e625-3504-434e-9974-0eb3776920d2 None None] Loading extension file: network_ip_availability_details.py {{(pid=107252) _load_all_extensions_from_path /opt/stack/neutron/neutron/api/extensions.py:449}}
Jun 17 15:30:30.457655 np0000181230 devstack@neutron-api.service[107252]: DEBUG neutron.api.extensions [None req-a4d2e625-3504-434e-9974-0eb3776920d2 None None] Ext name="Network IP Availability Details Extension" alias="network-ip-availability-details" description="Add ip_availability_details attribute to network-ip-availabilities resource." updated="2025-10-31T00:00:00-00:00" {{(pid=107252) _check_extension /opt/stack/neutron/neutron/api/extensions.py:415}}
Jun 17 15:30:30.458222 np0000181230 devstack@neutron-api.service[107252]: INFO neutron.api.extensions [None req-a4d2e625-3504-434e-9974-0eb3776920d2 None None] Loaded extension: network-ip-availability-details
Jun 17 15:30:30.458222 np0000181230 devstack@neutron-api.service[107252]: DEBUG neutron.api.extensions [None req-a4d2e625-3504-434e-9974-0eb3776920d2 None None] Loading extension file: network_segment_range.py {{(pid=107252) _load_all_extensions_from_path /opt/stack/neutron/neutron/api/extensions.py:449}}
Jun 17 15:30:30.458222 np0000181230 devstack@neutron-api.service[107252]: DEBUG neutron.api.extensions [None req-a4d2e625-3504-434e-9974-0eb3776920d2 None None] Ext name="Neutron Network Segment Range" alias="network-segment-range" description="Provides support for the network segment range management" updated="2018-11-29T00:00:00-00:00" {{(pid=107252) _check_extension /opt/stack/neutron/neutron/api/extensions.py:415}}
Jun 17 15:30:30.458430 np0000181230 devstack@neutron-api.service[107252]: INFO neutron.api.extensions [None req-a4d2e625-3504-434e-9974-0eb3776920d2 None None] Extension network-segment-range not supported by any of loaded plugins
Jun 17 15:30:30.458508 np0000181230 devstack@neutron-api.service[107252]: DEBUG neutron.api.extensions [None req-a4d2e625-3504-434e-9974-0eb3776920d2 None None] Loading extension file: pagination.py {{(pid=107252) _load_all_extensions_from_path /opt/stack/neutron/neutron/api/extensions.py:449}}
Jun 17 15:30:30.458717 np0000181230 devstack@neutron-api.service[107252]: DEBUG neutron.api.extensions [None req-a4d2e625-3504-434e-9974-0eb3776920d2 None None] Ext name="Pagination support" alias="pagination" description="Extension that indicates that pagination is enabled." updated="2016-06-12T00:00:00-00:00" {{(pid=107252) _check_extension /opt/stack/neutron/neutron/api/extensions.py:415}}
Jun 17 15:30:30.458858 np0000181230 devstack@neutron-api.service[107252]: INFO neutron.api.extensions [None req-a4d2e625-3504-434e-9974-0eb3776920d2 None None] Loaded extension: pagination
Jun 17 15:30:30.458916 np0000181230 devstack@neutron-api.service[107252]: DEBUG neutron.api.extensions [None req-a4d2e625-3504-434e-9974-0eb3776920d2 None None] Loading extension file: port_device_profile.py {{(pid=107252) _load_all_extensions_from_path /opt/stack/neutron/neutron/api/extensions.py:449}}
Jun 17 15:30:30.459116 np0000181230 devstack@neutron-api.service[107252]: DEBUG neutron.api.extensions [None req-a4d2e625-3504-434e-9974-0eb3776920d2 None None] Ext name="Port device profile" alias="port-device-profile" description="Expose the port device profile (Cyborg)" updated="2020-12-17T10:00:00-00:00" {{(pid=107252) _check_extension /opt/stack/neutron/neutron/api/extensions.py:415}}
Jun 17 15:30:30.459285 np0000181230 devstack@neutron-api.service[107252]: INFO neutron.api.extensions [None req-a4d2e625-3504-434e-9974-0eb3776920d2 None None] Loaded extension: port-device-profile
Jun 17 15:30:30.459374 np0000181230 devstack@neutron-api.service[107252]: DEBUG neutron.api.extensions [None req-a4d2e625-3504-434e-9974-0eb3776920d2 None None] Loading extension file: port_hardware_offload_type.py {{(pid=107252) _load_all_extensions_from_path /opt/stack/neutron/neutron/api/extensions.py:449}}
Jun 17 15:30:30.459606 np0000181230 devstack@neutron-api.service[107252]: DEBUG neutron.api.extensions [None req-a4d2e625-3504-434e-9974-0eb3776920d2 None None] Ext name="Port hardware offload" alias="port-hardware-offload-type" description="Expose port hardware offload extension" updated="2023-05-09T10:00:00-00:00" {{(pid=107252) _check_extension /opt/stack/neutron/neutron/api/extensions.py:415}}
Jun 17 15:30:30.459800 np0000181230 devstack@neutron-api.service[107252]: INFO neutron.api.extensions [None req-a4d2e625-3504-434e-9974-0eb3776920d2 None None] Extension port-hardware-offload-type not supported by any of loaded plugins
Jun 17 15:30:30.459909 np0000181230 devstack@neutron-api.service[107252]: DEBUG neutron.api.extensions [None req-a4d2e625-3504-434e-9974-0eb3776920d2 None None] Loading extension file: port_hint_ovs_tx_steering.py {{(pid=107252) _load_all_extensions_from_path /opt/stack/neutron/neutron/api/extensions.py:449}}
Jun 17 15:30:30.460118 np0000181230 devstack@neutron-api.service[107252]: DEBUG neutron.api.extensions [None req-a4d2e625-3504-434e-9974-0eb3776920d2 None None] Ext name="Port hint: Open vSwitch Tx steering" alias="port-hint-ovs-tx-steering" description="Enable Port hint: Open vSwitch Tx steering" updated="2023-01-01T00:00:00-00:00" {{(pid=107252) _check_extension /opt/stack/neutron/neutron/api/extensions.py:415}}
Jun 17 15:30:30.460281 np0000181230 devstack@neutron-api.service[107252]: INFO neutron.api.extensions [None req-a4d2e625-3504-434e-9974-0eb3776920d2 None None] Extension port-hint-ovs-tx-steering not supported by any of loaded plugins
Jun 17 15:30:30.460426 np0000181230 devstack@neutron-api.service[107252]: DEBUG neutron.api.extensions [None req-a4d2e625-3504-434e-9974-0eb3776920d2 None None] Loading extension file: port_hints.py {{(pid=107252) _load_all_extensions_from_path /opt/stack/neutron/neutron/api/extensions.py:449}}
Jun 17 15:30:30.460589 np0000181230 devstack@neutron-api.service[107252]: DEBUG neutron.api.extensions [None req-a4d2e625-3504-434e-9974-0eb3776920d2 None None] Ext name="Port hints" alias="port-hints" description="Backend specific port hints to allow backend specific tuning" updated="2023-01-01T00:00:00-00:00" {{(pid=107252) _check_extension /opt/stack/neutron/neutron/api/extensions.py:415}}
Jun 17 15:30:30.460789 np0000181230 devstack@neutron-api.service[107252]: INFO neutron.api.extensions [None req-a4d2e625-3504-434e-9974-0eb3776920d2 None None] Extension port-hints not supported by any of loaded plugins
Jun 17 15:30:30.460859 np0000181230 devstack@neutron-api.service[107252]: DEBUG neutron.api.extensions [None req-a4d2e625-3504-434e-9974-0eb3776920d2 None None] Loading extension file: port_mac_address_override.py {{(pid=107252) _load_all_extensions_from_path /opt/stack/neutron/neutron/api/extensions.py:449}}
Jun 17 15:30:30.461084 np0000181230 devstack@neutron-api.service[107252]: DEBUG neutron.api.extensions [None req-a4d2e625-3504-434e-9974-0eb3776920d2 None None] Ext name="Neutron Port MAC address override" alias="port-mac-override" description="Allow overriding the MAC address of a direct-physical Port via the active binding profile" updated="2022-03-18T10:00:00-00:00" {{(pid=107252) _check_extension /opt/stack/neutron/neutron/api/extensions.py:415}}
Jun 17 15:30:30.461251 np0000181230 devstack@neutron-api.service[107252]: INFO neutron.api.extensions [None req-a4d2e625-3504-434e-9974-0eb3776920d2 None None] Extension port-mac-override not supported by any of loaded plugins
Jun 17 15:30:30.461357 np0000181230 devstack@neutron-api.service[107252]: DEBUG neutron.api.extensions [None req-a4d2e625-3504-434e-9974-0eb3776920d2 None None] Loading extension file: port_mac_address_regenerate.py {{(pid=107252) _load_all_extensions_from_path /opt/stack/neutron/neutron/api/extensions.py:449}}
Jun 17 15:30:30.461558 np0000181230 devstack@neutron-api.service[107252]: DEBUG neutron.api.extensions [None req-a4d2e625-3504-434e-9974-0eb3776920d2 None None] Ext name="Neutron Port MAC address regenerate" alias="port-mac-address-regenerate" description="Network port MAC address regenerate" updated="2018-05-03T10:00:00-00:00" {{(pid=107252) _check_extension /opt/stack/neutron/neutron/api/extensions.py:415}}
Jun 17 15:30:30.461750 np0000181230 devstack@neutron-api.service[107252]: INFO neutron.api.extensions [None req-a4d2e625-3504-434e-9974-0eb3776920d2 None None] Loaded extension: port-mac-address-regenerate
Jun 17 15:30:30.461859 np0000181230 devstack@neutron-api.service[107252]: DEBUG neutron.api.extensions [None req-a4d2e625-3504-434e-9974-0eb3776920d2 None None] Loading extension file: port_numa_affinity_policy.py {{(pid=107252) _load_all_extensions_from_path /opt/stack/neutron/neutron/api/extensions.py:449}}
Jun 17 15:30:30.462110 np0000181230 devstack@neutron-api.service[107252]: DEBUG neutron.api.extensions [None req-a4d2e625-3504-434e-9974-0eb3776920d2 None None] Ext name="Port NUMA affinity policy" alias="port-numa-affinity-policy" description="Expose the port NUMA affinity policy" updated="2020-07-08T10:00:00-00:00" {{(pid=107252) _check_extension /opt/stack/neutron/neutron/api/extensions.py:415}}
Jun 17 15:30:30.462323 np0000181230 devstack@neutron-api.service[107252]: INFO neutron.api.extensions [None req-a4d2e625-3504-434e-9974-0eb3776920d2 None None] Loaded extension: port-numa-affinity-policy
Jun 17 15:30:30.462323 np0000181230 devstack@neutron-api.service[107252]: DEBUG neutron.api.extensions [None req-a4d2e625-3504-434e-9974-0eb3776920d2 None None] Loading extension file: port_numa_affinity_policy_socket.py {{(pid=107252) _load_all_extensions_from_path /opt/stack/neutron/neutron/api/extensions.py:449}}
Jun 17 15:30:30.462589 np0000181230 devstack@neutron-api.service[107255]: DEBUG neutron_lib.callbacks.manager [None req-d486837c-eade-4e55-a116-32a6deaa763f None None] Subscribe: > router before_delete 55550000, False {{(pid=107255) subscribe /opt/stack/data/venv/lib/python3.12/site-packages/neutron_lib/callbacks/manager.py:52}}
Jun 17 15:30:30.462805 np0000181230 devstack@neutron-api.service[107252]: DEBUG neutron.api.extensions [None req-a4d2e625-3504-434e-9974-0eb3776920d2 None None] Ext name="Port NUMA affinity policy "socket"" alias="port-numa-affinity-policy-socket" description="Adds "socket" to the supported port NUMA affinity policies" updated="2024-02-09T10:00:00-00:00" {{(pid=107252) _check_extension /opt/stack/neutron/neutron/api/extensions.py:415}}
Jun 17 15:30:30.462881 np0000181230 devstack@neutron-api.service[107255]: DEBUG neutron_lib.callbacks.manager [None req-d486837c-eade-4e55-a116-32a6deaa763f None None] Subscribe: port before_update 55550000, False {{(pid=107255) subscribe /opt/stack/data/venv/lib/python3.12/site-packages/neutron_lib/callbacks/manager.py:52}}
Jun 17 15:30:30.462907 np0000181230 devstack@neutron-api.service[107252]: INFO neutron.api.extensions [None req-a4d2e625-3504-434e-9974-0eb3776920d2 None None] Loaded extension: port-numa-affinity-policy-socket
Jun 17 15:30:30.462933 np0000181230 devstack@neutron-api.service[107255]: DEBUG neutron_lib.callbacks.manager [None req-d486837c-eade-4e55-a116-32a6deaa763f None None] Subscribe: port after_update 55550000, False {{(pid=107255) subscribe /opt/stack/data/venv/lib/python3.12/site-packages/neutron_lib/callbacks/manager.py:52}}
Jun 17 15:30:30.462965 np0000181230 devstack@neutron-api.service[107252]: DEBUG neutron.api.extensions [None req-a4d2e625-3504-434e-9974-0eb3776920d2 None None] Loading extension file: port_resource_request.py {{(pid=107252) _load_all_extensions_from_path /opt/stack/neutron/neutron/api/extensions.py:449}}
Jun 17 15:30:30.463027 np0000181230 devstack@neutron-api.service[107255]: DEBUG neutron_lib.callbacks.manager [None req-d486837c-eade-4e55-a116-32a6deaa763f None None] Subscribe: > port precommit_delete 55550000, False {{(pid=107255) subscribe /opt/stack/data/venv/lib/python3.12/site-packages/neutron_lib/callbacks/manager.py:52}}
Jun 17 15:30:30.463027 np0000181230 devstack@neutron-api.service[107255]: DEBUG neutron_lib.callbacks.manager [None req-d486837c-eade-4e55-a116-32a6deaa763f None None] Subscribe: port before_update 55550000, False {{(pid=107255) subscribe /opt/stack/data/venv/lib/python3.12/site-packages/neutron_lib/callbacks/manager.py:52}}
Jun 17 15:30:30.463112 np0000181230 devstack@neutron-api.service[107252]: DEBUG neutron.api.extensions [None req-a4d2e625-3504-434e-9974-0eb3776920d2 None None] Ext name="Port Resource Request" alias="port-resource-request" description="Expose resource request to Port" updated="2018-05-08T10:00:00-00:00" {{(pid=107252) _check_extension /opt/stack/neutron/neutron/api/extensions.py:415}}
Jun 17 15:30:30.463147 np0000181230 devstack@neutron-api.service[107255]: DEBUG neutron_lib.callbacks.manager [None req-d486837c-eade-4e55-a116-32a6deaa763f None None] Subscribe: port before_delete 55550000, False {{(pid=107255) subscribe /opt/stack/data/venv/lib/python3.12/site-packages/neutron_lib/callbacks/manager.py:52}}
Jun 17 15:30:30.463147 np0000181230 devstack@neutron-api.service[107255]: DEBUG neutron_lib.callbacks.manager [None req-d486837c-eade-4e55-a116-32a6deaa763f None None] Subscribe: > router precommit_create 55550000, False {{(pid=107255) subscribe /opt/stack/data/venv/lib/python3.12/site-packages/neutron_lib/callbacks/manager.py:52}}
Jun 17 15:30:30.463275 np0000181230 devstack@neutron-api.service[107252]: INFO neutron.api.extensions [None req-a4d2e625-3504-434e-9974-0eb3776920d2 None None] Extension port-resource-request not supported by any of loaded plugins
Jun 17 15:30:30.463301 np0000181230 devstack@neutron-api.service[107255]: DEBUG neutron_lib.callbacks.manager [None req-d486837c-eade-4e55-a116-32a6deaa763f None None] Subscribe: > router precommit_create 55550000, False {{(pid=107255) subscribe /opt/stack/data/venv/lib/python3.12/site-packages/neutron_lib/callbacks/manager.py:52}}
Jun 17 15:30:30.463329 np0000181230 devstack@neutron-api.service[107252]: DEBUG neutron.api.extensions [None req-a4d2e625-3504-434e-9974-0eb3776920d2 None None] Loading extension file: port_resource_request_groups.py {{(pid=107252) _load_all_extensions_from_path /opt/stack/neutron/neutron/api/extensions.py:449}}
Jun 17 15:30:30.463380 np0000181230 devstack@neutron-api.service[107255]: DEBUG neutron_lib.callbacks.manager [None req-d486837c-eade-4e55-a116-32a6deaa763f None None] Subscribe: > router precommit_update 55550000, False {{(pid=107255) subscribe /opt/stack/data/venv/lib/python3.12/site-packages/neutron_lib/callbacks/manager.py:52}}
Jun 17 15:30:30.463411 np0000181230 devstack@neutron-api.service[107255]: DEBUG neutron_lib.callbacks.manager [None req-d486837c-eade-4e55-a116-32a6deaa763f None None] Subscribe: subnet after_update 55550000, False {{(pid=107255) subscribe /opt/stack/data/venv/lib/python3.12/site-packages/neutron_lib/callbacks/manager.py:52}}
Jun 17 15:30:30.463532 np0000181230 devstack@neutron-api.service[107252]: DEBUG neutron.api.extensions [None req-a4d2e625-3504-434e-9974-0eb3776920d2 None None] Ext name="Port Resource Request Groups" alias="port-resource-request-groups" description="Support requesting multiple groups of resources and traits from the same RP subtree in resource_request" updated="2021-08-02T10:00:00-00:00" {{(pid=107252) _check_extension /opt/stack/neutron/neutron/api/extensions.py:415}}
Jun 17 15:30:30.464266 np0000181230 devstack@neutron-api.service[107252]: INFO neutron.api.extensions [None req-a4d2e625-3504-434e-9974-0eb3776920d2 None None] Extension port-resource-request-groups not supported by any of loaded plugins
Jun 17 15:30:30.464393 np0000181230 devstack@neutron-api.service[107255]: DEBUG neutron.quota.resource_registry [None req-d486837c-eade-4e55-a116-32a6deaa763f None None] Tracking information for resource: router configured {{(pid=107255) set_tracked_resource /opt/stack/neutron/neutron/quota/resource_registry.py:203}}
Jun 17 15:30:30.464503 np0000181230 devstack@neutron-api.service[107252]: DEBUG neutron.api.extensions [None req-a4d2e625-3504-434e-9974-0eb3776920d2 None None] Loading extension file: port_trusted_vif.py {{(pid=107252) _load_all_extensions_from_path /opt/stack/neutron/neutron/api/extensions.py:449}}
Jun 17 15:30:30.464684 np0000181230 devstack@neutron-api.service[107255]: DEBUG neutron.quota.resource_registry [None req-d486837c-eade-4e55-a116-32a6deaa763f None None] Tracking information for resource: floatingip configured {{(pid=107255) set_tracked_resource /opt/stack/neutron/neutron/quota/resource_registry.py:203}}
Jun 17 15:30:30.464684 np0000181230 devstack@neutron-api.service[107255]: INFO neutron.services.ovn_l3.plugin [None req-d486837c-eade-4e55-a116-32a6deaa763f None None] Starting OVNL3RouterPlugin
Jun 17 15:30:30.464946 np0000181230 devstack@neutron-api.service[107252]: DEBUG neutron.api.extensions [None req-a4d2e625-3504-434e-9974-0eb3776920d2 None None] Ext name="Port trusted vif" alias="port-trusted-vif" description="Expose port 'trusted' attribute in the API" updated="2024-07-10T10:00:00-00:00" {{(pid=107252) _check_extension /opt/stack/neutron/neutron/api/extensions.py:415}}
Jun 17 15:30:30.464946 np0000181230 devstack@neutron-api.service[107252]: INFO neutron.api.extensions [None req-a4d2e625-3504-434e-9974-0eb3776920d2 None None] Extension port-trusted-vif not supported by any of loaded plugins
Jun 17 15:30:30.465219 np0000181230 devstack@neutron-api.service[107255]: DEBUG neutron_lib.callbacks.manager [None req-d486837c-eade-4e55-a116-32a6deaa763f None None] Subscribe: > port_forwarding_plugin after_init 55550000, False {{(pid=107255) subscribe /opt/stack/data/venv/lib/python3.12/site-packages/neutron_lib/callbacks/manager.py:52}}
Jun 17 15:30:30.465295 np0000181230 devstack@neutron-api.service[107252]: DEBUG neutron.api.extensions [None req-a4d2e625-3504-434e-9974-0eb3776920d2 None None] Loading extension file: portbindings.py {{(pid=107252) _load_all_extensions_from_path /opt/stack/neutron/neutron/api/extensions.py:449}}
Jun 17 15:30:30.465348 np0000181230 devstack@neutron-api.service[107255]: DEBUG neutron_lib.callbacks.manager [None req-d486837c-eade-4e55-a116-32a6deaa763f None None] Subscribe: > router before_create 55550100, False {{(pid=107255) subscribe /opt/stack/data/venv/lib/python3.12/site-packages/neutron_lib/callbacks/manager.py:52}}
Jun 17 15:30:30.465409 np0000181230 devstack@neutron-api.service[107252]: DEBUG neutron.api.extensions [None req-a4d2e625-3504-434e-9974-0eb3776920d2 None None] Ext name="Port Binding" alias="binding" description="Expose port bindings of a virtual port to external application" updated="2014-02-03T10:00:00-00:00" {{(pid=107252) _check_extension /opt/stack/neutron/neutron/api/extensions.py:415}}
Jun 17 15:30:30.465482 np0000181230 devstack@neutron-api.service[107255]: DEBUG neutron_lib.callbacks.manager [None req-d486837c-eade-4e55-a116-32a6deaa763f None None] Subscribe: > router precommit_delete 55550100, False {{(pid=107255) subscribe /opt/stack/data/venv/lib/python3.12/site-packages/neutron_lib/callbacks/manager.py:52}}
Jun 17 15:30:30.465482 np0000181230 devstack@neutron-api.service[107255]: DEBUG neutron_lib.callbacks.manager [None req-d486837c-eade-4e55-a116-32a6deaa763f None None] Subscribe: > router precommit_create 55550100, False {{(pid=107255) subscribe /opt/stack/data/venv/lib/python3.12/site-packages/neutron_lib/callbacks/manager.py:52}}
Jun 17 15:30:30.465534 np0000181230 devstack@neutron-api.service[107252]: INFO neutron.api.extensions [None req-a4d2e625-3504-434e-9974-0eb3776920d2 None None] Loaded extension: binding
Jun 17 15:30:30.465585 np0000181230 devstack@neutron-api.service[107255]: DEBUG neutron_lib.callbacks.manager [None req-d486837c-eade-4e55-a116-32a6deaa763f None None] Subscribe: > router precommit_update 55550100, False {{(pid=107255) subscribe /opt/stack/data/venv/lib/python3.12/site-packages/neutron_lib/callbacks/manager.py:52}}
Jun 17 15:30:30.465656 np0000181230 devstack@neutron-api.service[107252]: DEBUG neutron.api.extensions [None req-a4d2e625-3504-434e-9974-0eb3776920d2 None None] Loading extension file: portbindings_extended.py {{(pid=107252) _load_all_extensions_from_path /opt/stack/neutron/neutron/api/extensions.py:449}}
Jun 17 15:30:30.465656 np0000181230 devstack@neutron-api.service[107252]: DEBUG neutron.api.extensions [None req-a4d2e625-3504-434e-9974-0eb3776920d2 None None] Ext name="Port Bindings Extended" alias="binding-extended" description="Expose port bindings of a virtual port to external application" updated="2017-07-17T10:00:00-00:00" {{(pid=107252) _check_extension /opt/stack/neutron/neutron/api/extensions.py:415}}
Jun 17 15:30:30.465656 np0000181230 devstack@neutron-api.service[107252]: INFO neutron.api.extensions [None req-a4d2e625-3504-434e-9974-0eb3776920d2 None None] Loaded extension: binding-extended
Jun 17 15:30:30.465656 np0000181230 devstack@neutron-api.service[107252]: DEBUG neutron.api.extensions [None req-a4d2e625-3504-434e-9974-0eb3776920d2 None None] Loading extension file: portsecurity.py {{(pid=107252) _load_all_extensions_from_path /opt/stack/neutron/neutron/api/extensions.py:449}}
Jun 17 15:30:30.465656 np0000181230 devstack@neutron-api.service[107252]: DEBUG neutron.api.extensions [None req-a4d2e625-3504-434e-9974-0eb3776920d2 None None] Ext name="Port Security" alias="port-security" description="Provides port security" updated="2012-07-23T10:00:00-00:00" {{(pid=107252) _check_extension /opt/stack/neutron/neutron/api/extensions.py:415}}
Jun 17 15:30:30.465656 np0000181230 devstack@neutron-api.service[107252]: INFO neutron.api.extensions [None req-a4d2e625-3504-434e-9974-0eb3776920d2 None None] Loaded extension: port-security
Jun 17 15:30:30.465782 np0000181230 devstack@neutron-api.service[107252]: DEBUG neutron.api.extensions [None req-a4d2e625-3504-434e-9974-0eb3776920d2 None None] Loading extension file: project_id.py {{(pid=107252) _load_all_extensions_from_path /opt/stack/neutron/neutron/api/extensions.py:449}}
Jun 17 15:30:30.466056 np0000181230 devstack@neutron-api.service[107252]: DEBUG neutron.api.extensions [None req-a4d2e625-3504-434e-9974-0eb3776920d2 None None] Ext name="project_id field enabled" alias="project-id" description="Extension that indicates that project_id field is enabled." updated="2016-09-09T09:09:09-09:09" {{(pid=107252) _check_extension /opt/stack/neutron/neutron/api/extensions.py:415}}
Jun 17 15:30:30.466056 np0000181230 devstack@neutron-api.service[107252]: INFO neutron.api.extensions [None req-a4d2e625-3504-434e-9974-0eb3776920d2 None None] Loaded extension: project-id
Jun 17 15:30:30.466901 np0000181230 devstack@neutron-api.service[107252]: DEBUG neutron.api.extensions [None req-a4d2e625-3504-434e-9974-0eb3776920d2 None None] Loading extension file: providernet.py {{(pid=107252) _load_all_extensions_from_path /opt/stack/neutron/neutron/api/extensions.py:449}}
Jun 17 15:30:30.466901 np0000181230 devstack@neutron-api.service[107252]: DEBUG neutron.api.extensions [None req-a4d2e625-3504-434e-9974-0eb3776920d2 None None] Ext name="Provider Network" alias="provider" description="Expose mapping of virtual networks to physical networks" updated="2012-09-07T10:00:00-00:00" {{(pid=107252) _check_extension /opt/stack/neutron/neutron/api/extensions.py:415}}
Jun 17 15:30:30.466901 np0000181230 devstack@neutron-api.service[107252]: INFO neutron.api.extensions [None req-a4d2e625-3504-434e-9974-0eb3776920d2 None None] Loaded extension: provider
Jun 17 15:30:30.466901 np0000181230 devstack@neutron-api.service[107252]: DEBUG neutron.api.extensions [None req-a4d2e625-3504-434e-9974-0eb3776920d2 None None] Loading extension file: pvlan.py {{(pid=107252) _load_all_extensions_from_path /opt/stack/neutron/neutron/api/extensions.py:449}}
Jun 17 15:30:30.466901 np0000181230 devstack@neutron-api.service[107252]: DEBUG neutron.api.extensions [None req-a4d2e625-3504-434e-9974-0eb3776920d2 None None] Ext name="Private VLAN" alias="pvlan" description="The Private VLAN semantics extension." updated="2026-02-03T10:00:00-00:00" {{(pid=107252) _check_extension /opt/stack/neutron/neutron/api/extensions.py:415}}
Jun 17 15:30:30.467261 np0000181230 devstack@neutron-api.service[107252]: INFO neutron.api.extensions [None req-a4d2e625-3504-434e-9974-0eb3776920d2 None None] Extension pvlan not supported by any of loaded plugins
Jun 17 15:30:30.467261 np0000181230 devstack@neutron-api.service[107252]: DEBUG neutron.api.extensions [None req-a4d2e625-3504-434e-9974-0eb3776920d2 None None] Loading extension file: qinq.py {{(pid=107252) _load_all_extensions_from_path /opt/stack/neutron/neutron/api/extensions.py:449}}
Jun 17 15:30:30.468362 np0000181230 devstack@neutron-api.service[107255]: DEBUG neutron.services.provider_configuration [None req-d486837c-eade-4e55-a116-32a6deaa763f None None] Service providers = [] {{(pid=107255) parse_service_provider_opt /opt/stack/neutron/neutron/services/provider_configuration.py:170}}
Jun 17 15:30:30.468472 np0000181230 devstack@neutron-api.service[107255]: DEBUG neutron.db.servicetype_db [None req-d486837c-eade-4e55-a116-32a6deaa763f None None] Adding provider configuration for service L3_ROUTER_NAT {{(pid=107255) add_provider_configuration /opt/stack/neutron/neutron/db/servicetype_db.py:45}}
Jun 17 15:30:30.469742 np0000181230 devstack@neutron-api.service[107255]: DEBUG neutron_lib.callbacks.manager [None req-d486837c-eade-4e55-a116-32a6deaa763f None None] Subscribe: > router precommit_create 55549900, False {{(pid=107255) subscribe /opt/stack/data/venv/lib/python3.12/site-packages/neutron_lib/callbacks/manager.py:52}}
Jun 17 15:30:30.469883 np0000181230 devstack@neutron-api.service[107255]: DEBUG neutron_lib.callbacks.manager [None req-d486837c-eade-4e55-a116-32a6deaa763f None None] Subscribe: > router_interface after_create 55550000, False {{(pid=107255) subscribe /opt/stack/data/venv/lib/python3.12/site-packages/neutron_lib/callbacks/manager.py:52}}
Jun 17 15:30:30.470017 np0000181230 devstack@neutron-api.service[107255]: DEBUG neutron_lib.callbacks.manager [None req-d486837c-eade-4e55-a116-32a6deaa763f None None] Subscribe: > floatingip after_create 55550000, False {{(pid=107255) subscribe /opt/stack/data/venv/lib/python3.12/site-packages/neutron_lib/callbacks/manager.py:52}}
Jun 17 15:30:30.470128 np0000181230 devstack@neutron-api.service[107255]: DEBUG neutron_lib.callbacks.manager [None req-d486837c-eade-4e55-a116-32a6deaa763f None None] Subscribe: > floatingip precommit_create 55550000, False {{(pid=107255) subscribe /opt/stack/data/venv/lib/python3.12/site-packages/neutron_lib/callbacks/manager.py:52}}
Jun 17 15:30:30.470196 np0000181230 devstack@neutron-api.service[107255]: DEBUG neutron_lib.callbacks.manager [None req-d486837c-eade-4e55-a116-32a6deaa763f None None] Subscribe: > floatingip precommit_update 55550000, False {{(pid=107255) subscribe /opt/stack/data/venv/lib/python3.12/site-packages/neutron_lib/callbacks/manager.py:52}}
Jun 17 15:30:30.470264 np0000181230 devstack@neutron-api.service[107255]: DEBUG neutron_lib.callbacks.manager [None req-d486837c-eade-4e55-a116-32a6deaa763f None None] Subscribe: > floatingip after_delete 55550000, False {{(pid=107255) subscribe /opt/stack/data/venv/lib/python3.12/site-packages/neutron_lib/callbacks/manager.py:52}}
Jun 17 15:30:30.470373 np0000181230 devstack@neutron-api.service[107255]: DEBUG neutron_lib.callbacks.manager [None req-d486837c-eade-4e55-a116-32a6deaa763f None None] Subscribe: > floatingip after_status_update 55550000, False {{(pid=107255) subscribe /opt/stack/data/venv/lib/python3.12/site-packages/neutron_lib/callbacks/manager.py:52}}
Jun 17 15:30:30.470536 np0000181230 devstack@neutron-api.service[107255]: DEBUG neutron_lib.callbacks.manager [None req-d486837c-eade-4e55-a116-32a6deaa763f None None] Subscribe: > floatingip after_update 55550000, False {{(pid=107255) subscribe /opt/stack/data/venv/lib/python3.12/site-packages/neutron_lib/callbacks/manager.py:52}}
Jun 17 15:30:30.470536 np0000181230 devstack@neutron-api.service[107255]: DEBUG neutron_lib.callbacks.manager [None req-d486837c-eade-4e55-a116-32a6deaa763f None None] Subscribe: > port_forwarding after_create 55550000, False {{(pid=107255) subscribe /opt/stack/data/venv/lib/python3.12/site-packages/neutron_lib/callbacks/manager.py:52}}
Jun 17 15:30:30.470806 np0000181230 devstack@neutron-api.service[107255]: DEBUG neutron_lib.callbacks.manager [None req-d486837c-eade-4e55-a116-32a6deaa763f None None] Subscribe: > router_interface after_delete 55550000, False {{(pid=107255) subscribe /opt/stack/data/venv/lib/python3.12/site-packages/neutron_lib/callbacks/manager.py:52}}
Jun 17 15:30:30.470806 np0000181230 devstack@neutron-api.service[107255]: DEBUG neutron_lib.callbacks.manager [None req-d486837c-eade-4e55-a116-32a6deaa763f None None] Subscribe: > router after_create 55550000, False {{(pid=107255) subscribe /opt/stack/data/venv/lib/python3.12/site-packages/neutron_lib/callbacks/manager.py:52}}
Jun 17 15:30:30.471006 np0000181230 devstack@neutron-api.service[107255]: DEBUG neutron_lib.callbacks.manager [None req-d486837c-eade-4e55-a116-32a6deaa763f None None] Subscribe: > router precommit_create 55550000, False {{(pid=107255) subscribe /opt/stack/data/venv/lib/python3.12/site-packages/neutron_lib/callbacks/manager.py:52}}
Jun 17 15:30:30.471006 np0000181230 devstack@neutron-api.service[107255]: DEBUG neutron_lib.callbacks.manager [None req-d486837c-eade-4e55-a116-32a6deaa763f None None] Subscribe: > router after_delete 55550000, False {{(pid=107255) subscribe /opt/stack/data/venv/lib/python3.12/site-packages/neutron_lib/callbacks/manager.py:52}}
Jun 17 15:30:30.471107 np0000181230 devstack@neutron-api.service[107255]: DEBUG neutron_lib.callbacks.manager [None req-d486837c-eade-4e55-a116-32a6deaa763f None None] Subscribe: > router after_update 55550000, False {{(pid=107255) subscribe /opt/stack/data/venv/lib/python3.12/site-packages/neutron_lib/callbacks/manager.py:52}}
Jun 17 15:30:30.471165 np0000181230 devstack@neutron-api.service[107255]: DEBUG neutron.services.service_base [None req-d486837c-eade-4e55-a116-32a6deaa763f None None] Loaded 'neutron.services.ovn_l3.service_providers.ovn.OvnDriver' provider for service L3_ROUTER_NAT {{(pid=107255) load_drivers /opt/stack/neutron/neutron/services/service_base.py:49}}
Jun 17 15:30:30.471498 np0000181230 devstack@neutron-api.service[107255]: DEBUG neutron_lib.callbacks.manager [None req-d486837c-eade-4e55-a116-32a6deaa763f None None] Subscribe: > process after_init 55550001, True {{(pid=107255) subscribe /opt/stack/data/venv/lib/python3.12/site-packages/neutron_lib/callbacks/manager.py:52}}
Jun 17 15:30:30.471498 np0000181230 devstack@neutron-api.service[107255]: DEBUG neutron.manager [None req-d486837c-eade-4e55-a116-32a6deaa763f None None] Successfully loaded L3_ROUTER_NAT plugin. Description: L3 Router Service Plugin for basic L3 forwarding using OVN {{(pid=107255) _create_and_add_service_plugin /opt/stack/neutron/neutron/manager.py:239}}
Jun 17 15:30:30.471498 np0000181230 devstack@neutron-api.service[107255]: INFO neutron.manager [None req-d486837c-eade-4e55-a116-32a6deaa763f None None] Loading Plugin: auto_allocate
Jun 17 15:30:30.472742 np0000181230 devstack@neutron-api.service[107255]: DEBUG neutron_lib.callbacks.manager [None req-d486837c-eade-4e55-a116-32a6deaa763f None None] Subscribe: network precommit_update 55550000, False {{(pid=107255) subscribe /opt/stack/data/venv/lib/python3.12/site-packages/neutron_lib/callbacks/manager.py:52}}
Jun 17 15:30:30.472742 np0000181230 devstack@neutron-api.service[107255]: DEBUG neutron_lib.callbacks.manager [None req-d486837c-eade-4e55-a116-32a6deaa763f None None] Subscribe: network precommit_create 55550000, False {{(pid=107255) subscribe /opt/stack/data/venv/lib/python3.12/site-packages/neutron_lib/callbacks/manager.py:52}}
Jun 17 15:30:30.472871 np0000181230 devstack@neutron-api.service[107255]: DEBUG neutron.manager [None req-d486837c-eade-4e55-a116-32a6deaa763f None None] Successfully loaded auto-allocated-topology plugin. Description: Auto Allocated Topology - aka get me a network. {{(pid=107255) _create_and_add_service_plugin /opt/stack/neutron/neutron/manager.py:239}}
Jun 17 15:30:30.472954 np0000181230 devstack@neutron-api.service[107255]: INFO neutron.manager [None req-d486837c-eade-4e55-a116-32a6deaa763f None None] Loading Plugin: tag
Jun 17 15:30:30.475952 np0000181230 devstack@neutron-api.service[107255]: DEBUG neutron.manager [None req-d486837c-eade-4e55-a116-32a6deaa763f None None] Successfully loaded TAG plugin. Description: Tag support {{(pid=107255) _create_and_add_service_plugin /opt/stack/neutron/neutron/manager.py:239}}
Jun 17 15:30:30.475952 np0000181230 devstack@neutron-api.service[107255]: INFO neutron.manager [None req-d486837c-eade-4e55-a116-32a6deaa763f None None] Loading Plugin: timestamp
Jun 17 15:30:30.477575 np0000181230 devstack@neutron-api.service[107255]: DEBUG neutron.manager [None req-d486837c-eade-4e55-a116-32a6deaa763f None None] Successfully loaded timestamp plugin. Description: Adds timestamps to Neutron resources with standard attributes {{(pid=107255) _create_and_add_service_plugin /opt/stack/neutron/neutron/manager.py:239}}
Jun 17 15:30:30.477575 np0000181230 devstack@neutron-api.service[107255]: INFO neutron.manager [None req-d486837c-eade-4e55-a116-32a6deaa763f None None] Loading Plugin: network_ip_availability
Jun 17 15:30:30.478891 np0000181230 devstack@neutron-api.service[107255]: DEBUG neutron.manager [None req-d486837c-eade-4e55-a116-32a6deaa763f None None] Successfully loaded network-ip-availability plugin. Description: Provides IP availability data for each network and subnet. {{(pid=107255) _create_and_add_service_plugin /opt/stack/neutron/neutron/manager.py:239}}
Jun 17 15:30:30.478891 np0000181230 devstack@neutron-api.service[107255]: INFO neutron.manager [None req-d486837c-eade-4e55-a116-32a6deaa763f None None] Loading Plugin: flavors
Jun 17 15:30:30.479669 np0000181230 devstack@neutron-api.service[107255]: DEBUG neutron.manager [None req-d486837c-eade-4e55-a116-32a6deaa763f None None] Successfully loaded FLAVORS plugin. Description: Neutron Flavors and Service Profiles manager plugin {{(pid=107255) _create_and_add_service_plugin /opt/stack/neutron/neutron/manager.py:239}}
Jun 17 15:30:30.479780 np0000181230 devstack@neutron-api.service[107255]: INFO neutron.manager [None req-d486837c-eade-4e55-a116-32a6deaa763f None None] Loading Plugin: revisions
Jun 17 15:30:30.481002 np0000181230 devstack@neutron-api.service[107255]: DEBUG neutron.manager [None req-d486837c-eade-4e55-a116-32a6deaa763f None None] Successfully loaded revision_plugin plugin. Description: Adds revision numbers to resources. {{(pid=107255) _create_and_add_service_plugin /opt/stack/neutron/neutron/manager.py:239}}
Jun 17 15:30:30.481149 np0000181230 devstack@neutron-api.service[107255]: DEBUG oslo_concurrency.lockutils [None req-d486837c-eade-4e55-a116-32a6deaa763f None None] Lock "manager" "released" by "neutron.manager.NeutronManager._create_instance" :: held 4.869s {{(pid=107255) inner /opt/stack/data/venv/lib/python3.12/site-packages/oslo_concurrency/lockutils.py:543}}
Jun 17 15:30:30.481519 np0000181230 devstack@neutron-api.service[107255]: DEBUG neutron.api.extensions [None req-d486837c-eade-4e55-a116-32a6deaa763f None None] get_extension_paths = OrderedDict({'/opt/stack/neutron/neutron/extensions': 1}) {{(pid=107255) get_extensions_path /opt/stack/neutron/neutron/api/extensions.py:640}}
Jun 17 15:30:30.481519 np0000181230 devstack@neutron-api.service[107255]: INFO neutron.api.extensions [None req-d486837c-eade-4e55-a116-32a6deaa763f None None] Initializing extension manager.
Jun 17 15:30:30.481916 np0000181230 devstack@neutron-api.service[107255]: DEBUG neutron.api.extensions [None req-d486837c-eade-4e55-a116-32a6deaa763f None None] Loading extension file: __init__.py {{(pid=107255) _load_all_extensions_from_path /opt/stack/neutron/neutron/api/extensions.py:449}}
Jun 17 15:30:30.481916 np0000181230 devstack@neutron-api.service[107255]: DEBUG neutron.api.extensions [None req-d486837c-eade-4e55-a116-32a6deaa763f None None] Loading extension file: __pycache__ {{(pid=107255) _load_all_extensions_from_path /opt/stack/neutron/neutron/api/extensions.py:449}}
Jun 17 15:30:30.481916 np0000181230 devstack@neutron-api.service[107255]: DEBUG neutron.api.extensions [None req-d486837c-eade-4e55-a116-32a6deaa763f None None] Loading extension file: aap_reject_multicast.py {{(pid=107255) _load_all_extensions_from_path /opt/stack/neutron/neutron/api/extensions.py:449}}
Jun 17 15:30:30.482138 np0000181230 devstack@neutron-api.service[107255]: DEBUG neutron.api.extensions [None req-d486837c-eade-4e55-a116-32a6deaa763f None None] Ext name="Allowed address pairs reject multicast extension" alias="aap-reject-multicast" description="Reject multicast addresses in Allowed Address Pairs" updated="2026-04-01T00:00:00-00:00" {{(pid=107255) _check_extension /opt/stack/neutron/neutron/api/extensions.py:415}}
Jun 17 15:30:30.482475 np0000181230 devstack@neutron-api.service[107255]: INFO neutron.api.extensions [None req-d486837c-eade-4e55-a116-32a6deaa763f None None] Extension aap-reject-multicast not supported by any of loaded plugins
Jun 17 15:30:30.482475 np0000181230 devstack@neutron-api.service[107255]: DEBUG neutron.api.extensions [None req-d486837c-eade-4e55-a116-32a6deaa763f None None] Loading extension file: address_group.py {{(pid=107255) _load_all_extensions_from_path /opt/stack/neutron/neutron/api/extensions.py:449}}
