May 26 15:08:56.986855 np0000176662 systemd[1]: Starting devstack@n-api-meta.service - Devstack devstack@n-api-meta.service...
May 26 15:08:56.998285 np0000176662 devstack@n-api-meta.service[108301]: [uWSGI] getting INI configuration from /etc/nova/nova-metadata-uwsgi.ini
May 26 15:08:57.000947 np0000176662 devstack@n-api-meta.service[108301]: *** Starting uWSGI 2.0.24-debian (64bit) on [Tue May 26 15:08:56 2026] ***
May 26 15:08:57.000947 np0000176662 devstack@n-api-meta.service[108301]: compiled with version: 13.2.0 on 17 April 2024 16:23:48
May 26 15:08:57.000947 np0000176662 devstack@n-api-meta.service[108301]: os: Linux-6.8.0-117-generic #117-Ubuntu SMP PREEMPT_DYNAMIC Tue May 5 19:26:24 UTC 2026
May 26 15:08:57.000947 np0000176662 devstack@n-api-meta.service[108301]: nodename: np0000176662
May 26 15:08:57.000947 np0000176662 devstack@n-api-meta.service[108301]: machine: x86_64
May 26 15:08:57.000947 np0000176662 devstack@n-api-meta.service[108301]: clock source: unix
May 26 15:08:57.000947 np0000176662 devstack@n-api-meta.service[108301]: pcre jit disabled
May 26 15:08:57.000947 np0000176662 devstack@n-api-meta.service[108301]: detected number of CPU cores: 16
May 26 15:08:57.000947 np0000176662 devstack@n-api-meta.service[108301]: current working directory: /
May 26 15:08:57.000947 np0000176662 devstack@n-api-meta.service[108301]: detected binary path: /usr/bin/uwsgi-core
May 26 15:08:57.000947 np0000176662 devstack@n-api-meta.service[108301]: your processes number limit is 256917
May 26 15:08:57.000947 np0000176662 devstack@n-api-meta.service[108301]: your memory page size is 4096 bytes
May 26 15:08:57.000947 np0000176662 devstack@n-api-meta.service[108301]: detected max file descriptor number: 2048
May 26 15:08:57.000947 np0000176662 devstack@n-api-meta.service[108301]: lock engine: pthread robust mutexes
May 26 15:08:57.001708 np0000176662 devstack@n-api-meta.service[108301]: thunder lock: enabled
May 26 15:08:57.001708 np0000176662 devstack@n-api-meta.service[108301]: uWSGI http bound on 0.0.0.0:8775 fd 5
May 26 15:08:57.001708 np0000176662 devstack@n-api-meta.service[108301]: uwsgi socket 0 bound to TCP address 127.0.0.1:39613 (port auto-assigned) fd 4
May 26 15:08:57.001708 np0000176662 devstack@n-api-meta.service[108301]: Python version: 3.12.3 (main, Mar 23 2026, 19:04:32) [GCC 13.3.0]
May 26 15:08:57.001708 np0000176662 devstack@n-api-meta.service[108301]: PEP 405 virtualenv detected: /opt/stack/data/venv
May 26 15:08:57.001708 np0000176662 devstack@n-api-meta.service[108301]: Set PythonHome to /opt/stack/data/venv
May 26 15:08:57.038067 np0000176662 devstack@n-api-meta.service[108301]: Python main interpreter initialized at 0x7f49b0ca3668
May 26 15:08:57.038067 np0000176662 devstack@n-api-meta.service[108301]: python threads support enabled
May 26 15:08:57.038067 np0000176662 devstack@n-api-meta.service[108301]: your server socket listen backlog is limited to 100 connections
May 26 15:08:57.038067 np0000176662 devstack@n-api-meta.service[108301]: your mercy for graceful operations on workers is 80 seconds
May 26 15:08:57.038714 np0000176662 devstack@n-api-meta.service[108301]: mapped 671795 bytes (656 KB) for 4 cores
May 26 15:08:57.038858 np0000176662 devstack@n-api-meta.service[108301]: *** Operational MODE: preforking ***
May 26 15:08:57.039013 np0000176662 devstack@n-api-meta.service[108301]: *** uWSGI is running in multiple interpreter mode ***
May 26 15:08:57.039013 np0000176662 devstack@n-api-meta.service[108301]: spawned uWSGI master process (pid: 108301)
May 26 15:08:57.039193 np0000176662 systemd[1]: Started devstack@n-api-meta.service - Devstack devstack@n-api-meta.service.
May 26 15:08:57.039681 np0000176662 devstack@n-api-meta.service[108301]: spawned uWSGI worker 1 (pid: 108302, cores: 1)
May 26 15:08:57.040184 np0000176662 devstack@n-api-meta.service[108301]: spawned uWSGI worker 2 (pid: 108303, cores: 1)
May 26 15:08:57.040911 np0000176662 devstack@n-api-meta.service[108301]: spawned uWSGI worker 3 (pid: 108304, cores: 1)
May 26 15:08:57.041517 np0000176662 devstack@n-api-meta.service[108301]: spawned uWSGI worker 4 (pid: 108305, cores: 1)
May 26 15:08:57.041919 np0000176662 devstack@n-api-meta.service[108301]: spawned uWSGI http 1 (pid: 108306)
May 26 15:08:57.041919 np0000176662 devstack@n-api-meta.service[108301]: running "unix_signal:15 gracefully_kill_them_all" (master-start)...
May 26 15:08:58.823376 np0000176662 devstack@n-api-meta.service[108305]: INFO dbcounter [None req-7b7f9cd2-0d05-40b2-ac6c-ea523542ff9d None None] Registered counter for database nova_api
May 26 15:08:58.873278 np0000176662 devstack@n-api-meta.service[108305]: DEBUG oslo_db.sqlalchemy.engines [None req-7b7f9cd2-0d05-40b2-ac6c-ea523542ff9d None None] MySQL server mode set to STRICT_TRANS_TABLES,STRICT_ALL_TABLES,NO_ZERO_IN_DATE,NO_ZERO_DATE,ERROR_FOR_DIVISION_BY_ZERO,TRADITIONAL,NO_ENGINE_SUBSTITUTION {{(pid=108305) _check_effective_sql_mode /opt/stack/data/venv/lib/python3.12/site-packages/oslo_db/sqlalchemy/engines.py:325}}
May 26 15:08:58.906240 np0000176662 devstack@n-api-meta.service[108305]: DEBUG dbcounter [-] [108305] Writer thread running {{(pid=108305) stat_writer /opt/stack/data/venv/lib/python3.12/site-packages/dbcounter.py:102}}
May 26 15:08:58.907663 np0000176662 devstack@n-api-meta.service[108305]: DEBUG nova.context [None req-7b7f9cd2-0d05-40b2-ac6c-ea523542ff9d None None] Found 2 cells: 00000000-0000-0000-0000-000000000000(cell0),9d793609-bd49-41d7-af83-89254b37cb3a(cell1) {{(pid=108305) load_cells /opt/stack/nova/nova/context.py:509}}
May 26 15:08:58.907903 np0000176662 devstack@n-api-meta.service[108305]: INFO nova.utils [None req-7b7f9cd2-0d05-40b2-ac6c-ea523542ff9d None None] The cell worker thread pool MainProcess.cell_worker is initialized
May 26 15:08:58.911165 np0000176662 devstack@n-api-meta.service[108305]: DEBUG oslo_concurrency.lockutils [None req-7b7f9cd2-0d05-40b2-ac6c-ea523542ff9d None None] Acquiring lock "00000000-0000-0000-0000-000000000000" by "nova.context.set_target_cell..get_or_set_cached_cell_and_set_connections" {{(pid=108305) inner /opt/stack/data/venv/lib/python3.12/site-packages/oslo_concurrency/lockutils.py:511}}
May 26 15:08:58.911165 np0000176662 devstack@n-api-meta.service[108305]: DEBUG oslo_concurrency.lockutils [None req-7b7f9cd2-0d05-40b2-ac6c-ea523542ff9d None None] Lock "00000000-0000-0000-0000-000000000000" acquired by "nova.context.set_target_cell..get_or_set_cached_cell_and_set_connections" :: waited 0.000s {{(pid=108305) inner /opt/stack/data/venv/lib/python3.12/site-packages/oslo_concurrency/lockutils.py:524}}
May 26 15:08:58.911165 np0000176662 devstack@n-api-meta.service[108305]: DEBUG oslo_concurrency.lockutils [None req-7b7f9cd2-0d05-40b2-ac6c-ea523542ff9d None None] Lock "00000000-0000-0000-0000-000000000000" "released" by "nova.context.set_target_cell..get_or_set_cached_cell_and_set_connections" :: held 0.000s {{(pid=108305) inner /opt/stack/data/venv/lib/python3.12/site-packages/oslo_concurrency/lockutils.py:543}}
May 26 15:08:58.911165 np0000176662 devstack@n-api-meta.service[108305]: DEBUG oslo_concurrency.lockutils [None req-7b7f9cd2-0d05-40b2-ac6c-ea523542ff9d None None] Acquiring lock "9d793609-bd49-41d7-af83-89254b37cb3a" by "nova.context.set_target_cell..get_or_set_cached_cell_and_set_connections" {{(pid=108305) inner /opt/stack/data/venv/lib/python3.12/site-packages/oslo_concurrency/lockutils.py:511}}
May 26 15:08:58.911488 np0000176662 devstack@n-api-meta.service[108305]: DEBUG oslo_concurrency.lockutils [None req-7b7f9cd2-0d05-40b2-ac6c-ea523542ff9d None None] Lock "9d793609-bd49-41d7-af83-89254b37cb3a" acquired by "nova.context.set_target_cell..get_or_set_cached_cell_and_set_connections" :: waited 0.000s {{(pid=108305) inner /opt/stack/data/venv/lib/python3.12/site-packages/oslo_concurrency/lockutils.py:524}}
May 26 15:08:58.912208 np0000176662 devstack@n-api-meta.service[108305]: DEBUG oslo_concurrency.lockutils [None req-7b7f9cd2-0d05-40b2-ac6c-ea523542ff9d None None] Lock "9d793609-bd49-41d7-af83-89254b37cb3a" "released" by "nova.context.set_target_cell..get_or_set_cached_cell_and_set_connections" :: held 0.001s {{(pid=108305) inner /opt/stack/data/venv/lib/python3.12/site-packages/oslo_concurrency/lockutils.py:543}}
May 26 15:08:58.915680 np0000176662 devstack@n-api-meta.service[108305]: INFO dbcounter [None req-7b7f9cd2-0d05-40b2-ac6c-ea523542ff9d None None] Registered counter for database nova_cell0
May 26 15:08:58.926701 np0000176662 devstack@n-api-meta.service[108305]: INFO dbcounter [None req-7b7f9cd2-0d05-40b2-ac6c-ea523542ff9d None None] Registered counter for database nova_cell1
May 26 15:08:58.928342 np0000176662 devstack@n-api-meta.service[108304]: INFO dbcounter [None req-5ec2df15-07d9-43e8-896f-8ae3ac892a01 None None] Registered counter for database nova_api
May 26 15:08:58.940115 np0000176662 devstack@n-api-meta.service[108302]: INFO dbcounter [None req-7d8194d2-4fe6-4b39-8b13-c0e0030954e5 None None] Registered counter for database nova_api
May 26 15:08:58.961418 np0000176662 devstack@n-api-meta.service[108303]: INFO dbcounter [None req-41fe64f3-b733-4883-87d4-febe929851fa None None] Registered counter for database nova_api
May 26 15:08:58.983203 np0000176662 devstack@n-api-meta.service[108304]: DEBUG oslo_db.sqlalchemy.engines [None req-5ec2df15-07d9-43e8-896f-8ae3ac892a01 None None] MySQL server mode set to STRICT_TRANS_TABLES,STRICT_ALL_TABLES,NO_ZERO_IN_DATE,NO_ZERO_DATE,ERROR_FOR_DIVISION_BY_ZERO,TRADITIONAL,NO_ENGINE_SUBSTITUTION {{(pid=108304) _check_effective_sql_mode /opt/stack/data/venv/lib/python3.12/site-packages/oslo_db/sqlalchemy/engines.py:325}}
May 26 15:08:58.993566 np0000176662 devstack@n-api-meta.service[108302]: DEBUG oslo_db.sqlalchemy.engines [None req-7d8194d2-4fe6-4b39-8b13-c0e0030954e5 None None] MySQL server mode set to STRICT_TRANS_TABLES,STRICT_ALL_TABLES,NO_ZERO_IN_DATE,NO_ZERO_DATE,ERROR_FOR_DIVISION_BY_ZERO,TRADITIONAL,NO_ENGINE_SUBSTITUTION {{(pid=108302) _check_effective_sql_mode /opt/stack/data/venv/lib/python3.12/site-packages/oslo_db/sqlalchemy/engines.py:325}}
May 26 15:08:59.006006 np0000176662 devstack@n-api-meta.service[108305]: DEBUG oslo_db.sqlalchemy.engines [None req-7b7f9cd2-0d05-40b2-ac6c-ea523542ff9d None None] MySQL server mode set to STRICT_TRANS_TABLES,STRICT_ALL_TABLES,NO_ZERO_IN_DATE,NO_ZERO_DATE,ERROR_FOR_DIVISION_BY_ZERO,TRADITIONAL,NO_ENGINE_SUBSTITUTION {{(pid=108305) _check_effective_sql_mode /opt/stack/data/venv/lib/python3.12/site-packages/oslo_db/sqlalchemy/engines.py:325}}
May 26 15:08:59.013231 np0000176662 devstack@n-api-meta.service[108305]: DEBUG oslo_db.sqlalchemy.engines [None req-7b7f9cd2-0d05-40b2-ac6c-ea523542ff9d None None] MySQL server mode set to STRICT_TRANS_TABLES,STRICT_ALL_TABLES,NO_ZERO_IN_DATE,NO_ZERO_DATE,ERROR_FOR_DIVISION_BY_ZERO,TRADITIONAL,NO_ENGINE_SUBSTITUTION {{(pid=108305) _check_effective_sql_mode /opt/stack/data/venv/lib/python3.12/site-packages/oslo_db/sqlalchemy/engines.py:325}}
May 26 15:08:59.014812 np0000176662 devstack@n-api-meta.service[108303]: DEBUG oslo_db.sqlalchemy.engines [None req-41fe64f3-b733-4883-87d4-febe929851fa None None] MySQL server mode set to STRICT_TRANS_TABLES,STRICT_ALL_TABLES,NO_ZERO_IN_DATE,NO_ZERO_DATE,ERROR_FOR_DIVISION_BY_ZERO,TRADITIONAL,NO_ENGINE_SUBSTITUTION {{(pid=108303) _check_effective_sql_mode /opt/stack/data/venv/lib/python3.12/site-packages/oslo_db/sqlalchemy/engines.py:325}}
May 26 15:08:59.023383 np0000176662 devstack@n-api-meta.service[108304]: DEBUG dbcounter [-] [108304] Writer thread running {{(pid=108304) stat_writer /opt/stack/data/venv/lib/python3.12/site-packages/dbcounter.py:102}}
May 26 15:08:59.026150 np0000176662 devstack@n-api-meta.service[108304]: DEBUG nova.context [None req-5ec2df15-07d9-43e8-896f-8ae3ac892a01 None None] Found 2 cells: 00000000-0000-0000-0000-000000000000(cell0),9d793609-bd49-41d7-af83-89254b37cb3a(cell1) {{(pid=108304) load_cells /opt/stack/nova/nova/context.py:509}}
May 26 15:08:59.026516 np0000176662 devstack@n-api-meta.service[108304]: INFO nova.utils [None req-5ec2df15-07d9-43e8-896f-8ae3ac892a01 None None] The cell worker thread pool MainProcess.cell_worker is initialized
May 26 15:08:59.029482 np0000176662 devstack@n-api-meta.service[108304]: DEBUG oslo_concurrency.lockutils [None req-5ec2df15-07d9-43e8-896f-8ae3ac892a01 None None] Acquiring lock "00000000-0000-0000-0000-000000000000" by "nova.context.set_target_cell..get_or_set_cached_cell_and_set_connections" {{(pid=108304) inner /opt/stack/data/venv/lib/python3.12/site-packages/oslo_concurrency/lockutils.py:511}}
May 26 15:08:59.029721 np0000176662 devstack@n-api-meta.service[108304]: DEBUG oslo_concurrency.lockutils [None req-5ec2df15-07d9-43e8-896f-8ae3ac892a01 None None] Lock "00000000-0000-0000-0000-000000000000" acquired by "nova.context.set_target_cell..get_or_set_cached_cell_and_set_connections" :: waited 0.000s {{(pid=108304) inner /opt/stack/data/venv/lib/python3.12/site-packages/oslo_concurrency/lockutils.py:524}}
May 26 15:08:59.030292 np0000176662 devstack@n-api-meta.service[108304]: DEBUG oslo_concurrency.lockutils [None req-5ec2df15-07d9-43e8-896f-8ae3ac892a01 None None] Lock "00000000-0000-0000-0000-000000000000" "released" by "nova.context.set_target_cell..get_or_set_cached_cell_and_set_connections" :: held 0.001s {{(pid=108304) inner /opt/stack/data/venv/lib/python3.12/site-packages/oslo_concurrency/lockutils.py:543}}
May 26 15:08:59.031418 np0000176662 devstack@n-api-meta.service[108304]: DEBUG oslo_concurrency.lockutils [None req-5ec2df15-07d9-43e8-896f-8ae3ac892a01 None None] Acquiring lock "9d793609-bd49-41d7-af83-89254b37cb3a" by "nova.context.set_target_cell..get_or_set_cached_cell_and_set_connections" {{(pid=108304) inner /opt/stack/data/venv/lib/python3.12/site-packages/oslo_concurrency/lockutils.py:511}}
May 26 15:08:59.031596 np0000176662 devstack@n-api-meta.service[108304]: DEBUG oslo_concurrency.lockutils [None req-5ec2df15-07d9-43e8-896f-8ae3ac892a01 None None] Lock "9d793609-bd49-41d7-af83-89254b37cb3a" acquired by "nova.context.set_target_cell..get_or_set_cached_cell_and_set_connections" :: waited 0.000s {{(pid=108304) inner /opt/stack/data/venv/lib/python3.12/site-packages/oslo_concurrency/lockutils.py:524}}
May 26 15:08:59.031932 np0000176662 devstack@n-api-meta.service[108302]: DEBUG dbcounter [-] [108302] Writer thread running {{(pid=108302) stat_writer /opt/stack/data/venv/lib/python3.12/site-packages/dbcounter.py:102}}
May 26 15:08:59.032505 np0000176662 devstack@n-api-meta.service[108304]: DEBUG oslo_concurrency.lockutils [None req-5ec2df15-07d9-43e8-896f-8ae3ac892a01 None None] Lock "9d793609-bd49-41d7-af83-89254b37cb3a" "released" by "nova.context.set_target_cell..get_or_set_cached_cell_and_set_connections" :: held 0.001s {{(pid=108304) inner /opt/stack/data/venv/lib/python3.12/site-packages/oslo_concurrency/lockutils.py:543}}
May 26 15:08:59.034645 np0000176662 devstack@n-api-meta.service[108302]: DEBUG nova.context [None req-7d8194d2-4fe6-4b39-8b13-c0e0030954e5 None None] Found 2 cells: 00000000-0000-0000-0000-000000000000(cell0),9d793609-bd49-41d7-af83-89254b37cb3a(cell1) {{(pid=108302) load_cells /opt/stack/nova/nova/context.py:509}}
May 26 15:08:59.034847 np0000176662 devstack@n-api-meta.service[108302]: INFO nova.utils [None req-7d8194d2-4fe6-4b39-8b13-c0e0030954e5 None None] The cell worker thread pool MainProcess.cell_worker is initialized
May 26 15:08:59.035191 np0000176662 devstack@n-api-meta.service[108304]: INFO dbcounter [None req-5ec2df15-07d9-43e8-896f-8ae3ac892a01 None None] Registered counter for database nova_cell0
May 26 15:08:59.037635 np0000176662 devstack@n-api-meta.service[108302]: DEBUG oslo_concurrency.lockutils [None req-7d8194d2-4fe6-4b39-8b13-c0e0030954e5 None None] Acquiring lock "00000000-0000-0000-0000-000000000000" by "nova.context.set_target_cell..get_or_set_cached_cell_and_set_connections" {{(pid=108302) inner /opt/stack/data/venv/lib/python3.12/site-packages/oslo_concurrency/lockutils.py:511}}
May 26 15:08:59.037635 np0000176662 devstack@n-api-meta.service[108302]: DEBUG oslo_concurrency.lockutils [None req-7d8194d2-4fe6-4b39-8b13-c0e0030954e5 None None] Lock "00000000-0000-0000-0000-000000000000" acquired by "nova.context.set_target_cell..get_or_set_cached_cell_and_set_connections" :: waited 0.000s {{(pid=108302) inner /opt/stack/data/venv/lib/python3.12/site-packages/oslo_concurrency/lockutils.py:524}}
May 26 15:08:59.037635 np0000176662 devstack@n-api-meta.service[108302]: DEBUG oslo_concurrency.lockutils [None req-7d8194d2-4fe6-4b39-8b13-c0e0030954e5 None None] Lock "00000000-0000-0000-0000-000000000000" "released" by "nova.context.set_target_cell..get_or_set_cached_cell_and_set_connections" :: held 0.000s {{(pid=108302) inner /opt/stack/data/venv/lib/python3.12/site-packages/oslo_concurrency/lockutils.py:543}}
May 26 15:08:59.038881 np0000176662 devstack@n-api-meta.service[108302]: DEBUG oslo_concurrency.lockutils [None req-7d8194d2-4fe6-4b39-8b13-c0e0030954e5 None None] Acquiring lock "9d793609-bd49-41d7-af83-89254b37cb3a" by "nova.context.set_target_cell..get_or_set_cached_cell_and_set_connections" {{(pid=108302) inner /opt/stack/data/venv/lib/python3.12/site-packages/oslo_concurrency/lockutils.py:511}}
May 26 15:08:59.038881 np0000176662 devstack@n-api-meta.service[108302]: DEBUG oslo_concurrency.lockutils [None req-7d8194d2-4fe6-4b39-8b13-c0e0030954e5 None None] Lock "9d793609-bd49-41d7-af83-89254b37cb3a" acquired by "nova.context.set_target_cell..get_or_set_cached_cell_and_set_connections" :: waited 0.000s {{(pid=108302) inner /opt/stack/data/venv/lib/python3.12/site-packages/oslo_concurrency/lockutils.py:524}}
May 26 15:08:59.039965 np0000176662 devstack@n-api-meta.service[108302]: DEBUG oslo_concurrency.lockutils [None req-7d8194d2-4fe6-4b39-8b13-c0e0030954e5 None None] Lock "9d793609-bd49-41d7-af83-89254b37cb3a" "released" by "nova.context.set_target_cell..get_or_set_cached_cell_and_set_connections" :: held 0.001s {{(pid=108302) inner /opt/stack/data/venv/lib/python3.12/site-packages/oslo_concurrency/lockutils.py:543}}
May 26 15:08:59.042334 np0000176662 devstack@n-api-meta.service[108302]: INFO dbcounter [None req-7d8194d2-4fe6-4b39-8b13-c0e0030954e5 None None] Registered counter for database nova_cell0
May 26 15:08:59.042404 np0000176662 devstack@n-api-meta.service[108304]: INFO dbcounter [None req-5ec2df15-07d9-43e8-896f-8ae3ac892a01 None None] Registered counter for database nova_cell1
May 26 15:08:59.046719 np0000176662 devstack@n-api-meta.service[108302]: INFO dbcounter [None req-7d8194d2-4fe6-4b39-8b13-c0e0030954e5 None None] Registered counter for database nova_cell1
May 26 15:08:59.048833 np0000176662 devstack@n-api-meta.service[108303]: DEBUG dbcounter [-] [108303] Writer thread running {{(pid=108303) stat_writer /opt/stack/data/venv/lib/python3.12/site-packages/dbcounter.py:102}}
May 26 15:08:59.053354 np0000176662 devstack@n-api-meta.service[108303]: DEBUG nova.context [None req-41fe64f3-b733-4883-87d4-febe929851fa None None] Found 2 cells: 00000000-0000-0000-0000-000000000000(cell0),9d793609-bd49-41d7-af83-89254b37cb3a(cell1) {{(pid=108303) load_cells /opt/stack/nova/nova/context.py:509}}
May 26 15:08:59.053631 np0000176662 devstack@n-api-meta.service[108303]: INFO nova.utils [None req-41fe64f3-b733-4883-87d4-febe929851fa None None] The cell worker thread pool MainProcess.cell_worker is initialized
May 26 15:08:59.055696 np0000176662 devstack@n-api-meta.service[108303]: DEBUG oslo_concurrency.lockutils [None req-41fe64f3-b733-4883-87d4-febe929851fa None None] Acquiring lock "00000000-0000-0000-0000-000000000000" by "nova.context.set_target_cell..get_or_set_cached_cell_and_set_connections" {{(pid=108303) inner /opt/stack/data/venv/lib/python3.12/site-packages/oslo_concurrency/lockutils.py:511}}
May 26 15:08:59.055865 np0000176662 devstack@n-api-meta.service[108303]: DEBUG oslo_concurrency.lockutils [None req-41fe64f3-b733-4883-87d4-febe929851fa None None] Lock "00000000-0000-0000-0000-000000000000" acquired by "nova.context.set_target_cell..get_or_set_cached_cell_and_set_connections" :: waited 0.000s {{(pid=108303) inner /opt/stack/data/venv/lib/python3.12/site-packages/oslo_concurrency/lockutils.py:524}}
May 26 15:08:59.056292 np0000176662 devstack@n-api-meta.service[108303]: DEBUG oslo_concurrency.lockutils [None req-41fe64f3-b733-4883-87d4-febe929851fa None None] Lock "00000000-0000-0000-0000-000000000000" "released" by "nova.context.set_target_cell..get_or_set_cached_cell_and_set_connections" :: held 0.000s {{(pid=108303) inner /opt/stack/data/venv/lib/python3.12/site-packages/oslo_concurrency/lockutils.py:543}}
May 26 15:08:59.057812 np0000176662 devstack@n-api-meta.service[108303]: DEBUG oslo_concurrency.lockutils [None req-41fe64f3-b733-4883-87d4-febe929851fa None None] Acquiring lock "9d793609-bd49-41d7-af83-89254b37cb3a" by "nova.context.set_target_cell..get_or_set_cached_cell_and_set_connections" {{(pid=108303) inner /opt/stack/data/venv/lib/python3.12/site-packages/oslo_concurrency/lockutils.py:511}}
May 26 15:08:59.057812 np0000176662 devstack@n-api-meta.service[108303]: DEBUG oslo_concurrency.lockutils [None req-41fe64f3-b733-4883-87d4-febe929851fa None None] Lock "9d793609-bd49-41d7-af83-89254b37cb3a" acquired by "nova.context.set_target_cell..get_or_set_cached_cell_and_set_connections" :: waited 0.000s {{(pid=108303) inner /opt/stack/data/venv/lib/python3.12/site-packages/oslo_concurrency/lockutils.py:524}}
May 26 15:08:59.058285 np0000176662 devstack@n-api-meta.service[108303]: DEBUG oslo_concurrency.lockutils [None req-41fe64f3-b733-4883-87d4-febe929851fa None None] Lock "9d793609-bd49-41d7-af83-89254b37cb3a" "released" by "nova.context.set_target_cell..get_or_set_cached_cell_and_set_connections" :: held 0.001s {{(pid=108303) inner /opt/stack/data/venv/lib/python3.12/site-packages/oslo_concurrency/lockutils.py:543}}
May 26 15:08:59.061081 np0000176662 devstack@n-api-meta.service[108303]: INFO dbcounter [None req-41fe64f3-b733-4883-87d4-febe929851fa None None] Registered counter for database nova_cell0
May 26 15:08:59.071212 np0000176662 devstack@n-api-meta.service[108303]: INFO dbcounter [None req-41fe64f3-b733-4883-87d4-febe929851fa None None] Registered counter for database nova_cell1
May 26 15:08:59.108788 np0000176662 devstack@n-api-meta.service[108305]: DEBUG dbcounter [-] [108305] Writer thread running {{(pid=108305) stat_writer /opt/stack/data/venv/lib/python3.12/site-packages/dbcounter.py:102}}
May 26 15:08:59.111618 np0000176662 devstack@n-api-meta.service[108302]: DEBUG oslo_db.sqlalchemy.engines [None req-7d8194d2-4fe6-4b39-8b13-c0e0030954e5 None None] MySQL server mode set to STRICT_TRANS_TABLES,STRICT_ALL_TABLES,NO_ZERO_IN_DATE,NO_ZERO_DATE,ERROR_FOR_DIVISION_BY_ZERO,TRADITIONAL,NO_ENGINE_SUBSTITUTION {{(pid=108302) _check_effective_sql_mode /opt/stack/data/venv/lib/python3.12/site-packages/oslo_db/sqlalchemy/engines.py:325}}
May 26 15:08:59.116928 np0000176662 devstack@n-api-meta.service[108302]: DEBUG oslo_db.sqlalchemy.engines [None req-7d8194d2-4fe6-4b39-8b13-c0e0030954e5 None None] MySQL server mode set to STRICT_TRANS_TABLES,STRICT_ALL_TABLES,NO_ZERO_IN_DATE,NO_ZERO_DATE,ERROR_FOR_DIVISION_BY_ZERO,TRADITIONAL,NO_ENGINE_SUBSTITUTION {{(pid=108302) _check_effective_sql_mode /opt/stack/data/venv/lib/python3.12/site-packages/oslo_db/sqlalchemy/engines.py:325}}
May 26 15:08:59.117136 np0000176662 devstack@n-api-meta.service[108305]: DEBUG dbcounter [-] [108305] Writer thread running {{(pid=108305) stat_writer /opt/stack/data/venv/lib/python3.12/site-packages/dbcounter.py:102}}
May 26 15:08:59.122417 np0000176662 devstack@n-api-meta.service[108305]: INFO dbcounter [None req-7b7f9cd2-0d05-40b2-ac6c-ea523542ff9d None None] Registered counter for database nova_cell0
May 26 15:08:59.137455 np0000176662 devstack@n-api-meta.service[108303]: DEBUG oslo_db.sqlalchemy.engines [None req-41fe64f3-b733-4883-87d4-febe929851fa None None] MySQL server mode set to STRICT_TRANS_TABLES,STRICT_ALL_TABLES,NO_ZERO_IN_DATE,NO_ZERO_DATE,ERROR_FOR_DIVISION_BY_ZERO,TRADITIONAL,NO_ENGINE_SUBSTITUTION {{(pid=108303) _check_effective_sql_mode /opt/stack/data/venv/lib/python3.12/site-packages/oslo_db/sqlalchemy/engines.py:325}}
May 26 15:08:59.142391 np0000176662 devstack@n-api-meta.service[108304]: DEBUG oslo_db.sqlalchemy.engines [None req-5ec2df15-07d9-43e8-896f-8ae3ac892a01 None None] MySQL server mode set to STRICT_TRANS_TABLES,STRICT_ALL_TABLES,NO_ZERO_IN_DATE,NO_ZERO_DATE,ERROR_FOR_DIVISION_BY_ZERO,TRADITIONAL,NO_ENGINE_SUBSTITUTION {{(pid=108304) _check_effective_sql_mode /opt/stack/data/venv/lib/python3.12/site-packages/oslo_db/sqlalchemy/engines.py:325}}
May 26 15:08:59.151733 np0000176662 devstack@n-api-meta.service[108303]: DEBUG oslo_db.sqlalchemy.engines [None req-41fe64f3-b733-4883-87d4-febe929851fa None None] MySQL server mode set to STRICT_TRANS_TABLES,STRICT_ALL_TABLES,NO_ZERO_IN_DATE,NO_ZERO_DATE,ERROR_FOR_DIVISION_BY_ZERO,TRADITIONAL,NO_ENGINE_SUBSTITUTION {{(pid=108303) _check_effective_sql_mode /opt/stack/data/venv/lib/python3.12/site-packages/oslo_db/sqlalchemy/engines.py:325}}
May 26 15:08:59.160572 np0000176662 devstack@n-api-meta.service[108304]: DEBUG oslo_db.sqlalchemy.engines [None req-5ec2df15-07d9-43e8-896f-8ae3ac892a01 None None] MySQL server mode set to STRICT_TRANS_TABLES,STRICT_ALL_TABLES,NO_ZERO_IN_DATE,NO_ZERO_DATE,ERROR_FOR_DIVISION_BY_ZERO,TRADITIONAL,NO_ENGINE_SUBSTITUTION {{(pid=108304) _check_effective_sql_mode /opt/stack/data/venv/lib/python3.12/site-packages/oslo_db/sqlalchemy/engines.py:325}}
May 26 15:08:59.169120 np0000176662 devstack@n-api-meta.service[108305]: DEBUG oslo_db.sqlalchemy.engines [None req-7b7f9cd2-0d05-40b2-ac6c-ea523542ff9d None None] MySQL server mode set to STRICT_TRANS_TABLES,STRICT_ALL_TABLES,NO_ZERO_IN_DATE,NO_ZERO_DATE,ERROR_FOR_DIVISION_BY_ZERO,TRADITIONAL,NO_ENGINE_SUBSTITUTION {{(pid=108305) _check_effective_sql_mode /opt/stack/data/venv/lib/python3.12/site-packages/oslo_db/sqlalchemy/engines.py:325}}
May 26 15:08:59.179451 np0000176662 devstack@n-api-meta.service[108305]: DEBUG dbcounter [-] [108305] Writer thread running {{(pid=108305) stat_writer /opt/stack/data/venv/lib/python3.12/site-packages/dbcounter.py:102}}
May 26 15:08:59.220055 np0000176662 devstack@n-api-meta.service[108302]: DEBUG dbcounter [-] [108302] Writer thread running {{(pid=108302) stat_writer /opt/stack/data/venv/lib/python3.12/site-packages/dbcounter.py:102}}
May 26 15:08:59.224732 np0000176662 devstack@n-api-meta.service[108305]: WARNING nova.api.metadata.handler [None req-7b7f9cd2-0d05-40b2-ac6c-ea523542ff9d None None] metadata_proxy_shared_secret is not configured, the metadata information returned by the proxy cannot be trusted
May 26 15:08:59.226975 np0000176662 devstack@n-api-meta.service[108302]: DEBUG dbcounter [-] [108302] Writer thread running {{(pid=108302) stat_writer /opt/stack/data/venv/lib/python3.12/site-packages/dbcounter.py:102}}
May 26 15:08:59.227366 np0000176662 devstack@n-api-meta.service[108305]: DEBUG nova.api.openstack.wsgi_app [None req-7b7f9cd2-0d05-40b2-ac6c-ea523542ff9d None None] ******************************************************************************** {{(pid=108305) log_opt_values /opt/stack/data/venv/lib/python3.12/site-packages/oslo_config/cfg.py:3229}}
May 26 15:08:59.227366 np0000176662 devstack@n-api-meta.service[108305]: DEBUG nova.api.openstack.wsgi_app [None req-7b7f9cd2-0d05-40b2-ac6c-ea523542ff9d None None] Configuration options gathered from: {{(pid=108305) log_opt_values /opt/stack/data/venv/lib/python3.12/site-packages/oslo_config/cfg.py:3230}}
May 26 15:08:59.227562 np0000176662 devstack@n-api-meta.service[108305]: DEBUG nova.api.openstack.wsgi_app [None req-7b7f9cd2-0d05-40b2-ac6c-ea523542ff9d None None] command line args: [] {{(pid=108305) log_opt_values /opt/stack/data/venv/lib/python3.12/site-packages/oslo_config/cfg.py:3231}}
May 26 15:08:59.227730 np0000176662 devstack@n-api-meta.service[108305]: DEBUG nova.api.openstack.wsgi_app [None req-7b7f9cd2-0d05-40b2-ac6c-ea523542ff9d None None] config files: ['/etc/nova/api-paste.ini', '/etc/nova/nova.conf'] {{(pid=108305) log_opt_values /opt/stack/data/venv/lib/python3.12/site-packages/oslo_config/cfg.py:3232}}
May 26 15:08:59.227872 np0000176662 devstack@n-api-meta.service[108305]: DEBUG nova.api.openstack.wsgi_app [None req-7b7f9cd2-0d05-40b2-ac6c-ea523542ff9d None None] ================================================================================ {{(pid=108305) log_opt_values /opt/stack/data/venv/lib/python3.12/site-packages/oslo_config/cfg.py:3237}}
May 26 15:08:59.228055 np0000176662 devstack@n-api-meta.service[108305]: DEBUG nova.api.openstack.wsgi_app [None req-7b7f9cd2-0d05-40b2-ac6c-ea523542ff9d None None] allow_resize_to_same_host = True {{(pid=108305) log_opt_values /opt/stack/data/venv/lib/python3.12/site-packages/oslo_config/cfg.py:3245}}
May 26 15:08:59.228186 np0000176662 devstack@n-api-meta.service[108305]: DEBUG nova.api.openstack.wsgi_app [None req-7b7f9cd2-0d05-40b2-ac6c-ea523542ff9d None None] arq_binding_timeout = 300 {{(pid=108305) log_opt_values /opt/stack/data/venv/lib/python3.12/site-packages/oslo_config/cfg.py:3245}}
May 26 15:08:59.228347 np0000176662 devstack@n-api-meta.service[108305]: DEBUG nova.api.openstack.wsgi_app [None req-7b7f9cd2-0d05-40b2-ac6c-ea523542ff9d None None] block_device_allocate_retries = 60 {{(pid=108305) log_opt_values /opt/stack/data/venv/lib/python3.12/site-packages/oslo_config/cfg.py:3245}}
May 26 15:08:59.228481 np0000176662 devstack@n-api-meta.service[108305]: DEBUG nova.api.openstack.wsgi_app [None req-7b7f9cd2-0d05-40b2-ac6c-ea523542ff9d None None] block_device_allocate_retries_interval = 3 {{(pid=108305) log_opt_values /opt/stack/data/venv/lib/python3.12/site-packages/oslo_config/cfg.py:3245}}
May 26 15:08:59.228619 np0000176662 devstack@n-api-meta.service[108305]: DEBUG nova.api.openstack.wsgi_app [None req-7b7f9cd2-0d05-40b2-ac6c-ea523542ff9d None None] cell_worker_thread_pool_size = 5 {{(pid=108305) log_opt_values /opt/stack/data/venv/lib/python3.12/site-packages/oslo_config/cfg.py:3245}}
May 26 15:08:59.228865 np0000176662 devstack@n-api-meta.service[108305]: DEBUG nova.api.openstack.wsgi_app [None req-7b7f9cd2-0d05-40b2-ac6c-ea523542ff9d None None] cert = self.pem {{(pid=108305) log_opt_values /opt/stack/data/venv/lib/python3.12/site-packages/oslo_config/cfg.py:3245}}
May 26 15:08:59.229047 np0000176662 devstack@n-api-meta.service[108305]: DEBUG nova.api.openstack.wsgi_app [None req-7b7f9cd2-0d05-40b2-ac6c-ea523542ff9d None None] compute_driver = libvirt.LibvirtDriver {{(pid=108305) log_opt_values /opt/stack/data/venv/lib/python3.12/site-packages/oslo_config/cfg.py:3245}}
May 26 15:08:59.229211 np0000176662 devstack@n-api-meta.service[108305]: DEBUG nova.api.openstack.wsgi_app [None req-7b7f9cd2-0d05-40b2-ac6c-ea523542ff9d None None] compute_monitors = [] {{(pid=108305) log_opt_values /opt/stack/data/venv/lib/python3.12/site-packages/oslo_config/cfg.py:3245}}
May 26 15:08:59.229370 np0000176662 devstack@n-api-meta.service[108305]: DEBUG nova.api.openstack.wsgi_app [None req-7b7f9cd2-0d05-40b2-ac6c-ea523542ff9d None None] config_dir = [] {{(pid=108305) log_opt_values /opt/stack/data/venv/lib/python3.12/site-packages/oslo_config/cfg.py:3245}}
May 26 15:08:59.229518 np0000176662 devstack@n-api-meta.service[108305]: DEBUG nova.api.openstack.wsgi_app [None req-7b7f9cd2-0d05-40b2-ac6c-ea523542ff9d None None] config_drive_format = iso9660 {{(pid=108305) log_opt_values /opt/stack/data/venv/lib/python3.12/site-packages/oslo_config/cfg.py:3245}}
May 26 15:08:59.229628 np0000176662 devstack@n-api-meta.service[108305]: DEBUG nova.api.openstack.wsgi_app [None req-7b7f9cd2-0d05-40b2-ac6c-ea523542ff9d None None] config_file = ['/etc/nova/api-paste.ini', '/etc/nova/nova.conf'] {{(pid=108305) log_opt_values /opt/stack/data/venv/lib/python3.12/site-packages/oslo_config/cfg.py:3245}}
May 26 15:08:59.229761 np0000176662 devstack@n-api-meta.service[108305]: DEBUG nova.api.openstack.wsgi_app [None req-7b7f9cd2-0d05-40b2-ac6c-ea523542ff9d None None] config_source = [] {{(pid=108305) log_opt_values /opt/stack/data/venv/lib/python3.12/site-packages/oslo_config/cfg.py:3245}}
May 26 15:08:59.229902 np0000176662 devstack@n-api-meta.service[108305]: DEBUG nova.api.openstack.wsgi_app [None req-7b7f9cd2-0d05-40b2-ac6c-ea523542ff9d None None] console_host = np0000176662 {{(pid=108305) log_opt_values /opt/stack/data/venv/lib/python3.12/site-packages/oslo_config/cfg.py:3245}}
May 26 15:08:59.230037 np0000176662 devstack@n-api-meta.service[108305]: DEBUG nova.api.openstack.wsgi_app [None req-7b7f9cd2-0d05-40b2-ac6c-ea523542ff9d None None] control_exchange = nova {{(pid=108305) log_opt_values /opt/stack/data/venv/lib/python3.12/site-packages/oslo_config/cfg.py:3245}}
May 26 15:08:59.230192 np0000176662 devstack@n-api-meta.service[108305]: DEBUG nova.api.openstack.wsgi_app [None req-7b7f9cd2-0d05-40b2-ac6c-ea523542ff9d None None] cpu_allocation_ratio = None {{(pid=108305) log_opt_values /opt/stack/data/venv/lib/python3.12/site-packages/oslo_config/cfg.py:3245}}
May 26 15:08:59.230370 np0000176662 devstack@n-api-meta.service[108305]: DEBUG nova.api.openstack.wsgi_app [None req-7b7f9cd2-0d05-40b2-ac6c-ea523542ff9d None None] daemon = False {{(pid=108305) log_opt_values /opt/stack/data/venv/lib/python3.12/site-packages/oslo_config/cfg.py:3245}}
May 26 15:08:59.230511 np0000176662 devstack@n-api-meta.service[108305]: DEBUG nova.api.openstack.wsgi_app [None req-7b7f9cd2-0d05-40b2-ac6c-ea523542ff9d None None] debug = True {{(pid=108305) log_opt_values /opt/stack/data/venv/lib/python3.12/site-packages/oslo_config/cfg.py:3245}}
May 26 15:08:59.230640 np0000176662 devstack@n-api-meta.service[108305]: DEBUG nova.api.openstack.wsgi_app [None req-7b7f9cd2-0d05-40b2-ac6c-ea523542ff9d None None] default_access_ip_network_name = None {{(pid=108305) log_opt_values /opt/stack/data/venv/lib/python3.12/site-packages/oslo_config/cfg.py:3245}}
May 26 15:08:59.230805 np0000176662 devstack@n-api-meta.service[108305]: DEBUG nova.api.openstack.wsgi_app [None req-7b7f9cd2-0d05-40b2-ac6c-ea523542ff9d None None] default_availability_zone = nova {{(pid=108305) log_opt_values /opt/stack/data/venv/lib/python3.12/site-packages/oslo_config/cfg.py:3245}}
May 26 15:08:59.230944 np0000176662 devstack@n-api-meta.service[108305]: DEBUG nova.api.openstack.wsgi_app [None req-7b7f9cd2-0d05-40b2-ac6c-ea523542ff9d None None] default_ephemeral_format = ext4 {{(pid=108305) log_opt_values /opt/stack/data/venv/lib/python3.12/site-packages/oslo_config/cfg.py:3245}}
May 26 15:08:59.231076 np0000176662 devstack@n-api-meta.service[108305]: DEBUG nova.api.openstack.wsgi_app [None req-7b7f9cd2-0d05-40b2-ac6c-ea523542ff9d None None] default_green_pool_size = 1000 {{(pid=108305) log_opt_values /opt/stack/data/venv/lib/python3.12/site-packages/oslo_config/cfg.py:3245}}
May 26 15:08:59.231412 np0000176662 devstack@n-api-meta.service[108305]: DEBUG nova.api.openstack.wsgi_app [None req-7b7f9cd2-0d05-40b2-ac6c-ea523542ff9d None None] default_log_levels = ['amqp=WARN', 'boto=WARN', 'sqlalchemy=WARN', 'suds=INFO', 'oslo.messaging=INFO', 'oslo_messaging=INFO', 'iso8601=WARN', 'requests.packages.urllib3.connectionpool=WARN', 'urllib3.connectionpool=WARN', 'websocket=WARN', 'requests.packages.urllib3.util.retry=WARN', 'urllib3.util.retry=WARN', 'keystonemiddleware=WARN', 'routes.middleware=WARN', 'stevedore=WARN', 'taskflow=WARN', 'keystoneauth=WARN', 'oslo.cache=INFO', 'oslo_policy=INFO', 'dogpile.core.dogpile=INFO', 'glanceclient=WARN', 'oslo.privsep.daemon=INFO'] {{(pid=108305) log_opt_values /opt/stack/data/venv/lib/python3.12/site-packages/oslo_config/cfg.py:3245}}
May 26 15:08:59.231575 np0000176662 devstack@n-api-meta.service[108305]: DEBUG nova.api.openstack.wsgi_app [None req-7b7f9cd2-0d05-40b2-ac6c-ea523542ff9d None None] default_schedule_zone = None {{(pid=108305) log_opt_values /opt/stack/data/venv/lib/python3.12/site-packages/oslo_config/cfg.py:3245}}
May 26 15:08:59.231677 np0000176662 devstack@n-api-meta.service[108305]: DEBUG nova.api.openstack.wsgi_app [None req-7b7f9cd2-0d05-40b2-ac6c-ea523542ff9d None None] default_thread_pool_size = 10 {{(pid=108305) log_opt_values /opt/stack/data/venv/lib/python3.12/site-packages/oslo_config/cfg.py:3245}}
May 26 15:08:59.231861 np0000176662 devstack@n-api-meta.service[108305]: DEBUG nova.api.openstack.wsgi_app [None req-7b7f9cd2-0d05-40b2-ac6c-ea523542ff9d None None] disk_allocation_ratio = None {{(pid=108305) log_opt_values /opt/stack/data/venv/lib/python3.12/site-packages/oslo_config/cfg.py:3245}}
May 26 15:08:59.231942 np0000176662 devstack@n-api-meta.service[108305]: DEBUG nova.api.openstack.wsgi_app [None req-7b7f9cd2-0d05-40b2-ac6c-ea523542ff9d None None] enable_new_services = True {{(pid=108305) log_opt_values /opt/stack/data/venv/lib/python3.12/site-packages/oslo_config/cfg.py:3245}}
May 26 15:08:59.232061 np0000176662 devstack@n-api-meta.service[108305]: DEBUG nova.api.openstack.wsgi_app [None req-7b7f9cd2-0d05-40b2-ac6c-ea523542ff9d None None] flat_injected = False {{(pid=108305) log_opt_values /opt/stack/data/venv/lib/python3.12/site-packages/oslo_config/cfg.py:3245}}
May 26 15:08:59.232190 np0000176662 devstack@n-api-meta.service[108305]: DEBUG nova.api.openstack.wsgi_app [None req-7b7f9cd2-0d05-40b2-ac6c-ea523542ff9d None None] force_config_drive = False {{(pid=108305) log_opt_values /opt/stack/data/venv/lib/python3.12/site-packages/oslo_config/cfg.py:3245}}
May 26 15:08:59.232333 np0000176662 devstack@n-api-meta.service[108305]: DEBUG nova.api.openstack.wsgi_app [None req-7b7f9cd2-0d05-40b2-ac6c-ea523542ff9d None None] force_raw_images = True {{(pid=108305) log_opt_values /opt/stack/data/venv/lib/python3.12/site-packages/oslo_config/cfg.py:3245}}
May 26 15:08:59.232525 np0000176662 devstack@n-api-meta.service[108305]: DEBUG nova.api.openstack.wsgi_app [None req-7b7f9cd2-0d05-40b2-ac6c-ea523542ff9d None None] graceful_shutdown_timeout = 5 {{(pid=108305) log_opt_values /opt/stack/data/venv/lib/python3.12/site-packages/oslo_config/cfg.py:3245}}
May 26 15:08:59.232601 np0000176662 devstack@n-api-meta.service[108302]: INFO dbcounter [None req-7d8194d2-4fe6-4b39-8b13-c0e0030954e5 None None] Registered counter for database nova_cell0
May 26 15:08:59.232715 np0000176662 devstack@n-api-meta.service[108305]: DEBUG nova.api.openstack.wsgi_app [None req-7b7f9cd2-0d05-40b2-ac6c-ea523542ff9d None None] heal_instance_info_cache_interval = -1 {{(pid=108305) log_opt_values /opt/stack/data/venv/lib/python3.12/site-packages/oslo_config/cfg.py:3245}}
May 26 15:08:59.232902 np0000176662 devstack@n-api-meta.service[108305]: DEBUG nova.api.openstack.wsgi_app [None req-7b7f9cd2-0d05-40b2-ac6c-ea523542ff9d None None] host = np0000176662 {{(pid=108305) log_opt_values /opt/stack/data/venv/lib/python3.12/site-packages/oslo_config/cfg.py:3245}}
May 26 15:08:59.233047 np0000176662 devstack@n-api-meta.service[108305]: DEBUG nova.api.openstack.wsgi_app [None req-7b7f9cd2-0d05-40b2-ac6c-ea523542ff9d None None] initial_cpu_allocation_ratio = 4.0 {{(pid=108305) log_opt_values /opt/stack/data/venv/lib/python3.12/site-packages/oslo_config/cfg.py:3245}}
May 26 15:08:59.233210 np0000176662 devstack@n-api-meta.service[108305]: DEBUG nova.api.openstack.wsgi_app [None req-7b7f9cd2-0d05-40b2-ac6c-ea523542ff9d None None] initial_disk_allocation_ratio = 1.0 {{(pid=108305) log_opt_values /opt/stack/data/venv/lib/python3.12/site-packages/oslo_config/cfg.py:3245}}
May 26 15:08:59.233381 np0000176662 devstack@n-api-meta.service[108305]: DEBUG nova.api.openstack.wsgi_app [None req-7b7f9cd2-0d05-40b2-ac6c-ea523542ff9d None None] initial_ram_allocation_ratio = 1.0 {{(pid=108305) log_opt_values /opt/stack/data/venv/lib/python3.12/site-packages/oslo_config/cfg.py:3245}}
May 26 15:08:59.233556 np0000176662 devstack@n-api-meta.service[108305]: DEBUG nova.api.openstack.wsgi_app [None req-7b7f9cd2-0d05-40b2-ac6c-ea523542ff9d None None] injected_network_template = /opt/stack/nova/nova/virt/interfaces.template {{(pid=108305) log_opt_values /opt/stack/data/venv/lib/python3.12/site-packages/oslo_config/cfg.py:3245}}
May 26 15:08:59.233696 np0000176662 devstack@n-api-meta.service[108305]: DEBUG nova.api.openstack.wsgi_app [None req-7b7f9cd2-0d05-40b2-ac6c-ea523542ff9d None None] instance_build_timeout = 0 {{(pid=108305) log_opt_values /opt/stack/data/venv/lib/python3.12/site-packages/oslo_config/cfg.py:3245}}
May 26 15:08:59.233863 np0000176662 devstack@n-api-meta.service[108305]: DEBUG nova.api.openstack.wsgi_app [None req-7b7f9cd2-0d05-40b2-ac6c-ea523542ff9d None None] instance_delete_interval = 300 {{(pid=108305) log_opt_values /opt/stack/data/venv/lib/python3.12/site-packages/oslo_config/cfg.py:3245}}
May 26 15:08:59.234108 np0000176662 devstack@n-api-meta.service[108305]: DEBUG nova.api.openstack.wsgi_app [None req-7b7f9cd2-0d05-40b2-ac6c-ea523542ff9d None None] instance_format = [instance: %(uuid)s] {{(pid=108305) log_opt_values /opt/stack/data/venv/lib/python3.12/site-packages/oslo_config/cfg.py:3245}}
May 26 15:08:59.234171 np0000176662 devstack@n-api-meta.service[108305]: DEBUG nova.api.openstack.wsgi_app [None req-7b7f9cd2-0d05-40b2-ac6c-ea523542ff9d None None] instance_name_template = instance-%08x {{(pid=108305) log_opt_values /opt/stack/data/venv/lib/python3.12/site-packages/oslo_config/cfg.py:3245}}
May 26 15:08:59.234310 np0000176662 devstack@n-api-meta.service[108305]: DEBUG nova.api.openstack.wsgi_app [None req-7b7f9cd2-0d05-40b2-ac6c-ea523542ff9d None None] instance_usage_audit = False {{(pid=108305) log_opt_values /opt/stack/data/venv/lib/python3.12/site-packages/oslo_config/cfg.py:3245}}
May 26 15:08:59.234486 np0000176662 devstack@n-api-meta.service[108305]: DEBUG nova.api.openstack.wsgi_app [None req-7b7f9cd2-0d05-40b2-ac6c-ea523542ff9d None None] instance_usage_audit_period = month {{(pid=108305) log_opt_values /opt/stack/data/venv/lib/python3.12/site-packages/oslo_config/cfg.py:3245}}
May 26 15:08:59.234627 np0000176662 devstack@n-api-meta.service[108305]: DEBUG nova.api.openstack.wsgi_app [None req-7b7f9cd2-0d05-40b2-ac6c-ea523542ff9d None None] instance_uuid_format = [instance: %(uuid)s] {{(pid=108305) log_opt_values /opt/stack/data/venv/lib/python3.12/site-packages/oslo_config/cfg.py:3245}}
May 26 15:08:59.235143 np0000176662 devstack@n-api-meta.service[108305]: DEBUG nova.api.openstack.wsgi_app [None req-7b7f9cd2-0d05-40b2-ac6c-ea523542ff9d None None] instances_path = /opt/stack/data/nova/instances {{(pid=108305) log_opt_values /opt/stack/data/venv/lib/python3.12/site-packages/oslo_config/cfg.py:3245}}
May 26 15:08:59.235143 np0000176662 devstack@n-api-meta.service[108305]: DEBUG nova.api.openstack.wsgi_app [None req-7b7f9cd2-0d05-40b2-ac6c-ea523542ff9d None None] internal_service_availability_zone = internal {{(pid=108305) log_opt_values /opt/stack/data/venv/lib/python3.12/site-packages/oslo_config/cfg.py:3245}}
May 26 15:08:59.235143 np0000176662 devstack@n-api-meta.service[108305]: DEBUG nova.api.openstack.wsgi_app [None req-7b7f9cd2-0d05-40b2-ac6c-ea523542ff9d None None] key = None {{(pid=108305) log_opt_values /opt/stack/data/venv/lib/python3.12/site-packages/oslo_config/cfg.py:3245}}
May 26 15:08:59.235143 np0000176662 devstack@n-api-meta.service[108305]: DEBUG nova.api.openstack.wsgi_app [None req-7b7f9cd2-0d05-40b2-ac6c-ea523542ff9d None None] live_migration_retry_count = 30 {{(pid=108305) log_opt_values /opt/stack/data/venv/lib/python3.12/site-packages/oslo_config/cfg.py:3245}}
May 26 15:08:59.235354 np0000176662 devstack@n-api-meta.service[108305]: DEBUG nova.api.openstack.wsgi_app [None req-7b7f9cd2-0d05-40b2-ac6c-ea523542ff9d None None] log_color = False {{(pid=108305) log_opt_values /opt/stack/data/venv/lib/python3.12/site-packages/oslo_config/cfg.py:3245}}
May 26 15:08:59.235452 np0000176662 devstack@n-api-meta.service[108305]: DEBUG nova.api.openstack.wsgi_app [None req-7b7f9cd2-0d05-40b2-ac6c-ea523542ff9d None None] log_config_append = None {{(pid=108305) log_opt_values /opt/stack/data/venv/lib/python3.12/site-packages/oslo_config/cfg.py:3245}}
May 26 15:08:59.235609 np0000176662 devstack@n-api-meta.service[108305]: DEBUG nova.api.openstack.wsgi_app [None req-7b7f9cd2-0d05-40b2-ac6c-ea523542ff9d None None] log_date_format = %Y-%m-%d %H:%M:%S {{(pid=108305) log_opt_values /opt/stack/data/venv/lib/python3.12/site-packages/oslo_config/cfg.py:3245}}
May 26 15:08:59.235717 np0000176662 devstack@n-api-meta.service[108305]: DEBUG nova.api.openstack.wsgi_app [None req-7b7f9cd2-0d05-40b2-ac6c-ea523542ff9d None None] log_dir = None {{(pid=108305) log_opt_values /opt/stack/data/venv/lib/python3.12/site-packages/oslo_config/cfg.py:3245}}
May 26 15:08:59.235855 np0000176662 devstack@n-api-meta.service[108305]: DEBUG nova.api.openstack.wsgi_app [None req-7b7f9cd2-0d05-40b2-ac6c-ea523542ff9d None None] log_file = None {{(pid=108305) log_opt_values /opt/stack/data/venv/lib/python3.12/site-packages/oslo_config/cfg.py:3245}}
May 26 15:08:59.235915 np0000176662 devstack@n-api-meta.service[108303]: DEBUG dbcounter [-] [108303] Writer thread running {{(pid=108303) stat_writer /opt/stack/data/venv/lib/python3.12/site-packages/dbcounter.py:102}}
May 26 15:08:59.235966 np0000176662 devstack@n-api-meta.service[108305]: DEBUG nova.api.openstack.wsgi_app [None req-7b7f9cd2-0d05-40b2-ac6c-ea523542ff9d None None] log_options = True {{(pid=108305) log_opt_values /opt/stack/data/venv/lib/python3.12/site-packages/oslo_config/cfg.py:3245}}
May 26 15:08:59.236092 np0000176662 devstack@n-api-meta.service[108305]: DEBUG nova.api.openstack.wsgi_app [None req-7b7f9cd2-0d05-40b2-ac6c-ea523542ff9d None None] log_rotate_interval = 1 {{(pid=108305) log_opt_values /opt/stack/data/venv/lib/python3.12/site-packages/oslo_config/cfg.py:3245}}
May 26 15:08:59.236233 np0000176662 devstack@n-api-meta.service[108305]: DEBUG nova.api.openstack.wsgi_app [None req-7b7f9cd2-0d05-40b2-ac6c-ea523542ff9d None None] log_rotate_interval_type = days {{(pid=108305) log_opt_values /opt/stack/data/venv/lib/python3.12/site-packages/oslo_config/cfg.py:3245}}
May 26 15:08:59.236396 np0000176662 devstack@n-api-meta.service[108305]: DEBUG nova.api.openstack.wsgi_app [None req-7b7f9cd2-0d05-40b2-ac6c-ea523542ff9d None None] log_rotation_type = none {{(pid=108305) log_opt_values /opt/stack/data/venv/lib/python3.12/site-packages/oslo_config/cfg.py:3245}}
May 26 15:08:59.236674 np0000176662 devstack@n-api-meta.service[108305]: DEBUG nova.api.openstack.wsgi_app [None req-7b7f9cd2-0d05-40b2-ac6c-ea523542ff9d None None] logging_context_format_string = %(color)s%(levelname)s %(name)s [%(global_request_id)s %(request_id)s %(project_name)s %(user_name)s%(color)s] %(instance)s%(color)s%(message)s {{(pid=108305) log_opt_values /opt/stack/data/venv/lib/python3.12/site-packages/oslo_config/cfg.py:3245}}
May 26 15:08:59.236674 np0000176662 devstack@n-api-meta.service[108305]: DEBUG nova.api.openstack.wsgi_app [None req-7b7f9cd2-0d05-40b2-ac6c-ea523542ff9d None None] logging_debug_format_suffix = {{(pid=%(process)d) %(funcName)s %(pathname)s:%(lineno)d}} {{(pid=108305) log_opt_values /opt/stack/data/venv/lib/python3.12/site-packages/oslo_config/cfg.py:3245}}
May 26 15:08:59.236813 np0000176662 devstack@n-api-meta.service[108305]: DEBUG nova.api.openstack.wsgi_app [None req-7b7f9cd2-0d05-40b2-ac6c-ea523542ff9d None None] logging_default_format_string = %(color)s%(levelname)s %(name)s [-%(color)s] %(instance)s%(color)s%(message)s {{(pid=108305) log_opt_values /opt/stack/data/venv/lib/python3.12/site-packages/oslo_config/cfg.py:3245}}
May 26 15:08:59.236901 np0000176662 devstack@n-api-meta.service[108305]: DEBUG nova.api.openstack.wsgi_app [None req-7b7f9cd2-0d05-40b2-ac6c-ea523542ff9d None None] logging_exception_prefix = ERROR %(name)s %(instance)s {{(pid=108305) log_opt_values /opt/stack/data/venv/lib/python3.12/site-packages/oslo_config/cfg.py:3245}}
May 26 15:08:59.237005 np0000176662 devstack@n-api-meta.service[108305]: DEBUG nova.api.openstack.wsgi_app [None req-7b7f9cd2-0d05-40b2-ac6c-ea523542ff9d None None] logging_user_identity_format = %(user)s %(project)s %(domain)s %(system_scope)s %(user_domain)s %(project_domain)s {{(pid=108305) log_opt_values /opt/stack/data/venv/lib/python3.12/site-packages/oslo_config/cfg.py:3245}}
May 26 15:08:59.237138 np0000176662 devstack@n-api-meta.service[108305]: DEBUG nova.api.openstack.wsgi_app [None req-7b7f9cd2-0d05-40b2-ac6c-ea523542ff9d None None] long_rpc_timeout = 1800 {{(pid=108305) log_opt_values /opt/stack/data/venv/lib/python3.12/site-packages/oslo_config/cfg.py:3245}}
May 26 15:08:59.237362 np0000176662 devstack@n-api-meta.service[108305]: DEBUG nova.api.openstack.wsgi_app [None req-7b7f9cd2-0d05-40b2-ac6c-ea523542ff9d None None] manager_shutdown_timeout = 160 {{(pid=108305) log_opt_values /opt/stack/data/venv/lib/python3.12/site-packages/oslo_config/cfg.py:3245}}
May 26 15:08:59.237486 np0000176662 devstack@n-api-meta.service[108305]: DEBUG nova.api.openstack.wsgi_app [None req-7b7f9cd2-0d05-40b2-ac6c-ea523542ff9d None None] max_concurrent_builds = 10 {{(pid=108305) log_opt_values /opt/stack/data/venv/lib/python3.12/site-packages/oslo_config/cfg.py:3245}}
May 26 15:08:59.237617 np0000176662 devstack@n-api-meta.service[108305]: DEBUG nova.api.openstack.wsgi_app [None req-7b7f9cd2-0d05-40b2-ac6c-ea523542ff9d None None] max_concurrent_live_migrations = 1 {{(pid=108305) log_opt_values /opt/stack/data/venv/lib/python3.12/site-packages/oslo_config/cfg.py:3245}}
May 26 15:08:59.237745 np0000176662 devstack@n-api-meta.service[108305]: DEBUG nova.api.openstack.wsgi_app [None req-7b7f9cd2-0d05-40b2-ac6c-ea523542ff9d None None] max_concurrent_snapshots = 5 {{(pid=108305) log_opt_values /opt/stack/data/venv/lib/python3.12/site-packages/oslo_config/cfg.py:3245}}
