2026-04-24 04:08:40.112 7 INFO neutron.db.ovn_revision_numbers_db [None req-733818c1-510c-4872-9580-aa54967e7c54 b2c9c05f167841258844c54e665caec4 0c8e5b1021404c9bbbd4c21cd3622895 - - default default] Successfully bumped revision number for resource 7c5e7922-4a5b-4da6-94e1-4e0ae710b232 (type: routers) to 1 [pid: 7|app: 0|req: 601/1289] 10.0.0.80 () {34 vars in 668 bytes} [Fri Apr 24 04:08:39 2026] POST /v2.0/routers => generated 603 bytes in 136 msecs (HTTP/1.1 201) 4 headers in 162 bytes (1 switches on core 0)
2026-04-24 04:08:40.185 8 INFO neutron.db.ovn_revision_numbers_db [None req-0fdb870f-da0d-47f9-8648-6e9acbf0fc0e 8f781200c00d4727ac2fb6a689de42bb 63cdd80a8cf64daca2bb971682cfa2f8 - - default default] Successfully bumped revision number for resource d20dfda7-8125-47f2-bdc3-621977c0a338 (type: routers) to 2 [pid: 8|app: 0|req: 689/1290] 10.0.0.80 () {34 vars in 741 bytes} [Fri Apr 24 04:08:39 2026] PUT /v2.0/routers/d20dfda7-8125-47f2-bdc3-621977c0a338 => generated 589 bytes in 322 msecs (HTTP/1.1 200) 4 headers in 157 bytes (1 switches on core 0)
2026-04-24 04:08:40.200 8 WARNING keystonemiddleware.audit [None req-0fdb870f-da0d-47f9-8648-6e9acbf0fc0e 8f781200c00d4727ac2fb6a689de42bb 63cdd80a8cf64daca2bb971682cfa2f8 - - default default] Skipping service tempest-service-184552277 as it have no endpoints. [pid: 8|app: 0|req: 690/1291] 10.0.0.80 () {32 vars in 735 bytes} [Fri Apr 24 04:08:40 2026] GET /v2.0/ports?device_id=d20dfda7-8125-47f2-bdc3-621977c0a338 => generated 12 bytes in 19 msecs (HTTP/1.1 200) 4 headers in 156 bytes (1 switches on core 0)
2026-04-24 04:08:40.225 8 WARNING keystonemiddleware.audit [None req-08b3f914-5f3b-4d2d-953c-8b954fb095d1 8f781200c00d4727ac2fb6a689de42bb 63cdd80a8cf64daca2bb971682cfa2f8 - - default default] Skipping service tempest-service-184552277 as it have no endpoints.
2026-04-24 04:08:40.412 7 WARNING neutron.scheduler.dhcp_agent_scheduler [None req-e81d0f0d-430a-4d30-a4fc-d288aa427923 b2c9c05f167841258844c54e665caec4 0c8e5b1021404c9bbbd4c21cd3622895 - - default default] No more DHCP agents
2026-04-24 04:08:40.413 7 WARNING neutron.api.rpc.agentnotifiers.dhcp_rpc_agent_api [None req-e81d0f0d-430a-4d30-a4fc-d288aa427923 b2c9c05f167841258844c54e665caec4 0c8e5b1021404c9bbbd4c21cd3622895 - - default default] Unable to schedule network 7f9ad243-94bd-4523-b7da-f6c3901e826f: no agents available; will retry on subsequent port and subnet creation events. [pid: 8|app: 0|req: 691/1292] 10.0.0.80 () {32 vars in 723 bytes} [Fri Apr 24 04:08:40 2026] DELETE /v2.0/routers/d20dfda7-8125-47f2-bdc3-621977c0a338 => generated 0 bytes in 214 msecs (HTTP/1.1 204) 2 headers in 112 bytes (1 switches on core 0)
2026-04-24 04:08:40.444 8 WARNING keystonemiddleware.audit [None req-d3934177-7042-408d-a684-50012dcacbd1 8f781200c00d4727ac2fb6a689de42bb 63cdd80a8cf64daca2bb971682cfa2f8 - - default default] Skipping service tempest-service-184552277 as it have no endpoints. [pid: 8|app: 0|req: 692/1293] 10.0.0.80 () {32 vars in 720 bytes} [Fri Apr 24 04:08:40 2026] GET /v2.0/routers/b6d7c8b9-3c4b-4350-a8e8-066ae56e5c40 => generated 598 bytes in 38 msecs (HTTP/1.1 200) 4 headers in 157 bytes (1 switches on core 0)
2026-04-24 04:08:40.487 8 WARNING keystonemiddleware.audit [None req-878e9910-d8e5-4b9d-8b4a-3dcc905f7d31 8f781200c00d4727ac2fb6a689de42bb 63cdd80a8cf64daca2bb971682cfa2f8 - - default default] Skipping service tempest-service-184552277 as it have no endpoints.
2026-04-24 04:08:40.518 7 INFO neutron.plugins.ml2.drivers.ovn.mech_driver.mech_driver [None req-dbce5d5b-8a80-40db-9372-3ba7a1f4e833 - - - - - -] OVN reports status down for port: 9a01c494-1b34-4487-aec2-dd72588a4518
2026-04-24 04:08:40.569 7 INFO neutron.db.ovn_revision_numbers_db [None req-e81d0f0d-430a-4d30-a4fc-d288aa427923 b2c9c05f167841258844c54e665caec4 0c8e5b1021404c9bbbd4c21cd3622895 - - default default] Successfully bumped revision number for resource 9a01c494-1b34-4487-aec2-dd72588a4518 (type: ports) to 1
2026-04-24 04:08:40.795 8 INFO neutron.db.ovn_revision_numbers_db [None req-5d8ce6df-f65f-4701-bddc-7c3fa7a3baa5 8f781200c00d4727ac2fb6a689de42bb 63cdd80a8cf64daca2bb971682cfa2f8 - - default default] Successfully bumped revision number for resource b6d7c8b9-3c4b-4350-a8e8-066ae56e5c40 (type: routers) to 2 [pid: 8|app: 0|req: 693/1294] 10.0.0.80 () {34 vars in 741 bytes} [Fri Apr 24 04:08:40 2026] PUT /v2.0/routers/b6d7c8b9-3c4b-4350-a8e8-066ae56e5c40 => generated 598 bytes in 320 msecs (HTTP/1.1 200) 4 headers in 157 bytes (1 switches on core 0)
2026-04-24 04:08:40.808 8 WARNING keystonemiddleware.audit [None req-5d8ce6df-f65f-4701-bddc-7c3fa7a3baa5 8f781200c00d4727ac2fb6a689de42bb 63cdd80a8cf64daca2bb971682cfa2f8 - - default default] Skipping service tempest-service-184552277 as it have no endpoints. [pid: 8|app: 0|req: 694/1295] 10.0.0.80 () {32 vars in 735 bytes} [Fri Apr 24 04:08:40 2026] GET /v2.0/ports?device_id=b6d7c8b9-3c4b-4350-a8e8-066ae56e5c40 => generated 12 bytes in 18 msecs (HTTP/1.1 200) 4 headers in 156 bytes (1 switches on core 0)
2026-04-24 04:08:40.832 8 WARNING keystonemiddleware.audit [None req-f0120d7c-84dd-43de-99de-45be5dbbb852 8f781200c00d4727ac2fb6a689de42bb 63cdd80a8cf64daca2bb971682cfa2f8 - - default default] Skipping service tempest-service-184552277 as it have no endpoints. [pid: 8|app: 0|req: 695/1296] 10.0.0.80 () {32 vars in 723 bytes} [Fri Apr 24 04:08:40 2026] DELETE /v2.0/routers/b6d7c8b9-3c4b-4350-a8e8-066ae56e5c40 => generated 0 bytes in 193 msecs (HTTP/1.1 204) 2 headers in 112 bytes (1 switches on core 0)
2026-04-24 04:08:41.175 7 INFO neutron.plugins.ml2.drivers.ovn.mech_driver.mech_driver [None req-dbce5d5b-8a80-40db-9372-3ba7a1f4e833 - - - - - -] OVN reports status up for port: 9a01c494-1b34-4487-aec2-dd72588a4518
2026-04-24 04:08:41.205 7 INFO neutron.plugins.ml2.plugin [None req-dbce5d5b-8a80-40db-9372-3ba7a1f4e833 - - - - - -] Attempt 1 to provision port 9a01c494-1b34-4487-aec2-dd72588a4518
2026-04-24 04:08:41.329 7 WARNING neutron.scheduler.dhcp_agent_scheduler [None req-e81d0f0d-430a-4d30-a4fc-d288aa427923 b2c9c05f167841258844c54e665caec4 0c8e5b1021404c9bbbd4c21cd3622895 - - default default] No more DHCP agents
2026-04-24 04:08:41.332 7 WARNING neutron.api.rpc.agentnotifiers.dhcp_rpc_agent_api [None req-e81d0f0d-430a-4d30-a4fc-d288aa427923 b2c9c05f167841258844c54e665caec4 0c8e5b1021404c9bbbd4c21cd3622895 - - default default] Unable to schedule network 7f9ad243-94bd-4523-b7da-f6c3901e826f: no agents available; will retry on subsequent port and subnet creation events.
2026-04-24 04:08:41.370 8 INFO neutron.db.ovn_revision_numbers_db [None req-0ca4c149-9ca9-49bf-a83e-61dd99ae2ab5 a6f0371aed784933b4a9c21289d981dd a6f3fbf00b5e445aba81432011355438 - - default default] Successfully bumped revision number for resource b8e8ea85-9af4-49cc-9550-b6dd93e90d26 (type: security_groups) to 1
2026-04-24 04:08:41.387 8 INFO neutron.db.ovn_revision_numbers_db [None req-0ca4c149-9ca9-49bf-a83e-61dd99ae2ab5 a6f0371aed784933b4a9c21289d981dd a6f3fbf00b5e445aba81432011355438 - - default default] Successfully bumped revision number for resource 4654cd17-e06c-400b-a9b7-02318ec63bdd (type: security_group_rules) to 0
2026-04-24 04:08:41.399 8 INFO neutron.db.ovn_revision_numbers_db [None req-0ca4c149-9ca9-49bf-a83e-61dd99ae2ab5 a6f0371aed784933b4a9c21289d981dd a6f3fbf00b5e445aba81432011355438 - - default default] Successfully bumped revision number for resource ae179f83-3afa-43a5-aa30-0b8694557ed5 (type: security_group_rules) to 0
2026-04-24 04:08:41.409 8 INFO neutron.db.ovn_revision_numbers_db [None req-0ca4c149-9ca9-49bf-a83e-61dd99ae2ab5 a6f0371aed784933b4a9c21289d981dd a6f3fbf00b5e445aba81432011355438 - - default default] Successfully bumped revision number for resource b62075c5-1d19-4b03-9d82-cd130383898a (type: security_group_rules) to 0
2026-04-24 04:08:41.420 8 INFO neutron.db.ovn_revision_numbers_db [None req-0ca4c149-9ca9-49bf-a83e-61dd99ae2ab5 a6f0371aed784933b4a9c21289d981dd a6f3fbf00b5e445aba81432011355438 - - default default] Successfully bumped revision number for resource e000b494-aeea-4c61-a246-94d037c432eb (type: security_group_rules) to 0 [pid: 8|app: 0|req: 696/1297] 10.0.0.80 () {32 vars in 773 bytes} [Fri Apr 24 04:08:41 2026] GET /v2.0/security-groups?tenant_id=ea89c1fb6c194d1189341aba47ef3346&name=default => generated 2925 bytes in 449 msecs (HTTP/1.1 200) 4 headers in 158 bytes (1 switches on core 0)
2026-04-24 04:08:41.475 8 WARNING keystonemiddleware.audit [None req-0ca4c149-9ca9-49bf-a83e-61dd99ae2ab5 a6f0371aed784933b4a9c21289d981dd a6f3fbf00b5e445aba81432011355438 - - default default] Skipping service tempest-service-184552277 as it have no endpoints. [pid: 8|app: 0|req: 697/1298] 10.0.0.80 () {32 vars in 720 bytes} [Fri Apr 24 04:08:41 2026] GET /v2.0/routers/4fcb1a53-0b39-466d-988c-98a63e504242 => generated 583 bytes in 34 msecs (HTTP/1.1 200) 4 headers in 157 bytes (1 switches on core 0)
2026-04-24 04:08:41.701 8 INFO neutron.db.ovn_revision_numbers_db [None req-85fd1314-30b1-4873-af27-90b50f594d7c a6f0371aed784933b4a9c21289d981dd a6f3fbf00b5e445aba81432011355438 - - default default] Successfully bumped revision number for resource 5c01db84-ac53-4d04-a423-09789838f712 (type: security_groups) to 1
2026-04-24 04:08:41.716 8 INFO neutron.db.ovn_revision_numbers_db [None req-85fd1314-30b1-4873-af27-90b50f594d7c a6f0371aed784933b4a9c21289d981dd a6f3fbf00b5e445aba81432011355438 - - default default] Successfully bumped revision number for resource 61470b28-4439-405a-9de4-de2ce9dab98c (type: security_group_rules) to 0
2026-04-24 04:08:41.728 8 INFO neutron.db.ovn_revision_numbers_db [None req-85fd1314-30b1-4873-af27-90b50f594d7c a6f0371aed784933b4a9c21289d981dd a6f3fbf00b5e445aba81432011355438 - - default default] Successfully bumped revision number for resource 9443aad4-a055-4579-9807-bbf3d7de6330 (type: security_group_rules) to 0
2026-04-24 04:08:41.745 8 INFO neutron.db.ovn_revision_numbers_db [None req-85fd1314-30b1-4873-af27-90b50f594d7c a6f0371aed784933b4a9c21289d981dd a6f3fbf00b5e445aba81432011355438 - - default default] Successfully bumped revision number for resource be30dd1b-b6e2-460e-afbe-4da1eb45285c (type: security_group_rules) to 0
2026-04-24 04:08:41.760 8 INFO neutron.db.ovn_revision_numbers_db [None req-85fd1314-30b1-4873-af27-90b50f594d7c a6f0371aed784933b4a9c21289d981dd a6f3fbf00b5e445aba81432011355438 - - default default] Successfully bumped revision number for resource e381545e-2fa9-4cc5-a38e-1d29a95daa65 (type: security_group_rules) to 0
2026-04-24 04:08:41.765 7 INFO neutron.db.ovn_revision_numbers_db [None req-e81d0f0d-430a-4d30-a4fc-d288aa427923 b2c9c05f167841258844c54e665caec4 0c8e5b1021404c9bbbd4c21cd3622895 - - default default] Successfully bumped revision number for resource 9a01c494-1b34-4487-aec2-dd72588a4518 (type: router_ports) to 1 [pid: 7|app: 0|req: 602/1299] 10.0.0.80 () {34 vars in 782 bytes} [Fri Apr 24 04:08:40 2026] PUT /v2.0/routers/7c5e7922-4a5b-4da6-94e1-4e0ae710b232/add_router_interface => generated 309 bytes in 1638 msecs (HTTP/1.1 200) 4 headers in 157 bytes (1 switches on core 0) [pid: 8|app: 0|req: 698/1300] 10.0.0.80 () {32 vars in 773 bytes} [Fri Apr 24 04:08:41 2026] GET /v2.0/security-groups?tenant_id=03410d1066b94a30bd9bf8cfcdb35db5&name=default => generated 2925 bytes in 304 msecs (HTTP/1.1 200) 4 headers in 158 bytes (1 switches on core 0)
2026-04-24 04:08:41.814 8 WARNING keystonemiddleware.audit [None req-85fd1314-30b1-4873-af27-90b50f594d7c a6f0371aed784933b4a9c21289d981dd a6f3fbf00b5e445aba81432011355438 - - default default] Skipping service tempest-service-184552277 as it have no endpoints.
2026-04-24 04:08:42.023 7 INFO neutron.db.ovn_revision_numbers_db [None req-dbce5d5b-8a80-40db-9372-3ba7a1f4e833 - - - - - -] Successfully bumped revision number for resource 9a01c494-1b34-4487-aec2-dd72588a4518 (type: ports) to 2
2026-04-24 04:08:42.146 8 INFO neutron.db.ovn_revision_numbers_db [None req-89fdcb06-a432-4119-8b1c-055313e99542 8f781200c00d4727ac2fb6a689de42bb 63cdd80a8cf64daca2bb971682cfa2f8 - - default default] Successfully bumped revision number for resource 4fcb1a53-0b39-466d-988c-98a63e504242 (type: routers) to 2 [pid: 8|app: 0|req: 699/1301] 10.0.0.80 () {34 vars in 741 bytes} [Fri Apr 24 04:08:41 2026] PUT /v2.0/routers/4fcb1a53-0b39-466d-988c-98a63e504242 => generated 583 bytes in 342 msecs (HTTP/1.1 200) 4 headers in 157 bytes (1 switches on core 0) [pid: 7|app: 0|req: 603/1304] 10.0.0.80 () {32 vars in 739 bytes} [Fri Apr 24 04:08:41 2026] DELETE /v2.0/security-groups/b8e8ea85-9af4-49cc-9550-b6dd93e90d26 => generated 0 bytes in 439 msecs (HTTP/1.1 204) 2 headers in 112 bytes (1 switches on core 0) [pid: 8|app: 0|req: 702/1305] 10.0.0.80 () {32 vars in 716 bytes} [Fri Apr 24 04:08:42 2026] GET /v2.0/ports/9a01c494-1b34-4487-aec2-dd72588a4518 => generated 943 bytes in 75 msecs (HTTP/1.1 200) 4 headers in 157 bytes (1 switches on core 0)
2026-04-24 04:08:42.235 8 WARNING keystonemiddleware.audit [None req-83860d1b-70e0-4228-b017-b17e0298359b b2c9c05f167841258844c54e665caec4 0c8e5b1021404c9bbbd4c21cd3622895 - - default default] Skipping service tempest-service-184552277 as it have no endpoints. [pid: 8|app: 0|req: 703/1306] 10.0.0.80 () {32 vars in 735 bytes} [Fri Apr 24 04:08:42 2026] GET /v2.0/ports?device_id=4fcb1a53-0b39-466d-988c-98a63e504242 => generated 12 bytes in 14 msecs (HTTP/1.1 200) 4 headers in 156 bytes (1 switches on core 0) [pid: 7|app: 0|req: 604/1307] 10.0.0.80 () {32 vars in 739 bytes} [Fri Apr 24 04:08:42 2026] DELETE /v2.0/security-groups/5c01db84-ac53-4d04-a423-09789838f712 => generated 0 bytes in 203 msecs (HTTP/1.1 204) 2 headers in 112 bytes (1 switches on core 0)
2026-04-24 04:08:42.421 7 WARNING keystonemiddleware.audit [None req-27cde559-82be-427e-a01b-388d364b1715 a6f0371aed784933b4a9c21289d981dd a6f3fbf00b5e445aba81432011355438 - - default default] Skipping service tempest-service-184552277 as it have no endpoints. [pid: 7|app: 0|req: 605/1308] 10.0.0.80 () {32 vars in 723 bytes} [Fri Apr 24 04:08:42 2026] DELETE /v2.0/routers/4fcb1a53-0b39-466d-988c-98a63e504242 => generated 0 bytes in 233 msecs (HTTP/1.1 204) 2 headers in 112 bytes (1 switches on core 0)
2026-04-24 04:08:42.662 7 WARNING keystonemiddleware.audit [None req-84075840-7d9e-438e-9011-e8f6e97db980 8f781200c00d4727ac2fb6a689de42bb 63cdd80a8cf64daca2bb971682cfa2f8 - - default default] Skipping service tempest-service-184552277 as it have no endpoints. [pid: 7|app: 0|req: 606/1309] 10.0.0.80 () {32 vars in 720 bytes} [Fri Apr 24 04:08:42 2026] GET /v2.0/routers/c54c5c51-10ca-4e5b-af19-4cdfa35b248f => generated 576 bytes in 42 msecs (HTTP/1.1 200) 4 headers in 157 bytes (1 switches on core 0)
2026-04-24 04:08:42.718 7 WARNING keystonemiddleware.audit [None req-1ceaae57-9761-4730-b750-a44a3c25618b 8f781200c00d4727ac2fb6a689de42bb 63cdd80a8cf64daca2bb971682cfa2f8 - - default default] Skipping service tempest-service-184552277 as it have no endpoints.
2026-04-24 04:08:42.767 8 WARNING neutron.scheduler.dhcp_agent_scheduler [None req-d09d18b6-82da-422e-9996-0507c35f67af b2c9c05f167841258844c54e665caec4 0c8e5b1021404c9bbbd4c21cd3622895 - - default default] No more DHCP agents
2026-04-24 04:08:42.769 8 WARNING neutron.api.rpc.agentnotifiers.dhcp_rpc_agent_api [None req-d09d18b6-82da-422e-9996-0507c35f67af b2c9c05f167841258844c54e665caec4 0c8e5b1021404c9bbbd4c21cd3622895 - - default default] Unable to schedule network 07d7fc2e-b5d0-4ed5-82ef-0db1d11531d0: no agents available; will retry on subsequent port and subnet creation events.
2026-04-24 04:08:42.899 8 INFO neutron.plugins.ml2.drivers.ovn.mech_driver.mech_driver [None req-c682cd91-1e4f-42d4-9692-3a1696e074bd - - - - - -] OVN reports status down for port: 97fc1af6-dc88-4a4c-a274-b3d376770930
2026-04-24 04:08:42.965 8 INFO neutron.db.ovn_revision_numbers_db [None req-d09d18b6-82da-422e-9996-0507c35f67af b2c9c05f167841258844c54e665caec4 0c8e5b1021404c9bbbd4c21cd3622895 - - default default] Successfully bumped revision number for resource 97fc1af6-dc88-4a4c-a274-b3d376770930 (type: ports) to 1 [pid: 7|app: 0|req: 607/1310] 10.0.0.80 () {34 vars in 741 bytes} [Fri Apr 24 04:08:42 2026] PUT /v2.0/routers/c54c5c51-10ca-4e5b-af19-4cdfa35b248f => generated 576 bytes in 350 msecs (HTTP/1.1 200) 4 headers in 157 bytes (1 switches on core 0)
2026-04-24 04:08:43.071 7 WARNING keystonemiddleware.audit [None req-bf7af861-cf27-45ee-a91b-2c86f3a04fd4 8f781200c00d4727ac2fb6a689de42bb 63cdd80a8cf64daca2bb971682cfa2f8 - - default default] Skipping service tempest-service-184552277 as it have no endpoints. [pid: 7|app: 0|req: 608/1311] 10.0.0.80 () {32 vars in 735 bytes} [Fri Apr 24 04:08:43 2026] GET /v2.0/ports?device_id=c54c5c51-10ca-4e5b-af19-4cdfa35b248f => generated 12 bytes in 20 msecs (HTTP/1.1 200) 4 headers in 156 bytes (1 switches on core 0)
2026-04-24 04:08:43.098 7 WARNING keystonemiddleware.audit [None req-8768854b-619c-4a72-b6b6-80e22554052f 8f781200c00d4727ac2fb6a689de42bb 63cdd80a8cf64daca2bb971682cfa2f8 - - default default] Skipping service tempest-service-184552277 as it have no endpoints. [pid: 7|app: 0|req: 609/1312] 10.0.0.80 () {32 vars in 723 bytes} [Fri Apr 24 04:08:43 2026] DELETE /v2.0/routers/c54c5c51-10ca-4e5b-af19-4cdfa35b248f => generated 0 bytes in 179 msecs (HTTP/1.1 204) 2 headers in 112 bytes (1 switches on core 0)
2026-04-24 04:08:43.527 8 INFO neutron.plugins.ml2.drivers.ovn.mech_driver.mech_driver [None req-c682cd91-1e4f-42d4-9692-3a1696e074bd - - - - - -] OVN reports status up for port: 97fc1af6-dc88-4a4c-a274-b3d376770930
2026-04-24 04:08:43.557 8 INFO neutron.plugins.ml2.plugin [None req-c682cd91-1e4f-42d4-9692-3a1696e074bd - - - - - -] Attempt 1 to provision port 97fc1af6-dc88-4a4c-a274-b3d376770930
2026-04-24 04:08:43.645 8 WARNING neutron.scheduler.dhcp_agent_scheduler [None req-d09d18b6-82da-422e-9996-0507c35f67af b2c9c05f167841258844c54e665caec4 0c8e5b1021404c9bbbd4c21cd3622895 - - default default] No more DHCP agents
2026-04-24 04:08:43.654 8 WARNING neutron.api.rpc.agentnotifiers.dhcp_rpc_agent_api [None req-d09d18b6-82da-422e-9996-0507c35f67af b2c9c05f167841258844c54e665caec4 0c8e5b1021404c9bbbd4c21cd3622895 - - default default] Unable to schedule network 07d7fc2e-b5d0-4ed5-82ef-0db1d11531d0: no agents available; will retry on subsequent port and subnet creation events.
2026-04-24 04:08:44.108 8 INFO neutron.db.ovn_revision_numbers_db [None req-d09d18b6-82da-422e-9996-0507c35f67af b2c9c05f167841258844c54e665caec4 0c8e5b1021404c9bbbd4c21cd3622895 - - default default] Successfully bumped revision number for resource 97fc1af6-dc88-4a4c-a274-b3d376770930 (type: router_ports) to 1 [pid: 8|app: 0|req: 704/1313] 10.0.0.80 () {34 vars in 782 bytes} [Fri Apr 24 04:08:42 2026] PUT /v2.0/routers/7c5e7922-4a5b-4da6-94e1-4e0ae710b232/add_router_interface => generated 309 bytes in 1868 msecs (HTTP/1.1 200) 4 headers in 157 bytes (1 switches on core 0)
2026-04-24 04:08:44.305 8 INFO neutron.db.ovn_revision_numbers_db [None req-c682cd91-1e4f-42d4-9692-3a1696e074bd - - - - - -] Successfully bumped revision number for resource 97fc1af6-dc88-4a4c-a274-b3d376770930 (type: ports) to 2
2026-04-24 04:08:44.401 7 INFO neutron.db.ovn_revision_numbers_db [None req-9e8bb047-5e6a-432e-950a-6dd2c755c346 a6f0371aed784933b4a9c21289d981dd a6f3fbf00b5e445aba81432011355438 - - default default] Successfully bumped revision number for resource 7946a1d1-3f75-440d-a42d-6acea5c43df9 (type: security_groups) to 1
2026-04-24 04:08:44.417 7 INFO neutron.db.ovn_revision_numbers_db [None req-9e8bb047-5e6a-432e-950a-6dd2c755c346 a6f0371aed784933b4a9c21289d981dd a6f3fbf00b5e445aba81432011355438 - - default default] Successfully bumped revision number for resource 0593e37f-7680-4b3b-879e-3b9660ca01fd (type: security_group_rules) to 0
2026-04-24 04:08:44.429 7 INFO neutron.db.ovn_revision_numbers_db [None req-9e8bb047-5e6a-432e-950a-6dd2c755c346 a6f0371aed784933b4a9c21289d981dd a6f3fbf00b5e445aba81432011355438 - - default default] Successfully bumped revision number for resource d8fa8c83-bfc9-40f2-acc0-8e90be749d3b (type: security_group_rules) to 0
2026-04-24 04:08:44.444 7 INFO neutron.db.ovn_revision_numbers_db [None req-9e8bb047-5e6a-432e-950a-6dd2c755c346 a6f0371aed784933b4a9c21289d981dd a6f3fbf00b5e445aba81432011355438 - - default default] Successfully bumped revision number for resource d9b98866-19ef-402c-b894-29673de495b2 (type: security_group_rules) to 0
2026-04-24 04:08:44.459 7 INFO neutron.db.ovn_revision_numbers_db [None req-9e8bb047-5e6a-432e-950a-6dd2c755c346 a6f0371aed784933b4a9c21289d981dd a6f3fbf00b5e445aba81432011355438 - - default default] Successfully bumped revision number for resource f0814589-56c1-4897-b402-22f7a80c6824 (type: security_group_rules) to 0 [pid: 7|app: 0|req: 610/1314] 10.0.0.80 () {32 vars in 773 bytes} [Fri Apr 24 04:08:44 2026] GET /v2.0/security-groups?tenant_id=5addf48b50f9487b9cf1973d873cc64c&name=default => generated 2925 bytes in 485 msecs (HTTP/1.1 200) 4 headers in 158 bytes (1 switches on core 0)
2026-04-24 04:08:44.547 8 INFO neutron.db.ovn_revision_numbers_db [None req-484c1391-bf39-4bfe-bda7-11628429dee7 af55cae8bf4c4724a97adc76fec590d3 31e4e1b55c6b45469fae46ab8fe30783 - - default default] Successfully bumped revision number for resource 3c57ec31-025e-4e47-bb2e-5f8d739ab690 (type: security_groups) to 1
2026-04-24 04:08:44.564 8 INFO neutron.db.ovn_revision_numbers_db [None req-484c1391-bf39-4bfe-bda7-11628429dee7 af55cae8bf4c4724a97adc76fec590d3 31e4e1b55c6b45469fae46ab8fe30783 - - default default] Successfully bumped revision number for resource 449e634f-e45f-4302-8f29-b75917d36433 (type: security_group_rules) to 0
2026-04-24 04:08:44.576 8 INFO neutron.db.ovn_revision_numbers_db [None req-484c1391-bf39-4bfe-bda7-11628429dee7 af55cae8bf4c4724a97adc76fec590d3 31e4e1b55c6b45469fae46ab8fe30783 - - default default] Successfully bumped revision number for resource ae1a4fea-9d86-45a0-be22-51ca78435c7a (type: security_group_rules) to 0
2026-04-24 04:08:44.590 8 INFO neutron.db.ovn_revision_numbers_db [None req-484c1391-bf39-4bfe-bda7-11628429dee7 af55cae8bf4c4724a97adc76fec590d3 31e4e1b55c6b45469fae46ab8fe30783 - - default default] Successfully bumped revision number for resource d36c87af-2461-418b-9f9b-1d6d708c0473 (type: security_group_rules) to 0
2026-04-24 04:08:44.602 8 INFO neutron.db.ovn_revision_numbers_db [None req-484c1391-bf39-4bfe-bda7-11628429dee7 af55cae8bf4c4724a97adc76fec590d3 31e4e1b55c6b45469fae46ab8fe30783 - - default default] Successfully bumped revision number for resource e4a545ec-fa79-4525-ab30-412cb7a26dc2 (type: security_group_rules) to 0 [pid: 7|app: 0|req: 611/1315] 10.0.0.80 () {32 vars in 716 bytes} [Fri Apr 24 04:08:44 2026] GET /v2.0/ports/97fc1af6-dc88-4a4c-a274-b3d376770930 => generated 943 bytes in 90 msecs (HTTP/1.1 200) 4 headers in 157 bytes (1 switches on core 0)
2026-04-24 04:08:44.705 8 INFO neutron.db.segments_db [None req-484c1391-bf39-4bfe-bda7-11628429dee7 af55cae8bf4c4724a97adc76fec590d3 31e4e1b55c6b45469fae46ab8fe30783 - - default default] Added segment 8e168f28-761f-421e-906b-84b3db98de96 of type geneve for network 0eed89bb-a3ad-4a83-b31a-63dd917bf047
2026-04-24 04:08:44.797 8 INFO neutron.db.segments_db [None req-484c1391-bf39-4bfe-bda7-11628429dee7 af55cae8bf4c4724a97adc76fec590d3 31e4e1b55c6b45469fae46ab8fe30783 - - default default] Added segment 6c0a85c6-c9fd-4688-b5be-8e78850d89c3 of type geneve for network bd37eea9-caef-4ebc-ac71-9b9b5468b230 [pid: 7|app: 0|req: 612/1316] 10.0.0.80 () {32 vars in 739 bytes} [Fri Apr 24 04:08:44 2026] DELETE /v2.0/security-groups/7946a1d1-3f75-440d-a42d-6acea5c43df9 => generated 0 bytes in 272 msecs (HTTP/1.1 204) 2 headers in 112 bytes (1 switches on core 0) [pid: 7|app: 0|req: 613/1317] 10.0.0.80 () {32 vars in 716 bytes} [Fri Apr 24 04:08:44 2026] GET /v2.0/ports/97fc1af6-dc88-4a4c-a274-b3d376770930 => generated 943 bytes in 40 msecs (HTTP/1.1 200) 4 headers in 157 bytes (1 switches on core 0)
2026-04-24 04:08:44.943 8 INFO neutron.db.ovn_revision_numbers_db [None req-484c1391-bf39-4bfe-bda7-11628429dee7 af55cae8bf4c4724a97adc76fec590d3 31e4e1b55c6b45469fae46ab8fe30783 - - default default] Successfully bumped revision number for resource 0eed89bb-a3ad-4a83-b31a-63dd917bf047 (type: networks) to 1
2026-04-24 04:08:45.114 8 WARNING neutron.scheduler.dhcp_agent_scheduler [None req-484c1391-bf39-4bfe-bda7-11628429dee7 af55cae8bf4c4724a97adc76fec590d3 31e4e1b55c6b45469fae46ab8fe30783 - - default default] No more DHCP agents
2026-04-24 04:08:45.116 8 WARNING neutron.api.rpc.agentnotifiers.dhcp_rpc_agent_api [None req-484c1391-bf39-4bfe-bda7-11628429dee7 af55cae8bf4c4724a97adc76fec590d3 31e4e1b55c6b45469fae46ab8fe30783 - - default default] Unable to schedule network 0eed89bb-a3ad-4a83-b31a-63dd917bf047: no agents available; will retry on subsequent port and subnet creation events.
2026-04-24 04:08:45.133 7 INFO neutron.db.ovn_revision_numbers_db [None req-d2c6158c-9ee1-48af-8648-946ab59b3a80 a6f0371aed784933b4a9c21289d981dd a6f3fbf00b5e445aba81432011355438 - - default default] Successfully bumped revision number for resource a66f8994-99aa-459b-8306-e6e98a4afc56 (type: security_groups) to 1
2026-04-24 04:08:45.142 7 INFO neutron.db.ovn_revision_numbers_db [None req-d2c6158c-9ee1-48af-8648-946ab59b3a80 a6f0371aed784933b4a9c21289d981dd a6f3fbf00b5e445aba81432011355438 - - default default] Successfully bumped revision number for resource 39178cd6-478d-4bec-8600-fcf97405a5da (type: security_group_rules) to 0
2026-04-24 04:08:45.165 7 INFO neutron.db.ovn_revision_numbers_db [None req-d2c6158c-9ee1-48af-8648-946ab59b3a80 a6f0371aed784933b4a9c21289d981dd a6f3fbf00b5e445aba81432011355438 - - default default] Successfully bumped revision number for resource 58e3c171-9bcc-49bf-b157-a38a9989c2ea (type: security_group_rules) to 0
2026-04-24 04:08:45.190 7 INFO neutron.db.ovn_revision_numbers_db [None req-d2c6158c-9ee1-48af-8648-946ab59b3a80 a6f0371aed784933b4a9c21289d981dd a6f3fbf00b5e445aba81432011355438 - - default default] Successfully bumped revision number for resource 8a38be34-6a62-4795-bb4b-831d07827230 (type: security_group_rules) to 0
2026-04-24 04:08:45.201 7 INFO neutron.db.ovn_revision_numbers_db [None req-d2c6158c-9ee1-48af-8648-946ab59b3a80 a6f0371aed784933b4a9c21289d981dd a6f3fbf00b5e445aba81432011355438 - - default default] Successfully bumped revision number for resource cbc679d9-8e03-4d45-9693-6738569bd70b (type: security_group_rules) to 0
2026-04-24 04:08:45.220 8 INFO neutron.db.ovn_revision_numbers_db [None req-484c1391-bf39-4bfe-bda7-11628429dee7 af55cae8bf4c4724a97adc76fec590d3 31e4e1b55c6b45469fae46ab8fe30783 - - default default] Successfully bumped revision number for resource 8180856e-09cf-4c0e-87fc-e9e77b3baa42 (type: ports) to 1 [pid: 7|app: 0|req: 614/1318] 10.0.0.80 () {32 vars in 773 bytes} [Fri Apr 24 04:08:44 2026] GET /v2.0/security-groups?tenant_id=1f0f8490201946618aa8fb727df335d5&name=default => generated 2925 bytes in 315 msecs (HTTP/1.1 200) 4 headers in 158 bytes (1 switches on core 0)
2026-04-24 04:08:45.298 8 INFO neutron.db.ovn_revision_numbers_db [None req-484c1391-bf39-4bfe-bda7-11628429dee7 af55cae8bf4c4724a97adc76fec590d3 31e4e1b55c6b45469fae46ab8fe30783 - - default default] Successfully bumped revision number for resource bd37eea9-caef-4ebc-ac71-9b9b5468b230 (type: networks) to 1
2026-04-24 04:08:45.451 8 WARNING neutron.scheduler.dhcp_agent_scheduler [None req-484c1391-bf39-4bfe-bda7-11628429dee7 af55cae8bf4c4724a97adc76fec590d3 31e4e1b55c6b45469fae46ab8fe30783 - - default default] No more DHCP agents
2026-04-24 04:08:45.452 8 WARNING neutron.api.rpc.agentnotifiers.dhcp_rpc_agent_api [None req-484c1391-bf39-4bfe-bda7-11628429dee7 af55cae8bf4c4724a97adc76fec590d3 31e4e1b55c6b45469fae46ab8fe30783 - - default default] Unable to schedule network bd37eea9-caef-4ebc-ac71-9b9b5468b230: no agents available; will retry on subsequent port and subnet creation events.
2026-04-24 04:08:45.534 7 INFO neutron_taas.services.taas.taas_plugin [None req-fa32f801-7969-4d1f-a459-a8fcf1c12433 b2c9c05f167841258844c54e665caec4 0c8e5b1021404c9bbbd4c21cd3622895 - - default default] TaaS: Handle Delete Port: 97fc1af6-dc88-4a4c-a274-b3d376770930
2026-04-24 04:08:45.536 7 INFO neutron_taas.services.taas.tap_mirror_plugin [None req-fa32f801-7969-4d1f-a459-a8fcf1c12433 b2c9c05f167841258844c54e665caec4 0c8e5b1021404c9bbbd4c21cd3622895 - - default default] Tap Mirror: Handle Delete Port: 97fc1af6-dc88-4a4c-a274-b3d376770930
2026-04-24 04:08:45.550 8 INFO neutron.db.ovn_revision_numbers_db [None req-484c1391-bf39-4bfe-bda7-11628429dee7 af55cae8bf4c4724a97adc76fec590d3 31e4e1b55c6b45469fae46ab8fe30783 - - default default] Successfully bumped revision number for resource c277dfe8-1c1c-4ce3-97b3-82ccf29e21b0 (type: ports) to 1 [pid: 8|app: 0|req: 705/1319] 10.0.0.80 () {34 vars in 669 bytes} [Fri Apr 24 04:08:44 2026] POST /v2.0/networks => generated 1283 bytes in 1458 msecs (HTTP/1.1 201) 4 headers in 163 bytes (1 switches on core 0)
2026-04-24 04:08:45.705 8 INFO neutron.db.ovn_revision_numbers_db [None req-8bd3eb31-2685-49a3-9b21-48457a7939e8 a6f0371aed784933b4a9c21289d981dd a6f3fbf00b5e445aba81432011355438 - - default default] Successfully bumped revision number for resource 7f15cdb1-e5fd-469b-8c65-27281a90afde (type: security_groups) to 1
2026-04-24 04:08:45.735 8 INFO neutron.db.ovn_revision_numbers_db [None req-8bd3eb31-2685-49a3-9b21-48457a7939e8 a6f0371aed784933b4a9c21289d981dd a6f3fbf00b5e445aba81432011355438 - - default default] Successfully bumped revision number for resource 012b2f18-c340-4dae-9241-c3d7194169b8 (type: security_group_rules) to 0
2026-04-24 04:08:45.749 8 INFO neutron.db.ovn_revision_numbers_db [None req-8bd3eb31-2685-49a3-9b21-48457a7939e8 a6f0371aed784933b4a9c21289d981dd a6f3fbf00b5e445aba81432011355438 - - default default] Successfully bumped revision number for resource 0a6783b4-e707-4ef9-ad54-0ba18515ce12 (type: security_group_rules) to 0
2026-04-24 04:08:45.764 8 INFO neutron.db.ovn_revision_numbers_db [None req-8bd3eb31-2685-49a3-9b21-48457a7939e8 a6f0371aed784933b4a9c21289d981dd a6f3fbf00b5e445aba81432011355438 - - default default] Successfully bumped revision number for resource 5a3596c8-a538-45cb-94c1-148a9b7788a8 (type: security_group_rules) to 0
2026-04-24 04:08:45.776 8 INFO neutron.db.ovn_revision_numbers_db [None req-8bd3eb31-2685-49a3-9b21-48457a7939e8 a6f0371aed784933b4a9c21289d981dd a6f3fbf00b5e445aba81432011355438 - - default default] Successfully bumped revision number for resource cf720c48-6b37-4071-9c7b-bca9a7873fdd (type: security_group_rules) to 0 [pid: 8|app: 0|req: 706/1320] 10.0.0.80 () {32 vars in 773 bytes} [Fri Apr 24 04:08:45 2026] GET /v2.0/security-groups?tenant_id=63cdd80a8cf64daca2bb971682cfa2f8&name=default => generated 2925 bytes in 238 msecs (HTTP/1.1 200) 4 headers in 158 bytes (1 switches on core 0) [pid: 7|app: 0|req: 615/1321] 10.0.0.80 () {34 vars in 788 bytes} [Fri Apr 24 04:08:45 2026] PUT /v2.0/routers/7c5e7922-4a5b-4da6-94e1-4e0ae710b232/remove_router_interface => generated 309 bytes in 665 msecs (HTTP/1.1 200) 4 headers in 157 bytes (1 switches on core 0) /var/lib/openstack/lib/python3.12/site-packages/pycadf/identifier.py:70: UserWarning: Invalid uuid: neutron. To ensure interoperability, identifiers should be a valid uuid. warnings.warn(('Invalid uuid: %s. To ensure interoperability, ' [pid: 7|app: 0|req: 616/1322] 10.0.0.80 () {32 vars in 648 bytes} [Fri Apr 24 04:08:45 2026] GET /v2.0/networks => generated 1970 bytes in 76 msecs (HTTP/1.1 200) 4 headers in 158 bytes (1 switches on core 0) [pid: 8|app: 0|req: 707/1323] 10.0.0.80 () {32 vars in 739 bytes} [Fri Apr 24 04:08:45 2026] DELETE /v2.0/security-groups/a66f8994-99aa-459b-8306-e6e98a4afc56 => generated 0 bytes in 268 msecs (HTTP/1.1 204) 2 headers in 112 bytes (1 switches on core 0) [pid: 8|app: 0|req: 708/1324] 10.0.0.80 () {32 vars in 716 bytes} [Fri Apr 24 04:08:46 2026] GET /v2.0/ports/9a01c494-1b34-4487-aec2-dd72588a4518 => generated 943 bytes in 39 msecs (HTTP/1.1 200) 4 headers in 157 bytes (1 switches on core 0) [pid: 7|app: 0|req: 617/1325] 10.0.0.80 () {32 vars in 739 bytes} [Fri Apr 24 04:08:45 2026] DELETE /v2.0/security-groups/7f15cdb1-e5fd-469b-8c65-27281a90afde => generated 0 bytes in 234 msecs (HTTP/1.1 204) 2 headers in 112 bytes (1 switches on core 0)
2026-04-24 04:08:46.268 8 INFO neutron_taas.services.taas.taas_plugin [None req-7dfba11a-d7c1-4405-914a-edb04776b89b af55cae8bf4c4724a97adc76fec590d3 31e4e1b55c6b45469fae46ab8fe30783 - - default default] TaaS: Handle Delete Port: 8180856e-09cf-4c0e-87fc-e9e77b3baa42
2026-04-24 04:08:46.272 8 INFO neutron_taas.services.taas.tap_mirror_plugin [None req-7dfba11a-d7c1-4405-914a-edb04776b89b af55cae8bf4c4724a97adc76fec590d3 31e4e1b55c6b45469fae46ab8fe30783 - - default default] Tap Mirror: Handle Delete Port: 8180856e-09cf-4c0e-87fc-e9e77b3baa42
2026-04-24 04:08:46.487 8 INFO neutron.services.segments.plugin [-] Segment 8e168f28-761f-421e-906b-84b3db98de96 resource provider aggregate not found
2026-04-24 04:08:46.491 7 INFO neutron_taas.services.taas.taas_plugin [None req-b0dc432f-ce47-463f-9a84-5ef747736b47 b2c9c05f167841258844c54e665caec4 0c8e5b1021404c9bbbd4c21cd3622895 - - default default] TaaS: Handle Delete Port: 9a01c494-1b34-4487-aec2-dd72588a4518
2026-04-24 04:08:46.493 8 INFO neutron.services.segments.plugin [-] Segment 8e168f28-761f-421e-906b-84b3db98de96 resource provider aggregate not found
2026-04-24 04:08:46.494 7 INFO neutron_taas.services.taas.tap_mirror_plugin [None req-b0dc432f-ce47-463f-9a84-5ef747736b47 b2c9c05f167841258844c54e665caec4 0c8e5b1021404c9bbbd4c21cd3622895 - - default default] Tap Mirror: Handle Delete Port: 9a01c494-1b34-4487-aec2-dd72588a4518
2026-04-24 04:08:46.514 8 INFO neutron.services.segments.plugin [-] Segment 8e168f28-761f-421e-906b-84b3db98de96 resource provider not found; error: Placement Client Error (4xx): {"errors": [{"status": 404, "title": "Not Found", "detail": "The resource could not be found.\n\n No resource provider with uuid 8e168f28-761f-421e-906b-84b3db98de96 found for delete ", "request_id": "req-dfa7776a-f09f-47e0-8938-d76a871974ca"}]}
2026-04-24 04:08:46.526 8 INFO neutron.services.segments.plugin [-] Segment 8e168f28-761f-421e-906b-84b3db98de96 resource provider not found; error: Placement Client Error (4xx): {"errors": [{"status": 404, "title": "Not Found", "detail": "The resource could not be found.\n\n No resource provider with uuid 8e168f28-761f-421e-906b-84b3db98de96 found for delete ", "request_id": "req-ab4b4b7c-be2a-46ef-81e6-3ff52d4be15d"}]} [pid: 8|app: 0|req: 709/1326] 10.0.0.80 () {32 vars in 725 bytes} [Fri Apr 24 04:08:46 2026] DELETE /v2.0/networks/0eed89bb-a3ad-4a83-b31a-63dd917bf047 => generated 0 bytes in 422 msecs (HTTP/1.1 204) 3 headers in 131 bytes (1 switches on core 0)
2026-04-24 04:08:46.683 8 INFO neutron.db.ovn_revision_numbers_db [None req-35386e6f-9300-4210-9784-5e1be8163890 a6f0371aed784933b4a9c21289d981dd a6f3fbf00b5e445aba81432011355438 - - default default] Successfully bumped revision number for resource e3d876fa-c442-41c3-993d-cfc14391006d (type: security_groups) to 1
2026-04-24 04:08:46.702 8 INFO neutron.db.ovn_revision_numbers_db [None req-35386e6f-9300-4210-9784-5e1be8163890 a6f0371aed784933b4a9c21289d981dd a6f3fbf00b5e445aba81432011355438 - - default default] Successfully bumped revision number for resource 19fefeef-a157-41d5-b660-58597e6716ff (type: security_group_rules) to 0
2026-04-24 04:08:46.714 8 INFO neutron.db.ovn_revision_numbers_db [None req-35386e6f-9300-4210-9784-5e1be8163890 a6f0371aed784933b4a9c21289d981dd a6f3fbf00b5e445aba81432011355438 - - default default] Successfully bumped revision number for resource 38223f04-60cb-4995-b7ed-3afaf8cf3544 (type: security_group_rules) to 0
2026-04-24 04:08:46.741 8 INFO neutron.db.ovn_revision_numbers_db [None req-35386e6f-9300-4210-9784-5e1be8163890 a6f0371aed784933b4a9c21289d981dd a6f3fbf00b5e445aba81432011355438 - - default default] Successfully bumped revision number for resource 9d04c441-7fd9-426d-b8ed-b7842f4a6c3e (type: security_group_rules) to 0
2026-04-24 04:08:46.756 8 INFO neutron.db.ovn_revision_numbers_db [None req-35386e6f-9300-4210-9784-5e1be8163890 a6f0371aed784933b4a9c21289d981dd a6f3fbf00b5e445aba81432011355438 - - default default] Successfully bumped revision number for resource fc78186e-2a28-41e3-ba7d-1dc1cbffe48b (type: security_group_rules) to 0 [pid: 8|app: 0|req: 710/1327] 10.0.0.80 () {32 vars in 773 bytes} [Fri Apr 24 04:08:46 2026] GET /v2.0/security-groups?tenant_id=730c26f5895141d3b05cd4791f62b3d3&name=default => generated 2925 bytes in 250 msecs (HTTP/1.1 200) 4 headers in 158 bytes (1 switches on core 0) [pid: 7|app: 0|req: 618/1328] 10.0.0.80 () {34 vars in 788 bytes} [Fri Apr 24 04:08:46 2026] PUT /v2.0/routers/7c5e7922-4a5b-4da6-94e1-4e0ae710b232/remove_router_interface => generated 309 bytes in 626 msecs (HTTP/1.1 200) 4 headers in 157 bytes (1 switches on core 0) /var/lib/openstack/lib/python3.12/site-packages/pycadf/identifier.py:70: UserWarning: Invalid uuid: neutron. To ensure interoperability, identifiers should be a valid uuid. warnings.warn(('Invalid uuid: %s. To ensure interoperability, '
2026-04-24 04:08:46.918 8 INFO neutron_taas.services.taas.taas_plugin [None req-7a501ff2-3971-449e-b227-0b0d20cfe333 af55cae8bf4c4724a97adc76fec590d3 31e4e1b55c6b45469fae46ab8fe30783 - - default default] TaaS: Handle Delete Port: c277dfe8-1c1c-4ce3-97b3-82ccf29e21b0
2026-04-24 04:08:46.922 8 INFO neutron_taas.services.taas.tap_mirror_plugin [None req-7a501ff2-3971-449e-b227-0b0d20cfe333 af55cae8bf4c4724a97adc76fec590d3 31e4e1b55c6b45469fae46ab8fe30783 - - default default] Tap Mirror: Handle Delete Port: c277dfe8-1c1c-4ce3-97b3-82ccf29e21b0 [pid: 7|app: 0|req: 619/1329] 10.0.0.80 () {32 vars in 739 bytes} [Fri Apr 24 04:08:46 2026] DELETE /v2.0/security-groups/e3d876fa-c442-41c3-993d-cfc14391006d => generated 0 bytes in 250 msecs (HTTP/1.1 204) 2 headers in 112 bytes (1 switches on core 0) [pid: 7|app: 0|req: 620/1330] 10.0.0.80 () {32 vars in 735 bytes} [Fri Apr 24 04:08:47 2026] GET /v2.0/ports?device_id=7c5e7922-4a5b-4da6-94e1-4e0ae710b232 => generated 12 bytes in 17 msecs (HTTP/1.1 200) 4 headers in 156 bytes (1 switches on core 0) [pid: 8|app: 0|req: 711/1331] 10.0.0.80 () {32 vars in 725 bytes} [Fri Apr 24 04:08:46 2026] DELETE /v2.0/networks/bd37eea9-caef-4ebc-ac71-9b9b5468b230 => generated 0 bytes in 342 msecs (HTTP/1.1 204) 3 headers in 131 bytes (1 switches on core 0) [pid: 8|app: 0|req: 712/1332] 10.0.0.80 () {32 vars in 648 bytes} [Fri Apr 24 04:08:47 2026] GET /v2.0/networks => generated 689 bytes in 37 msecs (HTTP/1.1 200) 4 headers in 157 bytes (1 switches on core 0)
2026-04-24 04:08:47.293 8 INFO neutron.db.segments_db [None req-551d653c-1d92-4d2d-9e17-773cf57f34e5 af55cae8bf4c4724a97adc76fec590d3 31e4e1b55c6b45469fae46ab8fe30783 - - default default] Added segment 075def73-37b5-47a8-a794-4f69362fe23f of type geneve for network d6703edf-89ab-4c72-a672-a8e4da775336 [pid: 7|app: 0|req: 621/1333] 10.0.0.80 () {32 vars in 723 bytes} [Fri Apr 24 04:08:47 2026] DELETE /v2.0/routers/7c5e7922-4a5b-4da6-94e1-4e0ae710b232 => generated 0 bytes in 201 msecs (HTTP/1.1 204) 2 headers in 112 bytes (1 switches on core 0)
2026-04-24 04:08:47.340 7 WARNING neutron.plugins.ml2.drivers.ovn.mech_driver.ovsdb.ovn_client [None req-19816860-eef6-402c-8109-6f64f4e56ce2 - - - - - -] No port found with ID 9a01c494-1b34-4487-aec2-dd72588a4518: RuntimeError: No port found with ID 9a01c494-1b34-4487-aec2-dd72588a4518
2026-04-24 04:08:47.441 8 INFO neutron.db.ovn_revision_numbers_db [None req-551d653c-1d92-4d2d-9e17-773cf57f34e5 af55cae8bf4c4724a97adc76fec590d3 31e4e1b55c6b45469fae46ab8fe30783 - - default default] Successfully bumped revision number for resource d6703edf-89ab-4c72-a672-a8e4da775336 (type: networks) to 1 [pid: 7|app: 0|req: 622/1334] 10.0.0.80 () {32 vars in 723 bytes} [Fri Apr 24 04:08:47 2026] DELETE /v2.0/subnets/6cbda4fc-3c3b-4a9e-893a-4912c251a3dc => generated 0 bytes in 190 msecs (HTTP/1.1 204) 3 headers in 131 bytes (1 switches on core 0)
2026-04-24 04:08:47.643 8 WARNING neutron.scheduler.dhcp_agent_scheduler [None req-551d653c-1d92-4d2d-9e17-773cf57f34e5 af55cae8bf4c4724a97adc76fec590d3 31e4e1b55c6b45469fae46ab8fe30783 - - default default] No more DHCP agents
2026-04-24 04:08:47.644 8 WARNING neutron.api.rpc.agentnotifiers.dhcp_rpc_agent_api [None req-551d653c-1d92-4d2d-9e17-773cf57f34e5 af55cae8bf4c4724a97adc76fec590d3 31e4e1b55c6b45469fae46ab8fe30783 - - default default] Unable to schedule network d6703edf-89ab-4c72-a672-a8e4da775336: no agents available; will retry on subsequent port and subnet creation events. [pid: 7|app: 0|req: 623/1335] 10.0.0.80 () {32 vars in 723 bytes} [Fri Apr 24 04:08:47 2026] DELETE /v2.0/subnets/62302c6e-799b-4f04-b81d-900245ca7209 => generated 0 bytes in 132 msecs (HTTP/1.1 204) 3 headers in 131 bytes (1 switches on core 0)
2026-04-24 04:08:47.765 8 INFO neutron.db.ovn_revision_numbers_db [None req-551d653c-1d92-4d2d-9e17-773cf57f34e5 af55cae8bf4c4724a97adc76fec590d3 31e4e1b55c6b45469fae46ab8fe30783 - - default default] Successfully bumped revision number for resource edee6fdb-3ce8-4ec4-928a-9de5af4ae794 (type: ports) to 1
2026-04-24 04:08:47.769 7 INFO neutron.plugins.ml2.drivers.ovn.mech_driver.mech_driver [None req-19816860-eef6-402c-8109-6f64f4e56ce2 - - - - - -] OVN reports status down for port: edee6fdb-3ce8-4ec4-928a-9de5af4ae794 [pid: 8|app: 0|req: 713/1336] 10.0.0.80 () {34 vars in 669 bytes} [Fri Apr 24 04:08:47 2026] POST /v2.0/networks => generated 668 bytes in 605 msecs (HTTP/1.1 201) 4 headers in 162 bytes (1 switches on core 0)
2026-04-24 04:08:47.880 7 INFO neutron_taas.services.taas.taas_plugin [None req-59f8f0d3-67b7-472f-87ce-85fa5f5a7501 b2c9c05f167841258844c54e665caec4 0c8e5b1021404c9bbbd4c21cd3622895 - - default default] TaaS: Handle Delete Port: 654a1b16-cca9-4f17-a519-b58f874f10a8
2026-04-24 04:08:47.884 7 INFO neutron_taas.services.taas.tap_mirror_plugin [None req-59f8f0d3-67b7-472f-87ce-85fa5f5a7501 b2c9c05f167841258844c54e665caec4 0c8e5b1021404c9bbbd4c21cd3622895 - - default default] Tap Mirror: Handle Delete Port: 654a1b16-cca9-4f17-a519-b58f874f10a8
2026-04-24 04:08:47.887 8 INFO neutron.db.segments_db [None req-9926d72d-dc9d-4631-874b-1dde9497d415 af55cae8bf4c4724a97adc76fec590d3 31e4e1b55c6b45469fae46ab8fe30783 - - default default] Added segment dda186c7-492d-4eb2-a157-28944114d499 of type geneve for network 356634ff-2fbf-4b39-9607-e61c44a0b8df
2026-04-24 04:08:47.997 8 INFO neutron.db.ovn_revision_numbers_db [None req-9926d72d-dc9d-4631-874b-1dde9497d415 af55cae8bf4c4724a97adc76fec590d3 31e4e1b55c6b45469fae46ab8fe30783 - - default default] Successfully bumped revision number for resource 356634ff-2fbf-4b39-9607-e61c44a0b8df (type: networks) to 1
2026-04-24 04:08:48.130 7 INFO neutron.services.segments.plugin [-] Segment 824020bd-d172-4c0f-acd8-f3e650b6aea6 resource provider aggregate not found
2026-04-24 04:08:48.133 7 INFO neutron.services.segments.plugin [-] Segment 824020bd-d172-4c0f-acd8-f3e650b6aea6 resource provider aggregate not found
2026-04-24 04:08:48.148 7 INFO neutron.services.segments.plugin [-] Segment 824020bd-d172-4c0f-acd8-f3e650b6aea6 resource provider not found; error: Placement Client Error (4xx): {"errors": [{"status": 404, "title": "Not Found", "detail": "The resource could not be found.\n\n No resource provider with uuid 824020bd-d172-4c0f-acd8-f3e650b6aea6 found for delete ", "request_id": "req-b77783b2-8a78-4fab-83a1-cebf12a0efce"}]}
2026-04-24 04:08:48.151 7 INFO neutron.services.segments.plugin [-] Segment 824020bd-d172-4c0f-acd8-f3e650b6aea6 resource provider not found; error: Placement Client Error (4xx): {"errors": [{"status": 404, "title": "Not Found", "detail": "The resource could not be found.\n\n No resource provider with uuid 824020bd-d172-4c0f-acd8-f3e650b6aea6 found for delete ", "request_id": "req-f5cd0baf-4ade-4f02-a44a-ad587c2f772c"}]} [pid: 7|app: 0|req: 624/1337] 10.0.0.80 () {32 vars in 725 bytes} [Fri Apr 24 04:08:47 2026] DELETE /v2.0/networks/07d7fc2e-b5d0-4ed5-82ef-0db1d11531d0 => generated 0 bytes in 535 msecs (HTTP/1.1 204) 3 headers in 131 bytes (1 switches on core 0)
2026-04-24 04:08:48.211 8 WARNING neutron.scheduler.dhcp_agent_scheduler [None req-9926d72d-dc9d-4631-874b-1dde9497d415 af55cae8bf4c4724a97adc76fec590d3 31e4e1b55c6b45469fae46ab8fe30783 - - default default] No more DHCP agents
2026-04-24 04:08:48.212 8 WARNING neutron.api.rpc.agentnotifiers.dhcp_rpc_agent_api [None req-9926d72d-dc9d-4631-874b-1dde9497d415 af55cae8bf4c4724a97adc76fec590d3 31e4e1b55c6b45469fae46ab8fe30783 - - default default] Unable to schedule network 356634ff-2fbf-4b39-9607-e61c44a0b8df: no agents available; will retry on subsequent port and subnet creation events.
2026-04-24 04:08:48.278 7 INFO neutron.plugins.ml2.drivers.ovn.mech_driver.mech_driver [None req-19816860-eef6-402c-8109-6f64f4e56ce2 - - - - - -] OVN reports status down for port: c84b4ab0-f225-411f-ac5d-e1da87bd3b1b
2026-04-24 04:08:48.293 8 INFO neutron.db.ovn_revision_numbers_db [None req-9926d72d-dc9d-4631-874b-1dde9497d415 af55cae8bf4c4724a97adc76fec590d3 31e4e1b55c6b45469fae46ab8fe30783 - - default default] Successfully bumped revision number for resource c84b4ab0-f225-411f-ac5d-e1da87bd3b1b (type: ports) to 1 [pid: 8|app: 0|req: 714/1338] 10.0.0.80 () {34 vars in 669 bytes} [Fri Apr 24 04:08:47 2026] POST /v2.0/networks => generated 669 bytes in 516 msecs (HTTP/1.1 201) 4 headers in 162 bytes (1 switches on core 0)
2026-04-24 04:08:48.435 8 INFO neutron_taas.services.taas.taas_plugin [None req-2f1182dd-670c-467a-a1f9-cfcc37921a0b b2c9c05f167841258844c54e665caec4 0c8e5b1021404c9bbbd4c21cd3622895 - - default default] TaaS: Handle Delete Port: 405c6ec1-7029-4693-a0b6-6fa762203636
2026-04-24 04:08:48.439 8 INFO neutron_taas.services.taas.tap_mirror_plugin [None req-2f1182dd-670c-467a-a1f9-cfcc37921a0b b2c9c05f167841258844c54e665caec4 0c8e5b1021404c9bbbd4c21cd3622895 - - default default] Tap Mirror: Handle Delete Port: 405c6ec1-7029-4693-a0b6-6fa762203636
2026-04-24 04:08:48.550 8 INFO neutron.services.segments.plugin [-] Segment 6c0a85c6-c9fd-4688-b5be-8e78850d89c3 resource provider aggregate not found
2026-04-24 04:08:48.556 8 INFO neutron.services.segments.plugin [-] Segment 6c0a85c6-c9fd-4688-b5be-8e78850d89c3 resource provider aggregate not found
2026-04-24 04:08:48.580 8 INFO neutron.services.segments.plugin [-] Segment 6c0a85c6-c9fd-4688-b5be-8e78850d89c3 resource provider not found; error: Placement Client Error (4xx): {"errors": [{"status": 404, "title": "Not Found", "detail": "The resource could not be found.\n\n No resource provider with uuid 6c0a85c6-c9fd-4688-b5be-8e78850d89c3 found for delete ", "request_id": "req-27094a82-8c8b-4506-8a61-92225dc1d529"}]}
2026-04-24 04:08:48.582 8 INFO neutron.services.segments.plugin [-] Segment 6c0a85c6-c9fd-4688-b5be-8e78850d89c3 resource provider not found; error: Placement Client Error (4xx): {"errors": [{"status": 404, "title": "Not Found", "detail": "The resource could not be found.\n\n No resource provider with uuid 6c0a85c6-c9fd-4688-b5be-8e78850d89c3 found for delete ", "request_id": "req-be4b0ff2-fce7-4c78-9472-23f11c9c8eff"}]}
2026-04-24 04:08:48.667 7 INFO neutron.db.ovn_revision_numbers_db [None req-0c1a5213-bf3e-49e5-9730-aa8a697dd434 f7398ed6359e45b3b2e76623d0f28f56 fa11ac16c29b41ecb46d2fdf5db8ba0b - - default default] Successfully bumped revision number for resource af278183-2065-472b-bda6-a226306f1827 (type: security_groups) to 1
2026-04-24 04:08:48.683 7 INFO neutron.db.ovn_revision_numbers_db [None req-0c1a5213-bf3e-49e5-9730-aa8a697dd434 f7398ed6359e45b3b2e76623d0f28f56 fa11ac16c29b41ecb46d2fdf5db8ba0b - - default default] Successfully bumped revision number for resource 5e947526-83f6-45fe-a434-76808c78e7a8 (type: security_group_rules) to 0
2026-04-24 04:08:48.702 7 INFO neutron.db.ovn_revision_numbers_db [None req-0c1a5213-bf3e-49e5-9730-aa8a697dd434 f7398ed6359e45b3b2e76623d0f28f56 fa11ac16c29b41ecb46d2fdf5db8ba0b - - default default] Successfully bumped revision number for resource 85f91f21-1adc-4426-98f8-3141c441308f (type: security_group_rules) to 0 [pid: 8|app: 0|req: 715/1339] 10.0.0.80 () {32 vars in 725 bytes} [Fri Apr 24 04:08:48 2026] DELETE /v2.0/networks/7f9ad243-94bd-4523-b7da-f6c3901e826f => generated 0 bytes in 398 msecs (HTTP/1.1 204) 3 headers in 131 bytes (1 switches on core 0)
2026-04-24 04:08:48.838 7 INFO neutron.db.ovn_revision_numbers_db [None req-0c1a5213-bf3e-49e5-9730-aa8a697dd434 f7398ed6359e45b3b2e76623d0f28f56 fa11ac16c29b41ecb46d2fdf5db8ba0b - - default default] Successfully bumped revision number for resource a215a33c-0b1b-4eda-a03e-4ce595861d1f (type: security_group_rules) to 0
2026-04-24 04:08:48.848 7 INFO neutron.db.ovn_revision_numbers_db [None req-0c1a5213-bf3e-49e5-9730-aa8a697dd434 f7398ed6359e45b3b2e76623d0f28f56 fa11ac16c29b41ecb46d2fdf5db8ba0b - - default default] Successfully bumped revision number for resource d136c835-fe96-48bb-bdee-a95eeda9c257 (type: security_group_rules) to 0
2026-04-24 04:08:48.922 7 INFO neutron.db.segments_db [None req-0c1a5213-bf3e-49e5-9730-aa8a697dd434 f7398ed6359e45b3b2e76623d0f28f56 fa11ac16c29b41ecb46d2fdf5db8ba0b - - default default] Added segment 01f3f224-e393-4407-81db-a107e8c95f9c of type geneve for network 91e4a14b-aa08-45af-a435-a369b540a22c
2026-04-24 04:08:49.039 7 INFO neutron.db.ovn_revision_numbers_db [None req-0c1a5213-bf3e-49e5-9730-aa8a697dd434 f7398ed6359e45b3b2e76623d0f28f56 fa11ac16c29b41ecb46d2fdf5db8ba0b - - default default] Successfully bumped revision number for resource 91e4a14b-aa08-45af-a435-a369b540a22c (type: networks) to 1
2026-04-24 04:08:49.197 7 WARNING neutron.scheduler.dhcp_agent_scheduler [None req-0c1a5213-bf3e-49e5-9730-aa8a697dd434 f7398ed6359e45b3b2e76623d0f28f56 fa11ac16c29b41ecb46d2fdf5db8ba0b - - default default] No more DHCP agents
