2026-04-24 04:08:29.963 7 INFO neutron.db.ovn_revision_numbers_db [None req-90c9c55c-baf5-495a-a019-4dc43a1b2ba5 a6f0371aed784933b4a9c21289d981dd a6f3fbf00b5e445aba81432011355438 - - default default] Successfully bumped revision number for resource b92ffac2-317a-4594-b35f-f223fc815857 (type: security_group_rules) to 0 [pid: 7|app: 0|req: 572/1222] 10.0.0.80 () {32 vars in 773 bytes} [Fri Apr 24 04:08:29 2026] GET /v2.0/security-groups?tenant_id=81b742ae30ec4a06a0eeed4c49ea982f&name=default => generated 2925 bytes in 551 msecs (HTTP/1.1 200) 4 headers in 158 bytes (1 switches on core 0) [pid: 7|app: 0|req: 573/1223] 10.0.0.80 () {32 vars in 739 bytes} [Fri Apr 24 04:08:30 2026] DELETE /v2.0/security-groups/cd97124e-319e-422e-83c2-3b61637f023f => generated 0 bytes in 282 msecs (HTTP/1.1 204) 2 headers in 112 bytes (1 switches on core 0) [pid: 7|app: 0|req: 574/1224] 10.0.0.80 () {32 vars in 773 bytes} [Fri Apr 24 04:08:30 2026] GET /v2.0/security-groups?tenant_id=1ea6d7f93dda4c5399ed7470af4f5586&name=default => generated 2925 bytes in 23 msecs (HTTP/1.1 200) 4 headers in 158 bytes (1 switches on core 0)
2026-04-24 04:08:30.528 8 INFO neutron.plugins.ml2.drivers.ovn.mech_driver.ovsdb.commands [None req-da21466d-6ad7-4150-9a76-cfbfcfcf6ef0 - - - - - -] Schedule LRP lrp-79fc9c2d-99cc-46d9-a65d-7b2842bba366 on gateway 322b3214-88e4-4c2e-af9d-47678e4bc72c with priority 1
2026-04-24 04:08:30.620 8 INFO neutron.db.ovn_revision_numbers_db [None req-a5403d60-8e08-4fe2-bfd2-d9bc53e597c5 41cb5de1d09d4ca79b40af1fbeb09713 8ed10d978a0042f598482303dbcf28db - - default default] Successfully bumped revision number for resource 79fc9c2d-99cc-46d9-a65d-7b2842bba366 (type: router_ports) to 1
2026-04-24 04:08:30.717 8 INFO neutron.db.ovn_revision_numbers_db [None req-a5403d60-8e08-4fe2-bfd2-d9bc53e597c5 41cb5de1d09d4ca79b40af1fbeb09713 8ed10d978a0042f598482303dbcf28db - - default default] Successfully bumped revision number for resource 2a83ffe0-ca5e-4ecf-9f8a-1af0282d909d (type: routers) to 2 [pid: 8|app: 0|req: 651/1225] 10.0.0.80 () {34 vars in 668 bytes} [Fri Apr 24 04:08:29 2026] POST /v2.0/routers => generated 951 bytes in 1422 msecs (HTTP/1.1 201) 4 headers in 162 bytes (1 switches on core 0) [pid: 7|app: 0|req: 575/1226] 10.0.0.80 () {32 vars in 739 bytes} [Fri Apr 24 04:08:30 2026] DELETE /v2.0/security-groups/fc4e9f6a-865b-4153-b8fa-65ae86ca40be => generated 0 bytes in 228 msecs (HTTP/1.1 204) 2 headers in 112 bytes (1 switches on core 0) [pid: 7|app: 0|req: 576/1227] 10.0.0.80 () {32 vars in 720 bytes} [Fri Apr 24 04:08:30 2026] GET /v2.0/routers/2a83ffe0-ca5e-4ecf-9f8a-1af0282d909d => generated 957 bytes in 68 msecs (HTTP/1.1 200) 4 headers in 157 bytes (1 switches on core 0)
2026-04-24 04:08:31.048 8 INFO neutron.db.ovn_revision_numbers_db [None req-d3f2626e-89ca-45ca-a652-c1a747fa0ebc a6f0371aed784933b4a9c21289d981dd a6f3fbf00b5e445aba81432011355438 - - default default] Successfully bumped revision number for resource 08eb0575-f964-453a-be4f-1a1deb98122f (type: security_groups) to 1
2026-04-24 04:08:31.067 8 INFO neutron.db.ovn_revision_numbers_db [None req-d3f2626e-89ca-45ca-a652-c1a747fa0ebc a6f0371aed784933b4a9c21289d981dd a6f3fbf00b5e445aba81432011355438 - - default default] Successfully bumped revision number for resource 0d28f73b-b647-4a40-a5bb-2710bbea8066 (type: security_group_rules) to 0
2026-04-24 04:08:31.079 8 INFO neutron.db.ovn_revision_numbers_db [None req-d3f2626e-89ca-45ca-a652-c1a747fa0ebc a6f0371aed784933b4a9c21289d981dd a6f3fbf00b5e445aba81432011355438 - - default default] Successfully bumped revision number for resource 49a5777e-bbd2-45db-976d-5f80ba927f96 (type: security_group_rules) to 0
2026-04-24 04:08:31.091 8 INFO neutron.db.ovn_revision_numbers_db [None req-d3f2626e-89ca-45ca-a652-c1a747fa0ebc a6f0371aed784933b4a9c21289d981dd a6f3fbf00b5e445aba81432011355438 - - default default] Successfully bumped revision number for resource bc19284d-42b4-4ccd-bd2b-5c57cdf446d4 (type: security_group_rules) to 0
2026-04-24 04:08:31.106 8 INFO neutron.db.ovn_revision_numbers_db [None req-d3f2626e-89ca-45ca-a652-c1a747fa0ebc a6f0371aed784933b4a9c21289d981dd a6f3fbf00b5e445aba81432011355438 - - default default] Successfully bumped revision number for resource bcbe6e70-ab88-4310-90eb-a5617e51f935 (type: security_group_rules) to 0 [pid: 8|app: 0|req: 652/1228] 10.0.0.80 () {32 vars in 773 bytes} [Fri Apr 24 04:08:30 2026] GET /v2.0/security-groups?tenant_id=d839e1900adc482c88e2524422d5a6a7&name=default => generated 2925 bytes in 413 msecs (HTTP/1.1 200) 4 headers in 158 bytes (1 switches on core 0)
2026-04-24 04:08:31.300 8 INFO neutron.db.ovn_revision_numbers_db [None req-e2e165fe-9246-4a7b-ab14-21526e966890 a6f0371aed784933b4a9c21289d981dd a6f3fbf00b5e445aba81432011355438 - - default default] Successfully bumped revision number for resource ec3adfdd-1296-46b7-b658-3f961127128b (type: security_groups) to 1
2026-04-24 04:08:31.317 8 INFO neutron.db.ovn_revision_numbers_db [None req-e2e165fe-9246-4a7b-ab14-21526e966890 a6f0371aed784933b4a9c21289d981dd a6f3fbf00b5e445aba81432011355438 - - default default] Successfully bumped revision number for resource 117e92e6-7a2d-4af6-ba88-3310f963671a (type: security_group_rules) to 0
2026-04-24 04:08:31.330 8 INFO neutron.db.ovn_revision_numbers_db [None req-e2e165fe-9246-4a7b-ab14-21526e966890 a6f0371aed784933b4a9c21289d981dd a6f3fbf00b5e445aba81432011355438 - - default default] Successfully bumped revision number for resource 3e166f0e-3507-4cf7-a460-a463bd7181e6 (type: security_group_rules) to 0
2026-04-24 04:08:31.347 8 INFO neutron.db.ovn_revision_numbers_db [None req-e2e165fe-9246-4a7b-ab14-21526e966890 a6f0371aed784933b4a9c21289d981dd a6f3fbf00b5e445aba81432011355438 - - default default] Successfully bumped revision number for resource 862a51c2-1197-4742-8eb9-9fba1a1dcf79 (type: security_group_rules) to 0
2026-04-24 04:08:31.358 8 INFO neutron.db.ovn_revision_numbers_db [None req-e2e165fe-9246-4a7b-ab14-21526e966890 a6f0371aed784933b4a9c21289d981dd a6f3fbf00b5e445aba81432011355438 - - default default] Successfully bumped revision number for resource ee3d5573-4e6a-4ed7-9363-f33d3d1639ea (type: security_group_rules) to 0 [pid: 7|app: 0|req: 577/1229] 10.0.0.80 () {32 vars in 646 bytes} [Fri Apr 24 04:08:30 2026] GET /v2.0/routers => generated 960 bytes in 559 msecs (HTTP/1.1 200) 4 headers in 157 bytes (1 switches on core 0) [pid: 8|app: 0|req: 653/1230] 10.0.0.80 () {32 vars in 773 bytes} [Fri Apr 24 04:08:31 2026] GET /v2.0/security-groups?tenant_id=9114337bab694de1972db2740a3996c8&name=default => generated 2925 bytes in 248 msecs (HTTP/1.1 200) 4 headers in 158 bytes (1 switches on core 0) [pid: 8|app: 0|req: 654/1231] 10.0.0.80 () {32 vars in 739 bytes} [Fri Apr 24 04:08:31 2026] DELETE /v2.0/security-groups/08eb0575-f964-453a-be4f-1a1deb98122f => generated 0 bytes in 237 msecs (HTTP/1.1 204) 2 headers in 112 bytes (1 switches on core 0)
2026-04-24 04:08:31.645 7 INFO neutron.db.ovn_revision_numbers_db [None req-f3cc0fae-5bcd-4890-a8ff-8391693959a3 a6f0371aed784933b4a9c21289d981dd a6f3fbf00b5e445aba81432011355438 - - default default] Successfully bumped revision number for resource 0c35cd68-37c7-4371-ba0c-b495e7f864b3 (type: security_groups) to 1
2026-04-24 04:08:31.663 7 INFO neutron.db.ovn_revision_numbers_db [None req-f3cc0fae-5bcd-4890-a8ff-8391693959a3 a6f0371aed784933b4a9c21289d981dd a6f3fbf00b5e445aba81432011355438 - - default default] Successfully bumped revision number for resource 6c5bf7fe-6e52-435d-9c80-7344c6b16d30 (type: security_group_rules) to 0
2026-04-24 04:08:31.682 7 INFO neutron.db.ovn_revision_numbers_db [None req-f3cc0fae-5bcd-4890-a8ff-8391693959a3 a6f0371aed784933b4a9c21289d981dd a6f3fbf00b5e445aba81432011355438 - - default default] Successfully bumped revision number for resource d161ae96-fc73-4a4b-9cfe-53962581d7a0 (type: security_group_rules) to 0
2026-04-24 04:08:31.698 7 INFO neutron.db.ovn_revision_numbers_db [None req-f3cc0fae-5bcd-4890-a8ff-8391693959a3 a6f0371aed784933b4a9c21289d981dd a6f3fbf00b5e445aba81432011355438 - - default default] Successfully bumped revision number for resource d6e07a51-6198-4f4f-ba7c-fa2da7cd5317 (type: security_group_rules) to 0
2026-04-24 04:08:31.713 7 INFO neutron.db.ovn_revision_numbers_db [None req-f3cc0fae-5bcd-4890-a8ff-8391693959a3 a6f0371aed784933b4a9c21289d981dd a6f3fbf00b5e445aba81432011355438 - - default default] Successfully bumped revision number for resource eb98147b-2a4b-411f-b737-ca6702b28b33 (type: security_group_rules) to 0 [pid: 7|app: 0|req: 578/1232] 10.0.0.80 () {32 vars in 773 bytes} [Fri Apr 24 04:08:31 2026] GET /v2.0/security-groups?tenant_id=9954258a14fe405ca04f053c4ef01e37&name=default => generated 2925 bytes in 376 msecs (HTTP/1.1 200) 4 headers in 158 bytes (1 switches on core 0) [pid: 7|app: 0|req: 579/1233] 10.0.0.80 () {32 vars in 739 bytes} [Fri Apr 24 04:08:31 2026] DELETE /v2.0/security-groups/ec3adfdd-1296-46b7-b658-3f961127128b => generated 0 bytes in 251 msecs (HTTP/1.1 204) 2 headers in 112 bytes (1 switches on core 0)
2026-04-24 04:08:32.180 7 INFO neutron.db.ovn_revision_numbers_db [None req-a5ecd98c-6bcd-43e1-8d6b-94da9cf58acd a6f0371aed784933b4a9c21289d981dd a6f3fbf00b5e445aba81432011355438 - - default default] Successfully bumped revision number for resource 89fe4601-3918-4e87-9633-59ed264fbacd (type: security_groups) to 1
2026-04-24 04:08:32.192 7 INFO neutron.db.ovn_revision_numbers_db [None req-a5ecd98c-6bcd-43e1-8d6b-94da9cf58acd a6f0371aed784933b4a9c21289d981dd a6f3fbf00b5e445aba81432011355438 - - default default] Successfully bumped revision number for resource 21ea1480-2334-454d-9dd9-4c622f20b1f4 (type: security_group_rules) to 0
2026-04-24 04:08:32.214 7 INFO neutron.db.ovn_revision_numbers_db [None req-a5ecd98c-6bcd-43e1-8d6b-94da9cf58acd a6f0371aed784933b4a9c21289d981dd a6f3fbf00b5e445aba81432011355438 - - default default] Successfully bumped revision number for resource 2579f444-33bc-4b6d-b234-4485e407892a (type: security_group_rules) to 0
2026-04-24 04:08:32.227 7 INFO neutron.db.ovn_revision_numbers_db [None req-a5ecd98c-6bcd-43e1-8d6b-94da9cf58acd a6f0371aed784933b4a9c21289d981dd a6f3fbf00b5e445aba81432011355438 - - default default] Successfully bumped revision number for resource 46838bd1-5bc0-48f7-8c5d-c27da05a3f0e (type: security_group_rules) to 0
2026-04-24 04:08:32.239 7 INFO neutron.db.ovn_revision_numbers_db [None req-a5ecd98c-6bcd-43e1-8d6b-94da9cf58acd a6f0371aed784933b4a9c21289d981dd a6f3fbf00b5e445aba81432011355438 - - default default] Successfully bumped revision number for resource ec9e80ec-53ce-45f5-b869-10dce29b4bc2 (type: security_group_rules) to 0 [pid: 7|app: 0|req: 580/1234] 10.0.0.80 () {32 vars in 773 bytes} [Fri Apr 24 04:08:32 2026] GET /v2.0/security-groups?tenant_id=8f6f9a1a3429443b8103648ed7bb1754&name=default => generated 2925 bytes in 274 msecs (HTTP/1.1 200) 4 headers in 158 bytes (1 switches on core 0) [pid: 7|app: 0|req: 581/1235] 10.0.0.80 () {32 vars in 739 bytes} [Fri Apr 24 04:08:32 2026] DELETE /v2.0/security-groups/0c35cd68-37c7-4371-ba0c-b495e7f864b3 => generated 0 bytes in 257 msecs (HTTP/1.1 204) 2 headers in 112 bytes (1 switches on core 0) [pid: 7|app: 0|req: 582/1236] 10.0.0.80 () {32 vars in 739 bytes} [Fri Apr 24 04:08:32 2026] DELETE /v2.0/security-groups/89fe4601-3918-4e87-9633-59ed264fbacd => generated 0 bytes in 313 msecs (HTTP/1.1 204) 2 headers in 112 bytes (1 switches on core 0)
2026-04-24 04:08:32.987 7 INFO neutron.db.ovn_revision_numbers_db [None req-3bdd58d0-5fa0-4956-9160-8f11e54e0fb4 a6f0371aed784933b4a9c21289d981dd a6f3fbf00b5e445aba81432011355438 - - default default] Successfully bumped revision number for resource bc8151a2-d949-44f1-9877-a796420bb30f (type: security_groups) to 1
2026-04-24 04:08:33.005 7 INFO neutron.db.ovn_revision_numbers_db [None req-3bdd58d0-5fa0-4956-9160-8f11e54e0fb4 a6f0371aed784933b4a9c21289d981dd a6f3fbf00b5e445aba81432011355438 - - default default] Successfully bumped revision number for resource 00c1e626-2e52-4337-939e-6b4d35b39511 (type: security_group_rules) to 0
2026-04-24 04:08:33.017 7 INFO neutron.db.ovn_revision_numbers_db [None req-3bdd58d0-5fa0-4956-9160-8f11e54e0fb4 a6f0371aed784933b4a9c21289d981dd a6f3fbf00b5e445aba81432011355438 - - default default] Successfully bumped revision number for resource 8a041b42-ba58-4ada-8fd5-00d506a14618 (type: security_group_rules) to 0
2026-04-24 04:08:33.028 7 INFO neutron.db.ovn_revision_numbers_db [None req-3bdd58d0-5fa0-4956-9160-8f11e54e0fb4 a6f0371aed784933b4a9c21289d981dd a6f3fbf00b5e445aba81432011355438 - - default default] Successfully bumped revision number for resource cfe2e924-822e-4337-8325-47ea72534679 (type: security_group_rules) to 0
2026-04-24 04:08:33.039 7 INFO neutron.db.ovn_revision_numbers_db [None req-3bdd58d0-5fa0-4956-9160-8f11e54e0fb4 a6f0371aed784933b4a9c21289d981dd a6f3fbf00b5e445aba81432011355438 - - default default] Successfully bumped revision number for resource ed106c7c-9d3b-4f9a-8024-03d4ba542d0f (type: security_group_rules) to 0 [pid: 7|app: 0|req: 583/1237] 10.0.0.80 () {32 vars in 773 bytes} [Fri Apr 24 04:08:32 2026] GET /v2.0/security-groups?tenant_id=0d4c9ec26fba45738309a2bc417cc55c&name=default => generated 2925 bytes in 218 msecs (HTTP/1.1 200) 4 headers in 158 bytes (1 switches on core 0)
2026-04-24 04:08:33.079 8 INFO neutron.db.ovn_revision_numbers_db [None req-baf1088f-5ae4-4fac-993c-fb46e4efdb79 41cb5de1d09d4ca79b40af1fbeb09713 8ed10d978a0042f598482303dbcf28db - - default default] Successfully bumped revision number for resource 2a83ffe0-ca5e-4ecf-9f8a-1af0282d909d (type: routers) to 3 [pid: 8|app: 0|req: 655/1238] 10.0.0.80 () {34 vars in 740 bytes} [Fri Apr 24 04:08:31 2026] PUT /v2.0/routers/2a83ffe0-ca5e-4ecf-9f8a-1af0282d909d => generated 964 bytes in 1450 msecs (HTTP/1.1 200) 4 headers in 157 bytes (1 switches on core 0)
2026-04-24 04:08:33.174 8 WARNING neutron.plugins.ml2.drivers.ovn.mech_driver.ovsdb.ovn_client [None req-c682cd91-1e4f-42d4-9692-3a1696e074bd - - - - - -] No port found with ID 4f548d12-c3ca-4977-9880-2bc0e42db6e4: RuntimeError: No port found with ID 4f548d12-c3ca-4977-9880-2bc0e42db6e4 [pid: 8|app: 0|req: 656/1239] 10.0.0.80 () {32 vars in 720 bytes} [Fri Apr 24 04:08:33 2026] GET /v2.0/routers/2a83ffe0-ca5e-4ecf-9f8a-1af0282d909d => generated 964 bytes in 91 msecs (HTTP/1.1 200) 4 headers in 157 bytes (1 switches on core 0) [pid: 8|app: 0|req: 657/1240] 10.0.0.80 () {32 vars in 735 bytes} [Fri Apr 24 04:08:33 2026] GET /v2.0/ports?device_id=2a83ffe0-ca5e-4ecf-9f8a-1af0282d909d => generated 12 bytes in 37 msecs (HTTP/1.1 200) 4 headers in 156 bytes (1 switches on core 0)
2026-04-24 04:08:33.231 8 INFO neutron.plugins.ml2.drivers.ovn.mech_driver.mech_driver [None req-c682cd91-1e4f-42d4-9692-3a1696e074bd - - - - - -] OVN reports status down for port: 79fc9c2d-99cc-46d9-a65d-7b2842bba366 [pid: 7|app: 0|req: 584/1241] 10.0.0.80 () {32 vars in 739 bytes} [Fri Apr 24 04:08:33 2026] DELETE /v2.0/security-groups/bc8151a2-d949-44f1-9877-a796420bb30f => generated 0 bytes in 289 msecs (HTTP/1.1 204) 2 headers in 112 bytes (1 switches on core 0)
2026-04-24 04:08:33.403 8 WARNING neutron.plugins.ml2.drivers.ovn.mech_driver.ovsdb.ovn_client [None req-c682cd91-1e4f-42d4-9692-3a1696e074bd - - - - - -] Logical_Switch_Port %s host information not removed, the port state is up
2026-04-24 04:08:33.405 8 INFO neutron.plugins.ml2.drivers.ovn.mech_driver.mech_driver [None req-c682cd91-1e4f-42d4-9692-3a1696e074bd - - - - - -] OVN reports status up for port: 79fc9c2d-99cc-46d9-a65d-7b2842bba366
2026-04-24 04:08:33.428 8 INFO neutron.plugins.ml2.plugin [None req-c682cd91-1e4f-42d4-9692-3a1696e074bd - - - - - -] Attempt 1 to provision port 79fc9c2d-99cc-46d9-a65d-7b2842bba366
2026-04-24 04:08:33.719 8 INFO neutron_taas.services.taas.taas_plugin [None req-14e58d70-3696-47ce-9ef4-61fef0d9de07 41cb5de1d09d4ca79b40af1fbeb09713 8ed10d978a0042f598482303dbcf28db - - default default] TaaS: Handle Delete Port: 79fc9c2d-99cc-46d9-a65d-7b2842bba366
2026-04-24 04:08:33.721 8 INFO neutron_taas.services.taas.tap_mirror_plugin [None req-14e58d70-3696-47ce-9ef4-61fef0d9de07 41cb5de1d09d4ca79b40af1fbeb09713 8ed10d978a0042f598482303dbcf28db - - default default] Tap Mirror: Handle Delete Port: 79fc9c2d-99cc-46d9-a65d-7b2842bba366 [pid: 8|app: 0|req: 658/1242] 10.0.0.80 () {32 vars in 723 bytes} [Fri Apr 24 04:08:33 2026] DELETE /v2.0/routers/2a83ffe0-ca5e-4ecf-9f8a-1af0282d909d => generated 0 bytes in 915 msecs (HTTP/1.1 204) 2 headers in 112 bytes (1 switches on core 0) [pid: 7|app: 0|req: 585/1243] 10.0.0.80 () {32 vars in 735 bytes} [Fri Apr 24 04:08:34 2026] GET /v2.0/ports?device_id=2a83ffe0-ca5e-4ecf-9f8a-1af0282d909d => generated 12 bytes in 15 msecs (HTTP/1.1 200) 4 headers in 156 bytes (1 switches on core 0)
2026-04-24 04:08:34.179 8 INFO neutron.api.v2.resource [None req-6f99185f-ce16-423f-842f-7fc9c857df7b 41cb5de1d09d4ca79b40af1fbeb09713 8ed10d978a0042f598482303dbcf28db - - default default] delete failed (client error): The resource could not be found. [pid: 8|app: 0|req: 659/1244] 10.0.0.80 () {32 vars in 723 bytes} [Fri Apr 24 04:08:34 2026] DELETE /v2.0/routers/2a83ffe0-ca5e-4ecf-9f8a-1af0282d909d => generated 135 bytes in 16 msecs (HTTP/1.1 404) 4 headers in 164 bytes (1 switches on core 0) [pid: 7|app: 0|req: 586/1245] 10.0.0.80 () {32 vars in 735 bytes} [Fri Apr 24 04:08:34 2026] GET /v2.0/ports?device_id=534d4d03-b26a-4526-be39-207e3ce53ab9 => generated 12 bytes in 21 msecs (HTTP/1.1 200) 4 headers in 156 bytes (1 switches on core 0)
2026-04-24 04:08:34.224 8 INFO neutron.api.v2.resource [None req-28aa0e89-bfae-4fda-a662-e78b625ba916 41cb5de1d09d4ca79b40af1fbeb09713 8ed10d978a0042f598482303dbcf28db - - default default] delete failed (client error): The resource could not be found. [pid: 8|app: 0|req: 660/1246] 10.0.0.80 () {32 vars in 723 bytes} [Fri Apr 24 04:08:34 2026] DELETE /v2.0/routers/534d4d03-b26a-4526-be39-207e3ce53ab9 => generated 135 bytes in 17 msecs (HTTP/1.1 404) 4 headers in 164 bytes (1 switches on core 0)
2026-04-24 04:08:34.245 7 INFO neutron.pecan_wsgi.hooks.translation [None req-53b032e6-f87b-4f1c-bcc0-788e3f300613 41cb5de1d09d4ca79b40af1fbeb09713 8ed10d978a0042f598482303dbcf28db - - default default] DELETE failed (client error): The resource could not be found. [pid: 7|app: 0|req: 587/1247] 10.0.0.80 () {32 vars in 723 bytes} [Fri Apr 24 04:08:34 2026] DELETE /v2.0/subnets/0f2ccb55-71e5-4203-bb65-dcab32e3337e => generated 136 bytes in 20 msecs (HTTP/1.1 404) 4 headers in 164 bytes (1 switches on core 0) [pid: 8|app: 0|req: 661/1248] 10.0.0.80 () {32 vars in 735 bytes} [Fri Apr 24 04:08:34 2026] GET /v2.0/ports?device_id=156217ff-6fc4-4548-bc13-e3dcca43406a => generated 12 bytes in 20 msecs (HTTP/1.1 200) 4 headers in 156 bytes (1 switches on core 0)
2026-04-24 04:08:34.300 7 INFO neutron.api.v2.resource [None req-3c3d0ff2-3b4a-46a3-a0d2-3b2358f43b1e 41cb5de1d09d4ca79b40af1fbeb09713 8ed10d978a0042f598482303dbcf28db - - default default] delete failed (client error): The resource could not be found. [pid: 7|app: 0|req: 588/1249] 10.0.0.80 () {32 vars in 723 bytes} [Fri Apr 24 04:08:34 2026] DELETE /v2.0/routers/156217ff-6fc4-4548-bc13-e3dcca43406a => generated 135 bytes in 21 msecs (HTTP/1.1 404) 4 headers in 164 bytes (1 switches on core 0)
2026-04-24 04:08:34.319 8 INFO neutron.pecan_wsgi.hooks.translation [None req-0e1c5d46-012a-45a2-a34d-5e8581a7bbd2 41cb5de1d09d4ca79b40af1fbeb09713 8ed10d978a0042f598482303dbcf28db - - default default] DELETE failed (client error): The resource could not be found. [pid: 8|app: 0|req: 662/1250] 10.0.0.80 () {32 vars in 723 bytes} [Fri Apr 24 04:08:34 2026] DELETE /v2.0/subnets/87fec369-1c09-4a99-b731-29fbdb93fb96 => generated 136 bytes in 16 msecs (HTTP/1.1 404) 4 headers in 164 bytes (1 switches on core 0) [pid: 7|app: 0|req: 589/1251] 10.0.0.80 () {32 vars in 735 bytes} [Fri Apr 24 04:08:34 2026] GET /v2.0/ports?device_id=8051b155-04bf-4a1d-afd7-1cb2f5283f12 => generated 12 bytes in 25 msecs (HTTP/1.1 200) 4 headers in 156 bytes (1 switches on core 0)
2026-04-24 04:08:34.373 8 INFO neutron.api.v2.resource [None req-9dba0cf1-5ec2-4653-8f88-f40657a56117 41cb5de1d09d4ca79b40af1fbeb09713 8ed10d978a0042f598482303dbcf28db - - default default] delete failed (client error): The resource could not be found. [pid: 8|app: 0|req: 663/1252] 10.0.0.80 () {32 vars in 723 bytes} [Fri Apr 24 04:08:34 2026] DELETE /v2.0/routers/8051b155-04bf-4a1d-afd7-1cb2f5283f12 => generated 135 bytes in 19 msecs (HTTP/1.1 404) 4 headers in 164 bytes (1 switches on core 0)
2026-04-24 04:08:34.389 7 INFO neutron.pecan_wsgi.hooks.translation [None req-e8b1d2aa-5161-470c-9d7d-30ab0f601798 41cb5de1d09d4ca79b40af1fbeb09713 8ed10d978a0042f598482303dbcf28db - - default default] DELETE failed (client error): The resource could not be found. [pid: 7|app: 0|req: 590/1253] 10.0.0.80 () {32 vars in 723 bytes} [Fri Apr 24 04:08:34 2026] DELETE /v2.0/subnets/b04586bd-b32a-416f-9f6a-2ae7419a4c43 => generated 136 bytes in 13 msecs (HTTP/1.1 404) 4 headers in 164 bytes (1 switches on core 0)
2026-04-24 04:08:34.407 8 INFO neutron.pecan_wsgi.hooks.translation [None req-b3ece9a4-24ba-4dec-a0fa-3a38357ff024 41cb5de1d09d4ca79b40af1fbeb09713 8ed10d978a0042f598482303dbcf28db - - default default] DELETE failed (client error): The resource could not be found. [pid: 8|app: 0|req: 664/1254] 10.0.0.80 () {32 vars in 723 bytes} [Fri Apr 24 04:08:34 2026] DELETE /v2.0/subnets/1212d97e-c8ea-42de-bfd5-19eb61e72e2b => generated 136 bytes in 14 msecs (HTTP/1.1 404) 4 headers in 164 bytes (1 switches on core 0) [pid: 7|app: 0|req: 591/1255] 10.0.0.80 () {32 vars in 773 bytes} [Fri Apr 24 04:08:34 2026] GET /v2.0/security-groups?tenant_id=8ed10d978a0042f598482303dbcf28db&name=default => generated 2925 bytes in 186 msecs (HTTP/1.1 200) 4 headers in 158 bytes (1 switches on core 0) [pid: 8|app: 0|req: 665/1256] 10.0.0.80 () {32 vars in 739 bytes} [Fri Apr 24 04:08:35 2026] DELETE /v2.0/security-groups/6a786a55-9d95-47f0-811d-76d4cc97df8c => generated 0 bytes in 243 msecs (HTTP/1.1 204) 2 headers in 112 bytes (1 switches on core 0)
2026-04-24 04:08:35.449 7 INFO neutron.db.ovn_revision_numbers_db [None req-21e6a00d-5cc7-43d0-a562-6a09b80828ab a6f0371aed784933b4a9c21289d981dd a6f3fbf00b5e445aba81432011355438 - - default default] Successfully bumped revision number for resource 63be5161-e50e-4dbb-8d6d-d3e4c56d5450 (type: security_groups) to 1
2026-04-24 04:08:35.464 7 INFO neutron.db.ovn_revision_numbers_db [None req-21e6a00d-5cc7-43d0-a562-6a09b80828ab a6f0371aed784933b4a9c21289d981dd a6f3fbf00b5e445aba81432011355438 - - default default] Successfully bumped revision number for resource 0cff762d-d3ca-418c-b9b8-aeaf7943dfac (type: security_group_rules) to 0
2026-04-24 04:08:35.476 7 INFO neutron.db.ovn_revision_numbers_db [None req-21e6a00d-5cc7-43d0-a562-6a09b80828ab a6f0371aed784933b4a9c21289d981dd a6f3fbf00b5e445aba81432011355438 - - default default] Successfully bumped revision number for resource 3095ea4b-f3af-4f04-83f3-50e555bf86da (type: security_group_rules) to 0
2026-04-24 04:08:35.488 7 INFO neutron.db.ovn_revision_numbers_db [None req-21e6a00d-5cc7-43d0-a562-6a09b80828ab a6f0371aed784933b4a9c21289d981dd a6f3fbf00b5e445aba81432011355438 - - default default] Successfully bumped revision number for resource c2a0f2a0-1267-46fd-941c-93fea138e888 (type: security_group_rules) to 0
2026-04-24 04:08:35.510 7 INFO neutron.db.ovn_revision_numbers_db [None req-21e6a00d-5cc7-43d0-a562-6a09b80828ab a6f0371aed784933b4a9c21289d981dd a6f3fbf00b5e445aba81432011355438 - - default default] Successfully bumped revision number for resource d548c2c2-9557-4cd1-8362-53702142192e (type: security_group_rules) to 0 [pid: 7|app: 0|req: 592/1257] 10.0.0.80 () {32 vars in 773 bytes} [Fri Apr 24 04:08:35 2026] GET /v2.0/security-groups?tenant_id=0f9ada901b5c4abd9bb46864cde12c89&name=default => generated 2925 bytes in 345 msecs (HTTP/1.1 200) 4 headers in 158 bytes (1 switches on core 0) [pid: 8|app: 0|req: 666/1258] 10.0.0.80 () {32 vars in 739 bytes} [Fri Apr 24 04:08:35 2026] DELETE /v2.0/security-groups/63be5161-e50e-4dbb-8d6d-d3e4c56d5450 => generated 0 bytes in 288 msecs (HTTP/1.1 204) 2 headers in 112 bytes (1 switches on core 0)
2026-04-24 04:08:36.425 7 WARNING keystonemiddleware.audit [None req-21e6a00d-5cc7-43d0-a562-6a09b80828ab a6f0371aed784933b4a9c21289d981dd a6f3fbf00b5e445aba81432011355438 - - default default] Skipping service tempest-service-184552277 as it have no endpoints.
2026-04-24 04:08:36.549 7 INFO neutron.db.ovn_revision_numbers_db [None req-d8172373-bcc5-4363-b791-dbded39529d2 8f781200c00d4727ac2fb6a689de42bb 63cdd80a8cf64daca2bb971682cfa2f8 - - default default] Successfully bumped revision number for resource 6e9f1b0b-0054-4eda-935b-39c29d3080fb (type: routers) to 1 [pid: 7|app: 0|req: 593/1259] 10.0.0.80 () {34 vars in 667 bytes} [Fri Apr 24 04:08:36 2026] POST /v2.0/routers => generated 570 bytes in 259 msecs (HTTP/1.1 201) 4 headers in 162 bytes (1 switches on core 0)
2026-04-24 04:08:36.586 8 WARNING keystonemiddleware.audit [None req-a103bd44-e9f1-4f05-9f7a-c15927a2edd9 a6f0371aed784933b4a9c21289d981dd a6f3fbf00b5e445aba81432011355438 - - default default] Skipping service tempest-service-184552277 as it have no endpoints.
2026-04-24 04:08:36.695 8 INFO neutron.db.ovn_revision_numbers_db [None req-1efe3f16-fe25-4f91-b93b-d6a06f52323c 8f781200c00d4727ac2fb6a689de42bb 63cdd80a8cf64daca2bb971682cfa2f8 - - default default] Successfully bumped revision number for resource d20dfda7-8125-47f2-bdc3-621977c0a338 (type: routers) to 1 [pid: 8|app: 0|req: 667/1260] 10.0.0.80 () {34 vars in 667 bytes} [Fri Apr 24 04:08:36 2026] POST /v2.0/routers => generated 570 bytes in 131 msecs (HTTP/1.1 201) 4 headers in 162 bytes (1 switches on core 0)
2026-04-24 04:08:36.723 7 WARNING keystonemiddleware.audit [None req-d8172373-bcc5-4363-b791-dbded39529d2 8f781200c00d4727ac2fb6a689de42bb 63cdd80a8cf64daca2bb971682cfa2f8 - - default default] Skipping service tempest-service-184552277 as it have no endpoints.
2026-04-24 04:08:36.851 7 INFO neutron.db.ovn_revision_numbers_db [None req-828540ef-bde3-4dc3-b056-d5183e751c21 8f781200c00d4727ac2fb6a689de42bb 63cdd80a8cf64daca2bb971682cfa2f8 - - default default] Successfully bumped revision number for resource b6d7c8b9-3c4b-4350-a8e8-066ae56e5c40 (type: routers) to 1 [pid: 7|app: 0|req: 594/1261] 10.0.0.80 () {34 vars in 667 bytes} [Fri Apr 24 04:08:36 2026] POST /v2.0/routers => generated 570 bytes in 148 msecs (HTTP/1.1 201) 4 headers in 162 bytes (1 switches on core 0)
2026-04-24 04:08:36.877 8 WARNING keystonemiddleware.audit [None req-1efe3f16-fe25-4f91-b93b-d6a06f52323c 8f781200c00d4727ac2fb6a689de42bb 63cdd80a8cf64daca2bb971682cfa2f8 - - default default] Skipping service tempest-service-184552277 as it have no endpoints.
2026-04-24 04:08:37.019 8 INFO neutron.db.ovn_revision_numbers_db [None req-d7b88b72-4b91-4a8d-8aaf-0061436cdcca 8f781200c00d4727ac2fb6a689de42bb 63cdd80a8cf64daca2bb971682cfa2f8 - - default default] Successfully bumped revision number for resource 4fcb1a53-0b39-466d-988c-98a63e504242 (type: routers) to 1 [pid: 8|app: 0|req: 668/1262] 10.0.0.80 () {34 vars in 667 bytes} [Fri Apr 24 04:08:36 2026] POST /v2.0/routers => generated 570 bytes in 160 msecs (HTTP/1.1 201) 4 headers in 162 bytes (1 switches on core 0)
2026-04-24 04:08:37.040 7 WARNING keystonemiddleware.audit [None req-828540ef-bde3-4dc3-b056-d5183e751c21 8f781200c00d4727ac2fb6a689de42bb 63cdd80a8cf64daca2bb971682cfa2f8 - - default default] Skipping service tempest-service-184552277 as it have no endpoints.
2026-04-24 04:08:37.161 7 INFO neutron.db.ovn_revision_numbers_db [None req-7af6990c-65df-4442-81e6-b6826b37fba1 8f781200c00d4727ac2fb6a689de42bb 63cdd80a8cf64daca2bb971682cfa2f8 - - default default] Successfully bumped revision number for resource c54c5c51-10ca-4e5b-af19-4cdfa35b248f (type: routers) to 1 [pid: 7|app: 0|req: 595/1263] 10.0.0.80 () {34 vars in 667 bytes} [Fri Apr 24 04:08:37 2026] POST /v2.0/routers => generated 570 bytes in 138 msecs (HTTP/1.1 201) 4 headers in 162 bytes (1 switches on core 0)
2026-04-24 04:08:37.364 8 INFO neutron.db.ovn_revision_numbers_db [None req-4f906801-a074-4b37-8af7-e34e8872a49b a6f0371aed784933b4a9c21289d981dd a6f3fbf00b5e445aba81432011355438 - - default default] Successfully bumped revision number for resource 307be4a7-61a1-4ffd-910e-bc3bab8702aa (type: security_groups) to 1
2026-04-24 04:08:37.382 8 INFO neutron.db.ovn_revision_numbers_db [None req-4f906801-a074-4b37-8af7-e34e8872a49b a6f0371aed784933b4a9c21289d981dd a6f3fbf00b5e445aba81432011355438 - - default default] Successfully bumped revision number for resource 285bb2db-bff8-470e-905f-812121a5a60e (type: security_group_rules) to 0
2026-04-24 04:08:37.402 8 INFO neutron.db.ovn_revision_numbers_db [None req-4f906801-a074-4b37-8af7-e34e8872a49b a6f0371aed784933b4a9c21289d981dd a6f3fbf00b5e445aba81432011355438 - - default default] Successfully bumped revision number for resource 92053479-bd13-4c1c-82df-0ddcbc17dfd0 (type: security_group_rules) to 0
2026-04-24 04:08:37.415 7 INFO neutron.db.ovn_revision_numbers_db [None req-85b1b3ff-c668-4fae-9a55-dc185132d041 b2c9c05f167841258844c54e665caec4 0c8e5b1021404c9bbbd4c21cd3622895 - - default default] Successfully bumped revision number for resource d84ec181-958d-482e-9853-7ffa114ea150 (type: security_groups) to 1
2026-04-24 04:08:37.418 8 INFO neutron.db.ovn_revision_numbers_db [None req-4f906801-a074-4b37-8af7-e34e8872a49b a6f0371aed784933b4a9c21289d981dd a6f3fbf00b5e445aba81432011355438 - - default default] Successfully bumped revision number for resource 99dbeb49-c23d-49cd-bf9d-2ba8383b99c9 (type: security_group_rules) to 0
2026-04-24 04:08:37.430 7 INFO neutron.db.ovn_revision_numbers_db [None req-85b1b3ff-c668-4fae-9a55-dc185132d041 b2c9c05f167841258844c54e665caec4 0c8e5b1021404c9bbbd4c21cd3622895 - - default default] Successfully bumped revision number for resource 586bb1a9-3b10-42ba-84f3-1a7311682510 (type: security_group_rules) to 0
2026-04-24 04:08:37.430 8 INFO neutron.db.ovn_revision_numbers_db [None req-4f906801-a074-4b37-8af7-e34e8872a49b a6f0371aed784933b4a9c21289d981dd a6f3fbf00b5e445aba81432011355438 - - default default] Successfully bumped revision number for resource da9d9c70-d2f9-474a-a863-6614fe5fd7f2 (type: security_group_rules) to 0
2026-04-24 04:08:37.445 7 INFO neutron.db.ovn_revision_numbers_db [None req-85b1b3ff-c668-4fae-9a55-dc185132d041 b2c9c05f167841258844c54e665caec4 0c8e5b1021404c9bbbd4c21cd3622895 - - default default] Successfully bumped revision number for resource 9f3b621f-dcec-4d31-8c8e-dabe66edeefc (type: security_group_rules) to 0 [pid: 8|app: 0|req: 669/1264] 10.0.0.80 () {32 vars in 773 bytes} [Fri Apr 24 04:08:37 2026] GET /v2.0/security-groups?tenant_id=c9a0193034144e71a9cb0ed61ee5b6ac&name=default => generated 2925 bytes in 390 msecs (HTTP/1.1 200) 4 headers in 158 bytes (1 switches on core 0)
2026-04-24 04:08:37.468 8 WARNING keystonemiddleware.audit [None req-4f906801-a074-4b37-8af7-e34e8872a49b a6f0371aed784933b4a9c21289d981dd a6f3fbf00b5e445aba81432011355438 - - default default] Skipping service tempest-service-184552277 as it have no endpoints.
2026-04-24 04:08:37.472 7 INFO neutron.db.ovn_revision_numbers_db [None req-85b1b3ff-c668-4fae-9a55-dc185132d041 b2c9c05f167841258844c54e665caec4 0c8e5b1021404c9bbbd4c21cd3622895 - - default default] Successfully bumped revision number for resource b601c4d4-758d-4f8e-889f-0f4495fca296 (type: security_group_rules) to 0
2026-04-24 04:08:37.487 7 INFO neutron.db.ovn_revision_numbers_db [None req-85b1b3ff-c668-4fae-9a55-dc185132d041 b2c9c05f167841258844c54e665caec4 0c8e5b1021404c9bbbd4c21cd3622895 - - default default] Successfully bumped revision number for resource bbf908e9-e25e-4dfd-9d8e-ea7e20a1ebd6 (type: security_group_rules) to 0 [pid: 8|app: 0|req: 670/1265] 10.0.0.80 () {34 vars in 750 bytes} [Fri Apr 24 04:08:37 2026] PUT /v2.0/routers/6e9f1b0b-0054-4eda-935b-39c29d3080fb/tags => generated 17 bytes in 92 msecs (HTTP/1.1 200) 4 headers in 156 bytes (1 switches on core 0)
2026-04-24 04:08:37.566 7 INFO neutron.db.segments_db [None req-85b1b3ff-c668-4fae-9a55-dc185132d041 b2c9c05f167841258844c54e665caec4 0c8e5b1021404c9bbbd4c21cd3622895 - - default default] Added segment bce4b8d4-15fd-4908-8767-d93cafb7d0e8 of type geneve for network 7f9ad243-94bd-4523-b7da-f6c3901e826f
2026-04-24 04:08:37.725 7 INFO neutron.db.ovn_revision_numbers_db [None req-85b1b3ff-c668-4fae-9a55-dc185132d041 b2c9c05f167841258844c54e665caec4 0c8e5b1021404c9bbbd4c21cd3622895 - - default default] Successfully bumped revision number for resource 7f9ad243-94bd-4523-b7da-f6c3901e826f (type: networks) to 1 [pid: 8|app: 0|req: 671/1266] 10.0.0.80 () {32 vars in 739 bytes} [Fri Apr 24 04:08:37 2026] DELETE /v2.0/security-groups/307be4a7-61a1-4ffd-910e-bc3bab8702aa => generated 0 bytes in 223 msecs (HTTP/1.1 204) 2 headers in 112 bytes (1 switches on core 0)
2026-04-24 04:08:37.790 8 WARNING keystonemiddleware.audit [None req-7bfa4921-79d4-43b9-9602-fbb83beb35db a6f0371aed784933b4a9c21289d981dd a6f3fbf00b5e445aba81432011355438 - - default default] Skipping service tempest-service-184552277 as it have no endpoints. [pid: 8|app: 0|req: 672/1267] 10.0.0.80 () {34 vars in 750 bytes} [Fri Apr 24 04:08:37 2026] PUT /v2.0/routers/d20dfda7-8125-47f2-bdc3-621977c0a338/tags => generated 25 bytes in 102 msecs (HTTP/1.1 200) 4 headers in 156 bytes (1 switches on core 0)
2026-04-24 04:08:37.890 8 WARNING keystonemiddleware.audit [None req-1a03a456-1af5-45c0-8a28-dab17838e251 8f781200c00d4727ac2fb6a689de42bb 63cdd80a8cf64daca2bb971682cfa2f8 - - default default] Skipping service tempest-service-184552277 as it have no endpoints.
2026-04-24 04:08:37.913 7 WARNING neutron.scheduler.dhcp_agent_scheduler [None req-85b1b3ff-c668-4fae-9a55-dc185132d041 b2c9c05f167841258844c54e665caec4 0c8e5b1021404c9bbbd4c21cd3622895 - - default default] No more DHCP agents
2026-04-24 04:08:37.914 7 WARNING neutron.api.rpc.agentnotifiers.dhcp_rpc_agent_api [None req-85b1b3ff-c668-4fae-9a55-dc185132d041 b2c9c05f167841258844c54e665caec4 0c8e5b1021404c9bbbd4c21cd3622895 - - default default] Unable to schedule network 7f9ad243-94bd-4523-b7da-f6c3901e826f: no agents available; will retry on subsequent port and subnet creation events.
2026-04-24 04:08:37.979 7 INFO neutron.plugins.ml2.drivers.ovn.mech_driver.mech_driver [None req-dbce5d5b-8a80-40db-9372-3ba7a1f4e833 - - - - - -] OVN reports status down for port: 405c6ec1-7029-4693-a0b6-6fa762203636 [pid: 8|app: 0|req: 673/1268] 10.0.0.80 () {34 vars in 750 bytes} [Fri Apr 24 04:08:37 2026] PUT /v2.0/routers/b6d7c8b9-3c4b-4350-a8e8-066ae56e5c40/tags => generated 34 bytes in 105 msecs (HTTP/1.1 200) 4 headers in 156 bytes (1 switches on core 0)
2026-04-24 04:08:38.044 7 INFO neutron.db.ovn_revision_numbers_db [None req-85b1b3ff-c668-4fae-9a55-dc185132d041 b2c9c05f167841258844c54e665caec4 0c8e5b1021404c9bbbd4c21cd3622895 - - default default] Successfully bumped revision number for resource 405c6ec1-7029-4693-a0b6-6fa762203636 (type: ports) to 1 [pid: 7|app: 0|req: 596/1269] 10.0.0.80 () {34 vars in 669 bytes} [Fri Apr 24 04:08:37 2026] POST /v2.0/networks => generated 648 bytes in 922 msecs (HTTP/1.1 201) 4 headers in 162 bytes (1 switches on core 0)
2026-04-24 04:08:38.100 7 WARNING keystonemiddleware.audit [None req-85b1b3ff-c668-4fae-9a55-dc185132d041 b2c9c05f167841258844c54e665caec4 0c8e5b1021404c9bbbd4c21cd3622895 - - default default] Skipping service tempest-service-184552277 as it have no endpoints.
2026-04-24 04:08:38.139 8 INFO neutron.db.ovn_revision_numbers_db [None req-aef5f53b-e96e-41c5-b730-7106757fa49b a6f0371aed784933b4a9c21289d981dd a6f3fbf00b5e445aba81432011355438 - - default default] Successfully bumped revision number for resource 838bba15-9ea2-4032-9996-47ea7e0a08c1 (type: security_groups) to 1
2026-04-24 04:08:38.155 8 INFO neutron.db.ovn_revision_numbers_db [None req-aef5f53b-e96e-41c5-b730-7106757fa49b a6f0371aed784933b4a9c21289d981dd a6f3fbf00b5e445aba81432011355438 - - default default] Successfully bumped revision number for resource 1abf1347-34db-4bd7-9cde-eeb017760e49 (type: security_group_rules) to 0
2026-04-24 04:08:38.169 8 INFO neutron.db.ovn_revision_numbers_db [None req-aef5f53b-e96e-41c5-b730-7106757fa49b a6f0371aed784933b4a9c21289d981dd a6f3fbf00b5e445aba81432011355438 - - default default] Successfully bumped revision number for resource 29b9e850-da0e-4b12-a844-cc7c4fc44fb0 (type: security_group_rules) to 0
2026-04-24 04:08:38.183 8 INFO neutron.db.ovn_revision_numbers_db [None req-aef5f53b-e96e-41c5-b730-7106757fa49b a6f0371aed784933b4a9c21289d981dd a6f3fbf00b5e445aba81432011355438 - - default default] Successfully bumped revision number for resource 6cb307f0-daf1-4675-853d-107dd0a0092e (type: security_group_rules) to 0 [pid: 7|app: 0|req: 597/1270] 10.0.0.80 () {34 vars in 750 bytes} [Fri Apr 24 04:08:38 2026] PUT /v2.0/routers/4fcb1a53-0b39-466d-988c-98a63e504242/tags => generated 19 bytes in 87 msecs (HTTP/1.1 200) 4 headers in 156 bytes (1 switches on core 0)
2026-04-24 04:08:38.203 8 WARNING neutron.plugins.ml2.drivers.ovn.mech_driver.ovsdb.ovn_client [None req-c682cd91-1e4f-42d4-9692-3a1696e074bd - - - - - -] No port found with ID 79fc9c2d-99cc-46d9-a65d-7b2842bba366: RuntimeError: No port found with ID 79fc9c2d-99cc-46d9-a65d-7b2842bba366
2026-04-24 04:08:38.207 8 INFO neutron.db.ovn_revision_numbers_db [None req-aef5f53b-e96e-41c5-b730-7106757fa49b a6f0371aed784933b4a9c21289d981dd a6f3fbf00b5e445aba81432011355438 - - default default] Successfully bumped revision number for resource 95952a97-7275-4929-b880-e684d6881c41 (type: security_group_rules) to 0 [pid: 8|app: 0|req: 674/1271] 10.0.0.80 () {32 vars in 773 bytes} [Fri Apr 24 04:08:37 2026] GET /v2.0/security-groups?tenant_id=5c5b937c4632408c8c4112edc9888a7e&name=default => generated 2925 bytes in 262 msecs (HTTP/1.1 200) 4 headers in 158 bytes (1 switches on core 0)
2026-04-24 04:08:38.258 8 WARNING keystonemiddleware.audit [None req-aef5f53b-e96e-41c5-b730-7106757fa49b a6f0371aed784933b4a9c21289d981dd a6f3fbf00b5e445aba81432011355438 - - default default] Skipping service tempest-service-184552277 as it have no endpoints.
2026-04-24 04:08:38.271 7 INFO neutron.db.segments_db [None req-e8e73a6f-eaf9-4978-8bb4-1ff5a1408919 b2c9c05f167841258844c54e665caec4 0c8e5b1021404c9bbbd4c21cd3622895 - - default default] Added segment 824020bd-d172-4c0f-acd8-f3e650b6aea6 of type geneve for network 07d7fc2e-b5d0-4ed5-82ef-0db1d11531d0 [pid: 8|app: 0|req: 675/1272] 10.0.0.80 () {32 vars in 663 bytes} [Fri Apr 24 04:08:38 2026] GET /v2.0/routers?tags=red => generated 1751 bytes in 72 msecs (HTTP/1.1 200) 4 headers in 158 bytes (1 switches on core 0)
2026-04-24 04:08:38.363 7 INFO neutron.db.ovn_revision_numbers_db [None req-e8e73a6f-eaf9-4978-8bb4-1ff5a1408919 b2c9c05f167841258844c54e665caec4 0c8e5b1021404c9bbbd4c21cd3622895 - - default default] Successfully bumped revision number for resource 07d7fc2e-b5d0-4ed5-82ef-0db1d11531d0 (type: networks) to 1
2026-04-24 04:08:38.541 7 WARNING neutron.scheduler.dhcp_agent_scheduler [None req-e8e73a6f-eaf9-4978-8bb4-1ff5a1408919 b2c9c05f167841258844c54e665caec4 0c8e5b1021404c9bbbd4c21cd3622895 - - default default] No more DHCP agents
2026-04-24 04:08:38.543 7 WARNING neutron.api.rpc.agentnotifiers.dhcp_rpc_agent_api [None req-e8e73a6f-eaf9-4978-8bb4-1ff5a1408919 b2c9c05f167841258844c54e665caec4 0c8e5b1021404c9bbbd4c21cd3622895 - - default default] Unable to schedule network 07d7fc2e-b5d0-4ed5-82ef-0db1d11531d0: no agents available; will retry on subsequent port and subnet creation events. [pid: 8|app: 0|req: 676/1273] 10.0.0.80 () {32 vars in 739 bytes} [Fri Apr 24 04:08:38 2026] DELETE /v2.0/security-groups/838bba15-9ea2-4032-9996-47ea7e0a08c1 => generated 0 bytes in 255 msecs (HTTP/1.1 204) 2 headers in 112 bytes (1 switches on core 0)
2026-04-24 04:08:38.592 8 WARNING keystonemiddleware.audit [None req-d7519242-2dbd-4228-85d7-03d71cf26bb4 a6f0371aed784933b4a9c21289d981dd a6f3fbf00b5e445aba81432011355438 - - default default] Skipping service tempest-service-184552277 as it have no endpoints.
2026-04-24 04:08:38.633 7 INFO neutron.db.ovn_revision_numbers_db [None req-e8e73a6f-eaf9-4978-8bb4-1ff5a1408919 b2c9c05f167841258844c54e665caec4 0c8e5b1021404c9bbbd4c21cd3622895 - - default default] Successfully bumped revision number for resource 654a1b16-cca9-4f17-a519-b58f874f10a8 (type: ports) to 1
2026-04-24 04:08:38.656 8 INFO neutron.plugins.ml2.drivers.ovn.mech_driver.mech_driver [None req-c682cd91-1e4f-42d4-9692-3a1696e074bd - - - - - -] OVN reports status down for port: 654a1b16-cca9-4f17-a519-b58f874f10a8 [pid: 7|app: 0|req: 598/1274] 10.0.0.80 () {34 vars in 669 bytes} [Fri Apr 24 04:08:38 2026] POST /v2.0/networks => generated 648 bytes in 474 msecs (HTTP/1.1 201) 4 headers in 162 bytes (1 switches on core 0) [pid: 8|app: 0|req: 677/1275] 10.0.0.80 () {32 vars in 677 bytes} [Fri Apr 24 04:08:38 2026] GET /v2.0/routers?tags=red%2Cblue => generated 1180 bytes in 111 msecs (HTTP/1.1 200) 4 headers in 158 bytes (1 switches on core 0)
2026-04-24 04:08:38.703 8 WARNING keystonemiddleware.audit [None req-c19dc084-c47a-4213-bec5-58693599bc7c 8f781200c00d4727ac2fb6a689de42bb 63cdd80a8cf64daca2bb971682cfa2f8 - - default default] Skipping service tempest-service-184552277 as it have no endpoints. [pid: 8|app: 0|req: 678/1276] 10.0.0.80 () {32 vars in 673 bytes} [Fri Apr 24 04:08:38 2026] GET /v2.0/routers?tags-any=blue => generated 1180 bytes in 88 msecs (HTTP/1.1 200) 4 headers in 158 bytes (1 switches on core 0)
2026-04-24 04:08:38.796 8 WARNING keystonemiddleware.audit [None req-bb91c8dc-bc5c-41bd-b46c-0c7067861a99 8f781200c00d4727ac2fb6a689de42bb 63cdd80a8cf64daca2bb971682cfa2f8 - - default default] Skipping service tempest-service-184552277 as it have no endpoints.
2026-04-24 04:08:38.841 7 WARNING neutron.scheduler.dhcp_agent_scheduler [None req-4bc22892-d646-495b-95f3-7ada2c341a93 b2c9c05f167841258844c54e665caec4 0c8e5b1021404c9bbbd4c21cd3622895 - - default default] No more DHCP agents
2026-04-24 04:08:38.842 7 WARNING neutron.api.rpc.agentnotifiers.dhcp_rpc_agent_api [None req-4bc22892-d646-495b-95f3-7ada2c341a93 b2c9c05f167841258844c54e665caec4 0c8e5b1021404c9bbbd4c21cd3622895 - - default default] Unable to schedule network 7f9ad243-94bd-4523-b7da-f6c3901e826f: no agents available; will retry on subsequent port and subnet creation events. [pid: 8|app: 0|req: 679/1277] 10.0.0.80 () {32 vars in 685 bytes} [Fri Apr 24 04:08:38 2026] GET /v2.0/routers?tags-any=red%2Cblue => generated 1751 bytes in 51 msecs (HTTP/1.1 200) 4 headers in 158 bytes (1 switches on core 0)
2026-04-24 04:08:38.852 8 WARNING keystonemiddleware.audit [None req-3b303911-cd60-43d6-92f6-56fea95cf22c 8f781200c00d4727ac2fb6a689de42bb 63cdd80a8cf64daca2bb971682cfa2f8 - - default default] Skipping service tempest-service-184552277 as it have no endpoints. [pid: 8|app: 0|req: 680/1278] 10.0.0.80 () {32 vars in 671 bytes} [Fri Apr 24 04:08:38 2026] GET /v2.0/routers?not-tags=red => generated 1152 bytes in 69 msecs (HTTP/1.1 200) 4 headers in 158 bytes (1 switches on core 0)
2026-04-24 04:08:38.931 8 WARNING keystonemiddleware.audit [None req-0a0db0c0-63d0-4794-9a92-0e7639bba324 8f781200c00d4727ac2fb6a689de42bb 63cdd80a8cf64daca2bb971682cfa2f8 - - default default] Skipping service tempest-service-184552277 as it have no endpoints. [pid: 8|app: 0|req: 681/1279] 10.0.0.80 () {32 vars in 685 bytes} [Fri Apr 24 04:08:38 2026] GET /v2.0/routers?not-tags=red%2Cblue => generated 1723 bytes in 63 msecs (HTTP/1.1 200) 4 headers in 158 bytes (1 switches on core 0)
2026-04-24 04:08:38.999 8 WARNING keystonemiddleware.audit [None req-cf65de17-5535-43e5-8f49-beedfc65fc4c 8f781200c00d4727ac2fb6a689de42bb 63cdd80a8cf64daca2bb971682cfa2f8 - - default default] Skipping service tempest-service-184552277 as it have no endpoints. [pid: 8|app: 0|req: 682/1280] 10.0.0.80 () {32 vars in 681 bytes} [Fri Apr 24 04:08:38 2026] GET /v2.0/routers?not-tags-any=blue => generated 1723 bytes in 63 msecs (HTTP/1.1 200) 4 headers in 158 bytes (1 switches on core 0)
2026-04-24 04:08:39.068 8 WARNING keystonemiddleware.audit [None req-1eb77b03-4cfc-4725-93ec-1749b21963da 8f781200c00d4727ac2fb6a689de42bb 63cdd80a8cf64daca2bb971682cfa2f8 - - default default] Skipping service tempest-service-184552277 as it have no endpoints. [pid: 8|app: 0|req: 683/1281] 10.0.0.80 () {32 vars in 693 bytes} [Fri Apr 24 04:08:39 2026] GET /v2.0/routers?not-tags-any=red%2Cblue => generated 1152 bytes in 47 msecs (HTTP/1.1 200) 4 headers in 158 bytes (1 switches on core 0)
2026-04-24 04:08:39.121 8 WARNING keystonemiddleware.audit [None req-1d008e09-39b7-4218-a66a-310456a97c8a 8f781200c00d4727ac2fb6a689de42bb 63cdd80a8cf64daca2bb971682cfa2f8 - - default default] Skipping service tempest-service-184552277 as it have no endpoints. [pid: 8|app: 0|req: 684/1282] 10.0.0.80 () {32 vars in 720 bytes} [Fri Apr 24 04:08:39 2026] GET /v2.0/routers/6e9f1b0b-0054-4eda-935b-39c29d3080fb => generated 581 bytes in 39 msecs (HTTP/1.1 200) 4 headers in 157 bytes (1 switches on core 0)
2026-04-24 04:08:39.173 8 WARNING keystonemiddleware.audit [None req-207ffe7d-6a84-459b-a9e7-a329912d71bf 8f781200c00d4727ac2fb6a689de42bb 63cdd80a8cf64daca2bb971682cfa2f8 - - default default] Skipping service tempest-service-184552277 as it have no endpoints.
2026-04-24 04:08:39.258 7 INFO neutron.db.ovn_revision_numbers_db [None req-1bae1769-b316-41d3-a13a-fcc131f7bdcf - - - - - -] Successfully bumped revision number for resource 405c6ec1-7029-4693-a0b6-6fa762203636 (type: ports) to 2
2026-04-24 04:08:39.295 7 INFO neutron.db.ovn_revision_numbers_db [None req-1bae1769-b316-41d3-a13a-fcc131f7bdcf - - - - - -] Successfully bumped revision number for resource 62302c6e-799b-4f04-b81d-900245ca7209 (type: subnets) to 0 [pid: 7|app: 0|req: 599/1283] 10.0.0.80 () {34 vars in 668 bytes} [Fri Apr 24 04:08:38 2026] POST /v2.0/subnets => generated 626 bytes in 646 msecs (HTTP/1.1 201) 4 headers in 162 bytes (1 switches on core 0)
2026-04-24 04:08:39.534 7 WARNING neutron.scheduler.dhcp_agent_scheduler [None req-853df3b5-0ec3-4060-8d5c-85743418979b b2c9c05f167841258844c54e665caec4 0c8e5b1021404c9bbbd4c21cd3622895 - - default default] No more DHCP agents
2026-04-24 04:08:39.536 7 WARNING neutron.api.rpc.agentnotifiers.dhcp_rpc_agent_api [None req-853df3b5-0ec3-4060-8d5c-85743418979b b2c9c05f167841258844c54e665caec4 0c8e5b1021404c9bbbd4c21cd3622895 - - default default] Unable to schedule network 07d7fc2e-b5d0-4ed5-82ef-0db1d11531d0: no agents available; will retry on subsequent port and subnet creation events.
2026-04-24 04:08:39.577 8 INFO neutron.db.ovn_revision_numbers_db [None req-d148c68a-5490-401f-a1a1-7a78564e3a94 8f781200c00d4727ac2fb6a689de42bb 63cdd80a8cf64daca2bb971682cfa2f8 - - default default] Successfully bumped revision number for resource 6e9f1b0b-0054-4eda-935b-39c29d3080fb (type: routers) to 2 [pid: 8|app: 0|req: 685/1284] 10.0.0.80 () {34 vars in 741 bytes} [Fri Apr 24 04:08:39 2026] PUT /v2.0/routers/6e9f1b0b-0054-4eda-935b-39c29d3080fb => generated 581 bytes in 415 msecs (HTTP/1.1 200) 4 headers in 157 bytes (1 switches on core 0)
2026-04-24 04:08:39.592 8 WARNING keystonemiddleware.audit [None req-d148c68a-5490-401f-a1a1-7a78564e3a94 8f781200c00d4727ac2fb6a689de42bb 63cdd80a8cf64daca2bb971682cfa2f8 - - default default] Skipping service tempest-service-184552277 as it have no endpoints. [pid: 8|app: 0|req: 686/1285] 10.0.0.80 () {32 vars in 735 bytes} [Fri Apr 24 04:08:39 2026] GET /v2.0/ports?device_id=6e9f1b0b-0054-4eda-935b-39c29d3080fb => generated 12 bytes in 25 msecs (HTTP/1.1 200) 4 headers in 156 bytes (1 switches on core 0)
2026-04-24 04:08:39.622 8 WARNING keystonemiddleware.audit [None req-4d99e29f-420f-422e-963c-366e8458d81e 8f781200c00d4727ac2fb6a689de42bb 63cdd80a8cf64daca2bb971682cfa2f8 - - default default] Skipping service tempest-service-184552277 as it have no endpoints. [pid: 8|app: 0|req: 687/1286] 10.0.0.80 () {32 vars in 723 bytes} [Fri Apr 24 04:08:39 2026] DELETE /v2.0/routers/6e9f1b0b-0054-4eda-935b-39c29d3080fb => generated 0 bytes in 194 msecs (HTTP/1.1 204) 2 headers in 112 bytes (1 switches on core 0)
2026-04-24 04:08:39.822 8 WARNING keystonemiddleware.audit [None req-a1b9ddcd-2ef5-4ca5-ac45-5291bbe1ddcf 8f781200c00d4727ac2fb6a689de42bb 63cdd80a8cf64daca2bb971682cfa2f8 - - default default] Skipping service tempest-service-184552277 as it have no endpoints. [pid: 8|app: 0|req: 688/1287] 10.0.0.80 () {32 vars in 720 bytes} [Fri Apr 24 04:08:39 2026] GET /v2.0/routers/d20dfda7-8125-47f2-bdc3-621977c0a338 => generated 589 bytes in 48 msecs (HTTP/1.1 200) 4 headers in 157 bytes (1 switches on core 0)
2026-04-24 04:08:39.874 8 WARNING keystonemiddleware.audit [None req-28a965c6-6823-411e-878c-dac1328bfe23 8f781200c00d4727ac2fb6a689de42bb 63cdd80a8cf64daca2bb971682cfa2f8 - - default default] Skipping service tempest-service-184552277 as it have no endpoints.
2026-04-24 04:08:39.939 7 INFO neutron.db.ovn_revision_numbers_db [None req-58f18ed3-09c1-4847-960d-a1a851f12781 - - - - - -] Successfully bumped revision number for resource 654a1b16-cca9-4f17-a519-b58f874f10a8 (type: ports) to 2
2026-04-24 04:08:39.970 7 INFO neutron.db.ovn_revision_numbers_db [None req-58f18ed3-09c1-4847-960d-a1a851f12781 - - - - - -] Successfully bumped revision number for resource 6cbda4fc-3c3b-4a9e-893a-4912c251a3dc (type: subnets) to 0 [pid: 7|app: 0|req: 600/1288] 10.0.0.80 () {34 vars in 668 bytes} [Fri Apr 24 04:08:39 2026] POST /v2.0/subnets => generated 626 bytes in 656 msecs (HTTP/1.1 201) 4 headers in 162 bytes (1 switches on core 0)
