2026-07-09 18:02:49.045 10 INFO neutron.notifiers.nova [-] Nova event matching ['req-b5762d9d-99d5-4794-b358-c39bf910a790'] response: {'server_uuid': '36f03fa2-fd2a-4a7c-8946-94c1bd3ea6eb', 'name': 'network-vif-unplugged', 'status': 'completed', 'tag': 'be063907-8361-45cd-ab1c-caf049bd4388', 'code': 200}
2026-07-09 18:02:49.652 10 INFO neutron.plugins.ml2.plugin [None req-6244854d-653d-4551-b6aa-54e709f42e00 - - - - - -] Attempt 1 to provision port eac9dac8-5e3e-4b63-b6e2-86e71dd60d99
2026-07-09 18:02:50.913 9 INFO neutron.plugins.ml2.plugin [None req-6a25ebf5-94fa-4c1c-880c-f5c684c9fdbf - - - - - -] Attempt 1 to provision port e47ec942-e01d-4d16-b45e-870b143f4d15
2026-07-09 18:02:51.157 10 WARNING neutron.plugins.ml2.plugin [None req-41180c80-fbcd-4dea-8d0b-801cea395e42 - - - - - -] Concurrent port binding operations failed on port f95b76ac-33c1-4cc7-ba88-76bd911e9e69
2026-07-09 18:02:51.162 10 INFO neutron.plugins.ml2.plugin [None req-41180c80-fbcd-4dea-8d0b-801cea395e42 - - - - - -] Attempt 2 to bind port f95b76ac-33c1-4cc7-ba88-76bd911e9e69
2026-07-09 18:02:52.635 9 INFO neutron.plugins.ml2.plugin [None req-1546b8e8-7e4e-40b2-96e7-36f6f0b739bf - - - - - -] Attempt 1 to provision port a0f1c7b1-b53e-4ebc-b287-85667f958d15
2026-07-09 18:02:53.001 9 INFO neutron.plugins.ml2.plugin [None req-6a25ebf5-94fa-4c1c-880c-f5c684c9fdbf - - - - - -] Attempt 1 to provision port 7989a8e5-0f93-4bdf-84fd-673c0c845041
2026-07-09 18:02:53.210 9 INFO neutron.plugins.ml2.plugin [None req-367fb8dd-0a2f-4541-a717-8bc896a96c23 - - - - - -] Attempt 1 to provision port 7989a8e5-0f93-4bdf-84fd-673c0c845041
2026-07-09 18:02:53.744 9 INFO neutron.plugins.ml2.plugin [None req-6a25ebf5-94fa-4c1c-880c-f5c684c9fdbf - - - - - -] Attempt 1 to provision port e47ec942-e01d-4d16-b45e-870b143f4d15
2026-07-09 18:02:54.066 9 INFO neutron.plugins.ml2.plugin [None req-6a25ebf5-94fa-4c1c-880c-f5c684c9fdbf - - - - - -] Attempt 1 to provision port f95b76ac-33c1-4cc7-ba88-76bd911e9e69
2026-07-09 18:02:54.945 10 INFO neutron.plugins.ml2.plugin [None req-6a25ebf5-94fa-4c1c-880c-f5c684c9fdbf - - - - - -] Attempt 1 to provision port 7989a8e5-0f93-4bdf-84fd-673c0c845041
2026-07-09 18:02:55.392 10 INFO neutron.plugins.ml2.plugin [None req-6a25ebf5-94fa-4c1c-880c-f5c684c9fdbf - - - - - -] Attempt 1 to provision port f95b76ac-33c1-4cc7-ba88-76bd911e9e69
2026-07-09 18:02:55.658 9 INFO neutron.plugins.ml2.plugin [None req-a5fcfebb-1faf-4b5e-8b34-6eb5269dc302 - - - - - -] Attempt 1 to provision port 0469c25b-7833-4876-9658-f70c8ff92905
2026-07-09 18:02:56.316 9 INFO neutron.plugins.ml2.plugin [None req-766d7f65-e44a-47fd-90ed-f13546628566 - - - - - -] Attempt 1 to provision port 0469c25b-7833-4876-9658-f70c8ff92905
2026-07-09 18:02:57.126 9 INFO neutron.plugins.ml2.plugin [None req-6a25ebf5-94fa-4c1c-880c-f5c684c9fdbf - - - - - -] Attempt 1 to provision port a3b4a6dd-fcb9-45ff-b6ad-ffa678ec9cf3
2026-07-09 18:02:58.914 9 INFO neutron.plugins.ml2.plugin [None req-6a25ebf5-94fa-4c1c-880c-f5c684c9fdbf - - - - - -] Attempt 1 to provision port a3b4a6dd-fcb9-45ff-b6ad-ffa678ec9cf3
2026-07-09 18:03:00.842 10 INFO neutron.plugins.ml2.plugin [None req-cffd082d-7b0a-4e4a-9009-16266f545115 - - - - - -] Attempt 1 to provision port f73370d8-fbe3-481f-9abe-38879bd752f2
2026-07-09 18:03:01.044 9 INFO neutron.plugins.ml2.plugin [None req-6a25ebf5-94fa-4c1c-880c-f5c684c9fdbf - - - - - -] Attempt 1 to provision port f73370d8-fbe3-481f-9abe-38879bd752f2
2026-07-09 18:03:01.635 9 INFO neutron.plugins.ml2.plugin [None req-bca39fbe-5aba-4158-adb7-0f1958900446 - - - - - -] Attempt 1 to provision port f955e734-b368-49eb-9bd0-51bfb16da21c
2026-07-09 18:03:02.967 10 INFO neutron.plugins.ml2.plugin [None req-6a25ebf5-94fa-4c1c-880c-f5c684c9fdbf - - - - - -] Attempt 1 to provision port f73370d8-fbe3-481f-9abe-38879bd752f2
2026-07-09 18:03:03.426 9 INFO neutron.plugins.ml2.plugin [None req-06aee769-551f-4ab2-8ff7-5d975fcb8239 - - - - - -] Attempt 1 to provision port f955e734-b368-49eb-9bd0-51bfb16da21c
2026-07-09 18:03:03.593 10 INFO neutron.plugins.ml2.plugin [None req-47f65192-ab98-4ea7-a9ff-32695f8edbaa - - - - - -] Attempt 1 to provision port 9b3d56b8-9620-4b33-87b9-54446537fb24
2026-07-09 18:03:06.956 9 INFO neutron.plugins.ml2.plugin [None req-6a25ebf5-94fa-4c1c-880c-f5c684c9fdbf - - - - - -] Attempt 1 to provision port 9b3d56b8-9620-4b33-87b9-54446537fb24
2026-07-09 18:03:07.286 9 INFO neutron.notifiers.nova [-] Nova event matching ['req-0defbeb4-ce21-406b-9b65-c8358e6526e2'] response: {'server_uuid': 'e7ee8b3e-4d85-4069-91b9-b1e5d4fa6959', 'name': 'network-vif-plugged', 'status': 'completed', 'tag': '9b3d56b8-9620-4b33-87b9-54446537fb24', 'code': 200}
2026-07-09 18:03:08.845 10 INFO neutron.plugins.ml2.plugin [None req-6a25ebf5-94fa-4c1c-880c-f5c684c9fdbf - - - - - -] Attempt 1 to provision port 9b3d56b8-9620-4b33-87b9-54446537fb24 /var/lib/openstack/lib/python3.10/site-packages/oslo_db/sqlalchemy/enginefacade.py:664: SAWarning: DELETE statement on table 'portsecuritybindings' expected to delete 1 row(s); 0 were matched. Please set confirm_deleted_rows=False within the mapper configuration to prevent this warning. self.session.flush() /var/lib/openstack/lib/python3.10/site-packages/oslo_db/sqlalchemy/enginefacade.py:664: SAWarning: DELETE statement on table 'ml2_port_bindings' expected to delete 1 row(s); 0 were matched. Please set confirm_deleted_rows=False within the mapper configuration to prevent this warning. self.session.flush() /var/lib/openstack/lib/python3.10/site-packages/oslo_db/sqlalchemy/enginefacade.py:664: SAWarning: DELETE statement on table 'ml2_port_binding_levels' expected to delete 1 row(s); 0 were matched. Please set confirm_deleted_rows=False within the mapper configuration to prevent this warning. self.session.flush() /var/lib/openstack/lib/python3.10/site-packages/oslo_db/sqlalchemy/enginefacade.py:664: SAWarning: DELETE statement on table 'ports' expected to delete 1 row(s); 0 were matched. Please set confirm_deleted_rows=False within the mapper configuration to prevent this warning. self.session.flush()
2026-07-09 18:03:13.037 9 INFO neutron.plugins.ml2.plugin [None req-6a25ebf5-94fa-4c1c-880c-f5c684c9fdbf - - - - - -] Attempt 1 to provision port 08229073-593d-4f86-83c9-8e735e944125
2026-07-09 18:03:13.066 10 INFO neutron.plugins.ml2.plugin [None req-b2dcc09d-00b1-451c-86e2-d527460ea5c3 - - - - - -] Attempt 1 to provision port 08229073-593d-4f86-83c9-8e735e944125
2026-07-09 18:03:14.026 10 INFO neutron.plugins.ml2.plugin [None req-fe164835-0228-4e99-b27d-475e97e116d5 - - - - - -] Attempt 1 to provision port 235aa8fa-bd51-4784-88d0-82e72187195f
2026-07-09 18:03:15.004 9 INFO neutron.plugins.ml2.plugin [None req-7ca33a32-0f60-40c6-84cd-fffe15543988 - - - - - -] Attempt 1 to provision port 235aa8fa-bd51-4784-88d0-82e72187195f
2026-07-09 18:03:15.006 10 INFO neutron.plugins.ml2.plugin [None req-6a25ebf5-94fa-4c1c-880c-f5c684c9fdbf - - - - - -] Attempt 1 to provision port e18d5a62-fdbb-4661-870c-80f0abb3254f
2026-07-09 18:03:15.742 10 INFO neutron.plugins.ml2.plugin [None req-6a25ebf5-94fa-4c1c-880c-f5c684c9fdbf - - - - - -] Attempt 1 to provision port 08229073-593d-4f86-83c9-8e735e944125
2026-07-09 18:03:16.132 10 INFO neutron.plugins.ml2.plugin [None req-6a25ebf5-94fa-4c1c-880c-f5c684c9fdbf - - - - - -] Attempt 1 to provision port a0f1c7b1-b53e-4ebc-b287-85667f958d15
2026-07-09 18:03:16.585 10 INFO neutron.plugins.ml2.plugin [None req-6a25ebf5-94fa-4c1c-880c-f5c684c9fdbf - - - - - -] Attempt 1 to provision port 0469c25b-7833-4876-9658-f70c8ff92905
2026-07-09 18:03:17.279 9 INFO neutron.plugins.ml2.plugin [None req-4642db45-048c-4442-b67c-1bd543b992a6 - - - - - -] Attempt 1 to provision port 1b89fa12-d6e4-475c-913d-8ec98c73d159
2026-07-09 18:03:17.291 10 INFO neutron.plugins.ml2.plugin [None req-6a25ebf5-94fa-4c1c-880c-f5c684c9fdbf - - - - - -] Attempt 1 to provision port a0f1c7b1-b53e-4ebc-b287-85667f958d15
2026-07-09 18:03:17.577 10 INFO neutron.plugins.ml2.plugin [None req-6a25ebf5-94fa-4c1c-880c-f5c684c9fdbf - - - - - -] Attempt 1 to provision port 0469c25b-7833-4876-9658-f70c8ff92905
2026-07-09 18:03:21.686 9 INFO neutron.plugins.ml2.plugin [None req-77691274-a70d-4205-ad28-7ed48801bfe4 - - - - - -] Attempt 1 to provision port 74008308-3beb-4d81-a75e-ef56c6926675
2026-07-09 18:03:27.292 10 INFO neutron.plugins.ml2.plugin [None req-6a25ebf5-94fa-4c1c-880c-f5c684c9fdbf - - - - - -] Attempt 1 to provision port f613b3d1-2ead-4c18-af15-5da0023c311e
2026-07-09 18:03:27.906 10 INFO neutron.plugins.ml2.plugin [None req-a85556e3-302f-441d-92db-00707b1f7c89 - - - - - -] Attempt 1 to provision port f613b3d1-2ead-4c18-af15-5da0023c311e /var/lib/openstack/lib/python3.10/site-packages/oslo_db/sqlalchemy/enginefacade.py:664: SAWarning: DELETE statement on table 'portsecuritybindings' expected to delete 1 row(s); 0 were matched. Please set confirm_deleted_rows=False within the mapper configuration to prevent this warning. self.session.flush() /var/lib/openstack/lib/python3.10/site-packages/oslo_db/sqlalchemy/enginefacade.py:664: SAWarning: DELETE statement on table 'ml2_port_bindings' expected to delete 1 row(s); 0 were matched. Please set confirm_deleted_rows=False within the mapper configuration to prevent this warning. self.session.flush() /var/lib/openstack/lib/python3.10/site-packages/oslo_db/sqlalchemy/enginefacade.py:664: SAWarning: DELETE statement on table 'ml2_port_binding_levels' expected to delete 1 row(s); 0 were matched. Please set confirm_deleted_rows=False within the mapper configuration to prevent this warning. self.session.flush() /var/lib/openstack/lib/python3.10/site-packages/oslo_db/sqlalchemy/enginefacade.py:664: SAWarning: DELETE statement on table 'ports' expected to delete 1 row(s); 0 were matched. Please set confirm_deleted_rows=False within the mapper configuration to prevent this warning. self.session.flush()
2026-07-09 18:03:31.308 10 INFO neutron.plugins.ml2.plugin [None req-6a25ebf5-94fa-4c1c-880c-f5c684c9fdbf - - - - - -] Attempt 1 to provision port 31fa3db9-b4f7-4796-8fe2-175b5bf0da7c
2026-07-09 18:03:33.241 9 INFO neutron.notifiers.nova [-] Nova event matching ['req-53d4de51-2411-451f-a392-a53df7bab002'] response: {'server_uuid': 'e7ee8b3e-4d85-4069-91b9-b1e5d4fa6959', 'name': 'network-vif-unplugged', 'status': 'completed', 'tag': '9b3d56b8-9620-4b33-87b9-54446537fb24', 'code': 200}
2026-07-09 18:03:33.983 9 INFO neutron.plugins.ml2.plugin [None req-6a25ebf5-94fa-4c1c-880c-f5c684c9fdbf - - - - - -] Attempt 1 to provision port 9b3d56b8-9620-4b33-87b9-54446537fb24
2026-07-09 18:03:35.282 10 INFO neutron.plugins.ml2.plugin [None req-6a25ebf5-94fa-4c1c-880c-f5c684c9fdbf - - - - - -] Attempt 1 to provision port 9b3d56b8-9620-4b33-87b9-54446537fb24
2026-07-09 18:03:35.296 9 INFO neutron.notifiers.nova [-] Nova event matching ['req-5dc4df2a-ca69-464f-bccd-af52b8142c17'] response: {'server_uuid': 'e7ee8b3e-4d85-4069-91b9-b1e5d4fa6959', 'name': 'network-vif-plugged', 'status': 'completed', 'tag': '9b3d56b8-9620-4b33-87b9-54446537fb24', 'code': 200}
2026-07-09 18:03:53.310 9 INFO neutron.plugins.ml2.plugin [None req-6a25ebf5-94fa-4c1c-880c-f5c684c9fdbf - - - - - -] Attempt 1 to provision port de183cb4-4723-474e-b11f-66d8da62faac
2026-07-09 18:03:53.347 9 INFO neutron.plugins.ml2.plugin [None req-e79faeac-0bcd-492f-bb0b-28563f3e9cd2 - - - - - -] Attempt 1 to provision port dab732af-34c0-420d-bc1d-d677bf78e58c
2026-07-09 18:03:53.616 10 INFO neutron.plugins.ml2.plugin [None req-10be134e-b86d-4bac-b463-b5a5000da580 - - - - - -] Attempt 1 to provision port de183cb4-4723-474e-b11f-66d8da62faac
2026-07-09 18:03:54.857 9 INFO neutron.plugins.ml2.plugin [None req-1486d9bf-c098-4cfb-b410-f42c70f88e00 - - - - - -] Attempt 1 to provision port 3850f590-3c0a-4efb-8446-611f937ceb32
2026-07-09 18:03:55.393 9 INFO neutron.plugins.ml2.plugin [None req-6a25ebf5-94fa-4c1c-880c-f5c684c9fdbf - - - - - -] Attempt 1 to provision port de183cb4-4723-474e-b11f-66d8da62faac
2026-07-09 18:03:56.640 9 INFO neutron.plugins.ml2.plugin [None req-5b6a09c3-ea18-4c0d-a6f0-21ccadc111b8 - - - - - -] Attempt 1 to provision port 97191a8e-38ae-4683-ab8a-d18237e2654d
2026-07-09 18:03:57.339 9 INFO neutron.plugins.ml2.plugin [None req-6a25ebf5-94fa-4c1c-880c-f5c684c9fdbf - - - - - -] Attempt 1 to provision port 9aff85ee-de52-488a-aa64-b72012337757
2026-07-09 18:03:57.417 10 INFO neutron.plugins.ml2.plugin [None req-032d68b0-da3a-4271-abab-d8a9e1a35754 - - - - - -] Attempt 1 to provision port 97191a8e-38ae-4683-ab8a-d18237e2654d
2026-07-09 18:03:59.479 9 INFO neutron.plugins.ml2.plugin [None req-6a25ebf5-94fa-4c1c-880c-f5c684c9fdbf - - - - - -] Attempt 1 to provision port 9aff85ee-de52-488a-aa64-b72012337757 /var/lib/openstack/lib/python3.10/site-packages/oslo_db/sqlalchemy/enginefacade.py:664: SAWarning: DELETE statement on table 'portsecuritybindings' expected to delete 1 row(s); 0 were matched. Please set confirm_deleted_rows=False within the mapper configuration to prevent this warning. self.session.flush() /var/lib/openstack/lib/python3.10/site-packages/oslo_db/sqlalchemy/enginefacade.py:664: SAWarning: DELETE statement on table 'ml2_port_bindings' expected to delete 1 row(s); 0 were matched. Please set confirm_deleted_rows=False within the mapper configuration to prevent this warning. self.session.flush() /var/lib/openstack/lib/python3.10/site-packages/oslo_db/sqlalchemy/enginefacade.py:664: SAWarning: DELETE statement on table 'ml2_port_binding_levels' expected to delete 1 row(s); 0 were matched. Please set confirm_deleted_rows=False within the mapper configuration to prevent this warning. self.session.flush() /var/lib/openstack/lib/python3.10/site-packages/oslo_db/sqlalchemy/enginefacade.py:664: SAWarning: DELETE statement on table 'ports' expected to delete 1 row(s); 0 were matched. Please set confirm_deleted_rows=False within the mapper configuration to prevent this warning. self.session.flush()
2026-07-09 18:04:03.543 9 INFO neutron.plugins.ml2.plugin [None req-a3ab056c-4cdd-4445-b529-a52557c3bad3 - - - - - -] Attempt 1 to provision port bbcc9b15-8365-4e6f-94cb-37be513d9506
2026-07-09 18:04:05.463 10 INFO neutron.plugins.ml2.plugin [None req-6a25ebf5-94fa-4c1c-880c-f5c684c9fdbf - - - - - -] Attempt 1 to provision port bbcc9b15-8365-4e6f-94cb-37be513d9506
2026-07-09 18:04:05.651 10 INFO neutron.notifiers.nova [-] Nova event matching ['req-6713a226-2014-4ff7-97b2-4614e176a165'] response: {'server_uuid': '7d0a9ed3-865a-4577-ae7f-c6d7d3377a9c', 'name': 'network-vif-plugged', 'status': 'completed', 'tag': 'bbcc9b15-8365-4e6f-94cb-37be513d9506', 'code': 200}
2026-07-09 18:04:06.116 10 INFO neutron.plugins.ml2.plugin [None req-ce2af0aa-7502-4651-9f38-292bbd953da6 - - - - - -] Attempt 1 to provision port bf384f15-0a0a-4b84-a06d-2be1fb39a0b4
2026-07-09 18:04:06.778 10 INFO neutron.plugins.ml2.plugin [None req-a37b658c-117b-4797-bbb5-c4bec3723d02 - - - - - -] Attempt 1 to provision port 244c8792-7030-4334-9c47-278716b1f884
2026-07-09 18:04:07.335 10 INFO neutron.plugins.ml2.plugin [None req-6a25ebf5-94fa-4c1c-880c-f5c684c9fdbf - - - - - -] Attempt 1 to provision port 244c8792-7030-4334-9c47-278716b1f884
2026-07-09 18:04:07.754 10 INFO neutron.plugins.ml2.plugin [None req-6a25ebf5-94fa-4c1c-880c-f5c684c9fdbf - - - - - -] Attempt 1 to provision port bbcc9b15-8365-4e6f-94cb-37be513d9506
2026-07-09 18:04:09.390 9 INFO neutron.plugins.ml2.plugin [None req-6a25ebf5-94fa-4c1c-880c-f5c684c9fdbf - - - - - -] Attempt 1 to provision port cae1d03b-ddf2-41d6-b392-f52bd4ab6c68
2026-07-09 18:04:09.839 10 INFO neutron.plugins.ml2.plugin [None req-71827e0a-d6bc-43a9-8e5a-9177bf91ac3a - - - - - -] Attempt 1 to provision port 5e864b04-1679-4283-8505-3ace63da1be4
2026-07-09 18:04:10.030 9 INFO neutron.plugins.ml2.plugin [None req-6a25ebf5-94fa-4c1c-880c-f5c684c9fdbf - - - - - -] Attempt 1 to provision port 244c8792-7030-4334-9c47-278716b1f884
2026-07-09 18:04:10.102 10 INFO neutron.plugins.ml2.plugin [None req-bb969861-570a-4d28-9ad3-98cb39012b55 - - - - - -] Attempt 1 to provision port cae1d03b-ddf2-41d6-b392-f52bd4ab6c68
2026-07-09 18:04:10.390 9 INFO neutron.plugins.ml2.plugin [None req-38a3c918-8dca-4740-941f-d6c1ebc88cc8 - - - - - -] Attempt 1 to provision port 3a166465-7189-4a61-9861-705f0902a6bc
2026-07-09 18:04:10.447 9 INFO neutron.plugins.ml2.plugin [None req-6a25ebf5-94fa-4c1c-880c-f5c684c9fdbf - - - - - -] Attempt 1 to provision port 3a166465-7189-4a61-9861-705f0902a6bc
2026-07-09 18:04:10.898 9 INFO neutron.plugins.ml2.plugin [None req-9a868847-40cc-4c0a-99be-b2dec016809d - - - - - -] Attempt 1 to provision port 1541ea8a-64b2-4f94-adde-75538edcbf0e
2026-07-09 18:04:11.657 9 INFO neutron.plugins.ml2.plugin [None req-0df5db46-5a7e-48a0-a75d-124f9a52f22f - - - - - -] Attempt 1 to provision port 1541ea8a-64b2-4f94-adde-75538edcbf0e
2026-07-09 18:04:12.269 10 INFO neutron.plugins.ml2.plugin [None req-6a25ebf5-94fa-4c1c-880c-f5c684c9fdbf - - - - - -] Attempt 1 to provision port 3a166465-7189-4a61-9861-705f0902a6bc
2026-07-09 18:04:12.733 10 INFO neutron.plugins.ml2.plugin [None req-6a25ebf5-94fa-4c1c-880c-f5c684c9fdbf - - - - - -] Attempt 1 to provision port bd667d7d-080d-48db-b17c-33a31a347375
2026-07-09 18:04:12.835 9 INFO neutron.plugins.ml2.plugin [None req-fa05cf40-d517-4f05-bd7c-52bbbbe87f22 - - - - - -] Attempt 1 to provision port e5e15f02-cdd4-41e6-8488-d54bbd945257
2026-07-09 18:04:13.562 10 INFO neutron.plugins.ml2.plugin [None req-6a25ebf5-94fa-4c1c-880c-f5c684c9fdbf - - - - - -] Attempt 1 to provision port cae1d03b-ddf2-41d6-b392-f52bd4ab6c68
2026-07-09 18:04:13.617 10 INFO neutron.plugins.ml2.plugin [None req-e1083751-d371-4206-95e0-84303094d611 - - - - - -] Attempt 1 to provision port e5e15f02-cdd4-41e6-8488-d54bbd945257
2026-07-09 18:04:14.322 9 INFO neutron.plugins.ml2.plugin [None req-6a25ebf5-94fa-4c1c-880c-f5c684c9fdbf - - - - - -] Attempt 1 to provision port f7161869-5153-4103-a174-8b28889d43ea
2026-07-09 18:04:15.125 9 INFO neutron.plugins.ml2.plugin [None req-21600978-a285-4309-b0fc-17520fd85ba4 - - - - - -] Attempt 1 to provision port f7161869-5153-4103-a174-8b28889d43ea
2026-07-09 18:04:15.208 9 INFO neutron.plugins.ml2.plugin [None req-6a25ebf5-94fa-4c1c-880c-f5c684c9fdbf - - - - - -] Attempt 1 to provision port 8abdc776-6059-4a21-bad2-e6c90c5c0ee8
2026-07-09 18:04:15.265 9 INFO neutron.plugins.ml2.plugin [None req-21600978-a285-4309-b0fc-17520fd85ba4 - - - - - -] Attempt 1 to provision port 99b0ecd1-685b-4593-ae19-b10e5ad30018
2026-07-09 18:04:15.456 9 INFO neutron.plugins.ml2.plugin [None req-94f350fe-8609-4b4c-a131-8d29f540b1e6 - - - - - -] Attempt 1 to provision port 99b0ecd1-685b-4593-ae19-b10e5ad30018
2026-07-09 18:04:15.674 10 INFO neutron.plugins.ml2.plugin [None req-89ffc45e-f1b6-4a08-9a0a-777ab021543d - - - - - -] Attempt 1 to provision port 99b0ecd1-685b-4593-ae19-b10e5ad30018
2026-07-09 18:04:16.234 9 INFO neutron.plugins.ml2.plugin [None req-6a25ebf5-94fa-4c1c-880c-f5c684c9fdbf - - - - - -] Attempt 1 to provision port bd667d7d-080d-48db-b17c-33a31a347375
2026-07-09 18:04:16.357 9 INFO neutron.plugins.ml2.plugin [None req-99823580-e808-467a-a050-fcd6902e6c90 - - - - - -] Attempt 1 to provision port 501092e2-2416-4029-bdb9-4bbe02ccf69f
2026-07-09 18:04:16.975 9 INFO neutron.plugins.ml2.plugin [None req-6a25ebf5-94fa-4c1c-880c-f5c684c9fdbf - - - - - -] Attempt 1 to provision port f7161869-5153-4103-a174-8b28889d43ea
2026-07-09 18:04:17.032 10 INFO neutron.plugins.ml2.plugin [None req-bd559ac6-d81b-49a9-896e-76bcdc4f8134 - - - - - -] Attempt 1 to provision port 501092e2-2416-4029-bdb9-4bbe02ccf69f
2026-07-09 18:04:17.381 9 INFO neutron.plugins.ml2.plugin [None req-6a25ebf5-94fa-4c1c-880c-f5c684c9fdbf - - - - - -] Attempt 1 to provision port 8abdc776-6059-4a21-bad2-e6c90c5c0ee8
2026-07-09 18:04:19.725 10 INFO neutron.plugins.ml2.plugin [None req-b1650ed2-6f8b-4b04-9a54-5b8a72bc138c - - - - - -] Attempt 1 to provision port 02e6f9b9-36a7-4c8c-b1cc-bea33f70895d
2026-07-09 18:04:22.979 9 INFO neutron.plugins.ml2.plugin [None req-6a25ebf5-94fa-4c1c-880c-f5c684c9fdbf - - - - - -] Attempt 1 to provision port 02e6f9b9-36a7-4c8c-b1cc-bea33f70895d
2026-07-09 18:04:23.166 9 INFO neutron.notifiers.nova [-] Nova event matching ['req-24b94ab8-dac0-4024-90f9-9c3a443a83c6'] response: {'server_uuid': 'b99315d0-99e6-4ed1-a6b9-9509baedeae0', 'name': 'network-vif-plugged', 'status': 'completed', 'tag': '02e6f9b9-36a7-4c8c-b1cc-bea33f70895d', 'code': 200}
2026-07-09 18:04:24.409 9 INFO neutron.plugins.ml2.plugin [None req-284b6717-8940-41e6-95a8-805f0f2f308f - - - - - -] Attempt 1 to provision port 80e92e59-89c8-472d-9a12-0c4e0c8c1de3
2026-07-09 18:04:24.856 10 INFO neutron.plugins.ml2.plugin [None req-6a25ebf5-94fa-4c1c-880c-f5c684c9fdbf - - - - - -] Attempt 1 to provision port 02e6f9b9-36a7-4c8c-b1cc-bea33f70895d
2026-07-09 18:04:26.115 9 INFO neutron.plugins.ml2.plugin [None req-72df8a7e-a424-4cec-ae28-bb81626d9ba4 - - - - - -] Attempt 1 to provision port cee79a4e-b8a0-4193-b6b2-b07cd122bb36
2026-07-09 18:04:26.857 10 INFO neutron.plugins.ml2.plugin [None req-6a25ebf5-94fa-4c1c-880c-f5c684c9fdbf - - - - - -] Attempt 1 to provision port cee79a4e-b8a0-4193-b6b2-b07cd122bb36
2026-07-09 18:04:27.222 9 INFO neutron.plugins.ml2.plugin [None req-54af1d25-f75c-4c5e-a986-b7356bf2b0f1 - - - - - -] Attempt 1 to provision port 1a340d6a-5e80-40bf-98ed-3891cf43465b
2026-07-09 18:04:28.525 9 INFO neutron.plugins.ml2.plugin [None req-c0941336-9441-4924-8809-ff6f72e2affa - - - - - -] Attempt 1 to provision port 1a340d6a-5e80-40bf-98ed-3891cf43465b
2026-07-09 18:04:28.949 9 INFO neutron.plugins.ml2.plugin [None req-6a25ebf5-94fa-4c1c-880c-f5c684c9fdbf - - - - - -] Attempt 1 to provision port bf384f15-0a0a-4b84-a06d-2be1fb39a0b4
2026-07-09 18:04:29.347 9 INFO neutron.plugins.ml2.plugin [None req-6a25ebf5-94fa-4c1c-880c-f5c684c9fdbf - - - - - -] Attempt 1 to provision port 1541ea8a-64b2-4f94-adde-75538edcbf0e
2026-07-09 18:04:29.816 9 INFO neutron.plugins.ml2.plugin [None req-6a25ebf5-94fa-4c1c-880c-f5c684c9fdbf - - - - - -] Attempt 1 to provision port 80e92e59-89c8-472d-9a12-0c4e0c8c1de3
2026-07-09 18:04:30.030 9 INFO neutron.notifiers.nova [-] Nova event matching ['req-2d8066a8-65ab-4cb2-a7c4-1aa07e95fa02'] response: {'server_uuid': '62211733-503c-4295-a444-18656f0b2644', 'name': 'network-vif-plugged', 'status': 'completed', 'tag': '80e92e59-89c8-472d-9a12-0c4e0c8c1de3', 'code': 200}
2026-07-09 18:04:31.284 10 INFO neutron.plugins.ml2.plugin [None req-6a25ebf5-94fa-4c1c-880c-f5c684c9fdbf - - - - - -] Attempt 1 to provision port bf384f15-0a0a-4b84-a06d-2be1fb39a0b4
2026-07-09 18:04:31.536 10 INFO neutron.plugins.ml2.plugin [None req-6a25ebf5-94fa-4c1c-880c-f5c684c9fdbf - - - - - -] Attempt 1 to provision port 5e864b04-1679-4283-8505-3ace63da1be4
2026-07-09 18:04:31.959 10 INFO neutron.plugins.ml2.plugin [None req-6a25ebf5-94fa-4c1c-880c-f5c684c9fdbf - - - - - -] Attempt 1 to provision port 99b0ecd1-685b-4593-ae19-b10e5ad30018
2026-07-09 18:04:32.431 10 INFO neutron.plugins.ml2.plugin [None req-6a25ebf5-94fa-4c1c-880c-f5c684c9fdbf - - - - - -] Attempt 1 to provision port 80e92e59-89c8-472d-9a12-0c4e0c8c1de3
2026-07-09 18:04:33.015 10 INFO neutron.plugins.ml2.plugin [None req-6a25ebf5-94fa-4c1c-880c-f5c684c9fdbf - - - - - -] Attempt 1 to provision port 5e864b04-1679-4283-8505-3ace63da1be4
2026-07-09 18:04:33.267 10 INFO neutron.plugins.ml2.plugin [None req-6a25ebf5-94fa-4c1c-880c-f5c684c9fdbf - - - - - -] Attempt 1 to provision port 99b0ecd1-685b-4593-ae19-b10e5ad30018 /var/lib/openstack/lib/python3.10/site-packages/oslo_db/sqlalchemy/enginefacade.py:664: SAWarning: DELETE statement on table 'portsecuritybindings' expected to delete 1 row(s); 0 were matched. Please set confirm_deleted_rows=False within the mapper configuration to prevent this warning. self.session.flush() /var/lib/openstack/lib/python3.10/site-packages/oslo_db/sqlalchemy/enginefacade.py:664: SAWarning: DELETE statement on table 'ml2_port_bindings' expected to delete 1 row(s); 0 were matched. Please set confirm_deleted_rows=False within the mapper configuration to prevent this warning. self.session.flush() /var/lib/openstack/lib/python3.10/site-packages/oslo_db/sqlalchemy/enginefacade.py:664: SAWarning: DELETE statement on table 'ml2_port_binding_levels' expected to delete 1 row(s); 0 were matched. Please set confirm_deleted_rows=False within the mapper configuration to prevent this warning. self.session.flush() /var/lib/openstack/lib/python3.10/site-packages/oslo_db/sqlalchemy/enginefacade.py:664: SAWarning: DELETE statement on table 'ports' expected to delete 1 row(s); 0 were matched. Please set confirm_deleted_rows=False within the mapper configuration to prevent this warning. self.session.flush()
2026-07-09 18:04:36.800 10 INFO neutron.plugins.ml2.plugin [None req-facaa3bc-1238-41e7-8bf0-0e0933c233c1 - - - - - -] Attempt 1 to provision port 6e02f0a6-e0e8-4e4c-823e-33c59f55d993
2026-07-09 18:04:37.071 9 INFO neutron.plugins.ml2.plugin [None req-6a25ebf5-94fa-4c1c-880c-f5c684c9fdbf - - - - - -] Attempt 1 to provision port 6e02f0a6-e0e8-4e4c-823e-33c59f55d993
2026-07-09 18:04:38.514 10 INFO neutron.plugins.ml2.plugin [None req-87e5ae87-3a99-4566-b880-3ffc7b77c530 - - - - - -] Attempt 1 to provision port 7fedaae1-8ac2-4073-8d0a-767c8d237058
2026-07-09 18:04:38.789 9 INFO neutron.plugins.ml2.plugin [None req-9ab355d0-73bf-490f-abc0-99634c19aa6d - - - - - -] Attempt 1 to provision port 7fedaae1-8ac2-4073-8d0a-767c8d237058
2026-07-09 18:04:39.145 10 INFO neutron.plugins.ml2.plugin [None req-6a25ebf5-94fa-4c1c-880c-f5c684c9fdbf - - - - - -] Attempt 1 to provision port 6e02f0a6-e0e8-4e4c-823e-33c59f55d993
2026-07-09 18:04:43.917 10 INFO neutron.plugins.ml2.plugin [None req-4ab9d8ca-ddef-499d-8826-f09acf3e8532 - - - - - -] Attempt 1 to provision port 9ee24de7-3ac1-4237-969f-6ac5796698fb
2026-07-09 18:04:55.261 9 INFO neutron.plugins.ml2.plugin [None req-6a25ebf5-94fa-4c1c-880c-f5c684c9fdbf - - - - - -] Attempt 1 to provision port d74b564e-685b-4baa-8db1-43daa6359d57
2026-07-09 18:04:56.250 10 INFO neutron.plugins.ml2.plugin [None req-2edc71a1-b94d-421a-95cc-e8e413aed9b9 - - - - - -] Attempt 1 to provision port d74b564e-685b-4baa-8db1-43daa6359d57
2026-07-09 18:04:57.216 10 INFO neutron.plugins.ml2.plugin [None req-6a25ebf5-94fa-4c1c-880c-f5c684c9fdbf - - - - - -] Attempt 1 to provision port d74b564e-685b-4baa-8db1-43daa6359d57
2026-07-09 18:04:57.351 10 INFO neutron.plugins.ml2.plugin [None req-9c27949d-5bd3-4fbd-948d-dae3dea49da7 - - - - - -] Attempt 1 to provision port eed4c24f-5f0f-4f5f-b6a2-b66cf2e3c7ad
2026-07-09 18:04:57.706 10 INFO neutron.plugins.ml2.plugin [None req-6a25ebf5-94fa-4c1c-880c-f5c684c9fdbf - - - - - -] Attempt 1 to provision port 1fd03ecb-f978-49d6-bbb6-5929f6213ef6
2026-07-09 18:04:58.246 9 INFO neutron.plugins.ml2.plugin [None req-4fb7f8e3-bd44-4d0e-a09c-49589f9c8bd2 - - - - - -] Attempt 1 to provision port 1fd03ecb-f978-49d6-bbb6-5929f6213ef6
2026-07-09 18:04:58.514 10 INFO neutron.plugins.ml2.plugin [None req-6a25ebf5-94fa-4c1c-880c-f5c684c9fdbf - - - - - -] Attempt 1 to provision port eed4c24f-5f0f-4f5f-b6a2-b66cf2e3c7ad
2026-07-09 18:04:59.267 9 INFO neutron.plugins.ml2.plugin [None req-e6821434-5b19-4836-9371-a23c41974cee - - - - - -] Attempt 1 to provision port 5fb242c9-4ac1-430d-ba65-b71141543369
2026-07-09 18:04:59.299 9 INFO neutron.plugins.ml2.plugin [None req-6a25ebf5-94fa-4c1c-880c-f5c684c9fdbf - - - - - -] Attempt 1 to provision port 5fb242c9-4ac1-430d-ba65-b71141543369
2026-07-09 18:05:00.261 9 INFO neutron.plugins.ml2.plugin [None req-f1a82839-f1bd-499b-8159-5c2ce4403dc8 - - - - - -] Attempt 1 to provision port 88b07164-cb82-419e-a1f8-7c177f5c15ac
2026-07-09 18:05:00.677 9 INFO neutron.plugins.ml2.plugin [None req-6a25ebf5-94fa-4c1c-880c-f5c684c9fdbf - - - - - -] Attempt 1 to provision port 88b07164-cb82-419e-a1f8-7c177f5c15ac
2026-07-09 18:05:01.613 10 INFO neutron.plugins.ml2.plugin [None req-6a25ebf5-94fa-4c1c-880c-f5c684c9fdbf - - - - - -] Attempt 1 to provision port c997be2e-6416-4da4-b6c9-1cf7083bb4fb
2026-07-09 18:05:01.836 10 INFO neutron.notifiers.nova [-] Nova event matching ['req-62221170-5392-4444-bfcb-1d931a772811'] response: {'server_uuid': 'fbeacc4a-e595-47ae-a176-132771858806', 'name': 'network-vif-plugged', 'status': 'completed', 'tag': 'c997be2e-6416-4da4-b6c9-1cf7083bb4fb', 'code': 200}
2026-07-09 18:05:03.460 10 INFO neutron.plugins.ml2.plugin [None req-6a25ebf5-94fa-4c1c-880c-f5c684c9fdbf - - - - - -] Attempt 1 to provision port c997be2e-6416-4da4-b6c9-1cf7083bb4fb
2026-07-09 18:05:12.920 9 ERROR neutron.plugins.ml2.managers [None req-b49e58c1-7498-4d6c-9fc0-93349fce756e - - - - - -] Mechanism driver openvswitch failed in bind_port: neutron_lib.exceptions.SubnetNotFound: Subnet 7b8a629b-52b0-4ca2-a374-31820a79a8ca could not be found.
2026-07-09 18:05:12.920 9 ERROR neutron.plugins.ml2.managers
Traceback (most recent call last):
2026-07-09 18:05:12.920 9 ERROR neutron.plugins.ml2.managers
File "/var/lib/openstack/lib/python3.10/site-packages/neutron/plugins/ml2/managers.py", line 850, in _bind_port_level
2026-07-09 18:05:12.920 9 ERROR neutron.plugins.ml2.managers driver.obj.bind_port(context)
2026-07-09 18:05:12.920 9 ERROR neutron.plugins.ml2.managers
File "/var/lib/openstack/lib/python3.10/site-packages/neutron/plugins/ml2/drivers/openvswitch/mech_driver/mech_openvswitch.py", line 133, in bind_port
2026-07-09 18:05:12.920 9 ERROR neutron.plugins.ml2.managers super(OpenvswitchMechanismDriver, self).bind_port(context)
2026-07-09 18:05:12.920 9 ERROR neutron.plugins.ml2.managers
File "/var/lib/openstack/lib/python3.10/site-packages/neutron/plugins/ml2/drivers/mech_agent.py", line 104, in bind_port
2026-07-09 18:05:12.920 9 ERROR neutron.plugins.ml2.managers subnets = self.get_subnets_from_fixed_ips(context)
2026-07-09 18:05:12.920 9 ERROR neutron.plugins.ml2.managers
File "/var/lib/openstack/lib/python3.10/site-packages/neutron/plugins/ml2/drivers/mech_agent.py", line 149, in get_subnets_from_fixed_ips
2026-07-09 18:05:12.920 9 ERROR neutron.plugins.ml2.managers subnets.append(context._plugin.get_subnet(
2026-07-09 18:05:12.920 9 ERROR neutron.plugins.ml2.managers
File "/var/lib/openstack/lib/python3.10/site-packages/neutron_lib/db/api.py", line 223, in wrapped
2026-07-09 18:05:12.920 9 ERROR neutron.plugins.ml2.managers return f_with_retry(*args, **kwargs,
2026-07-09 18:05:12.920 9 ERROR neutron.plugins.ml2.managers
File "/var/lib/openstack/lib/python3.10/site-packages/neutron_lib/db/api.py", line 137, in wrapped
2026-07-09 18:05:12.920 9 ERROR neutron.plugins.ml2.managers with excutils.save_and_reraise_exception():
2026-07-09 18:05:12.920 9 ERROR neutron.plugins.ml2.managers
File "/var/lib/openstack/lib/python3.10/site-packages/oslo_utils/excutils.py", line 227, in __exit__
2026-07-09 18:05:12.920 9 ERROR neutron.plugins.ml2.managers self.force_reraise()
2026-07-09 18:05:12.920 9 ERROR neutron.plugins.ml2.managers
File "/var/lib/openstack/lib/python3.10/site-packages/oslo_utils/excutils.py", line 200, in force_reraise
2026-07-09 18:05:12.920 9 ERROR neutron.plugins.ml2.managers raise self.value
2026-07-09 18:05:12.920 9 ERROR neutron.plugins.ml2.managers
File "/var/lib/openstack/lib/python3.10/site-packages/neutron_lib/db/api.py", line 135, in wrapped
2026-07-09 18:05:12.920 9 ERROR neutron.plugins.ml2.managers return f(*args, **kwargs)
2026-07-09 18:05:12.920 9 ERROR neutron.plugins.ml2.managers
File "/var/lib/openstack/lib/python3.10/site-packages/oslo_db/api.py", line 144, in wrapper
2026-07-09 18:05:12.920 9 ERROR neutron.plugins.ml2.managers with excutils.save_and_reraise_exception() as ectxt:
2026-07-09 18:05:12.920 9 ERROR neutron.plugins.ml2.managers
File "/var/lib/openstack/lib/python3.10/site-packages/oslo_utils/excutils.py", line 227, in __exit__
2026-07-09 18:05:12.920 9 ERROR neutron.plugins.ml2.managers self.force_reraise()
2026-07-09 18:05:12.920 9 ERROR neutron.plugins.ml2.managers
File "/var/lib/openstack/lib/python3.10/site-packages/oslo_utils/excutils.py", line 200, in force_reraise
2026-07-09 18:05:12.920 9 ERROR neutron.plugins.ml2.managers raise self.value
2026-07-09 18:05:12.920 9 ERROR neutron.plugins.ml2.managers
File "/var/lib/openstack/lib/python3.10/site-packages/oslo_db/api.py", line 142, in wrapper
2026-07-09 18:05:12.920 9 ERROR neutron.plugins.ml2.managers return f(*args, **kwargs)
2026-07-09 18:05:12.920 9 ERROR neutron.plugins.ml2.managers
File "/var/lib/openstack/lib/python3.10/site-packages/neutron_lib/db/api.py", line 183, in wrapped
2026-07-09 18:05:12.920 9 ERROR neutron.plugins.ml2.managers with excutils.save_and_reraise_exception():
2026-07-09 18:05:12.920 9 ERROR neutron.plugins.ml2.managers
File "/var/lib/openstack/lib/python3.10/site-packages/oslo_utils/excutils.py", line 227, in __exit__
2026-07-09 18:05:12.920 9 ERROR neutron.plugins.ml2.managers self.force_reraise()
2026-07-09 18:05:12.920 9 ERROR neutron.plugins.ml2.managers
File "/var/lib/openstack/lib/python3.10/site-packages/oslo_utils/excutils.py", line 200, in force_reraise
2026-07-09 18:05:12.920 9 ERROR neutron.plugins.ml2.managers raise self.value
2026-07-09 18:05:12.920 9 ERROR neutron.plugins.ml2.managers
File "/var/lib/openstack/lib/python3.10/site-packages/neutron_lib/db/api.py", line 181, in wrapped
2026-07-09 18:05:12.920 9 ERROR neutron.plugins.ml2.managers return f(*dup_args, **dup_kwargs)
2026-07-09 18:05:12.920 9 ERROR neutron.plugins.ml2.managers
File "/var/lib/openstack/lib/python3.10/site-packages/neutron/db/db_base_plugin_v2.py", line 1233, in get_subnet
2026-07-09 18:05:12.920 9 ERROR neutron.plugins.ml2.managers subnet_obj = self._get_subnet_object(context, id)
2026-07-09 18:05:12.920 9 ERROR neutron.plugins.ml2.managers
File "/var/lib/openstack/lib/python3.10/site-packages/neutron/db/db_base_plugin_common.py", line 282, in _get_subnet_object
2026-07-09 18:05:12.920 9 ERROR neutron.plugins.ml2.managers raise exceptions.SubnetNotFound(subnet_id=id)
2026-07-09 18:05:12.920 9 ERROR neutron.plugins.ml2.managers neutron_lib.exceptions.SubnetNotFound: Subnet 7b8a629b-52b0-4ca2-a374-31820a79a8ca could not be found.
2026-07-09 18:05:12.920 9 ERROR neutron.plugins.ml2.managers 
2026-07-09 18:05:12.922 9 ERROR neutron.plugins.ml2.managers [None req-b49e58c1-7498-4d6c-9fc0-93349fce756e - - - - - -] Failed to bind port 9c3b0c40-6073-4168-8080-c7f217912b3a on host instance for vnic_type normal using segments [{'id': '9fc8c96a-dce8-4f29-8eff-9a02d40b113b', 'network_type': 'vxlan', 'physical_network': None, 'segmentation_id': 47, 'network_id': 'e38dc405-a0aa-47fe-acbc-18511a6189cf'}]
2026-07-09 18:05:12.923 9 INFO neutron.plugins.ml2.plugin [None req-b49e58c1-7498-4d6c-9fc0-93349fce756e - - - - - -] Attempt 2 to bind port 9c3b0c40-6073-4168-8080-c7f217912b3a
2026-07-09 18:05:12.963 9 ERROR neutron.plugins.ml2.managers [None req-b49e58c1-7498-4d6c-9fc0-93349fce756e - - - - - -] Mechanism driver openvswitch failed in bind_port: neutron_lib.exceptions.SubnetNotFound: Subnet 7b8a629b-52b0-4ca2-a374-31820a79a8ca could not be found.
2026-07-09 18:05:12.963 9 ERROR neutron.plugins.ml2.managers
Traceback (most recent call last):
2026-07-09 18:05:12.963 9 ERROR neutron.plugins.ml2.managers
File "/var/lib/openstack/lib/python3.10/site-packages/neutron/plugins/ml2/managers.py", line 850, in _bind_port_level
2026-07-09 18:05:12.963 9 ERROR neutron.plugins.ml2.managers driver.obj.bind_port(context)
2026-07-09 18:05:12.963 9 ERROR neutron.plugins.ml2.managers
File "/var/lib/openstack/lib/python3.10/site-packages/neutron/plugins/ml2/drivers/openvswitch/mech_driver/mech_openvswitch.py", line 133, in bind_port
2026-07-09 18:05:12.963 9 ERROR neutron.plugins.ml2.managers super(OpenvswitchMechanismDriver, self).bind_port(context)
2026-07-09 18:05:12.963 9 ERROR neutron.plugins.ml2.managers
File "/var/lib/openstack/lib/python3.10/site-packages/neutron/plugins/ml2/drivers/mech_agent.py", line 104, in bind_port
2026-07-09 18:05:12.963 9 ERROR neutron.plugins.ml2.managers subnets = self.get_subnets_from_fixed_ips(context)
2026-07-09 18:05:12.963 9 ERROR neutron.plugins.ml2.managers
File "/var/lib/openstack/lib/python3.10/site-packages/neutron/plugins/ml2/drivers/mech_agent.py", line 149, in get_subnets_from_fixed_ips
2026-07-09 18:05:12.963 9 ERROR neutron.plugins.ml2.managers subnets.append(context._plugin.get_subnet(
2026-07-09 18:05:12.963 9 ERROR neutron.plugins.ml2.managers
File "/var/lib/openstack/lib/python3.10/site-packages/neutron_lib/db/api.py", line 223, in wrapped
2026-07-09 18:05:12.963 9 ERROR neutron.plugins.ml2.managers return f_with_retry(*args, **kwargs,
2026-07-09 18:05:12.963 9 ERROR neutron.plugins.ml2.managers
File "/var/lib/openstack/lib/python3.10/site-packages/neutron_lib/db/api.py", line 137, in wrapped
2026-07-09 18:05:12.963 9 ERROR neutron.plugins.ml2.managers with excutils.save_and_reraise_exception():
2026-07-09 18:05:12.963 9 ERROR neutron.plugins.ml2.managers
File "/var/lib/openstack/lib/python3.10/site-packages/oslo_utils/excutils.py", line 227, in __exit__
2026-07-09 18:05:12.963 9 ERROR neutron.plugins.ml2.managers self.force_reraise()
2026-07-09 18:05:12.963 9 ERROR neutron.plugins.ml2.managers
File "/var/lib/openstack/lib/python3.10/site-packages/oslo_utils/excutils.py", line 200, in force_reraise
2026-07-09 18:05:12.963 9 ERROR neutron.plugins.ml2.managers raise self.value
2026-07-09 18:05:12.963 9 ERROR neutron.plugins.ml2.managers
File "/var/lib/openstack/lib/python3.10/site-packages/neutron_lib/db/api.py", line 135, in wrapped
2026-07-09 18:05:12.963 9 ERROR neutron.plugins.ml2.managers return f(*args, **kwargs)
2026-07-09 18:05:12.963 9 ERROR neutron.plugins.ml2.managers
File "/var/lib/openstack/lib/python3.10/site-packages/oslo_db/api.py", line 144, in wrapper
2026-07-09 18:05:12.963 9 ERROR neutron.plugins.ml2.managers with excutils.save_and_reraise_exception() as ectxt:
2026-07-09 18:05:12.963 9 ERROR neutron.plugins.ml2.managers
File "/var/lib/openstack/lib/python3.10/site-packages/oslo_utils/excutils.py", line 227, in __exit__
2026-07-09 18:05:12.963 9 ERROR neutron.plugins.ml2.managers self.force_reraise()
2026-07-09 18:05:12.963 9 ERROR neutron.plugins.ml2.managers
File "/var/lib/openstack/lib/python3.10/site-packages/oslo_utils/excutils.py", line 200, in force_reraise
2026-07-09 18:05:12.963 9 ERROR neutron.plugins.ml2.managers raise self.value
2026-07-09 18:05:12.963 9 ERROR neutron.plugins.ml2.managers
File "/var/lib/openstack/lib/python3.10/site-packages/oslo_db/api.py", line 142, in wrapper
2026-07-09 18:05:12.963 9 ERROR neutron.plugins.ml2.managers return f(*args, **kwargs)
2026-07-09 18:05:12.963 9 ERROR neutron.plugins.ml2.managers
File "/var/lib/openstack/lib/python3.10/site-packages/neutron_lib/db/api.py", line 183, in wrapped
2026-07-09 18:05:12.963 9 ERROR neutron.plugins.ml2.managers with excutils.save_and_reraise_exception():
2026-07-09 18:05:12.963 9 ERROR neutron.plugins.ml2.managers
File "/var/lib/openstack/lib/python3.10/site-packages/oslo_utils/excutils.py", line 227, in __exit__
2026-07-09 18:05:12.963 9 ERROR neutron.plugins.ml2.managers self.force_reraise()
2026-07-09 18:05:12.963 9 ERROR neutron.plugins.ml2.managers
File "/var/lib/openstack/lib/python3.10/site-packages/oslo_utils/excutils.py", line 200, in force_reraise
2026-07-09 18:05:12.963 9 ERROR neutron.plugins.ml2.managers raise self.value
2026-07-09 18:05:12.963 9 ERROR neutron.plugins.ml2.managers
File "/var/lib/openstack/lib/python3.10/site-packages/neutron_lib/db/api.py", line 181, in wrapped
2026-07-09 18:05:12.963 9 ERROR neutron.plugins.ml2.managers return f(*dup_args, **dup_kwargs)
2026-07-09 18:05:12.963 9 ERROR neutron.plugins.ml2.managers
File "/var/lib/openstack/lib/python3.10/site-packages/neutron/db/db_base_plugin_v2.py", line 1233, in get_subnet
2026-07-09 18:05:12.963 9 ERROR neutron.plugins.ml2.managers subnet_obj = self._get_subnet_object(context, id)
2026-07-09 18:05:12.963 9 ERROR neutron.plugins.ml2.managers
File "/var/lib/openstack/lib/python3.10/site-packages/neutron/db/db_base_plugin_common.py", line 282, in _get_subnet_object
2026-07-09 18:05:12.963 9 ERROR neutron.plugins.ml2.managers raise exceptions.SubnetNotFound(subnet_id=id)
2026-07-09 18:05:12.963 9 ERROR neutron.plugins.ml2.managers neutron_lib.exceptions.SubnetNotFound: Subnet 7b8a629b-52b0-4ca2-a374-31820a79a8ca could not be found.
2026-07-09 18:05:12.963 9 ERROR neutron.plugins.ml2.managers 
2026-07-09 18:05:12.964 9 ERROR neutron.plugins.ml2.managers [None req-b49e58c1-7498-4d6c-9fc0-93349fce756e - - - - - -] Failed to bind port 9c3b0c40-6073-4168-8080-c7f217912b3a on host instance for vnic_type normal using segments [{'id': '9fc8c96a-dce8-4f29-8eff-9a02d40b113b', 'network_type': 'vxlan', 'physical_network': None, 'segmentation_id': 47, 'network_id': 'e38dc405-a0aa-47fe-acbc-18511a6189cf'}]
2026-07-09 18:05:12.965 9 INFO neutron.plugins.ml2.plugin [None req-b49e58c1-7498-4d6c-9fc0-93349fce756e - - - - - -] Attempt 3 to bind port 9c3b0c40-6073-4168-8080-c7f217912b3a
2026-07-09 18:05:13.033 9 ERROR neutron.plugins.ml2.managers [None req-b49e58c1-7498-4d6c-9fc0-93349fce756e - - - - - -] Mechanism driver openvswitch failed in bind_port: neutron_lib.exceptions.SubnetNotFound: Subnet 7b8a629b-52b0-4ca2-a374-31820a79a8ca could not be found.
2026-07-09 18:05:13.033 9 ERROR neutron.plugins.ml2.managers
Traceback (most recent call last):
2026-07-09 18:05:13.033 9 ERROR neutron.plugins.ml2.managers
File "/var/lib/openstack/lib/python3.10/site-packages/neutron/plugins/ml2/managers.py", line 850, in _bind_port_level
2026-07-09 18:05:13.033 9 ERROR neutron.plugins.ml2.managers driver.obj.bind_port(context)
2026-07-09 18:05:13.033 9 ERROR neutron.plugins.ml2.managers
File "/var/lib/openstack/lib/python3.10/site-packages/neutron/plugins/ml2/drivers/openvswitch/mech_driver/mech_openvswitch.py", line 133, in bind_port
2026-07-09 18:05:13.033 9 ERROR neutron.plugins.ml2.managers super(OpenvswitchMechanismDriver, self).bind_port(context)
2026-07-09 18:05:13.033 9 ERROR neutron.plugins.ml2.managers
File "/var/lib/openstack/lib/python3.10/site-packages/neutron/plugins/ml2/drivers/mech_agent.py", line 104, in bind_port
2026-07-09 18:05:13.033 9 ERROR neutron.plugins.ml2.managers subnets = self.get_subnets_from_fixed_ips(context)
2026-07-09 18:05:13.033 9 ERROR neutron.plugins.ml2.managers
File "/var/lib/openstack/lib/python3.10/site-packages/neutron/plugins/ml2/drivers/mech_agent.py", line 149, in get_subnets_from_fixed_ips
2026-07-09 18:05:13.033 9 ERROR neutron.plugins.ml2.managers subnets.append(context._plugin.get_subnet(
2026-07-09 18:05:13.033 9 ERROR neutron.plugins.ml2.managers
File "/var/lib/openstack/lib/python3.10/site-packages/neutron_lib/db/api.py", line 223, in wrapped
2026-07-09 18:05:13.033 9 ERROR neutron.plugins.ml2.managers return f_with_retry(*args, **kwargs,
2026-07-09 18:05:13.033 9 ERROR neutron.plugins.ml2.managers
File "/var/lib/openstack/lib/python3.10/site-packages/neutron_lib/db/api.py", line 137, in wrapped
2026-07-09 18:05:13.033 9 ERROR neutron.plugins.ml2.managers with excutils.save_and_reraise_exception():
2026-07-09 18:05:13.033 9 ERROR neutron.plugins.ml2.managers
File "/var/lib/openstack/lib/python3.10/site-packages/oslo_utils/excutils.py", line 227, in __exit__
2026-07-09 18:05:13.033 9 ERROR neutron.plugins.ml2.managers self.force_reraise()
2026-07-09 18:05:13.033 9 ERROR neutron.plugins.ml2.managers
File "/var/lib/openstack/lib/python3.10/site-packages/oslo_utils/excutils.py", line 200, in force_reraise
2026-07-09 18:05:13.033 9 ERROR neutron.plugins.ml2.managers raise self.value
2026-07-09 18:05:13.033 9 ERROR neutron.plugins.ml2.managers
File "/var/lib/openstack/lib/python3.10/site-packages/neutron_lib/db/api.py", line 135, in wrapped
2026-07-09 18:05:13.033 9 ERROR neutron.plugins.ml2.managers return f(*args, **kwargs)
2026-07-09 18:05:13.033 9 ERROR neutron.plugins.ml2.managers
File "/var/lib/openstack/lib/python3.10/site-packages/oslo_db/api.py", line 144, in wrapper
2026-07-09 18:05:13.033 9 ERROR neutron.plugins.ml2.managers with excutils.save_and_reraise_exception() as ectxt:
2026-07-09 18:05:13.033 9 ERROR neutron.plugins.ml2.managers
File "/var/lib/openstack/lib/python3.10/site-packages/oslo_utils/excutils.py", line 227, in __exit__
2026-07-09 18:05:13.033 9 ERROR neutron.plugins.ml2.managers self.force_reraise()
2026-07-09 18:05:13.033 9 ERROR neutron.plugins.ml2.managers
File "/var/lib/openstack/lib/python3.10/site-packages/oslo_utils/excutils.py", line 200, in force_reraise
2026-07-09 18:05:13.033 9 ERROR neutron.plugins.ml2.managers raise self.value
2026-07-09 18:05:13.033 9 ERROR neutron.plugins.ml2.managers
File "/var/lib/openstack/lib/python3.10/site-packages/oslo_db/api.py", line 142, in wrapper
2026-07-09 18:05:13.033 9 ERROR neutron.plugins.ml2.managers return f(*args, **kwargs)
2026-07-09 18:05:13.033 9 ERROR neutron.plugins.ml2.managers
File "/var/lib/openstack/lib/python3.10/site-packages/neutron_lib/db/api.py", line 183, in wrapped
2026-07-09 18:05:13.033 9 ERROR neutron.plugins.ml2.managers with excutils.save_and_reraise_exception():
2026-07-09 18:05:13.033 9 ERROR neutron.plugins.ml2.managers
File "/var/lib/openstack/lib/python3.10/site-packages/oslo_utils/excutils.py", line 227, in __exit__
2026-07-09 18:05:13.033 9 ERROR neutron.plugins.ml2.managers self.force_reraise()
2026-07-09 18:05:13.033 9 ERROR neutron.plugins.ml2.managers
File "/var/lib/openstack/lib/python3.10/site-packages/oslo_utils/excutils.py", line 200, in force_reraise
2026-07-09 18:05:13.033 9 ERROR neutron.plugins.ml2.managers raise self.value
2026-07-09 18:05:13.033 9 ERROR neutron.plugins.ml2.managers
File "/var/lib/openstack/lib/python3.10/site-packages/neutron_lib/db/api.py", line 181, in wrapped
2026-07-09 18:05:13.033 9 ERROR neutron.plugins.ml2.managers return f(*dup_args, **dup_kwargs)
2026-07-09 18:05:13.033 9 ERROR neutron.plugins.ml2.managers
File "/var/lib/openstack/lib/python3.10/site-packages/neutron/db/db_base_plugin_v2.py", line 1233, in get_subnet
2026-07-09 18:05:13.033 9 ERROR neutron.plugins.ml2.managers subnet_obj = self._get_subnet_object(context, id)
2026-07-09 18:05:13.033 9 ERROR neutron.plugins.ml2.managers
File "/var/lib/openstack/lib/python3.10/site-packages/neutron/db/db_base_plugin_common.py", line 282, in _get_subnet_object
2026-07-09 18:05:13.033 9 ERROR neutron.plugins.ml2.managers raise exceptions.SubnetNotFound(subnet_id=id)
2026-07-09 18:05:13.033 9 ERROR neutron.plugins.ml2.managers neutron_lib.exceptions.SubnetNotFound: Subnet 7b8a629b-52b0-4ca2-a374-31820a79a8ca could not be found.
2026-07-09 18:05:13.033 9 ERROR neutron.plugins.ml2.managers 
2026-07-09 18:05:13.035 9 ERROR neutron.plugins.ml2.managers [None req-b49e58c1-7498-4d6c-9fc0-93349fce756e - - - - - -] Failed to bind port 9c3b0c40-6073-4168-8080-c7f217912b3a on host instance for vnic_type normal using segments [{'id': '9fc8c96a-dce8-4f29-8eff-9a02d40b113b', 'network_type': 'vxlan', 'physical_network': None, 'segmentation_id': 47, 'network_id': 'e38dc405-a0aa-47fe-acbc-18511a6189cf'}]
2026-07-09 18:05:13.035 9 INFO neutron.plugins.ml2.plugin [None req-b49e58c1-7498-4d6c-9fc0-93349fce756e - - - - - -] Attempt 4 to bind port 9c3b0c40-6073-4168-8080-c7f217912b3a
2026-07-09 18:05:13.069 9 ERROR neutron.plugins.ml2.managers [None req-b49e58c1-7498-4d6c-9fc0-93349fce756e - - - - - -] Mechanism driver openvswitch failed in bind_port: neutron_lib.exceptions.SubnetNotFound: Subnet 7b8a629b-52b0-4ca2-a374-31820a79a8ca could not be found.
2026-07-09 18:05:13.069 9 ERROR neutron.plugins.ml2.managers
Traceback (most recent call last):
2026-07-09 18:05:13.069 9 ERROR neutron.plugins.ml2.managers
File "/var/lib/openstack/lib/python3.10/site-packages/neutron/plugins/ml2/managers.py", line 850, in _bind_port_level
2026-07-09 18:05:13.069 9 ERROR neutron.plugins.ml2.managers driver.obj.bind_port(context)
2026-07-09 18:05:13.069 9 ERROR neutron.plugins.ml2.managers
File "/var/lib/openstack/lib/python3.10/site-packages/neutron/plugins/ml2/drivers/openvswitch/mech_driver/mech_openvswitch.py", line 133, in bind_port
2026-07-09 18:05:13.069 9 ERROR neutron.plugins.ml2.managers super(OpenvswitchMechanismDriver, self).bind_port(context)
2026-07-09 18:05:13.069 9 ERROR neutron.plugins.ml2.managers
File "/var/lib/openstack/lib/python3.10/site-packages/neutron/plugins/ml2/drivers/mech_agent.py", line 104, in bind_port
2026-07-09 18:05:13.069 9 ERROR neutron.plugins.ml2.managers subnets = self.get_subnets_from_fixed_ips(context)
2026-07-09 18:05:13.069 9 ERROR neutron.plugins.ml2.managers
File "/var/lib/openstack/lib/python3.10/site-packages/neutron/plugins/ml2/drivers/mech_agent.py", line 149, in get_subnets_from_fixed_ips
2026-07-09 18:05:13.069 9 ERROR neutron.plugins.ml2.managers subnets.append(context._plugin.get_subnet(
2026-07-09 18:05:13.069 9 ERROR neutron.plugins.ml2.managers
File "/var/lib/openstack/lib/python3.10/site-packages/neutron_lib/db/api.py", line 223, in wrapped
2026-07-09 18:05:13.069 9 ERROR neutron.plugins.ml2.managers return f_with_retry(*args, **kwargs,
2026-07-09 18:05:13.069 9 ERROR neutron.plugins.ml2.managers
File "/var/lib/openstack/lib/python3.10/site-packages/neutron_lib/db/api.py", line 137, in wrapped
2026-07-09 18:05:13.069 9 ERROR neutron.plugins.ml2.managers with excutils.save_and_reraise_exception():
2026-07-09 18:05:13.069 9 ERROR neutron.plugins.ml2.managers
File "/var/lib/openstack/lib/python3.10/site-packages/oslo_utils/excutils.py", line 227, in __exit__
2026-07-09 18:05:13.069 9 ERROR neutron.plugins.ml2.managers self.force_reraise()
2026-07-09 18:05:13.069 9 ERROR neutron.plugins.ml2.managers
File "/var/lib/openstack/lib/python3.10/site-packages/oslo_utils/excutils.py", line 200, in force_reraise
2026-07-09 18:05:13.069 9 ERROR neutron.plugins.ml2.managers raise self.value
2026-07-09 18:05:13.069 9 ERROR neutron.plugins.ml2.managers
File "/var/lib/openstack/lib/python3.10/site-packages/neutron_lib/db/api.py", line 135, in wrapped
2026-07-09 18:05:13.069 9 ERROR neutron.plugins.ml2.managers return f(*args, **kwargs)
2026-07-09 18:05:13.069 9 ERROR neutron.plugins.ml2.managers
