2026-07-09 18:07:11.580 8 INFO cinder.api.openstack.wsgi [None req-a5b99d42-3477-4e42-befc-ada9f73d8389 5a6145cd14b6448690a3243a004d3a07 8ec1cb7e0cf54af597250d70275f5553 - - default default] http://cinder-api.openstack.svc.cluster.local:8776/v3/8ec1cb7e0cf54af597250d70275f5553/os-services returned with HTTP 200 [pid: 8|app: 0|req: 492/985] 10.0.0.108 () {28 vars in 645 bytes} [Thu Jul 9 18:07:11 2026] GET /v3/8ec1cb7e0cf54af597250d70275f5553/os-services => generated 646 bytes in 236 msecs (HTTP/1.1 200) 7 headers in 285 bytes (1 switches on core 0)
2026-07-09 18:07:11.601 7 INFO cinder.api.openstack.wsgi [None req-31a60e14-487f-4786-a0cc-a8971b503911 5a6145cd14b6448690a3243a004d3a07 8ec1cb7e0cf54af597250d70275f5553 - - default default] GET http://cinder-api.openstack.svc.cluster.local:8776/v3/8ec1cb7e0cf54af597250d70275f5553/volumes/detail?all_tenants=true
2026-07-09 18:07:11.613 7 INFO cinder.volume.api [None req-31a60e14-487f-4786-a0cc-a8971b503911 5a6145cd14b6448690a3243a004d3a07 8ec1cb7e0cf54af597250d70275f5553 - - default default] Get all volumes completed successfully.
2026-07-09 18:07:11.616 7 INFO cinder.api.openstack.wsgi [None req-31a60e14-487f-4786-a0cc-a8971b503911 5a6145cd14b6448690a3243a004d3a07 8ec1cb7e0cf54af597250d70275f5553 - - default default] http://cinder-api.openstack.svc.cluster.local:8776/v3/8ec1cb7e0cf54af597250d70275f5553/volumes/detail?all_tenants=true returned with HTTP 200 [pid: 7|app: 0|req: 494/986] 10.0.0.108 () {28 vars in 684 bytes} [Thu Jul 9 18:07:11 2026] GET /v3/8ec1cb7e0cf54af597250d70275f5553/volumes/detail?all_tenants=true => generated 15 bytes in 28 msecs (HTTP/1.1 200) 7 headers in 284 bytes (1 switches on core 0)
2026-07-09 18:07:11.631 8 INFO cinder.api.openstack.wsgi [None req-492f43f8-28c9-4920-bf0c-958f45b30562 5a6145cd14b6448690a3243a004d3a07 8ec1cb7e0cf54af597250d70275f5553 - - default default] GET http://cinder-api.openstack.svc.cluster.local:8776/v3/8ec1cb7e0cf54af597250d70275f5553/scheduler-stats/get_pools?detail=true
2026-07-09 18:07:11.649 8 INFO cinder.api.openstack.wsgi [None req-492f43f8-28c9-4920-bf0c-958f45b30562 5a6145cd14b6448690a3243a004d3a07 8ec1cb7e0cf54af597250d70275f5553 - - default default] http://cinder-api.openstack.svc.cluster.local:8776/v3/8ec1cb7e0cf54af597250d70275f5553/scheduler-stats/get_pools?detail=true returned with HTTP 200 [pid: 8|app: 0|req: 493/987] 10.0.0.108 () {28 vars in 696 bytes} [Thu Jul 9 18:07:11 2026] GET /v3/8ec1cb7e0cf54af597250d70275f5553/scheduler-stats/get_pools?detail=true => generated 670 bytes in 26 msecs (HTTP/1.1 200) 7 headers in 285 bytes (1 switches on core 0)
2026-07-09 18:07:11.665 7 INFO cinder.api.openstack.wsgi [None req-2c371cf4-f2e0-4f24-838d-aa870216b429 5a6145cd14b6448690a3243a004d3a07 8ec1cb7e0cf54af597250d70275f5553 - - default default] GET http://cinder-api.openstack.svc.cluster.local:8776/v3/8ec1cb7e0cf54af597250d70275f5553/snapshots?all_tenants=true
2026-07-09 18:07:11.680 7 INFO cinder.volume.api [None req-2c371cf4-f2e0-4f24-838d-aa870216b429 5a6145cd14b6448690a3243a004d3a07 8ec1cb7e0cf54af597250d70275f5553 - - default default] Get all snapshots completed successfully.
2026-07-09 18:07:11.680 7 INFO cinder.api.openstack.wsgi [None req-2c371cf4-f2e0-4f24-838d-aa870216b429 5a6145cd14b6448690a3243a004d3a07 8ec1cb7e0cf54af597250d70275f5553 - - default default] http://cinder-api.openstack.svc.cluster.local:8776/v3/8ec1cb7e0cf54af597250d70275f5553/snapshots?all_tenants=true returned with HTTP 200 [pid: 7|app: 0|req: 495/988] 10.0.0.108 () {28 vars in 674 bytes} [Thu Jul 9 18:07:11 2026] GET /v3/8ec1cb7e0cf54af597250d70275f5553/snapshots?all_tenants=true => generated 17 bytes in 27 msecs (HTTP/1.1 200) 7 headers in 284 bytes (1 switches on core 0)
2026-07-09 18:07:11.799 8 INFO cinder.api.openstack.wsgi [None req-2360e8a1-69bf-4d49-87b1-7584e085681a 5a6145cd14b6448690a3243a004d3a07 8ec1cb7e0cf54af597250d70275f5553 - - default default] GET http://cinder-api.openstack.svc.cluster.local:8776/v3/8ec1cb7e0cf54af597250d70275f5553/os-quota-sets/0bcfcdb6c88c46289f22ad0957928ea3?usage=true
2026-07-09 18:07:11.830 8 INFO cinder.api.openstack.wsgi [None req-2360e8a1-69bf-4d49-87b1-7584e085681a 5a6145cd14b6448690a3243a004d3a07 8ec1cb7e0cf54af597250d70275f5553 - - default default] http://cinder-api.openstack.svc.cluster.local:8776/v3/8ec1cb7e0cf54af597250d70275f5553/os-quota-sets/0bcfcdb6c88c46289f22ad0957928ea3?usage=true returned with HTTP 200 [pid: 8|app: 0|req: 494/989] 10.0.0.108 () {28 vars in 736 bytes} [Thu Jul 9 18:07:11 2026] GET /v3/8ec1cb7e0cf54af597250d70275f5553/os-quota-sets/0bcfcdb6c88c46289f22ad0957928ea3?usage=true => generated 847 bytes in 40 msecs (HTTP/1.1 200) 7 headers in 285 bytes (1 switches on core 0)
2026-07-09 18:07:11.846 7 INFO cinder.api.openstack.wsgi [None req-04caf544-eecb-4fce-a0a9-6b0bc5d0f83c 5a6145cd14b6448690a3243a004d3a07 8ec1cb7e0cf54af597250d70275f5553 - - default default] GET http://cinder-api.openstack.svc.cluster.local:8776/v3/8ec1cb7e0cf54af597250d70275f5553/os-quota-sets/103d9a69f61d4f2ab6aa558cbc93eed4?usage=true
2026-07-09 18:07:11.885 7 INFO cinder.api.openstack.wsgi [None req-04caf544-eecb-4fce-a0a9-6b0bc5d0f83c 5a6145cd14b6448690a3243a004d3a07 8ec1cb7e0cf54af597250d70275f5553 - - default default] http://cinder-api.openstack.svc.cluster.local:8776/v3/8ec1cb7e0cf54af597250d70275f5553/os-quota-sets/103d9a69f61d4f2ab6aa558cbc93eed4?usage=true returned with HTTP 200 [pid: 7|app: 0|req: 496/990] 10.0.0.108 () {28 vars in 736 bytes} [Thu Jul 9 18:07:11 2026] GET /v3/8ec1cb7e0cf54af597250d70275f5553/os-quota-sets/103d9a69f61d4f2ab6aa558cbc93eed4?usage=true => generated 847 bytes in 50 msecs (HTTP/1.1 200) 7 headers in 285 bytes (1 switches on core 0)
2026-07-09 18:07:11.904 8 INFO cinder.api.openstack.wsgi [None req-214a2a48-26ac-4a23-9ce0-e467bcbc1542 5a6145cd14b6448690a3243a004d3a07 8ec1cb7e0cf54af597250d70275f5553 - - default default] GET http://cinder-api.openstack.svc.cluster.local:8776/v3/8ec1cb7e0cf54af597250d70275f5553/os-quota-sets/1f4d099500254b3a8a8786336c4d48d8?usage=true
2026-07-09 18:07:11.947 8 INFO cinder.api.openstack.wsgi [None req-214a2a48-26ac-4a23-9ce0-e467bcbc1542 5a6145cd14b6448690a3243a004d3a07 8ec1cb7e0cf54af597250d70275f5553 - - default default] http://cinder-api.openstack.svc.cluster.local:8776/v3/8ec1cb7e0cf54af597250d70275f5553/os-quota-sets/1f4d099500254b3a8a8786336c4d48d8?usage=true returned with HTTP 200 [pid: 8|app: 0|req: 495/991] 10.0.0.108 () {28 vars in 736 bytes} [Thu Jul 9 18:07:11 2026] GET /v3/8ec1cb7e0cf54af597250d70275f5553/os-quota-sets/1f4d099500254b3a8a8786336c4d48d8?usage=true => generated 845 bytes in 53 msecs (HTTP/1.1 200) 7 headers in 285 bytes (1 switches on core 0)
2026-07-09 18:07:11.987 7 INFO cinder.api.openstack.wsgi [None req-bbd84ec3-6503-4df4-b0c0-b46ebaedc4fb 5a6145cd14b6448690a3243a004d3a07 8ec1cb7e0cf54af597250d70275f5553 - - default default] GET http://cinder-api.openstack.svc.cluster.local:8776/v3/8ec1cb7e0cf54af597250d70275f5553/os-quota-sets/1f573ee30c9d48a29ce88d8dd994dfdf?usage=true
2026-07-09 18:07:12.021 7 INFO cinder.api.openstack.wsgi [None req-bbd84ec3-6503-4df4-b0c0-b46ebaedc4fb 5a6145cd14b6448690a3243a004d3a07 8ec1cb7e0cf54af597250d70275f5553 - - default default] http://cinder-api.openstack.svc.cluster.local:8776/v3/8ec1cb7e0cf54af597250d70275f5553/os-quota-sets/1f573ee30c9d48a29ce88d8dd994dfdf?usage=true returned with HTTP 200 [pid: 7|app: 0|req: 497/992] 10.0.0.108 () {28 vars in 736 bytes} [Thu Jul 9 18:07:11 2026] GET /v3/8ec1cb7e0cf54af597250d70275f5553/os-quota-sets/1f573ee30c9d48a29ce88d8dd994dfdf?usage=true => generated 847 bytes in 57 msecs (HTTP/1.1 200) 7 headers in 285 bytes (1 switches on core 0)
2026-07-09 18:07:12.042 8 INFO cinder.api.openstack.wsgi [None req-54b702f6-e4dc-4e61-851c-9e2055ce04c6 5a6145cd14b6448690a3243a004d3a07 8ec1cb7e0cf54af597250d70275f5553 - - default default] GET http://cinder-api.openstack.svc.cluster.local:8776/v3/8ec1cb7e0cf54af597250d70275f5553/os-quota-sets/281372e5253e494f87be60b31701b883?usage=true
2026-07-09 18:07:12.094 8 INFO cinder.api.openstack.wsgi [None req-54b702f6-e4dc-4e61-851c-9e2055ce04c6 5a6145cd14b6448690a3243a004d3a07 8ec1cb7e0cf54af597250d70275f5553 - - default default] http://cinder-api.openstack.svc.cluster.local:8776/v3/8ec1cb7e0cf54af597250d70275f5553/os-quota-sets/281372e5253e494f87be60b31701b883?usage=true returned with HTTP 200 [pid: 8|app: 0|req: 496/993] 10.0.0.108 () {28 vars in 736 bytes} [Thu Jul 9 18:07:12 2026] GET /v3/8ec1cb7e0cf54af597250d70275f5553/os-quota-sets/281372e5253e494f87be60b31701b883?usage=true => generated 847 bytes in 65 msecs (HTTP/1.1 200) 7 headers in 285 bytes (1 switches on core 0)
2026-07-09 18:07:12.111 7 INFO cinder.api.openstack.wsgi [None req-168a5b27-3f99-413a-9c36-184251837126 5a6145cd14b6448690a3243a004d3a07 8ec1cb7e0cf54af597250d70275f5553 - - default default] GET http://cinder-api.openstack.svc.cluster.local:8776/v3/8ec1cb7e0cf54af597250d70275f5553/os-quota-sets/2f950d0092ba40b399d4970f8890dcdb?usage=true
2026-07-09 18:07:12.166 7 INFO cinder.api.openstack.wsgi [None req-168a5b27-3f99-413a-9c36-184251837126 5a6145cd14b6448690a3243a004d3a07 8ec1cb7e0cf54af597250d70275f5553 - - default default] http://cinder-api.openstack.svc.cluster.local:8776/v3/8ec1cb7e0cf54af597250d70275f5553/os-quota-sets/2f950d0092ba40b399d4970f8890dcdb?usage=true returned with HTTP 200 [pid: 7|app: 0|req: 498/994] 10.0.0.108 () {28 vars in 736 bytes} [Thu Jul 9 18:07:12 2026] GET /v3/8ec1cb7e0cf54af597250d70275f5553/os-quota-sets/2f950d0092ba40b399d4970f8890dcdb?usage=true => generated 847 bytes in 70 msecs (HTTP/1.1 200) 7 headers in 285 bytes (1 switches on core 0)
2026-07-09 18:07:12.183 8 INFO cinder.api.openstack.wsgi [None req-2ed10a05-4c02-4860-9adf-dded4a6edc7d 5a6145cd14b6448690a3243a004d3a07 8ec1cb7e0cf54af597250d70275f5553 - - default default] GET http://cinder-api.openstack.svc.cluster.local:8776/v3/8ec1cb7e0cf54af597250d70275f5553/os-quota-sets/83e874fede3d4b96b1d36d1f4480088b?usage=true
2026-07-09 18:07:12.221 8 INFO cinder.api.openstack.wsgi [None req-2ed10a05-4c02-4860-9adf-dded4a6edc7d 5a6145cd14b6448690a3243a004d3a07 8ec1cb7e0cf54af597250d70275f5553 - - default default] http://cinder-api.openstack.svc.cluster.local:8776/v3/8ec1cb7e0cf54af597250d70275f5553/os-quota-sets/83e874fede3d4b96b1d36d1f4480088b?usage=true returned with HTTP 200 [pid: 8|app: 0|req: 497/995] 10.0.0.108 () {28 vars in 736 bytes} [Thu Jul 9 18:07:12 2026] GET /v3/8ec1cb7e0cf54af597250d70275f5553/os-quota-sets/83e874fede3d4b96b1d36d1f4480088b?usage=true => generated 847 bytes in 48 msecs (HTTP/1.1 200) 7 headers in 285 bytes (1 switches on core 0)
2026-07-09 18:07:12.233 7 INFO cinder.api.openstack.wsgi [None req-64c23728-73af-494f-b8bd-ff4073bd7607 5a6145cd14b6448690a3243a004d3a07 8ec1cb7e0cf54af597250d70275f5553 - - default default] GET http://cinder-api.openstack.svc.cluster.local:8776/v3/8ec1cb7e0cf54af597250d70275f5553/os-quota-sets/8ec1cb7e0cf54af597250d70275f5553?usage=true
2026-07-09 18:07:12.261 7 INFO cinder.api.openstack.wsgi [None req-64c23728-73af-494f-b8bd-ff4073bd7607 5a6145cd14b6448690a3243a004d3a07 8ec1cb7e0cf54af597250d70275f5553 - - default default] http://cinder-api.openstack.svc.cluster.local:8776/v3/8ec1cb7e0cf54af597250d70275f5553/os-quota-sets/8ec1cb7e0cf54af597250d70275f5553?usage=true returned with HTTP 200 [pid: 7|app: 0|req: 499/996] 10.0.0.108 () {28 vars in 736 bytes} [Thu Jul 9 18:07:12 2026] GET /v3/8ec1cb7e0cf54af597250d70275f5553/os-quota-sets/8ec1cb7e0cf54af597250d70275f5553?usage=true => generated 845 bytes in 36 msecs (HTTP/1.1 200) 7 headers in 285 bytes (1 switches on core 0)
2026-07-09 18:07:12.275 8 INFO cinder.api.openstack.wsgi [None req-02c38f3f-ca8e-4af4-864b-ccfa72c247f3 5a6145cd14b6448690a3243a004d3a07 8ec1cb7e0cf54af597250d70275f5553 - - default default] GET http://cinder-api.openstack.svc.cluster.local:8776/v3/8ec1cb7e0cf54af597250d70275f5553/os-quota-sets/90f820a550464b308dacdc5fab9dd7d6?usage=true
2026-07-09 18:07:12.315 8 INFO cinder.api.openstack.wsgi [None req-02c38f3f-ca8e-4af4-864b-ccfa72c247f3 5a6145cd14b6448690a3243a004d3a07 8ec1cb7e0cf54af597250d70275f5553 - - default default] http://cinder-api.openstack.svc.cluster.local:8776/v3/8ec1cb7e0cf54af597250d70275f5553/os-quota-sets/90f820a550464b308dacdc5fab9dd7d6?usage=true returned with HTTP 200 [pid: 8|app: 0|req: 498/997] 10.0.0.108 () {28 vars in 736 bytes} [Thu Jul 9 18:07:12 2026] GET /v3/8ec1cb7e0cf54af597250d70275f5553/os-quota-sets/90f820a550464b308dacdc5fab9dd7d6?usage=true => generated 847 bytes in 48 msecs (HTTP/1.1 200) 7 headers in 285 bytes (1 switches on core 0)
2026-07-09 18:07:12.331 7 INFO cinder.api.openstack.wsgi [None req-91228900-8495-41d5-a428-5d37d6a9a49c 5a6145cd14b6448690a3243a004d3a07 8ec1cb7e0cf54af597250d70275f5553 - - default default] GET http://cinder-api.openstack.svc.cluster.local:8776/v3/8ec1cb7e0cf54af597250d70275f5553/os-quota-sets/9e36edd7bcbb436f95cffa2e1587a033?usage=true
2026-07-09 18:07:12.355 7 INFO cinder.api.openstack.wsgi [None req-91228900-8495-41d5-a428-5d37d6a9a49c 5a6145cd14b6448690a3243a004d3a07 8ec1cb7e0cf54af597250d70275f5553 - - default default] http://cinder-api.openstack.svc.cluster.local:8776/v3/8ec1cb7e0cf54af597250d70275f5553/os-quota-sets/9e36edd7bcbb436f95cffa2e1587a033?usage=true returned with HTTP 200 [pid: 7|app: 0|req: 500/998] 10.0.0.108 () {28 vars in 736 bytes} [Thu Jul 9 18:07:12 2026] GET /v3/8ec1cb7e0cf54af597250d70275f5553/os-quota-sets/9e36edd7bcbb436f95cffa2e1587a033?usage=true => generated 847 bytes in 32 msecs (HTTP/1.1 200) 7 headers in 285 bytes (1 switches on core 0)
2026-07-09 18:07:12.378 8 INFO cinder.api.openstack.wsgi [None req-01ff1a82-d13f-46a6-b0e9-b4550030a883 5a6145cd14b6448690a3243a004d3a07 8ec1cb7e0cf54af597250d70275f5553 - - default default] GET http://cinder-api.openstack.svc.cluster.local:8776/v3/8ec1cb7e0cf54af597250d70275f5553/os-quota-sets/b746d8e96b9940958748e1604c4f799d?usage=true
2026-07-09 18:07:12.423 8 INFO cinder.api.openstack.wsgi [None req-01ff1a82-d13f-46a6-b0e9-b4550030a883 5a6145cd14b6448690a3243a004d3a07 8ec1cb7e0cf54af597250d70275f5553 - - default default] http://cinder-api.openstack.svc.cluster.local:8776/v3/8ec1cb7e0cf54af597250d70275f5553/os-quota-sets/b746d8e96b9940958748e1604c4f799d?usage=true returned with HTTP 200 [pid: 8|app: 0|req: 499/999] 10.0.0.108 () {28 vars in 736 bytes} [Thu Jul 9 18:07:12 2026] GET /v3/8ec1cb7e0cf54af597250d70275f5553/os-quota-sets/b746d8e96b9940958748e1604c4f799d?usage=true => generated 847 bytes in 58 msecs (HTTP/1.1 200) 7 headers in 285 bytes (1 switches on core 0)
2026-07-09 18:07:12.436 7 INFO cinder.api.openstack.wsgi [None req-3399b3c4-11a3-435e-94b7-be9e55532b74 5a6145cd14b6448690a3243a004d3a07 8ec1cb7e0cf54af597250d70275f5553 - - default default] GET http://cinder-api.openstack.svc.cluster.local:8776/v3/8ec1cb7e0cf54af597250d70275f5553/os-quota-sets/c70d16a3d7fe414587a285e24ad03959?usage=true
2026-07-09 18:07:12.470 7 INFO cinder.api.openstack.wsgi [None req-3399b3c4-11a3-435e-94b7-be9e55532b74 5a6145cd14b6448690a3243a004d3a07 8ec1cb7e0cf54af597250d70275f5553 - - default default] http://cinder-api.openstack.svc.cluster.local:8776/v3/8ec1cb7e0cf54af597250d70275f5553/os-quota-sets/c70d16a3d7fe414587a285e24ad03959?usage=true returned with HTTP 200 [pid: 7|app: 0|req: 501/1000] 10.0.0.108 () {28 vars in 736 bytes} [Thu Jul 9 18:07:12 2026] GET /v3/8ec1cb7e0cf54af597250d70275f5553/os-quota-sets/c70d16a3d7fe414587a285e24ad03959?usage=true => generated 847 bytes in 42 msecs (HTTP/1.1 200) 7 headers in 285 bytes (1 switches on core 0)
2026-07-09 18:07:12.486 8 INFO cinder.api.openstack.wsgi [None req-c4ed8a75-7b56-4b85-af83-8a6bf9611514 5a6145cd14b6448690a3243a004d3a07 8ec1cb7e0cf54af597250d70275f5553 - - default default] GET http://cinder-api.openstack.svc.cluster.local:8776/v3/8ec1cb7e0cf54af597250d70275f5553/os-quota-sets/ff210f05b7bc44008cfa4fabaff41e70?usage=true
2026-07-09 18:07:12.516 8 INFO cinder.api.openstack.wsgi [None req-c4ed8a75-7b56-4b85-af83-8a6bf9611514 5a6145cd14b6448690a3243a004d3a07 8ec1cb7e0cf54af597250d70275f5553 - - default default] http://cinder-api.openstack.svc.cluster.local:8776/v3/8ec1cb7e0cf54af597250d70275f5553/os-quota-sets/ff210f05b7bc44008cfa4fabaff41e70?usage=true returned with HTTP 200 [pid: 8|app: 0|req: 500/1001] 10.0.0.108 () {28 vars in 736 bytes} [Thu Jul 9 18:07:12 2026] GET /v3/8ec1cb7e0cf54af597250d70275f5553/os-quota-sets/ff210f05b7bc44008cfa4fabaff41e70?usage=true => generated 847 bytes in 42 msecs (HTTP/1.1 200) 7 headers in 285 bytes (1 switches on core 0)
2026-07-09 18:07:12.526 7 INFO cinder.api.openstack.wsgi [None req-4349e145-f08f-42e4-9786-74abd0f913ea 5a6145cd14b6448690a3243a004d3a07 8ec1cb7e0cf54af597250d70275f5553 - - default default] GET http://cinder-api.openstack.svc.cluster.local:8776/v3/8ec1cb7e0cf54af597250d70275f5553/volumes/detail?all_tenants=true
2026-07-09 18:07:12.536 7 INFO cinder.volume.api [None req-4349e145-f08f-42e4-9786-74abd0f913ea 5a6145cd14b6448690a3243a004d3a07 8ec1cb7e0cf54af597250d70275f5553 - - default default] Get all volumes completed successfully.
2026-07-09 18:07:12.538 7 INFO cinder.api.openstack.wsgi [None req-4349e145-f08f-42e4-9786-74abd0f913ea 5a6145cd14b6448690a3243a004d3a07 8ec1cb7e0cf54af597250d70275f5553 - - default default] http://cinder-api.openstack.svc.cluster.local:8776/v3/8ec1cb7e0cf54af597250d70275f5553/volumes/detail?all_tenants=true returned with HTTP 200 [pid: 7|app: 0|req: 502/1002] 10.0.0.108 () {28 vars in 684 bytes} [Thu Jul 9 18:07:12 2026] GET /v3/8ec1cb7e0cf54af597250d70275f5553/volumes/detail?all_tenants=true => generated 15 bytes in 18 msecs (HTTP/1.1 200) 7 headers in 284 bytes (1 switches on core 0)
2026-07-09 18:07:20.006 8 INFO cinder.api.openstack.wsgi [None req-c4ed8a75-7b56-4b85-af83-8a6bf9611514 5a6145cd14b6448690a3243a004d3a07 8ec1cb7e0cf54af597250d70275f5553 - - default default] GET http://10.0.0.191:8776/
2026-07-09 18:07:20.008 8 INFO cinder.api.openstack.wsgi [None req-c4ed8a75-7b56-4b85-af83-8a6bf9611514 5a6145cd14b6448690a3243a004d3a07 8ec1cb7e0cf54af597250d70275f5553 - - default default] http://10.0.0.191:8776/ returned with HTTP 300
2026-07-09 18:07:20.008 7 INFO cinder.api.openstack.wsgi [None req-4349e145-f08f-42e4-9786-74abd0f913ea 5a6145cd14b6448690a3243a004d3a07 8ec1cb7e0cf54af597250d70275f5553 - - default default] GET http://10.0.0.191:8776/
2026-07-09 18:07:20.010 7 INFO cinder.api.openstack.wsgi [None req-4349e145-f08f-42e4-9786-74abd0f913ea 5a6145cd14b6448690a3243a004d3a07 8ec1cb7e0cf54af597250d70275f5553 - - default default] http://10.0.0.191:8776/ returned with HTTP 300
2026-07-09 18:07:30.007 7 INFO cinder.api.openstack.wsgi [None req-4349e145-f08f-42e4-9786-74abd0f913ea 5a6145cd14b6448690a3243a004d3a07 8ec1cb7e0cf54af597250d70275f5553 - - default default] GET http://10.0.0.191:8776/
2026-07-09 18:07:30.008 7 INFO cinder.api.openstack.wsgi [None req-4349e145-f08f-42e4-9786-74abd0f913ea 5a6145cd14b6448690a3243a004d3a07 8ec1cb7e0cf54af597250d70275f5553 - - default default] http://10.0.0.191:8776/ returned with HTTP 300
2026-07-09 18:07:30.008 8 INFO cinder.api.openstack.wsgi [None req-c4ed8a75-7b56-4b85-af83-8a6bf9611514 5a6145cd14b6448690a3243a004d3a07 8ec1cb7e0cf54af597250d70275f5553 - - default default] GET http://10.0.0.191:8776/
2026-07-09 18:07:30.010 8 INFO cinder.api.openstack.wsgi [None req-c4ed8a75-7b56-4b85-af83-8a6bf9611514 5a6145cd14b6448690a3243a004d3a07 8ec1cb7e0cf54af597250d70275f5553 - - default default] http://10.0.0.191:8776/ returned with HTTP 300
2026-07-09 18:07:40.006 8 INFO cinder.api.openstack.wsgi [None req-c4ed8a75-7b56-4b85-af83-8a6bf9611514 5a6145cd14b6448690a3243a004d3a07 8ec1cb7e0cf54af597250d70275f5553 - - default default] GET http://10.0.0.191:8776/
2026-07-09 18:07:40.007 7 INFO cinder.api.openstack.wsgi [None req-4349e145-f08f-42e4-9786-74abd0f913ea 5a6145cd14b6448690a3243a004d3a07 8ec1cb7e0cf54af597250d70275f5553 - - default default] GET http://10.0.0.191:8776/
2026-07-09 18:07:40.007 8 INFO cinder.api.openstack.wsgi [None req-c4ed8a75-7b56-4b85-af83-8a6bf9611514 5a6145cd14b6448690a3243a004d3a07 8ec1cb7e0cf54af597250d70275f5553 - - default default] http://10.0.0.191:8776/ returned with HTTP 300
2026-07-09 18:07:40.008 7 INFO cinder.api.openstack.wsgi [None req-4349e145-f08f-42e4-9786-74abd0f913ea 5a6145cd14b6448690a3243a004d3a07 8ec1cb7e0cf54af597250d70275f5553 - - default default] http://10.0.0.191:8776/ returned with HTTP 300
2026-07-09 18:07:50.007 7 INFO cinder.api.openstack.wsgi [None req-4349e145-f08f-42e4-9786-74abd0f913ea 5a6145cd14b6448690a3243a004d3a07 8ec1cb7e0cf54af597250d70275f5553 - - default default] GET http://10.0.0.191:8776/
2026-07-09 18:07:50.009 8 INFO cinder.api.openstack.wsgi [None req-c4ed8a75-7b56-4b85-af83-8a6bf9611514 5a6145cd14b6448690a3243a004d3a07 8ec1cb7e0cf54af597250d70275f5553 - - default default] GET http://10.0.0.191:8776/
2026-07-09 18:07:50.009 7 INFO cinder.api.openstack.wsgi [None req-4349e145-f08f-42e4-9786-74abd0f913ea 5a6145cd14b6448690a3243a004d3a07 8ec1cb7e0cf54af597250d70275f5553 - - default default] http://10.0.0.191:8776/ returned with HTTP 300
2026-07-09 18:07:50.010 8 INFO cinder.api.openstack.wsgi [None req-c4ed8a75-7b56-4b85-af83-8a6bf9611514 5a6145cd14b6448690a3243a004d3a07 8ec1cb7e0cf54af597250d70275f5553 - - default default] http://10.0.0.191:8776/ returned with HTTP 300
2026-07-09 18:07:53.120 7 INFO cinder.api.openstack.wsgi [None req-2e617464-32c0-42d8-ba53-a80fc81abc52 5a6145cd14b6448690a3243a004d3a07 8ec1cb7e0cf54af597250d70275f5553 - - default default] POST http://cinder-api.openstack.svc.cluster.local:8776/v3/8ec1cb7e0cf54af597250d70275f5553/volumes
2026-07-09 18:07:53.294 7 INFO cinder.api.v3.volumes [None req-2e617464-32c0-42d8-ba53-a80fc81abc52 5a6145cd14b6448690a3243a004d3a07 8ec1cb7e0cf54af597250d70275f5553 - - default default] Create volume of 16 GB
2026-07-09 18:07:53.303 7 INFO cinder.volume.api [None req-2e617464-32c0-42d8-ba53-a80fc81abc52 5a6145cd14b6448690a3243a004d3a07 8ec1cb7e0cf54af597250d70275f5553 - - default default] Availability Zones retrieved successfully.
2026-07-09 18:07:53.547 7 INFO cinder.volume.api [None req-2e617464-32c0-42d8-ba53-a80fc81abc52 5a6145cd14b6448690a3243a004d3a07 8ec1cb7e0cf54af597250d70275f5553 - - default default] Create volume request issued successfully.
2026-07-09 18:07:53.548 7 INFO cinder.api.openstack.wsgi [None req-2e617464-32c0-42d8-ba53-a80fc81abc52 5a6145cd14b6448690a3243a004d3a07 8ec1cb7e0cf54af597250d70275f5553 - - default default] http://cinder-api.openstack.svc.cluster.local:8776/v3/8ec1cb7e0cf54af597250d70275f5553/volumes returned with HTTP 202 [pid: 7|app: 0|req: 507/1011] 199.19.213.161 () {34 vars in 734 bytes} [Thu Jul 9 18:07:52 2026] POST /v3/8ec1cb7e0cf54af597250d70275f5553/volumes => generated 846 bytes in 567 msecs (HTTP/1.1 202) 7 headers in 291 bytes (1 switches on core 0)
2026-07-09 18:07:53.569 8 INFO cinder.api.openstack.wsgi [req-2e617464-32c0-42d8-ba53-a80fc81abc52 req-5df2d895-b13a-48d6-9610-eff56ea67983 5a6145cd14b6448690a3243a004d3a07 8ec1cb7e0cf54af597250d70275f5553 - - default default] GET http://cinder-api.openstack.svc.cluster.local:8776/v3/8ec1cb7e0cf54af597250d70275f5553/volumes/efc39977-a78b-4bcc-97bb-350a9401fabb /var/lib/openstack/lib/python3.10/site-packages/oslo_context/context.py:100: DeprecationWarning: Policy enforcement is depending on the value of is_admin. This key is deprecated. Please update your policy file to use the standard policy values. warnings.warn('Policy enforcement is depending on the value of '
2026-07-09 18:07:53.607 8 INFO cinder.volume.api [req-2e617464-32c0-42d8-ba53-a80fc81abc52 req-5df2d895-b13a-48d6-9610-eff56ea67983 5a6145cd14b6448690a3243a004d3a07 8ec1cb7e0cf54af597250d70275f5553 - - default default] Volume info retrieved successfully.
2026-07-09 18:07:53.613 8 INFO cinder.api.openstack.wsgi [req-2e617464-32c0-42d8-ba53-a80fc81abc52 req-5df2d895-b13a-48d6-9610-eff56ea67983 5a6145cd14b6448690a3243a004d3a07 8ec1cb7e0cf54af597250d70275f5553 - - default default] http://cinder-api.openstack.svc.cluster.local:8776/v3/8ec1cb7e0cf54af597250d70275f5553/volumes/efc39977-a78b-4bcc-97bb-350a9401fabb returned with HTTP 200 [pid: 8|app: 0|req: 505/1012] 199.19.213.161 () {32 vars in 825 bytes} [Thu Jul 9 18:07:53 2026] GET /v3/8ec1cb7e0cf54af597250d70275f5553/volumes/efc39977-a78b-4bcc-97bb-350a9401fabb => generated 1025 bytes in 52 msecs (HTTP/1.1 200) 7 headers in 286 bytes (1 switches on core 0) /var/lib/openstack/lib/python3.10/site-packages/pycadf/identifier.py:71: UserWarning: Invalid uuid: cinderv3. To ensure interoperability, identifiers should be a valid uuid. warnings.warn(('Invalid uuid: %s. To ensure interoperability, '
2026-07-09 18:07:58.633 7 INFO cinder.api.openstack.wsgi [req-2e617464-32c0-42d8-ba53-a80fc81abc52 req-aa6599a7-983c-47a6-97e0-12e544d9c29c 5a6145cd14b6448690a3243a004d3a07 8ec1cb7e0cf54af597250d70275f5553 - - default default] GET http://cinder-api.openstack.svc.cluster.local:8776/v3/8ec1cb7e0cf54af597250d70275f5553/volumes/efc39977-a78b-4bcc-97bb-350a9401fabb /var/lib/openstack/lib/python3.10/site-packages/oslo_context/context.py:100: DeprecationWarning: Policy enforcement is depending on the value of is_admin. This key is deprecated. Please update your policy file to use the standard policy values. warnings.warn('Policy enforcement is depending on the value of '
2026-07-09 18:07:58.656 7 INFO cinder.volume.api [req-2e617464-32c0-42d8-ba53-a80fc81abc52 req-aa6599a7-983c-47a6-97e0-12e544d9c29c 5a6145cd14b6448690a3243a004d3a07 8ec1cb7e0cf54af597250d70275f5553 - - default default] Volume info retrieved successfully.
2026-07-09 18:07:58.662 7 INFO cinder.api.openstack.wsgi [req-2e617464-32c0-42d8-ba53-a80fc81abc52 req-aa6599a7-983c-47a6-97e0-12e544d9c29c 5a6145cd14b6448690a3243a004d3a07 8ec1cb7e0cf54af597250d70275f5553 - - default default] http://cinder-api.openstack.svc.cluster.local:8776/v3/8ec1cb7e0cf54af597250d70275f5553/volumes/efc39977-a78b-4bcc-97bb-350a9401fabb returned with HTTP 200 [pid: 7|app: 0|req: 508/1013] 199.19.213.161 () {32 vars in 825 bytes} [Thu Jul 9 18:07:58 2026] GET /v3/8ec1cb7e0cf54af597250d70275f5553/volumes/efc39977-a78b-4bcc-97bb-350a9401fabb => generated 1675 bytes in 38 msecs (HTTP/1.1 200) 7 headers in 286 bytes (1 switches on core 0) /var/lib/openstack/lib/python3.10/site-packages/pycadf/identifier.py:71: UserWarning: Invalid uuid: cinderv3. To ensure interoperability, identifiers should be a valid uuid. warnings.warn(('Invalid uuid: %s. To ensure interoperability, '
2026-07-09 18:07:59.104 8 INFO cinder.api.openstack.wsgi [req-411d3e88-0294-4cba-9358-8f556bcde5bf req-d4013076-fbd2-475e-b16a-f7d5e07b65a6 5a6145cd14b6448690a3243a004d3a07 8ec1cb7e0cf54af597250d70275f5553 - - default default] GET http://cinder-api.openstack.svc.cluster.local:8776/v3/8ec1cb7e0cf54af597250d70275f5553/volumes/efc39977-a78b-4bcc-97bb-350a9401fabb /var/lib/openstack/lib/python3.10/site-packages/oslo_context/context.py:100: DeprecationWarning: Policy enforcement is depending on the value of is_admin. This key is deprecated. Please update your policy file to use the standard policy values. warnings.warn('Policy enforcement is depending on the value of '
2026-07-09 18:07:59.120 8 INFO cinder.volume.api [req-411d3e88-0294-4cba-9358-8f556bcde5bf req-d4013076-fbd2-475e-b16a-f7d5e07b65a6 5a6145cd14b6448690a3243a004d3a07 8ec1cb7e0cf54af597250d70275f5553 - - default default] Volume info retrieved successfully.
2026-07-09 18:07:59.128 8 INFO cinder.api.openstack.wsgi [req-411d3e88-0294-4cba-9358-8f556bcde5bf req-d4013076-fbd2-475e-b16a-f7d5e07b65a6 5a6145cd14b6448690a3243a004d3a07 8ec1cb7e0cf54af597250d70275f5553 - - default default] http://cinder-api.openstack.svc.cluster.local:8776/v3/8ec1cb7e0cf54af597250d70275f5553/volumes/efc39977-a78b-4bcc-97bb-350a9401fabb returned with HTTP 200 [pid: 8|app: 0|req: 506/1014] 10.0.0.235 () {34 vars in 1028 bytes} [Thu Jul 9 18:07:59 2026] GET /v3/8ec1cb7e0cf54af597250d70275f5553/volumes/efc39977-a78b-4bcc-97bb-350a9401fabb => generated 1675 bytes in 32 msecs (HTTP/1.1 200) 7 headers in 286 bytes (1 switches on core 0) /var/lib/openstack/lib/python3.10/site-packages/pycadf/identifier.py:71: UserWarning: Invalid uuid: cinderv3. To ensure interoperability, identifiers should be a valid uuid. warnings.warn(('Invalid uuid: %s. To ensure interoperability, '
2026-07-09 18:07:59.681 7 INFO cinder.api.openstack.wsgi [req-411d3e88-0294-4cba-9358-8f556bcde5bf req-868288e6-2909-42d1-bbec-5952a715132f 5a6145cd14b6448690a3243a004d3a07 8ec1cb7e0cf54af597250d70275f5553 - - default default] GET http://cinder-api.openstack.svc.cluster.local:8776/v3/8ec1cb7e0cf54af597250d70275f5553/volumes/efc39977-a78b-4bcc-97bb-350a9401fabb /var/lib/openstack/lib/python3.10/site-packages/oslo_context/context.py:100: DeprecationWarning: Policy enforcement is depending on the value of is_admin. This key is deprecated. Please update your policy file to use the standard policy values. warnings.warn('Policy enforcement is depending on the value of '
2026-07-09 18:07:59.699 7 INFO cinder.volume.api [req-411d3e88-0294-4cba-9358-8f556bcde5bf req-868288e6-2909-42d1-bbec-5952a715132f 5a6145cd14b6448690a3243a004d3a07 8ec1cb7e0cf54af597250d70275f5553 - - default default] Volume info retrieved successfully.
2026-07-09 18:07:59.706 7 INFO cinder.api.openstack.wsgi [req-411d3e88-0294-4cba-9358-8f556bcde5bf req-868288e6-2909-42d1-bbec-5952a715132f 5a6145cd14b6448690a3243a004d3a07 8ec1cb7e0cf54af597250d70275f5553 - - default default] http://cinder-api.openstack.svc.cluster.local:8776/v3/8ec1cb7e0cf54af597250d70275f5553/volumes/efc39977-a78b-4bcc-97bb-350a9401fabb returned with HTTP 200 [pid: 7|app: 0|req: 509/1015] 10.0.0.235 () {34 vars in 1028 bytes} [Thu Jul 9 18:07:59 2026] GET /v3/8ec1cb7e0cf54af597250d70275f5553/volumes/efc39977-a78b-4bcc-97bb-350a9401fabb => generated 1675 bytes in 33 msecs (HTTP/1.1 200) 7 headers in 286 bytes (1 switches on core 0)
2026-07-09 18:07:59.718 8 INFO cinder.api.openstack.wsgi [req-411d3e88-0294-4cba-9358-8f556bcde5bf req-d4013076-fbd2-475e-b16a-f7d5e07b65a6 5a6145cd14b6448690a3243a004d3a07 8ec1cb7e0cf54af597250d70275f5553 - - default default] GET http://cinder-api.openstack.svc.cluster.local:8776/
2026-07-09 18:07:59.720 8 INFO cinder.api.openstack.wsgi [req-411d3e88-0294-4cba-9358-8f556bcde5bf req-d4013076-fbd2-475e-b16a-f7d5e07b65a6 5a6145cd14b6448690a3243a004d3a07 8ec1cb7e0cf54af597250d70275f5553 - - default default] http://cinder-api.openstack.svc.cluster.local:8776/ returned with HTTP 300 [pid: 8|app: 0|req: 507/1016] 10.0.0.235 () {32 vars in 829 bytes} [Thu Jul 9 18:07:59 2026] GET / => generated 411 bytes in 3 msecs (HTTP/1.1 300) 5 headers in 169 bytes (1 switches on core 0) /var/lib/openstack/lib/python3.10/site-packages/pycadf/identifier.py:71: UserWarning: Invalid uuid: cinderv3. To ensure interoperability, identifiers should be a valid uuid. warnings.warn(('Invalid uuid: %s. To ensure interoperability, '
2026-07-09 18:07:59.738 7 INFO cinder.api.openstack.wsgi [req-411d3e88-0294-4cba-9358-8f556bcde5bf req-9213a1bf-d7d7-4f93-b720-81083ada7fcd 5a6145cd14b6448690a3243a004d3a07 8ec1cb7e0cf54af597250d70275f5553 - - default default] POST http://cinder-api.openstack.svc.cluster.local:8776/v3/8ec1cb7e0cf54af597250d70275f5553/attachments /var/lib/openstack/lib/python3.10/site-packages/oslo_context/context.py:100: DeprecationWarning: Policy enforcement is depending on the value of is_admin. This key is deprecated. Please update your policy file to use the standard policy values. warnings.warn('Policy enforcement is depending on the value of '
2026-07-09 18:07:59.812 7 INFO cinder.api.openstack.wsgi [req-411d3e88-0294-4cba-9358-8f556bcde5bf req-9213a1bf-d7d7-4f93-b720-81083ada7fcd 5a6145cd14b6448690a3243a004d3a07 8ec1cb7e0cf54af597250d70275f5553 - - default default] http://cinder-api.openstack.svc.cluster.local:8776/v3/8ec1cb7e0cf54af597250d70275f5553/attachments returned with HTTP 200 [pid: 7|app: 0|req: 510/1017] 10.0.0.235 () {40 vars in 1057 bytes} [Thu Jul 9 18:07:59 2026] POST /v3/8ec1cb7e0cf54af597250d70275f5553/attachments => generated 273 bytes in 87 msecs (HTTP/1.1 200) 7 headers in 286 bytes (1 switches on core 0)
2026-07-09 18:08:00.006 8 INFO cinder.api.openstack.wsgi [req-411d3e88-0294-4cba-9358-8f556bcde5bf req-d4013076-fbd2-475e-b16a-f7d5e07b65a6 5a6145cd14b6448690a3243a004d3a07 8ec1cb7e0cf54af597250d70275f5553 - - default default] GET http://10.0.0.191:8776/
2026-07-09 18:08:00.006 7 INFO cinder.api.openstack.wsgi [req-411d3e88-0294-4cba-9358-8f556bcde5bf req-9213a1bf-d7d7-4f93-b720-81083ada7fcd 5a6145cd14b6448690a3243a004d3a07 8ec1cb7e0cf54af597250d70275f5553 - - default default] GET http://10.0.0.191:8776/
2026-07-09 18:08:00.007 7 INFO cinder.api.openstack.wsgi [req-411d3e88-0294-4cba-9358-8f556bcde5bf req-9213a1bf-d7d7-4f93-b720-81083ada7fcd 5a6145cd14b6448690a3243a004d3a07 8ec1cb7e0cf54af597250d70275f5553 - - default default] http://10.0.0.191:8776/ returned with HTTP 300
2026-07-09 18:08:00.007 8 INFO cinder.api.openstack.wsgi [req-411d3e88-0294-4cba-9358-8f556bcde5bf req-d4013076-fbd2-475e-b16a-f7d5e07b65a6 5a6145cd14b6448690a3243a004d3a07 8ec1cb7e0cf54af597250d70275f5553 - - default default] http://10.0.0.191:8776/ returned with HTTP 300 /var/lib/openstack/lib/python3.10/site-packages/pycadf/identifier.py:71: UserWarning: Invalid uuid: cinderv3. To ensure interoperability, identifiers should be a valid uuid. warnings.warn(('Invalid uuid: %s. To ensure interoperability, '
2026-07-09 18:08:00.325 7 INFO cinder.api.openstack.wsgi [req-2e617464-32c0-42d8-ba53-a80fc81abc52 req-d3e57d53-1718-45a6-b9f2-a760d5368a99 5a6145cd14b6448690a3243a004d3a07 8ec1cb7e0cf54af597250d70275f5553 - - default default] GET http://cinder-api.openstack.svc.cluster.local:8776/v3/8ec1cb7e0cf54af597250d70275f5553/volumes/efc39977-a78b-4bcc-97bb-350a9401fabb /var/lib/openstack/lib/python3.10/site-packages/oslo_context/context.py:100: DeprecationWarning: Policy enforcement is depending on the value of is_admin. This key is deprecated. Please update your policy file to use the standard policy values. warnings.warn('Policy enforcement is depending on the value of '
2026-07-09 18:08:00.350 7 INFO cinder.volume.api [req-2e617464-32c0-42d8-ba53-a80fc81abc52 req-d3e57d53-1718-45a6-b9f2-a760d5368a99 5a6145cd14b6448690a3243a004d3a07 8ec1cb7e0cf54af597250d70275f5553 - - default default] Volume info retrieved successfully.
2026-07-09 18:08:00.359 7 INFO cinder.api.openstack.wsgi [req-2e617464-32c0-42d8-ba53-a80fc81abc52 req-d3e57d53-1718-45a6-b9f2-a760d5368a99 5a6145cd14b6448690a3243a004d3a07 8ec1cb7e0cf54af597250d70275f5553 - - default default] http://cinder-api.openstack.svc.cluster.local:8776/v3/8ec1cb7e0cf54af597250d70275f5553/volumes/efc39977-a78b-4bcc-97bb-350a9401fabb returned with HTTP 200 [pid: 7|app: 0|req: 512/1020] 199.19.213.161 () {32 vars in 825 bytes} [Thu Jul 9 18:08:00 2026] GET /v3/8ec1cb7e0cf54af597250d70275f5553/volumes/efc39977-a78b-4bcc-97bb-350a9401fabb => generated 1674 bytes in 40 msecs (HTTP/1.1 200) 7 headers in 286 bytes (1 switches on core 0)
2026-07-09 18:08:00.853 8 INFO cinder.api.openstack.wsgi [req-411d3e88-0294-4cba-9358-8f556bcde5bf req-d4013076-fbd2-475e-b16a-f7d5e07b65a6 5a6145cd14b6448690a3243a004d3a07 8ec1cb7e0cf54af597250d70275f5553 - - default default] GET http://cinder-api.openstack.svc.cluster.local:8776/
2026-07-09 18:08:00.854 8 INFO cinder.api.openstack.wsgi [req-411d3e88-0294-4cba-9358-8f556bcde5bf req-d4013076-fbd2-475e-b16a-f7d5e07b65a6 5a6145cd14b6448690a3243a004d3a07 8ec1cb7e0cf54af597250d70275f5553 - - default default] http://cinder-api.openstack.svc.cluster.local:8776/ returned with HTTP 300 [pid: 8|app: 0|req: 509/1021] 199.19.213.161 () {32 vars in 840 bytes} [Thu Jul 9 18:08:00 2026] GET / => generated 411 bytes in 3 msecs (HTTP/1.1 300) 5 headers in 169 bytes (1 switches on core 0) /var/lib/openstack/lib/python3.10/site-packages/pycadf/identifier.py:71: UserWarning: Invalid uuid: cinderv3. To ensure interoperability, identifiers should be a valid uuid. warnings.warn(('Invalid uuid: %s. To ensure interoperability, '
2026-07-09 18:08:00.868 7 INFO cinder.api.openstack.wsgi [req-411d3e88-0294-4cba-9358-8f556bcde5bf req-23ec81cf-bfb6-4da8-90d9-9de0667c33d3 5a6145cd14b6448690a3243a004d3a07 8ec1cb7e0cf54af597250d70275f5553 - - default default] GET http://cinder-api.openstack.svc.cluster.local:8776/v3/8ec1cb7e0cf54af597250d70275f5553/volumes/efc39977-a78b-4bcc-97bb-350a9401fabb /var/lib/openstack/lib/python3.10/site-packages/oslo_context/context.py:100: DeprecationWarning: Policy enforcement is depending on the value of is_admin. This key is deprecated. Please update your policy file to use the standard policy values. warnings.warn('Policy enforcement is depending on the value of '
2026-07-09 18:08:00.897 7 INFO cinder.volume.api [req-411d3e88-0294-4cba-9358-8f556bcde5bf req-23ec81cf-bfb6-4da8-90d9-9de0667c33d3 5a6145cd14b6448690a3243a004d3a07 8ec1cb7e0cf54af597250d70275f5553 - - default default] Volume info retrieved successfully.
2026-07-09 18:08:00.906 7 INFO cinder.api.openstack.wsgi [req-411d3e88-0294-4cba-9358-8f556bcde5bf req-23ec81cf-bfb6-4da8-90d9-9de0667c33d3 5a6145cd14b6448690a3243a004d3a07 8ec1cb7e0cf54af597250d70275f5553 - - default default] http://cinder-api.openstack.svc.cluster.local:8776/v3/8ec1cb7e0cf54af597250d70275f5553/volumes/efc39977-a78b-4bcc-97bb-350a9401fabb returned with HTTP 200 [pid: 7|app: 0|req: 513/1022] 199.19.213.161 () {36 vars in 1073 bytes} [Thu Jul 9 18:08:00 2026] GET /v3/8ec1cb7e0cf54af597250d70275f5553/volumes/efc39977-a78b-4bcc-97bb-350a9401fabb => generated 1794 bytes in 48 msecs (HTTP/1.1 200) 7 headers in 287 bytes (1 switches on core 0) /var/lib/openstack/lib/python3.10/site-packages/pycadf/identifier.py:71: UserWarning: Invalid uuid: cinderv3. To ensure interoperability, identifiers should be a valid uuid. warnings.warn(('Invalid uuid: %s. To ensure interoperability, '
2026-07-09 18:08:00.993 8 INFO cinder.api.openstack.wsgi [req-411d3e88-0294-4cba-9358-8f556bcde5bf req-98a568c3-8f60-4b12-ac52-96474320eebb 5a6145cd14b6448690a3243a004d3a07 8ec1cb7e0cf54af597250d70275f5553 - - default default] PUT http://cinder-api.openstack.svc.cluster.local:8776/v3/8ec1cb7e0cf54af597250d70275f5553/attachments/bbc79d93-cdf9-4b3e-855c-0b673a30204b /var/lib/openstack/lib/python3.10/site-packages/oslo_context/context.py:100: DeprecationWarning: Policy enforcement is depending on the value of is_admin. This key is deprecated. Please update your policy file to use the standard policy values. warnings.warn('Policy enforcement is depending on the value of '
2026-07-09 18:08:01.659 8 INFO cinder.api.openstack.wsgi [req-411d3e88-0294-4cba-9358-8f556bcde5bf req-98a568c3-8f60-4b12-ac52-96474320eebb 5a6145cd14b6448690a3243a004d3a07 8ec1cb7e0cf54af597250d70275f5553 - - default default] http://cinder-api.openstack.svc.cluster.local:8776/v3/8ec1cb7e0cf54af597250d70275f5553/attachments/bbc79d93-cdf9-4b3e-855c-0b673a30204b returned with HTTP 200 [pid: 8|app: 0|req: 510/1023] 199.19.213.161 () {40 vars in 1134 bytes} [Thu Jul 9 18:08:00 2026] PUT /v3/8ec1cb7e0cf54af597250d70275f5553/attachments/bbc79d93-cdf9-4b3e-855c-0b673a30204b => generated 775 bytes in 677 msecs (HTTP/1.1 200) 7 headers in 286 bytes (1 switches on core 0) /var/lib/openstack/lib/python3.10/site-packages/pycadf/identifier.py:71: UserWarning: Invalid uuid: cinderv3. To ensure interoperability, identifiers should be a valid uuid. warnings.warn(('Invalid uuid: %s. To ensure interoperability, '
2026-07-09 18:08:01.717 7 INFO cinder.api.openstack.wsgi [req-411d3e88-0294-4cba-9358-8f556bcde5bf req-d5b0405b-d64d-43b2-bbcf-20ff0beaf5cb 5a6145cd14b6448690a3243a004d3a07 8ec1cb7e0cf54af597250d70275f5553 - - default default] POST http://cinder-api.openstack.svc.cluster.local:8776/v3/8ec1cb7e0cf54af597250d70275f5553/attachments/bbc79d93-cdf9-4b3e-855c-0b673a30204b/action /var/lib/openstack/lib/python3.10/site-packages/oslo_context/context.py:100: DeprecationWarning: Policy enforcement is depending on the value of is_admin. This key is deprecated. Please update your policy file to use the standard policy values. warnings.warn('Policy enforcement is depending on the value of '
2026-07-09 18:08:01.763 7 INFO cinder.api.openstack.wsgi [req-411d3e88-0294-4cba-9358-8f556bcde5bf req-d5b0405b-d64d-43b2-bbcf-20ff0beaf5cb 5a6145cd14b6448690a3243a004d3a07 8ec1cb7e0cf54af597250d70275f5553 - - default default] http://cinder-api.openstack.svc.cluster.local:8776/v3/8ec1cb7e0cf54af597250d70275f5553/attachments/bbc79d93-cdf9-4b3e-855c-0b673a30204b/action returned with HTTP 204 [pid: 7|app: 0|req: 514/1024] 199.19.213.161 () {40 vars in 1148 bytes} [Thu Jul 9 18:08:01 2026] POST /v3/8ec1cb7e0cf54af597250d70275f5553/attachments/bbc79d93-cdf9-4b3e-855c-0b673a30204b/action => generated 0 bytes in 57 msecs (HTTP/1.1 204) 7 headers in 292 bytes (1 switches on core 0) /var/lib/openstack/lib/python3.10/site-packages/pycadf/identifier.py:71: UserWarning: Invalid uuid: cinderv3. To ensure interoperability, identifiers should be a valid uuid. warnings.warn(('Invalid uuid: %s. To ensure interoperability, '
2026-07-09 18:08:03.600 8 INFO cinder.api.openstack.wsgi [req-2e617464-32c0-42d8-ba53-a80fc81abc52 req-2fe682fa-f490-4866-99cb-5c8315cf4bc3 5a6145cd14b6448690a3243a004d3a07 8ec1cb7e0cf54af597250d70275f5553 - - default default] GET http://cinder-api.openstack.svc.cluster.local:8776/v3/8ec1cb7e0cf54af597250d70275f5553/volumes/efc39977-a78b-4bcc-97bb-350a9401fabb /var/lib/openstack/lib/python3.10/site-packages/oslo_context/context.py:100: DeprecationWarning: Policy enforcement is depending on the value of is_admin. This key is deprecated. Please update your policy file to use the standard policy values. warnings.warn('Policy enforcement is depending on the value of '
2026-07-09 18:08:03.633 8 INFO cinder.volume.api [req-2e617464-32c0-42d8-ba53-a80fc81abc52 req-2fe682fa-f490-4866-99cb-5c8315cf4bc3 5a6145cd14b6448690a3243a004d3a07 8ec1cb7e0cf54af597250d70275f5553 - - default default] Volume info retrieved successfully.
2026-07-09 18:08:03.643 8 INFO cinder.api.openstack.wsgi [req-2e617464-32c0-42d8-ba53-a80fc81abc52 req-2fe682fa-f490-4866-99cb-5c8315cf4bc3 5a6145cd14b6448690a3243a004d3a07 8ec1cb7e0cf54af597250d70275f5553 - - default default] http://cinder-api.openstack.svc.cluster.local:8776/v3/8ec1cb7e0cf54af597250d70275f5553/volumes/efc39977-a78b-4bcc-97bb-350a9401fabb returned with HTTP 200 [pid: 8|app: 0|req: 511/1025] 199.19.213.161 () {32 vars in 825 bytes} [Thu Jul 9 18:08:03 2026] GET /v3/8ec1cb7e0cf54af597250d70275f5553/volumes/efc39977-a78b-4bcc-97bb-350a9401fabb => generated 1973 bytes in 51 msecs (HTTP/1.1 200) 7 headers in 286 bytes (1 switches on core 0) /var/lib/openstack/lib/python3.10/site-packages/pycadf/identifier.py:71: UserWarning: Invalid uuid: cinderv3. To ensure interoperability, identifiers should be a valid uuid. warnings.warn(('Invalid uuid: %s. To ensure interoperability, '
2026-07-09 18:08:06.833 7 INFO cinder.api.openstack.wsgi [req-2e617464-32c0-42d8-ba53-a80fc81abc52 req-a75a6ae1-acf0-45c9-a1d3-4ab35afa355d 5a6145cd14b6448690a3243a004d3a07 8ec1cb7e0cf54af597250d70275f5553 - - default default] GET http://cinder-api.openstack.svc.cluster.local:8776/v3/8ec1cb7e0cf54af597250d70275f5553/volumes/efc39977-a78b-4bcc-97bb-350a9401fabb /var/lib/openstack/lib/python3.10/site-packages/oslo_context/context.py:100: DeprecationWarning: Policy enforcement is depending on the value of is_admin. This key is deprecated. Please update your policy file to use the standard policy values. warnings.warn('Policy enforcement is depending on the value of '
2026-07-09 18:08:06.859 7 INFO cinder.volume.api [req-2e617464-32c0-42d8-ba53-a80fc81abc52 req-a75a6ae1-acf0-45c9-a1d3-4ab35afa355d 5a6145cd14b6448690a3243a004d3a07 8ec1cb7e0cf54af597250d70275f5553 - - default default] Volume info retrieved successfully.
2026-07-09 18:08:06.869 7 INFO cinder.api.openstack.wsgi [req-2e617464-32c0-42d8-ba53-a80fc81abc52 req-a75a6ae1-acf0-45c9-a1d3-4ab35afa355d 5a6145cd14b6448690a3243a004d3a07 8ec1cb7e0cf54af597250d70275f5553 - - default default] http://cinder-api.openstack.svc.cluster.local:8776/v3/8ec1cb7e0cf54af597250d70275f5553/volumes/efc39977-a78b-4bcc-97bb-350a9401fabb returned with HTTP 200 [pid: 7|app: 0|req: 515/1026] 199.19.213.161 () {32 vars in 825 bytes} [Thu Jul 9 18:08:06 2026] GET /v3/8ec1cb7e0cf54af597250d70275f5553/volumes/efc39977-a78b-4bcc-97bb-350a9401fabb => generated 1973 bytes in 44 msecs (HTTP/1.1 200) 7 headers in 286 bytes (1 switches on core 0)
2026-07-09 18:08:10.006 8 INFO cinder.api.openstack.wsgi [req-2e617464-32c0-42d8-ba53-a80fc81abc52 req-2fe682fa-f490-4866-99cb-5c8315cf4bc3 5a6145cd14b6448690a3243a004d3a07 8ec1cb7e0cf54af597250d70275f5553 - - default default] GET http://10.0.0.191:8776/
2026-07-09 18:08:10.006 7 INFO cinder.api.openstack.wsgi [req-2e617464-32c0-42d8-ba53-a80fc81abc52 req-a75a6ae1-acf0-45c9-a1d3-4ab35afa355d 5a6145cd14b6448690a3243a004d3a07 8ec1cb7e0cf54af597250d70275f5553 - - default default] GET http://10.0.0.191:8776/
2026-07-09 18:08:10.007 7 INFO cinder.api.openstack.wsgi [req-2e617464-32c0-42d8-ba53-a80fc81abc52 req-a75a6ae1-acf0-45c9-a1d3-4ab35afa355d 5a6145cd14b6448690a3243a004d3a07 8ec1cb7e0cf54af597250d70275f5553 - - default default] http://10.0.0.191:8776/ returned with HTTP 300
2026-07-09 18:08:10.007 8 INFO cinder.api.openstack.wsgi [req-2e617464-32c0-42d8-ba53-a80fc81abc52 req-2fe682fa-f490-4866-99cb-5c8315cf4bc3 5a6145cd14b6448690a3243a004d3a07 8ec1cb7e0cf54af597250d70275f5553 - - default default] http://10.0.0.191:8776/ returned with HTTP 300 /var/lib/openstack/lib/python3.10/site-packages/pycadf/identifier.py:71: UserWarning: Invalid uuid: cinderv3. To ensure interoperability, identifiers should be a valid uuid. warnings.warn(('Invalid uuid: %s. To ensure interoperability, '
2026-07-09 18:08:11.283 7 INFO cinder.api.openstack.wsgi [None req-dccdf92c-0fff-44b9-960a-438beefedcd9 5a6145cd14b6448690a3243a004d3a07 8ec1cb7e0cf54af597250d70275f5553 - - default default] GET http://cinder-api.openstack.svc.cluster.local:8776/v3/8ec1cb7e0cf54af597250d70275f5553/os-services
2026-07-09 18:08:11.293 7 INFO cinder.api.openstack.wsgi [None req-dccdf92c-0fff-44b9-960a-438beefedcd9 5a6145cd14b6448690a3243a004d3a07 8ec1cb7e0cf54af597250d70275f5553 - - default default] http://cinder-api.openstack.svc.cluster.local:8776/v3/8ec1cb7e0cf54af597250d70275f5553/os-services returned with HTTP 200 [pid: 7|app: 0|req: 517/1029] 10.0.0.108 () {28 vars in 645 bytes} [Thu Jul 9 18:08:11 2026] GET /v3/8ec1cb7e0cf54af597250d70275f5553/os-services => generated 646 bytes in 73 msecs (HTTP/1.1 200) 7 headers in 285 bytes (1 switches on core 0) /var/lib/openstack/lib/python3.10/site-packages/pycadf/identifier.py:71: UserWarning: Invalid uuid: cinderv3. To ensure interoperability, identifiers should be a valid uuid. warnings.warn(('Invalid uuid: %s. To ensure interoperability, '
2026-07-09 18:08:11.305 8 INFO cinder.api.openstack.wsgi [None req-b9aded8b-1737-4273-9e2e-edec88f5becd 5a6145cd14b6448690a3243a004d3a07 8ec1cb7e0cf54af597250d70275f5553 - - default default] GET http://cinder-api.openstack.svc.cluster.local:8776/v3/8ec1cb7e0cf54af597250d70275f5553/volumes/detail?all_tenants=true
2026-07-09 18:08:11.326 8 INFO cinder.volume.api [None req-b9aded8b-1737-4273-9e2e-edec88f5becd 5a6145cd14b6448690a3243a004d3a07 8ec1cb7e0cf54af597250d70275f5553 - - default default] Get all volumes completed successfully. /var/lib/openstack/lib/python3.10/site-packages/oslo_context/context.py:100: DeprecationWarning: Policy enforcement is depending on the value of is_admin. This key is deprecated. Please update your policy file to use the standard policy values. warnings.warn('Policy enforcement is depending on the value of '
2026-07-09 18:08:11.335 8 INFO cinder.api.openstack.wsgi [None req-b9aded8b-1737-4273-9e2e-edec88f5becd 5a6145cd14b6448690a3243a004d3a07 8ec1cb7e0cf54af597250d70275f5553 - - default default] http://cinder-api.openstack.svc.cluster.local:8776/v3/8ec1cb7e0cf54af597250d70275f5553/volumes/detail?all_tenants=true returned with HTTP 200 [pid: 8|app: 0|req: 513/1030] 10.0.0.108 () {28 vars in 684 bytes} [Thu Jul 9 18:08:11 2026] GET /v3/8ec1cb7e0cf54af597250d70275f5553/volumes/detail?all_tenants=true => generated 1976 bytes in 37 msecs (HTTP/1.1 200) 7 headers in 286 bytes (1 switches on core 0)
2026-07-09 18:08:11.387 7 INFO cinder.api.openstack.wsgi [None req-32011152-7b20-4e76-8fdb-26c4811a62a1 5a6145cd14b6448690a3243a004d3a07 8ec1cb7e0cf54af597250d70275f5553 - - default default] GET http://cinder-api.openstack.svc.cluster.local:8776/v3/8ec1cb7e0cf54af597250d70275f5553/os-quota-sets/0bcfcdb6c88c46289f22ad0957928ea3?usage=true
2026-07-09 18:08:11.416 7 INFO cinder.api.openstack.wsgi [None req-32011152-7b20-4e76-8fdb-26c4811a62a1 5a6145cd14b6448690a3243a004d3a07 8ec1cb7e0cf54af597250d70275f5553 - - default default] http://cinder-api.openstack.svc.cluster.local:8776/v3/8ec1cb7e0cf54af597250d70275f5553/os-quota-sets/0bcfcdb6c88c46289f22ad0957928ea3?usage=true returned with HTTP 200 [pid: 7|app: 0|req: 518/1031] 10.0.0.108 () {28 vars in 736 bytes} [Thu Jul 9 18:08:11 2026] GET /v3/8ec1cb7e0cf54af597250d70275f5553/os-quota-sets/0bcfcdb6c88c46289f22ad0957928ea3?usage=true => generated 847 bytes in 43 msecs (HTTP/1.1 200) 7 headers in 285 bytes (1 switches on core 0) /var/lib/openstack/lib/python3.10/site-packages/pycadf/identifier.py:71: UserWarning: Invalid uuid: cinderv3. To ensure interoperability, identifiers should be a valid uuid. warnings.warn(('Invalid uuid: %s. To ensure interoperability, '
2026-07-09 18:08:11.434 8 INFO cinder.api.openstack.wsgi [None req-876da060-00fd-4c1f-b468-24422e11c7fb 5a6145cd14b6448690a3243a004d3a07 8ec1cb7e0cf54af597250d70275f5553 - - default default] GET http://cinder-api.openstack.svc.cluster.local:8776/v3/8ec1cb7e0cf54af597250d70275f5553/os-quota-sets/103d9a69f61d4f2ab6aa558cbc93eed4?usage=true
