2026-06-02 13:23:11.781 9 INFO neutron.api.wsgi [None req-70cbcd70-1767-463b-9b49-4a492603799e 137ec43846084a089afdae182b4e0dbd 294e0993ebdb4c8ab84944346059036f - - default default] 10.0.0.244 "GET /v2.0/network-ip-availabilities HTTP/1.1" status: 200 len: 1280 time: 0.0087628
2026-06-02 13:23:11.805 9 INFO neutron.api.wsgi [None req-8304d1f5-5fe0-43b7-a764-e1ef79458dfa 137ec43846084a089afdae182b4e0dbd 294e0993ebdb4c8ab84944346059036f - - default default] 10.0.0.244 "GET /v2.0/subnets HTTP/1.1" status: 200 len: 1484 time: 0.0229330
2026-06-02 13:23:11.815 9 INFO neutron.api.wsgi [None req-4194712c-8f77-4c83-a5a9-c6dca9236c6b 137ec43846084a089afdae182b4e0dbd 294e0993ebdb4c8ab84944346059036f - - default default] 10.0.0.244 "GET /v2.0/subnetpools HTTP/1.1" status: 200 len: 193 time: 0.0089288
2026-06-02 13:23:11.840 9 INFO neutron.api.wsgi [None req-0eba3e66-cb0d-4f0a-af63-b45ba7e46e6d 137ec43846084a089afdae182b4e0dbd 294e0993ebdb4c8ab84944346059036f - - default default] 10.0.0.244 "GET /v2.0/subnets HTTP/1.1" status: 200 len: 1484 time: 0.0242300
2026-06-02 13:23:11.877 9 INFO neutron.api.wsgi [None req-655c1761-f0d2-495f-a1c7-129cd773f05a 137ec43846084a089afdae182b4e0dbd 294e0993ebdb4c8ab84944346059036f - - default default] 10.0.0.244 "GET /v2.0/security-groups HTTP/1.1" status: 200 len: 17574 time: 0.0356004
2026-06-02 13:23:11.903 9 INFO neutron.api.wsgi [None req-f5720186-597b-4995-8939-ab49d2f2bb67 137ec43846084a089afdae182b4e0dbd 294e0993ebdb4c8ab84944346059036f - - default default] 10.0.0.244 "GET /v2.0/floatingips HTTP/1.1" status: 200 len: 193 time: 0.0150294
2026-06-02 13:23:11.937 9 INFO neutron.api.wsgi [None req-66d77039-ed34-40e0-afb5-148d513fb359 137ec43846084a089afdae182b4e0dbd 294e0993ebdb4c8ab84944346059036f - - default default] 10.0.0.244 "GET /v2.0/ports HTTP/1.1" status: 200 len: 5347 time: 0.0334682
2026-06-02 13:23:11.987 9 INFO neutron.api.wsgi [None req-93f2322f-3990-4d06-8d01-af06c40ecd39 137ec43846084a089afdae182b4e0dbd 294e0993ebdb4c8ab84944346059036f - - default default] 10.0.0.244 "GET /v2.0/networks HTTP/1.1" status: 200 len: 2350 time: 0.0458367
2026-06-02 13:23:22.444 10 INFO neutron.api.wsgi [-] 10.0.0.53 "GET / HTTP/1.1" status: 200 len: 246 time: 0.0020947
2026-06-02 13:23:22.445 9 INFO neutron.api.wsgi [-] 10.0.0.53 "GET / HTTP/1.1" status: 200 len: 246 time: 0.0024836
2026-06-02 13:23:37.444 10 INFO neutron.api.wsgi [-] 10.0.0.53 "GET / HTTP/1.1" status: 200 len: 246 time: 0.0021887
2026-06-02 13:23:37.444 9 INFO neutron.api.wsgi [-] 10.0.0.53 "GET / HTTP/1.1" status: 200 len: 246 time: 0.0022039
2026-06-02 13:23:52.446 9 INFO neutron.api.wsgi [-] 10.0.0.53 "GET / HTTP/1.1" status: 200 len: 246 time: 0.0039203
2026-06-02 13:23:52.449 9 INFO neutron.api.wsgi [-] 10.0.0.53 "GET / HTTP/1.1" status: 200 len: 246 time: 0.0022902
2026-06-02 13:24:07.445 9 INFO neutron.api.wsgi [-] 10.0.0.53 "GET / HTTP/1.1" status: 200 len: 246 time: 0.0025516
2026-06-02 13:24:07.446 10 INFO neutron.api.wsgi [-] 10.0.0.53 "GET / HTTP/1.1" status: 200 len: 246 time: 0.0035031
2026-06-02 13:24:11.766 9 INFO neutron.api.wsgi [None req-92038390-d9af-4ed6-b294-e122d15b9246 137ec43846084a089afdae182b4e0dbd 294e0993ebdb4c8ab84944346059036f - - default default] 10.0.0.244 "GET /v2.0/floatingips HTTP/1.1" status: 200 len: 193 time: 0.0600426
2026-06-02 13:24:11.787 9 INFO neutron.api.wsgi [None req-e18cb8f4-c59e-4520-abb9-164b5a6e0ef3 137ec43846084a089afdae182b4e0dbd 294e0993ebdb4c8ab84944346059036f - - default default] 10.0.0.244 "GET /v2.0/subnets HTTP/1.1" status: 200 len: 1484 time: 0.0208139
2026-06-02 13:24:11.803 9 INFO neutron.api.wsgi [None req-d01c0aaa-250a-4581-a7dc-00c110adbd70 137ec43846084a089afdae182b4e0dbd 294e0993ebdb4c8ab84944346059036f - - default default] 10.0.0.244 "GET /v2.0/routers HTTP/1.1" status: 200 len: 189 time: 0.0151744
2026-06-02 13:24:11.840 9 INFO neutron.api.wsgi [None req-bbb88f2f-b683-41f0-bc5d-ee70dd96d10f 137ec43846084a089afdae182b4e0dbd 294e0993ebdb4c8ab84944346059036f - - default default] 10.0.0.244 "GET /v2.0/agents?binary=ovn-controller HTTP/1.1" status: 200 len: 591 time: 0.0361521
2026-06-02 13:24:11.853 9 INFO neutron.api.wsgi [None req-bc00afe9-51bf-4d70-8e21-3fa811e09c6f 137ec43846084a089afdae182b4e0dbd 294e0993ebdb4c8ab84944346059036f - - default default] 10.0.0.244 "GET /v2.0/network-ip-availabilities HTTP/1.1" status: 200 len: 1280 time: 0.0123129
2026-06-02 13:24:11.896 9 INFO neutron.api.wsgi [None req-68f37658-0e45-4e98-b91f-ea569e9a2d73 137ec43846084a089afdae182b4e0dbd 294e0993ebdb4c8ab84944346059036f - - default default] 10.0.0.244 "GET /v2.0/networks HTTP/1.1" status: 200 len: 2350 time: 0.0415077
2026-06-02 13:24:11.933 9 INFO neutron.api.wsgi [None req-b2ea616c-762f-406c-90a7-3c2d7d6d9ad3 137ec43846084a089afdae182b4e0dbd 294e0993ebdb4c8ab84944346059036f - - default default] 10.0.0.244 "GET /v2.0/security-groups HTTP/1.1" status: 200 len: 17574 time: 0.0359499
2026-06-02 13:24:11.976 9 INFO neutron.api.wsgi [None req-ab9cc6ef-a074-432c-ab35-ed0d0b0ecd9b 137ec43846084a089afdae182b4e0dbd 294e0993ebdb4c8ab84944346059036f - - default default] 10.0.0.244 "GET /v2.0/ports HTTP/1.1" status: 200 len: 5347 time: 0.0387185
2026-06-02 13:24:11.989 9 INFO neutron.api.wsgi [None req-d5da62aa-708c-40de-bd20-3a5f630c623d 137ec43846084a089afdae182b4e0dbd 294e0993ebdb4c8ab84944346059036f - - default default] 10.0.0.244 "GET /v2.0/agents HTTP/1.1" status: 200 len: 1390 time: 0.0083551
2026-06-02 13:24:12.016 9 INFO neutron.api.wsgi [None req-3d24b5d3-03d6-449b-8b9e-4ccd7ff410a8 137ec43846084a089afdae182b4e0dbd 294e0993ebdb4c8ab84944346059036f - - default default] 10.0.0.244 "GET /v2.0/subnets HTTP/1.1" status: 200 len: 1484 time: 0.0263200
2026-06-02 13:24:12.023 9 INFO neutron.api.wsgi [None req-136c61ce-f7d7-4365-a70d-c03a91cee43a 137ec43846084a089afdae182b4e0dbd 294e0993ebdb4c8ab84944346059036f - - default default] 10.0.0.244 "GET /v2.0/subnetpools HTTP/1.1" status: 200 len: 193 time: 0.0056326
2026-06-02 13:24:22.443 10 INFO neutron.api.wsgi [-] 10.0.0.53 "GET / HTTP/1.1" status: 200 len: 246 time: 0.0016344
2026-06-02 13:24:22.445 9 INFO neutron.api.wsgi [-] 10.0.0.53 "GET / HTTP/1.1" status: 200 len: 246 time: 0.0024095
2026-06-02 13:24:37.443 9 INFO neutron.api.wsgi [-] 10.0.0.53 "GET / HTTP/1.1" status: 200 len: 246 time: 0.0016489
2026-06-02 13:24:37.448 9 INFO neutron.api.wsgi [-] 10.0.0.53 "GET / HTTP/1.1" status: 200 len: 246 time: 0.0039089
2026-06-02 13:24:52.445 10 INFO neutron.api.wsgi [-] 10.0.0.53 "GET / HTTP/1.1" status: 200 len: 246 time: 0.0025496
2026-06-02 13:24:52.445 9 INFO neutron.api.wsgi [-] 10.0.0.53 "GET / HTTP/1.1" status: 200 len: 246 time: 0.0024502
2026-06-02 13:25:07.445 9 INFO neutron.api.wsgi [-] 10.0.0.53 "GET / HTTP/1.1" status: 200 len: 246 time: 0.0025268
2026-06-02 13:25:07.448 9 INFO neutron.api.wsgi [-] 10.0.0.53 "GET / HTTP/1.1" status: 200 len: 246 time: 0.0018470
2026-06-02 13:25:11.763 9 INFO neutron.api.wsgi [None req-f743dbe4-e77a-4e40-a331-244106f8c793 137ec43846084a089afdae182b4e0dbd 294e0993ebdb4c8ab84944346059036f - - default default] 10.0.0.244 "GET /v2.0/ports HTTP/1.1" status: 200 len: 5347 time: 0.0831785
2026-06-02 13:25:11.781 9 INFO neutron.api.wsgi [None req-6005df10-5988-4522-b114-66b1442e4417 137ec43846084a089afdae182b4e0dbd 294e0993ebdb4c8ab84944346059036f - - default default] 10.0.0.244 "GET /v2.0/floatingips HTTP/1.1" status: 200 len: 193 time: 0.0130897
2026-06-02 13:25:11.820 9 INFO neutron.api.wsgi [None req-aadb015e-e881-4bae-9690-14b8e499ce21 137ec43846084a089afdae182b4e0dbd 294e0993ebdb4c8ab84944346059036f - - default default] 10.0.0.244 "GET /v2.0/networks HTTP/1.1" status: 200 len: 2350 time: 0.0392981
2026-06-02 13:25:11.836 9 INFO neutron.api.wsgi [None req-53ef00d7-474f-4ca9-9995-e640a75cd617 137ec43846084a089afdae182b4e0dbd 294e0993ebdb4c8ab84944346059036f - - default default] 10.0.0.244 "GET /v2.0/routers HTTP/1.1" status: 200 len: 189 time: 0.0134871
2026-06-02 13:25:11.877 9 INFO neutron.api.wsgi [None req-c1e4e356-d90d-4011-8f90-9a9f1794a35d 137ec43846084a089afdae182b4e0dbd 294e0993ebdb4c8ab84944346059036f - - default default] 10.0.0.244 "GET /v2.0/agents?binary=ovn-controller HTTP/1.1" status: 200 len: 591 time: 0.0403976
2026-06-02 13:25:11.902 9 INFO neutron.api.wsgi [None req-9a4a4352-7b30-43b3-a8b5-d280e886d214 137ec43846084a089afdae182b4e0dbd 294e0993ebdb4c8ab84944346059036f - - default default] 10.0.0.244 "GET /v2.0/subnets HTTP/1.1" status: 200 len: 1484 time: 0.0241804
2026-06-02 13:25:11.911 9 INFO neutron.api.wsgi [None req-b6630572-f667-4546-af58-4b1998a665ee 137ec43846084a089afdae182b4e0dbd 294e0993ebdb4c8ab84944346059036f - - default default] 10.0.0.244 "GET /v2.0/subnetpools HTTP/1.1" status: 200 len: 193 time: 0.0078571
2026-06-02 13:25:11.932 9 INFO neutron.api.wsgi [None req-e2c45168-a234-486f-8bd6-64be94f5adb1 137ec43846084a089afdae182b4e0dbd 294e0993ebdb4c8ab84944346059036f - - default default] 10.0.0.244 "GET /v2.0/subnets HTTP/1.1" status: 200 len: 1484 time: 0.0208848
2026-06-02 13:25:11.968 9 INFO neutron.api.wsgi [None req-f884c797-00a8-443a-b6e3-d1aa13ab09be 137ec43846084a089afdae182b4e0dbd 294e0993ebdb4c8ab84944346059036f - - default default] 10.0.0.244 "GET /v2.0/security-groups HTTP/1.1" status: 200 len: 17574 time: 0.0340304
2026-06-02 13:25:11.984 9 INFO neutron.api.wsgi [None req-d94c6596-c5eb-4d5d-b062-f1346c02c25c 137ec43846084a089afdae182b4e0dbd 294e0993ebdb4c8ab84944346059036f - - default default] 10.0.0.244 "GET /v2.0/agents HTTP/1.1" status: 200 len: 1390 time: 0.0096846
2026-06-02 13:25:11.993 9 INFO neutron.api.wsgi [None req-58d3109c-8b09-4a0f-852c-fed99ca817e4 137ec43846084a089afdae182b4e0dbd 294e0993ebdb4c8ab84944346059036f - - default default] 10.0.0.244 "GET /v2.0/network-ip-availabilities HTTP/1.1" status: 200 len: 1280 time: 0.0079293
2026-06-02 13:25:22.445 10 INFO neutron.api.wsgi [-] 10.0.0.53 "GET / HTTP/1.1" status: 200 len: 246 time: 0.0024970
2026-06-02 13:25:22.448 10 INFO neutron.api.wsgi [-] 10.0.0.53 "GET / HTTP/1.1" status: 200 len: 246 time: 0.0020018
2026-06-02 13:25:37.445 10 INFO neutron.api.wsgi [-] 10.0.0.53 "GET / HTTP/1.1" status: 200 len: 246 time: 0.0034766
2026-06-02 13:25:37.448 9 INFO neutron.api.wsgi [-] 10.0.0.53 "GET / HTTP/1.1" status: 200 len: 246 time: 0.0068233
2026-06-02 13:25:52.443 10 INFO neutron.api.wsgi [-] 10.0.0.53 "GET / HTTP/1.1" status: 200 len: 246 time: 0.0012262
2026-06-02 13:25:52.444 9 INFO neutron.api.wsgi [-] 10.0.0.53 "GET / HTTP/1.1" status: 200 len: 246 time: 0.0021296
2026-06-02 13:26:07.443 9 INFO neutron.api.wsgi [-] 10.0.0.53 "GET / HTTP/1.1" status: 200 len: 246 time: 0.0016627
2026-06-02 13:26:07.444 10 INFO neutron.api.wsgi [-] 10.0.0.53 "GET / HTTP/1.1" status: 200 len: 246 time: 0.0026581
2026-06-02 13:26:11.776 9 INFO neutron.api.wsgi [None req-bb4d2fb9-1bbd-45ee-b829-d3e3446e30d8 137ec43846084a089afdae182b4e0dbd 294e0993ebdb4c8ab84944346059036f - - default default] 10.0.0.244 "GET /v2.0/floatingips HTTP/1.1" status: 200 len: 193 time: 0.0578201
2026-06-02 13:26:11.801 9 INFO neutron.api.wsgi [None req-bb60494f-4720-4a22-b617-e3bf52feee60 137ec43846084a089afdae182b4e0dbd 294e0993ebdb4c8ab84944346059036f - - default default] 10.0.0.244 "GET /v2.0/subnets HTTP/1.1" status: 200 len: 1484 time: 0.0239973
2026-06-02 13:26:11.831 9 INFO neutron.api.wsgi [None req-6cef6a79-140e-4c5c-8ce4-56aa4c1b9421 137ec43846084a089afdae182b4e0dbd 294e0993ebdb4c8ab84944346059036f - - default default] 10.0.0.244 "GET /v2.0/subnets HTTP/1.1" status: 200 len: 1484 time: 0.0277817
2026-06-02 13:26:11.839 9 INFO neutron.api.wsgi [None req-bc97cc11-2953-46a4-b9c1-8abbeb0f1a38 137ec43846084a089afdae182b4e0dbd 294e0993ebdb4c8ab84944346059036f - - default default] 10.0.0.244 "GET /v2.0/subnetpools HTTP/1.1" status: 200 len: 193 time: 0.0071750
2026-06-02 13:26:11.874 9 INFO neutron.api.wsgi [None req-3ce01ca1-131a-434b-a054-40d37e48cafe 137ec43846084a089afdae182b4e0dbd 294e0993ebdb4c8ab84944346059036f - - default default] 10.0.0.244 "GET /v2.0/security-groups HTTP/1.1" status: 200 len: 17574 time: 0.0343952
2026-06-02 13:26:11.924 9 INFO neutron.api.wsgi [None req-2a54432f-e238-4fec-b93d-02f4b776c327 137ec43846084a089afdae182b4e0dbd 294e0993ebdb4c8ab84944346059036f - - default default] 10.0.0.244 "GET /v2.0/ports HTTP/1.1" status: 200 len: 5347 time: 0.0442314
2026-06-02 13:26:11.939 9 INFO neutron.api.wsgi [None req-c3c00ae5-9adc-44b6-a97f-61f0910a24f5 137ec43846084a089afdae182b4e0dbd 294e0993ebdb4c8ab84944346059036f - - default default] 10.0.0.244 "GET /v2.0/network-ip-availabilities HTTP/1.1" status: 200 len: 1280 time: 0.0107775
2026-06-02 13:26:11.963 9 INFO neutron.api.wsgi [None req-697fa933-355a-4c7b-82bf-739cc88d3fec 137ec43846084a089afdae182b4e0dbd 294e0993ebdb4c8ab84944346059036f - - default default] 10.0.0.244 "GET /v2.0/agents HTTP/1.1" status: 200 len: 1390 time: 0.0233648
2026-06-02 13:26:12.013 9 INFO neutron.api.wsgi [None req-fad71e24-fb68-48f0-92e9-6a2c7826114e 137ec43846084a089afdae182b4e0dbd 294e0993ebdb4c8ab84944346059036f - - default default] 10.0.0.244 "GET /v2.0/networks HTTP/1.1" status: 200 len: 2350 time: 0.0482209
2026-06-02 13:26:12.031 9 INFO neutron.api.wsgi [None req-4eaee027-1a4d-4cca-8f5b-22fe3fbfd32d 137ec43846084a089afdae182b4e0dbd 294e0993ebdb4c8ab84944346059036f - - default default] 10.0.0.244 "GET /v2.0/routers HTTP/1.1" status: 200 len: 189 time: 0.0142920
2026-06-02 13:26:12.040 9 INFO neutron.api.wsgi [None req-96ab1348-a616-481a-b33d-1a92ef808f03 137ec43846084a089afdae182b4e0dbd 294e0993ebdb4c8ab84944346059036f - - default default] 10.0.0.244 "GET /v2.0/agents?binary=ovn-controller HTTP/1.1" status: 200 len: 591 time: 0.0091145
2026-06-02 13:26:22.444 10 INFO neutron.api.wsgi [-] 10.0.0.53 "GET / HTTP/1.1" status: 200 len: 246 time: 0.0021634
2026-06-02 13:26:22.445 9 INFO neutron.api.wsgi [-] 10.0.0.53 "GET / HTTP/1.1" status: 200 len: 246 time: 0.0022976
2026-06-02 13:26:37.443 9 INFO neutron.api.wsgi [-] 10.0.0.53 "GET / HTTP/1.1" status: 200 len: 246 time: 0.0012178
2026-06-02 13:26:37.445 10 INFO neutron.api.wsgi [-] 10.0.0.53 "GET / HTTP/1.1" status: 200 len: 246 time: 0.0027013
2026-06-02 13:26:52.445 10 INFO neutron.api.wsgi [-] 10.0.0.53 "GET / HTTP/1.1" status: 200 len: 246 time: 0.0033677
2026-06-02 13:26:52.445 9 INFO neutron.api.wsgi [-] 10.0.0.53 "GET / HTTP/1.1" status: 200 len: 246 time: 0.0020323
2026-06-02 13:27:07.443 10 INFO neutron.api.wsgi [-] 10.0.0.53 "GET / HTTP/1.1" status: 200 len: 246 time: 0.0016403
2026-06-02 13:27:07.444 9 INFO neutron.api.wsgi [-] 10.0.0.53 "GET / HTTP/1.1" status: 200 len: 246 time: 0.0027795
2026-06-02 13:27:11.816 9 INFO neutron.api.wsgi [None req-fca154a6-f273-4dcd-a274-a8f35ad079a3 137ec43846084a089afdae182b4e0dbd 294e0993ebdb4c8ab84944346059036f - - default default] 10.0.0.244 "GET /v2.0/floatingips HTTP/1.1" status: 200 len: 193 time: 0.1269932
2026-06-02 13:27:11.854 9 INFO neutron.api.wsgi [None req-db3d04df-2e0a-4f3d-adcb-ab48cdd9c4c2 137ec43846084a089afdae182b4e0dbd 294e0993ebdb4c8ab84944346059036f - - default default] 10.0.0.244 "GET /v2.0/security-groups HTTP/1.1" status: 200 len: 17574 time: 0.0364139
2026-06-02 13:27:11.872 9 INFO neutron.api.wsgi [None req-a78844a5-325d-4cce-aeec-38ad952041c9 137ec43846084a089afdae182b4e0dbd 294e0993ebdb4c8ab84944346059036f - - default default] 10.0.0.244 "GET /v2.0/network-ip-availabilities HTTP/1.1" status: 200 len: 1280 time: 0.0126588
2026-06-02 13:27:11.918 9 INFO neutron.api.wsgi [None req-d987c4f3-7cda-497a-b2d1-9529988d32a3 137ec43846084a089afdae182b4e0dbd 294e0993ebdb4c8ab84944346059036f - - default default] 10.0.0.244 "GET /v2.0/networks HTTP/1.1" status: 200 len: 2350 time: 0.0447984
2026-06-02 13:27:11.945 9 INFO neutron.api.wsgi [None req-d856fdd0-b47d-467c-b43a-424c1bb8abbe 137ec43846084a089afdae182b4e0dbd 294e0993ebdb4c8ab84944346059036f - - default default] 10.0.0.244 "GET /v2.0/subnets HTTP/1.1" status: 200 len: 1484 time: 0.0244379
2026-06-02 13:27:11.962 9 INFO neutron.api.wsgi [None req-c4d3e215-262d-474b-a4e8-4966520a5ca0 137ec43846084a089afdae182b4e0dbd 294e0993ebdb4c8ab84944346059036f - - default default] 10.0.0.244 "GET /v2.0/routers HTTP/1.1" status: 200 len: 189 time: 0.0144091
2026-06-02 13:27:12.000 9 INFO neutron.api.wsgi [None req-1983aa39-0324-44aa-9be3-9b72dae9839f 137ec43846084a089afdae182b4e0dbd 294e0993ebdb4c8ab84944346059036f - - default default] 10.0.0.244 "GET /v2.0/agents?binary=ovn-controller HTTP/1.1" status: 200 len: 591 time: 0.0378215
2026-06-02 13:27:12.055 9 INFO neutron.api.wsgi [None req-f317b7ff-553e-49e6-be9e-ba3eca2fab06 137ec43846084a089afdae182b4e0dbd 294e0993ebdb4c8ab84944346059036f - - default default] 10.0.0.244 "GET /v2.0/ports HTTP/1.1" status: 200 len: 5347 time: 0.0466743
2026-06-02 13:27:12.072 9 INFO neutron.api.wsgi [None req-aa95098e-8af4-4a5d-a4ee-78a30b4c55ca 137ec43846084a089afdae182b4e0dbd 294e0993ebdb4c8ab84944346059036f - - default default] 10.0.0.244 "GET /v2.0/agents HTTP/1.1" status: 200 len: 1390 time: 0.0119841
2026-06-02 13:27:12.103 9 INFO neutron.api.wsgi [None req-dc89d878-6020-4aa0-9e2b-dfed4dec139a 137ec43846084a089afdae182b4e0dbd 294e0993ebdb4c8ab84944346059036f - - default default] 10.0.0.244 "GET /v2.0/subnets HTTP/1.1" status: 200 len: 1484 time: 0.0299118
2026-06-02 13:27:12.111 9 INFO neutron.api.wsgi [None req-d5e77229-9f89-4e32-8fc3-092112fe355b 137ec43846084a089afdae182b4e0dbd 294e0993ebdb4c8ab84944346059036f - - default default] 10.0.0.244 "GET /v2.0/subnetpools HTTP/1.1" status: 200 len: 193 time: 0.0066364
2026-06-02 13:27:22.444 10 INFO neutron.api.wsgi [-] 10.0.0.53 "GET / HTTP/1.1" status: 200 len: 246 time: 0.0023534
2026-06-02 13:27:22.444 9 INFO neutron.api.wsgi [-] 10.0.0.53 "GET / HTTP/1.1" status: 200 len: 246 time: 0.0022116
2026-06-02 13:27:37.445 10 INFO neutron.api.wsgi [-] 10.0.0.53 "GET / HTTP/1.1" status: 200 len: 246 time: 0.0028608
2026-06-02 13:27:37.444 9 INFO neutron.api.wsgi [-] 10.0.0.53 "GET / HTTP/1.1" status: 200 len: 246 time: 0.0023909
2026-06-02 13:27:52.445 10 INFO neutron.api.wsgi [-] 10.0.0.53 "GET / HTTP/1.1" status: 200 len: 246 time: 0.0026164
2026-06-02 13:27:52.446 9 INFO neutron.api.wsgi [-] 10.0.0.53 "GET / HTTP/1.1" status: 200 len: 246 time: 0.0028846
2026-06-02 13:28:01.309 15 INFO neutron.plugins.ml2.drivers.ovn.mech_driver.ovsdb.maintenance [None req-b399ecb4-8c4d-4842-9ec7-2b4de7da785d - - - - - -] OVN maintenance task check_for_inconsistencies finished in 0.018 seconds
2026-06-02 13:28:07.443 9 INFO neutron.api.wsgi [-] 10.0.0.53 "GET / HTTP/1.1" status: 200 len: 246 time: 0.0016317
2026-06-02 13:28:07.444 10 INFO neutron.api.wsgi [-] 10.0.0.53 "GET / HTTP/1.1" status: 200 len: 246 time: 0.0021880
2026-06-02 13:28:11.784 9 INFO neutron.api.wsgi [None req-07d4e833-b75a-49b7-a035-6cb68fc503fd 137ec43846084a089afdae182b4e0dbd 294e0993ebdb4c8ab84944346059036f - - default default] 10.0.0.244 "GET /v2.0/network-ip-availabilities HTTP/1.1" status: 200 len: 1280 time: 0.0822887
2026-06-02 13:28:11.827 9 INFO neutron.api.wsgi [None req-6b68017b-05f7-4bd5-9406-ef21d046938a 137ec43846084a089afdae182b4e0dbd 294e0993ebdb4c8ab84944346059036f - - default default] 10.0.0.244 "GET /v2.0/networks HTTP/1.1" status: 200 len: 2350 time: 0.0419254
2026-06-02 13:28:11.861 9 INFO neutron.api.wsgi [None req-dfb40991-6dc0-493a-965d-e9132d397a26 137ec43846084a089afdae182b4e0dbd 294e0993ebdb4c8ab84944346059036f - - default default] 10.0.0.244 "GET /v2.0/security-groups HTTP/1.1" status: 200 len: 17574 time: 0.0327063
2026-06-02 13:28:11.902 9 INFO neutron.api.wsgi [None req-eaab8598-8fe1-4dcb-b040-5583810e1eba 137ec43846084a089afdae182b4e0dbd 294e0993ebdb4c8ab84944346059036f - - default default] 10.0.0.244 "GET /v2.0/subnets HTTP/1.1" status: 200 len: 1484 time: 0.0348732
2026-06-02 13:28:11.909 9 INFO neutron.api.wsgi [None req-f9fb56d7-6a75-449b-86dc-450da5475c44 137ec43846084a089afdae182b4e0dbd 294e0993ebdb4c8ab84944346059036f - - default default] 10.0.0.244 "GET /v2.0/subnetpools HTTP/1.1" status: 200 len: 193 time: 0.0056138
2026-06-02 13:28:11.949 9 INFO neutron.api.wsgi [None req-087b9429-cbdc-4890-b47c-2aa971b42c3a 137ec43846084a089afdae182b4e0dbd 294e0993ebdb4c8ab84944346059036f - - default default] 10.0.0.244 "GET /v2.0/ports HTTP/1.1" status: 200 len: 5347 time: 0.0396519
2026-06-02 13:28:11.994 9 INFO neutron.api.wsgi [None req-586c67ee-f1dc-4114-ae36-3e2c9087f0ab 137ec43846084a089afdae182b4e0dbd 294e0993ebdb4c8ab84944346059036f - - default default] 10.0.0.244 "GET /v2.0/agents HTTP/1.1" status: 200 len: 1390 time: 0.0408182
2026-06-02 13:28:12.010 9 INFO neutron.api.wsgi [None req-6dd3b1d3-4dfa-455a-abcb-c11d7d450a99 137ec43846084a089afdae182b4e0dbd 294e0993ebdb4c8ab84944346059036f - - default default] 10.0.0.244 "GET /v2.0/floatingips HTTP/1.1" status: 200 len: 193 time: 0.0151148
2026-06-02 13:28:12.037 9 INFO neutron.api.wsgi [None req-5be4e77a-74df-41c0-aa1b-ecfa61d8832e 137ec43846084a089afdae182b4e0dbd 294e0993ebdb4c8ab84944346059036f - - default default] 10.0.0.244 "GET /v2.0/subnets HTTP/1.1" status: 200 len: 1484 time: 0.0260103
2026-06-02 13:28:12.051 9 INFO neutron.api.wsgi [None req-17cdc15f-770f-4967-b0d0-be7dc2bb9c70 137ec43846084a089afdae182b4e0dbd 294e0993ebdb4c8ab84944346059036f - - default default] 10.0.0.244 "GET /v2.0/routers HTTP/1.1" status: 200 len: 189 time: 0.0130606
2026-06-02 13:28:12.061 9 INFO neutron.api.wsgi [None req-f73f48f6-e262-4555-a715-123c6f14b6e8 137ec43846084a089afdae182b4e0dbd 294e0993ebdb4c8ab84944346059036f - - default default] 10.0.0.244 "GET /v2.0/agents?binary=ovn-controller HTTP/1.1" status: 200 len: 591 time: 0.0088267
2026-06-02 13:28:22.444 10 INFO neutron.api.wsgi [-] 10.0.0.53 "GET / HTTP/1.1" status: 200 len: 246 time: 0.0021219
2026-06-02 13:28:22.445 9 INFO neutron.api.wsgi [-] 10.0.0.53 "GET / HTTP/1.1" status: 200 len: 246 time: 0.0030148
2026-06-02 13:28:30.577 10 INFO neutron.pecan_wsgi.hooks.translation [None req-12407603-5c86-4f48-b065-4c07c7703b40 137ec43846084a089afdae182b4e0dbd 294e0993ebdb4c8ab84944346059036f - - default default] GET failed (client error): The resource could not be found.
2026-06-02 13:28:30.578 10 INFO neutron.api.wsgi [None req-12407603-5c86-4f48-b065-4c07c7703b40 137ec43846084a089afdae182b4e0dbd 294e0993ebdb4c8ab84944346059036f - - default default] 199.204.45.4,10.0.0.53 "GET /v2.0/networks/public HTTP/1.1" status: 404 len: 290 time: 0.0588458
2026-06-02 13:28:30.619 10 INFO neutron.api.wsgi [None req-4a08e5bd-850b-41a9-96d4-9e5a5455afb8 137ec43846084a089afdae182b4e0dbd 294e0993ebdb4c8ab84944346059036f - - default default] 199.204.45.4,10.0.0.53 "GET /v2.0/networks?name=public HTTP/1.1" status: 200 len: 928 time: 0.0380628
2026-06-02 13:28:31.647 10 INFO neutron.pecan_wsgi.hooks.translation [None req-ffb13004-ec7f-4c39-beb7-f0d6cb5cd834 137ec43846084a089afdae182b4e0dbd 294e0993ebdb4c8ab84944346059036f - - default default] GET failed (client error): The resource could not be found.
2026-06-02 13:28:31.649 10 INFO neutron.api.wsgi [None req-ffb13004-ec7f-4c39-beb7-f0d6cb5cd834 137ec43846084a089afdae182b4e0dbd 294e0993ebdb4c8ab84944346059036f - - default default] 199.204.45.4,10.0.0.53 "GET /v2.0/networks/public HTTP/1.1" status: 404 len: 290 time: 0.0374491
2026-06-02 13:28:31.690 10 INFO neutron.api.wsgi [None req-668475d5-d80d-401d-a1b7-3df60312a2e6 137ec43846084a089afdae182b4e0dbd 294e0993ebdb4c8ab84944346059036f - - default default] 199.204.45.4,10.0.0.53 "GET /v2.0/networks?name=public HTTP/1.1" status: 200 len: 928 time: 0.0377200
2026-06-02 13:28:31.708 10 INFO neutron.pecan_wsgi.hooks.translation [None req-4d819fb2-8922-4f8b-a133-de60468d16e5 137ec43846084a089afdae182b4e0dbd 294e0993ebdb4c8ab84944346059036f - - default default] GET failed (client error): The resource could not be found.
2026-06-02 13:28:31.710 10 INFO neutron.api.wsgi [None req-4d819fb2-8922-4f8b-a133-de60468d16e5 137ec43846084a089afdae182b4e0dbd 294e0993ebdb4c8ab84944346059036f - - default default] 199.204.45.4,10.0.0.53 "GET /v2.0/subnets/public-subnet?network_id=3625b642-a7a8-45eb-a055-e8c49cf30b3a HTTP/1.1" status: 404 len: 295 time: 0.0107596
2026-06-02 13:28:31.730 10 INFO neutron.api.wsgi [None req-05d18dfd-ff38-440e-93bb-14b08c29f394 137ec43846084a089afdae182b4e0dbd 294e0993ebdb4c8ab84944346059036f - - default default] 199.204.45.4,10.0.0.53 "GET /v2.0/subnets?name=public-subnet&network_id=3625b642-a7a8-45eb-a055-e8c49cf30b3a HTTP/1.1" status: 200 len: 842 time: 0.0186689
2026-06-02 13:28:37.444 9 INFO neutron.api.wsgi [-] 10.0.0.53 "GET / HTTP/1.1" status: 200 len: 246 time: 0.0025382
2026-06-02 13:28:37.444 10 INFO neutron.api.wsgi [-] 10.0.0.53 "GET / HTTP/1.1" status: 200 len: 246 time: 0.0026665
2026-06-02 13:28:52.446 9 INFO neutron.api.wsgi [-] 10.0.0.53 "GET / HTTP/1.1" status: 200 len: 246 time: 0.0022862
2026-06-02 13:28:52.450 9 INFO neutron.api.wsgi [-] 10.0.0.53 "GET / HTTP/1.1" status: 200 len: 246 time: 0.0014105
2026-06-02 13:28:59.979 10 INFO neutron.pecan_wsgi.hooks.translation [None req-95df8af5-2912-48b7-a2f8-36f4f8ed6b64 137ec43846084a089afdae182b4e0dbd 294e0993ebdb4c8ab84944346059036f - - default default] GET failed (client error): The resource could not be found.
2026-06-02 13:28:59.981 10 INFO neutron.api.wsgi [None req-95df8af5-2912-48b7-a2f8-36f4f8ed6b64 137ec43846084a089afdae182b4e0dbd 294e0993ebdb4c8ab84944346059036f - - default default] 199.204.45.4,10.0.0.53 "GET /v2.0/networks/lb-mgmt-net HTTP/1.1" status: 404 len: 295 time: 0.0520658
2026-06-02 13:29:00.026 10 INFO neutron.api.wsgi [None req-92c72ff5-559b-44e3-b4a3-51da07b29029 137ec43846084a089afdae182b4e0dbd 294e0993ebdb4c8ab84944346059036f - - default default] 199.204.45.4,10.0.0.53 "GET /v2.0/networks?name=lb-mgmt-net HTTP/1.1" status: 200 len: 913 time: 0.0429766
2026-06-02 13:29:00.965 10 INFO neutron.pecan_wsgi.hooks.translation [None req-2e7ad0f7-08ed-47ab-b769-8d2f2ce2fcb7 137ec43846084a089afdae182b4e0dbd 294e0993ebdb4c8ab84944346059036f - - default default] GET failed (client error): The resource could not be found.
2026-06-02 13:29:00.966 10 INFO neutron.api.wsgi [None req-2e7ad0f7-08ed-47ab-b769-8d2f2ce2fcb7 137ec43846084a089afdae182b4e0dbd 294e0993ebdb4c8ab84944346059036f - - default default] 199.204.45.4,10.0.0.53 "GET /v2.0/networks/lb-mgmt-net HTTP/1.1" status: 404 len: 295 time: 0.0581446
2026-06-02 13:29:01.015 10 INFO neutron.api.wsgi [None req-7d0a2cfc-c462-490d-a59e-4bfd77f1afbf 137ec43846084a089afdae182b4e0dbd 294e0993ebdb4c8ab84944346059036f - - default default] 199.204.45.4,10.0.0.53 "GET /v2.0/networks?name=lb-mgmt-net HTTP/1.1" status: 200 len: 913 time: 0.0442367
2026-06-02 13:29:01.046 10 INFO neutron.pecan_wsgi.hooks.translation [None req-07493954-a014-438c-98f2-82a680b972fb 137ec43846084a089afdae182b4e0dbd 294e0993ebdb4c8ab84944346059036f - - default default] GET failed (client error): The resource could not be found.
2026-06-02 13:29:01.050 10 INFO neutron.api.wsgi [None req-07493954-a014-438c-98f2-82a680b972fb 137ec43846084a089afdae182b4e0dbd 294e0993ebdb4c8ab84944346059036f - - default default] 199.204.45.4,10.0.0.53 "GET /v2.0/subnets/lb-mgmt-subnet?network_id=e782025a-8f3e-4b29-b179-d3b2f030ab7e HTTP/1.1" status: 404 len: 296 time: 0.0202148
2026-06-02 13:29:01.096 10 INFO neutron.api.wsgi [None req-3d73324b-c69f-4de4-93eb-8d0063491946 137ec43846084a089afdae182b4e0dbd 294e0993ebdb4c8ab84944346059036f - - default default] 199.204.45.4,10.0.0.53 "GET /v2.0/subnets?name=lb-mgmt-subnet&network_id=e782025a-8f3e-4b29-b179-d3b2f030ab7e HTTP/1.1" status: 200 len: 829 time: 0.0410166
2026-06-02 13:29:02.334 10 INFO neutron.api.v2.resource [None req-10140e73-1a4b-468f-9dfd-cb84e22ad3ab 137ec43846084a089afdae182b4e0dbd 294e0993ebdb4c8ab84944346059036f - - default default] show failed (client error): The resource could not be found.
2026-06-02 13:29:02.335 10 INFO neutron.api.wsgi [None req-10140e73-1a4b-468f-9dfd-cb84e22ad3ab 137ec43846084a089afdae182b4e0dbd 294e0993ebdb4c8ab84944346059036f - - default default] 199.204.45.4,10.0.0.53 "GET /v2.0/security-groups/lb-health-mgr-sec-grp HTTP/1.1" status: 404 len: 313 time: 0.0383897
2026-06-02 13:29:02.375 10 INFO neutron.api.wsgi [None req-bca50569-448d-4608-b9eb-64837ed34755 137ec43846084a089afdae182b4e0dbd 294e0993ebdb4c8ab84944346059036f - - default default] 199.204.45.4,10.0.0.53 "GET /v2.0/security-groups?name=lb-health-mgr-sec-grp HTTP/1.1" status: 200 len: 4866 time: 0.0348437
2026-06-02 13:29:03.699 10 INFO neutron.api.wsgi [None req-2a84739a-cb17-489f-a9eb-386a465c8442 137ec43846084a089afdae182b4e0dbd 294e0993ebdb4c8ab84944346059036f - - default default] 199.204.45.4,10.0.0.53 "GET /v2.0/security-groups/844c58fc-5845-48df-914b-a8b702f73925 HTTP/1.1" status: 200 len: 4870 time: 0.0678785
2026-06-02 13:29:03.739 10 INFO neutron.api.wsgi [None req-fac867f1-2117-4309-82e7-8937cdd9beaa 137ec43846084a089afdae182b4e0dbd 294e0993ebdb4c8ab84944346059036f - - default default] 199.204.45.4,10.0.0.53 "GET /v2.0/security-groups/844c58fc-5845-48df-914b-a8b702f73925 HTTP/1.1" status: 200 len: 4870 time: 0.0341775
2026-06-02 13:29:03.762 10 INFO neutron.api.wsgi [None req-97831526-b5ad-4fd6-98b9-81002ae8dcb7 137ec43846084a089afdae182b4e0dbd 294e0993ebdb4c8ab84944346059036f - - default default] 199.204.45.4,10.0.0.53 "GET /v2.0/security-group-rules/aad7eba7-a6e2-4844-8d14-48e53a756f24 HTTP/1.1" status: 200 len: 776 time: 0.0156169
2026-06-02 13:29:04.681 10 INFO neutron.api.wsgi [None req-6fba7df2-ec69-4ec6-a3c6-b957738ebac9 137ec43846084a089afdae182b4e0dbd 294e0993ebdb4c8ab84944346059036f - - default default] 199.204.45.4,10.0.0.53 "GET /v2.0/security-groups/844c58fc-5845-48df-914b-a8b702f73925 HTTP/1.1" status: 200 len: 4870 time: 0.0694728
2026-06-02 13:29:04.723 10 INFO neutron.api.wsgi [None req-e10dba8d-82ef-4f0a-9694-fbb84ad10c72 137ec43846084a089afdae182b4e0dbd 294e0993ebdb4c8ab84944346059036f - - default default] 199.204.45.4,10.0.0.53 "GET /v2.0/security-groups/844c58fc-5845-48df-914b-a8b702f73925 HTTP/1.1" status: 200 len: 4870 time: 0.0353854
2026-06-02 13:29:04.748 10 INFO neutron.api.wsgi [None req-b5cfbdbb-0be9-4a1d-be65-51c2a7442d12 137ec43846084a089afdae182b4e0dbd 294e0993ebdb4c8ab84944346059036f - - default default] 199.204.45.4,10.0.0.53 "GET /v2.0/security-group-rules/5ccee31f-78a9-4a7d-9a92-f8be0cd0f78a HTTP/1.1" status: 200 len: 778 time: 0.0166659
2026-06-02 13:29:05.639 10 INFO neutron.api.wsgi [None req-bc0a7e2a-4f09-4b77-997e-2c6b2c0fc958 137ec43846084a089afdae182b4e0dbd 294e0993ebdb4c8ab84944346059036f - - default default] 199.204.45.4,10.0.0.53 "GET /v2.0/security-groups/844c58fc-5845-48df-914b-a8b702f73925 HTTP/1.1" status: 200 len: 4870 time: 0.0764766
2026-06-02 13:29:05.675 10 INFO neutron.api.wsgi [None req-6188acb7-f426-476d-bcca-248d3611fabc 137ec43846084a089afdae182b4e0dbd 294e0993ebdb4c8ab84944346059036f - - default default] 199.204.45.4,10.0.0.53 "GET /v2.0/security-groups/844c58fc-5845-48df-914b-a8b702f73925 HTTP/1.1" status: 200 len: 4870 time: 0.0283346
2026-06-02 13:29:05.693 10 INFO neutron.api.wsgi [None req-1f15f201-18dd-47d7-98c8-227b12f88069 137ec43846084a089afdae182b4e0dbd 294e0993ebdb4c8ab84944346059036f - - default default] 199.204.45.4,10.0.0.53 "GET /v2.0/security-group-rules/86d70c59-c127-4898-87d5-82783049e539 HTTP/1.1" status: 200 len: 778 time: 0.0118554
2026-06-02 13:29:06.595 10 INFO neutron.api.wsgi [None req-9e45eed6-f49f-4681-b6ac-ef5fbfb1328f 137ec43846084a089afdae182b4e0dbd 294e0993ebdb4c8ab84944346059036f - - default default] 199.204.45.4,10.0.0.53 "GET /v2.0/security-groups/844c58fc-5845-48df-914b-a8b702f73925 HTTP/1.1" status: 200 len: 4870 time: 0.0596430
2026-06-02 13:29:06.633 10 INFO neutron.api.wsgi [None req-2bbe80ef-4313-448a-aa69-ab1b3219da9b 137ec43846084a089afdae182b4e0dbd 294e0993ebdb4c8ab84944346059036f - - default default] 199.204.45.4,10.0.0.53 "GET /v2.0/security-groups/844c58fc-5845-48df-914b-a8b702f73925 HTTP/1.1" status: 200 len: 4870 time: 0.0300796
2026-06-02 13:29:06.656 10 INFO neutron.api.wsgi [None req-33fd1e0f-3929-4e4e-826c-ea05d145708f 137ec43846084a089afdae182b4e0dbd 294e0993ebdb4c8ab84944346059036f - - default default] 199.204.45.4,10.0.0.53 "GET /v2.0/security-group-rules/919aeb39-048b-4d50-a6d4-3021142a50a4 HTTP/1.1" status: 200 len: 778 time: 0.0140405
2026-06-02 13:29:07.444 9 INFO neutron.api.wsgi [-] 10.0.0.53 "GET / HTTP/1.1" status: 200 len: 246 time: 0.0029995
2026-06-02 13:29:07.444 10 INFO neutron.api.wsgi [-] 10.0.0.53 "GET / HTTP/1.1" status: 200 len: 246 time: 0.0030239
2026-06-02 13:29:07.530 10 INFO neutron.api.wsgi [None req-48128323-adf3-49b6-b1e1-d5771e056140 137ec43846084a089afdae182b4e0dbd 294e0993ebdb4c8ab84944346059036f - - default default] 199.204.45.4,10.0.0.53 "GET /v2.0/security-groups/844c58fc-5845-48df-914b-a8b702f73925 HTTP/1.1" status: 200 len: 4870 time: 0.0687659
2026-06-02 13:29:07.573 10 INFO neutron.api.wsgi [None req-009394a2-8685-4ab2-bf96-88078dcb6136 137ec43846084a089afdae182b4e0dbd 294e0993ebdb4c8ab84944346059036f - - default default] 199.204.45.4,10.0.0.53 "GET /v2.0/security-groups/844c58fc-5845-48df-914b-a8b702f73925 HTTP/1.1" status: 200 len: 4870 time: 0.0355954
2026-06-02 13:29:07.596 10 INFO neutron.api.wsgi [None req-4cc317c6-34cb-4fe0-bd30-f6d329a1abcb 137ec43846084a089afdae182b4e0dbd 294e0993ebdb4c8ab84944346059036f - - default default] 199.204.45.4,10.0.0.53 "GET /v2.0/security-group-rules/bf0e8ec8-ad99-4fed-af5a-378dd193e71e HTTP/1.1" status: 200 len: 778 time: 0.0166259
2026-06-02 13:29:08.911 10 INFO neutron.api.wsgi [None req-aed420cf-4828-40cc-a53f-a1e807fe15ee 137ec43846084a089afdae182b4e0dbd 294e0993ebdb4c8ab84944346059036f - - default default] 199.204.45.4,10.0.0.53 "GET /v2.0/networks/e782025a-8f3e-4b29-b179-d3b2f030ab7e HTTP/1.1" status: 200 len: 910 time: 0.0692492
2026-06-02 13:29:08.932 10 INFO neutron.pecan_wsgi.hooks.translation [None req-c4eb1b67-ae30-4953-96a7-93f186f897b1 137ec43846084a089afdae182b4e0dbd 294e0993ebdb4c8ab84944346059036f - - default default] GET failed (client error): The resource could not be found.
2026-06-02 13:29:08.933 10 INFO neutron.api.wsgi [None req-c4eb1b67-ae30-4953-96a7-93f186f897b1 137ec43846084a089afdae182b4e0dbd 294e0993ebdb4c8ab84944346059036f - - default default] 199.204.45.4,10.0.0.53 "GET /v2.0/ports/octavia-health-manager-port-instance?network_id=e782025a-8f3e-4b29-b179-d3b2f030ab7e HTTP/1.1" status: 404 len: 314 time: 0.0146916
2026-06-02 13:29:08.974 10 INFO neutron.api.wsgi [None req-4d6d969e-ea56-4892-969b-39131875093c 137ec43846084a089afdae182b4e0dbd 294e0993ebdb4c8ab84944346059036f - - default default] 199.204.45.4,10.0.0.53 "GET /v2.0/ports?name=octavia-health-manager-port-instance&network_id=e782025a-8f3e-4b29-b179-d3b2f030ab7e HTTP/1.1" status: 200 len: 1395 time: 0.0371280
2026-06-02 13:29:09.013 10 INFO neutron.api.wsgi [None req-ceaf69a6-6388-4071-837c-3bc43ce3fc07 137ec43846084a089afdae182b4e0dbd 294e0993ebdb4c8ab84944346059036f - - default default] 199.204.45.4,10.0.0.53 "GET /v2.0/security-groups/844c58fc-5845-48df-914b-a8b702f73925 HTTP/1.1" status: 200 len: 4870 time: 0.0316496
2026-06-02 13:29:11.800 9 INFO neutron.api.wsgi [None req-f4cfbbb8-29ca-42e6-8413-c6440b205e3b 137ec43846084a089afdae182b4e0dbd 294e0993ebdb4c8ab84944346059036f - - default default] 10.0.0.244 "GET /v2.0/ports HTTP/1.1" status: 200 len: 5347 time: 0.0923126
2026-06-02 13:29:11.852 9 INFO neutron.api.wsgi [None req-7dfacfb3-665d-4e22-b20a-186528344aa7 137ec43846084a089afdae182b4e0dbd 294e0993ebdb4c8ab84944346059036f - - default default] 10.0.0.244 "GET /v2.0/networks HTTP/1.1" status: 200 len: 2350 time: 0.0495477
2026-06-02 13:29:11.895 9 INFO neutron.api.wsgi [None req-13721830-8929-4ecf-aa59-5413d3e46e7e 137ec43846084a089afdae182b4e0dbd 294e0993ebdb4c8ab84944346059036f - - default default] 10.0.0.244 "GET /v2.0/security-groups HTTP/1.1" status: 200 len: 17574 time: 0.0386970
2026-06-02 13:29:11.926 9 INFO neutron.api.wsgi [None req-c8f77d2d-6775-445a-93e7-c05427750a3f 137ec43846084a089afdae182b4e0dbd 294e0993ebdb4c8ab84944346059036f - - default default] 10.0.0.244 "GET /v2.0/subnets HTTP/1.1" status: 200 len: 1484 time: 0.0253351
2026-06-02 13:29:11.962 9 INFO neutron.api.wsgi [None req-2e2524c0-8244-4686-a908-b5893fa64ea1 137ec43846084a089afdae182b4e0dbd 294e0993ebdb4c8ab84944346059036f - - default default] 10.0.0.244 "GET /v2.0/agents HTTP/1.1" status: 200 len: 1390 time: 0.0346537
2026-06-02 13:29:11.975 9 INFO neutron.api.wsgi [None req-ed3ab66a-4a17-482f-babd-348376340e61 137ec43846084a089afdae182b4e0dbd 294e0993ebdb4c8ab84944346059036f - - default default] 10.0.0.244 "GET /v2.0/network-ip-availabilities HTTP/1.1" status: 200 len: 1280 time: 0.0117881
2026-06-02 13:29:12.005 9 INFO neutron.api.wsgi [None req-19e411dc-10d1-4d9a-8109-29082747eee3 137ec43846084a089afdae182b4e0dbd 294e0993ebdb4c8ab84944346059036f - - default default] 10.0.0.244 "GET /v2.0/subnets HTTP/1.1" status: 200 len: 1484 time: 0.0262375
2026-06-02 13:29:12.011 9 INFO neutron.api.wsgi [None req-f79c8389-7a0a-4d93-a03d-faa6e58b7055 137ec43846084a089afdae182b4e0dbd 294e0993ebdb4c8ab84944346059036f - - default default] 10.0.0.244 "GET /v2.0/subnetpools HTTP/1.1" status: 200 len: 193 time: 0.0057249
2026-06-02 13:29:12.047 9 INFO neutron.api.wsgi [None req-7a0441a4-14b2-4dcb-b072-fac073185170 137ec43846084a089afdae182b4e0dbd 294e0993ebdb4c8ab84944346059036f - - default default] 10.0.0.244 "GET /v2.0/routers HTTP/1.1" status: 200 len: 189 time: 0.0345054
2026-06-02 13:29:12.055 9 INFO neutron.api.wsgi [None req-ea9dea55-21f7-42e6-90b2-121aaae57d7d 137ec43846084a089afdae182b4e0dbd 294e0993ebdb4c8ab84944346059036f - - default default] 10.0.0.244 "GET /v2.0/agents?binary=ovn-controller HTTP/1.1" status: 200 len: 591 time: 0.0072322
2026-06-02 13:29:12.067 9 INFO neutron.api.wsgi [None req-527b04a6-f50a-47d1-ad0d-2cdc7628b78d 137ec43846084a089afdae182b4e0dbd 294e0993ebdb4c8ab84944346059036f - - default default] 10.0.0.244 "GET /v2.0/floatingips HTTP/1.1" status: 200 len: 193 time: 0.0115762
2026-06-02 13:29:16.081 10 INFO neutron.pecan_wsgi.hooks.translation [None req-6c603553-e322-4e65-aa27-4826cabeaf7d 137ec43846084a089afdae182b4e0dbd 294e0993ebdb4c8ab84944346059036f - - default default] GET failed (client error): The resource could not be found.
2026-06-02 13:29:16.082 10 INFO neutron.api.wsgi [None req-6c603553-e322-4e65-aa27-4826cabeaf7d 137ec43846084a089afdae182b4e0dbd 294e0993ebdb4c8ab84944346059036f - - default default] 199.204.45.4,10.0.0.53 "GET /v2.0/ports/octavia-health-manager-port-instance HTTP/1.1" status: 404 len: 314 time: 0.0424216
2026-06-02 13:29:16.119 10 INFO neutron.api.wsgi [None req-f292f94b-b872-4b64-900a-eb6544bea7c9 137ec43846084a089afdae182b4e0dbd 294e0993ebdb4c8ab84944346059036f - - default default] 199.204.45.4,10.0.0.53 "GET /v2.0/ports?name=octavia-health-manager-port-instance HTTP/1.1" status: 200 len: 1395 time: 0.0329757
2026-06-02 13:29:17.813 10 INFO neutron.api.wsgi [None req-da8bab5b-c150-4226-961d-e8b60de09bfa 137ec43846084a089afdae182b4e0dbd 294e0993ebdb4c8ab84944346059036f - - default default] 199.204.45.4,10.0.0.53 "GET /v2.0/ports HTTP/1.1" status: 200 len: 5347 time: 0.0643613
2026-06-02 13:29:18.857 10 INFO neutron.api.v2.resource [None req-2e247445-46d1-4f54-8f9e-fc13c8117a41 137ec43846084a089afdae182b4e0dbd 294e0993ebdb4c8ab84944346059036f - - default default] show failed (client error): The resource could not be found.
2026-06-02 13:29:18.858 10 INFO neutron.api.wsgi [None req-2e247445-46d1-4f54-8f9e-fc13c8117a41 137ec43846084a089afdae182b4e0dbd 294e0993ebdb4c8ab84944346059036f - - default default] 199.204.45.4,10.0.0.53 "GET /v2.0/security-groups/lb-mgmt-sec-grp HTTP/1.1" status: 404 len: 307 time: 0.0483358
2026-06-02 13:29:18.897 10 INFO neutron.api.wsgi [None req-75938f7b-26b0-45a9-a1de-a54f70cabe5e 137ec43846084a089afdae182b4e0dbd 294e0993ebdb4c8ab84944346059036f - - default default] 199.204.45.4,10.0.0.53 "GET /v2.0/security-groups?name=lb-mgmt-sec-grp HTTP/1.1" status: 200 len: 3057 time: 0.0347257
2026-06-02 13:29:19.884 10 INFO neutron.api.wsgi [None req-1a711d9e-05f4-4c5e-aa8d-a2c7769ea832 137ec43846084a089afdae182b4e0dbd 294e0993ebdb4c8ab84944346059036f - - default default] 199.204.45.4,10.0.0.53 "GET /v2.0/security-groups/3c2cabcd-6de6-4c1e-91d4-b435dc89a03a HTTP/1.1" status: 200 len: 3058 time: 0.0535400
2026-06-02 13:29:19.918 10 INFO neutron.api.wsgi [None req-f8967ebc-3a2f-4ea8-bad9-c4655bf16699 137ec43846084a089afdae182b4e0dbd 294e0993ebdb4c8ab84944346059036f - - default default] 199.204.45.4,10.0.0.53 "GET /v2.0/security-groups/3c2cabcd-6de6-4c1e-91d4-b435dc89a03a HTTP/1.1" status: 200 len: 3058 time: 0.0260141
2026-06-02 13:29:19.941 10 INFO neutron.api.wsgi [None req-e57ac63e-9914-47f3-9dbe-616592c345e8 137ec43846084a089afdae182b4e0dbd 294e0993ebdb4c8ab84944346059036f - - default default] 199.204.45.4,10.0.0.53 "GET /v2.0/security-group-rules/3928804a-d12a-4a14-bef7-819554facca4 HTTP/1.1" status: 200 len: 796 time: 0.0171139
2026-06-02 13:29:20.839 10 INFO neutron.api.wsgi [None req-b5c17fee-0b8a-4161-bf04-75c67758794a 137ec43846084a089afdae182b4e0dbd 294e0993ebdb4c8ab84944346059036f - - default default] 199.204.45.4,10.0.0.53 "GET /v2.0/security-groups/3c2cabcd-6de6-4c1e-91d4-b435dc89a03a HTTP/1.1" status: 200 len: 3058 time: 0.0567572
2026-06-02 13:29:20.868 10 INFO neutron.api.wsgi [None req-053823d2-36e9-462a-a130-8a93eba6d77d 137ec43846084a089afdae182b4e0dbd 294e0993ebdb4c8ab84944346059036f - - default default] 199.204.45.4,10.0.0.53 "GET /v2.0/security-groups/3c2cabcd-6de6-4c1e-91d4-b435dc89a03a HTTP/1.1" status: 200 len: 3058 time: 0.0205045
2026-06-02 13:29:20.886 10 INFO neutron.api.wsgi [None req-b88d52e2-5090-4401-8f66-52ed79bcdcba 137ec43846084a089afdae182b4e0dbd 294e0993ebdb4c8ab84944346059036f - - default default] 199.204.45.4,10.0.0.53 "GET /v2.0/security-group-rules/80ec66db-7666-42eb-9bf8-9241e73edd32 HTTP/1.1" status: 200 len: 800 time: 0.0134971
2026-06-02 13:29:22.443 10 INFO neutron.api.wsgi [-] 10.0.0.53 "GET / HTTP/1.1" status: 200 len: 246 time: 0.0018418
2026-06-02 13:29:22.445 10 INFO neutron.api.wsgi [-] 10.0.0.53 "GET / HTTP/1.1" status: 200 len: 246 time: 0.0013852
2026-06-02 13:29:32.964 10 INFO neutron.api.wsgi [None req-dc5ca3eb-54ab-41ab-a3e1-b9054966b8eb 137ec43846084a089afdae182b4e0dbd 294e0993ebdb4c8ab84944346059036f - - default default] 199.204.45.4,10.0.0.53 "GET /v2.0/quotas/294e0993ebdb4c8ab84944346059036f HTTP/1.1" status: 200 len: 466 time: 0.0117595
2026-06-02 13:29:37.445 9 INFO neutron.api.wsgi [-] 10.0.0.53 "GET / HTTP/1.1" status: 200 len: 246 time: 0.0025105
2026-06-02 13:29:37.449 9 INFO neutron.api.wsgi [-] 10.0.0.53 "GET / HTTP/1.1" status: 200 len: 246 time: 0.0034010
2026-06-02 13:29:52.444 9 INFO neutron.api.wsgi [-] 10.0.0.53 "GET / HTTP/1.1" status: 200 len: 246 time: 0.0024638
2026-06-02 13:29:52.445 10 INFO neutron.api.wsgi [-] 10.0.0.53 "GET / HTTP/1.1" status: 200 len: 246 time: 0.0014672
2026-06-02 13:30:07.443 9 INFO neutron.api.wsgi [-] 10.0.0.53 "GET / HTTP/1.1" status: 200 len: 246 time: 0.0016241
2026-06-02 13:30:07.445 10 INFO neutron.api.wsgi [-] 10.0.0.53 "GET / HTTP/1.1" status: 200 len: 246 time: 0.0027988
2026-06-02 13:30:11.749 9 INFO neutron.api.wsgi [None req-327eae50-061b-4073-aef3-c37c50ed0929 137ec43846084a089afdae182b4e0dbd 294e0993ebdb4c8ab84944346059036f - - default default] 10.0.0.244 "GET /v2.0/routers HTTP/1.1" status: 200 len: 189 time: 0.0741417
2026-06-02 13:30:11.783 9 INFO neutron.api.wsgi [None req-239150f3-f6eb-4ed2-8908-f3fdf46b2433 137ec43846084a089afdae182b4e0dbd 294e0993ebdb4c8ab84944346059036f - - default default] 10.0.0.244 "GET /v2.0/agents?binary=ovn-controller HTTP/1.1" status: 200 len: 591 time: 0.0329173
2026-06-02 13:30:11.807 9 INFO neutron.api.wsgi [None req-f625144c-3a9b-4426-b673-382b4c991875 137ec43846084a089afdae182b4e0dbd 294e0993ebdb4c8ab84944346059036f - - default default] 10.0.0.244 "GET /v2.0/subnets HTTP/1.1" status: 200 len: 1484 time: 0.0235991
2026-06-02 13:30:11.818 9 INFO neutron.api.wsgi [None req-ba1c0ffa-45ae-4be1-a1c1-baebb06428b0 137ec43846084a089afdae182b4e0dbd 294e0993ebdb4c8ab84944346059036f - - default default] 10.0.0.244 "GET /v2.0/subnetpools HTTP/1.1" status: 200 len: 193 time: 0.0093989
2026-06-02 13:30:11.835 9 INFO neutron.api.wsgi [None req-1c6658d2-713d-40fa-b196-60efd8fd0399 137ec43846084a089afdae182b4e0dbd 294e0993ebdb4c8ab84944346059036f - - default default] 10.0.0.244 "GET /v2.0/floatingips HTTP/1.1" status: 200 len: 193 time: 0.0169516
2026-06-02 13:30:11.885 9 INFO neutron.api.wsgi [None req-f11706b0-e64e-472b-b21c-b9ea6a994652 137ec43846084a089afdae182b4e0dbd 294e0993ebdb4c8ab84944346059036f - - default default] 10.0.0.244 "GET /v2.0/networks HTTP/1.1" status: 200 len: 2350 time: 0.0444992
2026-06-02 13:30:11.924 9 INFO neutron.api.wsgi [None req-f546e919-c8e9-4741-bbab-5dfd331aa458 137ec43846084a089afdae182b4e0dbd 294e0993ebdb4c8ab84944346059036f - - default default] 10.0.0.244 "GET /v2.0/ports HTTP/1.1" status: 200 len: 5347 time: 0.0363491
2026-06-02 13:30:11.938 9 INFO neutron.api.wsgi [None req-d57e9526-b151-4b20-a9ec-dca033f2e573 137ec43846084a089afdae182b4e0dbd 294e0993ebdb4c8ab84944346059036f - - default default] 10.0.0.244 "GET /v2.0/network-ip-availabilities HTTP/1.1" status: 200 len: 1280 time: 0.0101528
2026-06-02 13:30:11.972 9 INFO neutron.api.wsgi [None req-46a98931-6f9c-4d03-9df6-330270d1cd8f 137ec43846084a089afdae182b4e0dbd 294e0993ebdb4c8ab84944346059036f - - default default] 10.0.0.244 "GET /v2.0/security-groups HTTP/1.1" status: 200 len: 17574 time: 0.0331385
2026-06-02 13:30:12.004 9 INFO neutron.api.wsgi [None req-8b1ad218-1ebd-4cff-b299-636baa7889f7 137ec43846084a089afdae182b4e0dbd 294e0993ebdb4c8ab84944346059036f - - default default] 10.0.0.244 "GET /v2.0/subnets HTTP/1.1" status: 200 len: 1484 time: 0.0258603
2026-06-02 13:30:12.018 9 INFO neutron.api.wsgi [None req-85c7584a-b3b0-4dc0-9214-7602f478e9f8 137ec43846084a089afdae182b4e0dbd 294e0993ebdb4c8ab84944346059036f - - default default] 10.0.0.244 "GET /v2.0/agents HTTP/1.1" status: 200 len: 1390 time: 0.0130448
2026-06-02 13:30:22.444 9 INFO neutron.api.wsgi [-] 10.0.0.53 "GET / HTTP/1.1" status: 200 len: 246 time: 0.0025473
2026-06-02 13:30:22.444 10 INFO neutron.api.wsgi [-] 10.0.0.53 "GET / HTTP/1.1" status: 200 len: 246 time: 0.0027223
2026-06-02 13:30:27.121 9 INFO neutron.api.v2.resource [None req-c83b76dd-92a4-454c-882c-12be534ecf62 137ec43846084a089afdae182b4e0dbd 294e0993ebdb4c8ab84944346059036f - - default default] show failed (client error): The resource could not be found.
2026-06-02 13:30:27.122 9 INFO neutron.api.wsgi [None req-c83b76dd-92a4-454c-882c-12be534ecf62 137ec43846084a089afdae182b4e0dbd 294e0993ebdb4c8ab84944346059036f - - default default] 199.204.45.4,10.0.0.53 "GET /v2.0/security-groups/manila-service-security-group?project_id=bd1a759263f845cba38942cd10c00668 HTTP/1.1" status: 404 len: 321 time: 0.0361991
2026-06-02 13:30:27.159 9 INFO neutron.api.wsgi [None req-26c95cbc-4cff-4243-abd7-2d4cfba45bee 137ec43846084a089afdae182b4e0dbd 294e0993ebdb4c8ab84944346059036f - - default default] 199.204.45.4,10.0.0.53 "GET /v2.0/security-groups?name=manila-service-security-group&project_id=bd1a759263f845cba38942cd10c00668 HTTP/1.1" status: 200 len: 4248 time: 0.0312371
2026-06-02 13:30:28.253 10 INFO neutron.api.wsgi [None req-a18893af-06f0-46fc-bfb1-ae4549efb164 137ec43846084a089afdae182b4e0dbd 294e0993ebdb4c8ab84944346059036f - - default default] 199.204.45.4,10.0.0.53 "GET /v2.0/security-groups/77f4ebc7-cac8-49ed-86d7-96405498069b?project_id=bd1a759263f845cba38942cd10c00668 HTTP/1.1" status: 200 len: 4251 time: 0.0721350
2026-06-02 13:30:28.290 10 INFO neutron.api.wsgi [None req-719cca0d-66d4-4263-b074-ffaa71a991ed 137ec43846084a089afdae182b4e0dbd 294e0993ebdb4c8ab84944346059036f - - default default] 199.204.45.4,10.0.0.53 "GET /v2.0/security-groups/77f4ebc7-cac8-49ed-86d7-96405498069b HTTP/1.1" status: 200 len: 4251 time: 0.0304704
2026-06-02 13:30:28.308 10 INFO neutron.api.wsgi [None req-97958de6-788b-403c-b650-5f8ff82c2757 137ec43846084a089afdae182b4e0dbd 294e0993ebdb4c8ab84944346059036f - - default default] 199.204.45.4,10.0.0.53 "GET /v2.0/security-group-rules/de7448a9-4a76-4e30-9c96-c04c6791e536 HTTP/1.1" status: 200 len: 772 time: 0.0132852
2026-06-02 13:30:29.321 9 INFO neutron.api.wsgi [None req-71a816de-6c50-4de5-9083-ba128fe85a0f 137ec43846084a089afdae182b4e0dbd 294e0993ebdb4c8ab84944346059036f - - default default] 199.204.45.4,10.0.0.53 "GET /v2.0/security-groups/77f4ebc7-cac8-49ed-86d7-96405498069b?project_id=bd1a759263f845cba38942cd10c00668 HTTP/1.1" status: 200 len: 4251 time: 0.0582614
2026-06-02 13:30:29.362 9 INFO neutron.api.wsgi [None req-ebed6ca1-ba0c-487f-8c9a-551df621dce4 137ec43846084a089afdae182b4e0dbd 294e0993ebdb4c8ab84944346059036f - - default default] 199.204.45.4,10.0.0.53 "GET /v2.0/security-groups/77f4ebc7-cac8-49ed-86d7-96405498069b HTTP/1.1" status: 200 len: 4251 time: 0.0340915
2026-06-02 13:30:29.391 9 INFO neutron.api.wsgi [None req-2485ddad-1b42-487d-9a11-11b7c3de2778 137ec43846084a089afdae182b4e0dbd 294e0993ebdb4c8ab84944346059036f - - default default] 199.204.45.4,10.0.0.53 "GET /v2.0/security-group-rules/edc1a801-2e5d-4c47-a9a0-21c76f84de38 HTTP/1.1" status: 200 len: 774 time: 0.0204012
2026-06-02 13:30:30.346 9 INFO neutron.api.wsgi [None req-c1cdd618-dda5-4a53-a33f-7a405d577edf 137ec43846084a089afdae182b4e0dbd 294e0993ebdb4c8ab84944346059036f - - default default] 199.204.45.4,10.0.0.53 "GET /v2.0/security-groups/77f4ebc7-cac8-49ed-86d7-96405498069b?project_id=bd1a759263f845cba38942cd10c00668 HTTP/1.1" status: 200 len: 4251 time: 0.0565517
2026-06-02 13:30:30.390 9 INFO neutron.api.wsgi [None req-073cfa47-1187-4b01-a499-d3f24af5ba8e 137ec43846084a089afdae182b4e0dbd 294e0993ebdb4c8ab84944346059036f - - default default] 199.204.45.4,10.0.0.53 "GET /v2.0/security-groups/77f4ebc7-cac8-49ed-86d7-96405498069b HTTP/1.1" status: 200 len: 4251 time: 0.0360625
