2026-06-02 13:35:05.309 10 INFO neutron.api.wsgi [req-1d498a2a-a0b8-488a-bc7d-462cb4c1713a req-b8e3f52a-510a-4437-8ac9-5e184ce19778 7f80bfc0976c4ae49d98a14832977e59 bd1a759263f845cba38942cd10c00668 - - 02758a855b0a4c84848683b5d5df47d9 02758a855b0a4c84848683b5d5df47d9] 10.0.0.186 "GET /v2.0/networks/4e108460-4a16-4341-a0a9-7ce37ddede5a?fields=segments HTTP/1.1" status: 200 len: 212 time: 0.0478687
2026-06-02 13:35:05.356 10 INFO neutron.api.wsgi [req-1d498a2a-a0b8-488a-bc7d-462cb4c1713a req-1f253a9b-be22-4b24-a9d1-807b79a69243 7f80bfc0976c4ae49d98a14832977e59 bd1a759263f845cba38942cd10c00668 - - 02758a855b0a4c84848683b5d5df47d9 02758a855b0a4c84848683b5d5df47d9] 10.0.0.186 "GET /v2.0/networks/4e108460-4a16-4341-a0a9-7ce37ddede5a?fields=provider%3Aphysical_network&fields=provider%3Anetwork_type HTTP/1.1" status: 200 len: 277 time: 0.0387154
2026-06-02 13:35:05.357 9 INFO neutron.api.wsgi [req-533e04d8-830f-4338-9513-d337daedd2f9 req-11545845-15b3-4fb2-823e-ec41470110d1 93397d3fd7ef4a7d8194e3fa97e0a63a 9a1f13cff8cb40f2b6a831b76fd9d817 - - default default] 10.0.0.186 "GET /v2.0/ports?device_id=cd268399-6195-4799-bc5e-9d0e62fd285a HTTP/1.1" status: 200 len: 210 time: 0.0189145
2026-06-02 13:35:05.491 9 INFO neutron.api.wsgi [req-1586aba3-3931-4895-8e27-d57dc4fe2d01 req-c87db384-0626-4c33-aeb4-f28ac40b3684 ad6014e206d243f79bc7e883ff5eba95 b32cd5dd4ec24ac78d96c17725164080 - - default default] 10.0.0.186 "GET /v2.0/ports?device_id=c3d6d08a-394a-4ba1-aa6d-8cf589217d1a HTTP/1.1" status: 200 len: 210 time: 0.0269716
2026-06-02 13:35:05.524 10 INFO neutron.api.wsgi [req-b9c43554-ec88-4a4d-ae21-7df4ea7491ca req-073577d1-18f7-4835-b729-631bbf2207e4 fcd0e38557b14a83a71ef14c0abe5358 b75cceb2974d4d4cba09aea7dd8db5d2 - - default default] 10.0.0.186 "GET /v2.0/ports?device_id=ae4b0925-ab2c-43d8-b910-ba7497d13a27 HTTP/1.1" status: 200 len: 210 time: 0.0266783
2026-06-02 13:35:05.636 9 WARNING neutron.scheduler.dhcp_agent_scheduler [None req-2573657b-951f-472f-8a2c-d80c47e20fa3 c84f7f33c19743ada55f000d3d2c2b8f c49a138ee56d43a28551d08090490459 - - default default] No more DHCP agents
2026-06-02 13:35:05.637 9 WARNING neutron.api.rpc.agentnotifiers.dhcp_rpc_agent_api [None req-2573657b-951f-472f-8a2c-d80c47e20fa3 c84f7f33c19743ada55f000d3d2c2b8f c49a138ee56d43a28551d08090490459 - - default default] Unable to schedule network f476a5fb-bd59-4baf-a328-d11a48e9dde1: no agents available; will retry on subsequent port and subnet creation events.
2026-06-02 13:35:05.753 9 INFO neutron.db.ovn_revision_numbers_db [None req-2573657b-951f-472f-8a2c-d80c47e20fa3 c84f7f33c19743ada55f000d3d2c2b8f c49a138ee56d43a28551d08090490459 - - default default] Successfully bumped revision number for resource 4a04dc01-2705-414a-8f1b-86f5e8b5886b (type: ports) to 1
2026-06-02 13:35:05.774 9 INFO neutron.api.wsgi [None req-2573657b-951f-472f-8a2c-d80c47e20fa3 c84f7f33c19743ada55f000d3d2c2b8f c49a138ee56d43a28551d08090490459 - - default default] 10.0.0.79 "POST /v2.0/ports HTTP/1.1" status: 201 len: 1148 time: 0.5106971 /var/lib/openstack/lib/python3.12/site-packages/pycadf/identifier.py:71: UserWarning: Invalid uuid: neutron. To ensure interoperability, identifiers should be a valid uuid. warnings.warn(('Invalid uuid: %s. To ensure interoperability, '
2026-06-02 13:35:06.089 9 INFO neutron.api.wsgi [None req-79c75b9b-e671-4a07-9019-c69566bfd57e c84f7f33c19743ada55f000d3d2c2b8f c49a138ee56d43a28551d08090490459 - - default default] 10.0.0.79 "DELETE /v2.0/ports/4a04dc01-2705-414a-8f1b-86f5e8b5886b HTTP/1.1" status: 204 len: 168 time: 0.3096194
2026-06-02 13:35:06.108 9 INFO neutron.pecan_wsgi.hooks.translation [None req-e2f380ed-27c3-4c3f-8e36-9cb08c9011c4 c84f7f33c19743ada55f000d3d2c2b8f c49a138ee56d43a28551d08090490459 - - default default] DELETE failed (client error): The resource could not be found.
2026-06-02 13:35:06.111 9 INFO neutron.api.wsgi [None req-e2f380ed-27c3-4c3f-8e36-9cb08c9011c4 c84f7f33c19743ada55f000d3d2c2b8f c49a138ee56d43a28551d08090490459 - - default default] 10.0.0.79 "DELETE /v2.0/ports/4a04dc01-2705-414a-8f1b-86f5e8b5886b HTTP/1.1" status: 404 len: 333 time: 0.0165324
2026-06-02 13:35:06.129 9 INFO neutron.pecan_wsgi.hooks.translation [None req-3628d184-856c-43b7-8fb4-69ad85ab59b1 c84f7f33c19743ada55f000d3d2c2b8f c49a138ee56d43a28551d08090490459 - - default default] GET failed (client error): The resource could not be found.
2026-06-02 13:35:06.130 9 INFO neutron.api.wsgi [None req-3628d184-856c-43b7-8fb4-69ad85ab59b1 c84f7f33c19743ada55f000d3d2c2b8f c49a138ee56d43a28551d08090490459 - - default default] 10.0.0.79 "GET /v2.0/ports/4a04dc01-2705-414a-8f1b-86f5e8b5886b HTTP/1.1" status: 404 len: 333 time: 0.0155516
2026-06-02 13:35:06.281 9 INFO neutron.api.wsgi [None req-f762663c-ce77-4d3f-8524-a48677041e43 c84f7f33c19743ada55f000d3d2c2b8f c49a138ee56d43a28551d08090490459 - - default default] 10.0.0.79 "DELETE /v2.0/subnets/a6d0ce0e-d7ea-4e41-a1c5-3b0089b46108 HTTP/1.1" status: 204 len: 168 time: 0.1444759
2026-06-02 13:35:06.445 9 INFO neutron.api.wsgi [req-90dd41df-3588-4f1b-85d9-7fa0c7398dd3 req-c7b690a8-a4da-4e43-83b6-ca2718078185 93397d3fd7ef4a7d8194e3fa97e0a63a 9a1f13cff8cb40f2b6a831b76fd9d817 - - default default] 10.0.0.186 "GET /v2.0/ports?device_id=cd268399-6195-4799-bc5e-9d0e62fd285a HTTP/1.1" status: 200 len: 210 time: 0.0192142
2026-06-02 13:35:06.472 10 INFO neutron.api.wsgi [req-a37e0d7d-fe1e-4c97-b0ce-847e0be551da req-37ecf1a6-987f-4bed-bac1-f3ba5573bcfd 93397d3fd7ef4a7d8194e3fa97e0a63a 9a1f13cff8cb40f2b6a831b76fd9d817 - - default default] 199.204.45.4 "GET /v2.0/networks?id=a9017e98-a456-4b22-a2c9-f7d646121369 HTTP/1.1" status: 200 len: 860 time: 0.0582891
2026-06-02 13:35:06.523 10 INFO neutron.api.wsgi [req-a37e0d7d-fe1e-4c97-b0ce-847e0be551da req-da2ead25-3e3e-4e4f-88e7-5872ccf00cd9 93397d3fd7ef4a7d8194e3fa97e0a63a 9a1f13cff8cb40f2b6a831b76fd9d817 - - default default] 199.204.45.4 "GET /v2.0/security-groups?fields=id&fields=name&tenant_id=9a1f13cff8cb40f2b6a831b76fd9d817 HTTP/1.1" status: 200 len: 379 time: 0.0505741
2026-06-02 13:35:06.534 10 WARNING neutron_lib.context [req-a37e0d7d-fe1e-4c97-b0ce-847e0be551da req-4e04bd8e-59c6-49cd-a6d9-3a2651f6f343 93397d3fd7ef4a7d8194e3fa97e0a63a 9a1f13cff8cb40f2b6a831b76fd9d817 - - default default] Method 'is_advsvc' is deprecated since 2023.2 release (neutron-lib 3.8.0) and will be removed once support for the old RBAC API policies will be removed from Neutron. Please use method 'is_service_role' instead.
2026-06-02 13:35:06.601 9 INFO neutron.api.wsgi [req-54d2aafe-88ae-492b-ba85-53a20d4f5cd3 req-6ba7248a-0fc1-4159-a854-21fa8974efd6 fcd0e38557b14a83a71ef14c0abe5358 b75cceb2974d4d4cba09aea7dd8db5d2 - - default default] 10.0.0.186 "GET /v2.0/ports?device_id=ae4b0925-ab2c-43d8-b910-ba7497d13a27 HTTP/1.1" status: 200 len: 210 time: 0.0244489
2026-06-02 13:35:06.613 10 INFO neutron.api.wsgi [req-93130c35-ddcf-4801-a9dd-3ac53a63dc29 req-9586f0e8-f29e-4aab-a331-96cf44b15568 ad6014e206d243f79bc7e883ff5eba95 b32cd5dd4ec24ac78d96c17725164080 - - default default] 10.0.0.186 "GET /v2.0/ports?device_id=c3d6d08a-394a-4ba1-aa6d-8cf589217d1a HTTP/1.1" status: 200 len: 210 time: 0.0221074
2026-06-02 13:35:06.659 9 INFO neutron.services.segments.plugin [-] Segment 6200a251-d12e-4b9d-902e-6ab139186aa6 resource provider aggregate not found
2026-06-02 13:35:06.663 9 INFO neutron.services.segments.plugin [-] Segment 6200a251-d12e-4b9d-902e-6ab139186aa6 resource provider aggregate not found
2026-06-02 13:35:06.671 9 INFO neutron.services.segments.plugin [-] Segment 6200a251-d12e-4b9d-902e-6ab139186aa6 resource provider not found; error: Placement Client Error (4xx): {"errors": [{"status": 404, "title": "Not Found", "detail": "The resource could not be found.\n\n No resource provider with uuid 6200a251-d12e-4b9d-902e-6ab139186aa6 found for delete ", "request_id": "req-fa7b76f7-54e9-4724-9ae9-d14ebe133ec1"}]}
2026-06-02 13:35:06.696 9 INFO neutron.services.segments.plugin [-] Segment 6200a251-d12e-4b9d-902e-6ab139186aa6 resource provider not found; error: Placement Client Error (4xx): {"errors": [{"status": 404, "title": "Not Found", "detail": "The resource could not be found.\n\n No resource provider with uuid 6200a251-d12e-4b9d-902e-6ab139186aa6 found for delete ", "request_id": "req-5145f3ee-4efe-4b15-a4fb-b73d3e7d4abd"}]}
2026-06-02 13:35:06.700 9 INFO neutron.api.wsgi [None req-74e650d9-f644-4aed-9655-c5a28c223bd5 c84f7f33c19743ada55f000d3d2c2b8f c49a138ee56d43a28551d08090490459 - - default default] 10.0.0.79 "DELETE /v2.0/networks/f476a5fb-bd59-4baf-a328-d11a48e9dde1 HTTP/1.1" status: 204 len: 168 time: 0.4140987
2026-06-02 13:35:06.711 9 WARNING neutron_lib.context [None req-6dee39d9-d14f-4b6d-b701-91b1e3c8aed8 c84f7f33c19743ada55f000d3d2c2b8f c49a138ee56d43a28551d08090490459 - - default default] Method 'is_advsvc' is deprecated since 2023.2 release (neutron-lib 3.8.0) and will be removed once support for the old RBAC API policies will be removed from Neutron. Please use method 'is_service_role' instead.
2026-06-02 13:35:06.907 9 INFO neutron.db.segments_db [None req-6dee39d9-d14f-4b6d-b701-91b1e3c8aed8 c84f7f33c19743ada55f000d3d2c2b8f c49a138ee56d43a28551d08090490459 - - default default] Added segment 18d850f5-7a08-4810-b258-c4dbd9315fe6 of type geneve for network b2556678-9e9e-4ae8-bcf2-fe158cbd4f7a
2026-06-02 13:35:06.986 10 WARNING neutron.scheduler.dhcp_agent_scheduler [req-a37e0d7d-fe1e-4c97-b0ce-847e0be551da req-4e04bd8e-59c6-49cd-a6d9-3a2651f6f343 93397d3fd7ef4a7d8194e3fa97e0a63a 9a1f13cff8cb40f2b6a831b76fd9d817 - - default default] No more DHCP agents
2026-06-02 13:35:06.988 10 WARNING neutron.api.rpc.agentnotifiers.dhcp_rpc_agent_api [req-a37e0d7d-fe1e-4c97-b0ce-847e0be551da req-4e04bd8e-59c6-49cd-a6d9-3a2651f6f343 93397d3fd7ef4a7d8194e3fa97e0a63a 9a1f13cff8cb40f2b6a831b76fd9d817 - - default default] Unable to schedule network a9017e98-a456-4b22-a2c9-f7d646121369: no agents available; will retry on subsequent port and subnet creation events.
2026-06-02 13:35:07.042 9 INFO neutron.db.ovn_revision_numbers_db [None req-6dee39d9-d14f-4b6d-b701-91b1e3c8aed8 c84f7f33c19743ada55f000d3d2c2b8f c49a138ee56d43a28551d08090490459 - - default default] Successfully bumped revision number for resource b2556678-9e9e-4ae8-bcf2-fe158cbd4f7a (type: networks) to 1
2026-06-02 13:35:07.160 10 INFO neutron.db.ovn_revision_numbers_db [req-a37e0d7d-fe1e-4c97-b0ce-847e0be551da req-4e04bd8e-59c6-49cd-a6d9-3a2651f6f343 93397d3fd7ef4a7d8194e3fa97e0a63a 9a1f13cff8cb40f2b6a831b76fd9d817 - - default default] Successfully bumped revision number for resource c5c821c3-39ef-4405-b620-d03020488a55 (type: ports) to 1
2026-06-02 13:35:07.179 10 INFO neutron.api.wsgi [req-a37e0d7d-fe1e-4c97-b0ce-847e0be551da req-4e04bd8e-59c6-49cd-a6d9-3a2651f6f343 93397d3fd7ef4a7d8194e3fa97e0a63a 9a1f13cff8cb40f2b6a831b76fd9d817 - - default default] 199.204.45.4 "POST /v2.0/ports HTTP/1.1" status: 201 len: 1162 time: 0.6500268 /var/lib/openstack/lib/python3.12/site-packages/pycadf/identifier.py:71: UserWarning: Invalid uuid: neutron. To ensure interoperability, identifiers should be a valid uuid. warnings.warn(('Invalid uuid: %s. To ensure interoperability, '
2026-06-02 13:35:07.205 9 WARNING neutron.scheduler.dhcp_agent_scheduler [None req-6dee39d9-d14f-4b6d-b701-91b1e3c8aed8 c84f7f33c19743ada55f000d3d2c2b8f c49a138ee56d43a28551d08090490459 - - default default] No more DHCP agents
2026-06-02 13:35:07.206 9 WARNING neutron.api.rpc.agentnotifiers.dhcp_rpc_agent_api [None req-6dee39d9-d14f-4b6d-b701-91b1e3c8aed8 c84f7f33c19743ada55f000d3d2c2b8f c49a138ee56d43a28551d08090490459 - - default default] Unable to schedule network b2556678-9e9e-4ae8-bcf2-fe158cbd4f7a: no agents available; will retry on subsequent port and subnet creation events.
2026-06-02 13:35:07.292 9 INFO neutron.db.ovn_revision_numbers_db [None req-6dee39d9-d14f-4b6d-b701-91b1e3c8aed8 c84f7f33c19743ada55f000d3d2c2b8f c49a138ee56d43a28551d08090490459 - - default default] Successfully bumped revision number for resource a2e8a5d6-b6a0-4ac1-82d1-f60ec0fc4dca (type: ports) to 1
2026-06-02 13:35:07.320 9 INFO neutron.api.wsgi [None req-6dee39d9-d14f-4b6d-b701-91b1e3c8aed8 c84f7f33c19743ada55f000d3d2c2b8f c49a138ee56d43a28551d08090490459 - - default default] 10.0.0.79 "POST /v2.0/networks HTTP/1.1" status: 201 len: 830 time: 0.6124356
2026-06-02 13:35:07.329 9 WARNING neutron_lib.context [None req-449ec4f9-1f72-48f0-841c-24325ce6e81e c84f7f33c19743ada55f000d3d2c2b8f c49a138ee56d43a28551d08090490459 - - default default] Method 'is_advsvc' is deprecated since 2023.2 release (neutron-lib 3.8.0) and will be removed once support for the old RBAC API policies will be removed from Neutron. Please use method 'is_service_role' instead.
2026-06-02 13:35:07.444 9 INFO neutron.api.wsgi [-] 10.0.0.53 "GET / HTTP/1.1" status: 200 len: 246 time: 0.0022790
2026-06-02 13:35:07.446 9 INFO neutron.api.wsgi [-] 10.0.0.53 "GET / HTTP/1.1" status: 200 len: 246 time: 0.0014818
2026-06-02 13:35:07.521 9 WARNING neutron.scheduler.dhcp_agent_scheduler [None req-449ec4f9-1f72-48f0-841c-24325ce6e81e c84f7f33c19743ada55f000d3d2c2b8f c49a138ee56d43a28551d08090490459 - - default default] No more DHCP agents
2026-06-02 13:35:07.524 9 WARNING neutron.api.rpc.agentnotifiers.dhcp_rpc_agent_api [None req-449ec4f9-1f72-48f0-841c-24325ce6e81e c84f7f33c19743ada55f000d3d2c2b8f c49a138ee56d43a28551d08090490459 - - default default] Unable to schedule network b2556678-9e9e-4ae8-bcf2-fe158cbd4f7a: no agents available; will retry on subsequent port and subnet creation events. /var/lib/openstack/lib/python3.12/site-packages/pycadf/identifier.py:71: UserWarning: Invalid uuid: neutron. To ensure interoperability, identifiers should be a valid uuid. warnings.warn(('Invalid uuid: %s. To ensure interoperability, '
2026-06-02 13:35:07.598 10 INFO neutron.db.ovn_revision_numbers_db [req-a37e0d7d-fe1e-4c97-b0ce-847e0be551da req-ac360f10-36db-481a-8a7d-8235f8da6d8b 7f80bfc0976c4ae49d98a14832977e59 bd1a759263f845cba38942cd10c00668 - - 02758a855b0a4c84848683b5d5df47d9 02758a855b0a4c84848683b5d5df47d9] Successfully bumped revision number for resource c5c821c3-39ef-4405-b620-d03020488a55 (type: ports) to 2
2026-06-02 13:35:07.608 10 INFO neutron.api.wsgi [req-68cce02d-6f37-4a58-86f9-038842022ff3 req-7958d455-d1a9-4703-b05b-5b46f78d7226 93397d3fd7ef4a7d8194e3fa97e0a63a 9a1f13cff8cb40f2b6a831b76fd9d817 - - default default] 10.0.0.186 "GET /v2.0/ports?device_id=cd268399-6195-4799-bc5e-9d0e62fd285a HTTP/1.1" status: 200 len: 1172 time: 0.0923767
2026-06-02 13:35:07.655 10 INFO neutron.api.wsgi [req-68cce02d-6f37-4a58-86f9-038842022ff3 req-1cdc085c-ab9d-4cb6-b4a2-d9205a74c4b8 93397d3fd7ef4a7d8194e3fa97e0a63a 9a1f13cff8cb40f2b6a831b76fd9d817 - - default default] 10.0.0.186 "GET /v2.0/security-groups?id=5d0ed3db-f35f-49c3-9b32-da53a64fd64f&fields=id&fields=name HTTP/1.1" status: 200 len: 312 time: 0.0422332
2026-06-02 13:35:07.686 9 INFO neutron.api.wsgi [req-1d8705b8-9df2-4152-ad67-dd0b7fa3f9cc req-b637aae3-3de9-42d0-94d1-dab2f02c14b1 fcd0e38557b14a83a71ef14c0abe5358 b75cceb2974d4d4cba09aea7dd8db5d2 - - default default] 10.0.0.186 "GET /v2.0/ports?device_id=ae4b0925-ab2c-43d8-b910-ba7497d13a27 HTTP/1.1" status: 200 len: 210 time: 0.0218256 /var/lib/openstack/lib/python3.12/site-packages/pycadf/identifier.py:71: UserWarning: Invalid uuid: neutron. To ensure interoperability, identifiers should be a valid uuid. warnings.warn(('Invalid uuid: %s. To ensure interoperability, '
2026-06-02 13:35:07.828 10 INFO neutron.db.ovn_revision_numbers_db [req-a37e0d7d-fe1e-4c97-b0ce-847e0be551da req-ac360f10-36db-481a-8a7d-8235f8da6d8b 7f80bfc0976c4ae49d98a14832977e59 bd1a759263f845cba38942cd10c00668 - - 02758a855b0a4c84848683b5d5df47d9 02758a855b0a4c84848683b5d5df47d9] Successfully bumped revision number for resource c5c821c3-39ef-4405-b620-d03020488a55 (type: ports) to 4
2026-06-02 13:35:07.845 10 INFO neutron.api.wsgi [req-a37e0d7d-fe1e-4c97-b0ce-847e0be551da req-ac360f10-36db-481a-8a7d-8235f8da6d8b 7f80bfc0976c4ae49d98a14832977e59 bd1a759263f845cba38942cd10c00668 - - 02758a855b0a4c84848683b5d5df47d9 02758a855b0a4c84848683b5d5df47d9] 199.204.45.4 "PUT /v2.0/ports/c5c821c3-39ef-4405-b620-d03020488a55 HTTP/1.1" status: 200 len: 1408 time: 0.6611807
2026-06-02 13:35:07.888 10 INFO neutron.notifiers.nova [-] Nova event matching ['req-df60d3fb-633c-4a95-9466-d20a914f6f4f'] response: {'name': 'network-changed', 'server_uuid': 'cd268399-6195-4799-bc5e-9d0e62fd285a', 'tag': 'c5c821c3-39ef-4405-b620-d03020488a55', 'status': 'completed', 'code': 200}
2026-06-02 13:35:07.920 9 INFO neutron.db.ovn_revision_numbers_db [None req-3ed2d88c-f0fa-490b-92d9-700751728c04 - - - - - -] Successfully bumped revision number for resource a2e8a5d6-b6a0-4ac1-82d1-f60ec0fc4dca (type: ports) to 2
2026-06-02 13:35:07.952 10 INFO neutron.api.wsgi [None req-120ed778-0409-4a68-af78-f3325ecc4612 ad6014e206d243f79bc7e883ff5eba95 b32cd5dd4ec24ac78d96c17725164080 - - default default] 10.0.0.79 "DELETE /v2.0/security-groups/f591a18e-bf44-4f6b-b02b-ffd1a72dde7c HTTP/1.1" status: 204 len: 168 time: 0.1648865
2026-06-02 13:35:07.952 9 INFO neutron.db.ovn_revision_numbers_db [None req-3ed2d88c-f0fa-490b-92d9-700751728c04 - - - - - -] Successfully bumped revision number for resource 0161332c-a254-4648-a12f-4097e54c8df1 (type: subnets) to 0
2026-06-02 13:35:07.968 10 INFO neutron.api.v2.resource [None req-d61acf7d-eca4-49bc-852f-ae07d8a2efb5 ad6014e206d243f79bc7e883ff5eba95 b32cd5dd4ec24ac78d96c17725164080 - - default default] show failed (client error): The resource could not be found.
2026-06-02 13:35:07.969 10 INFO neutron.api.wsgi [None req-d61acf7d-eca4-49bc-852f-ae07d8a2efb5 ad6014e206d243f79bc7e883ff5eba95 b32cd5dd4ec24ac78d96c17725164080 - - default default] 10.0.0.79 "GET /v2.0/security-groups/f591a18e-bf44-4f6b-b02b-ffd1a72dde7c HTTP/1.1" status: 404 len: 347 time: 0.0109847
2026-06-02 13:35:07.970 9 INFO neutron.api.wsgi [None req-449ec4f9-1f72-48f0-841c-24325ce6e81e c84f7f33c19743ada55f000d3d2c2b8f c49a138ee56d43a28551d08090490459 - - default default] 10.0.0.79 "POST /v2.0/subnets HTTP/1.1" status: 201 len: 825 time: 0.6443796
2026-06-02 13:35:07.979 10 WARNING neutron_lib.context [None req-90a0f6f7-7a47-4ea3-a003-23db3c6e31db c84f7f33c19743ada55f000d3d2c2b8f c49a138ee56d43a28551d08090490459 - - default default] Method 'is_advsvc' is deprecated since 2023.2 release (neutron-lib 3.8.0) and will be removed once support for the old RBAC API policies will be removed from Neutron. Please use method 'is_service_role' instead.
2026-06-02 13:35:08.313 9 INFO neutron.api.wsgi [None req-b9296563-cfb5-4b7d-b1fc-0b700481ccfd ad6014e206d243f79bc7e883ff5eba95 b32cd5dd4ec24ac78d96c17725164080 - - default default] 10.0.0.79 "DELETE /v2.0/floatingips/e1d5dc7a-4646-4eb6-b002-a761cbef0217 HTTP/1.1" status: 204 len: 168 time: 0.3397028
2026-06-02 13:35:08.317 10 WARNING neutron.scheduler.dhcp_agent_scheduler [None req-90a0f6f7-7a47-4ea3-a003-23db3c6e31db c84f7f33c19743ada55f000d3d2c2b8f c49a138ee56d43a28551d08090490459 - - default default] No more DHCP agents
2026-06-02 13:35:08.318 10 WARNING neutron.api.rpc.agentnotifiers.dhcp_rpc_agent_api [None req-90a0f6f7-7a47-4ea3-a003-23db3c6e31db c84f7f33c19743ada55f000d3d2c2b8f c49a138ee56d43a28551d08090490459 - - default default] Unable to schedule network b2556678-9e9e-4ae8-bcf2-fe158cbd4f7a: no agents available; will retry on subsequent port and subnet creation events.
2026-06-02 13:35:08.433 10 INFO neutron.api.wsgi [req-2600262a-4074-478e-a0a1-19328871b3d1 req-5c201286-890f-46bd-a327-383f88b8f7f6 7f80bfc0976c4ae49d98a14832977e59 bd1a759263f845cba38942cd10c00668 - - 02758a855b0a4c84848683b5d5df47d9 02758a855b0a4c84848683b5d5df47d9] 199.204.45.4 "GET /v2.0/ports?tenant_id=9a1f13cff8cb40f2b6a831b76fd9d817&device_id=cd268399-6195-4799-bc5e-9d0e62fd285a HTTP/1.1" status: 200 len: 1411 time: 0.0376265
2026-06-02 13:35:08.483 10 INFO neutron.db.ovn_revision_numbers_db [None req-90a0f6f7-7a47-4ea3-a003-23db3c6e31db c84f7f33c19743ada55f000d3d2c2b8f c49a138ee56d43a28551d08090490459 - - default default] Successfully bumped revision number for resource 9b8b819d-24dc-4a89-8e19-febd97ebfee4 (type: ports) to 1
2026-06-02 13:35:08.513 9 INFO neutron.api.wsgi [None req-28cf9cfe-59dd-4e34-b1d3-325ecc402b5e ad6014e206d243f79bc7e883ff5eba95 b32cd5dd4ec24ac78d96c17725164080 - - default default] 10.0.0.79 "DELETE /v2.0/security-groups/107ba62e-c333-4b2d-ac71-57a1b8efdf4c HTTP/1.1" status: 204 len: 168 time: 0.1936879
2026-06-02 13:35:08.524 10 INFO neutron.api.wsgi [req-2600262a-4074-478e-a0a1-19328871b3d1 req-2834268e-7010-4560-9f02-551a5faf23fd 7f80bfc0976c4ae49d98a14832977e59 bd1a759263f845cba38942cd10c00668 - - 02758a855b0a4c84848683b5d5df47d9 02758a855b0a4c84848683b5d5df47d9] 199.204.45.4 "GET /v2.0/networks?tenant_id=9a1f13cff8cb40f2b6a831b76fd9d817&shared=False HTTP/1.1" status: 200 len: 959 time: 0.0796127
2026-06-02 13:35:08.527 10 INFO neutron.api.wsgi [None req-90a0f6f7-7a47-4ea3-a003-23db3c6e31db c84f7f33c19743ada55f000d3d2c2b8f c49a138ee56d43a28551d08090490459 - - default default] 10.0.0.79 "POST /v2.0/ports HTTP/1.1" status: 201 len: 1110 time: 0.5529196
2026-06-02 13:35:08.604 10 INFO neutron.api.wsgi [req-2600262a-4074-478e-a0a1-19328871b3d1 req-210ce730-4456-4807-8a25-73cba9447fd1 7f80bfc0976c4ae49d98a14832977e59 bd1a759263f845cba38942cd10c00668 - - 02758a855b0a4c84848683b5d5df47d9 02758a855b0a4c84848683b5d5df47d9] 199.204.45.4 "GET /v2.0/networks?shared=True HTTP/1.1" status: 200 len: 952 time: 0.0670204
2026-06-02 13:35:08.780 10 INFO neutron.api.wsgi [req-53907b8c-1980-47ab-aa0c-c030aabeeafb req-1581a106-94f1-45dd-9f29-ffb80278cd75 fcd0e38557b14a83a71ef14c0abe5358 b75cceb2974d4d4cba09aea7dd8db5d2 - - default default] 10.0.0.186 "GET /v2.0/ports?device_id=ae4b0925-ab2c-43d8-b910-ba7497d13a27 HTTP/1.1" status: 200 len: 210 time: 0.0189216
2026-06-02 13:35:08.798 9 INFO neutron.api.wsgi [req-14ba4a61-c499-4c57-a729-d03892d0ab3d req-4b8ef663-9d3e-47b5-81df-cf15d2253a01 93397d3fd7ef4a7d8194e3fa97e0a63a 9a1f13cff8cb40f2b6a831b76fd9d817 - - default default] 10.0.0.186 "GET /v2.0/ports?device_id=cd268399-6195-4799-bc5e-9d0e62fd285a HTTP/1.1" status: 200 len: 1172 time: 0.0842226
2026-06-02 13:35:08.824 10 WARNING neutron.plugins.ml2.drivers.ovn.mech_driver.ovsdb.ovn_client [None req-9a5328c2-7928-4bce-b823-2b66c456c541 - - - - - -] No hosting information found for port 88783990-6a7e-4353-b00c-e6b52009c920: RuntimeError: No hosting information found for port 88783990-6a7e-4353-b00c-e6b52009c920
2026-06-02 13:35:08.824 10 INFO neutron.plugins.ml2.drivers.ovn.mech_driver.mech_driver [None req-9a5328c2-7928-4bce-b823-2b66c456c541 - - - - - -] OVN reports status down for port: 1daa7405-9aa1-4872-a9f6-e4285012c08f
2026-06-02 13:35:08.840 9 INFO neutron.api.wsgi [req-14ba4a61-c499-4c57-a729-d03892d0ab3d req-e5d29067-5797-4f4a-9a2c-825742b5cf2f 93397d3fd7ef4a7d8194e3fa97e0a63a 9a1f13cff8cb40f2b6a831b76fd9d817 - - default default] 10.0.0.186 "GET /v2.0/security-groups?id=5d0ed3db-f35f-49c3-9b32-da53a64fd64f&fields=id&fields=name HTTP/1.1" status: 200 len: 312 time: 0.0346997
2026-06-02 13:35:08.901 10 INFO neutron.api.wsgi [None req-993872e2-8cac-4900-ba5d-f4b19af4c63f c84f7f33c19743ada55f000d3d2c2b8f c49a138ee56d43a28551d08090490459 - - default default] 10.0.0.79 "DELETE /v2.0/ports/9b8b819d-24dc-4a89-8e19-febd97ebfee4 HTTP/1.1" status: 204 len: 168 time: 0.3700850
2026-06-02 13:35:08.913 10 INFO neutron.db.ovn_revision_numbers_db [None req-9a5328c2-7928-4bce-b823-2b66c456c541 - - - - - -] Successfully bumped revision number for resource 88783990-6a7e-4353-b00c-e6b52009c920 (type: router_ports) to 2
2026-06-02 13:35:08.919 10 INFO neutron.pecan_wsgi.hooks.translation [None req-acd74b55-a16c-4b4f-a4fc-205029e6890f c84f7f33c19743ada55f000d3d2c2b8f c49a138ee56d43a28551d08090490459 - - default default] GET failed (client error): The resource could not be found.
2026-06-02 13:35:08.921 10 INFO neutron.api.wsgi [None req-acd74b55-a16c-4b4f-a4fc-205029e6890f c84f7f33c19743ada55f000d3d2c2b8f c49a138ee56d43a28551d08090490459 - - default default] 10.0.0.79 "GET /v2.0/ports/9b8b819d-24dc-4a89-8e19-febd97ebfee4 HTTP/1.1" status: 404 len: 333 time: 0.0140798
2026-06-02 13:35:09.070 10 INFO neutron.api.wsgi [None req-21484d4c-a590-484b-915e-0c624d6c6e2c c84f7f33c19743ada55f000d3d2c2b8f c49a138ee56d43a28551d08090490459 - - default default] 10.0.0.79 "DELETE /v2.0/subnets/0161332c-a254-4648-a12f-4097e54c8df1 HTTP/1.1" status: 204 len: 168 time: 0.1444128
2026-06-02 13:35:09.369 10 INFO neutron.services.segments.plugin [-] Segment 18d850f5-7a08-4810-b258-c4dbd9315fe6 resource provider aggregate not found
2026-06-02 13:35:09.372 10 INFO neutron.services.segments.plugin [-] Segment 18d850f5-7a08-4810-b258-c4dbd9315fe6 resource provider aggregate not found
2026-06-02 13:35:09.387 10 INFO neutron.services.segments.plugin [-] Segment 18d850f5-7a08-4810-b258-c4dbd9315fe6 resource provider not found; error: Placement Client Error (4xx): {"errors": [{"status": 404, "title": "Not Found", "detail": "The resource could not be found.\n\n No resource provider with uuid 18d850f5-7a08-4810-b258-c4dbd9315fe6 found for delete ", "request_id": "req-2defde93-1782-4d9b-8503-a368df8ba9ce"}]}
2026-06-02 13:35:09.389 10 INFO neutron.services.segments.plugin [-] Segment 18d850f5-7a08-4810-b258-c4dbd9315fe6 resource provider not found; error: Placement Client Error (4xx): {"errors": [{"status": 404, "title": "Not Found", "detail": "The resource could not be found.\n\n No resource provider with uuid 18d850f5-7a08-4810-b258-c4dbd9315fe6 found for delete ", "request_id": "req-ee28677c-b1b6-4beb-a60f-cec317a6380d"}]}
2026-06-02 13:35:09.392 10 INFO neutron.api.wsgi [None req-f41f792e-0452-4e49-9d57-f4cc0aeb992c c84f7f33c19743ada55f000d3d2c2b8f c49a138ee56d43a28551d08090490459 - - default default] 10.0.0.79 "DELETE /v2.0/networks/b2556678-9e9e-4ae8-bcf2-fe158cbd4f7a HTTP/1.1" status: 204 len: 168 time: 0.3167677
2026-06-02 13:35:09.403 10 WARNING neutron_lib.context [None req-34807acc-41aa-4164-9c59-a83bc5813d9a c84f7f33c19743ada55f000d3d2c2b8f c49a138ee56d43a28551d08090490459 - - default default] Method 'is_advsvc' is deprecated since 2023.2 release (neutron-lib 3.8.0) and will be removed once support for the old RBAC API policies will be removed from Neutron. Please use method 'is_service_role' instead. /var/lib/openstack/lib/python3.12/site-packages/pycadf/identifier.py:71: UserWarning: Invalid uuid: neutron. To ensure interoperability, identifiers should be a valid uuid. warnings.warn(('Invalid uuid: %s. To ensure interoperability, '
2026-06-02 13:35:09.682 10 INFO neutron.api.wsgi [req-a37e0d7d-fe1e-4c97-b0ce-847e0be551da req-fcffaa9a-d149-4162-9606-1a9c2f667204 7f80bfc0976c4ae49d98a14832977e59 bd1a759263f845cba38942cd10c00668 - - 02758a855b0a4c84848683b5d5df47d9 02758a855b0a4c84848683b5d5df47d9] 199.204.45.4 "GET /v2.0/ports?tenant_id=9a1f13cff8cb40f2b6a831b76fd9d817&device_id=cd268399-6195-4799-bc5e-9d0e62fd285a HTTP/1.1" status: 200 len: 1411 time: 0.0485992
2026-06-02 13:35:09.685 10 WARNING neutron.scheduler.dhcp_agent_scheduler [None req-34807acc-41aa-4164-9c59-a83bc5813d9a c84f7f33c19743ada55f000d3d2c2b8f c49a138ee56d43a28551d08090490459 - - default default] No more DHCP agents
2026-06-02 13:35:09.688 10 WARNING neutron.api.rpc.agentnotifiers.dhcp_rpc_agent_api [None req-34807acc-41aa-4164-9c59-a83bc5813d9a c84f7f33c19743ada55f000d3d2c2b8f c49a138ee56d43a28551d08090490459 - - default default] Unable to schedule network 966a4520-19ce-41aa-aa86-5594183345a6: no agents available; will retry on subsequent port and subnet creation events.
2026-06-02 13:35:09.707 10 INFO neutron.api.wsgi [req-a37e0d7d-fe1e-4c97-b0ce-847e0be551da req-8ccc3bd7-2760-4349-a89e-2a32de5ff947 7f80bfc0976c4ae49d98a14832977e59 bd1a759263f845cba38942cd10c00668 - - 02758a855b0a4c84848683b5d5df47d9 02758a855b0a4c84848683b5d5df47d9] 199.204.45.4 "GET /v2.0/floatingips?fixed_ip_address=10.100.0.10&port_id=c5c821c3-39ef-4405-b620-d03020488a55 HTTP/1.1" status: 200 len: 217 time: 0.0205967
2026-06-02 13:35:09.739 10 INFO neutron.api.wsgi [req-a37e0d7d-fe1e-4c97-b0ce-847e0be551da req-8d5a54d2-5b68-490a-ba59-b9ebfafef9f0 7f80bfc0976c4ae49d98a14832977e59 bd1a759263f845cba38942cd10c00668 - - 02758a855b0a4c84848683b5d5df47d9 02758a855b0a4c84848683b5d5df47d9] 199.204.45.4 "GET /v2.0/subnets?id=85fd6fc9-99be-464d-90f2-f5323635418e HTTP/1.1" status: 200 len: 877 time: 0.0272365
2026-06-02 13:35:09.763 10 INFO neutron.api.wsgi [req-a37e0d7d-fe1e-4c97-b0ce-847e0be551da req-f6552af7-eb31-4c48-b7ce-7edab41f9523 7f80bfc0976c4ae49d98a14832977e59 bd1a759263f845cba38942cd10c00668 - - 02758a855b0a4c84848683b5d5df47d9 02758a855b0a4c84848683b5d5df47d9] 199.204.45.4 "GET /v2.0/ports?network_id=a9017e98-a456-4b22-a2c9-f7d646121369&device_owner=network%3Adhcp HTTP/1.1" status: 200 len: 210 time: 0.0199358
2026-06-02 13:35:09.789 9 INFO neutron.api.wsgi [None req-2a3e2104-9af9-4a07-8320-e470e6c17728 137ec43846084a089afdae182b4e0dbd 294e0993ebdb4c8ab84944346059036f - - default default] 10.0.0.79 "PUT /v2.0/routers/d977ace2-1c12-40db-b12f-4397ba996a96/remove_router_interface HTTP/1.1" status: 200 len: 503 time: 1.2301042 /var/lib/openstack/lib/python3.12/site-packages/pycadf/identifier.py:71: UserWarning: Invalid uuid: neutron. To ensure interoperability, identifiers should be a valid uuid. warnings.warn(('Invalid uuid: %s. To ensure interoperability, '
2026-06-02 13:35:09.806 10 INFO neutron.db.ovn_revision_numbers_db [None req-34807acc-41aa-4164-9c59-a83bc5813d9a c84f7f33c19743ada55f000d3d2c2b8f c49a138ee56d43a28551d08090490459 - - default default] Successfully bumped revision number for resource bdffa076-f4f5-443f-a896-8588263e70de (type: ports) to 1
2026-06-02 13:35:09.838 10 INFO neutron.api.wsgi [None req-34807acc-41aa-4164-9c59-a83bc5813d9a c84f7f33c19743ada55f000d3d2c2b8f c49a138ee56d43a28551d08090490459 - - default default] 10.0.0.79 "POST /v2.0/ports HTTP/1.1" status: 201 len: 973 time: 0.4389043
2026-06-02 13:35:09.874 10 INFO neutron.api.wsgi [req-a37e0d7d-fe1e-4c97-b0ce-847e0be551da req-7d93b9c1-a87a-4b3f-a025-0d0c5fc2cad5 7f80bfc0976c4ae49d98a14832977e59 bd1a759263f845cba38942cd10c00668 - - 02758a855b0a4c84848683b5d5df47d9 02758a855b0a4c84848683b5d5df47d9] 199.204.45.4 "GET /v2.0/networks/a9017e98-a456-4b22-a2c9-f7d646121369?fields=segments HTTP/1.1" status: 200 len: 212 time: 0.1053336
2026-06-02 13:35:09.911 10 INFO neutron.api.wsgi [req-ce7a0256-4b22-4471-9086-283abdc33c95 req-659646d1-6c24-4968-bd31-ea8c7e165b11 fcd0e38557b14a83a71ef14c0abe5358 b75cceb2974d4d4cba09aea7dd8db5d2 - - default default] 10.0.0.186 "GET /v2.0/ports?device_id=ae4b0925-ab2c-43d8-b910-ba7497d13a27 HTTP/1.1" status: 200 len: 210 time: 0.0459363
2026-06-02 13:35:09.954 10 INFO neutron.api.wsgi [req-1d498a2a-a0b8-488a-bc7d-462cb4c1713a req-6bb379e9-e20f-4553-9dfe-4b14db3a3d02 fcd0e38557b14a83a71ef14c0abe5358 b75cceb2974d4d4cba09aea7dd8db5d2 - - default default] 199.204.45.4 "GET /v2.0/networks?id=4e108460-4a16-4341-a0a9-7ce37ddede5a HTTP/1.1" status: 200 len: 871 time: 0.1145129
2026-06-02 13:35:09.964 10 WARNING neutron_lib.context [req-1d498a2a-a0b8-488a-bc7d-462cb4c1713a req-f7a7cade-8ae4-456d-919c-ed0d00fcdcdc fcd0e38557b14a83a71ef14c0abe5358 b75cceb2974d4d4cba09aea7dd8db5d2 - - default default] Method 'is_advsvc' is deprecated since 2023.2 release (neutron-lib 3.8.0) and will be removed once support for the old RBAC API policies will be removed from Neutron. Please use method 'is_service_role' instead.
2026-06-02 13:35:09.965 9 INFO neutron.api.wsgi [req-6a0550d5-160a-4a9f-b082-b611d3abad02 req-58fc795a-2a56-4748-ba50-5d8db32fe993 93397d3fd7ef4a7d8194e3fa97e0a63a 9a1f13cff8cb40f2b6a831b76fd9d817 - - default default] 10.0.0.186 "GET /v2.0/ports?device_id=cd268399-6195-4799-bc5e-9d0e62fd285a HTTP/1.1" status: 200 len: 1172 time: 0.0575056
2026-06-02 13:35:09.980 10 INFO neutron.api.wsgi [req-a37e0d7d-fe1e-4c97-b0ce-847e0be551da req-409522fe-8aa0-4174-815b-ee6f418382bc 7f80bfc0976c4ae49d98a14832977e59 bd1a759263f845cba38942cd10c00668 - - 02758a855b0a4c84848683b5d5df47d9 02758a855b0a4c84848683b5d5df47d9] 199.204.45.4 "GET /v2.0/networks/a9017e98-a456-4b22-a2c9-f7d646121369?fields=provider%3Aphysical_network&fields=provider%3Anetwork_type HTTP/1.1" status: 200 len: 277 time: 0.0975404
2026-06-02 13:35:10.028 9 INFO neutron.api.wsgi [req-6a0550d5-160a-4a9f-b082-b611d3abad02 req-22aa8e1a-4191-4201-ad1b-15e13963c908 93397d3fd7ef4a7d8194e3fa97e0a63a 9a1f13cff8cb40f2b6a831b76fd9d817 - - default default] 10.0.0.186 "GET /v2.0/security-groups?id=5d0ed3db-f35f-49c3-9b32-da53a64fd64f&fields=id&fields=name HTTP/1.1" status: 200 len: 312 time: 0.0576789
2026-06-02 13:35:10.176 9 INFO neutron.plugins.ml2.drivers.ovn.mech_driver.mech_driver [None req-5723d996-a7d5-4de1-b93b-d191c0e14e2e - - - - - -] OVN reports status down for port: bdffa076-f4f5-443f-a896-8588263e70de
2026-06-02 13:35:10.213 10 INFO neutron.db.ovn_revision_numbers_db [None req-24a863cd-189c-4cd6-a3b2-0285889cc4ab c84f7f33c19743ada55f000d3d2c2b8f c49a138ee56d43a28551d08090490459 - - default default] Successfully bumped revision number for resource bdffa076-f4f5-443f-a896-8588263e70de (type: ports) to 2
2026-06-02 13:35:10.248 10 INFO neutron.api.wsgi [None req-24a863cd-189c-4cd6-a3b2-0285889cc4ab c84f7f33c19743ada55f000d3d2c2b8f c49a138ee56d43a28551d08090490459 - - default default] 10.0.0.79 "PUT /v2.0/ports/bdffa076-f4f5-443f-a896-8588263e70de HTTP/1.1" status: 200 len: 946 time: 0.3968771 /var/lib/openstack/lib/python3.12/site-packages/pycadf/identifier.py:71: UserWarning: Invalid uuid: neutron. To ensure interoperability, identifiers should be a valid uuid. warnings.warn(('Invalid uuid: %s. To ensure interoperability, '
2026-06-02 13:35:10.355 10 WARNING neutron.scheduler.dhcp_agent_scheduler [req-1d498a2a-a0b8-488a-bc7d-462cb4c1713a req-f7a7cade-8ae4-456d-919c-ed0d00fcdcdc fcd0e38557b14a83a71ef14c0abe5358 b75cceb2974d4d4cba09aea7dd8db5d2 - - default default] No more DHCP agents
2026-06-02 13:35:10.357 10 WARNING neutron.api.rpc.agentnotifiers.dhcp_rpc_agent_api [req-1d498a2a-a0b8-488a-bc7d-462cb4c1713a req-f7a7cade-8ae4-456d-919c-ed0d00fcdcdc fcd0e38557b14a83a71ef14c0abe5358 b75cceb2974d4d4cba09aea7dd8db5d2 - - default default] Unable to schedule network 4e108460-4a16-4341-a0a9-7ce37ddede5a: no agents available; will retry on subsequent port and subnet creation events.
2026-06-02 13:35:10.555 10 INFO neutron.db.ovn_revision_numbers_db [req-1d498a2a-a0b8-488a-bc7d-462cb4c1713a req-f7a7cade-8ae4-456d-919c-ed0d00fcdcdc fcd0e38557b14a83a71ef14c0abe5358 b75cceb2974d4d4cba09aea7dd8db5d2 - - default default] Successfully bumped revision number for resource d87b8a87-24d4-4653-aef4-f2166f9c1a82 (type: ports) to 1
2026-06-02 13:35:10.577 10 INFO neutron.api.wsgi [req-1d498a2a-a0b8-488a-bc7d-462cb4c1713a req-f7a7cade-8ae4-456d-919c-ed0d00fcdcdc fcd0e38557b14a83a71ef14c0abe5358 b75cceb2974d4d4cba09aea7dd8db5d2 - - default default] 199.204.45.4 "POST /v2.0/ports HTTP/1.1" status: 201 len: 1158 time: 0.6181319
2026-06-02 13:35:10.586 10 INFO neutron.api.wsgi [None req-8a02ba01-81ab-46a6-a55a-9925cf57611a c84f7f33c19743ada55f000d3d2c2b8f c49a138ee56d43a28551d08090490459 - - default default] 10.0.0.79 "DELETE /v2.0/ports/bdffa076-f4f5-443f-a896-8588263e70de HTTP/1.1" status: 204 len: 168 time: 0.3283231 /var/lib/openstack/lib/python3.12/site-packages/pycadf/identifier.py:71: UserWarning: Invalid uuid: neutron. To ensure interoperability, identifiers should be a valid uuid. warnings.warn(('Invalid uuid: %s. To ensure interoperability, '
2026-06-02 13:35:10.627 10 INFO neutron.api.wsgi [None req-2c88c0b0-c506-4c8f-b6af-440ffe9f8c25 c84f7f33c19743ada55f000d3d2c2b8f c49a138ee56d43a28551d08090490459 - - default default] 10.0.0.79 "GET /v2.0/ports HTTP/1.1" status: 200 len: 1729 time: 0.0331194
2026-06-02 13:35:10.645 10 INFO neutron.pecan_wsgi.hooks.translation [None req-9c91a2ac-f119-4b16-89b8-3dc7d3bc51ae c84f7f33c19743ada55f000d3d2c2b8f c49a138ee56d43a28551d08090490459 - - default default] GET failed (client error): The resource could not be found.
2026-06-02 13:35:10.646 10 INFO neutron.api.wsgi [None req-9c91a2ac-f119-4b16-89b8-3dc7d3bc51ae c84f7f33c19743ada55f000d3d2c2b8f c49a138ee56d43a28551d08090490459 - - default default] 10.0.0.79 "GET /v2.0/ports/bdffa076-f4f5-443f-a896-8588263e70de HTTP/1.1" status: 404 len: 333 time: 0.0132344
2026-06-02 13:35:10.671 9 INFO neutron.api.wsgi [None req-0d19df99-543e-4c6d-94b4-828e19561605 137ec43846084a089afdae182b4e0dbd 294e0993ebdb4c8ab84944346059036f - - default default] 10.0.0.79 "DELETE /v2.0/routers/d977ace2-1c12-40db-b12f-4397ba996a96 HTTP/1.1" status: 204 len: 168 time: 0.8755538
2026-06-02 13:35:10.724 9 INFO neutron.api.wsgi [None req-64e2d12c-afa9-4122-b62a-7c3ad442276c c84f7f33c19743ada55f000d3d2c2b8f c49a138ee56d43a28551d08090490459 - - default default] 10.0.0.79 "GET /v2.0/ports HTTP/1.1" status: 200 len: 1729 time: 0.0727508
2026-06-02 13:35:10.757 9 INFO neutron.api.wsgi [None req-53fc2da4-b0fd-428f-bfcf-cf01a9ec4c02 c84f7f33c19743ada55f000d3d2c2b8f c49a138ee56d43a28551d08090490459 - - default default] 10.0.0.79 "GET /v2.0/ports/c4c9ec47-19ef-4306-86f9-6d797e35b5cc HTTP/1.1" status: 200 len: 969 time: 0.0290079
2026-06-02 13:35:10.774 9 INFO neutron.pecan_wsgi.hooks.translation [None req-5af23474-2e25-4a4b-812a-0635a10b2dbb c84f7f33c19743ada55f000d3d2c2b8f c49a138ee56d43a28551d08090490459 - - default default] DELETE failed (client error): The resource could not be found.
2026-06-02 13:35:10.776 9 INFO neutron.api.wsgi [None req-5af23474-2e25-4a4b-812a-0635a10b2dbb c84f7f33c19743ada55f000d3d2c2b8f c49a138ee56d43a28551d08090490459 - - default default] 10.0.0.79 "DELETE /v2.0/ports/9b8b819d-24dc-4a89-8e19-febd97ebfee4 HTTP/1.1" status: 404 len: 333 time: 0.0126600
2026-06-02 13:35:10.797 10 INFO neutron.pecan_wsgi.hooks.translation [None req-c0004217-8177-482e-920f-17d402490774 c84f7f33c19743ada55f000d3d2c2b8f c49a138ee56d43a28551d08090490459 - - default default] DELETE failed (client error): The resource could not be found.
2026-06-02 13:35:10.800 10 INFO neutron.api.wsgi [None req-c0004217-8177-482e-920f-17d402490774 c84f7f33c19743ada55f000d3d2c2b8f c49a138ee56d43a28551d08090490459 - - default default] 10.0.0.79 "DELETE /v2.0/subnets/0161332c-a254-4648-a12f-4097e54c8df1 HTTP/1.1" status: 404 len: 337 time: 0.0183837
2026-06-02 13:35:10.817 10 INFO neutron.pecan_wsgi.hooks.translation [None req-cfdb273d-40fe-40f7-8159-443cd6fbcd4a c84f7f33c19743ada55f000d3d2c2b8f c49a138ee56d43a28551d08090490459 - - default default] DELETE failed (client error): The resource could not be found.
2026-06-02 13:35:10.819 10 INFO neutron.api.wsgi [None req-cfdb273d-40fe-40f7-8159-443cd6fbcd4a c84f7f33c19743ada55f000d3d2c2b8f c49a138ee56d43a28551d08090490459 - - default default] 10.0.0.79 "DELETE /v2.0/subnets/a6d0ce0e-d7ea-4e41-a1c5-3b0089b46108 HTTP/1.1" status: 404 len: 337 time: 0.0151029
2026-06-02 13:35:10.876 9 INFO neutron.api.wsgi [None req-aa9f0a94-2111-4363-9ed0-d1de05268e53 137ec43846084a089afdae182b4e0dbd 294e0993ebdb4c8ab84944346059036f - - default default] 10.0.0.79 "DELETE /v2.0/subnets/082da7b8-5348-46d4-97f0-dbedb38aeb1c HTTP/1.1" status: 204 len: 168 time: 0.1988006
2026-06-02 13:35:10.966 10 INFO neutron.db.ovn_revision_numbers_db [req-1d498a2a-a0b8-488a-bc7d-462cb4c1713a req-4b8300d2-3ab5-4f9e-bcfb-584215669f29 7f80bfc0976c4ae49d98a14832977e59 bd1a759263f845cba38942cd10c00668 - - 02758a855b0a4c84848683b5d5df47d9 02758a855b0a4c84848683b5d5df47d9] Successfully bumped revision number for resource d87b8a87-24d4-4653-aef4-f2166f9c1a82 (type: ports) to 2 /var/lib/openstack/lib/python3.12/site-packages/pycadf/identifier.py:71: UserWarning: Invalid uuid: neutron. To ensure interoperability, identifiers should be a valid uuid. warnings.warn(('Invalid uuid: %s. To ensure interoperability, '
2026-06-02 13:35:11.050 10 INFO neutron.api.wsgi [req-49dee50d-acc0-4639-8429-fee3f468223d req-73d24542-a142-47fa-acbb-23325606ca41 fcd0e38557b14a83a71ef14c0abe5358 b75cceb2974d4d4cba09aea7dd8db5d2 - - default default] 10.0.0.186 "GET /v2.0/ports?device_id=ae4b0925-ab2c-43d8-b910-ba7497d13a27 HTTP/1.1" status: 200 len: 1168 time: 0.0787697
2026-06-02 13:35:11.089 9 INFO neutron.api.wsgi [None req-74952339-4756-497d-85de-a738499ada50 c84f7f33c19743ada55f000d3d2c2b8f c49a138ee56d43a28551d08090490459 - - default default] 10.0.0.79 "DELETE /v2.0/ports/c4c9ec47-19ef-4306-86f9-6d797e35b5cc HTTP/1.1" status: 204 len: 168 time: 0.2648530
2026-06-02 13:35:11.114 10 INFO neutron.api.wsgi [req-49dee50d-acc0-4639-8429-fee3f468223d req-776dbed6-25d2-48ec-99bc-1cf826fd3ce5 fcd0e38557b14a83a71ef14c0abe5358 b75cceb2974d4d4cba09aea7dd8db5d2 - - default default] 10.0.0.186 "GET /v2.0/security-groups?id=80a67098-4608-4435-8ac3-1efd03632347&fields=id&fields=name HTTP/1.1" status: 200 len: 286 time: 0.0548625
2026-06-02 13:35:11.132 9 INFO neutron.api.wsgi [req-61b52dec-f598-440c-b7b6-ba3f57c79aa5 req-feaa5a43-8ac0-4413-bd60-a31efaa4dee0 93397d3fd7ef4a7d8194e3fa97e0a63a 9a1f13cff8cb40f2b6a831b76fd9d817 - - default default] 10.0.0.186 "GET /v2.0/ports?device_id=cd268399-6195-4799-bc5e-9d0e62fd285a HTTP/1.1" status: 200 len: 1172 time: 0.0318480
2026-06-02 13:35:11.183 9 INFO neutron.api.wsgi [req-61b52dec-f598-440c-b7b6-ba3f57c79aa5 req-0c774fb6-ff82-4bcd-b251-651b05693bb3 93397d3fd7ef4a7d8194e3fa97e0a63a 9a1f13cff8cb40f2b6a831b76fd9d817 - - default default] 10.0.0.186 "GET /v2.0/security-groups?id=5d0ed3db-f35f-49c3-9b32-da53a64fd64f&fields=id&fields=name HTTP/1.1" status: 200 len: 312 time: 0.0451605
2026-06-02 13:35:11.224 10 INFO neutron.db.ovn_revision_numbers_db [req-1d498a2a-a0b8-488a-bc7d-462cb4c1713a req-4b8300d2-3ab5-4f9e-bcfb-584215669f29 7f80bfc0976c4ae49d98a14832977e59 bd1a759263f845cba38942cd10c00668 - - 02758a855b0a4c84848683b5d5df47d9 02758a855b0a4c84848683b5d5df47d9] Successfully bumped revision number for resource d87b8a87-24d4-4653-aef4-f2166f9c1a82 (type: ports) to 4
2026-06-02 13:35:11.230 9 INFO neutron.services.segments.plugin [-] Segment 2260c6ee-1117-45ef-8f1c-04fc10e377ba resource provider aggregate not found
2026-06-02 13:35:11.235 9 INFO neutron.services.segments.plugin [-] Segment 2260c6ee-1117-45ef-8f1c-04fc10e377ba resource provider aggregate not found
2026-06-02 13:35:11.249 10 INFO neutron.api.wsgi [req-1d498a2a-a0b8-488a-bc7d-462cb4c1713a req-4b8300d2-3ab5-4f9e-bcfb-584215669f29 7f80bfc0976c4ae49d98a14832977e59 bd1a759263f845cba38942cd10c00668 - - 02758a855b0a4c84848683b5d5df47d9 02758a855b0a4c84848683b5d5df47d9] 199.204.45.4 "PUT /v2.0/ports/d87b8a87-24d4-4653-aef4-f2166f9c1a82 HTTP/1.1" status: 200 len: 1404 time: 0.6621518
2026-06-02 13:35:11.258 9 INFO neutron.services.segments.plugin [-] Segment 2260c6ee-1117-45ef-8f1c-04fc10e377ba resource provider not found; error: Placement Client Error (4xx): {"errors": [{"status": 404, "title": "Not Found", "detail": "The resource could not be found.\n\n No resource provider with uuid 2260c6ee-1117-45ef-8f1c-04fc10e377ba found for delete ", "request_id": "req-e28cda32-8b74-4ed5-a678-f1c359d74617"}]}
2026-06-02 13:35:11.267 9 INFO neutron.services.segments.plugin [-] Segment 2260c6ee-1117-45ef-8f1c-04fc10e377ba resource provider not found; error: Placement Client Error (4xx): {"errors": [{"status": 404, "title": "Not Found", "detail": "The resource could not be found.\n\n No resource provider with uuid 2260c6ee-1117-45ef-8f1c-04fc10e377ba found for delete ", "request_id": "req-57988f47-eb88-4343-965b-844448b2a907"}]}
2026-06-02 13:35:11.277 9 INFO neutron.api.wsgi [None req-3196db94-705e-499f-950b-097257f53712 137ec43846084a089afdae182b4e0dbd 294e0993ebdb4c8ab84944346059036f - - default default] 10.0.0.79 "DELETE /v2.0/networks/c7795522-fef7-4354-80e3-0d2f64c99bb7 HTTP/1.1" status: 204 len: 168 time: 0.3939199
2026-06-02 13:35:11.290 10 INFO neutron.notifiers.nova [-] Nova event matching ['req-24460a55-ef32-4483-8fbc-c8a7c3377371'] response: {'name': 'network-changed', 'server_uuid': 'ae4b0925-ab2c-43d8-b910-ba7497d13a27', 'tag': 'd87b8a87-24d4-4653-aef4-f2166f9c1a82', 'status': 'completed', 'code': 200}
2026-06-02 13:35:11.491 10 INFO neutron.services.segments.plugin [-] Segment 79a6d0ae-c83a-414e-840e-2f8617a7e244 resource provider aggregate not found
2026-06-02 13:35:11.494 10 INFO neutron.services.segments.plugin [-] Segment 79a6d0ae-c83a-414e-840e-2f8617a7e244 resource provider aggregate not found
2026-06-02 13:35:11.506 10 INFO neutron.services.segments.plugin [-] Segment 79a6d0ae-c83a-414e-840e-2f8617a7e244 resource provider not found; error: Placement Client Error (4xx): {"errors": [{"status": 404, "title": "Not Found", "detail": "The resource could not be found.\n\n No resource provider with uuid 79a6d0ae-c83a-414e-840e-2f8617a7e244 found for delete ", "request_id": "req-d9045339-9b06-4c22-9bf0-76563e611ab2"}]}
2026-06-02 13:35:11.512 10 INFO neutron.services.segments.plugin [-] Segment 79a6d0ae-c83a-414e-840e-2f8617a7e244 resource provider not found; error: Placement Client Error (4xx): {"errors": [{"status": 404, "title": "Not Found", "detail": "The resource could not be found.\n\n No resource provider with uuid 79a6d0ae-c83a-414e-840e-2f8617a7e244 found for delete ", "request_id": "req-3d955571-6d34-4f49-842c-c1cbfea72cfd"}]}
2026-06-02 13:35:11.529 10 INFO neutron.api.wsgi [None req-cb705f42-728d-4eb6-b822-f9936559604c c84f7f33c19743ada55f000d3d2c2b8f c49a138ee56d43a28551d08090490459 - - default default] 10.0.0.79 "DELETE /v2.0/networks/966a4520-19ce-41aa-aa86-5594183345a6 HTTP/1.1" status: 204 len: 168 time: 0.4357250 /var/lib/openstack/lib/python3.12/site-packages/pycadf/identifier.py:71: UserWarning: Invalid uuid: neutron. To ensure interoperability, identifiers should be a valid uuid. warnings.warn(('Invalid uuid: %s. To ensure interoperability, '
2026-06-02 13:35:11.841 10 INFO neutron.api.wsgi [req-da300fca-110a-44b9-841a-324e1181a166 req-40628c5f-5586-4acf-a433-2d35599f7881 7f80bfc0976c4ae49d98a14832977e59 bd1a759263f845cba38942cd10c00668 - - 02758a855b0a4c84848683b5d5df47d9 02758a855b0a4c84848683b5d5df47d9] 199.204.45.4 "GET /v2.0/ports?tenant_id=b75cceb2974d4d4cba09aea7dd8db5d2&device_id=ae4b0925-ab2c-43d8-b910-ba7497d13a27 HTTP/1.1" status: 200 len: 1407 time: 0.0401669
2026-06-02 13:35:11.904 10 INFO neutron.api.wsgi [req-da300fca-110a-44b9-841a-324e1181a166 req-f1169c1b-a2f4-4117-9de6-b02dfa7d078d 7f80bfc0976c4ae49d98a14832977e59 bd1a759263f845cba38942cd10c00668 - - 02758a855b0a4c84848683b5d5df47d9 02758a855b0a4c84848683b5d5df47d9] 199.204.45.4 "GET /v2.0/networks?tenant_id=b75cceb2974d4d4cba09aea7dd8db5d2&shared=False HTTP/1.1" status: 200 len: 969 time: 0.0586145
2026-06-02 13:35:11.977 10 INFO neutron.api.wsgi [req-da300fca-110a-44b9-841a-324e1181a166 req-6bc0ec08-365e-407b-949d-c7b93a9f9b5e 7f80bfc0976c4ae49d98a14832977e59 bd1a759263f845cba38942cd10c00668 - - 02758a855b0a4c84848683b5d5df47d9 02758a855b0a4c84848683b5d5df47d9] 199.204.45.4 "GET /v2.0/networks?shared=True HTTP/1.1" status: 200 len: 952 time: 0.0653701
2026-06-02 13:35:12.038 9 INFO neutron.api.wsgi [None req-0249380f-a09b-4f8a-ae4a-3c5eeba7d541 137ec43846084a089afdae182b4e0dbd 294e0993ebdb4c8ab84944346059036f - - default default] 10.0.0.244 "GET /v2.0/networks HTTP/1.1" status: 200 len: 4610 time: 0.2326245
2026-06-02 13:35:12.071 9 INFO neutron.api.wsgi [None req-1deb6b3c-45f2-4909-887c-be513b4f03e4 137ec43846084a089afdae182b4e0dbd 294e0993ebdb4c8ab84944346059036f - - default default] 10.0.0.79 "GET /v2.0/security-groups?tenant_id=c49a138ee56d43a28551d08090490459&name=default HTTP/1.1" status: 200 len: 3120 time: 0.1008875
2026-06-02 13:35:12.097 9 INFO neutron.api.wsgi [None req-40e88b63-2d3a-40d3-a5ed-6bf4d0310b11 137ec43846084a089afdae182b4e0dbd 294e0993ebdb4c8ab84944346059036f - - default default] 10.0.0.244 "GET /v2.0/subnets HTTP/1.1" status: 200 len: 3504 time: 0.0558071
2026-06-02 13:35:12.122 9 INFO neutron.api.wsgi [None req-3ad43bb3-d9fd-431d-bb12-077f4f98c2a3 137ec43846084a089afdae182b4e0dbd 294e0993ebdb4c8ab84944346059036f - - default default] 10.0.0.244 "GET /v2.0/subnetpools HTTP/1.1" status: 200 len: 193 time: 0.0203254
2026-06-02 13:35:12.153 10 INFO neutron.plugins.ml2.drivers.ovn.mech_driver.mech_driver [None req-9a5328c2-7928-4bce-b823-2b66c456c541 - - - - - -] OVN reports status up for port: c5c821c3-39ef-4405-b620-d03020488a55
2026-06-02 13:35:12.154 9 INFO neutron.api.wsgi [None req-aba77ef4-0f78-462e-92dd-e7cd11ced2df 137ec43846084a089afdae182b4e0dbd 294e0993ebdb4c8ab84944346059036f - - default default] 10.0.0.244 "GET /v2.0/agents HTTP/1.1" status: 200 len: 1390 time: 0.0288064
2026-06-02 13:35:12.183 10 INFO neutron.plugins.ml2.plugin [None req-9a5328c2-7928-4bce-b823-2b66c456c541 - - - - - -] Attempt 1 to provision port c5c821c3-39ef-4405-b620-d03020488a55
2026-06-02 13:35:12.207 9 INFO neutron.api.wsgi [None req-a86dc46b-1c0e-4380-a3e9-4c7531f45ca7 137ec43846084a089afdae182b4e0dbd 294e0993ebdb4c8ab84944346059036f - - default default] 10.0.0.244 "GET /v2.0/security-groups HTTP/1.1" status: 200 len: 37434 time: 0.0483510
2026-06-02 13:35:12.315 9 INFO neutron.api.wsgi [None req-20666af0-b259-4394-829d-382648d370d0 137ec43846084a089afdae182b4e0dbd 294e0993ebdb4c8ab84944346059036f - - default default] 10.0.0.244 "GET /v2.0/ports HTTP/1.1" status: 200 len: 16364 time: 0.0896440
2026-06-02 13:35:12.317 10 INFO neutron.api.wsgi [req-eb04649e-f87b-4606-9b7c-a977330f1ed1 req-e667e001-5042-42b1-9d56-c940d6644371 93397d3fd7ef4a7d8194e3fa97e0a63a 9a1f13cff8cb40f2b6a831b76fd9d817 - - default default] 10.0.0.186 "GET /v2.0/ports?device_id=cd268399-6195-4799-bc5e-9d0e62fd285a HTTP/1.1" status: 200 len: 1172 time: 0.0488164
2026-06-02 13:35:12.372 9 INFO neutron.api.wsgi [req-80d676cf-f075-46ea-a3c4-b5fae1679719 req-45f20e46-2896-4b80-b764-0bdc82221fe9 fcd0e38557b14a83a71ef14c0abe5358 b75cceb2974d4d4cba09aea7dd8db5d2 - - default default] 10.0.0.186 "GET /v2.0/ports?device_id=ae4b0925-ab2c-43d8-b910-ba7497d13a27 HTTP/1.1" status: 200 len: 1168 time: 0.1630580
