2026-06-02 13:34:45.226 9 INFO neutron.api.wsgi [None req-2c59fc5d-6830-43cb-b4b3-d691f168d8ab 9badac549bae4f7b9c3411a07d0686c6 93986ea5c17f4860a34a209540c5bed5 - - default default] 10.0.0.79 "GET /v2.0/security-group-rules HTTP/1.1" status: 200 len: 4334 time: 0.0513997
2026-06-02 13:34:45.230 10 INFO neutron.db.ovn_revision_numbers_db [None req-e6f21b91-9e7a-4e9b-970a-9a45c7470dc5 137ec43846084a089afdae182b4e0dbd 294e0993ebdb4c8ab84944346059036f - - default default] Successfully bumped revision number for resource 5ff2ff53-9c59-4324-b81c-e557b3c418b7 (type: security_group_rules) to 0
2026-06-02 13:34:45.255 10 INFO neutron.api.wsgi [req-662f1425-2c63-4080-b8dc-c80a3d1d58f6 req-8376203a-ed0d-4b87-95f2-54b502eb5e01 7f80bfc0976c4ae49d98a14832977e59 bd1a759263f845cba38942cd10c00668 - - 02758a855b0a4c84848683b5d5df47d9 02758a855b0a4c84848683b5d5df47d9] 199.204.45.4 "GET /v2.0/ports?tenant_id=b32cd5dd4ec24ac78d96c17725164080&device_id=c3d6d08a-394a-4ba1-aa6d-8cf589217d1a HTTP/1.1" status: 200 len: 1448 time: 0.0452461
2026-06-02 13:34:45.255 10 INFO neutron.db.ovn_revision_numbers_db [None req-e6f21b91-9e7a-4e9b-970a-9a45c7470dc5 137ec43846084a089afdae182b4e0dbd 294e0993ebdb4c8ab84944346059036f - - default default] Successfully bumped revision number for resource 63481777-5ffc-4faa-adcd-17787937133b (type: security_group_rules) to 0
2026-06-02 13:34:45.289 10 INFO neutron.db.ovn_revision_numbers_db [None req-e6f21b91-9e7a-4e9b-970a-9a45c7470dc5 137ec43846084a089afdae182b4e0dbd 294e0993ebdb4c8ab84944346059036f - - default default] Successfully bumped revision number for resource 9cd82284-d631-4907-8035-a132f8c0acda (type: security_group_rules) to 0
2026-06-02 13:34:45.334 10 INFO neutron.api.wsgi [None req-e6f21b91-9e7a-4e9b-970a-9a45c7470dc5 137ec43846084a089afdae182b4e0dbd 294e0993ebdb4c8ab84944346059036f - - default default] 10.0.0.79 "GET /v2.0/security-groups?tenant_id=be16a80d6108400ca19fd93d9eacf123&name=default HTTP/1.1" status: 200 len: 3120 time: 0.3927250
2026-06-02 13:34:45.337 9 INFO neutron.api.wsgi [None req-ebe01843-f95e-417d-a271-355769264ecd 9badac549bae4f7b9c3411a07d0686c6 93986ea5c17f4860a34a209540c5bed5 - - default default] 10.0.0.79 "DELETE /v2.0/security-group-rules/90272306-3882-4f4e-94a9-9a0765984c46 HTTP/1.1" status: 204 len: 168 time: 0.1048477
2026-06-02 13:34:45.353 10 INFO neutron.api.wsgi [req-662f1425-2c63-4080-b8dc-c80a3d1d58f6 req-46d97862-a60f-47ea-8b38-bee6f58f3304 7f80bfc0976c4ae49d98a14832977e59 bd1a759263f845cba38942cd10c00668 - - 02758a855b0a4c84848683b5d5df47d9 02758a855b0a4c84848683b5d5df47d9] 199.204.45.4 "GET /v2.0/networks?id=c7795522-fef7-4354-80e3-0d2f64c99bb7 HTTP/1.1" status: 200 len: 970 time: 0.0912390
2026-06-02 13:34:45.398 10 INFO neutron.api.wsgi [req-662f1425-2c63-4080-b8dc-c80a3d1d58f6 req-32d332c9-300f-4bfa-b883-f3c0160ebebe 7f80bfc0976c4ae49d98a14832977e59 bd1a759263f845cba38942cd10c00668 - - 02758a855b0a4c84848683b5d5df47d9 02758a855b0a4c84848683b5d5df47d9] 199.204.45.4 "GET /v2.0/floatingips?fixed_ip_address=10.100.0.7&port_id=1daa7405-9aa1-4872-a9f6-e4285012c08f HTTP/1.1" status: 200 len: 1059 time: 0.0388761
2026-06-02 13:34:45.424 9 INFO neutron.api.wsgi [None req-3dfa108c-d61e-4707-991e-27cd52c39260 9badac549bae4f7b9c3411a07d0686c6 93986ea5c17f4860a34a209540c5bed5 - - default default] 10.0.0.79 "GET /v2.0/security-group-rules HTTP/1.1" status: 200 len: 3755 time: 0.0815349
2026-06-02 13:34:45.431 10 INFO neutron.api.wsgi [req-662f1425-2c63-4080-b8dc-c80a3d1d58f6 req-24e8e2a7-7c49-4963-bf3e-33329d6df617 7f80bfc0976c4ae49d98a14832977e59 bd1a759263f845cba38942cd10c00668 - - 02758a855b0a4c84848683b5d5df47d9 02758a855b0a4c84848683b5d5df47d9] 199.204.45.4 "GET /v2.0/subnets?id=082da7b8-5348-46d4-97f0-dbedb38aeb1c HTTP/1.1" status: 200 len: 889 time: 0.0276978
2026-06-02 13:34:45.457 10 INFO neutron.api.wsgi [req-662f1425-2c63-4080-b8dc-c80a3d1d58f6 req-23e78c2e-d2d9-4647-b53b-8efeb7ee3b7e 7f80bfc0976c4ae49d98a14832977e59 bd1a759263f845cba38942cd10c00668 - - 02758a855b0a4c84848683b5d5df47d9 02758a855b0a4c84848683b5d5df47d9] 199.204.45.4 "GET /v2.0/ports?network_id=c7795522-fef7-4354-80e3-0d2f64c99bb7&device_owner=network%3Adhcp HTTP/1.1" status: 200 len: 210 time: 0.0216830
2026-06-02 13:34:45.520 10 INFO neutron.api.wsgi [req-662f1425-2c63-4080-b8dc-c80a3d1d58f6 req-fdb64662-c773-4567-875d-900a11227902 7f80bfc0976c4ae49d98a14832977e59 bd1a759263f845cba38942cd10c00668 - - 02758a855b0a4c84848683b5d5df47d9 02758a855b0a4c84848683b5d5df47d9] 199.204.45.4 "GET /v2.0/networks/c7795522-fef7-4354-80e3-0d2f64c99bb7?fields=segments HTTP/1.1" status: 200 len: 212 time: 0.0587449
2026-06-02 13:34:45.561 9 INFO neutron.api.wsgi [None req-b43a9e1c-36df-4d39-9bf1-cdbd93b6197a 9badac549bae4f7b9c3411a07d0686c6 93986ea5c17f4860a34a209540c5bed5 - - default default] 10.0.0.79 "DELETE /v2.0/security-groups/2d96d8b8-a4b1-429a-a99b-d1545ebbd9f1 HTTP/1.1" status: 204 len: 168 time: 0.1327622
2026-06-02 13:34:45.566 10 INFO neutron.api.wsgi [req-662f1425-2c63-4080-b8dc-c80a3d1d58f6 req-ba50d80e-824b-4347-83cb-0bea23e67c54 7f80bfc0976c4ae49d98a14832977e59 bd1a759263f845cba38942cd10c00668 - - 02758a855b0a4c84848683b5d5df47d9 02758a855b0a4c84848683b5d5df47d9] 199.204.45.4 "GET /v2.0/networks/c7795522-fef7-4354-80e3-0d2f64c99bb7?fields=provider%3Aphysical_network&fields=provider%3Anetwork_type HTTP/1.1" status: 200 len: 277 time: 0.0389524
2026-06-02 13:34:45.594 9 INFO neutron.api.wsgi [None req-65875ecf-f9ca-460b-a88b-e6c813682844 9badac549bae4f7b9c3411a07d0686c6 93986ea5c17f4860a34a209540c5bed5 - - default default] 10.0.0.79 "GET /v2.0/security-groups HTTP/1.1" status: 200 len: 3120 time: 0.0279849
2026-06-02 13:34:45.606 9 INFO neutron.api.wsgi [None req-755a3402-4e4a-4f52-a84c-0266a842a69c 137ec43846084a089afdae182b4e0dbd 294e0993ebdb4c8ab84944346059036f - - default default] 10.0.0.79 "DELETE /v2.0/security-groups/8f5138e9-7b57-4bdf-a26d-200e6d693a56 HTTP/1.1" status: 204 len: 168 time: 0.2653379
2026-06-02 13:34:45.636 10 INFO neutron.api.wsgi [None req-125920c8-98fe-4924-8bc6-96673c3bf233 9badac549bae4f7b9c3411a07d0686c6 93986ea5c17f4860a34a209540c5bed5 - - default default] 10.0.0.79 "GET /v2.0/security-groups HTTP/1.1" status: 200 len: 3120 time: 0.0343287
2026-06-02 13:34:46.267 10 INFO neutron.api.wsgi [None req-bf71b0f1-f576-426f-8359-1958c9cda834 137ec43846084a089afdae182b4e0dbd 294e0993ebdb4c8ab84944346059036f - - default default] 10.0.0.79 "GET /v2.0/security-groups?tenant_id=93986ea5c17f4860a34a209540c5bed5&name=default HTTP/1.1" status: 200 len: 3120 time: 0.1816986
2026-06-02 13:34:46.472 10 INFO neutron.api.wsgi [None req-0113e09e-2823-4a46-85aa-141e9ff92603 137ec43846084a089afdae182b4e0dbd 294e0993ebdb4c8ab84944346059036f - - default default] 10.0.0.79 "DELETE /v2.0/security-groups/0a57fd52-de8d-4fdc-8796-05c12f8e1981 HTTP/1.1" status: 204 len: 168 time: 0.2002926
2026-06-02 13:34:46.937 10 WARNING neutron_lib.context [None req-96193c0a-38ba-417d-b0e9-f01f07525e7a 2b02968cb49e47b7af9fce4a36647eba edaaa376198c43e5922c69430c253b65 - - default default] Method 'is_advsvc' is deprecated since 2023.2 release (neutron-lib 3.8.0) and will be removed once support for the old RBAC API policies will be removed from Neutron. Please use method 'is_service_role' instead.
2026-06-02 13:34:47.095 10 INFO neutron.db.ovn_revision_numbers_db [None req-96193c0a-38ba-417d-b0e9-f01f07525e7a 2b02968cb49e47b7af9fce4a36647eba edaaa376198c43e5922c69430c253b65 - - default default] Successfully bumped revision number for resource ba6dad0c-d278-4096-be1f-eb7555884757 (type: security_groups) to 1
2026-06-02 13:34:47.108 10 INFO neutron.db.ovn_revision_numbers_db [None req-96193c0a-38ba-417d-b0e9-f01f07525e7a 2b02968cb49e47b7af9fce4a36647eba edaaa376198c43e5922c69430c253b65 - - default default] Successfully bumped revision number for resource 6b502f40-44d2-420b-8cc9-b9b1f06eda90 (type: security_group_rules) to 0
2026-06-02 13:34:47.120 10 INFO neutron.db.ovn_revision_numbers_db [None req-96193c0a-38ba-417d-b0e9-f01f07525e7a 2b02968cb49e47b7af9fce4a36647eba edaaa376198c43e5922c69430c253b65 - - default default] Successfully bumped revision number for resource 6f8e453c-9fc9-42b0-82b9-87ecdf683715 (type: security_group_rules) to 0
2026-06-02 13:34:47.131 10 INFO neutron.db.ovn_revision_numbers_db [None req-96193c0a-38ba-417d-b0e9-f01f07525e7a 2b02968cb49e47b7af9fce4a36647eba edaaa376198c43e5922c69430c253b65 - - default default] Successfully bumped revision number for resource 9092f42e-b8d8-4124-8aea-71d107d8a2c9 (type: security_group_rules) to 0
2026-06-02 13:34:47.144 10 INFO neutron.db.ovn_revision_numbers_db [None req-96193c0a-38ba-417d-b0e9-f01f07525e7a 2b02968cb49e47b7af9fce4a36647eba edaaa376198c43e5922c69430c253b65 - - default default] Successfully bumped revision number for resource 9dd18269-dddf-4496-9abc-77320667ec37 (type: security_group_rules) to 0
2026-06-02 13:34:47.244 10 INFO neutron.db.segments_db [None req-96193c0a-38ba-417d-b0e9-f01f07525e7a 2b02968cb49e47b7af9fce4a36647eba edaaa376198c43e5922c69430c253b65 - - default default] Added segment ccc9e5a9-aa80-4d79-aeab-33a7cb10e8ec of type geneve for network b9d8d4a4-7d39-4426-a3e5-b6d3b826b17e
2026-06-02 13:34:47.393 10 INFO neutron.db.ovn_revision_numbers_db [None req-96193c0a-38ba-417d-b0e9-f01f07525e7a 2b02968cb49e47b7af9fce4a36647eba edaaa376198c43e5922c69430c253b65 - - default default] Successfully bumped revision number for resource b9d8d4a4-7d39-4426-a3e5-b6d3b826b17e (type: networks) to 1
2026-06-02 13:34:47.567 10 WARNING neutron.scheduler.dhcp_agent_scheduler [None req-96193c0a-38ba-417d-b0e9-f01f07525e7a 2b02968cb49e47b7af9fce4a36647eba edaaa376198c43e5922c69430c253b65 - - default default] No more DHCP agents
2026-06-02 13:34:47.568 10 WARNING neutron.api.rpc.agentnotifiers.dhcp_rpc_agent_api [None req-96193c0a-38ba-417d-b0e9-f01f07525e7a 2b02968cb49e47b7af9fce4a36647eba edaaa376198c43e5922c69430c253b65 - - default default] Unable to schedule network b9d8d4a4-7d39-4426-a3e5-b6d3b826b17e: no agents available; will retry on subsequent port and subnet creation events.
2026-06-02 13:34:47.634 10 INFO neutron.db.ovn_revision_numbers_db [None req-96193c0a-38ba-417d-b0e9-f01f07525e7a 2b02968cb49e47b7af9fce4a36647eba edaaa376198c43e5922c69430c253b65 - - default default] Successfully bumped revision number for resource e4d5a9df-3c48-4c7a-be39-c39286919a32 (type: ports) to 1
2026-06-02 13:34:47.658 10 INFO neutron.api.wsgi [None req-96193c0a-38ba-417d-b0e9-f01f07525e7a 2b02968cb49e47b7af9fce4a36647eba edaaa376198c43e5922c69430c253b65 - - default default] 10.0.0.79 "POST /v2.0/networks HTTP/1.1" status: 201 len: 848 time: 0.8702033
2026-06-02 13:34:47.668 10 WARNING neutron_lib.context [None req-65b8b620-e369-4741-9c93-47050b20064e 2b02968cb49e47b7af9fce4a36647eba edaaa376198c43e5922c69430c253b65 - - default default] Method 'is_advsvc' is deprecated since 2023.2 release (neutron-lib 3.8.0) and will be removed once support for the old RBAC API policies will be removed from Neutron. Please use method 'is_service_role' instead.
2026-06-02 13:34:47.849 10 WARNING neutron.scheduler.dhcp_agent_scheduler [None req-65b8b620-e369-4741-9c93-47050b20064e 2b02968cb49e47b7af9fce4a36647eba edaaa376198c43e5922c69430c253b65 - - default default] No more DHCP agents
2026-06-02 13:34:47.850 10 WARNING neutron.api.rpc.agentnotifiers.dhcp_rpc_agent_api [None req-65b8b620-e369-4741-9c93-47050b20064e 2b02968cb49e47b7af9fce4a36647eba edaaa376198c43e5922c69430c253b65 - - default default] Unable to schedule network b9d8d4a4-7d39-4426-a3e5-b6d3b826b17e: no agents available; will retry on subsequent port and subnet creation events.
2026-06-02 13:34:47.878 10 INFO neutron.db.ovn_revision_numbers_db [None req-65b8b620-e369-4741-9c93-47050b20064e 2b02968cb49e47b7af9fce4a36647eba edaaa376198c43e5922c69430c253b65 - - default default] Successfully bumped revision number for resource 8c447e25-f814-4284-8b01-989f51a71ddf (type: subnets) to 0
2026-06-02 13:34:47.898 10 INFO neutron.api.wsgi [None req-65b8b620-e369-4741-9c93-47050b20064e 2b02968cb49e47b7af9fce4a36647eba edaaa376198c43e5922c69430c253b65 - - default default] 10.0.0.79 "POST /v2.0/subnets HTTP/1.1" status: 201 len: 826 time: 0.2351367
2026-06-02 13:34:47.910 10 WARNING neutron_lib.context [None req-141be0b0-f85d-4ebd-97e2-e92fb984748f 2b02968cb49e47b7af9fce4a36647eba edaaa376198c43e5922c69430c253b65 - - default default] Method 'is_advsvc' is deprecated since 2023.2 release (neutron-lib 3.8.0) and will be removed once support for the old RBAC API policies will be removed from Neutron. Please use method 'is_service_role' instead.
2026-06-02 13:34:48.315 10 WARNING neutron.scheduler.dhcp_agent_scheduler [None req-141be0b0-f85d-4ebd-97e2-e92fb984748f 2b02968cb49e47b7af9fce4a36647eba edaaa376198c43e5922c69430c253b65 - - default default] No more DHCP agents
2026-06-02 13:34:48.316 10 WARNING neutron.api.rpc.agentnotifiers.dhcp_rpc_agent_api [None req-141be0b0-f85d-4ebd-97e2-e92fb984748f 2b02968cb49e47b7af9fce4a36647eba edaaa376198c43e5922c69430c253b65 - - default default] Unable to schedule network 3625b642-a7a8-45eb-a055-e8c49cf30b3a: no agents available; will retry on subsequent port and subnet creation events.
2026-06-02 13:34:48.444 10 INFO neutron.db.ovn_revision_numbers_db [None req-141be0b0-f85d-4ebd-97e2-e92fb984748f 2b02968cb49e47b7af9fce4a36647eba edaaa376198c43e5922c69430c253b65 - - default default] Successfully bumped revision number for resource bfff9d41-fbec-4e62-900c-8bf53b3e3c38 (type: ports) to 1
2026-06-02 13:34:49.060 10 INFO neutron.plugins.ml2.drivers.ovn.mech_driver.ovsdb.commands [None req-68922ff3-225b-426b-abdb-bb5c77c4bf07 - - - - - -] Schedule LRP lrp-bfff9d41-fbec-4e62-900c-8bf53b3e3c38 on gateway 964fb7a4-776b-4958-a6cf-e0e5fab903dc with priority 1
2026-06-02 13:34:49.067 10 INFO neutron.plugins.ml2.drivers.ovn.mech_driver.mech_driver [None req-3993d974-6a08-484f-a1a8-54f48de41adb - - - - - -] OVN reports status up for port: bfff9d41-fbec-4e62-900c-8bf53b3e3c38
2026-06-02 13:34:49.084 10 INFO neutron.plugins.ml2.plugin [None req-3993d974-6a08-484f-a1a8-54f48de41adb - - - - - -] Attempt 1 to provision port bfff9d41-fbec-4e62-900c-8bf53b3e3c38
2026-06-02 13:34:49.106 10 INFO neutron.db.ovn_revision_numbers_db [None req-141be0b0-f85d-4ebd-97e2-e92fb984748f 2b02968cb49e47b7af9fce4a36647eba edaaa376198c43e5922c69430c253b65 - - default default] Successfully bumped revision number for resource bfff9d41-fbec-4e62-900c-8bf53b3e3c38 (type: router_ports) to 1
2026-06-02 13:34:49.180 10 INFO neutron.db.ovn_revision_numbers_db [None req-141be0b0-f85d-4ebd-97e2-e92fb984748f 2b02968cb49e47b7af9fce4a36647eba edaaa376198c43e5922c69430c253b65 - - default default] Successfully bumped revision number for resource 9840e8dd-5307-43b2-b28a-ae13c523b8ab (type: routers) to 2
2026-06-02 13:34:49.201 10 INFO neutron.api.wsgi [None req-141be0b0-f85d-4ebd-97e2-e92fb984748f 2b02968cb49e47b7af9fce4a36647eba edaaa376198c43e5922c69430c253b65 - - default default] 10.0.0.79 "POST /v2.0/routers HTTP/1.1" status: 201 len: 1153 time: 1.2959664
2026-06-02 13:34:49.594 9 INFO neutron.db.ovn_revision_numbers_db [None req-0b394294-c05c-452b-a49f-8c8f2851de54 137ec43846084a089afdae182b4e0dbd 294e0993ebdb4c8ab84944346059036f - - default default] Successfully bumped revision number for resource ea11856e-7d1b-4995-8217-f3b17c18c603 (type: security_groups) to 1
2026-06-02 13:34:49.610 9 INFO neutron.db.ovn_revision_numbers_db [None req-0b394294-c05c-452b-a49f-8c8f2851de54 137ec43846084a089afdae182b4e0dbd 294e0993ebdb4c8ab84944346059036f - - default default] Successfully bumped revision number for resource 0cb64fbf-6c26-45b4-ab1d-de563e3cae11 (type: security_group_rules) to 0
2026-06-02 13:34:49.625 9 INFO neutron.db.ovn_revision_numbers_db [None req-0b394294-c05c-452b-a49f-8c8f2851de54 137ec43846084a089afdae182b4e0dbd 294e0993ebdb4c8ab84944346059036f - - default default] Successfully bumped revision number for resource 1e153096-0072-471b-b3af-db8943c9ad94 (type: security_group_rules) to 0
2026-06-02 13:34:49.641 9 INFO neutron.db.ovn_revision_numbers_db [None req-0b394294-c05c-452b-a49f-8c8f2851de54 137ec43846084a089afdae182b4e0dbd 294e0993ebdb4c8ab84944346059036f - - default default] Successfully bumped revision number for resource 2f9d8982-f73b-402a-8ac0-1211ab723c2f (type: security_group_rules) to 0
2026-06-02 13:34:49.657 9 INFO neutron.db.ovn_revision_numbers_db [None req-0b394294-c05c-452b-a49f-8c8f2851de54 137ec43846084a089afdae182b4e0dbd 294e0993ebdb4c8ab84944346059036f - - default default] Successfully bumped revision number for resource e3c42a94-ed9d-4521-8048-42b56895f25e (type: security_group_rules) to 0
2026-06-02 13:34:49.703 9 INFO neutron.api.wsgi [None req-0b394294-c05c-452b-a49f-8c8f2851de54 137ec43846084a089afdae182b4e0dbd 294e0993ebdb4c8ab84944346059036f - - default default] 10.0.0.79 "GET /v2.0/security-groups?tenant_id=fd587122a75c4ba8b2dcdfa0df7114e1&name=default HTTP/1.1" status: 200 len: 3120 time: 0.3569324
2026-06-02 13:34:49.750 10 WARNING neutron.scheduler.dhcp_agent_scheduler [None req-4f846cb1-cf76-49c9-bc1c-22e9b3b62715 2b02968cb49e47b7af9fce4a36647eba edaaa376198c43e5922c69430c253b65 - - default default] No more DHCP agents
2026-06-02 13:34:49.753 10 WARNING neutron.api.rpc.agentnotifiers.dhcp_rpc_agent_api [None req-4f846cb1-cf76-49c9-bc1c-22e9b3b62715 2b02968cb49e47b7af9fce4a36647eba edaaa376198c43e5922c69430c253b65 - - default default] Unable to schedule network b9d8d4a4-7d39-4426-a3e5-b6d3b826b17e: no agents available; will retry on subsequent port and subnet creation events.
2026-06-02 13:34:49.936 10 INFO neutron.db.ovn_revision_numbers_db [None req-4f846cb1-cf76-49c9-bc1c-22e9b3b62715 2b02968cb49e47b7af9fce4a36647eba edaaa376198c43e5922c69430c253b65 - - default default] Successfully bumped revision number for resource ec97c19a-acea-4816-9b5f-ab421e3c76f1 (type: ports) to 1
2026-06-02 13:34:49.977 10 INFO neutron.api.wsgi [None req-3b05ae9d-2919-41a6-b1ee-4878d2b5c56f 137ec43846084a089afdae182b4e0dbd 294e0993ebdb4c8ab84944346059036f - - default default] 10.0.0.79 "DELETE /v2.0/security-groups/ea11856e-7d1b-4995-8217-f3b17c18c603 HTTP/1.1" status: 204 len: 168 time: 0.2638695
2026-06-02 13:34:50.823 9 INFO neutron.plugins.ml2.drivers.ovn.mech_driver.mech_driver [None req-c6d0d11f-79e3-4813-b2d0-f8dc136e3b94 - - - - - -] OVN reports status up for port: ec97c19a-acea-4816-9b5f-ab421e3c76f1
2026-06-02 13:34:50.836 9 INFO neutron.plugins.ml2.plugin [None req-c6d0d11f-79e3-4813-b2d0-f8dc136e3b94 - - - - - -] Attempt 1 to provision port ec97c19a-acea-4816-9b5f-ab421e3c76f1
2026-06-02 13:34:50.841 10 INFO neutron.db.ovn_revision_numbers_db [None req-4f846cb1-cf76-49c9-bc1c-22e9b3b62715 2b02968cb49e47b7af9fce4a36647eba edaaa376198c43e5922c69430c253b65 - - default default] Successfully bumped revision number for resource ec97c19a-acea-4816-9b5f-ab421e3c76f1 (type: ports) to 1
2026-06-02 13:34:50.894 10 WARNING neutron.scheduler.dhcp_agent_scheduler [None req-4f846cb1-cf76-49c9-bc1c-22e9b3b62715 2b02968cb49e47b7af9fce4a36647eba edaaa376198c43e5922c69430c253b65 - - default default] No more DHCP agents
2026-06-02 13:34:50.895 10 WARNING neutron.api.rpc.agentnotifiers.dhcp_rpc_agent_api [None req-4f846cb1-cf76-49c9-bc1c-22e9b3b62715 2b02968cb49e47b7af9fce4a36647eba edaaa376198c43e5922c69430c253b65 - - default default] Unable to schedule network b9d8d4a4-7d39-4426-a3e5-b6d3b826b17e: no agents available; will retry on subsequent port and subnet creation events.
2026-06-02 13:34:51.090 10 INFO neutron.db.ovn_revision_numbers_db [None req-74ce6c54-e23e-4010-b57a-b8f818da1bc1 137ec43846084a089afdae182b4e0dbd 294e0993ebdb4c8ab84944346059036f - - default default] Successfully bumped revision number for resource 60cffb74-cab9-4af3-80a3-95e695d45937 (type: security_groups) to 1
2026-06-02 13:34:51.106 10 INFO neutron.db.ovn_revision_numbers_db [None req-74ce6c54-e23e-4010-b57a-b8f818da1bc1 137ec43846084a089afdae182b4e0dbd 294e0993ebdb4c8ab84944346059036f - - default default] Successfully bumped revision number for resource 47ea2b77-f94e-42b6-9bc5-e79c9ea72d30 (type: security_group_rules) to 0
2026-06-02 13:34:51.130 10 INFO neutron.db.ovn_revision_numbers_db [None req-74ce6c54-e23e-4010-b57a-b8f818da1bc1 137ec43846084a089afdae182b4e0dbd 294e0993ebdb4c8ab84944346059036f - - default default] Successfully bumped revision number for resource 6644c0f1-d077-429c-bc8d-cb313503813a (type: security_group_rules) to 0
2026-06-02 13:34:51.142 9 INFO neutron.db.ovn_revision_numbers_db [None req-c6d0d11f-79e3-4813-b2d0-f8dc136e3b94 - - - - - -] Successfully bumped revision number for resource ec97c19a-acea-4816-9b5f-ab421e3c76f1 (type: ports) to 2
2026-06-02 13:34:51.156 10 INFO neutron.db.ovn_revision_numbers_db [None req-74ce6c54-e23e-4010-b57a-b8f818da1bc1 137ec43846084a089afdae182b4e0dbd 294e0993ebdb4c8ab84944346059036f - - default default] Successfully bumped revision number for resource 987b964a-46ae-4fca-9a99-e579b93515a1 (type: security_group_rules) to 0
2026-06-02 13:34:51.175 10 INFO neutron.db.ovn_revision_numbers_db [None req-74ce6c54-e23e-4010-b57a-b8f818da1bc1 137ec43846084a089afdae182b4e0dbd 294e0993ebdb4c8ab84944346059036f - - default default] Successfully bumped revision number for resource b082e7f0-49e6-48c2-9f6b-49670dbe20c9 (type: security_group_rules) to 0
2026-06-02 13:34:51.218 10 INFO neutron.api.wsgi [None req-74ce6c54-e23e-4010-b57a-b8f818da1bc1 137ec43846084a089afdae182b4e0dbd 294e0993ebdb4c8ab84944346059036f - - default default] 10.0.0.79 "GET /v2.0/security-groups?tenant_id=97d49d026d61412694df1184dff40894&name=default HTTP/1.1" status: 200 len: 3120 time: 0.4369533
2026-06-02 13:34:51.288 10 INFO neutron.db.ovn_revision_numbers_db [None req-4f846cb1-cf76-49c9-bc1c-22e9b3b62715 2b02968cb49e47b7af9fce4a36647eba edaaa376198c43e5922c69430c253b65 - - default default] Successfully bumped revision number for resource ec97c19a-acea-4816-9b5f-ab421e3c76f1 (type: router_ports) to 1
2026-06-02 13:34:51.294 10 INFO neutron.api.wsgi [None req-4f846cb1-cf76-49c9-bc1c-22e9b3b62715 2b02968cb49e47b7af9fce4a36647eba edaaa376198c43e5922c69430c253b65 - - default default] 10.0.0.79 "PUT /v2.0/routers/9840e8dd-5307-43b2-b28a-ae13c523b8ab/add_router_interface HTTP/1.1" status: 200 len: 503 time: 2.0864217
2026-06-02 13:34:51.307 9 WARNING neutron_lib.context [None req-93a1582c-cacf-4811-a7e3-4c8dbaab2db6 2b02968cb49e47b7af9fce4a36647eba edaaa376198c43e5922c69430c253b65 - - default default] Method 'is_advsvc' is deprecated since 2023.2 release (neutron-lib 3.8.0) and will be removed once support for the old RBAC API policies will be removed from Neutron. Please use method 'is_service_role' instead.
2026-06-02 13:34:51.505 9 INFO neutron.api.wsgi [None req-fc2d4239-e328-4719-b15f-77e5cf952479 137ec43846084a089afdae182b4e0dbd 294e0993ebdb4c8ab84944346059036f - - default default] 10.0.0.79 "DELETE /v2.0/security-groups/60cffb74-cab9-4af3-80a3-95e695d45937 HTTP/1.1" status: 204 len: 168 time: 0.2819533
2026-06-02 13:34:51.646 9 WARNING neutron.scheduler.dhcp_agent_scheduler [None req-93a1582c-cacf-4811-a7e3-4c8dbaab2db6 2b02968cb49e47b7af9fce4a36647eba edaaa376198c43e5922c69430c253b65 - - default default] No more DHCP agents
2026-06-02 13:34:51.648 9 WARNING neutron.api.rpc.agentnotifiers.dhcp_rpc_agent_api [None req-93a1582c-cacf-4811-a7e3-4c8dbaab2db6 2b02968cb49e47b7af9fce4a36647eba edaaa376198c43e5922c69430c253b65 - - default default] Unable to schedule network b9d8d4a4-7d39-4426-a3e5-b6d3b826b17e: no agents available; will retry on subsequent port and subnet creation events. /var/lib/openstack/lib/python3.12/site-packages/pycadf/identifier.py:71: UserWarning: Invalid uuid: neutron. To ensure interoperability, identifiers should be a valid uuid. warnings.warn(('Invalid uuid: %s. To ensure interoperability, '
2026-06-02 13:34:51.814 9 INFO neutron.db.ovn_revision_numbers_db [None req-93a1582c-cacf-4811-a7e3-4c8dbaab2db6 2b02968cb49e47b7af9fce4a36647eba edaaa376198c43e5922c69430c253b65 - - default default] Successfully bumped revision number for resource 8c6f281a-c3e7-40a7-94d9-b71be864ab7d (type: ports) to 1
2026-06-02 13:34:51.830 9 INFO neutron.db.ovn_revision_numbers_db [None req-c230c2f3-6c29-407e-80ac-3e9e0c27803f 137ec43846084a089afdae182b4e0dbd 294e0993ebdb4c8ab84944346059036f - - default default] Successfully bumped revision number for resource 312acd81-a0a3-4ceb-a6ae-cb5e250c05da (type: security_groups) to 1
2026-06-02 13:34:51.837 9 INFO neutron.api.wsgi [None req-93a1582c-cacf-4811-a7e3-4c8dbaab2db6 2b02968cb49e47b7af9fce4a36647eba edaaa376198c43e5922c69430c253b65 - - default default] 10.0.0.79 "POST /v2.0/ports HTTP/1.1" status: 201 len: 1153 time: 0.5361676
2026-06-02 13:34:51.847 9 WARNING neutron_lib.context [None req-c85f1a73-a1d7-4ae5-8a32-00e249c6aa48 2b02968cb49e47b7af9fce4a36647eba edaaa376198c43e5922c69430c253b65 - - default default] Method 'is_advsvc' is deprecated since 2023.2 release (neutron-lib 3.8.0) and will be removed once support for the old RBAC API policies will be removed from Neutron. Please use method 'is_service_role' instead.
2026-06-02 13:34:51.850 9 INFO neutron.db.ovn_revision_numbers_db [None req-c230c2f3-6c29-407e-80ac-3e9e0c27803f 137ec43846084a089afdae182b4e0dbd 294e0993ebdb4c8ab84944346059036f - - default default] Successfully bumped revision number for resource 240e2660-92ce-48ab-aeda-61b54f54e401 (type: security_group_rules) to 0
2026-06-02 13:34:51.870 9 INFO neutron.db.ovn_revision_numbers_db [None req-c230c2f3-6c29-407e-80ac-3e9e0c27803f 137ec43846084a089afdae182b4e0dbd 294e0993ebdb4c8ab84944346059036f - - default default] Successfully bumped revision number for resource 5926d69f-d995-4bc9-bcb6-62bc19a6eab3 (type: security_group_rules) to 0
2026-06-02 13:34:51.883 9 INFO neutron.db.ovn_revision_numbers_db [None req-c230c2f3-6c29-407e-80ac-3e9e0c27803f 137ec43846084a089afdae182b4e0dbd 294e0993ebdb4c8ab84944346059036f - - default default] Successfully bumped revision number for resource b2bc5c6f-7e6e-4d56-86b7-5e1aed3aa9e4 (type: security_group_rules) to 0
2026-06-02 13:34:51.899 9 INFO neutron.db.ovn_revision_numbers_db [None req-c230c2f3-6c29-407e-80ac-3e9e0c27803f 137ec43846084a089afdae182b4e0dbd 294e0993ebdb4c8ab84944346059036f - - default default] Successfully bumped revision number for resource f72e0827-1254-4dc5-8c7d-191f91705ef7 (type: security_group_rules) to 0
2026-06-02 13:34:51.943 9 INFO neutron.api.wsgi [None req-c230c2f3-6c29-407e-80ac-3e9e0c27803f 137ec43846084a089afdae182b4e0dbd 294e0993ebdb4c8ab84944346059036f - - default default] 10.0.0.79 "GET /v2.0/security-groups?tenant_id=43cf1268e0b441e5ad26fc92b7b12222&name=default HTTP/1.1" status: 200 len: 3120 time: 0.2646184
2026-06-02 13:34:52.155 10 INFO neutron.api.wsgi [None req-4804d46a-d2b0-438f-ba60-ed85118e43ab 137ec43846084a089afdae182b4e0dbd 294e0993ebdb4c8ab84944346059036f - - default default] 10.0.0.79 "DELETE /v2.0/security-groups/312acd81-a0a3-4ceb-a6ae-cb5e250c05da HTTP/1.1" status: 204 len: 168 time: 0.2063789
2026-06-02 13:34:52.169 9 WARNING neutron.scheduler.dhcp_agent_scheduler [None req-c85f1a73-a1d7-4ae5-8a32-00e249c6aa48 2b02968cb49e47b7af9fce4a36647eba edaaa376198c43e5922c69430c253b65 - - default default] No more DHCP agents
2026-06-02 13:34:52.170 9 WARNING neutron.api.rpc.agentnotifiers.dhcp_rpc_agent_api [None req-c85f1a73-a1d7-4ae5-8a32-00e249c6aa48 2b02968cb49e47b7af9fce4a36647eba edaaa376198c43e5922c69430c253b65 - - default default] Unable to schedule network b9d8d4a4-7d39-4426-a3e5-b6d3b826b17e: no agents available; will retry on subsequent port and subnet creation events.
2026-06-02 13:34:52.317 9 INFO neutron.db.ovn_revision_numbers_db [None req-c85f1a73-a1d7-4ae5-8a32-00e249c6aa48 2b02968cb49e47b7af9fce4a36647eba edaaa376198c43e5922c69430c253b65 - - default default] Successfully bumped revision number for resource db4d0fa5-9235-4019-aefe-ade7813dcbc6 (type: ports) to 1
2026-06-02 13:34:52.338 9 INFO neutron.api.wsgi [None req-c85f1a73-a1d7-4ae5-8a32-00e249c6aa48 2b02968cb49e47b7af9fce4a36647eba edaaa376198c43e5922c69430c253b65 - - default default] 10.0.0.79 "POST /v2.0/ports HTTP/1.1" status: 201 len: 1154 time: 0.4945357 /var/lib/openstack/lib/python3.12/site-packages/pycadf/identifier.py:71: UserWarning: Invalid uuid: neutron. To ensure interoperability, identifiers should be a valid uuid. warnings.warn(('Invalid uuid: %s. To ensure interoperability, '
2026-06-02 13:34:52.348 9 WARNING neutron_lib.context [None req-1d671bee-4a58-41da-a71c-9cf6310a18d8 2b02968cb49e47b7af9fce4a36647eba edaaa376198c43e5922c69430c253b65 - - default default] Method 'is_advsvc' is deprecated since 2023.2 release (neutron-lib 3.8.0) and will be removed once support for the old RBAC API policies will be removed from Neutron. Please use method 'is_service_role' instead.
2026-06-02 13:34:52.445 10 INFO neutron.api.wsgi [-] 10.0.0.53 "GET / HTTP/1.1" status: 200 len: 246 time: 0.0026684
2026-06-02 13:34:52.460 10 INFO neutron.api.wsgi [-] 10.0.0.53 "GET / HTTP/1.1" status: 200 len: 246 time: 0.0015707
2026-06-02 13:34:52.584 9 WARNING neutron.scheduler.dhcp_agent_scheduler [None req-1d671bee-4a58-41da-a71c-9cf6310a18d8 2b02968cb49e47b7af9fce4a36647eba edaaa376198c43e5922c69430c253b65 - - default default] No more DHCP agents
2026-06-02 13:34:52.587 9 WARNING neutron.api.rpc.agentnotifiers.dhcp_rpc_agent_api [None req-1d671bee-4a58-41da-a71c-9cf6310a18d8 2b02968cb49e47b7af9fce4a36647eba edaaa376198c43e5922c69430c253b65 - - default default] Unable to schedule network 3625b642-a7a8-45eb-a055-e8c49cf30b3a: no agents available; will retry on subsequent port and subnet creation events.
2026-06-02 13:34:53.128 10 WARNING neutron_lib.context [None req-c133b7c8-2d10-4e3f-99dc-c86ff9ae8dd3 93397d3fd7ef4a7d8194e3fa97e0a63a 9a1f13cff8cb40f2b6a831b76fd9d817 - - default default] Method 'is_advsvc' is deprecated since 2023.2 release (neutron-lib 3.8.0) and will be removed once support for the old RBAC API policies will be removed from Neutron. Please use method 'is_service_role' instead.
2026-06-02 13:34:53.259 9 INFO neutron.db.ovn_revision_numbers_db [None req-1d671bee-4a58-41da-a71c-9cf6310a18d8 2b02968cb49e47b7af9fce4a36647eba edaaa376198c43e5922c69430c253b65 - - default default] Successfully bumped revision number for resource 063502eb-df20-4b24-b0a4-e8832d8b0e54 (type: floatingips) to -1
2026-06-02 13:34:53.273 10 INFO neutron.db.ovn_revision_numbers_db [None req-c133b7c8-2d10-4e3f-99dc-c86ff9ae8dd3 93397d3fd7ef4a7d8194e3fa97e0a63a 9a1f13cff8cb40f2b6a831b76fd9d817 - - default default] Successfully bumped revision number for resource 38d0a7e5-942a-4d43-b098-5247e34a5c61 (type: security_groups) to 1
2026-06-02 13:34:53.295 10 INFO neutron.db.ovn_revision_numbers_db [None req-c133b7c8-2d10-4e3f-99dc-c86ff9ae8dd3 93397d3fd7ef4a7d8194e3fa97e0a63a 9a1f13cff8cb40f2b6a831b76fd9d817 - - default default] Successfully bumped revision number for resource 285ebdbe-15f9-4793-95cd-5d78643be439 (type: security_group_rules) to 0
2026-06-02 13:34:53.308 10 INFO neutron.db.ovn_revision_numbers_db [None req-c133b7c8-2d10-4e3f-99dc-c86ff9ae8dd3 93397d3fd7ef4a7d8194e3fa97e0a63a 9a1f13cff8cb40f2b6a831b76fd9d817 - - default default] Successfully bumped revision number for resource 781513cb-2e64-48e4-839e-7b3bad725849 (type: security_group_rules) to 0
2026-06-02 13:34:53.321 10 INFO neutron.db.ovn_revision_numbers_db [None req-c133b7c8-2d10-4e3f-99dc-c86ff9ae8dd3 93397d3fd7ef4a7d8194e3fa97e0a63a 9a1f13cff8cb40f2b6a831b76fd9d817 - - default default] Successfully bumped revision number for resource 9de62873-4896-4054-b6ab-fe33170d0a5b (type: security_group_rules) to 0
2026-06-02 13:34:53.333 10 INFO neutron.db.ovn_revision_numbers_db [None req-c133b7c8-2d10-4e3f-99dc-c86ff9ae8dd3 93397d3fd7ef4a7d8194e3fa97e0a63a 9a1f13cff8cb40f2b6a831b76fd9d817 - - default default] Successfully bumped revision number for resource d00013b3-435c-48d4-9c01-5ccfbf7fd983 (type: security_group_rules) to 0
2026-06-02 13:34:53.365 9 INFO neutron.db.ovn_revision_numbers_db [None req-1d671bee-4a58-41da-a71c-9cf6310a18d8 2b02968cb49e47b7af9fce4a36647eba edaaa376198c43e5922c69430c253b65 - - default default] Successfully bumped revision number for resource 063502eb-df20-4b24-b0a4-e8832d8b0e54 (type: floatingips) to 1
2026-06-02 13:34:53.365 9 INFO neutron.db.l3_db [None req-1d671bee-4a58-41da-a71c-9cf6310a18d8 2b02968cb49e47b7af9fce4a36647eba edaaa376198c43e5922c69430c253b65 - - default default] Floating IP 063502eb-df20-4b24-b0a4-e8832d8b0e54 associated. External IP: 10.96.250.206, port: db4d0fa5-9235-4019-aefe-ade7813dcbc6.
2026-06-02 13:34:53.411 9 INFO neutron.api.wsgi [None req-1d671bee-4a58-41da-a71c-9cf6310a18d8 2b02968cb49e47b7af9fce4a36647eba edaaa376198c43e5922c69430c253b65 - - default default] 10.0.0.79 "POST /v2.0/floatingips HTTP/1.1" status: 201 len: 1041 time: 1.0673344
2026-06-02 13:34:53.414 10 INFO neutron.db.segments_db [None req-c133b7c8-2d10-4e3f-99dc-c86ff9ae8dd3 93397d3fd7ef4a7d8194e3fa97e0a63a 9a1f13cff8cb40f2b6a831b76fd9d817 - - default default] Added segment ff96c3d1-b0f5-49e1-aa71-2ee6ed905c9b of type geneve for network a9017e98-a456-4b22-a2c9-f7d646121369
2026-06-02 13:34:53.530 10 INFO neutron.db.ovn_revision_numbers_db [None req-c133b7c8-2d10-4e3f-99dc-c86ff9ae8dd3 93397d3fd7ef4a7d8194e3fa97e0a63a 9a1f13cff8cb40f2b6a831b76fd9d817 - - default default] Successfully bumped revision number for resource a9017e98-a456-4b22-a2c9-f7d646121369 (type: networks) to 1
2026-06-02 13:34:53.567 9 INFO neutron.db.ovn_revision_numbers_db [None req-d01c88f9-061d-4339-a760-270544a5c7f1 2b02968cb49e47b7af9fce4a36647eba edaaa376198c43e5922c69430c253b65 - - default default] Successfully bumped revision number for resource 063502eb-df20-4b24-b0a4-e8832d8b0e54 (type: floatingips) to 2
2026-06-02 13:34:53.613 9 INFO neutron.db.l3_db [None req-d01c88f9-061d-4339-a760-270544a5c7f1 2b02968cb49e47b7af9fce4a36647eba edaaa376198c43e5922c69430c253b65 - - default default] Floating IP 063502eb-df20-4b24-b0a4-e8832d8b0e54 disassociated. External IP: 10.96.250.206, port: db4d0fa5-9235-4019-aefe-ade7813dcbc6.
2026-06-02 13:34:53.640 9 INFO neutron.api.wsgi [None req-d01c88f9-061d-4339-a760-270544a5c7f1 2b02968cb49e47b7af9fce4a36647eba edaaa376198c43e5922c69430c253b65 - - default default] 10.0.0.79 "PUT /v2.0/floatingips/063502eb-df20-4b24-b0a4-e8832d8b0e54 HTTP/1.1" status: 200 len: 748 time: 0.2228920
2026-06-02 13:34:53.708 10 WARNING neutron.scheduler.dhcp_agent_scheduler [None req-c133b7c8-2d10-4e3f-99dc-c86ff9ae8dd3 93397d3fd7ef4a7d8194e3fa97e0a63a 9a1f13cff8cb40f2b6a831b76fd9d817 - - default default] No more DHCP agents
2026-06-02 13:34:53.710 10 WARNING neutron.api.rpc.agentnotifiers.dhcp_rpc_agent_api [None req-c133b7c8-2d10-4e3f-99dc-c86ff9ae8dd3 93397d3fd7ef4a7d8194e3fa97e0a63a 9a1f13cff8cb40f2b6a831b76fd9d817 - - default default] Unable to schedule network a9017e98-a456-4b22-a2c9-f7d646121369: no agents available; will retry on subsequent port and subnet creation events.
2026-06-02 13:34:53.791 10 INFO neutron.db.ovn_revision_numbers_db [None req-c133b7c8-2d10-4e3f-99dc-c86ff9ae8dd3 93397d3fd7ef4a7d8194e3fa97e0a63a 9a1f13cff8cb40f2b6a831b76fd9d817 - - default default] Successfully bumped revision number for resource a12e655c-3acd-488c-9988-00300179a2e3 (type: ports) to 1
2026-06-02 13:34:53.817 10 INFO neutron.api.wsgi [None req-c133b7c8-2d10-4e3f-99dc-c86ff9ae8dd3 93397d3fd7ef4a7d8194e3fa97e0a63a 9a1f13cff8cb40f2b6a831b76fd9d817 - - default default] 10.0.0.79 "POST /v2.0/networks HTTP/1.1" status: 201 len: 832 time: 0.9171917
2026-06-02 13:34:53.834 9 WARNING neutron_lib.context [None req-ac006566-2f39-476b-9f3a-3eb416f7293a 93397d3fd7ef4a7d8194e3fa97e0a63a 9a1f13cff8cb40f2b6a831b76fd9d817 - - default default] Method 'is_advsvc' is deprecated since 2023.2 release (neutron-lib 3.8.0) and will be removed once support for the old RBAC API policies will be removed from Neutron. Please use method 'is_service_role' instead.
2026-06-02 13:34:53.960 10 INFO neutron.api.wsgi [None req-e59134b5-cd46-4eb4-8ab6-2c375f570d5f 2b02968cb49e47b7af9fce4a36647eba edaaa376198c43e5922c69430c253b65 - - default default] 10.0.0.79 "DELETE /v2.0/floatingips/063502eb-df20-4b24-b0a4-e8832d8b0e54 HTTP/1.1" status: 204 len: 168 time: 0.3162906
2026-06-02 13:34:53.973 10 WARNING neutron_lib.context [None req-a7b53cc0-59ad-4b57-907a-7fcec2af1ddc 2b02968cb49e47b7af9fce4a36647eba edaaa376198c43e5922c69430c253b65 - - default default] Method 'is_advsvc' is deprecated since 2023.2 release (neutron-lib 3.8.0) and will be removed once support for the old RBAC API policies will be removed from Neutron. Please use method 'is_service_role' instead.
2026-06-02 13:34:54.165 10 WARNING neutron.scheduler.dhcp_agent_scheduler [None req-a7b53cc0-59ad-4b57-907a-7fcec2af1ddc 2b02968cb49e47b7af9fce4a36647eba edaaa376198c43e5922c69430c253b65 - - default default] No more DHCP agents
2026-06-02 13:34:54.166 10 WARNING neutron.api.rpc.agentnotifiers.dhcp_rpc_agent_api [None req-a7b53cc0-59ad-4b57-907a-7fcec2af1ddc 2b02968cb49e47b7af9fce4a36647eba edaaa376198c43e5922c69430c253b65 - - default default] Unable to schedule network 3625b642-a7a8-45eb-a055-e8c49cf30b3a: no agents available; will retry on subsequent port and subnet creation events.
2026-06-02 13:34:54.240 9 WARNING neutron.scheduler.dhcp_agent_scheduler [None req-ac006566-2f39-476b-9f3a-3eb416f7293a 93397d3fd7ef4a7d8194e3fa97e0a63a 9a1f13cff8cb40f2b6a831b76fd9d817 - - default default] No more DHCP agents
2026-06-02 13:34:54.243 9 WARNING neutron.api.rpc.agentnotifiers.dhcp_rpc_agent_api [None req-ac006566-2f39-476b-9f3a-3eb416f7293a 93397d3fd7ef4a7d8194e3fa97e0a63a 9a1f13cff8cb40f2b6a831b76fd9d817 - - default default] Unable to schedule network 3625b642-a7a8-45eb-a055-e8c49cf30b3a: no agents available; will retry on subsequent port and subnet creation events.
2026-06-02 13:34:54.356 9 INFO neutron.db.ovn_revision_numbers_db [None req-ac006566-2f39-476b-9f3a-3eb416f7293a 93397d3fd7ef4a7d8194e3fa97e0a63a 9a1f13cff8cb40f2b6a831b76fd9d817 - - default default] Successfully bumped revision number for resource 493b0ee4-d584-4b4d-9d9f-6bf5044d8281 (type: ports) to 1
2026-06-02 13:34:54.356 10 WARNING neutron.plugins.ml2.drivers.ovn.mech_driver.ovsdb.ovn_client [None req-3993d974-6a08-484f-a1a8-54f48de41adb - - - - - -] No hosting information found for port bfff9d41-fbec-4e62-900c-8bf53b3e3c38: RuntimeError: No hosting information found for port bfff9d41-fbec-4e62-900c-8bf53b3e3c38
2026-06-02 13:34:54.665 9 INFO neutron.db.ovn_revision_numbers_db [None req-ddacbd0d-cfdf-4fd0-acdd-452ca8ab2dfb 137ec43846084a089afdae182b4e0dbd 294e0993ebdb4c8ab84944346059036f - - default default] Successfully bumped revision number for resource 289dbede-ccca-4ab5-b007-863ace0623e2 (type: security_groups) to 1
2026-06-02 13:34:54.684 9 INFO neutron.db.ovn_revision_numbers_db [None req-ddacbd0d-cfdf-4fd0-acdd-452ca8ab2dfb 137ec43846084a089afdae182b4e0dbd 294e0993ebdb4c8ab84944346059036f - - default default] Successfully bumped revision number for resource 49a587d1-ee66-4e1b-bcf9-30f30e430337 (type: security_group_rules) to 0
2026-06-02 13:34:54.705 9 INFO neutron.db.ovn_revision_numbers_db [None req-ddacbd0d-cfdf-4fd0-acdd-452ca8ab2dfb 137ec43846084a089afdae182b4e0dbd 294e0993ebdb4c8ab84944346059036f - - default default] Successfully bumped revision number for resource 5930e0dd-4d55-49ce-b0e5-b7863b21f5d8 (type: security_group_rules) to 0
2026-06-02 13:34:54.754 9 INFO neutron.db.ovn_revision_numbers_db [None req-ddacbd0d-cfdf-4fd0-acdd-452ca8ab2dfb 137ec43846084a089afdae182b4e0dbd 294e0993ebdb4c8ab84944346059036f - - default default] Successfully bumped revision number for resource 8db3eff2-5a7e-4059-b933-5ddd7a60b3b8 (type: security_group_rules) to 0
2026-06-02 13:34:54.781 9 INFO neutron.db.ovn_revision_numbers_db [None req-ddacbd0d-cfdf-4fd0-acdd-452ca8ab2dfb 137ec43846084a089afdae182b4e0dbd 294e0993ebdb4c8ab84944346059036f - - default default] Successfully bumped revision number for resource ec673d04-24c0-4a28-8907-0e53e3f99ac4 (type: security_group_rules) to 0
2026-06-02 13:34:54.821 9 INFO neutron.api.wsgi [None req-ddacbd0d-cfdf-4fd0-acdd-452ca8ab2dfb 137ec43846084a089afdae182b4e0dbd 294e0993ebdb4c8ab84944346059036f - - default default] 10.0.0.79 "GET /v2.0/security-groups?tenant_id=c288bbb9ec964ac79d3dac4344bc7b58&name=default HTTP/1.1" status: 200 len: 3120 time: 0.4089618
2026-06-02 13:34:54.884 10 INFO neutron.db.ovn_revision_numbers_db [None req-a7b53cc0-59ad-4b57-907a-7fcec2af1ddc 2b02968cb49e47b7af9fce4a36647eba edaaa376198c43e5922c69430c253b65 - - default default] Successfully bumped revision number for resource e2cf9560-3d2c-4153-b2cc-bc02ed447338 (type: floatingips) to -1
2026-06-02 13:34:54.983 9 INFO neutron.plugins.ml2.drivers.ovn.mech_driver.ovsdb.commands [None req-76506730-4c21-405c-bbbc-c693800c1fe2 - - - - - -] Schedule LRP lrp-493b0ee4-d584-4b4d-9d9f-6bf5044d8281 on gateway 964fb7a4-776b-4958-a6cf-e0e5fab903dc with priority 1
2026-06-02 13:34:54.991 10 INFO neutron.plugins.ml2.drivers.ovn.mech_driver.mech_driver [None req-3993d974-6a08-484f-a1a8-54f48de41adb - - - - - -] OVN reports status up for port: 493b0ee4-d584-4b4d-9d9f-6bf5044d8281
2026-06-02 13:34:54.998 10 INFO neutron.db.ovn_revision_numbers_db [None req-a7b53cc0-59ad-4b57-907a-7fcec2af1ddc 2b02968cb49e47b7af9fce4a36647eba edaaa376198c43e5922c69430c253b65 - - default default] Successfully bumped revision number for resource e2cf9560-3d2c-4153-b2cc-bc02ed447338 (type: floatingips) to 1
2026-06-02 13:34:55.000 10 INFO neutron.db.l3_db [None req-a7b53cc0-59ad-4b57-907a-7fcec2af1ddc 2b02968cb49e47b7af9fce4a36647eba edaaa376198c43e5922c69430c253b65 - - default default] Floating IP e2cf9560-3d2c-4153-b2cc-bc02ed447338 associated. External IP: 10.96.250.212, port: 8c6f281a-c3e7-40a7-94d9-b71be864ab7d.
2026-06-02 13:34:55.018 10 INFO neutron.plugins.ml2.drivers.ovn.mech_driver.ovsdb.ovsdb_monitor [None req-efd69a37-2207-42fe-ac55-e8b7590d6305 - - - - - -] Router 9dadf9ac-65f9-4a48-8b52-986d796a4962 is bound to host instance
2026-06-02 13:34:55.020 10 INFO neutron.plugins.ml2.plugin [None req-3993d974-6a08-484f-a1a8-54f48de41adb - - - - - -] Attempt 1 to provision port 493b0ee4-d584-4b4d-9d9f-6bf5044d8281
2026-06-02 13:34:55.021 9 INFO neutron.db.ovn_revision_numbers_db [None req-ac006566-2f39-476b-9f3a-3eb416f7293a 93397d3fd7ef4a7d8194e3fa97e0a63a 9a1f13cff8cb40f2b6a831b76fd9d817 - - default default] Successfully bumped revision number for resource 493b0ee4-d584-4b4d-9d9f-6bf5044d8281 (type: router_ports) to 1
2026-06-02 13:34:55.059 9 INFO neutron.api.wsgi [None req-7aa4be80-98d0-477e-b768-6a21f7150e4e 137ec43846084a089afdae182b4e0dbd 294e0993ebdb4c8ab84944346059036f - - default default] 10.0.0.79 "DELETE /v2.0/security-groups/289dbede-ccca-4ab5-b007-863ace0623e2 HTTP/1.1" status: 204 len: 168 time: 0.2312963
2026-06-02 13:34:55.068 10 INFO neutron.api.wsgi [None req-a7b53cc0-59ad-4b57-907a-7fcec2af1ddc 2b02968cb49e47b7af9fce4a36647eba edaaa376198c43e5922c69430c253b65 - - default default] 10.0.0.79 "POST /v2.0/floatingips HTTP/1.1" status: 201 len: 1040 time: 1.1011984
2026-06-02 13:34:55.099 9 INFO neutron.db.ovn_revision_numbers_db [None req-ac006566-2f39-476b-9f3a-3eb416f7293a 93397d3fd7ef4a7d8194e3fa97e0a63a 9a1f13cff8cb40f2b6a831b76fd9d817 - - default default] Successfully bumped revision number for resource 9dadf9ac-65f9-4a48-8b52-986d796a4962 (type: routers) to 2
2026-06-02 13:34:55.109 9 INFO neutron.api.wsgi [None req-b1d6d465-56f4-4402-9f79-f970c9fdcafe 2b02968cb49e47b7af9fce4a36647eba edaaa376198c43e5922c69430c253b65 - - default default] 10.0.0.79 "GET /v2.0/floatingips/e2cf9560-3d2c-4153-b2cc-bc02ed447338 HTTP/1.1" status: 200 len: 1037 time: 0.0340028
2026-06-02 13:34:55.118 9 INFO neutron.api.wsgi [None req-ac006566-2f39-476b-9f3a-3eb416f7293a 93397d3fd7ef4a7d8194e3fa97e0a63a 9a1f13cff8cb40f2b6a831b76fd9d817 - - default default] 10.0.0.79 "POST /v2.0/routers HTTP/1.1" status: 201 len: 1154 time: 1.2921603 /var/lib/openstack/lib/python3.12/site-packages/pycadf/identifier.py:71: UserWarning: Invalid uuid: neutron. To ensure interoperability, identifiers should be a valid uuid. warnings.warn(('Invalid uuid: %s. To ensure interoperability, '
2026-06-02 13:34:55.178 10 INFO neutron.api.wsgi [None req-76af37c4-d5b2-4009-b456-0228c2879057 2b02968cb49e47b7af9fce4a36647eba edaaa376198c43e5922c69430c253b65 - - default default] 10.0.0.79 "GET /v2.0/floatingips HTTP/1.1" status: 200 len: 1040 time: 0.0606034
2026-06-02 13:34:55.309 9 INFO neutron.api.wsgi [None req-543cc6ae-4190-450a-8068-fa3e0c3bd3a1 d87397417dfd4e2889d04aea5273e4c3 478de15d482540bb91fcf4a82f9384de - - default default] 10.0.0.79 "GET /v2.0/subnets?project_id=9a1f13cff8cb40f2b6a831b76fd9d817&cidr=10.100.0.0%2F28 HTTP/1.1" status: 200 len: 207 time: 0.1860390
2026-06-02 13:34:55.396 9 INFO neutron.api.wsgi [None req-5449907d-92a5-4a9a-b9e3-5eba9b9e4adc d87397417dfd4e2889d04aea5273e4c3 478de15d482540bb91fcf4a82f9384de - - default default] 10.0.0.79 "GET /v2.0/networks?router%3Aexternal=True HTTP/1.1" status: 200 len: 947 time: 0.0811305
2026-06-02 13:34:55.423 10 INFO neutron.api.wsgi [None req-046c8507-06d8-49c0-be79-6ad622a6eb04 d87397417dfd4e2889d04aea5273e4c3 478de15d482540bb91fcf4a82f9384de - - default default] 10.0.0.79 "GET /v2.0/subnets?network_id=3625b642-a7a8-45eb-a055-e8c49cf30b3a&cidr=10.100.0.0%2F28 HTTP/1.1" status: 200 len: 207 time: 0.0217788
2026-06-02 13:34:55.434 9 WARNING neutron_lib.context [None req-efa011ff-460f-4bf3-9ad3-087ad283005d 93397d3fd7ef4a7d8194e3fa97e0a63a 9a1f13cff8cb40f2b6a831b76fd9d817 - - default default] Method 'is_advsvc' is deprecated since 2023.2 release (neutron-lib 3.8.0) and will be removed once support for the old RBAC API policies will be removed from Neutron. Please use method 'is_service_role' instead.
2026-06-02 13:34:55.599 10 INFO neutron.db.ovn_revision_numbers_db [None req-6a0e0fa1-15d2-49f2-94b8-b2e90b0f6bf7 - - - - - -] Successfully bumped revision number for resource 493b0ee4-d584-4b4d-9d9f-6bf5044d8281 (type: ports) to 1
2026-06-02 13:34:55.615 9 WARNING neutron.scheduler.dhcp_agent_scheduler [None req-efa011ff-460f-4bf3-9ad3-087ad283005d 93397d3fd7ef4a7d8194e3fa97e0a63a 9a1f13cff8cb40f2b6a831b76fd9d817 - - default default] No more DHCP agents
2026-06-02 13:34:55.617 9 WARNING neutron.api.rpc.agentnotifiers.dhcp_rpc_agent_api [None req-efa011ff-460f-4bf3-9ad3-087ad283005d 93397d3fd7ef4a7d8194e3fa97e0a63a 9a1f13cff8cb40f2b6a831b76fd9d817 - - default default] Unable to schedule network a9017e98-a456-4b22-a2c9-f7d646121369: no agents available; will retry on subsequent port and subnet creation events.
2026-06-02 13:34:55.737 10 INFO neutron.db.ovn_revision_numbers_db [None req-38aad259-18e7-45e9-ad35-5eb4dd670ea3 2b02968cb49e47b7af9fce4a36647eba edaaa376198c43e5922c69430c253b65 - - default default] Successfully bumped revision number for resource e2cf9560-3d2c-4153-b2cc-bc02ed447338 (type: floatingips) to 2
2026-06-02 13:34:55.845 10 INFO neutron.db.ovn_revision_numbers_db [None req-38aad259-18e7-45e9-ad35-5eb4dd670ea3 2b02968cb49e47b7af9fce4a36647eba edaaa376198c43e5922c69430c253b65 - - default default] Successfully bumped revision number for resource e2cf9560-3d2c-4153-b2cc-bc02ed447338 (type: floatingips) to 2
2026-06-02 13:34:55.845 10 INFO neutron.db.l3_db [None req-38aad259-18e7-45e9-ad35-5eb4dd670ea3 2b02968cb49e47b7af9fce4a36647eba edaaa376198c43e5922c69430c253b65 - - default default] Floating IP e2cf9560-3d2c-4153-b2cc-bc02ed447338 associated. External IP: 10.96.250.212, port: 8c6f281a-c3e7-40a7-94d9-b71be864ab7d.
2026-06-02 13:34:55.898 10 INFO neutron.api.wsgi [None req-38aad259-18e7-45e9-ad35-5eb4dd670ea3 2b02968cb49e47b7af9fce4a36647eba edaaa376198c43e5922c69430c253b65 - - default default] 10.0.0.79 "PUT /v2.0/floatingips/e2cf9560-3d2c-4153-b2cc-bc02ed447338 HTTP/1.1" status: 200 len: 1038 time: 0.7150066
2026-06-02 13:34:55.950 10 INFO neutron.db.ovn_revision_numbers_db [None req-6a0e0fa1-15d2-49f2-94b8-b2e90b0f6bf7 - - - - - -] Successfully bumped revision number for resource 493b0ee4-d584-4b4d-9d9f-6bf5044d8281 (type: ports) to 4
2026-06-02 13:34:56.016 9 WARNING neutron.plugins.ml2.drivers.ovn.mech_driver.ovsdb.ovn_client [None req-5723d996-a7d5-4de1-b93b-d191c0e14e2e - - - - - -] No hosting information found for port ec97c19a-acea-4816-9b5f-ab421e3c76f1: RuntimeError: No hosting information found for port ec97c19a-acea-4816-9b5f-ab421e3c76f1
2026-06-02 13:34:56.103 9 INFO neutron.db.ovn_revision_numbers_db [None req-23cd80a1-d7d5-438b-a87b-4084fff8c1f8 2b02968cb49e47b7af9fce4a36647eba edaaa376198c43e5922c69430c253b65 - - default default] Successfully bumped revision number for resource e2cf9560-3d2c-4153-b2cc-bc02ed447338 (type: floatingips) to 3
2026-06-02 13:34:56.144 9 INFO neutron.db.ovn_revision_numbers_db [None req-5723d996-a7d5-4de1-b93b-d191c0e14e2e - - - - - -] Successfully bumped revision number for resource ec97c19a-acea-4816-9b5f-ab421e3c76f1 (type: router_ports) to 2
2026-06-02 13:34:56.256 9 INFO neutron.db.l3_db [None req-23cd80a1-d7d5-438b-a87b-4084fff8c1f8 2b02968cb49e47b7af9fce4a36647eba edaaa376198c43e5922c69430c253b65 - - default default] Floating IP e2cf9560-3d2c-4153-b2cc-bc02ed447338 disassociated. External IP: 10.96.250.212, port: db4d0fa5-9235-4019-aefe-ade7813dcbc6.
2026-06-02 13:34:56.275 9 INFO neutron.db.ovn_revision_numbers_db [None req-a3b8f855-7b61-42ff-ada9-16b064e2a571 - - - - - -] Successfully bumped revision number for resource a12e655c-3acd-488c-9988-00300179a2e3 (type: ports) to 2
2026-06-02 13:34:56.302 9 INFO neutron.api.wsgi [None req-23cd80a1-d7d5-438b-a87b-4084fff8c1f8 2b02968cb49e47b7af9fce4a36647eba edaaa376198c43e5922c69430c253b65 - - default default] 10.0.0.79 "PUT /v2.0/floatingips/e2cf9560-3d2c-4153-b2cc-bc02ed447338 HTTP/1.1" status: 200 len: 748 time: 0.3988624
