2026-06-02 13:35:12.372 10 INFO neutron.api.wsgi [req-eb04649e-f87b-4606-9b7c-a977330f1ed1 req-ed439448-7c4d-4ea7-ba89-03c837413acf 93397d3fd7ef4a7d8194e3fa97e0a63a 9a1f13cff8cb40f2b6a831b76fd9d817 - - default default] 10.0.0.186 "GET /v2.0/security-groups?id=5d0ed3db-f35f-49c3-9b32-da53a64fd64f&fields=id&fields=name HTTP/1.1" status: 200 len: 312 time: 0.0469892
2026-06-02 13:35:12.414 9 INFO neutron.api.wsgi [None req-86e27787-27bf-4f11-951a-c69a5963f239 137ec43846084a089afdae182b4e0dbd 294e0993ebdb4c8ab84944346059036f - - default default] 10.0.0.244 "GET /v2.0/routers HTTP/1.1" status: 200 len: 3075 time: 0.0828555
2026-06-02 13:35:12.419 10 INFO neutron.api.wsgi [None req-0021da63-7276-4035-bfd0-728482102d17 137ec43846084a089afdae182b4e0dbd 294e0993ebdb4c8ab84944346059036f - - default default] 10.0.0.79 "DELETE /v2.0/security-groups/ce40d3af-13a1-4078-94e4-a0ba03e75569 HTTP/1.1" status: 204 len: 168 time: 0.3406260
2026-06-02 13:35:12.433 9 INFO neutron.api.wsgi [None req-26435907-159f-43c6-bfae-0a0ba1470465 137ec43846084a089afdae182b4e0dbd 294e0993ebdb4c8ab84944346059036f - - default default] 10.0.0.244 "GET /v2.0/agents?binary=ovn-controller HTTP/1.1" status: 200 len: 591 time: 0.0165224
2026-06-02 13:35:12.448 9 INFO neutron.api.wsgi [req-80d676cf-f075-46ea-a3c4-b5fae1679719 req-d041e73d-ed63-4d96-a6a8-0682bc8c1ca0 fcd0e38557b14a83a71ef14c0abe5358 b75cceb2974d4d4cba09aea7dd8db5d2 - - default default] 10.0.0.186 "GET /v2.0/security-groups?id=80a67098-4608-4435-8ac3-1efd03632347&fields=id&fields=name HTTP/1.1" status: 200 len: 286 time: 0.0640569
2026-06-02 13:35:12.456 9 INFO neutron.api.wsgi [None req-0bb40a23-2e21-4b21-bf89-daf847e50fae 137ec43846084a089afdae182b4e0dbd 294e0993ebdb4c8ab84944346059036f - - default default] 10.0.0.244 "GET /v2.0/floatingips HTTP/1.1" status: 200 len: 193 time: 0.0189979
2026-06-02 13:35:12.465 10 INFO neutron.db.ovn_revision_numbers_db [None req-9a5328c2-7928-4bce-b823-2b66c456c541 - - - - - -] Successfully bumped revision number for resource c5c821c3-39ef-4405-b620-d03020488a55 (type: ports) to 5
2026-06-02 13:35:12.504 9 INFO neutron.api.wsgi [None req-dc4cd330-c0ad-40ae-b377-a7e4196c7ed5 137ec43846084a089afdae182b4e0dbd 294e0993ebdb4c8ab84944346059036f - - default default] 10.0.0.244 "GET /v2.0/subnets HTTP/1.1" status: 200 len: 3504 time: 0.0466709
2026-06-02 13:35:12.517 9 INFO neutron.api.wsgi [None req-850f16ac-51d4-450f-b55b-5e1d0e7a09be 137ec43846084a089afdae182b4e0dbd 294e0993ebdb4c8ab84944346059036f - - default default] 10.0.0.244 "GET /v2.0/network-ip-availabilities HTTP/1.1" status: 200 len: 2669 time: 0.0121019
2026-06-02 13:35:12.671 9 INFO neutron.api.wsgi [None req-2ab0e267-9ef3-4820-b9db-d809d9a771db 137ec43846084a089afdae182b4e0dbd 294e0993ebdb4c8ab84944346059036f - - default default] 10.0.0.79 "PUT /v2.0/routers/c0729d1d-5e27-44c2-bf19-79060b967a2c/remove_router_interface HTTP/1.1" status: 200 len: 503 time: 1.3861530 /var/lib/openstack/lib/python3.12/site-packages/pycadf/identifier.py:71: UserWarning: Invalid uuid: neutron. To ensure interoperability, identifiers should be a valid uuid. warnings.warn(('Invalid uuid: %s. To ensure interoperability, ' /var/lib/openstack/lib/python3.12/site-packages/pycadf/identifier.py:71: UserWarning: Invalid uuid: neutron. To ensure interoperability, identifiers should be a valid uuid. warnings.warn(('Invalid uuid: %s. To ensure interoperability, '
2026-06-02 13:35:13.032 10 INFO neutron.api.wsgi [req-1d498a2a-a0b8-488a-bc7d-462cb4c1713a req-49d4b712-d9d2-4d89-ae72-e3681d7424d5 7f80bfc0976c4ae49d98a14832977e59 bd1a759263f845cba38942cd10c00668 - - 02758a855b0a4c84848683b5d5df47d9 02758a855b0a4c84848683b5d5df47d9] 199.204.45.4 "GET /v2.0/ports?tenant_id=b75cceb2974d4d4cba09aea7dd8db5d2&device_id=ae4b0925-ab2c-43d8-b910-ba7497d13a27 HTTP/1.1" status: 200 len: 1407 time: 0.0367050
2026-06-02 13:35:13.061 10 INFO neutron.api.wsgi [req-1d498a2a-a0b8-488a-bc7d-462cb4c1713a req-575d67ab-bbe1-457c-bc60-54b11dd3220a 7f80bfc0976c4ae49d98a14832977e59 bd1a759263f845cba38942cd10c00668 - - 02758a855b0a4c84848683b5d5df47d9 02758a855b0a4c84848683b5d5df47d9] 199.204.45.4 "GET /v2.0/floatingips?fixed_ip_address=10.100.0.5&port_id=d87b8a87-24d4-4653-aef4-f2166f9c1a82 HTTP/1.1" status: 200 len: 217 time: 0.0219691
2026-06-02 13:35:13.090 10 INFO neutron.api.wsgi [req-1d498a2a-a0b8-488a-bc7d-462cb4c1713a req-a3d93684-893b-4d90-a096-0c9d9200c2b8 7f80bfc0976c4ae49d98a14832977e59 bd1a759263f845cba38942cd10c00668 - - 02758a855b0a4c84848683b5d5df47d9 02758a855b0a4c84848683b5d5df47d9] 199.204.45.4 "GET /v2.0/subnets?id=cc176573-88d0-41e5-a754-08c45e1c1bc2 HTTP/1.1" status: 200 len: 889 time: 0.0256608
2026-06-02 13:35:13.118 10 INFO neutron.api.wsgi [req-1d498a2a-a0b8-488a-bc7d-462cb4c1713a req-91093f6d-7999-4c0f-be52-ae2a542b9f7d 7f80bfc0976c4ae49d98a14832977e59 bd1a759263f845cba38942cd10c00668 - - 02758a855b0a4c84848683b5d5df47d9 02758a855b0a4c84848683b5d5df47d9] 199.204.45.4 "GET /v2.0/ports?network_id=4e108460-4a16-4341-a0a9-7ce37ddede5a&device_owner=network%3Adhcp HTTP/1.1" status: 200 len: 210 time: 0.0216591
2026-06-02 13:35:13.172 10 INFO neutron.api.wsgi [req-1d498a2a-a0b8-488a-bc7d-462cb4c1713a req-54a967d2-592d-429b-bcbb-e0f631bcba32 7f80bfc0976c4ae49d98a14832977e59 bd1a759263f845cba38942cd10c00668 - - 02758a855b0a4c84848683b5d5df47d9 02758a855b0a4c84848683b5d5df47d9] 199.204.45.4 "GET /v2.0/networks/4e108460-4a16-4341-a0a9-7ce37ddede5a?fields=segments HTTP/1.1" status: 200 len: 212 time: 0.0473919
2026-06-02 13:35:13.223 10 INFO neutron.api.wsgi [req-1d498a2a-a0b8-488a-bc7d-462cb4c1713a req-feb4f9fd-3ccb-4eb2-9aa1-482650221e51 7f80bfc0976c4ae49d98a14832977e59 bd1a759263f845cba38942cd10c00668 - - 02758a855b0a4c84848683b5d5df47d9 02758a855b0a4c84848683b5d5df47d9] 199.204.45.4 "GET /v2.0/networks/4e108460-4a16-4341-a0a9-7ce37ddede5a?fields=provider%3Aphysical_network&fields=provider%3Anetwork_type HTTP/1.1" status: 200 len: 277 time: 0.0465403
2026-06-02 13:35:13.334 10 INFO neutron.notifiers.nova [-] Nova event matching ['req-8053915d-f651-406d-89fa-eb9a1508ab79'] response: {'server_uuid': 'cd268399-6195-4799-bc5e-9d0e62fd285a', 'name': 'network-vif-plugged', 'status': 'completed', 'tag': 'c5c821c3-39ef-4405-b620-d03020488a55', 'code': 200}
2026-06-02 13:35:13.334 10 INFO neutron.notifiers.nova [-] Nova event matching ['req-8053915d-f651-406d-89fa-eb9a1508ab79'] response: {'server_uuid': 'cd268399-6195-4799-bc5e-9d0e62fd285a', 'name': 'network-vif-plugged', 'status': 'completed', 'tag': 'c5c821c3-39ef-4405-b620-d03020488a55', 'code': 200}
2026-06-02 13:35:13.560 10 INFO neutron.api.wsgi [req-015741d2-2cd8-4730-b04c-86e9365bd0c4 req-114db25a-67c0-4661-b4c9-829acaabd2dd fcd0e38557b14a83a71ef14c0abe5358 b75cceb2974d4d4cba09aea7dd8db5d2 - - default default] 10.0.0.186 "GET /v2.0/ports?device_id=ae4b0925-ab2c-43d8-b910-ba7497d13a27 HTTP/1.1" status: 200 len: 1168 time: 0.0478475
2026-06-02 13:35:13.623 10 INFO neutron.api.wsgi [req-015741d2-2cd8-4730-b04c-86e9365bd0c4 req-b0e7a872-0f70-4978-94e1-ef973d47c151 fcd0e38557b14a83a71ef14c0abe5358 b75cceb2974d4d4cba09aea7dd8db5d2 - - default default] 10.0.0.186 "GET /v2.0/security-groups?id=80a67098-4608-4435-8ac3-1efd03632347&fields=id&fields=name HTTP/1.1" status: 200 len: 286 time: 0.0397289
2026-06-02 13:35:13.783 9 INFO neutron.api.wsgi [req-8e606bdb-adda-4f72-96a3-71bdfd11d2f8 req-82b8f290-6c1f-4194-94d9-ec1aff9ff7f7 93397d3fd7ef4a7d8194e3fa97e0a63a 9a1f13cff8cb40f2b6a831b76fd9d817 - - default default] 10.0.0.186 "GET /v2.0/ports?device_id=cd268399-6195-4799-bc5e-9d0e62fd285a HTTP/1.1" status: 200 len: 1174 time: 0.0537064
2026-06-02 13:35:13.851 9 INFO neutron.api.wsgi [None req-4d11caee-1772-4be6-a23d-fa35677718b5 137ec43846084a089afdae182b4e0dbd 294e0993ebdb4c8ab84944346059036f - - default default] 10.0.0.79 "DELETE /v2.0/routers/c0729d1d-5e27-44c2-bf19-79060b967a2c HTTP/1.1" status: 204 len: 168 time: 1.1757889
2026-06-02 13:35:13.854 9 INFO neutron.api.wsgi [req-8e606bdb-adda-4f72-96a3-71bdfd11d2f8 req-b6a5b932-b9b2-4aba-aa9c-73d67777784d 93397d3fd7ef4a7d8194e3fa97e0a63a 9a1f13cff8cb40f2b6a831b76fd9d817 - - default default] 10.0.0.186 "GET /v2.0/security-groups?id=5d0ed3db-f35f-49c3-9b32-da53a64fd64f&fields=id&fields=name HTTP/1.1" status: 200 len: 312 time: 0.0636837
2026-06-02 13:35:13.998 9 INFO neutron.api.wsgi [None req-65e43c55-8b64-463a-a56c-ffca920254bd 137ec43846084a089afdae182b4e0dbd 294e0993ebdb4c8ab84944346059036f - - default default] 10.0.0.79 "DELETE /v2.0/subnets/64331fb3-1ed3-4e2d-a511-8b4b416eb1f3 HTTP/1.1" status: 204 len: 168 time: 0.1414709
2026-06-02 13:35:14.289 9 INFO neutron.services.segments.plugin [-] Segment 62bdff1a-46f3-45d4-aacf-9995caeb9b24 resource provider aggregate not found
2026-06-02 13:35:14.293 9 INFO neutron.services.segments.plugin [-] Segment 62bdff1a-46f3-45d4-aacf-9995caeb9b24 resource provider aggregate not found
2026-06-02 13:35:14.318 9 INFO neutron.services.segments.plugin [-] Segment 62bdff1a-46f3-45d4-aacf-9995caeb9b24 resource provider not found; error: Placement Client Error (4xx): {"errors": [{"status": 404, "title": "Not Found", "detail": "The resource could not be found.\n\n No resource provider with uuid 62bdff1a-46f3-45d4-aacf-9995caeb9b24 found for delete ", "request_id": "req-ee6b20de-c2d3-46b0-8fce-dc655442c8b5"}]}
2026-06-02 13:35:14.321 9 INFO neutron.services.segments.plugin [-] Segment 62bdff1a-46f3-45d4-aacf-9995caeb9b24 resource provider not found; error: Placement Client Error (4xx): {"errors": [{"status": 404, "title": "Not Found", "detail": "The resource could not be found.\n\n No resource provider with uuid 62bdff1a-46f3-45d4-aacf-9995caeb9b24 found for delete ", "request_id": "req-43e220df-4f62-4021-9e92-7d7047b966df"}]}
2026-06-02 13:35:14.348 9 INFO neutron.api.wsgi [None req-e22ff08e-d120-4c05-bd8f-d238dfcd6666 137ec43846084a089afdae182b4e0dbd 294e0993ebdb4c8ab84944346059036f - - default default] 10.0.0.79 "DELETE /v2.0/networks/b3b8e2d6-8f8e-41d1-83a1-c27b1663d8ca HTTP/1.1" status: 204 len: 168 time: 0.3445678
2026-06-02 13:35:14.463 10 WARNING neutron_lib.context [None req-3fd2cd04-adff-4034-8369-ac4829141b19 c60028476da94f89ae61c773d9e6b7f1 4d33c10ec34c4bdfb37eca3eee23603b - - default default] Method 'is_advsvc' is deprecated since 2023.2 release (neutron-lib 3.8.0) and will be removed once support for the old RBAC API policies will be removed from Neutron. Please use method 'is_service_role' instead.
2026-06-02 13:35:14.597 10 INFO neutron.db.ovn_revision_numbers_db [None req-3fd2cd04-adff-4034-8369-ac4829141b19 c60028476da94f89ae61c773d9e6b7f1 4d33c10ec34c4bdfb37eca3eee23603b - - default default] Successfully bumped revision number for resource 7080a1a6-a6f2-4db3-806f-aeb84c275ca5 (type: security_groups) to 1
2026-06-02 13:35:14.612 10 INFO neutron.db.ovn_revision_numbers_db [None req-3fd2cd04-adff-4034-8369-ac4829141b19 c60028476da94f89ae61c773d9e6b7f1 4d33c10ec34c4bdfb37eca3eee23603b - - default default] Successfully bumped revision number for resource 3cfb40fc-233e-40df-9604-1a16ce90d93d (type: security_group_rules) to 0
2026-06-02 13:35:14.622 10 INFO neutron.db.ovn_revision_numbers_db [None req-3fd2cd04-adff-4034-8369-ac4829141b19 c60028476da94f89ae61c773d9e6b7f1 4d33c10ec34c4bdfb37eca3eee23603b - - default default] Successfully bumped revision number for resource b4977a59-100e-4795-8083-207d53d85eb3 (type: security_group_rules) to 0
2026-06-02 13:35:14.638 10 INFO neutron.db.ovn_revision_numbers_db [None req-3fd2cd04-adff-4034-8369-ac4829141b19 c60028476da94f89ae61c773d9e6b7f1 4d33c10ec34c4bdfb37eca3eee23603b - - default default] Successfully bumped revision number for resource be7831a7-89a2-4c1d-98d5-ad855d28876b (type: security_group_rules) to 0
2026-06-02 13:35:14.654 10 INFO neutron.db.ovn_revision_numbers_db [None req-3fd2cd04-adff-4034-8369-ac4829141b19 c60028476da94f89ae61c773d9e6b7f1 4d33c10ec34c4bdfb37eca3eee23603b - - default default] Successfully bumped revision number for resource df899c55-0178-4417-96df-4d7703fc908f (type: security_group_rules) to 0
2026-06-02 13:35:14.734 10 INFO neutron.db.segments_db [None req-3fd2cd04-adff-4034-8369-ac4829141b19 c60028476da94f89ae61c773d9e6b7f1 4d33c10ec34c4bdfb37eca3eee23603b - - default default] Added segment be6931f0-297d-4f88-b307-425415b4d0b6 of type geneve for network 20f3f399-79b9-4fe3-a0c4-129c4508ad8d
2026-06-02 13:35:14.739 10 INFO neutron.api.wsgi [req-a3e608bd-a937-46e5-bd6c-2f9916179407 req-ef6c0d5b-e1fa-4b8b-97d3-66ae2403435b fcd0e38557b14a83a71ef14c0abe5358 b75cceb2974d4d4cba09aea7dd8db5d2 - - default default] 10.0.0.186 "GET /v2.0/ports?device_id=ae4b0925-ab2c-43d8-b910-ba7497d13a27 HTTP/1.1" status: 200 len: 1168 time: 0.0386059
2026-06-02 13:35:14.786 9 INFO neutron.api.wsgi [None req-09219d2e-5a35-4ef9-af9d-4b8eea2e37c8 137ec43846084a089afdae182b4e0dbd 294e0993ebdb4c8ab84944346059036f - - default default] 10.0.0.79 "GET /v2.0/security-groups?tenant_id=b32cd5dd4ec24ac78d96c17725164080&name=default HTTP/1.1" status: 200 len: 3120 time: 0.0304825
2026-06-02 13:35:14.798 10 INFO neutron.api.wsgi [req-a3e608bd-a937-46e5-bd6c-2f9916179407 req-6f261b18-5a68-411f-b639-54b10c4d1398 fcd0e38557b14a83a71ef14c0abe5358 b75cceb2974d4d4cba09aea7dd8db5d2 - - default default] 10.0.0.186 "GET /v2.0/security-groups?id=80a67098-4608-4435-8ac3-1efd03632347&fields=id&fields=name HTTP/1.1" status: 200 len: 286 time: 0.0520821
2026-06-02 13:35:14.868 10 INFO neutron.db.ovn_revision_numbers_db [None req-3fd2cd04-adff-4034-8369-ac4829141b19 c60028476da94f89ae61c773d9e6b7f1 4d33c10ec34c4bdfb37eca3eee23603b - - default default] Successfully bumped revision number for resource 20f3f399-79b9-4fe3-a0c4-129c4508ad8d (type: networks) to 1
2026-06-02 13:35:15.035 9 INFO neutron.api.wsgi [req-cd1db57d-d089-463b-bb0f-8eea51027088 req-e55db3df-14de-4f3a-a412-dc161e4b6575 93397d3fd7ef4a7d8194e3fa97e0a63a 9a1f13cff8cb40f2b6a831b76fd9d817 - - default default] 10.0.0.186 "GET /v2.0/ports?device_id=cd268399-6195-4799-bc5e-9d0e62fd285a HTTP/1.1" status: 200 len: 1174 time: 0.1130202
2026-06-02 13:35:15.038 10 WARNING neutron.scheduler.dhcp_agent_scheduler [None req-3fd2cd04-adff-4034-8369-ac4829141b19 c60028476da94f89ae61c773d9e6b7f1 4d33c10ec34c4bdfb37eca3eee23603b - - default default] No more DHCP agents
2026-06-02 13:35:15.039 10 WARNING neutron.api.rpc.agentnotifiers.dhcp_rpc_agent_api [None req-3fd2cd04-adff-4034-8369-ac4829141b19 c60028476da94f89ae61c773d9e6b7f1 4d33c10ec34c4bdfb37eca3eee23603b - - default default] Unable to schedule network 20f3f399-79b9-4fe3-a0c4-129c4508ad8d: no agents available; will retry on subsequent port and subnet creation events.
2026-06-02 13:35:15.087 9 INFO neutron.api.wsgi [req-cd1db57d-d089-463b-bb0f-8eea51027088 req-d09807f0-05de-4717-8393-7dd84ba09dce 93397d3fd7ef4a7d8194e3fa97e0a63a 9a1f13cff8cb40f2b6a831b76fd9d817 - - default default] 10.0.0.186 "GET /v2.0/security-groups?id=5d0ed3db-f35f-49c3-9b32-da53a64fd64f&fields=id&fields=name HTTP/1.1" status: 200 len: 312 time: 0.0446856
2026-06-02 13:35:15.096 9 INFO neutron.api.wsgi [None req-15e324be-4b8a-4b62-aa94-d771bb8a8a22 137ec43846084a089afdae182b4e0dbd 294e0993ebdb4c8ab84944346059036f - - default default] 10.0.0.79 "DELETE /v2.0/security-groups/de150ffb-c162-470f-9fed-accc5de0ec91 HTTP/1.1" status: 204 len: 168 time: 0.3049443
2026-06-02 13:35:15.102 10 INFO neutron.db.ovn_revision_numbers_db [None req-3fd2cd04-adff-4034-8369-ac4829141b19 c60028476da94f89ae61c773d9e6b7f1 4d33c10ec34c4bdfb37eca3eee23603b - - default default] Successfully bumped revision number for resource 0c2aea37-f56c-47f4-8f0a-fd6edf57d0c2 (type: ports) to 1
2026-06-02 13:35:15.135 10 INFO neutron.api.wsgi [None req-3fd2cd04-adff-4034-8369-ac4829141b19 c60028476da94f89ae61c773d9e6b7f1 4d33c10ec34c4bdfb37eca3eee23603b - - default default] 10.0.0.79 "POST /v2.0/networks HTTP/1.1" status: 201 len: 833 time: 0.8775425
2026-06-02 13:35:15.151 10 WARNING neutron_lib.context [None req-31b6d47b-074e-4a23-b799-30e1197cd4bb c60028476da94f89ae61c773d9e6b7f1 4d33c10ec34c4bdfb37eca3eee23603b - - default default] Method 'is_advsvc' is deprecated since 2023.2 release (neutron-lib 3.8.0) and will be removed once support for the old RBAC API policies will be removed from Neutron. Please use method 'is_service_role' instead.
2026-06-02 13:35:15.239 10 INFO neutron.db.segments_db [None req-31b6d47b-074e-4a23-b799-30e1197cd4bb c60028476da94f89ae61c773d9e6b7f1 4d33c10ec34c4bdfb37eca3eee23603b - - default default] Added segment 55ca78e4-7829-46d8-911e-d1d97f9c4774 of type geneve for network 73d56551-21dd-4c59-b363-4d11f6b61551
2026-06-02 13:35:15.256 10 INFO neutron.api.wsgi [req-27f320a9-a2cc-4a8c-a624-8df4ed33984e req-3fbeb792-1d11-4bfb-91f3-d3da37adcb2a 93397d3fd7ef4a7d8194e3fa97e0a63a 9a1f13cff8cb40f2b6a831b76fd9d817 - - default default] 10.0.0.186 "GET /v2.0/ports?device_id=cd268399-6195-4799-bc5e-9d0e62fd285a HTTP/1.1" status: 200 len: 1174 time: 0.0838547
2026-06-02 13:35:15.271 9 INFO neutron.api.wsgi [None req-51ef8d1d-bfa8-4059-b472-c3509b28f93f 137ec43846084a089afdae182b4e0dbd 294e0993ebdb4c8ab84944346059036f - - default default] 10.0.0.79 "GET /v2.0/security-groups?tenant_id=b1aa5c17264f4bd989e6e9b7dc52b03b&name=default HTTP/1.1" status: 200 len: 3120 time: 0.0352657
2026-06-02 13:35:15.299 10 INFO neutron.api.wsgi [req-27f320a9-a2cc-4a8c-a624-8df4ed33984e req-5bf243a5-2d7c-47a0-8680-ca62b17a5db3 93397d3fd7ef4a7d8194e3fa97e0a63a 9a1f13cff8cb40f2b6a831b76fd9d817 - - default default] 10.0.0.186 "GET /v2.0/security-groups?id=5d0ed3db-f35f-49c3-9b32-da53a64fd64f&fields=id&fields=name HTTP/1.1" status: 200 len: 312 time: 0.0375972
2026-06-02 13:35:15.377 10 INFO neutron.api.wsgi [None req-b9e12055-e5b1-49b3-affd-0992b6fce5fe d87397417dfd4e2889d04aea5273e4c3 478de15d482540bb91fcf4a82f9384de - - default default] 10.0.0.79 "GET /v2.0/ports?device_id=cd268399-6195-4799-bc5e-9d0e62fd285a HTTP/1.1" status: 200 len: 1408 time: 0.0464189
2026-06-02 13:35:15.379 10 INFO neutron.db.ovn_revision_numbers_db [None req-31b6d47b-074e-4a23-b799-30e1197cd4bb c60028476da94f89ae61c773d9e6b7f1 4d33c10ec34c4bdfb37eca3eee23603b - - default default] Successfully bumped revision number for resource 73d56551-21dd-4c59-b363-4d11f6b61551 (type: networks) to 1
2026-06-02 13:35:15.394 9 WARNING neutron_lib.context [None req-ea005dce-c8d7-42ca-8921-1a6bb92ca777 93397d3fd7ef4a7d8194e3fa97e0a63a 9a1f13cff8cb40f2b6a831b76fd9d817 - - default default] Method 'is_advsvc' is deprecated since 2023.2 release (neutron-lib 3.8.0) and will be removed once support for the old RBAC API policies will be removed from Neutron. Please use method 'is_service_role' instead.
2026-06-02 13:35:15.396 10 INFO neutron.plugins.ml2.drivers.ovn.mech_driver.mech_driver [None req-9dbbdb7a-1d80-425c-aa7b-647eb47c8f54 - - - - - -] OVN reports status up for port: d87b8a87-24d4-4653-aef4-f2166f9c1a82
2026-06-02 13:35:15.416 10 INFO neutron.plugins.ml2.plugin [None req-9dbbdb7a-1d80-425c-aa7b-647eb47c8f54 - - - - - -] Attempt 1 to provision port d87b8a87-24d4-4653-aef4-f2166f9c1a82
2026-06-02 13:35:15.601 9 INFO neutron.api.wsgi [None req-db399130-7c34-409f-a4f6-7dd015fca4f5 137ec43846084a089afdae182b4e0dbd 294e0993ebdb4c8ab84944346059036f - - default default] 10.0.0.79 "DELETE /v2.0/security-groups/c3cadb4c-a34e-4eec-ad81-529556146d90 HTTP/1.1" status: 204 len: 168 time: 0.3249781
2026-06-02 13:35:15.619 10 WARNING neutron.scheduler.dhcp_agent_scheduler [None req-31b6d47b-074e-4a23-b799-30e1197cd4bb c60028476da94f89ae61c773d9e6b7f1 4d33c10ec34c4bdfb37eca3eee23603b - - default default] No more DHCP agents
2026-06-02 13:35:15.627 10 WARNING neutron.api.rpc.agentnotifiers.dhcp_rpc_agent_api [None req-31b6d47b-074e-4a23-b799-30e1197cd4bb c60028476da94f89ae61c773d9e6b7f1 4d33c10ec34c4bdfb37eca3eee23603b - - default default] Unable to schedule network 73d56551-21dd-4c59-b363-4d11f6b61551: no agents available; will retry on subsequent port and subnet creation events.
2026-06-02 13:35:15.631 10 INFO neutron.notifiers.nova [-] Nova event matching ['req-5f749bf3-9b4c-468e-b17b-38aa534b1604'] response: {'server_uuid': 'ae4b0925-ab2c-43d8-b910-ba7497d13a27', 'name': 'network-vif-plugged', 'status': 'completed', 'tag': 'd87b8a87-24d4-4653-aef4-f2166f9c1a82', 'code': 200}
2026-06-02 13:35:15.696 9 WARNING neutron.scheduler.dhcp_agent_scheduler [None req-ea005dce-c8d7-42ca-8921-1a6bb92ca777 93397d3fd7ef4a7d8194e3fa97e0a63a 9a1f13cff8cb40f2b6a831b76fd9d817 - - default default] No more DHCP agents
2026-06-02 13:35:15.697 9 WARNING neutron.api.rpc.agentnotifiers.dhcp_rpc_agent_api [None req-ea005dce-c8d7-42ca-8921-1a6bb92ca777 93397d3fd7ef4a7d8194e3fa97e0a63a 9a1f13cff8cb40f2b6a831b76fd9d817 - - default default] Unable to schedule network 3625b642-a7a8-45eb-a055-e8c49cf30b3a: no agents available; will retry on subsequent port and subnet creation events.
2026-06-02 13:35:15.706 10 INFO neutron.db.ovn_revision_numbers_db [None req-31b6d47b-074e-4a23-b799-30e1197cd4bb c60028476da94f89ae61c773d9e6b7f1 4d33c10ec34c4bdfb37eca3eee23603b - - default default] Successfully bumped revision number for resource e71322c4-f8f8-478a-8592-d3f731d9df95 (type: ports) to 1
2026-06-02 13:35:15.736 10 INFO neutron.api.wsgi [None req-31b6d47b-074e-4a23-b799-30e1197cd4bb c60028476da94f89ae61c773d9e6b7f1 4d33c10ec34c4bdfb37eca3eee23603b - - default default] 10.0.0.79 "POST /v2.0/networks HTTP/1.1" status: 201 len: 833 time: 0.5914001
2026-06-02 13:35:15.740 10 INFO neutron.db.ovn_revision_numbers_db [None req-9dbbdb7a-1d80-425c-aa7b-647eb47c8f54 - - - - - -] Successfully bumped revision number for resource d87b8a87-24d4-4653-aef4-f2166f9c1a82 (type: ports) to 5
2026-06-02 13:35:15.746 9 WARNING neutron_lib.context [None req-420cdd63-651d-4804-b549-038e751032c8 c60028476da94f89ae61c773d9e6b7f1 4d33c10ec34c4bdfb37eca3eee23603b - - default default] Method 'is_advsvc' is deprecated since 2023.2 release (neutron-lib 3.8.0) and will be removed once support for the old RBAC API policies will be removed from Neutron. Please use method 'is_service_role' instead. /var/lib/openstack/lib/python3.12/site-packages/pycadf/identifier.py:71: UserWarning: Invalid uuid: neutron. To ensure interoperability, identifiers should be a valid uuid. warnings.warn(('Invalid uuid: %s. To ensure interoperability, '
2026-06-02 13:35:15.925 10 INFO neutron.api.wsgi [req-7952dbb3-096b-49ae-8169-14b914397b86 req-a490c5c3-b6fe-4cd1-bcfc-555cb518b1d7 fcd0e38557b14a83a71ef14c0abe5358 b75cceb2974d4d4cba09aea7dd8db5d2 - - default default] 10.0.0.186 "GET /v2.0/ports?device_id=ae4b0925-ab2c-43d8-b910-ba7497d13a27 HTTP/1.1" status: 200 len: 1170 time: 0.0527055
2026-06-02 13:35:15.961 10 INFO neutron.api.wsgi [req-7952dbb3-096b-49ae-8169-14b914397b86 req-20cb2512-b3dd-44ef-bff6-0ed8fdb5d7e7 fcd0e38557b14a83a71ef14c0abe5358 b75cceb2974d4d4cba09aea7dd8db5d2 - - default default] 10.0.0.186 "GET /v2.0/security-groups?id=80a67098-4608-4435-8ac3-1efd03632347&fields=id&fields=name HTTP/1.1" status: 200 len: 286 time: 0.0305996
2026-06-02 13:35:16.004 9 WARNING neutron.scheduler.dhcp_agent_scheduler [None req-420cdd63-651d-4804-b549-038e751032c8 c60028476da94f89ae61c773d9e6b7f1 4d33c10ec34c4bdfb37eca3eee23603b - - default default] No more DHCP agents
2026-06-02 13:35:16.006 9 WARNING neutron.api.rpc.agentnotifiers.dhcp_rpc_agent_api [None req-420cdd63-651d-4804-b549-038e751032c8 c60028476da94f89ae61c773d9e6b7f1 4d33c10ec34c4bdfb37eca3eee23603b - - default default] Unable to schedule network 20f3f399-79b9-4fe3-a0c4-129c4508ad8d: no agents available; will retry on subsequent port and subnet creation events.
2026-06-02 13:35:16.042 9 INFO neutron.db.ovn_revision_numbers_db [None req-420cdd63-651d-4804-b549-038e751032c8 c60028476da94f89ae61c773d9e6b7f1 4d33c10ec34c4bdfb37eca3eee23603b - - default default] Successfully bumped revision number for resource cefeb0d9-2c2b-4c2b-b906-69a5c31d308e (type: subnets) to 0
2026-06-02 13:35:16.062 9 INFO neutron.api.wsgi [None req-420cdd63-651d-4804-b549-038e751032c8 c60028476da94f89ae61c773d9e6b7f1 4d33c10ec34c4bdfb37eca3eee23603b - - default default] 10.0.0.79 "POST /v2.0/subnets HTTP/1.1" status: 201 len: 845 time: 0.3192415
2026-06-02 13:35:16.074 9 WARNING neutron_lib.context [None req-62d86d61-8e0e-484e-814e-5318cdd22b74 c60028476da94f89ae61c773d9e6b7f1 4d33c10ec34c4bdfb37eca3eee23603b - - default default] Method 'is_advsvc' is deprecated since 2023.2 release (neutron-lib 3.8.0) and will be removed once support for the old RBAC API policies will be removed from Neutron. Please use method 'is_service_role' instead.
2026-06-02 13:35:16.312 9 WARNING neutron.scheduler.dhcp_agent_scheduler [None req-62d86d61-8e0e-484e-814e-5318cdd22b74 c60028476da94f89ae61c773d9e6b7f1 4d33c10ec34c4bdfb37eca3eee23603b - - default default] No more DHCP agents
2026-06-02 13:35:16.313 9 WARNING neutron.api.rpc.agentnotifiers.dhcp_rpc_agent_api [None req-62d86d61-8e0e-484e-814e-5318cdd22b74 c60028476da94f89ae61c773d9e6b7f1 4d33c10ec34c4bdfb37eca3eee23603b - - default default] Unable to schedule network 73d56551-21dd-4c59-b363-4d11f6b61551: no agents available; will retry on subsequent port and subnet creation events.
2026-06-02 13:35:16.351 9 INFO neutron.db.ovn_revision_numbers_db [None req-62d86d61-8e0e-484e-814e-5318cdd22b74 c60028476da94f89ae61c773d9e6b7f1 4d33c10ec34c4bdfb37eca3eee23603b - - default default] Successfully bumped revision number for resource d89c2ce6-1b7e-4784-be10-56fdd3ac2af6 (type: subnets) to 0
2026-06-02 13:35:16.370 9 INFO neutron.api.wsgi [None req-62d86d61-8e0e-484e-814e-5318cdd22b74 c60028476da94f89ae61c773d9e6b7f1 4d33c10ec34c4bdfb37eca3eee23603b - - default default] 10.0.0.79 "POST /v2.0/subnets HTTP/1.1" status: 201 len: 854 time: 0.3019590
2026-06-02 13:35:16.384 10 WARNING neutron_lib.context [None req-8e007031-7e6b-47e5-9b5a-8f2f60d17ad3 c60028476da94f89ae61c773d9e6b7f1 4d33c10ec34c4bdfb37eca3eee23603b - - default default] Method 'is_advsvc' is deprecated since 2023.2 release (neutron-lib 3.8.0) and will be removed once support for the old RBAC API policies will be removed from Neutron. Please use method 'is_service_role' instead.
2026-06-02 13:35:16.469 9 INFO neutron.db.ovn_revision_numbers_db [None req-ea005dce-c8d7-42ca-8921-1a6bb92ca777 93397d3fd7ef4a7d8194e3fa97e0a63a 9a1f13cff8cb40f2b6a831b76fd9d817 - - default default] Successfully bumped revision number for resource de2b7788-27e4-458b-8b41-a2f476ed090f (type: floatingips) to -1
2026-06-02 13:35:16.493 10 INFO neutron.db.ovn_revision_numbers_db [None req-8e007031-7e6b-47e5-9b5a-8f2f60d17ad3 c60028476da94f89ae61c773d9e6b7f1 4d33c10ec34c4bdfb37eca3eee23603b - - default default] Successfully bumped revision number for resource 702a9064-7ea9-4153-bdbd-24c62c726c18 (type: routers) to 1
2026-06-02 13:35:16.508 10 INFO neutron.api.wsgi [None req-8e007031-7e6b-47e5-9b5a-8f2f60d17ad3 c60028476da94f89ae61c773d9e6b7f1 4d33c10ec34c4bdfb37eca3eee23603b - - default default] 10.0.0.79 "POST /v2.0/routers HTTP/1.1" status: 201 len: 805 time: 0.1301596
2026-06-02 13:35:16.579 9 INFO neutron.db.ovn_revision_numbers_db [None req-ea005dce-c8d7-42ca-8921-1a6bb92ca777 93397d3fd7ef4a7d8194e3fa97e0a63a 9a1f13cff8cb40f2b6a831b76fd9d817 - - default default] Successfully bumped revision number for resource de2b7788-27e4-458b-8b41-a2f476ed090f (type: floatingips) to 1
2026-06-02 13:35:16.579 9 INFO neutron.db.l3_db [None req-ea005dce-c8d7-42ca-8921-1a6bb92ca777 93397d3fd7ef4a7d8194e3fa97e0a63a 9a1f13cff8cb40f2b6a831b76fd9d817 - - default default] Floating IP de2b7788-27e4-458b-8b41-a2f476ed090f associated. External IP: 10.96.250.219, port: c5c821c3-39ef-4405-b620-d03020488a55.
2026-06-02 13:35:16.628 9 INFO neutron.api.wsgi [None req-ea005dce-c8d7-42ca-8921-1a6bb92ca777 93397d3fd7ef4a7d8194e3fa97e0a63a 9a1f13cff8cb40f2b6a831b76fd9d817 - - default default] 10.0.0.79 "POST /v2.0/floatingips HTTP/1.1" status: 201 len: 1055 time: 1.2387567 /var/lib/openstack/lib/python3.12/site-packages/pycadf/identifier.py:71: UserWarning: Invalid uuid: neutron. To ensure interoperability, identifiers should be a valid uuid. warnings.warn(('Invalid uuid: %s. To ensure interoperability, '
2026-06-02 13:35:16.683 9 INFO neutron.api.wsgi [None req-fad01ad9-6d07-4c32-83f1-62c46b27b01b 93397d3fd7ef4a7d8194e3fa97e0a63a 9a1f13cff8cb40f2b6a831b76fd9d817 - - default default] 10.0.0.79 "GET /v2.0/floatingips/de2b7788-27e4-458b-8b41-a2f476ed090f HTTP/1.1" status: 200 len: 1052 time: 0.0496306
2026-06-02 13:35:16.690 9 INFO neutron.notifiers.nova [-] Nova event matching ['req-03a13836-bd0b-4e2d-829d-94e9061534f3'] response: {'name': 'network-changed', 'server_uuid': 'cd268399-6195-4799-bc5e-9d0e62fd285a', 'tag': 'c5c821c3-39ef-4405-b620-d03020488a55', 'status': 'completed', 'code': 200}
2026-06-02 13:35:16.870 10 WARNING neutron.scheduler.dhcp_agent_scheduler [None req-5171bb0a-78da-408e-92c4-2e8ce07f16c4 c60028476da94f89ae61c773d9e6b7f1 4d33c10ec34c4bdfb37eca3eee23603b - - default default] No more DHCP agents
2026-06-02 13:35:16.871 10 WARNING neutron.api.rpc.agentnotifiers.dhcp_rpc_agent_api [None req-5171bb0a-78da-408e-92c4-2e8ce07f16c4 c60028476da94f89ae61c773d9e6b7f1 4d33c10ec34c4bdfb37eca3eee23603b - - default default] Unable to schedule network 20f3f399-79b9-4fe3-a0c4-129c4508ad8d: no agents available; will retry on subsequent port and subnet creation events.
2026-06-02 13:35:16.953 10 INFO neutron.db.ovn_revision_numbers_db [None req-5171bb0a-78da-408e-92c4-2e8ce07f16c4 c60028476da94f89ae61c773d9e6b7f1 4d33c10ec34c4bdfb37eca3eee23603b - - default default] Successfully bumped revision number for resource 78774753-b3bf-4bc8-8de2-53402058d567 (type: ports) to 1
2026-06-02 13:35:17.141 10 INFO neutron.api.wsgi [req-54cece22-17f7-46b4-80f3-a403f766f0c4 req-3e727165-fa46-4306-8346-e6b84a0283dd fcd0e38557b14a83a71ef14c0abe5358 b75cceb2974d4d4cba09aea7dd8db5d2 - - default default] 10.0.0.186 "GET /v2.0/ports?device_id=ae4b0925-ab2c-43d8-b910-ba7497d13a27 HTTP/1.1" status: 200 len: 1170 time: 0.1057189
2026-06-02 13:35:17.180 10 INFO neutron.api.wsgi [req-54cece22-17f7-46b4-80f3-a403f766f0c4 req-420b0102-36e2-4d5f-89f1-70c41c220666 fcd0e38557b14a83a71ef14c0abe5358 b75cceb2974d4d4cba09aea7dd8db5d2 - - default default] 10.0.0.186 "GET /v2.0/security-groups?id=80a67098-4608-4435-8ac3-1efd03632347&fields=id&fields=name HTTP/1.1" status: 200 len: 286 time: 0.0336037
2026-06-02 13:35:17.254 10 INFO neutron.api.wsgi [req-b664badc-5060-4ca3-8437-731c43848bbf req-2316c203-acd8-4786-a7f5-b732e1951789 7f80bfc0976c4ae49d98a14832977e59 bd1a759263f845cba38942cd10c00668 - - 02758a855b0a4c84848683b5d5df47d9 02758a855b0a4c84848683b5d5df47d9] 199.204.45.4 "GET /v2.0/ports?tenant_id=9a1f13cff8cb40f2b6a831b76fd9d817&device_id=cd268399-6195-4799-bc5e-9d0e62fd285a HTTP/1.1" status: 200 len: 1413 time: 0.0447578
2026-06-02 13:35:17.320 10 INFO neutron.api.wsgi [req-b664badc-5060-4ca3-8437-731c43848bbf req-b85f4240-b11d-42d2-b008-431136899d9c 7f80bfc0976c4ae49d98a14832977e59 bd1a759263f845cba38942cd10c00668 - - 02758a855b0a4c84848683b5d5df47d9 02758a855b0a4c84848683b5d5df47d9] 199.204.45.4 "GET /v2.0/networks?id=a9017e98-a456-4b22-a2c9-f7d646121369 HTTP/1.1" status: 200 len: 959 time: 0.0604773
2026-06-02 13:35:17.371 10 INFO neutron.api.wsgi [req-b664badc-5060-4ca3-8437-731c43848bbf req-d84bd65b-ec87-4ce2-bde5-8482bd6f7dde 7f80bfc0976c4ae49d98a14832977e59 bd1a759263f845cba38942cd10c00668 - - 02758a855b0a4c84848683b5d5df47d9 02758a855b0a4c84848683b5d5df47d9] 199.204.45.4 "GET /v2.0/floatingips?fixed_ip_address=10.100.0.10&port_id=c5c821c3-39ef-4405-b620-d03020488a55 HTTP/1.1" status: 200 len: 1060 time: 0.0454280
2026-06-02 13:35:17.411 10 INFO neutron.api.wsgi [req-b664badc-5060-4ca3-8437-731c43848bbf req-22a87c9f-ea3b-49c5-8cbe-507bcbf8e19d 7f80bfc0976c4ae49d98a14832977e59 bd1a759263f845cba38942cd10c00668 - - 02758a855b0a4c84848683b5d5df47d9 02758a855b0a4c84848683b5d5df47d9] 199.204.45.4 "GET /v2.0/subnets?id=85fd6fc9-99be-464d-90f2-f5323635418e HTTP/1.1" status: 200 len: 877 time: 0.0362170
2026-06-02 13:35:17.434 9 INFO neutron.plugins.ml2.drivers.ovn.mech_driver.mech_driver [None req-5723d996-a7d5-4de1-b93b-d191c0e14e2e - - - - - -] OVN reports status up for port: 78774753-b3bf-4bc8-8de2-53402058d567
2026-06-02 13:35:17.438 10 INFO neutron.api.wsgi [req-b664badc-5060-4ca3-8437-731c43848bbf req-4907a9d1-8a40-434d-933b-ffdf798e0ebc 7f80bfc0976c4ae49d98a14832977e59 bd1a759263f845cba38942cd10c00668 - - 02758a855b0a4c84848683b5d5df47d9 02758a855b0a4c84848683b5d5df47d9] 199.204.45.4 "GET /v2.0/ports?network_id=a9017e98-a456-4b22-a2c9-f7d646121369&device_owner=network%3Adhcp HTTP/1.1" status: 200 len: 210 time: 0.0222635
2026-06-02 13:35:17.443 9 INFO neutron.plugins.ml2.plugin [None req-5723d996-a7d5-4de1-b93b-d191c0e14e2e - - - - - -] Attempt 1 to provision port 78774753-b3bf-4bc8-8de2-53402058d567
2026-06-02 13:35:17.480 10 INFO neutron.db.ovn_revision_numbers_db [None req-5171bb0a-78da-408e-92c4-2e8ce07f16c4 c60028476da94f89ae61c773d9e6b7f1 4d33c10ec34c4bdfb37eca3eee23603b - - default default] Successfully bumped revision number for resource 78774753-b3bf-4bc8-8de2-53402058d567 (type: ports) to 1
2026-06-02 13:35:17.511 10 INFO neutron.api.wsgi [req-b664badc-5060-4ca3-8437-731c43848bbf req-3f0eb681-e880-4ad1-9410-6dced147e86e 7f80bfc0976c4ae49d98a14832977e59 bd1a759263f845cba38942cd10c00668 - - 02758a855b0a4c84848683b5d5df47d9 02758a855b0a4c84848683b5d5df47d9] 199.204.45.4 "GET /v2.0/networks/a9017e98-a456-4b22-a2c9-f7d646121369?fields=segments HTTP/1.1" status: 200 len: 212 time: 0.0626104
2026-06-02 13:35:17.563 10 INFO neutron.api.wsgi [req-b664badc-5060-4ca3-8437-731c43848bbf req-21bb607a-4551-47cd-89a3-e7000cf39ede 7f80bfc0976c4ae49d98a14832977e59 bd1a759263f845cba38942cd10c00668 - - 02758a855b0a4c84848683b5d5df47d9 02758a855b0a4c84848683b5d5df47d9] 199.204.45.4 "GET /v2.0/networks/a9017e98-a456-4b22-a2c9-f7d646121369?fields=provider%3Aphysical_network&fields=provider%3Anetwork_type HTTP/1.1" status: 200 len: 277 time: 0.0486064
2026-06-02 13:35:17.568 10 WARNING neutron.scheduler.dhcp_agent_scheduler [None req-5171bb0a-78da-408e-92c4-2e8ce07f16c4 c60028476da94f89ae61c773d9e6b7f1 4d33c10ec34c4bdfb37eca3eee23603b - - default default] No more DHCP agents
2026-06-02 13:35:17.569 10 WARNING neutron.api.rpc.agentnotifiers.dhcp_rpc_agent_api [None req-5171bb0a-78da-408e-92c4-2e8ce07f16c4 c60028476da94f89ae61c773d9e6b7f1 4d33c10ec34c4bdfb37eca3eee23603b - - default default] Unable to schedule network 20f3f399-79b9-4fe3-a0c4-129c4508ad8d: no agents available; will retry on subsequent port and subnet creation events.
2026-06-02 13:35:17.675 10 INFO neutron.notifiers.nova [-] Nova event matching ['req-72a4547e-a7e2-41b7-985c-13caa8dcd988'] response: {'server_uuid': 'ae4b0925-ab2c-43d8-b910-ba7497d13a27', 'name': 'network-vif-plugged', 'status': 'completed', 'tag': 'd87b8a87-24d4-4653-aef4-f2166f9c1a82', 'code': 200}
2026-06-02 13:35:17.773 10 INFO neutron.db.ovn_revision_numbers_db [None req-5171bb0a-78da-408e-92c4-2e8ce07f16c4 c60028476da94f89ae61c773d9e6b7f1 4d33c10ec34c4bdfb37eca3eee23603b - - default default] Successfully bumped revision number for resource 78774753-b3bf-4bc8-8de2-53402058d567 (type: router_ports) to 1
2026-06-02 13:35:17.780 10 INFO neutron.api.wsgi [None req-5171bb0a-78da-408e-92c4-2e8ce07f16c4 c60028476da94f89ae61c773d9e6b7f1 4d33c10ec34c4bdfb37eca3eee23603b - - default default] 10.0.0.79 "PUT /v2.0/routers/702a9064-7ea9-4153-bdbd-24c62c726c18/add_router_interface HTTP/1.1" status: 200 len: 503 time: 1.2658117
2026-06-02 13:35:17.834 9 INFO neutron.api.wsgi [None req-290825d4-80f5-4ac3-9009-7c92a076b1c9 c60028476da94f89ae61c773d9e6b7f1 4d33c10ec34c4bdfb37eca3eee23603b - - default default] 10.0.0.79 "GET /v2.0/ports/78774753-b3bf-4bc8-8de2-53402058d567 HTTP/1.1" status: 200 len: 1141 time: 0.0386364
2026-06-02 13:35:17.891 9 INFO neutron.db.ovn_revision_numbers_db [None req-5723d996-a7d5-4de1-b93b-d191c0e14e2e - - - - - -] Successfully bumped revision number for resource 78774753-b3bf-4bc8-8de2-53402058d567 (type: ports) to 2
2026-06-02 13:35:18.308 9 WARNING neutron.scheduler.dhcp_agent_scheduler [None req-1ad33e95-296e-403e-b8ce-237ae04c1d77 c60028476da94f89ae61c773d9e6b7f1 4d33c10ec34c4bdfb37eca3eee23603b - - default default] No more DHCP agents
2026-06-02 13:35:18.309 9 WARNING neutron.api.rpc.agentnotifiers.dhcp_rpc_agent_api [None req-1ad33e95-296e-403e-b8ce-237ae04c1d77 c60028476da94f89ae61c773d9e6b7f1 4d33c10ec34c4bdfb37eca3eee23603b - - default default] Unable to schedule network 73d56551-21dd-4c59-b363-4d11f6b61551: no agents available; will retry on subsequent port and subnet creation events.
2026-06-02 13:35:18.403 9 INFO neutron.db.ovn_revision_numbers_db [None req-1ad33e95-296e-403e-b8ce-237ae04c1d77 c60028476da94f89ae61c773d9e6b7f1 4d33c10ec34c4bdfb37eca3eee23603b - - default default] Successfully bumped revision number for resource 316baa54-75b9-4a05-8e90-76cc089c866e (type: ports) to 1
2026-06-02 13:35:18.545 10 INFO neutron.api.wsgi [req-3e8c8c70-dc63-4fd9-938d-1937f9dae0ce req-1a5ef6b9-daac-4ad3-8b4c-afccadeda7c9 fcd0e38557b14a83a71ef14c0abe5358 b75cceb2974d4d4cba09aea7dd8db5d2 - - default default] 10.0.0.186 "GET /v2.0/ports?device_id=ae4b0925-ab2c-43d8-b910-ba7497d13a27 HTTP/1.1" status: 200 len: 1170 time: 0.0414243
2026-06-02 13:35:18.590 10 INFO neutron.api.wsgi [req-3e8c8c70-dc63-4fd9-938d-1937f9dae0ce req-f408c0b7-1ccb-4257-8fb4-62953cc27799 fcd0e38557b14a83a71ef14c0abe5358 b75cceb2974d4d4cba09aea7dd8db5d2 - - default default] 10.0.0.186 "GET /v2.0/security-groups?id=80a67098-4608-4435-8ac3-1efd03632347&fields=id&fields=name HTTP/1.1" status: 200 len: 286 time: 0.0409606
2026-06-02 13:35:18.983 9 INFO neutron.db.ovn_revision_numbers_db [None req-1ad33e95-296e-403e-b8ce-237ae04c1d77 c60028476da94f89ae61c773d9e6b7f1 4d33c10ec34c4bdfb37eca3eee23603b - - default default] Successfully bumped revision number for resource 316baa54-75b9-4a05-8e90-76cc089c866e (type: ports) to 1
2026-06-02 13:35:19.034 10 INFO neutron.plugins.ml2.drivers.ovn.mech_driver.mech_driver [None req-36f4c4f0-bb0f-423a-81e2-86a650a02499 - - - - - -] OVN reports status down for port: d87b8a87-24d4-4653-aef4-f2166f9c1a82
2026-06-02 13:35:19.037 9 WARNING neutron.scheduler.dhcp_agent_scheduler [None req-1ad33e95-296e-403e-b8ce-237ae04c1d77 c60028476da94f89ae61c773d9e6b7f1 4d33c10ec34c4bdfb37eca3eee23603b - - default default] No more DHCP agents
2026-06-02 13:35:19.038 9 WARNING neutron.api.rpc.agentnotifiers.dhcp_rpc_agent_api [None req-1ad33e95-296e-403e-b8ce-237ae04c1d77 c60028476da94f89ae61c773d9e6b7f1 4d33c10ec34c4bdfb37eca3eee23603b - - default default] Unable to schedule network 73d56551-21dd-4c59-b363-4d11f6b61551: no agents available; will retry on subsequent port and subnet creation events.
2026-06-02 13:35:19.268 9 INFO neutron.db.ovn_revision_numbers_db [None req-1ad33e95-296e-403e-b8ce-237ae04c1d77 c60028476da94f89ae61c773d9e6b7f1 4d33c10ec34c4bdfb37eca3eee23603b - - default default] Successfully bumped revision number for resource 316baa54-75b9-4a05-8e90-76cc089c866e (type: router_ports) to 1
2026-06-02 13:35:19.274 9 INFO neutron.api.wsgi [None req-1ad33e95-296e-403e-b8ce-237ae04c1d77 c60028476da94f89ae61c773d9e6b7f1 4d33c10ec34c4bdfb37eca3eee23603b - - default default] 10.0.0.79 "PUT /v2.0/routers/702a9064-7ea9-4153-bdbd-24c62c726c18/add_router_interface HTTP/1.1" status: 200 len: 503 time: 1.4365814
2026-06-02 13:35:19.312 10 INFO neutron.db.ovn_revision_numbers_db [None req-36f4c4f0-bb0f-423a-81e2-86a650a02499 - - - - - -] Successfully bumped revision number for resource d87b8a87-24d4-4653-aef4-f2166f9c1a82 (type: ports) to 6
2026-06-02 13:35:19.361 10 INFO neutron.api.wsgi [None req-ce42f5d9-d83b-492d-9d70-e64eb869e866 c60028476da94f89ae61c773d9e6b7f1 4d33c10ec34c4bdfb37eca3eee23603b - - default default] 10.0.0.79 "GET /v2.0/ports/316baa54-75b9-4a05-8e90-76cc089c866e HTTP/1.1" status: 200 len: 1147 time: 0.0805228
2026-06-02 13:35:19.407 9 INFO neutron.api.wsgi [None req-ae81b485-3601-40a0-8df4-b1d5a4db3eba c60028476da94f89ae61c773d9e6b7f1 4d33c10ec34c4bdfb37eca3eee23603b - - default default] 10.0.0.79 "GET /v2.0/ports/316baa54-75b9-4a05-8e90-76cc089c866e HTTP/1.1" status: 200 len: 1147 time: 0.0385370
2026-06-02 13:35:19.712 10 INFO neutron.notifiers.nova [-] Nova event matching ['req-823481eb-e481-4e47-a805-a631b25c1351'] response: {'server_uuid': 'ae4b0925-ab2c-43d8-b910-ba7497d13a27', 'name': 'network-vif-unplugged', 'status': 'completed', 'tag': 'd87b8a87-24d4-4653-aef4-f2166f9c1a82', 'code': 200}
2026-06-02 13:35:19.713 10 INFO neutron.notifiers.nova [-] Nova event matching ['req-823481eb-e481-4e47-a805-a631b25c1351'] response: {'server_uuid': 'ae4b0925-ab2c-43d8-b910-ba7497d13a27', 'name': 'network-vif-unplugged', 'status': 'completed', 'tag': 'd87b8a87-24d4-4653-aef4-f2166f9c1a82', 'code': 200}
2026-06-02 13:35:19.730 9 INFO neutron.api.wsgi [req-1d6d1916-de99-40a1-a2fa-8fe8529cae5b req-043777b8-925a-4e70-ae48-95696820db35 fcd0e38557b14a83a71ef14c0abe5358 b75cceb2974d4d4cba09aea7dd8db5d2 - - default default] 10.0.0.186 "GET /v2.0/ports?device_id=ae4b0925-ab2c-43d8-b910-ba7497d13a27 HTTP/1.1" status: 200 len: 1168 time: 0.0787432
2026-06-02 13:35:19.769 9 INFO neutron.api.wsgi [req-1d6d1916-de99-40a1-a2fa-8fe8529cae5b req-073cf821-2de9-43f0-8b42-c07887ff1e80 fcd0e38557b14a83a71ef14c0abe5358 b75cceb2974d4d4cba09aea7dd8db5d2 - - default default] 10.0.0.186 "GET /v2.0/security-groups?id=80a67098-4608-4435-8ac3-1efd03632347&fields=id&fields=name HTTP/1.1" status: 200 len: 286 time: 0.0331986
2026-06-02 13:35:20.179 9 INFO neutron.db.ovn_revision_numbers_db [None req-cab930ef-630f-43bb-afad-6d9da871513a ce58bae4673440aa8d90873916fb8ca5 7fd0ec87ff8b43ba9858f54b1c3f0002 - - default default] Successfully bumped revision number for resource db586f37-3e61-48fa-9484-a658570760f2 (type: security_groups) to 1
2026-06-02 13:35:20.192 9 INFO neutron.db.ovn_revision_numbers_db [None req-cab930ef-630f-43bb-afad-6d9da871513a ce58bae4673440aa8d90873916fb8ca5 7fd0ec87ff8b43ba9858f54b1c3f0002 - - default default] Successfully bumped revision number for resource 20367d58-9f8b-47bf-abe8-6ccbf72cff8e (type: security_group_rules) to 0
2026-06-02 13:35:20.209 9 INFO neutron.db.ovn_revision_numbers_db [None req-cab930ef-630f-43bb-afad-6d9da871513a ce58bae4673440aa8d90873916fb8ca5 7fd0ec87ff8b43ba9858f54b1c3f0002 - - default default] Successfully bumped revision number for resource 29868bcc-e788-42c3-a73a-a36efd4e180a (type: security_group_rules) to 0
2026-06-02 13:35:20.223 9 INFO neutron.db.ovn_revision_numbers_db [None req-cab930ef-630f-43bb-afad-6d9da871513a ce58bae4673440aa8d90873916fb8ca5 7fd0ec87ff8b43ba9858f54b1c3f0002 - - default default] Successfully bumped revision number for resource 865409ab-e10e-4570-90fe-898076578fb3 (type: security_group_rules) to 0
2026-06-02 13:35:20.237 9 INFO neutron.db.ovn_revision_numbers_db [None req-cab930ef-630f-43bb-afad-6d9da871513a ce58bae4673440aa8d90873916fb8ca5 7fd0ec87ff8b43ba9858f54b1c3f0002 - - default default] Successfully bumped revision number for resource e8d24f3d-a281-4022-b543-66d529b81ac0 (type: security_group_rules) to 0 /var/lib/openstack/lib/python3.12/site-packages/pycadf/identifier.py:71: UserWarning: Invalid uuid: neutron. To ensure interoperability, identifiers should be a valid uuid. warnings.warn(('Invalid uuid: %s. To ensure interoperability, '
2026-06-02 13:35:20.309 9 INFO neutron.db.segments_db [None req-cab930ef-630f-43bb-afad-6d9da871513a ce58bae4673440aa8d90873916fb8ca5 7fd0ec87ff8b43ba9858f54b1c3f0002 - - default default] Added segment 4cf25907-9a4e-47fb-9ee6-498c32291db9 of type geneve for network d920b2d6-2dc0-4ef9-bf28-233c0ffb3a93
2026-06-02 13:35:20.311 10 INFO neutron.api.wsgi [req-ccb83c6f-231c-460e-95b5-93e5d42f3c64 req-914e4e94-c4b3-4ce3-a0a9-380041e7bdcf fcd0e38557b14a83a71ef14c0abe5358 b75cceb2974d4d4cba09aea7dd8db5d2 - - default default] 199.204.45.4 "GET /v2.0/ports?device_id=ae4b0925-ab2c-43d8-b910-ba7497d13a27 HTTP/1.1" status: 200 len: 1168 time: 0.0404007
2026-06-02 13:35:20.424 9 INFO neutron.db.ovn_revision_numbers_db [None req-cab930ef-630f-43bb-afad-6d9da871513a ce58bae4673440aa8d90873916fb8ca5 7fd0ec87ff8b43ba9858f54b1c3f0002 - - default default] Successfully bumped revision number for resource d920b2d6-2dc0-4ef9-bf28-233c0ffb3a93 (type: networks) to 1
2026-06-02 13:35:20.453 10 INFO neutron.api.wsgi [None req-2e6c9d9e-83c0-449a-8b8a-8597d942b497 c60028476da94f89ae61c773d9e6b7f1 4d33c10ec34c4bdfb37eca3eee23603b - - default default] 10.0.0.79 "GET /v2.0/ports/316baa54-75b9-4a05-8e90-76cc089c866e HTTP/1.1" status: 200 len: 1147 time: 0.0402403
2026-06-02 13:35:20.582 10 INFO neutron.api.wsgi [req-ccb83c6f-231c-460e-95b5-93e5d42f3c64 req-4ec1e03b-c629-4176-8fda-b9dde16d832e fcd0e38557b14a83a71ef14c0abe5358 b75cceb2974d4d4cba09aea7dd8db5d2 - - default default] 199.204.45.4 "DELETE /v2.0/ports/d87b8a87-24d4-4653-aef4-f2166f9c1a82 HTTP/1.1" status: 204 len: 173 time: 0.2682807
2026-06-02 13:35:20.589 9 WARNING neutron.scheduler.dhcp_agent_scheduler [None req-cab930ef-630f-43bb-afad-6d9da871513a ce58bae4673440aa8d90873916fb8ca5 7fd0ec87ff8b43ba9858f54b1c3f0002 - - default default] No more DHCP agents
2026-06-02 13:35:20.592 9 WARNING neutron.api.rpc.agentnotifiers.dhcp_rpc_agent_api [None req-cab930ef-630f-43bb-afad-6d9da871513a ce58bae4673440aa8d90873916fb8ca5 7fd0ec87ff8b43ba9858f54b1c3f0002 - - default default] Unable to schedule network d920b2d6-2dc0-4ef9-bf28-233c0ffb3a93: no agents available; will retry on subsequent port and subnet creation events.
2026-06-02 13:35:20.677 9 INFO neutron.db.ovn_revision_numbers_db [None req-cab930ef-630f-43bb-afad-6d9da871513a ce58bae4673440aa8d90873916fb8ca5 7fd0ec87ff8b43ba9858f54b1c3f0002 - - default default] Successfully bumped revision number for resource bd2c4261-62b5-44b2-8781-f1998463e61c (type: ports) to 1
2026-06-02 13:35:20.707 9 INFO neutron.api.wsgi [None req-cab930ef-630f-43bb-afad-6d9da871513a ce58bae4673440aa8d90873916fb8ca5 7fd0ec87ff8b43ba9858f54b1c3f0002 - - default default] 10.0.0.79 "POST /v2.0/networks HTTP/1.1" status: 201 len: 929 time: 0.8206594
2026-06-02 13:35:20.854 10 INFO neutron.api.wsgi [req-e4cc0917-1342-4bfe-b39c-8c8cf7e1f702 req-fd0d2c35-45e2-4578-bf47-42124f3cf837 fcd0e38557b14a83a71ef14c0abe5358 b75cceb2974d4d4cba09aea7dd8db5d2 - - default default] 10.0.0.186 "GET /v2.0/ports?device_id=ae4b0925-ab2c-43d8-b910-ba7497d13a27 HTTP/1.1" status: 200 len: 210 time: 0.0238552
2026-06-02 13:35:20.889 10 WARNING neutron.scheduler.dhcp_agent_scheduler [None req-966d7cdc-cd82-40ee-af96-4bda9ea02b9a ce58bae4673440aa8d90873916fb8ca5 7fd0ec87ff8b43ba9858f54b1c3f0002 - - default default] No more DHCP agents
2026-06-02 13:35:20.890 10 WARNING neutron.api.rpc.agentnotifiers.dhcp_rpc_agent_api [None req-966d7cdc-cd82-40ee-af96-4bda9ea02b9a ce58bae4673440aa8d90873916fb8ca5 7fd0ec87ff8b43ba9858f54b1c3f0002 - - default default] Unable to schedule network d920b2d6-2dc0-4ef9-bf28-233c0ffb3a93: no agents available; will retry on subsequent port and subnet creation events.
2026-06-02 13:35:21.305 10 INFO neutron.db.ovn_revision_numbers_db [None req-c8e47656-d4e5-446a-9f82-133e2b0ee42f - - - - - -] Successfully bumped revision number for resource bd2c4261-62b5-44b2-8781-f1998463e61c (type: ports) to 2
2026-06-02 13:35:21.334 10 INFO neutron.db.ovn_revision_numbers_db [None req-c8e47656-d4e5-446a-9f82-133e2b0ee42f - - - - - -] Successfully bumped revision number for resource 4a350d5f-5e15-440c-ade6-bac69855552a (type: subnets) to 0
2026-06-02 13:35:21.349 10 INFO neutron.api.wsgi [None req-966d7cdc-cd82-40ee-af96-4bda9ea02b9a ce58bae4673440aa8d90873916fb8ca5 7fd0ec87ff8b43ba9858f54b1c3f0002 - - default default] 10.0.0.79 "POST /v2.0/subnets HTTP/1.1" status: 201 len: 843 time: 0.6312330
2026-06-02 13:35:21.359 10 WARNING neutron.api.v2.base [None req-89ac0cdb-a704-447b-b1c9-32f675ffa70b ce58bae4673440aa8d90873916fb8ca5 7fd0ec87ff8b43ba9858f54b1c3f0002 - - default default] An exception happened while processing the request body. The exception message is [Invalid input for target_tenant. Reason: 'None' is not a valid string.].: webob.exc.HTTPBadRequest: Invalid input for target_tenant. Reason: 'None' is not a valid string.
2026-06-02 13:35:21.360 10 INFO neutron.api.v2.resource [None req-89ac0cdb-a704-447b-b1c9-32f675ffa70b ce58bae4673440aa8d90873916fb8ca5 7fd0ec87ff8b43ba9858f54b1c3f0002 - - default default] create failed (client error): Invalid input for target_tenant. Reason: 'None' is not a valid string.
2026-06-02 13:35:21.361 10 INFO neutron.api.wsgi [None req-89ac0cdb-a704-447b-b1c9-32f675ffa70b ce58bae4673440aa8d90873916fb8ca5 7fd0ec87ff8b43ba9858f54b1c3f0002 - - default default] 10.0.0.79 "POST /v2.0/rbac-policies HTTP/1.1" status: 400 len: 346 time: 0.0057898
2026-06-02 13:35:21.496 10 INFO neutron.api.wsgi [None req-88c58d7b-0e92-41ef-9948-38fc8cb37373 c60028476da94f89ae61c773d9e6b7f1 4d33c10ec34c4bdfb37eca3eee23603b - - default default] 10.0.0.79 "GET /v2.0/ports/316baa54-75b9-4a05-8e90-76cc089c866e HTTP/1.1" status: 200 len: 1147 time: 0.0359433
2026-06-02 13:35:21.745 10 INFO neutron.notifiers.nova [-] Nova event matching ['req-fcbad2d6-71f7-4dc7-b42e-0cd7d6847d17'] response: {'server_uuid': 'ae4b0925-ab2c-43d8-b910-ba7497d13a27', 'name': 'network-vif-deleted', 'tag': 'd87b8a87-24d4-4653-aef4-f2166f9c1a82', 'status': 'completed', 'code': 200}
2026-06-02 13:35:21.775 9 INFO neutron.services.segments.plugin [-] Segment 4cf25907-9a4e-47fb-9ee6-498c32291db9 resource provider aggregate not found
2026-06-02 13:35:21.782 9 INFO neutron.services.segments.plugin [-] Segment 4cf25907-9a4e-47fb-9ee6-498c32291db9 resource provider aggregate not found
2026-06-02 13:35:21.787 9 INFO neutron.services.segments.plugin [-] Segment 4cf25907-9a4e-47fb-9ee6-498c32291db9 resource provider not found; error: Placement Client Error (4xx): {"errors": [{"status": 404, "title": "Not Found", "detail": "The resource could not be found.\n\n No resource provider with uuid 4cf25907-9a4e-47fb-9ee6-498c32291db9 found for delete ", "request_id": "req-8d3128a2-1c29-419f-85a7-8e439f4b21d0"}]}
