2026-06-02 13:33:42.814 10 INFO neutron.api.wsgi [None req-00baf530-1af0-464e-b218-407f68d56383 9cc25d52f95a448dbf2396f4a40ea310 37fa81f8f6054e9a8af41cd92c61cc8d - - default default] 10.0.0.79 "POST /v2.0/subnetpools HTTP/1.1" status: 201 len: 747 time: 0.3192351
2026-06-02 13:33:42.820 10 WARNING neutron.plugins.ml2.drivers.ovn.mech_driver.ovsdb.ovn_client [None req-1e6d1a56-cfec-4085-a6fa-3f67b49400bd - - - - - -] No hosting information found for port c8f08b80-e2ae-48b5-b6d6-b4d098838457: RuntimeError: No hosting information found for port c8f08b80-e2ae-48b5-b6d6-b4d098838457
2026-06-02 13:33:42.850 9 INFO neutron.api.wsgi [None req-ac0911e8-5b13-4bf7-a939-f7101a44712d 9cc25d52f95a448dbf2396f4a40ea310 37fa81f8f6054e9a8af41cd92c61cc8d - - default default] 10.0.0.79 "GET /v2.0/subnetpools/c09d7e49-5992-4b8a-b01f-cf1ab2c10c1d HTTP/1.1" status: 200 len: 742 time: 0.0283022
2026-06-02 13:33:42.893 10 INFO neutron.db.ovn_revision_numbers_db [None req-1e6d1a56-cfec-4085-a6fa-3f67b49400bd - - - - - -] Successfully bumped revision number for resource c8f08b80-e2ae-48b5-b6d6-b4d098838457 (type: router_ports) to 2
2026-06-02 13:33:42.900 10 INFO neutron.api.wsgi [None req-c3e17347-8955-4d30-9f6f-797d2130e97d 137ec43846084a089afdae182b4e0dbd 294e0993ebdb4c8ab84944346059036f - - default default] 10.0.0.79 "DELETE /v2.0/security-groups/692d1794-bc58-4c3c-a69f-0ab24be90fdf HTTP/1.1" status: 204 len: 168 time: 0.2728875
2026-06-02 13:33:42.924 9 INFO neutron.api.wsgi [None req-b36d688b-19ac-4723-8cf9-6be0d0224abc 9cc25d52f95a448dbf2396f4a40ea310 37fa81f8f6054e9a8af41cd92c61cc8d - - default default] 10.0.0.79 "PUT /v2.0/subnetpools/c09d7e49-5992-4b8a-b01f-cf1ab2c10c1d HTTP/1.1" status: 200 len: 694 time: 0.0680568
2026-06-02 13:33:42.980 9 INFO neutron.api.wsgi [None req-ac645884-1678-4d5d-90ea-770c138abc93 9cc25d52f95a448dbf2396f4a40ea310 37fa81f8f6054e9a8af41cd92c61cc8d - - default default] 10.0.0.79 "DELETE /v2.0/subnetpools/c09d7e49-5992-4b8a-b01f-cf1ab2c10c1d HTTP/1.1" status: 204 len: 168 time: 0.0510488
2026-06-02 13:33:42.995 9 INFO neutron.api.v2.resource [None req-e25d1348-b508-4076-96d3-a24011064872 9cc25d52f95a448dbf2396f4a40ea310 37fa81f8f6054e9a8af41cd92c61cc8d - - default default] show failed (client error): The resource could not be found.
2026-06-02 13:33:42.996 9 INFO neutron.api.wsgi [None req-e25d1348-b508-4076-96d3-a24011064872 9cc25d52f95a448dbf2396f4a40ea310 37fa81f8f6054e9a8af41cd92c61cc8d - - default default] 10.0.0.79 "GET /v2.0/subnetpools/c09d7e49-5992-4b8a-b01f-cf1ab2c10c1d HTTP/1.1" status: 404 len: 346 time: 0.0104349
2026-06-02 13:33:43.007 9 INFO neutron.api.v2.resource [None req-978e13ba-73d5-486d-a214-95e95c42436a 9cc25d52f95a448dbf2396f4a40ea310 37fa81f8f6054e9a8af41cd92c61cc8d - - default default] delete failed (client error): The resource could not be found.
2026-06-02 13:33:43.008 9 INFO neutron.api.wsgi [None req-978e13ba-73d5-486d-a214-95e95c42436a 9cc25d52f95a448dbf2396f4a40ea310 37fa81f8f6054e9a8af41cd92c61cc8d - - default default] 10.0.0.79 "DELETE /v2.0/subnetpools/c09d7e49-5992-4b8a-b01f-cf1ab2c10c1d HTTP/1.1" status: 404 len: 346 time: 0.0073755
2026-06-02 13:33:43.283 9 INFO neutron.api.wsgi [req-b9510047-5814-42eb-8f3d-bad4cc977c48 req-cca00c50-0c41-402e-a472-eb2826a0c23c 2584bf3b005c4fe18d444109165d06de b9a505784955408bb69aa7613d94cd3c - - default default] 10.0.0.186 "GET /v2.0/ports?device_id=baf0caae-6f68-421b-8dd7-8b99df075611 HTTP/1.1" status: 200 len: 210 time: 0.0247796
2026-06-02 13:33:43.426 10 INFO neutron.api.wsgi [req-f5ceedf4-6e02-4820-9ed4-002607aa4b08 req-6eabefa2-81b0-4d9e-8d09-4f7538af4e1d 27b09b98e07e4a66aeeaa5794e01b611 26dbc40a61c840bf991fe1308591a5a5 - - default default] 10.0.0.186 "GET /v2.0/ports?device_id=f162660b-9416-4280-a68b-a2983dffddb3 HTTP/1.1" status: 200 len: 1170 time: 0.0643413
2026-06-02 13:33:43.475 10 INFO neutron.api.wsgi [req-f5ceedf4-6e02-4820-9ed4-002607aa4b08 req-b4590f72-67a3-40cb-9b93-07aa6711a4cc 27b09b98e07e4a66aeeaa5794e01b611 26dbc40a61c840bf991fe1308591a5a5 - - default default] 10.0.0.186 "GET /v2.0/security-groups?id=c691d407-be6a-4b56-80b5-f0f9674f3768&fields=id&fields=name HTTP/1.1" status: 200 len: 313 time: 0.0406702
2026-06-02 13:33:43.645 9 INFO neutron.api.wsgi [req-d9430360-1037-4171-b1d0-b3b8babff2ef req-4d499bae-bbc3-4678-9e55-38d99a1b81db 27b09b98e07e4a66aeeaa5794e01b611 26dbc40a61c840bf991fe1308591a5a5 - - default default] 10.0.0.186 "GET /v2.0/ports?device_id=f162660b-9416-4280-a68b-a2983dffddb3 HTTP/1.1" status: 200 len: 1170 time: 0.0929389
2026-06-02 13:33:43.704 9 INFO neutron.api.wsgi [req-d9430360-1037-4171-b1d0-b3b8babff2ef req-55b6329d-cde1-4d2f-867c-639e643ef15c 27b09b98e07e4a66aeeaa5794e01b611 26dbc40a61c840bf991fe1308591a5a5 - - default default] 10.0.0.186 "GET /v2.0/security-groups?id=c691d407-be6a-4b56-80b5-f0f9674f3768&fields=id&fields=name HTTP/1.1" status: 200 len: 313 time: 0.0501206
2026-06-02 13:33:43.737 9 INFO neutron.db.ovn_revision_numbers_db [None req-149773f2-2e5a-4828-9bdc-5b791c807a9c 137ec43846084a089afdae182b4e0dbd 294e0993ebdb4c8ab84944346059036f - - default default] Successfully bumped revision number for resource 6113b299-da12-44e8-9301-833d461f5dd7 (type: security_groups) to 1
2026-06-02 13:33:43.750 9 INFO neutron.db.ovn_revision_numbers_db [None req-149773f2-2e5a-4828-9bdc-5b791c807a9c 137ec43846084a089afdae182b4e0dbd 294e0993ebdb4c8ab84944346059036f - - default default] Successfully bumped revision number for resource 0596844f-783b-4083-ac04-88c1800e822a (type: security_group_rules) to 0
2026-06-02 13:33:43.764 9 INFO neutron.db.ovn_revision_numbers_db [None req-149773f2-2e5a-4828-9bdc-5b791c807a9c 137ec43846084a089afdae182b4e0dbd 294e0993ebdb4c8ab84944346059036f - - default default] Successfully bumped revision number for resource 1c779d3f-a371-4eb2-a9e4-4f971db79e4a (type: security_group_rules) to 0
2026-06-02 13:33:43.780 9 INFO neutron.db.ovn_revision_numbers_db [None req-149773f2-2e5a-4828-9bdc-5b791c807a9c 137ec43846084a089afdae182b4e0dbd 294e0993ebdb4c8ab84944346059036f - - default default] Successfully bumped revision number for resource 59f5d907-6e40-4b79-bdff-bfbed1640a09 (type: security_group_rules) to 0
2026-06-02 13:33:43.791 9 INFO neutron.db.ovn_revision_numbers_db [None req-149773f2-2e5a-4828-9bdc-5b791c807a9c 137ec43846084a089afdae182b4e0dbd 294e0993ebdb4c8ab84944346059036f - - default default] Successfully bumped revision number for resource f7c20c9d-6685-4efe-b25b-5a9bc7ad4659 (type: security_group_rules) to 0
2026-06-02 13:33:43.834 9 INFO neutron.api.wsgi [None req-149773f2-2e5a-4828-9bdc-5b791c807a9c 137ec43846084a089afdae182b4e0dbd 294e0993ebdb4c8ab84944346059036f - - default default] 10.0.0.79 "GET /v2.0/security-groups?tenant_id=37fa81f8f6054e9a8af41cd92c61cc8d&name=default HTTP/1.1" status: 200 len: 3120 time: 0.3666921
2026-06-02 13:33:44.076 9 INFO neutron.api.wsgi [req-91ca6f47-362e-47cc-881e-5cdbedb1284a req-44024927-9e76-4513-ba63-cadfe434907d 27b09b98e07e4a66aeeaa5794e01b611 26dbc40a61c840bf991fe1308591a5a5 - - default default] 10.0.0.186 "GET /v2.0/ports?device_id=f162660b-9416-4280-a68b-a2983dffddb3 HTTP/1.1" status: 200 len: 1170 time: 0.0333521
2026-06-02 13:33:44.087 9 INFO neutron.api.wsgi [None req-06e8f27e-00a7-43dc-8868-24535c4ca5d0 137ec43846084a089afdae182b4e0dbd 294e0993ebdb4c8ab84944346059036f - - default default] 10.0.0.79 "DELETE /v2.0/security-groups/6113b299-da12-44e8-9301-833d461f5dd7 HTTP/1.1" status: 204 len: 168 time: 0.2454751
2026-06-02 13:33:44.120 9 INFO neutron.api.wsgi [req-91ca6f47-362e-47cc-881e-5cdbedb1284a req-0ec7ca4a-3f14-4136-9bb4-4025479061d1 27b09b98e07e4a66aeeaa5794e01b611 26dbc40a61c840bf991fe1308591a5a5 - - default default] 10.0.0.186 "GET /v2.0/security-groups?id=c691d407-be6a-4b56-80b5-f0f9674f3768&fields=id&fields=name HTTP/1.1" status: 200 len: 313 time: 0.0373681
2026-06-02 13:33:44.381 10 INFO neutron.api.wsgi [req-cac82622-bce8-4377-b774-fa60623000cd req-4fe803df-a00e-411b-87e8-77195bfbe90f 2584bf3b005c4fe18d444109165d06de b9a505784955408bb69aa7613d94cd3c - - default default] 10.0.0.186 "GET /v2.0/ports?device_id=baf0caae-6f68-421b-8dd7-8b99df075611 HTTP/1.1" status: 200 len: 210 time: 0.0178699
2026-06-02 13:33:45.233 9 INFO neutron.api.wsgi [req-32eab4ad-9585-4289-9019-f6981aea6ba3 req-c843d8c9-0dcf-4484-831c-0acb92069d07 27b09b98e07e4a66aeeaa5794e01b611 26dbc40a61c840bf991fe1308591a5a5 - - default default] 10.0.0.186 "GET /v2.0/ports?device_id=f162660b-9416-4280-a68b-a2983dffddb3 HTTP/1.1" status: 200 len: 1170 time: 0.0317400
2026-06-02 13:33:45.296 9 INFO neutron.api.wsgi [req-32eab4ad-9585-4289-9019-f6981aea6ba3 req-9f932202-b8fd-42f3-b31a-348f5dde985a 27b09b98e07e4a66aeeaa5794e01b611 26dbc40a61c840bf991fe1308591a5a5 - - default default] 10.0.0.186 "GET /v2.0/security-groups?id=c691d407-be6a-4b56-80b5-f0f9674f3768&fields=id&fields=name HTTP/1.1" status: 200 len: 313 time: 0.0563438
2026-06-02 13:33:45.417 10 INFO neutron.api.wsgi [req-3c1a42ab-6e01-4589-9d74-bcc13a34215e req-dc0ddc40-9d03-456d-bfde-ced2698a8b01 2584bf3b005c4fe18d444109165d06de b9a505784955408bb69aa7613d94cd3c - - default default] 199.204.45.4 "GET /v2.0/networks?id=37714eeb-0519-4761-9a99-128aac6b7bcc HTTP/1.1" status: 200 len: 869 time: 0.0392728
2026-06-02 13:33:45.476 10 INFO neutron.api.wsgi [req-a69f0723-a0c6-4e6f-a347-505e7f857299 req-0d8ae176-abda-4648-ae95-31903e962010 2584bf3b005c4fe18d444109165d06de b9a505784955408bb69aa7613d94cd3c - - default default] 10.0.0.186 "GET /v2.0/ports?device_id=baf0caae-6f68-421b-8dd7-8b99df075611 HTTP/1.1" status: 200 len: 210 time: 0.0181565
2026-06-02 13:33:45.493 10 INFO neutron.api.wsgi [req-3c1a42ab-6e01-4589-9d74-bcc13a34215e req-4d8ed5c1-2fe2-41be-888c-86e1dcfb4d5d 2584bf3b005c4fe18d444109165d06de b9a505784955408bb69aa7613d94cd3c - - default default] 199.204.45.4 "GET /v2.0/security-groups?fields=id&fields=name&tenant_id=b9a505784955408bb69aa7613d94cd3c HTTP/1.1" status: 200 len: 380 time: 0.0717247
2026-06-02 13:33:45.501 10 WARNING neutron_lib.context [req-3c1a42ab-6e01-4589-9d74-bcc13a34215e req-f64d5058-3468-45a6-9301-74edf4e91938 2584bf3b005c4fe18d444109165d06de b9a505784955408bb69aa7613d94cd3c - - default default] Method 'is_advsvc' is deprecated since 2023.2 release (neutron-lib 3.8.0) and will be removed once support for the old RBAC API policies will be removed from Neutron. Please use method 'is_service_role' instead.
2026-06-02 13:33:45.598 10 INFO neutron.api.wsgi [req-cb177f11-19f7-40b8-a092-7f8567c5a032 req-58e1eff2-7098-468e-9a67-018cbe360bb0 7f80bfc0976c4ae49d98a14832977e59 bd1a759263f845cba38942cd10c00668 - - 02758a855b0a4c84848683b5d5df47d9 02758a855b0a4c84848683b5d5df47d9] 199.204.45.4 "GET /v2.0/ports?tenant_id=26dbc40a61c840bf991fe1308591a5a5&device_id=f162660b-9416-4280-a68b-a2983dffddb3 HTTP/1.1" status: 200 len: 1409 time: 0.0396819
2026-06-02 13:33:45.661 10 INFO neutron.api.wsgi [req-cb177f11-19f7-40b8-a092-7f8567c5a032 req-e3e75f2e-6d96-48db-af94-4ac2130e5ee8 7f80bfc0976c4ae49d98a14832977e59 bd1a759263f845cba38942cd10c00668 - - 02758a855b0a4c84848683b5d5df47d9 02758a855b0a4c84848683b5d5df47d9] 199.204.45.4 "GET /v2.0/networks?id=4fff9efa-4b1a-45b5-a9b2-dde710293e2c HTTP/1.1" status: 200 len: 972 time: 0.0596278
2026-06-02 13:33:45.719 10 INFO neutron.api.wsgi [req-cb177f11-19f7-40b8-a092-7f8567c5a032 req-c0b9fadb-b86d-4a4c-a978-7487dced0373 7f80bfc0976c4ae49d98a14832977e59 bd1a759263f845cba38942cd10c00668 - - 02758a855b0a4c84848683b5d5df47d9 02758a855b0a4c84848683b5d5df47d9] 199.204.45.4 "GET /v2.0/floatingips?fixed_ip_address=10.100.0.8&port_id=ef26bb7e-663c-4e7e-bbc6-1b7548c03e6f HTTP/1.1" status: 200 len: 1059 time: 0.0524533
2026-06-02 13:33:45.768 10 INFO neutron.api.wsgi [req-cb177f11-19f7-40b8-a092-7f8567c5a032 req-e489ff15-d671-44fd-adb0-a5e817507bc3 7f80bfc0976c4ae49d98a14832977e59 bd1a759263f845cba38942cd10c00668 - - 02758a855b0a4c84848683b5d5df47d9 02758a855b0a4c84848683b5d5df47d9] 199.204.45.4 "GET /v2.0/subnets?id=55516a5f-4ae6-4f9e-ab10-9ddb2a7cb75a HTTP/1.1" status: 200 len: 891 time: 0.0421236
2026-06-02 13:33:45.795 10 INFO neutron.api.wsgi [req-cb177f11-19f7-40b8-a092-7f8567c5a032 req-a40c2b83-fae3-447f-9697-f9ab77268aff 7f80bfc0976c4ae49d98a14832977e59 bd1a759263f845cba38942cd10c00668 - - 02758a855b0a4c84848683b5d5df47d9 02758a855b0a4c84848683b5d5df47d9] 199.204.45.4 "GET /v2.0/ports?network_id=4fff9efa-4b1a-45b5-a9b2-dde710293e2c&device_owner=network%3Adhcp HTTP/1.1" status: 200 len: 210 time: 0.0179613
2026-06-02 13:33:45.850 10 INFO neutron.api.wsgi [req-cb177f11-19f7-40b8-a092-7f8567c5a032 req-77eda7a3-b9e4-4ce4-81ef-178dd7ab41e6 7f80bfc0976c4ae49d98a14832977e59 bd1a759263f845cba38942cd10c00668 - - 02758a855b0a4c84848683b5d5df47d9 02758a855b0a4c84848683b5d5df47d9] 199.204.45.4 "GET /v2.0/networks/4fff9efa-4b1a-45b5-a9b2-dde710293e2c?fields=segments HTTP/1.1" status: 200 len: 212 time: 0.0473688 /var/lib/openstack/lib/python3.12/site-packages/pycadf/identifier.py:71: UserWarning: Invalid uuid: neutron. To ensure interoperability, identifiers should be a valid uuid. warnings.warn(('Invalid uuid: %s. To ensure interoperability, '
2026-06-02 13:33:45.890 10 WARNING neutron.scheduler.dhcp_agent_scheduler [req-3c1a42ab-6e01-4589-9d74-bcc13a34215e req-f64d5058-3468-45a6-9301-74edf4e91938 2584bf3b005c4fe18d444109165d06de b9a505784955408bb69aa7613d94cd3c - - default default] No more DHCP agents
2026-06-02 13:33:45.892 10 WARNING neutron.api.rpc.agentnotifiers.dhcp_rpc_agent_api [req-3c1a42ab-6e01-4589-9d74-bcc13a34215e req-f64d5058-3468-45a6-9301-74edf4e91938 2584bf3b005c4fe18d444109165d06de b9a505784955408bb69aa7613d94cd3c - - default default] Unable to schedule network 37714eeb-0519-4761-9a99-128aac6b7bcc: no agents available; will retry on subsequent port and subnet creation events.
2026-06-02 13:33:45.898 10 INFO neutron.api.wsgi [req-cb177f11-19f7-40b8-a092-7f8567c5a032 req-f8f867a6-3276-4727-9e4f-28aabd7c1df2 7f80bfc0976c4ae49d98a14832977e59 bd1a759263f845cba38942cd10c00668 - - 02758a855b0a4c84848683b5d5df47d9 02758a855b0a4c84848683b5d5df47d9] 199.204.45.4 "GET /v2.0/networks/4fff9efa-4b1a-45b5-a9b2-dde710293e2c?fields=provider%3Aphysical_network&fields=provider%3Anetwork_type HTTP/1.1" status: 200 len: 277 time: 0.0430102
2026-06-02 13:33:46.022 10 INFO neutron.db.ovn_revision_numbers_db [req-3c1a42ab-6e01-4589-9d74-bcc13a34215e req-f64d5058-3468-45a6-9301-74edf4e91938 2584bf3b005c4fe18d444109165d06de b9a505784955408bb69aa7613d94cd3c - - default default] Successfully bumped revision number for resource 80afc146-323a-4288-81cc-a1400b91eaa6 (type: ports) to 1
2026-06-02 13:33:46.047 10 INFO neutron.api.wsgi [req-3c1a42ab-6e01-4589-9d74-bcc13a34215e req-f64d5058-3468-45a6-9301-74edf4e91938 2584bf3b005c4fe18d444109165d06de b9a505784955408bb69aa7613d94cd3c - - default default] 199.204.45.4 "POST /v2.0/ports HTTP/1.1" status: 201 len: 1158 time: 0.5497880 /var/lib/openstack/lib/python3.12/site-packages/pycadf/identifier.py:71: UserWarning: Invalid uuid: neutron. To ensure interoperability, identifiers should be a valid uuid. warnings.warn(('Invalid uuid: %s. To ensure interoperability, '
2026-06-02 13:33:46.074 9 INFO neutron.db.ovn_revision_numbers_db [None req-b26fdecf-c094-480d-a018-4ef6f1242799 137ec43846084a089afdae182b4e0dbd 294e0993ebdb4c8ab84944346059036f - - default default] Successfully bumped revision number for resource bab96e6c-d6a4-4eff-8062-3035759c9d82 (type: security_groups) to 1
2026-06-02 13:33:46.090 9 INFO neutron.db.ovn_revision_numbers_db [None req-b26fdecf-c094-480d-a018-4ef6f1242799 137ec43846084a089afdae182b4e0dbd 294e0993ebdb4c8ab84944346059036f - - default default] Successfully bumped revision number for resource 61f16e8e-d64b-4a55-a138-bceeca79bc36 (type: security_group_rules) to 0
2026-06-02 13:33:46.104 9 INFO neutron.db.ovn_revision_numbers_db [None req-b26fdecf-c094-480d-a018-4ef6f1242799 137ec43846084a089afdae182b4e0dbd 294e0993ebdb4c8ab84944346059036f - - default default] Successfully bumped revision number for resource 6a5c1d06-c24e-416e-aa99-dcb1806bb5f4 (type: security_group_rules) to 0
2026-06-02 13:33:46.121 9 INFO neutron.db.ovn_revision_numbers_db [None req-b26fdecf-c094-480d-a018-4ef6f1242799 137ec43846084a089afdae182b4e0dbd 294e0993ebdb4c8ab84944346059036f - - default default] Successfully bumped revision number for resource ae9efac0-be6c-44e4-9d81-020ce0be0ce3 (type: security_group_rules) to 0
2026-06-02 13:33:46.156 9 INFO neutron.db.ovn_revision_numbers_db [None req-b26fdecf-c094-480d-a018-4ef6f1242799 137ec43846084a089afdae182b4e0dbd 294e0993ebdb4c8ab84944346059036f - - default default] Successfully bumped revision number for resource e5596a06-bf7c-4ffc-b7f5-69dedab9082c (type: security_group_rules) to 0
2026-06-02 13:33:46.189 9 INFO neutron.api.wsgi [None req-b26fdecf-c094-480d-a018-4ef6f1242799 137ec43846084a089afdae182b4e0dbd 294e0993ebdb4c8ab84944346059036f - - default default] 10.0.0.79 "GET /v2.0/security-groups?tenant_id=58e587e4e9254ebbb2316b00b3bfb0ef&name=default HTTP/1.1" status: 200 len: 3120 time: 0.3490660
2026-06-02 13:33:46.425 9 INFO neutron.api.wsgi [req-16de16e9-e6f5-4322-8448-59314866aae5 req-76f3a247-d394-4642-b378-93d22a81bf89 27b09b98e07e4a66aeeaa5794e01b611 26dbc40a61c840bf991fe1308591a5a5 - - default default] 10.0.0.186 "GET /v2.0/ports?device_id=f162660b-9416-4280-a68b-a2983dffddb3 HTTP/1.1" status: 200 len: 1170 time: 0.0435853
2026-06-02 13:33:46.439 9 INFO neutron.api.wsgi [None req-8c43ed2b-0256-427a-b57b-4599a45da607 137ec43846084a089afdae182b4e0dbd 294e0993ebdb4c8ab84944346059036f - - default default] 10.0.0.79 "DELETE /v2.0/security-groups/bab96e6c-d6a4-4eff-8062-3035759c9d82 HTTP/1.1" status: 204 len: 168 time: 0.2428246
2026-06-02 13:33:46.448 10 INFO neutron.db.ovn_revision_numbers_db [req-3c1a42ab-6e01-4589-9d74-bcc13a34215e req-ed85a8a9-a2fc-4d12-874b-df2d5c7a82e6 7f80bfc0976c4ae49d98a14832977e59 bd1a759263f845cba38942cd10c00668 - - 02758a855b0a4c84848683b5d5df47d9 02758a855b0a4c84848683b5d5df47d9] Successfully bumped revision number for resource 80afc146-323a-4288-81cc-a1400b91eaa6 (type: ports) to 2
2026-06-02 13:33:46.459 9 INFO neutron.api.wsgi [req-16de16e9-e6f5-4322-8448-59314866aae5 req-4bec5038-cc4d-40a3-b440-47de3a6f65c5 27b09b98e07e4a66aeeaa5794e01b611 26dbc40a61c840bf991fe1308591a5a5 - - default default] 10.0.0.186 "GET /v2.0/security-groups?id=c691d407-be6a-4b56-80b5-f0f9674f3768&fields=id&fields=name HTTP/1.1" status: 200 len: 313 time: 0.0281730 /var/lib/openstack/lib/python3.12/site-packages/pycadf/identifier.py:71: UserWarning: Invalid uuid: neutron. To ensure interoperability, identifiers should be a valid uuid. warnings.warn(('Invalid uuid: %s. To ensure interoperability, '
2026-06-02 13:33:46.639 10 INFO neutron.api.wsgi [req-2445d4a5-b7f8-4a20-a907-b45e67594802 req-00417505-4dac-41c7-a813-beb5b9fde3c1 2584bf3b005c4fe18d444109165d06de b9a505784955408bb69aa7613d94cd3c - - default default] 10.0.0.186 "GET /v2.0/ports?device_id=baf0caae-6f68-421b-8dd7-8b99df075611 HTTP/1.1" status: 200 len: 1168 time: 0.0888240 /var/lib/openstack/lib/python3.12/site-packages/pycadf/identifier.py:71: UserWarning: Invalid uuid: neutron. To ensure interoperability, identifiers should be a valid uuid. warnings.warn(('Invalid uuid: %s. To ensure interoperability, '
2026-06-02 13:33:46.685 10 INFO neutron.api.wsgi [req-2445d4a5-b7f8-4a20-a907-b45e67594802 req-783131ab-0fb9-449d-bf8c-df7312ad9a71 2584bf3b005c4fe18d444109165d06de b9a505784955408bb69aa7613d94cd3c - - default default] 10.0.0.186 "GET /v2.0/security-groups?id=d3a64a47-248d-439a-ad77-fafc57a6cc16&fields=id&fields=name HTTP/1.1" status: 200 len: 313 time: 0.0408163
2026-06-02 13:33:46.697 10 INFO neutron.db.ovn_revision_numbers_db [req-3c1a42ab-6e01-4589-9d74-bcc13a34215e req-ed85a8a9-a2fc-4d12-874b-df2d5c7a82e6 7f80bfc0976c4ae49d98a14832977e59 bd1a759263f845cba38942cd10c00668 - - 02758a855b0a4c84848683b5d5df47d9 02758a855b0a4c84848683b5d5df47d9] Successfully bumped revision number for resource 80afc146-323a-4288-81cc-a1400b91eaa6 (type: ports) to 4
2026-06-02 13:33:46.720 10 INFO neutron.api.wsgi [req-3c1a42ab-6e01-4589-9d74-bcc13a34215e req-ed85a8a9-a2fc-4d12-874b-df2d5c7a82e6 7f80bfc0976c4ae49d98a14832977e59 bd1a759263f845cba38942cd10c00668 - - 02758a855b0a4c84848683b5d5df47d9 02758a855b0a4c84848683b5d5df47d9] 199.204.45.4 "PUT /v2.0/ports/80afc146-323a-4288-81cc-a1400b91eaa6 HTTP/1.1" status: 200 len: 1404 time: 0.6659024
2026-06-02 13:33:46.761 10 INFO neutron.notifiers.nova [-] Nova event matching ['req-ff66df55-f1a5-4dd7-9418-dc2b51ecbcfe'] response: {'name': 'network-changed', 'server_uuid': 'baf0caae-6f68-421b-8dd7-8b99df075611', 'tag': '80afc146-323a-4288-81cc-a1400b91eaa6', 'status': 'completed', 'code': 200}
2026-06-02 13:33:47.308 10 INFO neutron.api.wsgi [req-703ff4ae-941b-4c99-8e43-83ac2a220dd0 req-df5fe498-e44e-4d03-a9fe-a034fed2bd4a 7f80bfc0976c4ae49d98a14832977e59 bd1a759263f845cba38942cd10c00668 - - 02758a855b0a4c84848683b5d5df47d9 02758a855b0a4c84848683b5d5df47d9] 199.204.45.4 "GET /v2.0/ports?tenant_id=b9a505784955408bb69aa7613d94cd3c&device_id=baf0caae-6f68-421b-8dd7-8b99df075611 HTTP/1.1" status: 200 len: 1407 time: 0.0356100
2026-06-02 13:33:47.354 10 INFO neutron.api.wsgi [req-703ff4ae-941b-4c99-8e43-83ac2a220dd0 req-fafe83dc-69d1-41f3-9b9f-ddeca3b3f7a0 7f80bfc0976c4ae49d98a14832977e59 bd1a759263f845cba38942cd10c00668 - - 02758a855b0a4c84848683b5d5df47d9 02758a855b0a4c84848683b5d5df47d9] 199.204.45.4 "GET /v2.0/networks?tenant_id=b9a505784955408bb69aa7613d94cd3c&shared=False HTTP/1.1" status: 200 len: 968 time: 0.0424726
2026-06-02 13:33:47.421 10 INFO neutron.api.wsgi [req-703ff4ae-941b-4c99-8e43-83ac2a220dd0 req-902ecf3d-db42-4545-adcb-aa156038ab9a 7f80bfc0976c4ae49d98a14832977e59 bd1a759263f845cba38942cd10c00668 - - 02758a855b0a4c84848683b5d5df47d9 02758a855b0a4c84848683b5d5df47d9] 199.204.45.4 "GET /v2.0/networks?shared=True HTTP/1.1" status: 200 len: 952 time: 0.0620828
2026-06-02 13:33:47.548 9 INFO neutron.plugins.ml2.drivers.ovn.mech_driver.mech_driver [None req-e72e024b-a4b9-4fce-ac79-b6ce25f8e882 - - - - - -] OVN reports status down for port: ef26bb7e-663c-4e7e-bbc6-1b7548c03e6f
2026-06-02 13:33:47.580 9 INFO neutron.api.wsgi [req-fbf0c2af-14b1-4ed1-a435-cc4c3be3233b req-a96aa46a-1585-4923-a3cc-5f355a03db5e 27b09b98e07e4a66aeeaa5794e01b611 26dbc40a61c840bf991fe1308591a5a5 - - default default] 10.0.0.186 "GET /v2.0/ports?device_id=f162660b-9416-4280-a68b-a2983dffddb3 HTTP/1.1" status: 200 len: 1170 time: 0.0552664
2026-06-02 13:33:47.634 9 INFO neutron.api.wsgi [req-fbf0c2af-14b1-4ed1-a435-cc4c3be3233b req-d5bdfd3a-05d6-478b-b845-aab652711cf3 27b09b98e07e4a66aeeaa5794e01b611 26dbc40a61c840bf991fe1308591a5a5 - - default default] 10.0.0.186 "GET /v2.0/security-groups?id=c691d407-be6a-4b56-80b5-f0f9674f3768&fields=id&fields=name HTTP/1.1" status: 200 len: 313 time: 0.0469477
2026-06-02 13:33:47.715 9 INFO neutron.notifiers.nova [-] Nova event matching ['req-44f5275d-32ff-4f56-898c-2ebf8da9bb70'] response: {'server_uuid': 'f162660b-9416-4280-a68b-a2983dffddb3', 'name': 'network-vif-unplugged', 'status': 'completed', 'tag': 'ef26bb7e-663c-4e7e-bbc6-1b7548c03e6f', 'code': 200}
2026-06-02 13:33:47.826 9 INFO neutron.db.ovn_revision_numbers_db [None req-e72e024b-a4b9-4fce-ac79-b6ce25f8e882 - - - - - -] Successfully bumped revision number for resource ef26bb7e-663c-4e7e-bbc6-1b7548c03e6f (type: ports) to 6
2026-06-02 13:33:47.843 9 INFO neutron.api.wsgi [req-547c2dbe-a0f5-479c-ba52-93c79d1cc719 req-e62a6d0d-a7ca-4c76-b671-018cae00038b 2584bf3b005c4fe18d444109165d06de b9a505784955408bb69aa7613d94cd3c - - default default] 10.0.0.186 "GET /v2.0/ports?device_id=baf0caae-6f68-421b-8dd7-8b99df075611 HTTP/1.1" status: 200 len: 1168 time: 0.0802050
2026-06-02 13:33:47.889 9 INFO neutron.api.wsgi [req-547c2dbe-a0f5-479c-ba52-93c79d1cc719 req-bccb178a-e1bb-4ecd-a77d-cb939e7e288d 2584bf3b005c4fe18d444109165d06de b9a505784955408bb69aa7613d94cd3c - - default default] 10.0.0.186 "GET /v2.0/security-groups?id=d3a64a47-248d-439a-ad77-fafc57a6cc16&fields=id&fields=name HTTP/1.1" status: 200 len: 313 time: 0.0381446
2026-06-02 13:33:47.935 10 INFO neutron.db.ovn_revision_numbers_db [None req-0c3ce92d-32c1-43a1-be8d-8429bc05824f 137ec43846084a089afdae182b4e0dbd 294e0993ebdb4c8ab84944346059036f - - default default] Successfully bumped revision number for resource 03c5f69c-2e24-4d34-981b-c74c3eddc0ed (type: security_groups) to 1
2026-06-02 13:33:47.948 10 INFO neutron.db.ovn_revision_numbers_db [None req-0c3ce92d-32c1-43a1-be8d-8429bc05824f 137ec43846084a089afdae182b4e0dbd 294e0993ebdb4c8ab84944346059036f - - default default] Successfully bumped revision number for resource 2a10598c-6e0e-4821-b3eb-96762bf928af (type: security_group_rules) to 0
2026-06-02 13:33:47.961 10 INFO neutron.db.ovn_revision_numbers_db [None req-0c3ce92d-32c1-43a1-be8d-8429bc05824f 137ec43846084a089afdae182b4e0dbd 294e0993ebdb4c8ab84944346059036f - - default default] Successfully bumped revision number for resource 2e51204a-8d13-49df-9d96-b39de776a6a5 (type: security_group_rules) to 0
2026-06-02 13:33:47.974 10 INFO neutron.db.ovn_revision_numbers_db [None req-0c3ce92d-32c1-43a1-be8d-8429bc05824f 137ec43846084a089afdae182b4e0dbd 294e0993ebdb4c8ab84944346059036f - - default default] Successfully bumped revision number for resource 36bc335e-069f-4e3c-9db7-f44dcbb68ad6 (type: security_group_rules) to 0
2026-06-02 13:33:47.987 10 INFO neutron.db.ovn_revision_numbers_db [None req-0c3ce92d-32c1-43a1-be8d-8429bc05824f 137ec43846084a089afdae182b4e0dbd 294e0993ebdb4c8ab84944346059036f - - default default] Successfully bumped revision number for resource 54c76d31-4e55-4b0b-9f7d-e52d428a841d (type: security_group_rules) to 0
2026-06-02 13:33:48.023 10 INFO neutron.api.wsgi [None req-0c3ce92d-32c1-43a1-be8d-8429bc05824f 137ec43846084a089afdae182b4e0dbd 294e0993ebdb4c8ab84944346059036f - - default default] 10.0.0.79 "GET /v2.0/security-groups?tenant_id=aedae14c36b34b249b0532780d34eda3&name=default HTTP/1.1" status: 200 len: 3120 time: 0.4915171
2026-06-02 13:33:48.227 10 INFO neutron.api.wsgi [None req-371a5699-1dd9-42a4-b97a-bb5197899f40 137ec43846084a089afdae182b4e0dbd 294e0993ebdb4c8ab84944346059036f - - default default] 10.0.0.79 "DELETE /v2.0/security-groups/03c5f69c-2e24-4d34-981b-c74c3eddc0ed HTTP/1.1" status: 204 len: 168 time: 0.1983991
2026-06-02 13:33:48.476 10 INFO neutron.api.wsgi [req-3c1a42ab-6e01-4589-9d74-bcc13a34215e req-5801b9fa-d4a0-485f-9bee-432906e88284 7f80bfc0976c4ae49d98a14832977e59 bd1a759263f845cba38942cd10c00668 - - 02758a855b0a4c84848683b5d5df47d9 02758a855b0a4c84848683b5d5df47d9] 199.204.45.4 "GET /v2.0/ports?tenant_id=b9a505784955408bb69aa7613d94cd3c&device_id=baf0caae-6f68-421b-8dd7-8b99df075611 HTTP/1.1" status: 200 len: 1407 time: 0.0336280
2026-06-02 13:33:48.498 10 INFO neutron.api.wsgi [req-3c1a42ab-6e01-4589-9d74-bcc13a34215e req-dce04625-6ce1-4e3d-85a4-cc711cf30a41 7f80bfc0976c4ae49d98a14832977e59 bd1a759263f845cba38942cd10c00668 - - 02758a855b0a4c84848683b5d5df47d9 02758a855b0a4c84848683b5d5df47d9] 199.204.45.4 "GET /v2.0/floatingips?fixed_ip_address=10.100.0.7&port_id=80afc146-323a-4288-81cc-a1400b91eaa6 HTTP/1.1" status: 200 len: 217 time: 0.0163183
2026-06-02 13:33:48.800 10 INFO neutron.api.wsgi [req-3c1a42ab-6e01-4589-9d74-bcc13a34215e req-8c907062-fc4a-48d4-b190-c56bd1287735 7f80bfc0976c4ae49d98a14832977e59 bd1a759263f845cba38942cd10c00668 - - 02758a855b0a4c84848683b5d5df47d9 02758a855b0a4c84848683b5d5df47d9] 199.204.45.4 "GET /v2.0/subnets?id=4fbe2f80-718d-4eb4-878f-87498c518bc3 HTTP/1.1" status: 200 len: 887 time: 0.2954361
2026-06-02 13:33:48.824 10 INFO neutron.api.wsgi [req-3c1a42ab-6e01-4589-9d74-bcc13a34215e req-28e2d053-4960-4e45-8f7e-0deb9ea13741 7f80bfc0976c4ae49d98a14832977e59 bd1a759263f845cba38942cd10c00668 - - 02758a855b0a4c84848683b5d5df47d9 02758a855b0a4c84848683b5d5df47d9] 199.204.45.4 "GET /v2.0/ports?network_id=37714eeb-0519-4761-9a99-128aac6b7bcc&device_owner=network%3Adhcp HTTP/1.1" status: 200 len: 210 time: 0.0183825
2026-06-02 13:33:48.863 10 INFO neutron.api.wsgi [req-88a4e406-ae7e-46d1-8f57-982d0c95881f req-71ba6920-0e51-4f80-aa05-e05b733e11b5 27b09b98e07e4a66aeeaa5794e01b611 26dbc40a61c840bf991fe1308591a5a5 - - default default] 10.0.0.186 "GET /v2.0/ports?device_id=f162660b-9416-4280-a68b-a2983dffddb3 HTTP/1.1" status: 200 len: 1168 time: 0.0958636
2026-06-02 13:33:48.872 10 INFO neutron.api.wsgi [req-3c1a42ab-6e01-4589-9d74-bcc13a34215e req-75c1565e-0d04-4984-b3c8-633d1db2363b 7f80bfc0976c4ae49d98a14832977e59 bd1a759263f845cba38942cd10c00668 - - 02758a855b0a4c84848683b5d5df47d9 02758a855b0a4c84848683b5d5df47d9] 199.204.45.4 "GET /v2.0/networks/37714eeb-0519-4761-9a99-128aac6b7bcc?fields=segments HTTP/1.1" status: 200 len: 212 time: 0.0416651
2026-06-02 13:33:48.909 10 INFO neutron.api.wsgi [req-88a4e406-ae7e-46d1-8f57-982d0c95881f req-eb4f0d4f-a100-4cd3-8674-bd6e846f4cb1 27b09b98e07e4a66aeeaa5794e01b611 26dbc40a61c840bf991fe1308591a5a5 - - default default] 10.0.0.186 "GET /v2.0/security-groups?id=c691d407-be6a-4b56-80b5-f0f9674f3768&fields=id&fields=name HTTP/1.1" status: 200 len: 313 time: 0.0395083
2026-06-02 13:33:48.921 10 INFO neutron.api.wsgi [req-3c1a42ab-6e01-4589-9d74-bcc13a34215e req-b86d9d07-44fa-4853-945a-3259268900c1 7f80bfc0976c4ae49d98a14832977e59 bd1a759263f845cba38942cd10c00668 - - 02758a855b0a4c84848683b5d5df47d9 02758a855b0a4c84848683b5d5df47d9] 199.204.45.4 "GET /v2.0/networks/37714eeb-0519-4761-9a99-128aac6b7bcc?fields=provider%3Aphysical_network&fields=provider%3Anetwork_type HTTP/1.1" status: 200 len: 277 time: 0.0438838 /var/lib/openstack/lib/python3.12/site-packages/pycadf/identifier.py:71: UserWarning: Invalid uuid: neutron. To ensure interoperability, identifiers should be a valid uuid. warnings.warn(('Invalid uuid: %s. To ensure interoperability, '
2026-06-02 13:33:48.986 9 INFO neutron.api.wsgi [req-251a0c71-792b-41b7-8622-2b732c3fb01d req-e7181cf0-a2df-4078-b5ca-e148ac3aec14 2584bf3b005c4fe18d444109165d06de b9a505784955408bb69aa7613d94cd3c - - default default] 10.0.0.186 "GET /v2.0/ports?device_id=baf0caae-6f68-421b-8dd7-8b99df075611 HTTP/1.1" status: 200 len: 1168 time: 0.0384443
2026-06-02 13:33:49.024 9 INFO neutron.api.wsgi [req-251a0c71-792b-41b7-8622-2b732c3fb01d req-f37e2c58-14c8-4919-a515-367de72d337d 2584bf3b005c4fe18d444109165d06de b9a505784955408bb69aa7613d94cd3c - - default default] 10.0.0.186 "GET /v2.0/security-groups?id=d3a64a47-248d-439a-ad77-fafc57a6cc16&fields=id&fields=name HTTP/1.1" status: 200 len: 313 time: 0.0331872
2026-06-02 13:33:49.754 9 INFO neutron.notifiers.nova [-] Nova event matching ['req-c965e5f9-c153-48eb-8c26-3052a1a5525a'] response: {'server_uuid': 'f162660b-9416-4280-a68b-a2983dffddb3', 'name': 'network-vif-unplugged', 'status': 'completed', 'tag': 'ef26bb7e-663c-4e7e-bbc6-1b7548c03e6f', 'code': 200}
2026-06-02 13:33:50.035 9 INFO neutron.api.wsgi [req-34f90ab3-a214-46ea-a5ce-52b036cca160 req-7939736c-236e-4c96-b1db-0c0b805f6991 27b09b98e07e4a66aeeaa5794e01b611 26dbc40a61c840bf991fe1308591a5a5 - - default default] 10.0.0.186 "GET /v2.0/ports?device_id=f162660b-9416-4280-a68b-a2983dffddb3 HTTP/1.1" status: 200 len: 1168 time: 0.0714993
2026-06-02 13:33:50.092 9 INFO neutron.api.wsgi [req-34f90ab3-a214-46ea-a5ce-52b036cca160 req-5ed221c3-2aec-4015-b313-1d20aad0c478 27b09b98e07e4a66aeeaa5794e01b611 26dbc40a61c840bf991fe1308591a5a5 - - default default] 10.0.0.186 "GET /v2.0/security-groups?id=c691d407-be6a-4b56-80b5-f0f9674f3768&fields=id&fields=name HTTP/1.1" status: 200 len: 313 time: 0.0492146
2026-06-02 13:33:50.165 10 INFO neutron.api.wsgi [req-9a57dbbf-ce07-484c-a3d6-134722735686 req-9dd9ce00-97af-4e54-9a16-b8574de2ea07 2584bf3b005c4fe18d444109165d06de b9a505784955408bb69aa7613d94cd3c - - default default] 10.0.0.186 "GET /v2.0/ports?device_id=baf0caae-6f68-421b-8dd7-8b99df075611 HTTP/1.1" status: 200 len: 1168 time: 0.0478742
2026-06-02 13:33:50.197 10 INFO neutron.api.wsgi [req-9a57dbbf-ce07-484c-a3d6-134722735686 req-5ca18f34-d488-4f05-821b-f30418ab0cd2 2584bf3b005c4fe18d444109165d06de b9a505784955408bb69aa7613d94cd3c - - default default] 10.0.0.186 "GET /v2.0/security-groups?id=d3a64a47-248d-439a-ad77-fafc57a6cc16&fields=id&fields=name HTTP/1.1" status: 200 len: 313 time: 0.0261512
2026-06-02 13:33:50.676 9 INFO neutron.plugins.ml2.drivers.ovn.mech_driver.mech_driver [None req-b6aaa8f1-57c8-4859-a226-198c8e8c48f4 - - - - - -] OVN reports status up for port: ef26bb7e-663c-4e7e-bbc6-1b7548c03e6f
2026-06-02 13:33:50.687 9 INFO neutron.plugins.ml2.plugin [None req-b6aaa8f1-57c8-4859-a226-198c8e8c48f4 - - - - - -] Attempt 1 to provision port ef26bb7e-663c-4e7e-bbc6-1b7548c03e6f
2026-06-02 13:33:50.946 9 INFO neutron.db.ovn_revision_numbers_db [None req-b6aaa8f1-57c8-4859-a226-198c8e8c48f4 - - - - - -] Successfully bumped revision number for resource ef26bb7e-663c-4e7e-bbc6-1b7548c03e6f (type: ports) to 7
2026-06-02 13:33:51.136 10 INFO neutron.plugins.ml2.drivers.ovn.mech_driver.mech_driver [None req-1e6d1a56-cfec-4085-a6fa-3f67b49400bd - - - - - -] OVN reports status up for port: 80afc146-323a-4288-81cc-a1400b91eaa6
2026-06-02 13:33:51.163 10 INFO neutron.plugins.ml2.plugin [None req-1e6d1a56-cfec-4085-a6fa-3f67b49400bd - - - - - -] Attempt 1 to provision port 80afc146-323a-4288-81cc-a1400b91eaa6 /var/lib/openstack/lib/python3.12/site-packages/pycadf/identifier.py:71: UserWarning: Invalid uuid: neutron. To ensure interoperability, identifiers should be a valid uuid. warnings.warn(('Invalid uuid: %s. To ensure interoperability, '
2026-06-02 13:33:51.233 9 INFO neutron.api.wsgi [req-3548a292-6f37-4c3d-b2d6-8e6eb5923625 req-daddd7fd-29a6-49c9-a1f7-c19d67b4c5f2 27b09b98e07e4a66aeeaa5794e01b611 26dbc40a61c840bf991fe1308591a5a5 - - default default] 10.0.0.186 "GET /v2.0/ports?device_id=f162660b-9416-4280-a68b-a2983dffddb3 HTTP/1.1" status: 200 len: 1170 time: 0.0528383
2026-06-02 13:33:51.292 9 INFO neutron.api.wsgi [req-3548a292-6f37-4c3d-b2d6-8e6eb5923625 req-fae9c60c-573b-416d-a26b-732af387d91f 27b09b98e07e4a66aeeaa5794e01b611 26dbc40a61c840bf991fe1308591a5a5 - - default default] 10.0.0.186 "GET /v2.0/security-groups?id=c691d407-be6a-4b56-80b5-f0f9674f3768&fields=id&fields=name HTTP/1.1" status: 200 len: 313 time: 0.0538690
2026-06-02 13:33:51.333 10 INFO neutron.api.wsgi [req-3b09e6fe-8d76-4a7e-9acb-b43dfa513fc4 req-fe17e8d2-3b27-44fd-9d49-7e6f2765cfe0 2584bf3b005c4fe18d444109165d06de b9a505784955408bb69aa7613d94cd3c - - default default] 10.0.0.186 "GET /v2.0/ports?device_id=baf0caae-6f68-421b-8dd7-8b99df075611 HTTP/1.1" status: 200 len: 1170 time: 0.0596325
2026-06-02 13:33:51.349 10 INFO neutron.notifiers.nova [-] Nova event matching ['req-499128f7-eeca-45b3-b47d-8485755cba27'] response: {'server_uuid': 'baf0caae-6f68-421b-8dd7-8b99df075611', 'name': 'network-vif-plugged', 'status': 'completed', 'tag': '80afc146-323a-4288-81cc-a1400b91eaa6', 'code': 200}
2026-06-02 13:33:51.390 10 INFO neutron.api.wsgi [req-3b09e6fe-8d76-4a7e-9acb-b43dfa513fc4 req-829d68cc-7077-4fe6-adaa-c326f4f9c217 2584bf3b005c4fe18d444109165d06de b9a505784955408bb69aa7613d94cd3c - - default default] 10.0.0.186 "GET /v2.0/security-groups?id=d3a64a47-248d-439a-ad77-fafc57a6cc16&fields=id&fields=name HTTP/1.1" status: 200 len: 313 time: 0.0527585
2026-06-02 13:33:51.485 10 INFO neutron.db.ovn_revision_numbers_db [None req-1e6d1a56-cfec-4085-a6fa-3f67b49400bd - - - - - -] Successfully bumped revision number for resource 80afc146-323a-4288-81cc-a1400b91eaa6 (type: ports) to 5
2026-06-02 13:33:51.793 9 INFO neutron.notifiers.nova [-] Nova event matching ['req-506967e5-2dc0-4879-84d4-d885d892730a'] response: {'server_uuid': 'f162660b-9416-4280-a68b-a2983dffddb3', 'name': 'network-vif-plugged', 'status': 'completed', 'tag': 'ef26bb7e-663c-4e7e-bbc6-1b7548c03e6f', 'code': 200}
2026-06-02 13:33:51.793 9 INFO neutron.notifiers.nova [-] Nova event matching ['req-506967e5-2dc0-4879-84d4-d885d892730a'] response: {'server_uuid': 'f162660b-9416-4280-a68b-a2983dffddb3', 'name': 'network-vif-plugged', 'status': 'completed', 'tag': 'ef26bb7e-663c-4e7e-bbc6-1b7548c03e6f', 'code': 200}
2026-06-02 13:33:52.024 9 INFO neutron.db.ovn_revision_numbers_db [None req-dbd0ad8a-7472-4575-99f2-e252fba1c641 137ec43846084a089afdae182b4e0dbd 294e0993ebdb4c8ab84944346059036f - - default default] Successfully bumped revision number for resource f374ef6e-8a95-41e7-9401-4baff7683ce3 (type: security_groups) to 1
2026-06-02 13:33:52.038 9 INFO neutron.db.ovn_revision_numbers_db [None req-dbd0ad8a-7472-4575-99f2-e252fba1c641 137ec43846084a089afdae182b4e0dbd 294e0993ebdb4c8ab84944346059036f - - default default] Successfully bumped revision number for resource 3fb2394c-f86a-46f3-a2ff-3db201c64c4f (type: security_group_rules) to 0
2026-06-02 13:33:52.057 9 INFO neutron.db.ovn_revision_numbers_db [None req-dbd0ad8a-7472-4575-99f2-e252fba1c641 137ec43846084a089afdae182b4e0dbd 294e0993ebdb4c8ab84944346059036f - - default default] Successfully bumped revision number for resource b30f96e6-742e-475c-b1f0-03d07d4c1870 (type: security_group_rules) to 0
2026-06-02 13:33:52.074 9 INFO neutron.db.ovn_revision_numbers_db [None req-dbd0ad8a-7472-4575-99f2-e252fba1c641 137ec43846084a089afdae182b4e0dbd 294e0993ebdb4c8ab84944346059036f - - default default] Successfully bumped revision number for resource ccca675d-03dc-4674-ad1f-95eedfcd8f38 (type: security_group_rules) to 0
2026-06-02 13:33:52.093 9 INFO neutron.db.ovn_revision_numbers_db [None req-dbd0ad8a-7472-4575-99f2-e252fba1c641 137ec43846084a089afdae182b4e0dbd 294e0993ebdb4c8ab84944346059036f - - default default] Successfully bumped revision number for resource e2a47a89-1f14-4b41-8fd2-88c3907396a3 (type: security_group_rules) to 0
2026-06-02 13:33:52.134 9 INFO neutron.api.wsgi [None req-dbd0ad8a-7472-4575-99f2-e252fba1c641 137ec43846084a089afdae182b4e0dbd 294e0993ebdb4c8ab84944346059036f - - default default] 10.0.0.79 "GET /v2.0/security-groups?tenant_id=4d4f5fc7385f45749274eac83b6f572e&name=default HTTP/1.1" status: 200 len: 3120 time: 0.5150557
2026-06-02 13:33:52.369 9 INFO neutron.api.wsgi [None req-96f9ddda-631c-4ca6-82b7-8cdb856b8c13 137ec43846084a089afdae182b4e0dbd 294e0993ebdb4c8ab84944346059036f - - default default] 10.0.0.79 "DELETE /v2.0/security-groups/f374ef6e-8a95-41e7-9401-4baff7683ce3 HTTP/1.1" status: 204 len: 168 time: 0.2281065 /var/lib/openstack/lib/python3.12/site-packages/pycadf/identifier.py:71: UserWarning: Invalid uuid: neutron. To ensure interoperability, identifiers should be a valid uuid. warnings.warn(('Invalid uuid: %s. To ensure interoperability, '
2026-06-02 13:33:52.419 10 INFO neutron.api.wsgi [req-c68f4d0c-c1f2-4221-a70a-c0e85d82e390 req-e00bbdf8-7455-4387-9d2e-81f84fb8199e 27b09b98e07e4a66aeeaa5794e01b611 26dbc40a61c840bf991fe1308591a5a5 - - default default] 10.0.0.186 "GET /v2.0/ports?device_id=f162660b-9416-4280-a68b-a2983dffddb3 HTTP/1.1" status: 200 len: 1170 time: 0.0435717
2026-06-02 13:33:52.445 9 INFO neutron.api.wsgi [-] 10.0.0.53 "GET / HTTP/1.1" status: 200 len: 246 time: 0.0028591
2026-06-02 13:33:52.449 9 INFO neutron.api.wsgi [-] 10.0.0.53 "GET / HTTP/1.1" status: 200 len: 246 time: 0.0021281
2026-06-02 13:33:52.465 10 INFO neutron.api.wsgi [req-c68f4d0c-c1f2-4221-a70a-c0e85d82e390 req-664bed9b-6ae5-4b5f-b83f-fe9282656559 27b09b98e07e4a66aeeaa5794e01b611 26dbc40a61c840bf991fe1308591a5a5 - - default default] 10.0.0.186 "GET /v2.0/security-groups?id=c691d407-be6a-4b56-80b5-f0f9674f3768&fields=id&fields=name HTTP/1.1" status: 200 len: 313 time: 0.0380738
2026-06-02 13:33:52.485 9 INFO neutron.api.wsgi [req-f0f97e2e-81d4-4c2b-8287-74109b04967e req-c24d96f0-7148-4323-8bd2-d1915cb1170c 2584bf3b005c4fe18d444109165d06de b9a505784955408bb69aa7613d94cd3c - - default default] 10.0.0.186 "GET /v2.0/ports?device_id=baf0caae-6f68-421b-8dd7-8b99df075611 HTTP/1.1" status: 200 len: 1170 time: 0.0357015
2026-06-02 13:33:52.527 9 INFO neutron.api.wsgi [req-f0f97e2e-81d4-4c2b-8287-74109b04967e req-2820261e-798f-4a14-a884-ec3aae6d3d42 2584bf3b005c4fe18d444109165d06de b9a505784955408bb69aa7613d94cd3c - - default default] 10.0.0.186 "GET /v2.0/security-groups?id=d3a64a47-248d-439a-ad77-fafc57a6cc16&fields=id&fields=name HTTP/1.1" status: 200 len: 313 time: 0.0360739
2026-06-02 13:33:53.082 9 INFO neutron.db.ovn_revision_numbers_db [None req-47082621-408c-4ccf-b8a7-96483dbcdf4f 137ec43846084a089afdae182b4e0dbd 294e0993ebdb4c8ab84944346059036f - - default default] Successfully bumped revision number for resource 61face3f-7c01-4c6c-bbf0-58520b0f36a0 (type: security_groups) to 1
2026-06-02 13:33:53.096 9 INFO neutron.db.ovn_revision_numbers_db [None req-47082621-408c-4ccf-b8a7-96483dbcdf4f 137ec43846084a089afdae182b4e0dbd 294e0993ebdb4c8ab84944346059036f - - default default] Successfully bumped revision number for resource 490ffc25-a451-49d9-82bd-44f1982a9753 (type: security_group_rules) to 0
2026-06-02 13:33:53.114 9 INFO neutron.db.ovn_revision_numbers_db [None req-47082621-408c-4ccf-b8a7-96483dbcdf4f 137ec43846084a089afdae182b4e0dbd 294e0993ebdb4c8ab84944346059036f - - default default] Successfully bumped revision number for resource 77db3d29-1ff7-44ea-9d26-e7aeff0fe3fd (type: security_group_rules) to 0
2026-06-02 13:33:53.129 9 INFO neutron.db.ovn_revision_numbers_db [None req-47082621-408c-4ccf-b8a7-96483dbcdf4f 137ec43846084a089afdae182b4e0dbd 294e0993ebdb4c8ab84944346059036f - - default default] Successfully bumped revision number for resource da1388db-f339-4f4b-9a2c-09ab99c4bf8e (type: security_group_rules) to 0
2026-06-02 13:33:53.144 9 INFO neutron.db.ovn_revision_numbers_db [None req-47082621-408c-4ccf-b8a7-96483dbcdf4f 137ec43846084a089afdae182b4e0dbd 294e0993ebdb4c8ab84944346059036f - - default default] Successfully bumped revision number for resource e595cab9-fe43-4876-b15a-3f7d59d8b963 (type: security_group_rules) to 0
2026-06-02 13:33:53.184 9 INFO neutron.api.wsgi [None req-47082621-408c-4ccf-b8a7-96483dbcdf4f 137ec43846084a089afdae182b4e0dbd 294e0993ebdb4c8ab84944346059036f - - default default] 10.0.0.79 "GET /v2.0/security-groups?tenant_id=dc5a96b33049427ca512462616730013&name=default HTTP/1.1" status: 200 len: 3120 time: 0.3488593
2026-06-02 13:33:53.397 10 INFO neutron.notifiers.nova [-] Nova event matching ['req-4c228df7-e10a-438b-8d15-daf39c8adc45'] response: {'server_uuid': 'baf0caae-6f68-421b-8dd7-8b99df075611', 'name': 'network-vif-plugged', 'status': 'completed', 'tag': '80afc146-323a-4288-81cc-a1400b91eaa6', 'code': 200}
2026-06-02 13:33:53.421 9 INFO neutron.api.wsgi [None req-2a778b1c-9e90-4496-a57f-fb427b565519 137ec43846084a089afdae182b4e0dbd 294e0993ebdb4c8ab84944346059036f - - default default] 10.0.0.79 "DELETE /v2.0/security-groups/61face3f-7c01-4c6c-bbf0-58520b0f36a0 HTTP/1.1" status: 204 len: 168 time: 0.2306652
2026-06-02 13:33:53.633 9 INFO neutron.db.ovn_revision_numbers_db [None req-074d09cc-0070-4b92-9802-7fbbfa0c0a06 137ec43846084a089afdae182b4e0dbd 294e0993ebdb4c8ab84944346059036f - - default default] Successfully bumped revision number for resource f60a6af1-c419-4493-972e-2c94c39f5420 (type: security_groups) to 1
2026-06-02 13:33:53.653 9 INFO neutron.db.ovn_revision_numbers_db [None req-074d09cc-0070-4b92-9802-7fbbfa0c0a06 137ec43846084a089afdae182b4e0dbd 294e0993ebdb4c8ab84944346059036f - - default default] Successfully bumped revision number for resource 4e81b9cb-309f-47e8-ba94-03803d8d7a22 (type: security_group_rules) to 0
2026-06-02 13:33:53.670 9 INFO neutron.db.ovn_revision_numbers_db [None req-074d09cc-0070-4b92-9802-7fbbfa0c0a06 137ec43846084a089afdae182b4e0dbd 294e0993ebdb4c8ab84944346059036f - - default default] Successfully bumped revision number for resource 6623622d-44ad-4f23-bf34-3958806a1608 (type: security_group_rules) to 0
2026-06-02 13:33:53.673 9 INFO neutron.api.wsgi [req-1db299ed-57bb-439c-bebb-c737dfbf2ea1 req-708f085c-f2c2-4765-835b-5b9ffcc62c92 2584bf3b005c4fe18d444109165d06de b9a505784955408bb69aa7613d94cd3c - - default default] 10.0.0.186 "GET /v2.0/ports?device_id=baf0caae-6f68-421b-8dd7-8b99df075611 HTTP/1.1" status: 200 len: 1170 time: 0.0741637
2026-06-02 13:33:53.686 9 INFO neutron.db.ovn_revision_numbers_db [None req-074d09cc-0070-4b92-9802-7fbbfa0c0a06 137ec43846084a089afdae182b4e0dbd 294e0993ebdb4c8ab84944346059036f - - default default] Successfully bumped revision number for resource 81b2d169-3020-47f2-a6a0-4b1713599242 (type: security_group_rules) to 0
2026-06-02 13:33:53.701 9 INFO neutron.db.ovn_revision_numbers_db [None req-074d09cc-0070-4b92-9802-7fbbfa0c0a06 137ec43846084a089afdae182b4e0dbd 294e0993ebdb4c8ab84944346059036f - - default default] Successfully bumped revision number for resource ee38fba2-802f-47a6-aa74-cb94f9dbfc22 (type: security_group_rules) to 0
2026-06-02 13:33:53.720 9 INFO neutron.api.wsgi [req-1db299ed-57bb-439c-bebb-c737dfbf2ea1 req-ee324cbb-9343-4076-8ea3-fd2fe54abf49 2584bf3b005c4fe18d444109165d06de b9a505784955408bb69aa7613d94cd3c - - default default] 10.0.0.186 "GET /v2.0/security-groups?id=d3a64a47-248d-439a-ad77-fafc57a6cc16&fields=id&fields=name HTTP/1.1" status: 200 len: 313 time: 0.0401478
2026-06-02 13:33:53.744 9 INFO neutron.api.wsgi [None req-074d09cc-0070-4b92-9802-7fbbfa0c0a06 137ec43846084a089afdae182b4e0dbd 294e0993ebdb4c8ab84944346059036f - - default default] 10.0.0.79 "GET /v2.0/security-groups?tenant_id=d537bb945d04469cba84d3b7f87571ae&name=default HTTP/1.1" status: 200 len: 3120 time: 0.2231064
2026-06-02 13:33:53.855 10 INFO neutron.api.wsgi [req-140c7a3a-8354-49e5-ae1f-e3819174eea1 req-9781f377-3cb1-48d5-91e0-36ee3a858081 2584bf3b005c4fe18d444109165d06de b9a505784955408bb69aa7613d94cd3c - - default default] 10.0.0.186 "GET /v2.0/ports?device_id=baf0caae-6f68-421b-8dd7-8b99df075611 HTTP/1.1" status: 200 len: 1170 time: 0.0728092
2026-06-02 13:33:53.961 9 INFO neutron.api.wsgi [None req-5142e3bf-7dfd-468c-b647-f477c6a17e7b 137ec43846084a089afdae182b4e0dbd 294e0993ebdb4c8ab84944346059036f - - default default] 10.0.0.79 "DELETE /v2.0/security-groups/f60a6af1-c419-4493-972e-2c94c39f5420 HTTP/1.1" status: 204 len: 168 time: 0.2101865
2026-06-02 13:33:54.374 10 INFO neutron.db.ovn_revision_numbers_db [None req-81ec7f66-9222-42b9-9369-9d9a37c89988 2584bf3b005c4fe18d444109165d06de b9a505784955408bb69aa7613d94cd3c - - default default] Successfully bumped revision number for resource 8281d5ec-5052-4763-b9fc-4c4001c65ec8 (type: floatingips) to 1
2026-06-02 13:33:54.539 10 INFO neutron.db.ovn_revision_numbers_db [None req-81ec7f66-9222-42b9-9369-9d9a37c89988 2584bf3b005c4fe18d444109165d06de b9a505784955408bb69aa7613d94cd3c - - default default] Successfully bumped revision number for resource 8281d5ec-5052-4763-b9fc-4c4001c65ec8 (type: floatingips) to 2
2026-06-02 13:33:54.539 10 INFO neutron.db.l3_db [None req-81ec7f66-9222-42b9-9369-9d9a37c89988 2584bf3b005c4fe18d444109165d06de b9a505784955408bb69aa7613d94cd3c - - default default] Floating IP 8281d5ec-5052-4763-b9fc-4c4001c65ec8 associated. External IP: 10.96.250.220, port: 80afc146-323a-4288-81cc-a1400b91eaa6.
2026-06-02 13:33:54.563 10 INFO neutron.api.wsgi [None req-81ec7f66-9222-42b9-9369-9d9a37c89988 2584bf3b005c4fe18d444109165d06de b9a505784955408bb69aa7613d94cd3c - - default default] 10.0.0.79 "PUT /v2.0/floatingips/8281d5ec-5052-4763-b9fc-4c4001c65ec8 HTTP/1.1" status: 200 len: 1049 time: 0.6911025
2026-06-02 13:33:54.648 9 INFO neutron.api.wsgi [req-06fe85af-4f16-4e75-9228-12a4ae69f99c req-996d3626-fba4-41ca-bdd8-d34022fc9856 2584bf3b005c4fe18d444109165d06de b9a505784955408bb69aa7613d94cd3c - - default default] 10.0.0.186 "GET /v2.0/ports?device_id=baf0caae-6f68-421b-8dd7-8b99df075611 HTTP/1.1" status: 200 len: 1170 time: 0.0446563
2026-06-02 13:33:54.712 9 INFO neutron.api.wsgi [req-06fe85af-4f16-4e75-9228-12a4ae69f99c req-dfb6de32-67ad-4e1c-9ff4-34c53e134df5 2584bf3b005c4fe18d444109165d06de b9a505784955408bb69aa7613d94cd3c - - default default] 10.0.0.186 "GET /v2.0/security-groups?id=d3a64a47-248d-439a-ad77-fafc57a6cc16&fields=id&fields=name HTTP/1.1" status: 200 len: 313 time: 0.0587573 /var/lib/openstack/lib/python3.12/site-packages/pycadf/identifier.py:71: UserWarning: Invalid uuid: neutron. To ensure interoperability, identifiers should be a valid uuid. warnings.warn(('Invalid uuid: %s. To ensure interoperability, '
2026-06-02 13:33:54.994 10 INFO neutron.api.wsgi [req-acebf3c8-ce23-458b-aa80-8d886dd5eee3 req-a35474bd-1d1f-4d61-b4d5-eb9ef47c7226 2584bf3b005c4fe18d444109165d06de b9a505784955408bb69aa7613d94cd3c - - default default] 10.0.0.186 "GET /v2.0/ports?device_id=baf0caae-6f68-421b-8dd7-8b99df075611 HTTP/1.1" status: 200 len: 1170 time: 0.0483809
2026-06-02 13:33:55.044 10 INFO neutron.api.wsgi [req-acebf3c8-ce23-458b-aa80-8d886dd5eee3 req-6ceeee91-e6bb-4a04-8ec0-d659bc9d20a2 2584bf3b005c4fe18d444109165d06de b9a505784955408bb69aa7613d94cd3c - - default default] 10.0.0.186 "GET /v2.0/security-groups?id=d3a64a47-248d-439a-ad77-fafc57a6cc16&fields=id&fields=name HTTP/1.1" status: 200 len: 313 time: 0.0439036
2026-06-02 13:33:55.479 10 INFO neutron.notifiers.nova [-] Nova event matching ['req-6cd725b9-9ccb-4d08-984c-299cbc268ec5'] response: {'name': 'network-changed', 'server_uuid': 'baf0caae-6f68-421b-8dd7-8b99df075611', 'tag': '80afc146-323a-4288-81cc-a1400b91eaa6', 'status': 'completed', 'code': 200}
2026-06-02 13:33:55.504 10 INFO neutron.plugins.ml2.drivers.ovn.mech_driver.mech_driver [None req-afe833bc-2c40-4204-a517-1c9dd8ab8486 - - - - - -] OVN reports status down for port: 80afc146-323a-4288-81cc-a1400b91eaa6
2026-06-02 13:33:55.769 10 INFO neutron.db.ovn_revision_numbers_db [None req-afe833bc-2c40-4204-a517-1c9dd8ab8486 - - - - - -] Successfully bumped revision number for resource 80afc146-323a-4288-81cc-a1400b91eaa6 (type: ports) to 6 /var/lib/openstack/lib/python3.12/site-packages/pycadf/identifier.py:71: UserWarning: Invalid uuid: neutron. To ensure interoperability, identifiers should be a valid uuid. warnings.warn(('Invalid uuid: %s. To ensure interoperability, '
