2026-06-02 13:33:15.069 9 INFO neutron.api.wsgi [req-4dcf1133-3970-4eb7-909d-1abd25f4c355 req-1758c158-9440-44f2-8ccd-8af57e2bc53c 7f80bfc0976c4ae49d98a14832977e59 bd1a759263f845cba38942cd10c00668 - - 02758a855b0a4c84848683b5d5df47d9 02758a855b0a4c84848683b5d5df47d9] 10.0.0.186 "GET /v2.0/networks/50c27b58-23f8-40a8-a405-dd522cd3f779?fields=provider%3Aphysical_network&fields=provider%3Anetwork_type HTTP/1.1" status: 200 len: 277 time: 0.0453911
2026-06-02 13:33:15.268 10 INFO neutron.db.ovn_revision_numbers_db [None req-a7099724-f787-4d9a-9187-c858fb07c0cb - - - - - -] Successfully bumped revision number for resource e64f74a2-96ca-451b-82d8-6142e627e34f (type: ports) to 1
2026-06-02 13:33:15.277 10 INFO neutron.api.wsgi [req-fb62b49d-1292-4f7c-93c2-0c904ea1e576 req-109914dd-aad4-4218-840d-373834d0d9ab c85337671d3d4de7a3cbf7922049cc43 d031517615d54babb82f55acf0a72347 - - default default] 199.204.45.4 "GET /v2.0/subnets?network_id=2fa2ad08-7154-41e9-9012-9956f0c90224 HTTP/1.1" status: 200 len: 883 time: 0.0406663
2026-06-02 13:33:15.354 10 INFO neutron.api.wsgi [req-fb62b49d-1292-4f7c-93c2-0c904ea1e576 req-41ab0dfb-da1d-4cce-b094-e9a888818883 c85337671d3d4de7a3cbf7922049cc43 d031517615d54babb82f55acf0a72347 - - default default] 199.204.45.4 "GET /v2.0/ports?device_id=b083be91-0ee0-4769-a128-498c6ec4a8f7&device_owner=compute%3Anova&network_id=2fa2ad08-7154-41e9-9012-9956f0c90224 HTTP/1.1" status: 200 len: 1174 time: 0.0677466
2026-06-02 13:33:15.426 10 INFO neutron.api.wsgi [req-37741e4e-4817-44ff-89cc-a535d08338e1 req-cd76d780-b77b-48c7-b2e7-0684a167262c 76215e2330b644b0adffd511339a6d2b 5baa7b64ce084dcb82c9ee495825b3b4 - - default default] 10.0.0.186 "GET /v2.0/ports?device_id=cd1f6d0a-b253-4bde-8465-27362806e2b6 HTTP/1.1" status: 200 len: 210 time: 0.0281188
2026-06-02 13:33:15.470 10 WARNING neutron.scheduler.dhcp_agent_scheduler [None req-8586cb1e-5371-43a4-987b-5cc82f0150ba 137ec43846084a089afdae182b4e0dbd 294e0993ebdb4c8ab84944346059036f - - default default] No more DHCP agents
2026-06-02 13:33:15.473 10 WARNING neutron.api.rpc.agentnotifiers.dhcp_rpc_agent_api [None req-8586cb1e-5371-43a4-987b-5cc82f0150ba 137ec43846084a089afdae182b4e0dbd 294e0993ebdb4c8ab84944346059036f - - default default] Unable to schedule network 4fff9efa-4b1a-45b5-a9b2-dde710293e2c: no agents available; will retry on subsequent port and subnet creation events.
2026-06-02 13:33:15.642 10 INFO neutron.db.ovn_revision_numbers_db [None req-8586cb1e-5371-43a4-987b-5cc82f0150ba 137ec43846084a089afdae182b4e0dbd 294e0993ebdb4c8ab84944346059036f - - default default] Successfully bumped revision number for resource 95ed6fe2-0cdf-42d1-86ad-bcd89cf181bd (type: ports) to 1
2026-06-02 13:33:15.766 10 INFO neutron.db.ovn_revision_numbers_db [None req-a7099724-f787-4d9a-9187-c858fb07c0cb - - - - - -] Successfully bumped revision number for resource e64f74a2-96ca-451b-82d8-6142e627e34f (type: ports) to 4
2026-06-02 13:33:16.223 10 INFO neutron.db.ovn_revision_numbers_db [None req-a7099724-f787-4d9a-9187-c858fb07c0cb - - - - - -] Successfully bumped revision number for resource e64f74a2-96ca-451b-82d8-6142e627e34f (type: ports) to 5
2026-06-02 13:33:16.247 10 INFO neutron.db.ovn_revision_numbers_db [req-fb62b49d-1292-4f7c-93c2-0c904ea1e576 req-fdbe0c3b-fa57-4e5e-a538-fa52bc068d92 c85337671d3d4de7a3cbf7922049cc43 d031517615d54babb82f55acf0a72347 - - default default] Successfully bumped revision number for resource 94d08907-0c5b-409a-95b8-da2b4eab6406 (type: ports) to 6
2026-06-02 13:33:16.265 10 INFO neutron.api.wsgi [req-fb62b49d-1292-4f7c-93c2-0c904ea1e576 req-fdbe0c3b-fa57-4e5e-a538-fa52bc068d92 c85337671d3d4de7a3cbf7922049cc43 d031517615d54babb82f55acf0a72347 - - default default] 199.204.45.4 "PUT /v2.0/ports/94d08907-0c5b-409a-95b8-da2b4eab6406 HTTP/1.1" status: 200 len: 1349 time: 0.9018521
2026-06-02 13:33:16.304 10 INFO neutron.notifiers.nova [-] Nova event matching ['req-83ae335a-edd5-45af-8c52-78e105c63a37'] response: {'name': 'network-changed', 'server_uuid': 'b083be91-0ee0-4769-a128-498c6ec4a8f7', 'tag': '94d08907-0c5b-409a-95b8-da2b4eab6406', 'status': 'completed', 'code': 200}
2026-06-02 13:33:16.398 9 INFO neutron.plugins.ml2.drivers.ovn.mech_driver.mech_driver [None req-e8ca3b59-f50b-46c1-9f83-e75391e4c88c - - - - - -] OVN reports status up for port: 95ed6fe2-0cdf-42d1-86ad-bcd89cf181bd
2026-06-02 13:33:16.406 9 INFO neutron.plugins.ml2.plugin [None req-e8ca3b59-f50b-46c1-9f83-e75391e4c88c - - - - - -] Attempt 1 to provision port 95ed6fe2-0cdf-42d1-86ad-bcd89cf181bd
2026-06-02 13:33:16.412 10 INFO neutron.db.ovn_revision_numbers_db [None req-8586cb1e-5371-43a4-987b-5cc82f0150ba 137ec43846084a089afdae182b4e0dbd 294e0993ebdb4c8ab84944346059036f - - default default] Successfully bumped revision number for resource 95ed6fe2-0cdf-42d1-86ad-bcd89cf181bd (type: ports) to 1
2026-06-02 13:33:16.454 10 WARNING neutron.scheduler.dhcp_agent_scheduler [None req-8586cb1e-5371-43a4-987b-5cc82f0150ba 137ec43846084a089afdae182b4e0dbd 294e0993ebdb4c8ab84944346059036f - - default default] No more DHCP agents
2026-06-02 13:33:16.455 10 WARNING neutron.api.rpc.agentnotifiers.dhcp_rpc_agent_api [None req-8586cb1e-5371-43a4-987b-5cc82f0150ba 137ec43846084a089afdae182b4e0dbd 294e0993ebdb4c8ab84944346059036f - - default default] Unable to schedule network 4fff9efa-4b1a-45b5-a9b2-dde710293e2c: no agents available; will retry on subsequent port and subnet creation events.
2026-06-02 13:33:16.533 9 INFO neutron.api.wsgi [req-9a0065f9-7860-4d6e-9b32-7ec4acd033c3 req-d20a5a64-ffff-48f2-b93f-c1841c21d1ef 76215e2330b644b0adffd511339a6d2b 5baa7b64ce084dcb82c9ee495825b3b4 - - default default] 10.0.0.186 "GET /v2.0/ports?device_id=cd1f6d0a-b253-4bde-8465-27362806e2b6 HTTP/1.1" status: 200 len: 210 time: 0.0171006
2026-06-02 13:33:16.714 9 INFO neutron.db.ovn_revision_numbers_db [None req-e8ca3b59-f50b-46c1-9f83-e75391e4c88c - - - - - -] Successfully bumped revision number for resource 95ed6fe2-0cdf-42d1-86ad-bcd89cf181bd (type: ports) to 2 /var/lib/openstack/lib/python3.12/site-packages/pycadf/identifier.py:71: UserWarning: Invalid uuid: neutron. To ensure interoperability, identifiers should be a valid uuid. warnings.warn(('Invalid uuid: %s. To ensure interoperability, '
2026-06-02 13:33:16.832 10 INFO neutron.api.wsgi [req-fb62b49d-1292-4f7c-93c2-0c904ea1e576 req-a564f48c-1c92-467b-aa54-fe244b21e521 7f80bfc0976c4ae49d98a14832977e59 bd1a759263f845cba38942cd10c00668 - - 02758a855b0a4c84848683b5d5df47d9 02758a855b0a4c84848683b5d5df47d9] 199.204.45.4 "GET /v2.0/ports?tenant_id=d031517615d54babb82f55acf0a72347&device_id=b083be91-0ee0-4769-a128-498c6ec4a8f7 HTTP/1.1" status: 200 len: 1590 time: 0.0545905
2026-06-02 13:33:16.907 10 INFO neutron.api.wsgi [req-fb62b49d-1292-4f7c-93c2-0c904ea1e576 req-c88e591d-c1a9-4589-98db-5473db5be728 7f80bfc0976c4ae49d98a14832977e59 bd1a759263f845cba38942cd10c00668 - - 02758a855b0a4c84848683b5d5df47d9 02758a855b0a4c84848683b5d5df47d9] 199.204.45.4 "GET /v2.0/networks?id=2fa2ad08-7154-41e9-9012-9956f0c90224 HTTP/1.1" status: 200 len: 982 time: 0.0683529
2026-06-02 13:33:16.956 10 INFO neutron.api.wsgi [req-fb62b49d-1292-4f7c-93c2-0c904ea1e576 req-3a01ecfd-e62b-4a70-b2c0-0e5984db175c 7f80bfc0976c4ae49d98a14832977e59 bd1a759263f845cba38942cd10c00668 - - 02758a855b0a4c84848683b5d5df47d9 02758a855b0a4c84848683b5d5df47d9] 199.204.45.4 "GET /v2.0/floatingips?fixed_ip_address=10.100.0.13&port_id=94d08907-0c5b-409a-95b8-da2b4eab6406 HTTP/1.1" status: 200 len: 1060 time: 0.0415781
2026-06-02 13:33:16.984 10 INFO neutron.api.wsgi [req-fb62b49d-1292-4f7c-93c2-0c904ea1e576 req-55df7503-f3dd-4ab4-9dbb-18a0a5fb3222 7f80bfc0976c4ae49d98a14832977e59 bd1a759263f845cba38942cd10c00668 - - 02758a855b0a4c84848683b5d5df47d9 02758a855b0a4c84848683b5d5df47d9] 199.204.45.4 "GET /v2.0/floatingips?fixed_ip_address=10.100.0.9&port_id=94d08907-0c5b-409a-95b8-da2b4eab6406 HTTP/1.1" status: 200 len: 217 time: 0.0195439
2026-06-02 13:33:17.022 10 INFO neutron.api.wsgi [req-fb62b49d-1292-4f7c-93c2-0c904ea1e576 req-7ef2e037-c823-40d8-ad4e-ce6a6a21edb7 7f80bfc0976c4ae49d98a14832977e59 bd1a759263f845cba38942cd10c00668 - - 02758a855b0a4c84848683b5d5df47d9 02758a855b0a4c84848683b5d5df47d9] 199.204.45.4 "GET /v2.0/subnets?id=fd4b0a45-1178-45b1-beed-627ecf306082 HTTP/1.1" status: 200 len: 901 time: 0.0321689
2026-06-02 13:33:17.042 10 INFO neutron.api.wsgi [req-fb62b49d-1292-4f7c-93c2-0c904ea1e576 req-c0f3f9ed-0eec-4975-88f2-162e88d7800f 7f80bfc0976c4ae49d98a14832977e59 bd1a759263f845cba38942cd10c00668 - - 02758a855b0a4c84848683b5d5df47d9 02758a855b0a4c84848683b5d5df47d9] 199.204.45.4 "GET /v2.0/ports?network_id=2fa2ad08-7154-41e9-9012-9956f0c90224&device_owner=network%3Adhcp HTTP/1.1" status: 200 len: 210 time: 0.0162613
2026-06-02 13:33:17.106 10 INFO neutron.api.wsgi [req-fb62b49d-1292-4f7c-93c2-0c904ea1e576 req-672b6c36-fb77-4df8-bda3-66f663c038e9 7f80bfc0976c4ae49d98a14832977e59 bd1a759263f845cba38942cd10c00668 - - 02758a855b0a4c84848683b5d5df47d9 02758a855b0a4c84848683b5d5df47d9] 199.204.45.4 "GET /v2.0/networks/2fa2ad08-7154-41e9-9012-9956f0c90224?fields=segments HTTP/1.1" status: 200 len: 212 time: 0.0487247
2026-06-02 13:33:17.177 10 INFO neutron.api.wsgi [req-fb62b49d-1292-4f7c-93c2-0c904ea1e576 req-7de1a6e3-ecc1-4788-aa0a-4527fc12e001 7f80bfc0976c4ae49d98a14832977e59 bd1a759263f845cba38942cd10c00668 - - 02758a855b0a4c84848683b5d5df47d9 02758a855b0a4c84848683b5d5df47d9] 199.204.45.4 "GET /v2.0/networks/2fa2ad08-7154-41e9-9012-9956f0c90224?fields=provider%3Aphysical_network&fields=provider%3Anetwork_type HTTP/1.1" status: 200 len: 277 time: 0.0567381
2026-06-02 13:33:17.217 10 INFO neutron.db.ovn_revision_numbers_db [None req-8586cb1e-5371-43a4-987b-5cc82f0150ba 137ec43846084a089afdae182b4e0dbd 294e0993ebdb4c8ab84944346059036f - - default default] Successfully bumped revision number for resource 95ed6fe2-0cdf-42d1-86ad-bcd89cf181bd (type: router_ports) to 1
2026-06-02 13:33:17.224 10 INFO neutron.api.wsgi [None req-8586cb1e-5371-43a4-987b-5cc82f0150ba 137ec43846084a089afdae182b4e0dbd 294e0993ebdb4c8ab84944346059036f - - default default] 10.0.0.79 "PUT /v2.0/routers/258226e7-0fd4-4a9b-8f62-7c1f3cf27801/add_router_interface HTTP/1.1" status: 200 len: 503 time: 2.6316006
2026-06-02 13:33:17.618 10 INFO neutron.api.wsgi [req-49165550-340f-4458-8238-7bf1de19e76e req-ddf5164a-ffef-47a2-bd91-5b125d258d2a 76215e2330b644b0adffd511339a6d2b 5baa7b64ce084dcb82c9ee495825b3b4 - - default default] 10.0.0.186 "GET /v2.0/ports?device_id=cd1f6d0a-b253-4bde-8465-27362806e2b6 HTTP/1.1" status: 200 len: 210 time: 0.0161672
2026-06-02 13:33:17.853 9 WARNING neutron_lib.context [None req-49c34a4f-cf85-44f1-84ac-ccab3068951c 27b09b98e07e4a66aeeaa5794e01b611 26dbc40a61c840bf991fe1308591a5a5 - - default default] Method 'is_advsvc' is deprecated since 2023.2 release (neutron-lib 3.8.0) and will be removed once support for the old RBAC API policies will be removed from Neutron. Please use method 'is_service_role' instead.
2026-06-02 13:33:17.958 9 INFO neutron.db.ovn_revision_numbers_db [None req-49c34a4f-cf85-44f1-84ac-ccab3068951c 27b09b98e07e4a66aeeaa5794e01b611 26dbc40a61c840bf991fe1308591a5a5 - - default default] Successfully bumped revision number for resource c691d407-be6a-4b56-80b5-f0f9674f3768 (type: security_groups) to 1
2026-06-02 13:33:17.965 9 INFO neutron.api.wsgi [req-ba217559-3fab-4e1b-b670-3d2438955ec7 req-82ef5ec8-3fe8-4402-bd52-0653e8ece655 c85337671d3d4de7a3cbf7922049cc43 d031517615d54babb82f55acf0a72347 - - default default] 10.0.0.186 "GET /v2.0/ports?device_id=b083be91-0ee0-4769-a128-498c6ec4a8f7 HTTP/1.1" status: 200 len: 1352 time: 0.0336580
2026-06-02 13:33:17.975 9 INFO neutron.db.ovn_revision_numbers_db [None req-49c34a4f-cf85-44f1-84ac-ccab3068951c 27b09b98e07e4a66aeeaa5794e01b611 26dbc40a61c840bf991fe1308591a5a5 - - default default] Successfully bumped revision number for resource a6f8645a-a2da-4715-a0fd-1bcf291a8ec1 (type: security_group_rules) to 0
2026-06-02 13:33:17.990 9 INFO neutron.db.ovn_revision_numbers_db [None req-49c34a4f-cf85-44f1-84ac-ccab3068951c 27b09b98e07e4a66aeeaa5794e01b611 26dbc40a61c840bf991fe1308591a5a5 - - default default] Successfully bumped revision number for resource c82d2bc6-e9c6-439e-ba24-6f9665b1e3a7 (type: security_group_rules) to 0
2026-06-02 13:33:18.001 9 INFO neutron.api.wsgi [req-ba217559-3fab-4e1b-b670-3d2438955ec7 req-621a7118-643d-4c70-aa36-a36fb4548cc6 c85337671d3d4de7a3cbf7922049cc43 d031517615d54babb82f55acf0a72347 - - default default] 10.0.0.186 "GET /v2.0/security-groups?id=6935779e-6465-4b0d-8c1e-1c8de2d44435&fields=id&fields=name HTTP/1.1" status: 200 len: 311 time: 0.0304117
2026-06-02 13:33:18.021 9 INFO neutron.api.wsgi [None req-49c34a4f-cf85-44f1-84ac-ccab3068951c 27b09b98e07e4a66aeeaa5794e01b611 26dbc40a61c840bf991fe1308591a5a5 - - default default] 10.0.0.79 "POST /v2.0/security-groups HTTP/1.1" status: 201 len: 1860 time: 0.1731889
2026-06-02 13:33:18.030 9 WARNING neutron_lib.context [None req-fc76f863-e517-46f4-b5a5-577cca5ba2de 27b09b98e07e4a66aeeaa5794e01b611 26dbc40a61c840bf991fe1308591a5a5 - - default default] Method 'is_advsvc' is deprecated since 2023.2 release (neutron-lib 3.8.0) and will be removed once support for the old RBAC API policies will be removed from Neutron. Please use method 'is_service_role' instead.
2026-06-02 13:33:18.146 9 INFO neutron.db.ovn_revision_numbers_db [None req-fc76f863-e517-46f4-b5a5-577cca5ba2de 27b09b98e07e4a66aeeaa5794e01b611 26dbc40a61c840bf991fe1308591a5a5 - - default default] Successfully bumped revision number for resource 1235adf4-b783-40f3-899a-7528937e24ef (type: security_group_rules) to 0
2026-06-02 13:33:18.176 9 INFO neutron.api.wsgi [None req-fc76f863-e517-46f4-b5a5-577cca5ba2de 27b09b98e07e4a66aeeaa5794e01b611 26dbc40a61c840bf991fe1308591a5a5 - - default default] 10.0.0.79 "POST /v2.0/security-group-rules HTTP/1.1" status: 201 len: 796 time: 0.1498544
2026-06-02 13:33:18.186 9 WARNING neutron_lib.context [None req-242847bd-330b-45a4-a59c-533f29c07fd0 27b09b98e07e4a66aeeaa5794e01b611 26dbc40a61c840bf991fe1308591a5a5 - - default default] Method 'is_advsvc' is deprecated since 2023.2 release (neutron-lib 3.8.0) and will be removed once support for the old RBAC API policies will be removed from Neutron. Please use method 'is_service_role' instead.
2026-06-02 13:33:18.238 10 INFO neutron.api.wsgi [req-c65d46cd-26eb-4f01-a821-157e905294e4 req-bb6859bb-8ed5-4328-9603-155584bc34a3 7f80bfc0976c4ae49d98a14832977e59 bd1a759263f845cba38942cd10c00668 - - 02758a855b0a4c84848683b5d5df47d9 02758a855b0a4c84848683b5d5df47d9] 199.204.45.4 "GET /v2.0/ports?tenant_id=d031517615d54babb82f55acf0a72347&device_id=b083be91-0ee0-4769-a128-498c6ec4a8f7 HTTP/1.1" status: 200 len: 1590 time: 0.0432177
2026-06-02 13:33:18.298 10 INFO neutron.api.wsgi [req-c65d46cd-26eb-4f01-a821-157e905294e4 req-8c3db873-a806-4626-8542-48c5888690dd 7f80bfc0976c4ae49d98a14832977e59 bd1a759263f845cba38942cd10c00668 - - 02758a855b0a4c84848683b5d5df47d9 02758a855b0a4c84848683b5d5df47d9] 199.204.45.4 "GET /v2.0/networks?id=2fa2ad08-7154-41e9-9012-9956f0c90224 HTTP/1.1" status: 200 len: 982 time: 0.0529213
2026-06-02 13:33:18.316 9 INFO neutron.db.ovn_revision_numbers_db [None req-242847bd-330b-45a4-a59c-533f29c07fd0 27b09b98e07e4a66aeeaa5794e01b611 26dbc40a61c840bf991fe1308591a5a5 - - default default] Successfully bumped revision number for resource 6d481f20-7ebc-4fe2-802f-d0ad913ad676 (type: security_group_rules) to 0
2026-06-02 13:33:18.344 9 INFO neutron.api.wsgi [None req-242847bd-330b-45a4-a59c-533f29c07fd0 27b09b98e07e4a66aeeaa5794e01b611 26dbc40a61c840bf991fe1308591a5a5 - - default default] 10.0.0.79 "POST /v2.0/security-group-rules HTTP/1.1" status: 201 len: 801 time: 0.1615252
2026-06-02 13:33:18.352 9 WARNING neutron_lib.context [None req-28342e9b-6426-43e8-bff0-d80e13e690e2 27b09b98e07e4a66aeeaa5794e01b611 26dbc40a61c840bf991fe1308591a5a5 - - default default] Method 'is_advsvc' is deprecated since 2023.2 release (neutron-lib 3.8.0) and will be removed once support for the old RBAC API policies will be removed from Neutron. Please use method 'is_service_role' instead.
2026-06-02 13:33:18.358 10 INFO neutron.api.wsgi [req-c65d46cd-26eb-4f01-a821-157e905294e4 req-c7eb1782-3b49-4634-a265-836e9888b7a1 7f80bfc0976c4ae49d98a14832977e59 bd1a759263f845cba38942cd10c00668 - - 02758a855b0a4c84848683b5d5df47d9 02758a855b0a4c84848683b5d5df47d9] 199.204.45.4 "GET /v2.0/floatingips?fixed_ip_address=10.100.0.13&port_id=94d08907-0c5b-409a-95b8-da2b4eab6406 HTTP/1.1" status: 200 len: 1060 time: 0.0447524
2026-06-02 13:33:18.383 10 INFO neutron.api.wsgi [req-c65d46cd-26eb-4f01-a821-157e905294e4 req-cf1f73ed-695c-414e-967b-46442fa464c8 7f80bfc0976c4ae49d98a14832977e59 bd1a759263f845cba38942cd10c00668 - - 02758a855b0a4c84848683b5d5df47d9 02758a855b0a4c84848683b5d5df47d9] 199.204.45.4 "GET /v2.0/floatingips?fixed_ip_address=10.100.0.9&port_id=94d08907-0c5b-409a-95b8-da2b4eab6406 HTTP/1.1" status: 200 len: 217 time: 0.0188379
2026-06-02 13:33:18.410 10 INFO neutron.api.wsgi [req-c65d46cd-26eb-4f01-a821-157e905294e4 req-a8f4d36e-f7e3-4f65-a3dd-73a4e788e9ee 7f80bfc0976c4ae49d98a14832977e59 bd1a759263f845cba38942cd10c00668 - - 02758a855b0a4c84848683b5d5df47d9 02758a855b0a4c84848683b5d5df47d9] 199.204.45.4 "GET /v2.0/subnets?id=fd4b0a45-1178-45b1-beed-627ecf306082 HTTP/1.1" status: 200 len: 901 time: 0.0221374
2026-06-02 13:33:18.430 10 INFO neutron.api.wsgi [req-c65d46cd-26eb-4f01-a821-157e905294e4 req-3cfe7c25-8b8f-4621-a82a-9cd77ccf8e7a 7f80bfc0976c4ae49d98a14832977e59 bd1a759263f845cba38942cd10c00668 - - 02758a855b0a4c84848683b5d5df47d9 02758a855b0a4c84848683b5d5df47d9] 199.204.45.4 "GET /v2.0/ports?network_id=2fa2ad08-7154-41e9-9012-9956f0c90224&device_owner=network%3Adhcp HTTP/1.1" status: 200 len: 210 time: 0.0134289
2026-06-02 13:33:18.475 10 INFO neutron.api.wsgi [req-c65d46cd-26eb-4f01-a821-157e905294e4 req-688e9a7c-2a78-47de-9f3e-40cb8cfe9496 7f80bfc0976c4ae49d98a14832977e59 bd1a759263f845cba38942cd10c00668 - - 02758a855b0a4c84848683b5d5df47d9 02758a855b0a4c84848683b5d5df47d9] 199.204.45.4 "GET /v2.0/networks/2fa2ad08-7154-41e9-9012-9956f0c90224?fields=segments HTTP/1.1" status: 200 len: 212 time: 0.0397663
2026-06-02 13:33:18.497 9 INFO neutron.db.ovn_revision_numbers_db [None req-8b136d7c-439f-4909-9043-616ae8ff7150 137ec43846084a089afdae182b4e0dbd 294e0993ebdb4c8ab84944346059036f - - default default] Successfully bumped revision number for resource 22e7b676-ee74-481c-a197-6236479810b7 (type: security_groups) to 1
2026-06-02 13:33:18.516 9 INFO neutron.db.ovn_revision_numbers_db [None req-8b136d7c-439f-4909-9043-616ae8ff7150 137ec43846084a089afdae182b4e0dbd 294e0993ebdb4c8ab84944346059036f - - default default] Successfully bumped revision number for resource 43a28930-d61c-47ad-8df8-80636ffea0aa (type: security_group_rules) to 0
2026-06-02 13:33:18.520 10 INFO neutron.api.wsgi [req-c65d46cd-26eb-4f01-a821-157e905294e4 req-0e99005e-8a85-498b-9088-64135b1c266f 7f80bfc0976c4ae49d98a14832977e59 bd1a759263f845cba38942cd10c00668 - - 02758a855b0a4c84848683b5d5df47d9 02758a855b0a4c84848683b5d5df47d9] 199.204.45.4 "GET /v2.0/networks/2fa2ad08-7154-41e9-9012-9956f0c90224?fields=provider%3Aphysical_network&fields=provider%3Anetwork_type HTTP/1.1" status: 200 len: 277 time: 0.0388246
2026-06-02 13:33:18.534 9 INFO neutron.db.ovn_revision_numbers_db [None req-8b136d7c-439f-4909-9043-616ae8ff7150 137ec43846084a089afdae182b4e0dbd 294e0993ebdb4c8ab84944346059036f - - default default] Successfully bumped revision number for resource a1d7ee5b-d468-4069-b9d9-4eb5ca6b7492 (type: security_group_rules) to 0
2026-06-02 13:33:18.548 9 INFO neutron.db.ovn_revision_numbers_db [None req-8b136d7c-439f-4909-9043-616ae8ff7150 137ec43846084a089afdae182b4e0dbd 294e0993ebdb4c8ab84944346059036f - - default default] Successfully bumped revision number for resource ce23c437-fec5-4ead-8254-c26847e821c8 (type: security_group_rules) to 0
2026-06-02 13:33:18.569 9 INFO neutron.db.ovn_revision_numbers_db [None req-8b136d7c-439f-4909-9043-616ae8ff7150 137ec43846084a089afdae182b4e0dbd 294e0993ebdb4c8ab84944346059036f - - default default] Successfully bumped revision number for resource e73e62ae-e6ca-4205-929c-edb8309f7b59 (type: security_group_rules) to 0
2026-06-02 13:33:18.590 9 WARNING neutron.scheduler.dhcp_agent_scheduler [None req-28342e9b-6426-43e8-bff0-d80e13e690e2 27b09b98e07e4a66aeeaa5794e01b611 26dbc40a61c840bf991fe1308591a5a5 - - default default] No more DHCP agents
2026-06-02 13:33:18.592 9 WARNING neutron.api.rpc.agentnotifiers.dhcp_rpc_agent_api [None req-28342e9b-6426-43e8-bff0-d80e13e690e2 27b09b98e07e4a66aeeaa5794e01b611 26dbc40a61c840bf991fe1308591a5a5 - - default default] Unable to schedule network 3625b642-a7a8-45eb-a055-e8c49cf30b3a: no agents available; will retry on subsequent port and subnet creation events.
2026-06-02 13:33:18.608 9 INFO neutron.api.wsgi [None req-8b136d7c-439f-4909-9043-616ae8ff7150 137ec43846084a089afdae182b4e0dbd 294e0993ebdb4c8ab84944346059036f - - default default] 10.0.0.79 "GET /v2.0/security-groups?tenant_id=8434c53eb25b4bfbaa7a263be69d332f&name=default HTTP/1.1" status: 200 len: 3120 time: 0.4200208
2026-06-02 13:33:18.705 10 INFO neutron.api.wsgi [req-3b45d9e5-0fc5-4bbe-bb10-285bbab1cc57 req-68a0e56e-0e2f-4df8-a8b6-d8284418d163 76215e2330b644b0adffd511339a6d2b 5baa7b64ce084dcb82c9ee495825b3b4 - - default default] 10.0.0.186 "GET /v2.0/ports?device_id=cd1f6d0a-b253-4bde-8465-27362806e2b6 HTTP/1.1" status: 200 len: 210 time: 0.0192211
2026-06-02 13:33:18.831 9 INFO neutron.api.wsgi [None req-b858b738-7f9a-46e0-9c0b-f4b6836a7324 137ec43846084a089afdae182b4e0dbd 294e0993ebdb4c8ab84944346059036f - - default default] 10.0.0.79 "DELETE /v2.0/security-groups/22e7b676-ee74-481c-a197-6236479810b7 HTTP/1.1" status: 204 len: 168 time: 0.2178307
2026-06-02 13:33:18.893 9 INFO neutron.api.wsgi [None req-28342e9b-6426-43e8-bff0-d80e13e690e2 27b09b98e07e4a66aeeaa5794e01b611 26dbc40a61c840bf991fe1308591a5a5 - - default default] 10.0.0.79 "POST /v2.0/floatingips HTTP/1.1" status: 201 len: 751 time: 0.5442832
2026-06-02 13:33:19.017 9 INFO neutron.db.ovn_revision_numbers_db [None req-14a3ab45-92ad-42f8-a4d7-d81261709bb6 137ec43846084a089afdae182b4e0dbd 294e0993ebdb4c8ab84944346059036f - - default default] Successfully bumped revision number for resource d0980cbf-f0e6-4f25-a4c9-95cde65cfcad (type: security_groups) to 1
2026-06-02 13:33:19.031 9 INFO neutron.db.ovn_revision_numbers_db [None req-14a3ab45-92ad-42f8-a4d7-d81261709bb6 137ec43846084a089afdae182b4e0dbd 294e0993ebdb4c8ab84944346059036f - - default default] Successfully bumped revision number for resource 0ad87675-01c7-467b-bae3-2ef20fe71155 (type: security_group_rules) to 0
2026-06-02 13:33:19.042 9 INFO neutron.db.ovn_revision_numbers_db [None req-14a3ab45-92ad-42f8-a4d7-d81261709bb6 137ec43846084a089afdae182b4e0dbd 294e0993ebdb4c8ab84944346059036f - - default default] Successfully bumped revision number for resource a234d59f-17c2-488b-8c5d-d5ee15de1fbd (type: security_group_rules) to 0
2026-06-02 13:33:19.053 9 INFO neutron.db.ovn_revision_numbers_db [None req-14a3ab45-92ad-42f8-a4d7-d81261709bb6 137ec43846084a089afdae182b4e0dbd 294e0993ebdb4c8ab84944346059036f - - default default] Successfully bumped revision number for resource bc10fe5b-1ac0-4043-b58a-842c64d02b92 (type: security_group_rules) to 0
2026-06-02 13:33:19.066 9 INFO neutron.db.ovn_revision_numbers_db [None req-14a3ab45-92ad-42f8-a4d7-d81261709bb6 137ec43846084a089afdae182b4e0dbd 294e0993ebdb4c8ab84944346059036f - - default default] Successfully bumped revision number for resource bc4665b2-9f8e-456f-864b-0aa3e2a6e20a (type: security_group_rules) to 0
2026-06-02 13:33:19.091 10 INFO neutron.api.wsgi [req-6d9cf610-2357-4705-993c-ba07100f1278 req-881992ae-5257-4185-a78f-2fc9a16f5719 c85337671d3d4de7a3cbf7922049cc43 d031517615d54babb82f55acf0a72347 - - default default] 199.204.45.4 "GET /v2.0/ports?device_id=b083be91-0ee0-4769-a128-498c6ec4a8f7&device_owner=compute%3Anova&fixed_ips=ip_address%3D10.100.0.9 HTTP/1.1" status: 200 len: 1352 time: 0.0594532
2026-06-02 13:33:19.101 9 INFO neutron.api.wsgi [None req-14a3ab45-92ad-42f8-a4d7-d81261709bb6 137ec43846084a089afdae182b4e0dbd 294e0993ebdb4c8ab84944346059036f - - default default] 10.0.0.79 "GET /v2.0/security-groups?tenant_id=efa76ea9cc394c959bd5f34b724e27fd&name=default HTTP/1.1" status: 200 len: 3120 time: 0.1913922
2026-06-02 13:33:19.400 10 INFO neutron.api.wsgi [req-c7f1b739-1f84-438f-9b38-c72d8ec24be9 req-6e81bcae-bb40-49f5-b265-3dfcfd9bd931 27b09b98e07e4a66aeeaa5794e01b611 26dbc40a61c840bf991fe1308591a5a5 - - default default] 10.0.0.186 "GET /v2.0/security-groups?name=tempest-securitygroup--1936986072&fields=id&tenant_id=26dbc40a61c840bf991fe1308591a5a5 HTTP/1.1" status: 200 len: 267 time: 0.0536249
2026-06-02 13:33:19.407 10 INFO neutron.api.wsgi [None req-30cc4267-9754-4cd9-999c-b594864b9e53 137ec43846084a089afdae182b4e0dbd 294e0993ebdb4c8ab84944346059036f - - default default] 10.0.0.79 "DELETE /v2.0/security-groups/d0980cbf-f0e6-4f25-a4c9-95cde65cfcad HTTP/1.1" status: 204 len: 168 time: 0.2975068
2026-06-02 13:33:19.457 10 INFO neutron.api.wsgi [req-c7f1b739-1f84-438f-9b38-c72d8ec24be9 req-70d101b7-619d-4f14-b78e-96923b4588ba 27b09b98e07e4a66aeeaa5794e01b611 26dbc40a61c840bf991fe1308591a5a5 - - default default] 10.0.0.186 "GET /v2.0/networks?id=4fff9efa-4b1a-45b5-a9b2-dde710293e2c HTTP/1.1" status: 200 len: 873 time: 0.0485075
2026-06-02 13:33:19.475 10 INFO neutron.api.wsgi [req-c7f1b739-1f84-438f-9b38-c72d8ec24be9 req-a4cf0d57-a6e4-4cfa-8585-f4ead8c243dc 27b09b98e07e4a66aeeaa5794e01b611 26dbc40a61c840bf991fe1308591a5a5 - - default default] 10.0.0.186 "GET /v2.0/quotas/26dbc40a61c840bf991fe1308591a5a5 HTTP/1.1" status: 200 len: 491 time: 0.0110788
2026-06-02 13:33:19.565 10 INFO neutron.api.wsgi [req-c7f1b739-1f84-438f-9b38-c72d8ec24be9 req-e4391711-cfe8-43fb-aff3-f4aa359505fd 27b09b98e07e4a66aeeaa5794e01b611 26dbc40a61c840bf991fe1308591a5a5 - - default default] 10.0.0.186 "GET /v2.0/ports?tenant_id=26dbc40a61c840bf991fe1308591a5a5&fields=id HTTP/1.1" status: 200 len: 302 time: 0.0828385 /var/lib/openstack/lib/python3.12/site-packages/pycadf/identifier.py:71: UserWarning: Invalid uuid: neutron. To ensure interoperability, identifiers should be a valid uuid. warnings.warn(('Invalid uuid: %s. To ensure interoperability, '
2026-06-02 13:33:19.635 10 INFO neutron.db.ovn_revision_numbers_db [req-6d9cf610-2357-4705-993c-ba07100f1278 req-3c2bb68a-d004-4d6e-9d8f-9f97045dd555 c85337671d3d4de7a3cbf7922049cc43 d031517615d54babb82f55acf0a72347 - - default default] Successfully bumped revision number for resource 94d08907-0c5b-409a-95b8-da2b4eab6406 (type: ports) to 7
2026-06-02 13:33:19.642 10 INFO neutron.api.wsgi [req-c7f1b739-1f84-438f-9b38-c72d8ec24be9 req-fd0029ce-5c81-4b84-b573-0148f1038d3e 7f80bfc0976c4ae49d98a14832977e59 bd1a759263f845cba38942cd10c00668 - - 02758a855b0a4c84848683b5d5df47d9 02758a855b0a4c84848683b5d5df47d9] 10.0.0.186 "GET /v2.0/networks/4fff9efa-4b1a-45b5-a9b2-dde710293e2c?fields=segments HTTP/1.1" status: 200 len: 212 time: 0.0644994
2026-06-02 13:33:19.654 10 INFO neutron.api.wsgi [req-6d9cf610-2357-4705-993c-ba07100f1278 req-3c2bb68a-d004-4d6e-9d8f-9f97045dd555 c85337671d3d4de7a3cbf7922049cc43 d031517615d54babb82f55acf0a72347 - - default default] 199.204.45.4 "PUT /v2.0/ports/94d08907-0c5b-409a-95b8-da2b4eab6406 HTTP/1.1" status: 200 len: 1171 time: 0.5591717
2026-06-02 13:33:19.705 10 INFO neutron.notifiers.nova [-] Nova event matching ['req-df67e122-10db-456d-b373-a9543b5ba542'] response: {'name': 'network-changed', 'server_uuid': 'b083be91-0ee0-4769-a128-498c6ec4a8f7', 'tag': '94d08907-0c5b-409a-95b8-da2b4eab6406', 'status': 'completed', 'code': 200}
2026-06-02 13:33:19.729 10 INFO neutron.api.wsgi [req-4dcf1133-3970-4eb7-909d-1abd25f4c355 req-2c92fd13-7491-4278-bcd2-e93b4216d738 76215e2330b644b0adffd511339a6d2b 5baa7b64ce084dcb82c9ee495825b3b4 - - default default] 199.204.45.4 "GET /v2.0/networks?id=50c27b58-23f8-40a8-a405-dd522cd3f779 HTTP/1.1" status: 200 len: 878 time: 0.0592391
2026-06-02 13:33:19.733 10 INFO neutron.api.wsgi [req-c7f1b739-1f84-438f-9b38-c72d8ec24be9 req-fee56af1-10d3-4f16-94ca-0afae1c3f15a 7f80bfc0976c4ae49d98a14832977e59 bd1a759263f845cba38942cd10c00668 - - 02758a855b0a4c84848683b5d5df47d9 02758a855b0a4c84848683b5d5df47d9] 10.0.0.186 "GET /v2.0/networks/4fff9efa-4b1a-45b5-a9b2-dde710293e2c?fields=provider%3Aphysical_network&fields=provider%3Anetwork_type HTTP/1.1" status: 200 len: 277 time: 0.0725834
2026-06-02 13:33:19.788 9 INFO neutron.api.wsgi [req-3932b530-046f-41d8-9a5c-bc816f298ad8 req-1ab0b036-f11c-4e7d-bbd5-14593ca95376 76215e2330b644b0adffd511339a6d2b 5baa7b64ce084dcb82c9ee495825b3b4 - - default default] 10.0.0.186 "GET /v2.0/ports?device_id=cd1f6d0a-b253-4bde-8465-27362806e2b6 HTTP/1.1" status: 200 len: 210 time: 0.0222447
2026-06-02 13:33:19.793 10 INFO neutron.api.wsgi [req-4dcf1133-3970-4eb7-909d-1abd25f4c355 req-f5e7de04-c436-46c0-8189-9f02f58a70be 76215e2330b644b0adffd511339a6d2b 5baa7b64ce084dcb82c9ee495825b3b4 - - default default] 199.204.45.4 "GET /v2.0/security-groups?fields=id&fields=name&tenant_id=5baa7b64ce084dcb82c9ee495825b3b4 HTTP/1.1" status: 200 len: 380 time: 0.0588856
2026-06-02 13:33:19.803 10 WARNING neutron_lib.context [req-4dcf1133-3970-4eb7-909d-1abd25f4c355 req-4d7e42c0-ae14-41d1-ba3e-5f675b13c7eb 76215e2330b644b0adffd511339a6d2b 5baa7b64ce084dcb82c9ee495825b3b4 - - default default] Method 'is_advsvc' is deprecated since 2023.2 release (neutron-lib 3.8.0) and will be removed once support for the old RBAC API policies will be removed from Neutron. Please use method 'is_service_role' instead.
2026-06-02 13:33:19.846 9 INFO neutron.api.wsgi [req-68310f80-24c8-4c0a-934a-92f1e4e7b587 req-ffcd557a-5750-4755-946c-1e029e63ecfc 27b09b98e07e4a66aeeaa5794e01b611 26dbc40a61c840bf991fe1308591a5a5 - - default default] 10.0.0.186 "GET /v2.0/ports?device_id=f162660b-9416-4280-a68b-a2983dffddb3 HTTP/1.1" status: 200 len: 210 time: 0.0139420
2026-06-02 13:33:20.213 10 INFO neutron.api.wsgi [req-6d9cf610-2357-4705-993c-ba07100f1278 req-5e98a3f1-8abb-4d16-a817-77ba17eeae84 7f80bfc0976c4ae49d98a14832977e59 bd1a759263f845cba38942cd10c00668 - - 02758a855b0a4c84848683b5d5df47d9 02758a855b0a4c84848683b5d5df47d9] 199.204.45.4 "GET /v2.0/ports?tenant_id=d031517615d54babb82f55acf0a72347&device_id=b083be91-0ee0-4769-a128-498c6ec4a8f7 HTTP/1.1" status: 200 len: 1413 time: 0.0474470
2026-06-02 13:33:20.271 10 INFO neutron.api.wsgi [req-6d9cf610-2357-4705-993c-ba07100f1278 req-5b850f35-bf29-46dc-bb64-32b59fc5ae0d 7f80bfc0976c4ae49d98a14832977e59 bd1a759263f845cba38942cd10c00668 - - 02758a855b0a4c84848683b5d5df47d9 02758a855b0a4c84848683b5d5df47d9] 199.204.45.4 "GET /v2.0/networks?id=2fa2ad08-7154-41e9-9012-9956f0c90224 HTTP/1.1" status: 200 len: 982 time: 0.0526903
2026-06-02 13:33:20.317 10 INFO neutron.api.wsgi [req-6d9cf610-2357-4705-993c-ba07100f1278 req-fc05acc3-30b5-46a0-95e5-cd303d0d55e5 7f80bfc0976c4ae49d98a14832977e59 bd1a759263f845cba38942cd10c00668 - - 02758a855b0a4c84848683b5d5df47d9 02758a855b0a4c84848683b5d5df47d9] 199.204.45.4 "GET /v2.0/floatingips?fixed_ip_address=10.100.0.13&port_id=94d08907-0c5b-409a-95b8-da2b4eab6406 HTTP/1.1" status: 200 len: 1060 time: 0.0409245 /var/lib/openstack/lib/python3.12/site-packages/pycadf/identifier.py:71: UserWarning: Invalid uuid: neutron. To ensure interoperability, identifiers should be a valid uuid. warnings.warn(('Invalid uuid: %s. To ensure interoperability, '
2026-06-02 13:33:20.335 10 WARNING neutron.scheduler.dhcp_agent_scheduler [req-4dcf1133-3970-4eb7-909d-1abd25f4c355 req-4d7e42c0-ae14-41d1-ba3e-5f675b13c7eb 76215e2330b644b0adffd511339a6d2b 5baa7b64ce084dcb82c9ee495825b3b4 - - default default] No more DHCP agents
2026-06-02 13:33:20.337 10 WARNING neutron.api.rpc.agentnotifiers.dhcp_rpc_agent_api [req-4dcf1133-3970-4eb7-909d-1abd25f4c355 req-4d7e42c0-ae14-41d1-ba3e-5f675b13c7eb 76215e2330b644b0adffd511339a6d2b 5baa7b64ce084dcb82c9ee495825b3b4 - - default default] Unable to schedule network 50c27b58-23f8-40a8-a405-dd522cd3f779: no agents available; will retry on subsequent port and subnet creation events.
2026-06-02 13:33:20.348 10 INFO neutron.api.wsgi [req-6d9cf610-2357-4705-993c-ba07100f1278 req-23a48f75-91fe-458d-9c99-ef58298291fa 7f80bfc0976c4ae49d98a14832977e59 bd1a759263f845cba38942cd10c00668 - - 02758a855b0a4c84848683b5d5df47d9 02758a855b0a4c84848683b5d5df47d9] 199.204.45.4 "GET /v2.0/subnets?id=fd4b0a45-1178-45b1-beed-627ecf306082 HTTP/1.1" status: 200 len: 901 time: 0.0244374
2026-06-02 13:33:20.369 10 INFO neutron.api.wsgi [req-6d9cf610-2357-4705-993c-ba07100f1278 req-406fceb1-a41a-4d58-91bb-1f04ce07190a 7f80bfc0976c4ae49d98a14832977e59 bd1a759263f845cba38942cd10c00668 - - 02758a855b0a4c84848683b5d5df47d9 02758a855b0a4c84848683b5d5df47d9] 199.204.45.4 "GET /v2.0/ports?network_id=2fa2ad08-7154-41e9-9012-9956f0c90224&device_owner=network%3Adhcp HTTP/1.1" status: 200 len: 210 time: 0.0156159
2026-06-02 13:33:20.426 10 INFO neutron.api.wsgi [req-6d9cf610-2357-4705-993c-ba07100f1278 req-c1c039a3-af2a-488a-855e-94a85707a946 7f80bfc0976c4ae49d98a14832977e59 bd1a759263f845cba38942cd10c00668 - - 02758a855b0a4c84848683b5d5df47d9 02758a855b0a4c84848683b5d5df47d9] 199.204.45.4 "GET /v2.0/networks/2fa2ad08-7154-41e9-9012-9956f0c90224?fields=segments HTTP/1.1" status: 200 len: 212 time: 0.0521450
2026-06-02 13:33:20.486 10 INFO neutron.api.wsgi [req-6d9cf610-2357-4705-993c-ba07100f1278 req-9016021c-c50c-40e1-9469-f3e37d4e69a5 7f80bfc0976c4ae49d98a14832977e59 bd1a759263f845cba38942cd10c00668 - - 02758a855b0a4c84848683b5d5df47d9 02758a855b0a4c84848683b5d5df47d9] 199.204.45.4 "GET /v2.0/networks/2fa2ad08-7154-41e9-9012-9956f0c90224?fields=provider%3Aphysical_network&fields=provider%3Anetwork_type HTTP/1.1" status: 200 len: 277 time: 0.0566351
2026-06-02 13:33:20.494 10 INFO neutron.db.ovn_revision_numbers_db [req-4dcf1133-3970-4eb7-909d-1abd25f4c355 req-4d7e42c0-ae14-41d1-ba3e-5f675b13c7eb 76215e2330b644b0adffd511339a6d2b 5baa7b64ce084dcb82c9ee495825b3b4 - - default default] Successfully bumped revision number for resource b4d2aa79-b0d1-4179-b1f5-6f46dd8a1a5b (type: ports) to 1
2026-06-02 13:33:20.517 10 INFO neutron.api.wsgi [req-4dcf1133-3970-4eb7-909d-1abd25f4c355 req-4d7e42c0-ae14-41d1-ba3e-5f675b13c7eb 76215e2330b644b0adffd511339a6d2b 5baa7b64ce084dcb82c9ee495825b3b4 - - default default] 199.204.45.4 "POST /v2.0/ports HTTP/1.1" status: 201 len: 1158 time: 0.7199335
2026-06-02 13:33:20.870 10 INFO neutron.db.ovn_revision_numbers_db [req-4dcf1133-3970-4eb7-909d-1abd25f4c355 req-e212c930-2029-4fa1-88d9-aebf62d33aee 7f80bfc0976c4ae49d98a14832977e59 bd1a759263f845cba38942cd10c00668 - - 02758a855b0a4c84848683b5d5df47d9 02758a855b0a4c84848683b5d5df47d9] Successfully bumped revision number for resource b4d2aa79-b0d1-4179-b1f5-6f46dd8a1a5b (type: ports) to 2 /var/lib/openstack/lib/python3.12/site-packages/pycadf/identifier.py:71: UserWarning: Invalid uuid: neutron. To ensure interoperability, identifiers should be a valid uuid. warnings.warn(('Invalid uuid: %s. To ensure interoperability, '
2026-06-02 13:33:20.923 9 INFO neutron.api.wsgi [req-9b307e45-9947-467c-b040-189e7a743ad9 req-71e3e11e-9012-4d3e-8ace-6c28f2f716ad 76215e2330b644b0adffd511339a6d2b 5baa7b64ce084dcb82c9ee495825b3b4 - - default default] 10.0.0.186 "GET /v2.0/ports?device_id=cd1f6d0a-b253-4bde-8465-27362806e2b6 HTTP/1.1" status: 200 len: 1168 time: 0.0675635
2026-06-02 13:33:20.933 10 INFO neutron.api.wsgi [req-42003c18-e58e-4ebf-8a54-2b0e07b21d64 req-0a6b31a1-daa0-47c9-9e5f-82d62b431d84 27b09b98e07e4a66aeeaa5794e01b611 26dbc40a61c840bf991fe1308591a5a5 - - default default] 10.0.0.186 "GET /v2.0/ports?device_id=f162660b-9416-4280-a68b-a2983dffddb3 HTTP/1.1" status: 200 len: 210 time: 0.0223615
2026-06-02 13:33:20.980 9 INFO neutron.api.wsgi [req-9b307e45-9947-467c-b040-189e7a743ad9 req-64423ae0-887f-4d04-affa-169cc78a6e2a 76215e2330b644b0adffd511339a6d2b 5baa7b64ce084dcb82c9ee495825b3b4 - - default default] 10.0.0.186 "GET /v2.0/security-groups?id=4eb6a45b-a1ee-455c-813a-76c6734db346&fields=id&fields=name HTTP/1.1" status: 200 len: 313 time: 0.0503750
2026-06-02 13:33:21.103 10 INFO neutron.db.ovn_revision_numbers_db [req-4dcf1133-3970-4eb7-909d-1abd25f4c355 req-e212c930-2029-4fa1-88d9-aebf62d33aee 7f80bfc0976c4ae49d98a14832977e59 bd1a759263f845cba38942cd10c00668 - - 02758a855b0a4c84848683b5d5df47d9 02758a855b0a4c84848683b5d5df47d9] Successfully bumped revision number for resource b4d2aa79-b0d1-4179-b1f5-6f46dd8a1a5b (type: ports) to 4
2026-06-02 13:33:21.126 10 INFO neutron.api.wsgi [req-4dcf1133-3970-4eb7-909d-1abd25f4c355 req-e212c930-2029-4fa1-88d9-aebf62d33aee 7f80bfc0976c4ae49d98a14832977e59 bd1a759263f845cba38942cd10c00668 - - 02758a855b0a4c84848683b5d5df47d9 02758a855b0a4c84848683b5d5df47d9] 199.204.45.4 "PUT /v2.0/ports/b4d2aa79-b0d1-4179-b1f5-6f46dd8a1a5b HTTP/1.1" status: 200 len: 1404 time: 0.6051824 /var/lib/openstack/lib/python3.12/site-packages/pycadf/identifier.py:71: UserWarning: Invalid uuid: neutron. To ensure interoperability, identifiers should be a valid uuid. warnings.warn(('Invalid uuid: %s. To ensure interoperability, '
2026-06-02 13:33:21.426 10 INFO neutron.api.wsgi [req-5ddee5e8-4310-4edb-acf0-daba07366be9 req-34f656d3-cd32-4af2-8761-c870dbbabad6 c85337671d3d4de7a3cbf7922049cc43 d031517615d54babb82f55acf0a72347 - - default default] 10.0.0.186 "GET /v2.0/ports?device_id=b083be91-0ee0-4769-a128-498c6ec4a8f7 HTTP/1.1" status: 200 len: 1174 time: 0.0618579
2026-06-02 13:33:21.464 10 INFO neutron.api.wsgi [req-5ddee5e8-4310-4edb-acf0-daba07366be9 req-17c79d2f-2da0-454b-aa2a-4291a13c4128 c85337671d3d4de7a3cbf7922049cc43 d031517615d54babb82f55acf0a72347 - - default default] 10.0.0.186 "GET /v2.0/security-groups?id=6935779e-6465-4b0d-8c1e-1c8de2d44435&fields=id&fields=name HTTP/1.1" status: 200 len: 311 time: 0.0331094
2026-06-02 13:33:21.540 10 INFO neutron.api.wsgi [req-bf1a49fb-1f57-44a3-bdc3-4908cdf5a970 req-6fe6facd-a7c4-485d-82df-0271512066e3 7f80bfc0976c4ae49d98a14832977e59 bd1a759263f845cba38942cd10c00668 - - 02758a855b0a4c84848683b5d5df47d9 02758a855b0a4c84848683b5d5df47d9] 199.204.45.4 "GET /v2.0/ports?tenant_id=d031517615d54babb82f55acf0a72347&device_id=b083be91-0ee0-4769-a128-498c6ec4a8f7 HTTP/1.1" status: 200 len: 1413 time: 0.0324831
2026-06-02 13:33:21.578 10 INFO neutron.api.wsgi [req-bf1a49fb-1f57-44a3-bdc3-4908cdf5a970 req-2a3e7b8a-d28a-463a-b1dd-2140d992bd10 7f80bfc0976c4ae49d98a14832977e59 bd1a759263f845cba38942cd10c00668 - - 02758a855b0a4c84848683b5d5df47d9 02758a855b0a4c84848683b5d5df47d9] 199.204.45.4 "GET /v2.0/networks?id=2fa2ad08-7154-41e9-9012-9956f0c90224 HTTP/1.1" status: 200 len: 982 time: 0.0322671
2026-06-02 13:33:21.613 10 INFO neutron.api.wsgi [req-bf1a49fb-1f57-44a3-bdc3-4908cdf5a970 req-577ff38a-43b0-404c-ae3c-1be048de46ec 7f80bfc0976c4ae49d98a14832977e59 bd1a759263f845cba38942cd10c00668 - - 02758a855b0a4c84848683b5d5df47d9 02758a855b0a4c84848683b5d5df47d9] 199.204.45.4 "GET /v2.0/floatingips?fixed_ip_address=10.100.0.13&port_id=94d08907-0c5b-409a-95b8-da2b4eab6406 HTTP/1.1" status: 200 len: 1060 time: 0.0313368
2026-06-02 13:33:21.653 10 INFO neutron.api.wsgi [req-bf1a49fb-1f57-44a3-bdc3-4908cdf5a970 req-9d6050e3-35a1-4393-9174-20e921df97fa 7f80bfc0976c4ae49d98a14832977e59 bd1a759263f845cba38942cd10c00668 - - 02758a855b0a4c84848683b5d5df47d9 02758a855b0a4c84848683b5d5df47d9] 199.204.45.4 "GET /v2.0/subnets?id=fd4b0a45-1178-45b1-beed-627ecf306082 HTTP/1.1" status: 200 len: 901 time: 0.0353656
2026-06-02 13:33:21.681 10 INFO neutron.api.wsgi [req-bf1a49fb-1f57-44a3-bdc3-4908cdf5a970 req-8c55d2a6-07de-4c0c-bdad-c453dfbdeef7 7f80bfc0976c4ae49d98a14832977e59 bd1a759263f845cba38942cd10c00668 - - 02758a855b0a4c84848683b5d5df47d9 02758a855b0a4c84848683b5d5df47d9] 199.204.45.4 "GET /v2.0/ports?network_id=2fa2ad08-7154-41e9-9012-9956f0c90224&device_owner=network%3Adhcp HTTP/1.1" status: 200 len: 210 time: 0.0208080
2026-06-02 13:33:21.738 10 INFO neutron.api.wsgi [req-bf1a49fb-1f57-44a3-bdc3-4908cdf5a970 req-42bf11f3-5245-404f-b601-89878738346b 7f80bfc0976c4ae49d98a14832977e59 bd1a759263f845cba38942cd10c00668 - - 02758a855b0a4c84848683b5d5df47d9 02758a855b0a4c84848683b5d5df47d9] 199.204.45.4 "GET /v2.0/networks/2fa2ad08-7154-41e9-9012-9956f0c90224?fields=segments HTTP/1.1" status: 200 len: 212 time: 0.0482135
2026-06-02 13:33:21.751 10 INFO neutron.notifiers.nova [-] Nova event matching ['req-2d1de983-a6ba-47e8-b846-93794091dd07'] response: {'name': 'network-changed', 'server_uuid': 'cd1f6d0a-b253-4bde-8465-27362806e2b6', 'tag': 'b4d2aa79-b0d1-4179-b1f5-6f46dd8a1a5b', 'status': 'completed', 'code': 200}
2026-06-02 13:33:21.792 10 INFO neutron.api.wsgi [req-bf1a49fb-1f57-44a3-bdc3-4908cdf5a970 req-d6b477e4-cba4-4e0e-aaac-83b8ea6fb707 7f80bfc0976c4ae49d98a14832977e59 bd1a759263f845cba38942cd10c00668 - - 02758a855b0a4c84848683b5d5df47d9 02758a855b0a4c84848683b5d5df47d9] 199.204.45.4 "GET /v2.0/networks/2fa2ad08-7154-41e9-9012-9956f0c90224?fields=provider%3Aphysical_network&fields=provider%3Anetwork_type HTTP/1.1" status: 200 len: 277 time: 0.0499015
2026-06-02 13:33:21.917 10 INFO neutron.plugins.ml2.drivers.ovn.mech_driver.mech_driver [None req-9dea82ab-0368-480c-8968-19a579e37042 - - - - - -] OVN reports status down for port: 94d08907-0c5b-409a-95b8-da2b4eab6406
2026-06-02 13:33:22.026 10 INFO neutron.api.wsgi [req-2699f91d-e4c6-4f15-be7a-c1c660202108 req-e847549f-a56f-4cd0-bf02-b2143575bd88 27b09b98e07e4a66aeeaa5794e01b611 26dbc40a61c840bf991fe1308591a5a5 - - default default] 10.0.0.186 "GET /v2.0/ports?device_id=f162660b-9416-4280-a68b-a2983dffddb3 HTTP/1.1" status: 200 len: 210 time: 0.0271096
2026-06-02 13:33:22.104 9 WARNING neutron.plugins.ml2.drivers.ovn.mech_driver.ovsdb.ovn_client [None req-b38e166b-b81d-42ff-b4be-e0b71926ed48 - - - - - -] No hosting information found for port 95ed6fe2-0cdf-42d1-86ad-bcd89cf181bd: RuntimeError: No hosting information found for port 95ed6fe2-0cdf-42d1-86ad-bcd89cf181bd
2026-06-02 13:33:22.121 9 INFO neutron.api.wsgi [req-0db43048-94dc-4d9b-8a19-44551dc3be3a req-ed451c81-2497-4fb2-831e-479622b688ed 76215e2330b644b0adffd511339a6d2b 5baa7b64ce084dcb82c9ee495825b3b4 - - default default] 10.0.0.186 "GET /v2.0/ports?device_id=cd1f6d0a-b253-4bde-8465-27362806e2b6 HTTP/1.1" status: 200 len: 1168 time: 0.0496085
2026-06-02 13:33:22.184 9 INFO neutron.api.wsgi [req-0db43048-94dc-4d9b-8a19-44551dc3be3a req-47d3a6bf-b3d2-47ea-84a7-f76445d319e2 76215e2330b644b0adffd511339a6d2b 5baa7b64ce084dcb82c9ee495825b3b4 - - default default] 10.0.0.186 "GET /v2.0/security-groups?id=4eb6a45b-a1ee-455c-813a-76c6734db346&fields=id&fields=name HTTP/1.1" status: 200 len: 313 time: 0.0562241
2026-06-02 13:33:22.190 10 INFO neutron.api.wsgi [req-4dcf1133-3970-4eb7-909d-1abd25f4c355 req-48f7cdfc-883c-4645-9bf2-77c43daf79d6 7f80bfc0976c4ae49d98a14832977e59 bd1a759263f845cba38942cd10c00668 - - 02758a855b0a4c84848683b5d5df47d9 02758a855b0a4c84848683b5d5df47d9] 199.204.45.4 "GET /v2.0/ports?tenant_id=5baa7b64ce084dcb82c9ee495825b3b4&device_id=cd1f6d0a-b253-4bde-8465-27362806e2b6 HTTP/1.1" status: 200 len: 1407 time: 0.0497293
2026-06-02 13:33:22.199 9 INFO neutron.db.ovn_revision_numbers_db [None req-b38e166b-b81d-42ff-b4be-e0b71926ed48 - - - - - -] Successfully bumped revision number for resource 95ed6fe2-0cdf-42d1-86ad-bcd89cf181bd (type: router_ports) to 2
2026-06-02 13:33:22.213 10 INFO neutron.api.wsgi [req-4dcf1133-3970-4eb7-909d-1abd25f4c355 req-736cafde-4b8e-4d3a-8123-80422a63f911 7f80bfc0976c4ae49d98a14832977e59 bd1a759263f845cba38942cd10c00668 - - 02758a855b0a4c84848683b5d5df47d9 02758a855b0a4c84848683b5d5df47d9] 199.204.45.4 "GET /v2.0/floatingips?fixed_ip_address=10.100.0.7&port_id=b4d2aa79-b0d1-4179-b1f5-6f46dd8a1a5b HTTP/1.1" status: 200 len: 217 time: 0.0165842
2026-06-02 13:33:22.252 10 INFO neutron.api.wsgi [req-4dcf1133-3970-4eb7-909d-1abd25f4c355 req-e9655173-e169-4bed-92fe-9e458202deca 7f80bfc0976c4ae49d98a14832977e59 bd1a759263f845cba38942cd10c00668 - - 02758a855b0a4c84848683b5d5df47d9 02758a855b0a4c84848683b5d5df47d9] 199.204.45.4 "GET /v2.0/subnets?id=f0769b4a-175e-422d-81fd-87be64daa58a HTTP/1.1" status: 200 len: 896 time: 0.0273850
2026-06-02 13:33:22.263 10 INFO neutron.db.ovn_revision_numbers_db [None req-9dea82ab-0368-480c-8968-19a579e37042 - - - - - -] Successfully bumped revision number for resource 94d08907-0c5b-409a-95b8-da2b4eab6406 (type: ports) to 8
2026-06-02 13:33:22.274 10 INFO neutron.api.wsgi [req-4dcf1133-3970-4eb7-909d-1abd25f4c355 req-cc97a4f0-e6ad-4791-b28c-2c3d71971171 7f80bfc0976c4ae49d98a14832977e59 bd1a759263f845cba38942cd10c00668 - - 02758a855b0a4c84848683b5d5df47d9 02758a855b0a4c84848683b5d5df47d9] 199.204.45.4 "GET /v2.0/ports?network_id=50c27b58-23f8-40a8-a405-dd522cd3f779&device_owner=network%3Adhcp HTTP/1.1" status: 200 len: 210 time: 0.0159934
2026-06-02 13:33:22.326 10 INFO neutron.api.wsgi [req-4dcf1133-3970-4eb7-909d-1abd25f4c355 req-bbb122f8-80a1-428d-a5d2-bf9c9537463d 7f80bfc0976c4ae49d98a14832977e59 bd1a759263f845cba38942cd10c00668 - - 02758a855b0a4c84848683b5d5df47d9 02758a855b0a4c84848683b5d5df47d9] 199.204.45.4 "GET /v2.0/networks/50c27b58-23f8-40a8-a405-dd522cd3f779?fields=segments HTTP/1.1" status: 200 len: 212 time: 0.0447071 /var/lib/openstack/lib/python3.12/site-packages/pycadf/identifier.py:71: UserWarning: Invalid uuid: neutron. To ensure interoperability, identifiers should be a valid uuid. warnings.warn(('Invalid uuid: %s. To ensure interoperability, '
2026-06-02 13:33:22.376 10 INFO neutron.api.wsgi [req-4dcf1133-3970-4eb7-909d-1abd25f4c355 req-eb1e137f-1946-4df3-a35a-aaef7c6bd30b 7f80bfc0976c4ae49d98a14832977e59 bd1a759263f845cba38942cd10c00668 - - 02758a855b0a4c84848683b5d5df47d9 02758a855b0a4c84848683b5d5df47d9] 199.204.45.4 "GET /v2.0/networks/50c27b58-23f8-40a8-a405-dd522cd3f779?fields=provider%3Aphysical_network&fields=provider%3Anetwork_type HTTP/1.1" status: 200 len: 277 time: 0.0429564
2026-06-02 13:33:22.444 10 INFO neutron.api.wsgi [-] 10.0.0.53 "GET / HTTP/1.1" status: 200 len: 246 time: 0.0023031
2026-06-02 13:33:22.446 9 INFO neutron.api.wsgi [-] 10.0.0.53 "GET / HTTP/1.1" status: 200 len: 246 time: 0.0034485
2026-06-02 13:33:22.561 10 INFO neutron.api.wsgi [req-0b78bd8e-2553-4484-9b0f-f6bf6b9c7d9a req-02a5a05f-eeea-428e-b02e-b0030df9c451 c85337671d3d4de7a3cbf7922049cc43 d031517615d54babb82f55acf0a72347 - - default default] 10.0.0.186 "GET /v2.0/ports?device_id=b083be91-0ee0-4769-a128-498c6ec4a8f7 HTTP/1.1" status: 200 len: 1172 time: 0.0377011
2026-06-02 13:33:22.599 10 INFO neutron.api.wsgi [req-0b78bd8e-2553-4484-9b0f-f6bf6b9c7d9a req-a20dc7e1-9494-40bf-9bd9-ee095273793b c85337671d3d4de7a3cbf7922049cc43 d031517615d54babb82f55acf0a72347 - - default default] 10.0.0.186 "GET /v2.0/security-groups?id=6935779e-6465-4b0d-8c1e-1c8de2d44435&fields=id&fields=name HTTP/1.1" status: 200 len: 311 time: 0.0316172
2026-06-02 13:33:23.114 9 INFO neutron.api.wsgi [req-9e3bed45-de55-43c5-a447-b90837eafb6e req-ab79b59f-0dbf-48da-ac62-23f221979dc5 27b09b98e07e4a66aeeaa5794e01b611 26dbc40a61c840bf991fe1308591a5a5 - - default default] 10.0.0.186 "GET /v2.0/ports?device_id=f162660b-9416-4280-a68b-a2983dffddb3 HTTP/1.1" status: 200 len: 210 time: 0.0209179
2026-06-02 13:33:23.141 10 INFO neutron.api.wsgi [req-a123578b-5828-4b3f-9c97-bfde075706f9 req-a3596a69-9c04-4955-938d-c17ea61e112d c85337671d3d4de7a3cbf7922049cc43 d031517615d54babb82f55acf0a72347 - - default default] 199.204.45.4 "GET /v2.0/ports?device_id=b083be91-0ee0-4769-a128-498c6ec4a8f7 HTTP/1.1" status: 200 len: 1172 time: 0.0392241
2026-06-02 13:33:23.321 10 INFO neutron.api.wsgi [req-e23878d8-4bfa-4283-8939-4960c963d5db req-e4f5a067-8b21-4be2-a77c-d5fc26c0671e 76215e2330b644b0adffd511339a6d2b 5baa7b64ce084dcb82c9ee495825b3b4 - - default default] 10.0.0.186 "GET /v2.0/ports?device_id=cd1f6d0a-b253-4bde-8465-27362806e2b6 HTTP/1.1" status: 200 len: 1168 time: 0.0712953
2026-06-02 13:33:23.372 10 INFO neutron.api.wsgi [req-e23878d8-4bfa-4283-8939-4960c963d5db req-7a6f9052-fff5-4778-8c37-e3e90441a6d6 76215e2330b644b0adffd511339a6d2b 5baa7b64ce084dcb82c9ee495825b3b4 - - default default] 10.0.0.186 "GET /v2.0/security-groups?id=4eb6a45b-a1ee-455c-813a-76c6734db346&fields=id&fields=name HTTP/1.1" status: 200 len: 313 time: 0.0402105
2026-06-02 13:33:23.429 10 INFO neutron.api.wsgi [req-9827205e-94d7-443c-8cc5-2e05171967e5 req-b4e36e5b-5b17-40cb-af55-6ff6defe936d 7f80bfc0976c4ae49d98a14832977e59 bd1a759263f845cba38942cd10c00668 - - 02758a855b0a4c84848683b5d5df47d9 02758a855b0a4c84848683b5d5df47d9] 199.204.45.4 "GET /v2.0/ports?tenant_id=5baa7b64ce084dcb82c9ee495825b3b4&device_id=cd1f6d0a-b253-4bde-8465-27362806e2b6 HTTP/1.1" status: 200 len: 1407 time: 0.0362728
2026-06-02 13:33:23.518 10 INFO neutron.api.wsgi [req-9827205e-94d7-443c-8cc5-2e05171967e5 req-75d94df0-d989-463c-82f8-9b3e02ac821c 7f80bfc0976c4ae49d98a14832977e59 bd1a759263f845cba38942cd10c00668 - - 02758a855b0a4c84848683b5d5df47d9 02758a855b0a4c84848683b5d5df47d9] 199.204.45.4 "GET /v2.0/networks?id=50c27b58-23f8-40a8-a405-dd522cd3f779 HTTP/1.1" status: 200 len: 977 time: 0.0825276 /var/lib/openstack/lib/python3.12/site-packages/pycadf/identifier.py:71: UserWarning: Invalid uuid: neutron. To ensure interoperability, identifiers should be a valid uuid. warnings.warn(('Invalid uuid: %s. To ensure interoperability, '
2026-06-02 13:33:23.553 10 INFO neutron.api.wsgi [req-9827205e-94d7-443c-8cc5-2e05171967e5 req-f5d8bfe2-21c6-4f01-b136-5929c547a5d1 7f80bfc0976c4ae49d98a14832977e59 bd1a759263f845cba38942cd10c00668 - - 02758a855b0a4c84848683b5d5df47d9 02758a855b0a4c84848683b5d5df47d9] 199.204.45.4 "GET /v2.0/floatingips?fixed_ip_address=10.100.0.7&port_id=b4d2aa79-b0d1-4179-b1f5-6f46dd8a1a5b HTTP/1.1" status: 200 len: 217 time: 0.0289252
