2026-06-02 13:32:37.183 9 WARNING neutron.scheduler.dhcp_agent_scheduler [None req-701d7537-25d9-4ee6-9a0a-ba519e9a80b2 137ec43846084a089afdae182b4e0dbd 294e0993ebdb4c8ab84944346059036f - - default default] No more DHCP agents
2026-06-02 13:32:37.187 9 WARNING neutron.api.rpc.agentnotifiers.dhcp_rpc_agent_api [None req-701d7537-25d9-4ee6-9a0a-ba519e9a80b2 137ec43846084a089afdae182b4e0dbd 294e0993ebdb4c8ab84944346059036f - - default default] Unable to schedule network 2fa2ad08-7154-41e9-9012-9956f0c90224: no agents available; will retry on subsequent port and subnet creation events.
2026-06-02 13:32:37.444 10 INFO neutron.api.wsgi [-] 10.0.0.53 "GET / HTTP/1.1" status: 200 len: 246 time: 0.0011630
2026-06-02 13:32:37.445 10 INFO neutron.api.wsgi [-] 10.0.0.53 "GET / HTTP/1.1" status: 200 len: 246 time: 0.0013485
2026-06-02 13:32:37.478 10 INFO neutron.db.ovn_revision_numbers_db [None req-649c858a-fb17-4768-859f-62961ca1dc82 - - - - - -] Successfully bumped revision number for resource 69a704a4-fb4c-4093-8cfb-5d96d5993bcf (type: ports) to 1
2026-06-02 13:32:37.572 9 INFO neutron.plugins.ml2.drivers.ovn.mech_driver.mech_driver [None req-d4db6e2d-1896-489e-bdfc-ac3276c9cbba - - - - - -] OVN reports status up for port: 07b35fbc-0764-4bb1-ac05-614dcac9e609
2026-06-02 13:32:37.596 9 INFO neutron.plugins.ml2.plugin [None req-d4db6e2d-1896-489e-bdfc-ac3276c9cbba - - - - - -] Attempt 1 to provision port 07b35fbc-0764-4bb1-ac05-614dcac9e609
2026-06-02 13:32:37.628 10 INFO neutron.db.ovn_revision_numbers_db [None req-6a590d4d-5b23-42e2-aaff-e3c61a463e08 - - - - - -] Successfully bumped revision number for resource b8d6d6c0-80c6-4ebd-841d-2163b6fc287f (type: ports) to 2
2026-06-02 13:32:37.675 10 WARNING neutron.scheduler.dhcp_agent_scheduler [None req-f73043f6-1f41-4e13-8052-ea272b8ff6ff 137ec43846084a089afdae182b4e0dbd 294e0993ebdb4c8ab84944346059036f - - default default] No more DHCP agents
2026-06-02 13:32:37.678 10 WARNING neutron.api.rpc.agentnotifiers.dhcp_rpc_agent_api [None req-f73043f6-1f41-4e13-8052-ea272b8ff6ff 137ec43846084a089afdae182b4e0dbd 294e0993ebdb4c8ab84944346059036f - - default default] Unable to schedule network 0c38d900-e088-49c4-a172-52cb342d1d32: no agents available; will retry on subsequent port and subnet creation events.
2026-06-02 13:32:37.784 9 INFO neutron.db.ovn_revision_numbers_db [None req-34d52a45-2dfd-43ec-b014-f5dbb6ee2c4d - - - - - -] Successfully bumped revision number for resource 3f75192c-f1e9-4938-a881-6ce9a8c20b0d (type: ports) to 1
2026-06-02 13:32:37.804 10 INFO neutron.db.ovn_revision_numbers_db [None req-f73043f6-1f41-4e13-8052-ea272b8ff6ff 137ec43846084a089afdae182b4e0dbd 294e0993ebdb4c8ab84944346059036f - - default default] Successfully bumped revision number for resource 429bf65c-26f0-4246-b0be-8ce95dd4cd5a (type: ports) to 1
2026-06-02 13:32:37.898 10 INFO neutron.db.ovn_revision_numbers_db [None req-649c858a-fb17-4768-859f-62961ca1dc82 - - - - - -] Successfully bumped revision number for resource 69a704a4-fb4c-4093-8cfb-5d96d5993bcf (type: ports) to 4
2026-06-02 13:32:38.247 9 INFO neutron.db.ovn_revision_numbers_db [None req-f956f1ec-8d2d-43b4-90e0-76ece5cb926d 137ec43846084a089afdae182b4e0dbd 294e0993ebdb4c8ab84944346059036f - - default default] Successfully bumped revision number for resource b8d6d6c0-80c6-4ebd-841d-2163b6fc287f (type: router_ports) to 1
2026-06-02 13:32:38.255 9 INFO neutron.api.wsgi [None req-f956f1ec-8d2d-43b4-90e0-76ece5cb926d 137ec43846084a089afdae182b4e0dbd 294e0993ebdb4c8ab84944346059036f - - default default] 10.0.0.79 "PUT /v2.0/routers/2733c327-26da-49dc-96b9-d8eccbc25455/add_router_interface HTTP/1.1" status: 200 len: 503 time: 4.0135796
2026-06-02 13:32:38.456 10 INFO neutron.db.ovn_revision_numbers_db [None req-649c858a-fb17-4768-859f-62961ca1dc82 - - - - - -] Successfully bumped revision number for resource 69a704a4-fb4c-4093-8cfb-5d96d5993bcf (type: ports) to 5
2026-06-02 13:32:38.462 9 INFO neutron.db.ovn_revision_numbers_db [None req-d4db6e2d-1896-489e-bdfc-ac3276c9cbba - - - - - -] Successfully bumped revision number for resource 07b35fbc-0764-4bb1-ac05-614dcac9e609 (type: ports) to 2
2026-06-02 13:32:38.483 9 INFO neutron.db.ovn_revision_numbers_db [None req-34d52a45-2dfd-43ec-b014-f5dbb6ee2c4d - - - - - -] Successfully bumped revision number for resource 3f75192c-f1e9-4938-a881-6ce9a8c20b0d (type: ports) to 4
2026-06-02 13:32:38.539 10 INFO neutron.db.ovn_revision_numbers_db [None req-f73043f6-1f41-4e13-8052-ea272b8ff6ff 137ec43846084a089afdae182b4e0dbd 294e0993ebdb4c8ab84944346059036f - - default default] Successfully bumped revision number for resource 429bf65c-26f0-4246-b0be-8ce95dd4cd5a (type: ports) to 1
2026-06-02 13:32:38.584 10 WARNING neutron.scheduler.dhcp_agent_scheduler [None req-f73043f6-1f41-4e13-8052-ea272b8ff6ff 137ec43846084a089afdae182b4e0dbd 294e0993ebdb4c8ab84944346059036f - - default default] No more DHCP agents
2026-06-02 13:32:38.585 10 WARNING neutron.api.rpc.agentnotifiers.dhcp_rpc_agent_api [None req-f73043f6-1f41-4e13-8052-ea272b8ff6ff 137ec43846084a089afdae182b4e0dbd 294e0993ebdb4c8ab84944346059036f - - default default] Unable to schedule network 0c38d900-e088-49c4-a172-52cb342d1d32: no agents available; will retry on subsequent port and subnet creation events.
2026-06-02 13:32:38.796 9 WARNING neutron_lib.context [None req-25d86c9f-4a18-45ab-b95a-8dcb4ce0aa00 04038dac12ee4d0dbb93b6e50745f21d b3590b50469e422baeb768c5d3a999c6 - - default default] Method 'is_advsvc' is deprecated since 2023.2 release (neutron-lib 3.8.0) and will be removed once support for the old RBAC API policies will be removed from Neutron. Please use method 'is_service_role' instead.
2026-06-02 13:32:38.882 9 INFO neutron.db.ovn_revision_numbers_db [None req-98099e2a-30ed-4c1a-9f10-eae576df093d 137ec43846084a089afdae182b4e0dbd 294e0993ebdb4c8ab84944346059036f - - default default] Successfully bumped revision number for resource 07b35fbc-0764-4bb1-ac05-614dcac9e609 (type: router_ports) to 1
2026-06-02 13:32:38.888 9 INFO neutron.api.wsgi [None req-98099e2a-30ed-4c1a-9f10-eae576df093d 137ec43846084a089afdae182b4e0dbd 294e0993ebdb4c8ab84944346059036f - - default default] 10.0.0.79 "PUT /v2.0/routers/06ef3508-e3d3-4c9c-a014-3e4c48c6e35c/add_router_interface HTTP/1.1" status: 200 len: 503 time: 4.2848439
2026-06-02 13:32:38.896 9 INFO neutron.db.ovn_revision_numbers_db [None req-701d7537-25d9-4ee6-9a0a-ba519e9a80b2 137ec43846084a089afdae182b4e0dbd 294e0993ebdb4c8ab84944346059036f - - default default] Successfully bumped revision number for resource e4592f43-f86c-4c70-ac19-7ba216ec07ad (type: router_ports) to 1
2026-06-02 13:32:38.901 9 INFO neutron.api.wsgi [None req-701d7537-25d9-4ee6-9a0a-ba519e9a80b2 137ec43846084a089afdae182b4e0dbd 294e0993ebdb4c8ab84944346059036f - - default default] 10.0.0.79 "PUT /v2.0/routers/af0ce705-b315-454f-83a9-de10e80ee5f7/add_router_interface HTTP/1.1" status: 200 len: 503 time: 4.3189197
2026-06-02 13:32:38.981 9 INFO neutron.db.ovn_revision_numbers_db [None req-25d86c9f-4a18-45ab-b95a-8dcb4ce0aa00 04038dac12ee4d0dbb93b6e50745f21d b3590b50469e422baeb768c5d3a999c6 - - default default] Successfully bumped revision number for resource 75c3b9d8-5632-4978-8ace-0d918f8165e1 (type: security_groups) to 1
2026-06-02 13:32:39.000 9 INFO neutron.db.ovn_revision_numbers_db [None req-25d86c9f-4a18-45ab-b95a-8dcb4ce0aa00 04038dac12ee4d0dbb93b6e50745f21d b3590b50469e422baeb768c5d3a999c6 - - default default] Successfully bumped revision number for resource c55308d5-1ff3-4f38-8d87-7d0f5126a03c (type: security_group_rules) to 0
2026-06-02 13:32:39.020 9 INFO neutron.db.ovn_revision_numbers_db [None req-25d86c9f-4a18-45ab-b95a-8dcb4ce0aa00 04038dac12ee4d0dbb93b6e50745f21d b3590b50469e422baeb768c5d3a999c6 - - default default] Successfully bumped revision number for resource f187a008-ed7b-4d08-bf1d-73b469e5bcfa (type: security_group_rules) to 0
2026-06-02 13:32:39.040 9 INFO neutron.db.ovn_revision_numbers_db [None req-34d52a45-2dfd-43ec-b014-f5dbb6ee2c4d - - - - - -] Successfully bumped revision number for resource 3f75192c-f1e9-4938-a881-6ce9a8c20b0d (type: ports) to 5
2026-06-02 13:32:39.063 9 INFO neutron.api.wsgi [None req-25d86c9f-4a18-45ab-b95a-8dcb4ce0aa00 04038dac12ee4d0dbb93b6e50745f21d b3590b50469e422baeb768c5d3a999c6 - - default default] 10.0.0.79 "POST /v2.0/security-groups HTTP/1.1" status: 201 len: 1861 time: 0.2710981
2026-06-02 13:32:39.073 9 WARNING neutron_lib.context [None req-ecff1e4f-cd4c-48f6-afaa-ecdbc3ae8ece 04038dac12ee4d0dbb93b6e50745f21d b3590b50469e422baeb768c5d3a999c6 - - default default] Method 'is_advsvc' is deprecated since 2023.2 release (neutron-lib 3.8.0) and will be removed once support for the old RBAC API policies will be removed from Neutron. Please use method 'is_service_role' instead.
2026-06-02 13:32:39.196 9 INFO neutron.db.ovn_revision_numbers_db [None req-ecff1e4f-cd4c-48f6-afaa-ecdbc3ae8ece 04038dac12ee4d0dbb93b6e50745f21d b3590b50469e422baeb768c5d3a999c6 - - default default] Successfully bumped revision number for resource fff5ea27-a474-4723-ade4-662af515648a (type: security_group_rules) to 0
2026-06-02 13:32:39.233 9 INFO neutron.api.wsgi [None req-ecff1e4f-cd4c-48f6-afaa-ecdbc3ae8ece 04038dac12ee4d0dbb93b6e50745f21d b3590b50469e422baeb768c5d3a999c6 - - default default] 10.0.0.79 "POST /v2.0/security-group-rules HTTP/1.1" status: 201 len: 796 time: 0.1646986
2026-06-02 13:32:39.242 9 WARNING neutron_lib.context [None req-3fdc9032-7ad7-462c-9235-eb20af94eb96 04038dac12ee4d0dbb93b6e50745f21d b3590b50469e422baeb768c5d3a999c6 - - default default] Method 'is_advsvc' is deprecated since 2023.2 release (neutron-lib 3.8.0) and will be removed once support for the old RBAC API policies will be removed from Neutron. Please use method 'is_service_role' instead.
2026-06-02 13:32:39.367 9 INFO neutron.db.ovn_revision_numbers_db [None req-3fdc9032-7ad7-462c-9235-eb20af94eb96 04038dac12ee4d0dbb93b6e50745f21d b3590b50469e422baeb768c5d3a999c6 - - default default] Successfully bumped revision number for resource e7ce4c9e-537c-43f6-b176-6ec25de88778 (type: security_group_rules) to 0
2026-06-02 13:32:39.397 10 INFO neutron.db.ovn_revision_numbers_db [None req-f73043f6-1f41-4e13-8052-ea272b8ff6ff 137ec43846084a089afdae182b4e0dbd 294e0993ebdb4c8ab84944346059036f - - default default] Successfully bumped revision number for resource 429bf65c-26f0-4246-b0be-8ce95dd4cd5a (type: router_ports) to 1
2026-06-02 13:32:39.403 10 INFO neutron.api.wsgi [None req-f73043f6-1f41-4e13-8052-ea272b8ff6ff 137ec43846084a089afdae182b4e0dbd 294e0993ebdb4c8ab84944346059036f - - default default] 10.0.0.79 "PUT /v2.0/routers/7e9387ab-8997-4fdf-ac20-a5dd667ce015/add_router_interface HTTP/1.1" status: 200 len: 503 time: 2.3429487
2026-06-02 13:32:39.406 9 INFO neutron.api.wsgi [None req-3fdc9032-7ad7-462c-9235-eb20af94eb96 04038dac12ee4d0dbb93b6e50745f21d b3590b50469e422baeb768c5d3a999c6 - - default default] 10.0.0.79 "POST /v2.0/security-group-rules HTTP/1.1" status: 201 len: 801 time: 0.1675160
2026-06-02 13:32:39.415 9 WARNING neutron_lib.context [None req-105e3f7a-a7aa-4e5e-aea5-61a7e66a01b5 04038dac12ee4d0dbb93b6e50745f21d b3590b50469e422baeb768c5d3a999c6 - - default default] Method 'is_advsvc' is deprecated since 2023.2 release (neutron-lib 3.8.0) and will be removed once support for the old RBAC API policies will be removed from Neutron. Please use method 'is_service_role' instead.
2026-06-02 13:32:39.417 10 WARNING neutron_lib.context [None req-175788ac-ce1d-49ec-82e2-b017eb603fbf c85337671d3d4de7a3cbf7922049cc43 d031517615d54babb82f55acf0a72347 - - default default] Method 'is_advsvc' is deprecated since 2023.2 release (neutron-lib 3.8.0) and will be removed once support for the old RBAC API policies will be removed from Neutron. Please use method 'is_service_role' instead.
2026-06-02 13:32:39.525 10 INFO neutron.db.ovn_revision_numbers_db [None req-175788ac-ce1d-49ec-82e2-b017eb603fbf c85337671d3d4de7a3cbf7922049cc43 d031517615d54babb82f55acf0a72347 - - default default] Successfully bumped revision number for resource 6935779e-6465-4b0d-8c1e-1c8de2d44435 (type: security_groups) to 1
2026-06-02 13:32:39.540 10 INFO neutron.db.ovn_revision_numbers_db [None req-175788ac-ce1d-49ec-82e2-b017eb603fbf c85337671d3d4de7a3cbf7922049cc43 d031517615d54babb82f55acf0a72347 - - default default] Successfully bumped revision number for resource 162e0cfc-3b9d-4254-9c52-8d2b69a410b4 (type: security_group_rules) to 0
2026-06-02 13:32:39.551 10 INFO neutron.db.ovn_revision_numbers_db [None req-175788ac-ce1d-49ec-82e2-b017eb603fbf c85337671d3d4de7a3cbf7922049cc43 d031517615d54babb82f55acf0a72347 - - default default] Successfully bumped revision number for resource 802f4264-e390-4475-a649-87fe708c14ac (type: security_group_rules) to 0
2026-06-02 13:32:39.609 10 INFO neutron.api.wsgi [None req-175788ac-ce1d-49ec-82e2-b017eb603fbf c85337671d3d4de7a3cbf7922049cc43 d031517615d54babb82f55acf0a72347 - - default default] 10.0.0.79 "POST /v2.0/security-groups HTTP/1.1" status: 201 len: 1859 time: 0.1994045
2026-06-02 13:32:39.636 9 WARNING neutron_lib.context [None req-a0050d07-5660-48a5-a77f-def803349913 c85337671d3d4de7a3cbf7922049cc43 d031517615d54babb82f55acf0a72347 - - default default] Method 'is_advsvc' is deprecated since 2023.2 release (neutron-lib 3.8.0) and will be removed once support for the old RBAC API policies will be removed from Neutron. Please use method 'is_service_role' instead.
2026-06-02 13:32:39.702 9 WARNING neutron.scheduler.dhcp_agent_scheduler [None req-105e3f7a-a7aa-4e5e-aea5-61a7e66a01b5 04038dac12ee4d0dbb93b6e50745f21d b3590b50469e422baeb768c5d3a999c6 - - default default] No more DHCP agents
2026-06-02 13:32:39.704 9 WARNING neutron.api.rpc.agentnotifiers.dhcp_rpc_agent_api [None req-105e3f7a-a7aa-4e5e-aea5-61a7e66a01b5 04038dac12ee4d0dbb93b6e50745f21d b3590b50469e422baeb768c5d3a999c6 - - default default] Unable to schedule network 3625b642-a7a8-45eb-a055-e8c49cf30b3a: no agents available; will retry on subsequent port and subnet creation events.
2026-06-02 13:32:39.774 10 WARNING neutron_lib.context [req-e9fe7531-794d-4fa9-9ebf-196e8ed613a0 req-cf62dc91-f820-4af5-8842-b55d98d98f90 9a2754e3723545a18376266081f80c45 8c73fa9c423d4900be14346c0a65d8b1 - - default default] Method 'is_advsvc' is deprecated since 2023.2 release (neutron-lib 3.8.0) and will be removed once support for the old RBAC API policies will be removed from Neutron. Please use method 'is_service_role' instead.
2026-06-02 13:32:39.827 9 INFO neutron.db.ovn_revision_numbers_db [None req-a0050d07-5660-48a5-a77f-def803349913 c85337671d3d4de7a3cbf7922049cc43 d031517615d54babb82f55acf0a72347 - - default default] Successfully bumped revision number for resource e8ab0431-7a55-4563-a497-5145231bf920 (type: security_group_rules) to 0
2026-06-02 13:32:39.861 9 INFO neutron.api.wsgi [None req-a0050d07-5660-48a5-a77f-def803349913 c85337671d3d4de7a3cbf7922049cc43 d031517615d54babb82f55acf0a72347 - - default default] 10.0.0.79 "POST /v2.0/security-group-rules HTTP/1.1" status: 201 len: 796 time: 0.2394247
2026-06-02 13:32:39.876 9 WARNING neutron_lib.context [None req-716b76f4-6950-4905-bb8c-7fbc3707f282 c85337671d3d4de7a3cbf7922049cc43 d031517615d54babb82f55acf0a72347 - - default default] Method 'is_advsvc' is deprecated since 2023.2 release (neutron-lib 3.8.0) and will be removed once support for the old RBAC API policies will be removed from Neutron. Please use method 'is_service_role' instead.
2026-06-02 13:32:39.899 10 INFO neutron.db.ovn_revision_numbers_db [req-e9fe7531-794d-4fa9-9ebf-196e8ed613a0 req-cf62dc91-f820-4af5-8842-b55d98d98f90 9a2754e3723545a18376266081f80c45 8c73fa9c423d4900be14346c0a65d8b1 - - default default] Successfully bumped revision number for resource ee41a668-124c-49b7-b329-23c467f73863 (type: security_groups) to 1
2026-06-02 13:32:39.909 10 INFO neutron.db.ovn_revision_numbers_db [req-e9fe7531-794d-4fa9-9ebf-196e8ed613a0 req-cf62dc91-f820-4af5-8842-b55d98d98f90 9a2754e3723545a18376266081f80c45 8c73fa9c423d4900be14346c0a65d8b1 - - default default] Successfully bumped revision number for resource 51132abe-33e4-4bb7-9846-9e58d76ef2a4 (type: security_group_rules) to 0
2026-06-02 13:32:39.923 10 INFO neutron.db.ovn_revision_numbers_db [req-e9fe7531-794d-4fa9-9ebf-196e8ed613a0 req-cf62dc91-f820-4af5-8842-b55d98d98f90 9a2754e3723545a18376266081f80c45 8c73fa9c423d4900be14346c0a65d8b1 - - default default] Successfully bumped revision number for resource fd430860-a679-42f4-8811-6929f94ff246 (type: security_group_rules) to 0
2026-06-02 13:32:39.956 10 INFO neutron.api.wsgi [req-e9fe7531-794d-4fa9-9ebf-196e8ed613a0 req-cf62dc91-f820-4af5-8842-b55d98d98f90 9a2754e3723545a18376266081f80c45 8c73fa9c423d4900be14346c0a65d8b1 - - default default] 10.0.0.186 "POST /v2.0/security-groups HTTP/1.1" status: 201 len: 1889 time: 0.2153528
2026-06-02 13:32:40.004 9 INFO neutron.api.wsgi [None req-105e3f7a-a7aa-4e5e-aea5-61a7e66a01b5 04038dac12ee4d0dbb93b6e50745f21d b3590b50469e422baeb768c5d3a999c6 - - default default] 10.0.0.79 "POST /v2.0/floatingips HTTP/1.1" status: 201 len: 751 time: 0.5941060
2026-06-02 13:32:40.013 9 INFO neutron.db.ovn_revision_numbers_db [None req-716b76f4-6950-4905-bb8c-7fbc3707f282 c85337671d3d4de7a3cbf7922049cc43 d031517615d54babb82f55acf0a72347 - - default default] Successfully bumped revision number for resource 1e4aa61c-6cae-4cc6-922e-289c62206b8b (type: security_group_rules) to 0
2026-06-02 13:32:40.057 9 INFO neutron.api.wsgi [None req-716b76f4-6950-4905-bb8c-7fbc3707f282 c85337671d3d4de7a3cbf7922049cc43 d031517615d54babb82f55acf0a72347 - - default default] 10.0.0.79 "POST /v2.0/security-group-rules HTTP/1.1" status: 201 len: 801 time: 0.1855826
2026-06-02 13:32:40.066 9 WARNING neutron_lib.context [None req-df07ea09-ca29-4970-b7e7-ba5767ba4dbf c85337671d3d4de7a3cbf7922049cc43 d031517615d54babb82f55acf0a72347 - - default default] Method 'is_advsvc' is deprecated since 2023.2 release (neutron-lib 3.8.0) and will be removed once support for the old RBAC API policies will be removed from Neutron. Please use method 'is_service_role' instead.
2026-06-02 13:32:40.251 9 WARNING neutron.scheduler.dhcp_agent_scheduler [None req-df07ea09-ca29-4970-b7e7-ba5767ba4dbf c85337671d3d4de7a3cbf7922049cc43 d031517615d54babb82f55acf0a72347 - - default default] No more DHCP agents
2026-06-02 13:32:40.252 9 WARNING neutron.api.rpc.agentnotifiers.dhcp_rpc_agent_api [None req-df07ea09-ca29-4970-b7e7-ba5767ba4dbf c85337671d3d4de7a3cbf7922049cc43 d031517615d54babb82f55acf0a72347 - - default default] Unable to schedule network 3625b642-a7a8-45eb-a055-e8c49cf30b3a: no agents available; will retry on subsequent port and subnet creation events.
2026-06-02 13:32:40.293 10 INFO neutron.api.wsgi [req-b8bf2f75-a2c7-4864-afd4-eb1e05a982ab req-99323bf6-b64b-4d87-85eb-2de7eccff31c 0b78e7991e5047ee9379ceef5903ea09 564cd2d964104e65b34c229b0a58c299 - - default default] 10.0.0.186 "GET /v2.0/networks?id=0c38d900-e088-49c4-a172-52cb342d1d32 HTTP/1.1" status: 200 len: 876 time: 0.0608354
2026-06-02 13:32:40.307 10 INFO neutron.api.wsgi [req-b8bf2f75-a2c7-4864-afd4-eb1e05a982ab req-f031fa3c-dee8-46c5-9776-e3d2753a96d4 0b78e7991e5047ee9379ceef5903ea09 564cd2d964104e65b34c229b0a58c299 - - default default] 10.0.0.186 "GET /v2.0/quotas/564cd2d964104e65b34c229b0a58c299 HTTP/1.1" status: 200 len: 491 time: 0.0070200
2026-06-02 13:32:40.356 9 INFO neutron.api.wsgi [req-c3063ede-1cd1-4292-a0e4-99cc50f9e4f8 req-6d04530a-9f11-4db7-b570-eb19cb724910 9a2754e3723545a18376266081f80c45 8c73fa9c423d4900be14346c0a65d8b1 - - default default] 10.0.0.186 "GET /v2.0/security-groups/ee41a668-124c-49b7-b329-23c467f73863 HTTP/1.1" status: 200 len: 1884 time: 0.0619829
2026-06-02 13:32:40.366 9 WARNING neutron_lib.context [req-c3063ede-1cd1-4292-a0e4-99cc50f9e4f8 req-ff4e5c59-c3c3-43c9-89a8-2f86c00b3975 9a2754e3723545a18376266081f80c45 8c73fa9c423d4900be14346c0a65d8b1 - - default default] Method 'is_advsvc' is deprecated since 2023.2 release (neutron-lib 3.8.0) and will be removed once support for the old RBAC API policies will be removed from Neutron. Please use method 'is_service_role' instead.
2026-06-02 13:32:40.396 10 INFO neutron.api.wsgi [req-b8bf2f75-a2c7-4864-afd4-eb1e05a982ab req-c0bfe870-cfd8-4896-a451-283166a10aa8 0b78e7991e5047ee9379ceef5903ea09 564cd2d964104e65b34c229b0a58c299 - - default default] 10.0.0.186 "GET /v2.0/ports?tenant_id=564cd2d964104e65b34c229b0a58c299&fields=id HTTP/1.1" status: 200 len: 302 time: 0.0830705
2026-06-02 13:32:40.482 9 INFO neutron.api.wsgi [None req-df07ea09-ca29-4970-b7e7-ba5767ba4dbf c85337671d3d4de7a3cbf7922049cc43 d031517615d54babb82f55acf0a72347 - - default default] 10.0.0.79 "POST /v2.0/floatingips HTTP/1.1" status: 201 len: 751 time: 0.4194360
2026-06-02 13:32:40.486 9 INFO neutron.db.ovn_revision_numbers_db [req-c3063ede-1cd1-4292-a0e4-99cc50f9e4f8 req-ff4e5c59-c3c3-43c9-89a8-2f86c00b3975 9a2754e3723545a18376266081f80c45 8c73fa9c423d4900be14346c0a65d8b1 - - default default] Successfully bumped revision number for resource 186c5316-9366-480f-b48d-9c28ec2fa065 (type: security_group_rules) to 0
2026-06-02 13:32:40.512 9 INFO neutron.api.wsgi [req-c3063ede-1cd1-4292-a0e4-99cc50f9e4f8 req-ff4e5c59-c3c3-43c9-89a8-2f86c00b3975 9a2754e3723545a18376266081f80c45 8c73fa9c423d4900be14346c0a65d8b1 - - default default] 10.0.0.186 "POST /v2.0/security-group-rules HTTP/1.1" status: 201 len: 818 time: 0.1515231
2026-06-02 13:32:40.640 9 INFO neutron.api.wsgi [req-c42da81a-02eb-48af-8180-e0a11b05a944 req-9867d0ba-807f-4935-a009-44a7dd967964 04038dac12ee4d0dbb93b6e50745f21d b3590b50469e422baeb768c5d3a999c6 - - default default] 10.0.0.186 "GET /v2.0/security-groups?name=tempest-securitygroup--1928348965&fields=id&tenant_id=b3590b50469e422baeb768c5d3a999c6 HTTP/1.1" status: 200 len: 267 time: 0.0459538
2026-06-02 13:32:40.703 9 INFO neutron.api.wsgi [req-c42da81a-02eb-48af-8180-e0a11b05a944 req-8b266e41-32dd-4b0f-9e8e-c3419f66dd4f 04038dac12ee4d0dbb93b6e50745f21d b3590b50469e422baeb768c5d3a999c6 - - default default] 10.0.0.186 "GET /v2.0/networks?id=1da1e90a-7be2-4bae-9959-eccb4582e068 HTTP/1.1" status: 200 len: 875 time: 0.0488374
2026-06-02 13:32:40.721 9 INFO neutron.api.wsgi [req-c42da81a-02eb-48af-8180-e0a11b05a944 req-1b008897-7b20-47cf-ad97-9153a47f23c0 04038dac12ee4d0dbb93b6e50745f21d b3590b50469e422baeb768c5d3a999c6 - - default default] 10.0.0.186 "GET /v2.0/quotas/b3590b50469e422baeb768c5d3a999c6 HTTP/1.1" status: 200 len: 491 time: 0.0134442
2026-06-02 13:32:40.768 10 INFO neutron.api.wsgi [req-b8bf2f75-a2c7-4864-afd4-eb1e05a982ab req-261ad2d3-6256-4f4e-b37d-84eea28e9acc 7f80bfc0976c4ae49d98a14832977e59 bd1a759263f845cba38942cd10c00668 - - 02758a855b0a4c84848683b5d5df47d9 02758a855b0a4c84848683b5d5df47d9] 10.0.0.186 "GET /v2.0/extensions HTTP/1.1" status: 200 len: 19298 time: 0.0572069
2026-06-02 13:32:40.815 10 INFO neutron.api.wsgi [req-b8bf2f75-a2c7-4864-afd4-eb1e05a982ab req-0d5ee642-7753-4ceb-93a0-4304906b1764 7f80bfc0976c4ae49d98a14832977e59 bd1a759263f845cba38942cd10c00668 - - 02758a855b0a4c84848683b5d5df47d9 02758a855b0a4c84848683b5d5df47d9] 10.0.0.186 "GET /v2.0/networks/0c38d900-e088-49c4-a172-52cb342d1d32?fields=segments HTTP/1.1" status: 200 len: 212 time: 0.0391781
2026-06-02 13:32:40.819 9 INFO neutron.api.wsgi [req-c42da81a-02eb-48af-8180-e0a11b05a944 req-276bd454-f6de-4d59-80e1-80267484f7c5 04038dac12ee4d0dbb93b6e50745f21d b3590b50469e422baeb768c5d3a999c6 - - default default] 10.0.0.186 "GET /v2.0/ports?tenant_id=b3590b50469e422baeb768c5d3a999c6&fields=id HTTP/1.1" status: 200 len: 302 time: 0.0908389
2026-06-02 13:32:40.869 10 INFO neutron.api.wsgi [req-b8bf2f75-a2c7-4864-afd4-eb1e05a982ab req-ff66d1da-9c14-40c9-bcff-4202f293add5 7f80bfc0976c4ae49d98a14832977e59 bd1a759263f845cba38942cd10c00668 - - 02758a855b0a4c84848683b5d5df47d9 02758a855b0a4c84848683b5d5df47d9] 10.0.0.186 "GET /v2.0/networks/0c38d900-e088-49c4-a172-52cb342d1d32?fields=provider%3Aphysical_network&fields=provider%3Anetwork_type HTTP/1.1" status: 200 len: 277 time: 0.0468478
2026-06-02 13:32:40.991 10 WARNING neutron_lib.context [req-c7291e39-8342-43a0-97e3-fda2232613fb req-46dd9a9f-da5d-4437-8423-fb7f9376672b 9a2754e3723545a18376266081f80c45 8c73fa9c423d4900be14346c0a65d8b1 - - default default] Method 'is_advsvc' is deprecated since 2023.2 release (neutron-lib 3.8.0) and will be removed once support for the old RBAC API policies will be removed from Neutron. Please use method 'is_service_role' instead.
2026-06-02 13:32:41.107 10 INFO neutron.db.ovn_revision_numbers_db [req-c7291e39-8342-43a0-97e3-fda2232613fb req-46dd9a9f-da5d-4437-8423-fb7f9376672b 9a2754e3723545a18376266081f80c45 8c73fa9c423d4900be14346c0a65d8b1 - - default default] Successfully bumped revision number for resource df498696-c355-49f3-a268-361c03fbe572 (type: security_groups) to 1
2026-06-02 13:32:41.121 10 INFO neutron.db.ovn_revision_numbers_db [req-c7291e39-8342-43a0-97e3-fda2232613fb req-46dd9a9f-da5d-4437-8423-fb7f9376672b 9a2754e3723545a18376266081f80c45 8c73fa9c423d4900be14346c0a65d8b1 - - default default] Successfully bumped revision number for resource 66f62be5-2a18-4f08-add2-e63a08ab641c (type: security_group_rules) to 0
2026-06-02 13:32:41.137 10 INFO neutron.db.ovn_revision_numbers_db [req-c7291e39-8342-43a0-97e3-fda2232613fb req-46dd9a9f-da5d-4437-8423-fb7f9376672b 9a2754e3723545a18376266081f80c45 8c73fa9c423d4900be14346c0a65d8b1 - - default default] Successfully bumped revision number for resource b3c41e08-8ae6-4fb1-8a00-5c6724252baa (type: security_group_rules) to 0
2026-06-02 13:32:41.191 10 INFO neutron.api.wsgi [req-c7291e39-8342-43a0-97e3-fda2232613fb req-46dd9a9f-da5d-4437-8423-fb7f9376672b 9a2754e3723545a18376266081f80c45 8c73fa9c423d4900be14346c0a65d8b1 - - default default] 10.0.0.186 "POST /v2.0/security-groups HTTP/1.1" status: 201 len: 1890 time: 0.2064984
2026-06-02 13:32:41.207 9 INFO neutron.api.wsgi [req-c42da81a-02eb-48af-8180-e0a11b05a944 req-71bec435-3f8a-4d66-8218-5dcae07e311b 7f80bfc0976c4ae49d98a14832977e59 bd1a759263f845cba38942cd10c00668 - - 02758a855b0a4c84848683b5d5df47d9 02758a855b0a4c84848683b5d5df47d9] 10.0.0.186 "GET /v2.0/extensions HTTP/1.1" status: 200 len: 19298 time: 0.0507491
2026-06-02 13:32:41.265 9 INFO neutron.api.wsgi [req-c42da81a-02eb-48af-8180-e0a11b05a944 req-27148926-1447-4e64-915e-ed523ab26dd5 7f80bfc0976c4ae49d98a14832977e59 bd1a759263f845cba38942cd10c00668 - - 02758a855b0a4c84848683b5d5df47d9 02758a855b0a4c84848683b5d5df47d9] 10.0.0.186 "GET /v2.0/networks/1da1e90a-7be2-4bae-9959-eccb4582e068?fields=segments HTTP/1.1" status: 200 len: 212 time: 0.0478237
2026-06-02 13:32:41.311 10 INFO neutron.api.wsgi [req-ddf198aa-252d-4f11-b1bd-9f5d04cecbf1 req-758353c9-92e1-4112-905c-d37ec5e72a8d c85337671d3d4de7a3cbf7922049cc43 d031517615d54babb82f55acf0a72347 - - default default] 10.0.0.186 "GET /v2.0/security-groups?name=tempest-securitygroup--27840504&fields=id&tenant_id=d031517615d54babb82f55acf0a72347 HTTP/1.1" status: 200 len: 267 time: 0.0512121
2026-06-02 13:32:41.328 9 INFO neutron.api.wsgi [req-c42da81a-02eb-48af-8180-e0a11b05a944 req-0956ee82-70c0-486f-a51d-61b7eec3b8c0 7f80bfc0976c4ae49d98a14832977e59 bd1a759263f845cba38942cd10c00668 - - 02758a855b0a4c84848683b5d5df47d9 02758a855b0a4c84848683b5d5df47d9] 10.0.0.186 "GET /v2.0/networks/1da1e90a-7be2-4bae-9959-eccb4582e068?fields=provider%3Aphysical_network&fields=provider%3Anetwork_type HTTP/1.1" status: 200 len: 277 time: 0.0561576
2026-06-02 13:32:41.356 10 INFO neutron.api.wsgi [req-ddf198aa-252d-4f11-b1bd-9f5d04cecbf1 req-17166a53-e5fe-4140-bb04-d66a690197cb c85337671d3d4de7a3cbf7922049cc43 d031517615d54babb82f55acf0a72347 - - default default] 10.0.0.186 "GET /v2.0/networks?id=2fa2ad08-7154-41e9-9012-9956f0c90224 HTTP/1.1" status: 200 len: 883 time: 0.0374930
2026-06-02 13:32:41.382 10 INFO neutron.api.wsgi [req-ddf198aa-252d-4f11-b1bd-9f5d04cecbf1 req-f7037141-6af8-4cf0-b8a9-36e0ad3ba0b8 c85337671d3d4de7a3cbf7922049cc43 d031517615d54babb82f55acf0a72347 - - default default] 10.0.0.186 "GET /v2.0/quotas/d031517615d54babb82f55acf0a72347 HTTP/1.1" status: 200 len: 491 time: 0.0180502
2026-06-02 13:32:41.471 10 INFO neutron.api.wsgi [req-ddf198aa-252d-4f11-b1bd-9f5d04cecbf1 req-1d45d604-2cd3-421c-ae63-90384f3c5b2c c85337671d3d4de7a3cbf7922049cc43 d031517615d54babb82f55acf0a72347 - - default default] 10.0.0.186 "GET /v2.0/ports?tenant_id=d031517615d54babb82f55acf0a72347&fields=id HTTP/1.1" status: 200 len: 302 time: 0.0839264
2026-06-02 13:32:41.564 9 INFO neutron.api.wsgi [req-3acd8d1b-218d-4784-a0ac-e269a3826d14 req-fc9a13ce-b7c1-4bf9-bf07-68f28c12b11d 0b78e7991e5047ee9379ceef5903ea09 564cd2d964104e65b34c229b0a58c299 - - default default] 10.0.0.186 "GET /v2.0/ports?device_id=8f65015c-a95b-4c54-b6c8-ba31645c6444 HTTP/1.1" status: 200 len: 210 time: 0.0413237
2026-06-02 13:32:41.636 10 INFO neutron.api.wsgi [req-ddf198aa-252d-4f11-b1bd-9f5d04cecbf1 req-0a5ea8e9-5e62-472f-938d-b72dd31b7f6e 7f80bfc0976c4ae49d98a14832977e59 bd1a759263f845cba38942cd10c00668 - - 02758a855b0a4c84848683b5d5df47d9 02758a855b0a4c84848683b5d5df47d9] 10.0.0.186 "GET /v2.0/networks/2fa2ad08-7154-41e9-9012-9956f0c90224?fields=segments HTTP/1.1" status: 200 len: 212 time: 0.1555777
2026-06-02 13:32:41.643 9 INFO neutron.api.wsgi [req-bca76940-6612-46ca-a97c-bb75894da762 req-550b9206-6b9c-40ed-beda-ac51671d5f8c 9a2754e3723545a18376266081f80c45 8c73fa9c423d4900be14346c0a65d8b1 - - default default] 10.0.0.186 "GET /v2.0/security-groups/df498696-c355-49f3-a268-361c03fbe572 HTTP/1.1" status: 200 len: 1885 time: 0.0253422
2026-06-02 13:32:41.653 9 WARNING neutron_lib.context [req-bca76940-6612-46ca-a97c-bb75894da762 req-f90a6fd5-a20f-4de6-89b7-c9d99632fc8b 9a2754e3723545a18376266081f80c45 8c73fa9c423d4900be14346c0a65d8b1 - - default default] Method 'is_advsvc' is deprecated since 2023.2 release (neutron-lib 3.8.0) and will be removed once support for the old RBAC API policies will be removed from Neutron. Please use method 'is_service_role' instead.
2026-06-02 13:32:41.688 10 INFO neutron.api.wsgi [req-ddf198aa-252d-4f11-b1bd-9f5d04cecbf1 req-aea1a75e-4bbb-49d8-b94a-db83c2532f44 7f80bfc0976c4ae49d98a14832977e59 bd1a759263f845cba38942cd10c00668 - - 02758a855b0a4c84848683b5d5df47d9 02758a855b0a4c84848683b5d5df47d9] 10.0.0.186 "GET /v2.0/networks/2fa2ad08-7154-41e9-9012-9956f0c90224?fields=provider%3Aphysical_network&fields=provider%3Anetwork_type HTTP/1.1" status: 200 len: 277 time: 0.0448360
2026-06-02 13:32:41.767 9 INFO neutron.db.ovn_revision_numbers_db [req-bca76940-6612-46ca-a97c-bb75894da762 req-f90a6fd5-a20f-4de6-89b7-c9d99632fc8b 9a2754e3723545a18376266081f80c45 8c73fa9c423d4900be14346c0a65d8b1 - - default default] Successfully bumped revision number for resource b909ba86-65f2-4d02-9b23-a6bacb246160 (type: security_group_rules) to 0
2026-06-02 13:32:41.795 9 INFO neutron.api.wsgi [req-bca76940-6612-46ca-a97c-bb75894da762 req-f90a6fd5-a20f-4de6-89b7-c9d99632fc8b 9a2754e3723545a18376266081f80c45 8c73fa9c423d4900be14346c0a65d8b1 - - default default] 10.0.0.186 "POST /v2.0/security-group-rules HTTP/1.1" status: 201 len: 818 time: 0.1464486
2026-06-02 13:32:41.811 10 INFO neutron.api.wsgi [req-ca55b462-6859-4954-8be3-b79253cab221 req-6f6fba97-5241-48b5-94fd-3c76765c37e5 04038dac12ee4d0dbb93b6e50745f21d b3590b50469e422baeb768c5d3a999c6 - - default default] 10.0.0.186 "GET /v2.0/ports?device_id=7f56da87-d913-43d9-a03c-38e06aa15740 HTTP/1.1" status: 200 len: 210 time: 0.0289016
2026-06-02 13:32:41.845 9 INFO neutron.api.wsgi [req-daebebb6-916c-4b15-a3c1-5864c2210ead req-899135a5-86f8-426e-b9d4-559c978eb627 c85337671d3d4de7a3cbf7922049cc43 d031517615d54babb82f55acf0a72347 - - default default] 10.0.0.186 "GET /v2.0/ports?device_id=b083be91-0ee0-4769-a128-498c6ec4a8f7 HTTP/1.1" status: 200 len: 210 time: 0.0228508
2026-06-02 13:32:41.862 10 INFO neutron.api.wsgi [req-1f7fc353-fc32-484d-848f-9153b4c7a763 req-e8d61c74-8d9f-41ad-ad10-19fcbfb6a555 9a2754e3723545a18376266081f80c45 8c73fa9c423d4900be14346c0a65d8b1 - - default default] 10.0.0.186 "GET /v2.0/security-groups/df498696-c355-49f3-a268-361c03fbe572 HTTP/1.1" status: 200 len: 2510 time: 0.0243728
2026-06-02 13:32:41.873 10 WARNING neutron_lib.context [req-1f7fc353-fc32-484d-848f-9153b4c7a763 req-d3afaf8d-a1ee-4200-9816-368392ed6965 9a2754e3723545a18376266081f80c45 8c73fa9c423d4900be14346c0a65d8b1 - - default default] Method 'is_advsvc' is deprecated since 2023.2 release (neutron-lib 3.8.0) and will be removed once support for the old RBAC API policies will be removed from Neutron. Please use method 'is_service_role' instead.
2026-06-02 13:32:42.006 10 INFO neutron.db.ovn_revision_numbers_db [req-1f7fc353-fc32-484d-848f-9153b4c7a763 req-d3afaf8d-a1ee-4200-9816-368392ed6965 9a2754e3723545a18376266081f80c45 8c73fa9c423d4900be14346c0a65d8b1 - - default default] Successfully bumped revision number for resource f69c7af9-5329-4f63-8df9-2b21a7bda30d (type: security_group_rules) to 0
2026-06-02 13:32:42.038 10 INFO neutron.api.wsgi [req-1f7fc353-fc32-484d-848f-9153b4c7a763 req-d3afaf8d-a1ee-4200-9816-368392ed6965 9a2754e3723545a18376266081f80c45 8c73fa9c423d4900be14346c0a65d8b1 - - default default] 10.0.0.186 "POST /v2.0/security-group-rules HTTP/1.1" status: 201 len: 823 time: 0.1687689
2026-06-02 13:32:42.092 9 INFO neutron.api.wsgi [req-2f09f984-515f-4b6b-be72-36f896903b2a req-5a0bf0c5-4d56-4b19-a20b-3aea08298208 9a2754e3723545a18376266081f80c45 8c73fa9c423d4900be14346c0a65d8b1 - - default default] 10.0.0.186 "GET /v2.0/security-groups/df498696-c355-49f3-a268-361c03fbe572 HTTP/1.1" status: 200 len: 3140 time: 0.0290554
2026-06-02 13:32:42.134 10 INFO neutron.api.wsgi [req-ade29af5-7ecc-4360-ab00-fd23ac42fa57 req-32289a1c-9db9-4317-a1c7-e8253885cf98 9a2754e3723545a18376266081f80c45 8c73fa9c423d4900be14346c0a65d8b1 - - default default] 10.0.0.186 "GET /v2.0/security-group-rules/f69c7af9-5329-4f63-8df9-2b21a7bda30d HTTP/1.1" status: 200 len: 815 time: 0.0178301
2026-06-02 13:32:42.169 10 INFO neutron.api.wsgi [req-ade29af5-7ecc-4360-ab00-fd23ac42fa57 req-fcd3f0e6-c9e6-4852-855f-80985d693280 9a2754e3723545a18376266081f80c45 8c73fa9c423d4900be14346c0a65d8b1 - - default default] 10.0.0.186 "GET /v2.0/security-groups/df498696-c355-49f3-a268-361c03fbe572 HTTP/1.1" status: 200 len: 3140 time: 0.0281854
2026-06-02 13:32:42.310 10 INFO neutron.api.wsgi [req-ade29af5-7ecc-4360-ab00-fd23ac42fa57 req-94dc07fd-4778-4c11-a307-da7b1cee2194 9a2754e3723545a18376266081f80c45 8c73fa9c423d4900be14346c0a65d8b1 - - default default] 10.0.0.186 "DELETE /v2.0/security-group-rules/f69c7af9-5329-4f63-8df9-2b21a7bda30d HTTP/1.1" status: 204 len: 173 time: 0.1360018
2026-06-02 13:32:42.363 9 INFO neutron.api.wsgi [req-0793fead-a15b-4ef9-aa44-fad6a48ea646 req-46e15af9-8484-4eb5-a131-ffe69fcf4e49 9a2754e3723545a18376266081f80c45 8c73fa9c423d4900be14346c0a65d8b1 - - default default] 10.0.0.186 "GET /v2.0/security-groups/df498696-c355-49f3-a268-361c03fbe572 HTTP/1.1" status: 200 len: 2510 time: 0.0337701
2026-06-02 13:32:42.494 9 INFO neutron.api.wsgi [req-0793fead-a15b-4ef9-aa44-fad6a48ea646 req-5619166b-9894-423a-b12d-a4615f92732b 9a2754e3723545a18376266081f80c45 8c73fa9c423d4900be14346c0a65d8b1 - - default default] 10.0.0.186 "DELETE /v2.0/security-groups/df498696-c355-49f3-a268-361c03fbe572 HTTP/1.1" status: 204 len: 173 time: 0.1266422
2026-06-02 13:32:42.545 10 INFO neutron.api.wsgi [req-e9b2b7e4-b73b-414f-ad53-2208d9cebb02 req-52835d2b-440e-455a-acd2-efcef02bf1f0 9a2754e3723545a18376266081f80c45 8c73fa9c423d4900be14346c0a65d8b1 - - default default] 10.0.0.186 "GET /v2.0/security-groups/ee41a668-124c-49b7-b329-23c467f73863 HTTP/1.1" status: 200 len: 2509 time: 0.0300925
2026-06-02 13:32:42.666 10 INFO neutron.api.wsgi [req-e9b2b7e4-b73b-414f-ad53-2208d9cebb02 req-1c58066a-173d-4254-872a-e5f58c8daa52 9a2754e3723545a18376266081f80c45 8c73fa9c423d4900be14346c0a65d8b1 - - default default] 10.0.0.186 "DELETE /v2.0/security-groups/ee41a668-124c-49b7-b329-23c467f73863 HTTP/1.1" status: 204 len: 173 time: 0.1147144
2026-06-02 13:32:42.703 9 INFO neutron.api.wsgi [req-461cd817-447e-4bb6-9a34-51c226f2858d req-9937283d-a945-48ad-8cc4-88c1d5be2f27 0b78e7991e5047ee9379ceef5903ea09 564cd2d964104e65b34c229b0a58c299 - - default default] 10.0.0.186 "GET /v2.0/ports?device_id=8f65015c-a95b-4c54-b6c8-ba31645c6444 HTTP/1.1" status: 200 len: 210 time: 0.0200830
2026-06-02 13:32:42.947 10 INFO neutron.api.wsgi [req-3ef4ed75-4f7b-4d56-ae72-01cb34a9bf29 req-81913393-3fa0-48dc-89a2-f92d930312e3 04038dac12ee4d0dbb93b6e50745f21d b3590b50469e422baeb768c5d3a999c6 - - default default] 10.0.0.186 "GET /v2.0/ports?device_id=7f56da87-d913-43d9-a03c-38e06aa15740 HTTP/1.1" status: 200 len: 210 time: 0.0209951
2026-06-02 13:32:43.144 9 INFO neutron.api.wsgi [req-f790ae98-976c-44f8-a0a0-8f5fe500cd5f req-c84d1640-0094-4db7-99db-97b00ff9dd12 c85337671d3d4de7a3cbf7922049cc43 d031517615d54babb82f55acf0a72347 - - default default] 10.0.0.186 "GET /v2.0/ports?device_id=b083be91-0ee0-4769-a128-498c6ec4a8f7 HTTP/1.1" status: 200 len: 210 time: 0.0297012
2026-06-02 13:32:43.193 10 WARNING neutron.plugins.ml2.drivers.ovn.mech_driver.ovsdb.ovn_client [None req-b68de163-34cf-4332-bc7d-51ccb59da699 - - - - - -] No hosting information found for port b8d6d6c0-80c6-4ebd-841d-2163b6fc287f: RuntimeError: No hosting information found for port b8d6d6c0-80c6-4ebd-841d-2163b6fc287f
2026-06-02 13:32:43.194 10 INFO neutron.plugins.ml2.drivers.ovn.mech_driver.mech_driver [None req-b68de163-34cf-4332-bc7d-51ccb59da699 - - - - - -] OVN reports status up for port: 69a704a4-fb4c-4093-8cfb-5d96d5993bcf
2026-06-02 13:32:43.204 10 INFO neutron.plugins.ml2.plugin [None req-b68de163-34cf-4332-bc7d-51ccb59da699 - - - - - -] Attempt 1 to provision port 69a704a4-fb4c-4093-8cfb-5d96d5993bcf
2026-06-02 13:32:43.270 10 INFO neutron.plugins.ml2.drivers.ovn.mech_driver.mech_driver [None req-b68de163-34cf-4332-bc7d-51ccb59da699 - - - - - -] OVN reports status up for port: e4592f43-f86c-4c70-ac19-7ba216ec07ad
2026-06-02 13:32:43.276 10 INFO neutron.plugins.ml2.plugin [None req-b68de163-34cf-4332-bc7d-51ccb59da699 - - - - - -] Attempt 1 to provision port e4592f43-f86c-4c70-ac19-7ba216ec07ad
2026-06-02 13:32:43.652 10 INFO neutron.db.ovn_revision_numbers_db [None req-b68de163-34cf-4332-bc7d-51ccb59da699 - - - - - -] Successfully bumped revision number for resource e4592f43-f86c-4c70-ac19-7ba216ec07ad (type: ports) to 2
2026-06-02 13:32:43.790 10 INFO neutron.api.wsgi [req-907aa37f-dfa8-4960-8914-0aaef24e2e22 req-6f137fb5-0c78-4dd9-8bca-059c2707c6e7 0b78e7991e5047ee9379ceef5903ea09 564cd2d964104e65b34c229b0a58c299 - - default default] 10.0.0.186 "GET /v2.0/ports?device_id=8f65015c-a95b-4c54-b6c8-ba31645c6444 HTTP/1.1" status: 200 len: 210 time: 0.0219269
2026-06-02 13:32:44.035 9 INFO neutron.api.wsgi [req-9e127fda-1095-4b4f-a327-a70ba43cbfbc req-73c18d30-38db-400c-aba0-293feed2f10c 04038dac12ee4d0dbb93b6e50745f21d b3590b50469e422baeb768c5d3a999c6 - - default default] 10.0.0.186 "GET /v2.0/ports?device_id=7f56da87-d913-43d9-a03c-38e06aa15740 HTTP/1.1" status: 200 len: 210 time: 0.0202599
2026-06-02 13:32:44.163 9 WARNING neutron.plugins.ml2.drivers.ovn.mech_driver.ovsdb.ovn_client [None req-8e38eb2f-8e19-47f9-a800-34244f347b19 - - - - - -] No port found with ID 07b35fbc-0764-4bb1-ac05-614dcac9e609: RuntimeError: No port found with ID 07b35fbc-0764-4bb1-ac05-614dcac9e609
2026-06-02 13:32:44.233 10 INFO neutron.api.wsgi [req-fba59741-b540-44f7-b896-05ec31304853 req-f5f2ccdb-135d-4d54-89fa-9e7e44622819 c85337671d3d4de7a3cbf7922049cc43 d031517615d54babb82f55acf0a72347 - - default default] 10.0.0.186 "GET /v2.0/ports?device_id=b083be91-0ee0-4769-a128-498c6ec4a8f7 HTTP/1.1" status: 200 len: 210 time: 0.0210533
2026-06-02 13:32:44.241 9 INFO neutron.api.wsgi [None req-dc5b4714-2880-4f6f-8be1-ac645b58b55d 137ec43846084a089afdae182b4e0dbd 294e0993ebdb4c8ab84944346059036f - - default default] 10.0.0.79 "PUT /v2.0/routers/06ef3508-e3d3-4c9c-a014-3e4c48c6e35c/remove_router_interface HTTP/1.1" status: 200 len: 503 time: 1.5661664 /var/lib/openstack/lib/python3.12/site-packages/pycadf/identifier.py:71: UserWarning: Invalid uuid: neutron. To ensure interoperability, identifiers should be a valid uuid. warnings.warn(('Invalid uuid: %s. To ensure interoperability, '
2026-06-02 13:32:44.888 9 INFO neutron.api.wsgi [req-ce46e3fc-e3b3-4423-a509-2cff48efa500 req-ede830f2-84b4-4355-a5fe-84e3e2419a1e 0b78e7991e5047ee9379ceef5903ea09 564cd2d964104e65b34c229b0a58c299 - - default default] 10.0.0.186 "GET /v2.0/ports?device_id=8f65015c-a95b-4c54-b6c8-ba31645c6444 HTTP/1.1" status: 200 len: 210 time: 0.0216706
2026-06-02 13:32:44.908 9 INFO neutron.api.wsgi [None req-ff4caf3a-b916-41bb-8873-224ee3c3f72f 137ec43846084a089afdae182b4e0dbd 294e0993ebdb4c8ab84944346059036f - - default default] 10.0.0.79 "DELETE /v2.0/routers/06ef3508-e3d3-4c9c-a014-3e4c48c6e35c HTTP/1.1" status: 204 len: 168 time: 0.6616378
2026-06-02 13:32:45.094 9 INFO neutron.api.wsgi [None req-6a53b719-15b3-4a1e-8fbf-33fd4a01654a 137ec43846084a089afdae182b4e0dbd 294e0993ebdb4c8ab84944346059036f - - default default] 10.0.0.79 "DELETE /v2.0/subnets/688feacd-d397-4fb6-b8d7-b2b8f06edb67 HTTP/1.1" status: 204 len: 168 time: 0.1809614
2026-06-02 13:32:45.129 10 INFO neutron.api.wsgi [req-6dc57847-0916-4a80-a9be-2dd14d624b11 req-8b0c6746-3188-4ebb-b8c7-00e2794e0091 04038dac12ee4d0dbb93b6e50745f21d b3590b50469e422baeb768c5d3a999c6 - - default default] 10.0.0.186 "GET /v2.0/ports?device_id=7f56da87-d913-43d9-a03c-38e06aa15740 HTTP/1.1" status: 200 len: 210 time: 0.0213015
2026-06-02 13:32:45.603 9 INFO neutron.api.wsgi [req-97beb128-623c-4fe0-a63e-44e961311403 req-e795c274-1e9e-4227-9b47-baf5b82d2d78 c85337671d3d4de7a3cbf7922049cc43 d031517615d54babb82f55acf0a72347 - - default default] 10.0.0.186 "GET /v2.0/ports?device_id=b083be91-0ee0-4769-a128-498c6ec4a8f7 HTTP/1.1" status: 200 len: 210 time: 0.3130898
2026-06-02 13:32:45.827 9 INFO neutron.api.wsgi [None req-f1dd9c4d-36e0-4b3a-8071-b3a3f5a69591 137ec43846084a089afdae182b4e0dbd 294e0993ebdb4c8ab84944346059036f - - default default] 10.0.0.79 "DELETE /v2.0/networks/e585e9a7-29a8-4bac-ae55-837c1398d3e5 HTTP/1.1" status: 204 len: 168 time: 0.7150788
2026-06-02 13:32:45.932 10 INFO neutron.api.wsgi [req-b8bf2f75-a2c7-4864-afd4-eb1e05a982ab req-c843c229-178e-42a0-b943-efdc056aa0e4 0b78e7991e5047ee9379ceef5903ea09 564cd2d964104e65b34c229b0a58c299 - - default default] 199.204.45.4 "GET /v2.0/networks?id=0c38d900-e088-49c4-a172-52cb342d1d32 HTTP/1.1" status: 200 len: 876 time: 0.0930338
2026-06-02 13:32:45.969 10 WARNING neutron_lib.context [req-b8bf2f75-a2c7-4864-afd4-eb1e05a982ab req-ff8afeab-da2b-44ba-9659-e9148daa6bb2 0b78e7991e5047ee9379ceef5903ea09 564cd2d964104e65b34c229b0a58c299 - - default default] Method 'is_advsvc' is deprecated since 2023.2 release (neutron-lib 3.8.0) and will be removed once support for the old RBAC API policies will be removed from Neutron. Please use method 'is_service_role' instead.
2026-06-02 13:32:45.983 10 INFO neutron.api.wsgi [req-aae94366-311f-404f-bc0a-d43f46b4ecc3 req-35f40704-9ce5-4c49-9edf-4bf853c472a8 0b78e7991e5047ee9379ceef5903ea09 564cd2d964104e65b34c229b0a58c299 - - default default] 10.0.0.186 "GET /v2.0/ports?device_id=8f65015c-a95b-4c54-b6c8-ba31645c6444 HTTP/1.1" status: 200 len: 210 time: 0.0314517
2026-06-02 13:32:45.985 9 INFO neutron.api.wsgi [None req-037cc017-d81f-4f9c-80ae-8b4b55f75ee0 137ec43846084a089afdae182b4e0dbd 294e0993ebdb4c8ab84944346059036f - - default default] 10.0.0.79 "GET /v2.0/security-groups?tenant_id=8c73fa9c423d4900be14346c0a65d8b1&name=default HTTP/1.1" status: 200 len: 3116 time: 0.0350184
2026-06-02 13:32:46.219 9 INFO neutron.api.wsgi [req-1e069dc2-52ab-497f-80f3-0e50fdbd384d req-9973f823-a197-44a1-b447-579835352a86 04038dac12ee4d0dbb93b6e50745f21d b3590b50469e422baeb768c5d3a999c6 - - default default] 10.0.0.186 "GET /v2.0/ports?device_id=7f56da87-d913-43d9-a03c-38e06aa15740 HTTP/1.1" status: 200 len: 210 time: 0.0156741
2026-06-02 13:32:46.241 9 INFO neutron.api.wsgi [None req-33ea4849-0916-452b-b2d0-3a654b754883 137ec43846084a089afdae182b4e0dbd 294e0993ebdb4c8ab84944346059036f - - default default] 10.0.0.79 "DELETE /v2.0/security-groups/6d495ea1-03af-4488-8ebc-fb83aa8bb363 HTTP/1.1" status: 204 len: 168 time: 0.2520690
2026-06-02 13:32:46.296 9 INFO neutron.services.segments.plugin [-] Segment 1a4d0e2a-0f87-482d-8e10-9b66c79f56e4 resource provider aggregate not found
2026-06-02 13:32:46.302 9 INFO neutron.services.segments.plugin [-] Segment 1a4d0e2a-0f87-482d-8e10-9b66c79f56e4 resource provider aggregate not found
2026-06-02 13:32:46.309 9 INFO neutron.services.segments.plugin [-] Segment 1a4d0e2a-0f87-482d-8e10-9b66c79f56e4 resource provider not found; error: Placement Client Error (4xx): {"errors": [{"status": 404, "title": "Not Found", "detail": "The resource could not be found.\n\n No resource provider with uuid 1a4d0e2a-0f87-482d-8e10-9b66c79f56e4 found for delete ", "request_id": "req-3f7ab4ec-3eb5-4820-a5dc-9cef31a7c7ea"}]}
2026-06-02 13:32:46.314 9 INFO neutron.services.segments.plugin [-] Segment 1a4d0e2a-0f87-482d-8e10-9b66c79f56e4 resource provider not found; error: Placement Client Error (4xx): {"errors": [{"status": 404, "title": "Not Found", "detail": "The resource could not be found.\n\n No resource provider with uuid 1a4d0e2a-0f87-482d-8e10-9b66c79f56e4 found for delete ", "request_id": "req-b35d9d7b-79e7-4ef7-b1f4-e77069a75996"}]}
2026-06-02 13:32:46.330 10 WARNING neutron.scheduler.dhcp_agent_scheduler [req-b8bf2f75-a2c7-4864-afd4-eb1e05a982ab req-ff8afeab-da2b-44ba-9659-e9148daa6bb2 0b78e7991e5047ee9379ceef5903ea09 564cd2d964104e65b34c229b0a58c299 - - default default] No more DHCP agents
2026-06-02 13:32:46.331 10 WARNING neutron.api.rpc.agentnotifiers.dhcp_rpc_agent_api [req-b8bf2f75-a2c7-4864-afd4-eb1e05a982ab req-ff8afeab-da2b-44ba-9659-e9148daa6bb2 0b78e7991e5047ee9379ceef5903ea09 564cd2d964104e65b34c229b0a58c299 - - default default] Unable to schedule network 0c38d900-e088-49c4-a172-52cb342d1d32: no agents available; will retry on subsequent port and subnet creation events.
2026-06-02 13:32:46.432 10 INFO neutron.db.ovn_revision_numbers_db [req-b8bf2f75-a2c7-4864-afd4-eb1e05a982ab req-ff8afeab-da2b-44ba-9659-e9148daa6bb2 0b78e7991e5047ee9379ceef5903ea09 564cd2d964104e65b34c229b0a58c299 - - default default] Successfully bumped revision number for resource 686fb706-3130-47b2-9ddc-098ed9e66358 (type: ports) to 1
2026-06-02 13:32:46.458 10 INFO neutron.api.wsgi [req-b8bf2f75-a2c7-4864-afd4-eb1e05a982ab req-ff8afeab-da2b-44ba-9659-e9148daa6bb2 0b78e7991e5047ee9379ceef5903ea09 564cd2d964104e65b34c229b0a58c299 - - default default] 199.204.45.4 "POST /v2.0/ports HTTP/1.1" status: 201 len: 1158 time: 0.5055439 /var/lib/openstack/lib/python3.12/site-packages/pycadf/identifier.py:71: UserWarning: Invalid uuid: neutron. To ensure interoperability, identifiers should be a valid uuid. warnings.warn(('Invalid uuid: %s. To ensure interoperability, '
2026-06-02 13:32:46.469 10 INFO neutron.api.wsgi [req-b8bf2f75-a2c7-4864-afd4-eb1e05a982ab req-e7a5f813-580d-440a-916c-c1e339ec84f9 0b78e7991e5047ee9379ceef5903ea09 564cd2d964104e65b34c229b0a58c299 - - default default] 199.204.45.4 "GET /v2.0/extensions HTTP/1.1" status: 200 len: 19298 time: 0.0058098
2026-06-02 13:32:46.688 10 INFO neutron.api.wsgi [req-71235dee-d790-46e9-b09b-2b0e3d27cf04 req-4707edce-302c-4318-bc7a-a6572da976e7 c85337671d3d4de7a3cbf7922049cc43 d031517615d54babb82f55acf0a72347 - - default default] 10.0.0.186 "GET /v2.0/ports?device_id=b083be91-0ee0-4769-a128-498c6ec4a8f7 HTTP/1.1" status: 200 len: 210 time: 0.0161684
2026-06-02 13:32:47.130 9 INFO neutron.api.wsgi [req-aa8116cc-ed24-4039-b9bc-de45457a6029 req-d398213e-841c-4bad-80bf-4a83fa2052fd 0b78e7991e5047ee9379ceef5903ea09 564cd2d964104e65b34c229b0a58c299 - - default default] 10.0.0.186 "GET /v2.0/ports?device_id=8f65015c-a95b-4c54-b6c8-ba31645c6444 HTTP/1.1" status: 200 len: 1168 time: 0.0764461
2026-06-02 13:32:47.169 10 INFO neutron.db.ovn_revision_numbers_db [req-b8bf2f75-a2c7-4864-afd4-eb1e05a982ab req-57c11913-a829-4c4f-9103-11966aa92f11 7f80bfc0976c4ae49d98a14832977e59 bd1a759263f845cba38942cd10c00668 - - 02758a855b0a4c84848683b5d5df47d9 02758a855b0a4c84848683b5d5df47d9] Successfully bumped revision number for resource 686fb706-3130-47b2-9ddc-098ed9e66358 (type: ports) to 2
2026-06-02 13:32:47.182 9 INFO neutron.api.wsgi [req-aa8116cc-ed24-4039-b9bc-de45457a6029 req-4e8b1c07-ca4c-4548-90c0-44e2343cf974 0b78e7991e5047ee9379ceef5903ea09 564cd2d964104e65b34c229b0a58c299 - - default default] 10.0.0.186 "GET /v2.0/security-groups?id=63297058-daf4-4209-91c6-c227bbcd2f30&fields=id&fields=name HTTP/1.1" status: 200 len: 286 time: 0.0456715 /var/lib/openstack/lib/python3.12/site-packages/pycadf/identifier.py:71: UserWarning: Invalid uuid: neutron. To ensure interoperability, identifiers should be a valid uuid. warnings.warn(('Invalid uuid: %s. To ensure interoperability, '
2026-06-02 13:32:47.297 10 INFO neutron.api.wsgi [req-afb1eba7-41f9-4f6a-9558-b84aab7e3cb6 req-c22db6ae-4954-495e-bd33-f81f375557af 04038dac12ee4d0dbb93b6e50745f21d b3590b50469e422baeb768c5d3a999c6 - - default default] 10.0.0.186 "GET /v2.0/ports?device_id=7f56da87-d913-43d9-a03c-38e06aa15740 HTTP/1.1" status: 200 len: 210 time: 0.0199049
2026-06-02 13:32:47.393 10 INFO neutron.db.ovn_revision_numbers_db [req-b8bf2f75-a2c7-4864-afd4-eb1e05a982ab req-57c11913-a829-4c4f-9103-11966aa92f11 7f80bfc0976c4ae49d98a14832977e59 bd1a759263f845cba38942cd10c00668 - - 02758a855b0a4c84848683b5d5df47d9 02758a855b0a4c84848683b5d5df47d9] Successfully bumped revision number for resource 686fb706-3130-47b2-9ddc-098ed9e66358 (type: ports) to 4
