2026-06-02 13:35:35.883 9 INFO neutron.api.wsgi [None req-1b65f3c9-1cf7-4790-b323-37a56dbafdcd aa73e9fb23d64d7da3a8c7e5b7c98baf 2a1cb10fb08d40d48739669053ff22b9 - - default default] 10.0.0.79 "POST /v2.0/networks HTTP/1.1" status: 201 len: 830 time: 0.4930828
2026-06-02 13:35:35.893 9 WARNING neutron_lib.context [None req-84f57099-ebd8-4a42-bb0a-70ad1ba51aad aa73e9fb23d64d7da3a8c7e5b7c98baf 2a1cb10fb08d40d48739669053ff22b9 - - default default] Method 'is_advsvc' is deprecated since 2023.2 release (neutron-lib 3.8.0) and will be removed once support for the old RBAC API policies will be removed from Neutron. Please use method 'is_service_role' instead.
2026-06-02 13:35:35.993 10 WARNING neutron.scheduler.dhcp_agent_scheduler [None req-238241d9-9423-4958-b2de-49abbf11dee3 c60028476da94f89ae61c773d9e6b7f1 4d33c10ec34c4bdfb37eca3eee23603b - - default default] No more DHCP agents
2026-06-02 13:35:35.996 10 WARNING neutron.api.rpc.agentnotifiers.dhcp_rpc_agent_api [None req-238241d9-9423-4958-b2de-49abbf11dee3 c60028476da94f89ae61c773d9e6b7f1 4d33c10ec34c4bdfb37eca3eee23603b - - default default] Unable to schedule network 3625b642-a7a8-45eb-a055-e8c49cf30b3a: no agents available; will retry on subsequent port and subnet creation events.
2026-06-02 13:35:36.110 10 INFO neutron.db.ovn_revision_numbers_db [None req-238241d9-9423-4958-b2de-49abbf11dee3 c60028476da94f89ae61c773d9e6b7f1 4d33c10ec34c4bdfb37eca3eee23603b - - default default] Successfully bumped revision number for resource 991ff525-c4fc-4f5c-a476-2f1987b820ea (type: ports) to 1
2026-06-02 13:35:36.151 9 WARNING neutron.scheduler.dhcp_agent_scheduler [None req-84f57099-ebd8-4a42-bb0a-70ad1ba51aad aa73e9fb23d64d7da3a8c7e5b7c98baf 2a1cb10fb08d40d48739669053ff22b9 - - default default] No more DHCP agents
2026-06-02 13:35:36.153 9 WARNING neutron.api.rpc.agentnotifiers.dhcp_rpc_agent_api [None req-84f57099-ebd8-4a42-bb0a-70ad1ba51aad aa73e9fb23d64d7da3a8c7e5b7c98baf 2a1cb10fb08d40d48739669053ff22b9 - - default default] Unable to schedule network 5d5ed27c-76d4-4c33-9b77-a7e23086a4c4: no agents available; will retry on subsequent port and subnet creation events.
2026-06-02 13:35:36.206 9 INFO neutron.db.ovn_revision_numbers_db [None req-84f57099-ebd8-4a42-bb0a-70ad1ba51aad aa73e9fb23d64d7da3a8c7e5b7c98baf 2a1cb10fb08d40d48739669053ff22b9 - - default default] Successfully bumped revision number for resource 15f20f68-dab5-42b7-8f2c-896dd05a398f (type: ports) to 1
2026-06-02 13:35:36.232 9 INFO neutron.api.wsgi [None req-84f57099-ebd8-4a42-bb0a-70ad1ba51aad aa73e9fb23d64d7da3a8c7e5b7c98baf 2a1cb10fb08d40d48739669053ff22b9 - - default default] 10.0.0.79 "POST /v2.0/ports HTTP/1.1" status: 201 len: 942 time: 0.3421099 /var/lib/openstack/lib/python3.12/site-packages/pycadf/identifier.py:71: UserWarning: Invalid uuid: neutron. To ensure interoperability, identifiers should be a valid uuid. warnings.warn(('Invalid uuid: %s. To ensure interoperability, '
2026-06-02 13:35:36.242 9 WARNING neutron_lib.context [None req-a9bfd072-7675-44b8-8e30-2674f84c93aa aa73e9fb23d64d7da3a8c7e5b7c98baf 2a1cb10fb08d40d48739669053ff22b9 - - default default] Method 'is_advsvc' is deprecated since 2023.2 release (neutron-lib 3.8.0) and will be removed once support for the old RBAC API policies will be removed from Neutron. Please use method 'is_service_role' instead.
2026-06-02 13:35:36.312 9 INFO neutron.db.segments_db [None req-a9bfd072-7675-44b8-8e30-2674f84c93aa aa73e9fb23d64d7da3a8c7e5b7c98baf 2a1cb10fb08d40d48739669053ff22b9 - - default default] Added segment 5aa5c439-a764-4e83-8d0c-d288bd12d93d of type geneve for network 6a51bd77-51bc-4ddf-82d6-003aec505684
2026-06-02 13:35:36.434 9 INFO neutron.db.ovn_revision_numbers_db [None req-a9bfd072-7675-44b8-8e30-2674f84c93aa aa73e9fb23d64d7da3a8c7e5b7c98baf 2a1cb10fb08d40d48739669053ff22b9 - - default default] Successfully bumped revision number for resource 6a51bd77-51bc-4ddf-82d6-003aec505684 (type: networks) to 1
2026-06-02 13:35:36.585 9 WARNING neutron.scheduler.dhcp_agent_scheduler [None req-a9bfd072-7675-44b8-8e30-2674f84c93aa aa73e9fb23d64d7da3a8c7e5b7c98baf 2a1cb10fb08d40d48739669053ff22b9 - - default default] No more DHCP agents
2026-06-02 13:35:36.586 9 WARNING neutron.api.rpc.agentnotifiers.dhcp_rpc_agent_api [None req-a9bfd072-7675-44b8-8e30-2674f84c93aa aa73e9fb23d64d7da3a8c7e5b7c98baf 2a1cb10fb08d40d48739669053ff22b9 - - default default] Unable to schedule network 6a51bd77-51bc-4ddf-82d6-003aec505684: no agents available; will retry on subsequent port and subnet creation events.
2026-06-02 13:35:36.651 9 INFO neutron.api.wsgi [None req-2fe29bc7-80af-41dc-b4ec-6441ddff74c7 137ec43846084a089afdae182b4e0dbd 294e0993ebdb4c8ab84944346059036f - - default default] 10.0.0.79 "GET /v2.0/security-groups?tenant_id=9e05eb0f4f184df5a0dbcaf045c0265e&name=default HTTP/1.1" status: 200 len: 3120 time: 0.1129079
2026-06-02 13:35:36.652 9 INFO neutron.db.ovn_revision_numbers_db [None req-a9bfd072-7675-44b8-8e30-2674f84c93aa aa73e9fb23d64d7da3a8c7e5b7c98baf 2a1cb10fb08d40d48739669053ff22b9 - - default default] Successfully bumped revision number for resource 8ef28082-65cf-48be-876f-d6379394796a (type: ports) to 1
2026-06-02 13:35:36.673 9 INFO neutron.api.wsgi [None req-a9bfd072-7675-44b8-8e30-2674f84c93aa aa73e9fb23d64d7da3a8c7e5b7c98baf 2a1cb10fb08d40d48739669053ff22b9 - - default default] 10.0.0.79 "POST /v2.0/networks HTTP/1.1" status: 201 len: 831 time: 0.4346859
2026-06-02 13:35:36.678 10 INFO neutron.plugins.ml2.drivers.ovn.mech_driver.ovsdb.commands [None req-68922ff3-225b-426b-abdb-bb5c77c4bf07 - - - - - -] Schedule LRP lrp-991ff525-c4fc-4f5c-a476-2f1987b820ea on gateway 964fb7a4-776b-4958-a6cf-e0e5fab903dc with priority 1
2026-06-02 13:35:36.685 9 WARNING neutron_lib.context [None req-c05ce0d8-9a73-4410-baa5-74d2da1bcdf0 aa73e9fb23d64d7da3a8c7e5b7c98baf 2a1cb10fb08d40d48739669053ff22b9 - - default default] Method 'is_advsvc' is deprecated since 2023.2 release (neutron-lib 3.8.0) and will be removed once support for the old RBAC API policies will be removed from Neutron. Please use method 'is_service_role' instead.
2026-06-02 13:35:36.748 10 INFO neutron.api.wsgi [req-820a5680-1200-4ca9-ae24-91fa2c7cd76b req-c9ef00f7-c100-4a7d-afe5-6c0fa45ebdf7 93397d3fd7ef4a7d8194e3fa97e0a63a 9a1f13cff8cb40f2b6a831b76fd9d817 - - default default] 10.0.0.186 "GET /v2.0/ports?device_id=01bf5764-dd7d-4863-91b1-d4726eb8c8a4 HTTP/1.1" status: 200 len: 210 time: 0.0273938
2026-06-02 13:35:36.753 10 INFO neutron.db.ovn_revision_numbers_db [None req-238241d9-9423-4958-b2de-49abbf11dee3 c60028476da94f89ae61c773d9e6b7f1 4d33c10ec34c4bdfb37eca3eee23603b - - default default] Successfully bumped revision number for resource 991ff525-c4fc-4f5c-a476-2f1987b820ea (type: router_ports) to 1
2026-06-02 13:35:36.789 10 INFO neutron.api.wsgi [req-0b05345c-c76c-44aa-b2e7-273ee710f3b3 req-432899b7-066d-4d12-a2be-b8ca85ec9e2f 93397d3fd7ef4a7d8194e3fa97e0a63a 9a1f13cff8cb40f2b6a831b76fd9d817 - - default default] 199.204.45.4 "GET /v2.0/networks?id=a9017e98-a456-4b22-a2c9-f7d646121369 HTTP/1.1" status: 200 len: 860 time: 0.0855756
2026-06-02 13:35:36.828 10 INFO neutron.db.ovn_revision_numbers_db [None req-238241d9-9423-4958-b2de-49abbf11dee3 c60028476da94f89ae61c773d9e6b7f1 4d33c10ec34c4bdfb37eca3eee23603b - - default default] Successfully bumped revision number for resource 3bccf3ff-e791-40e5-a4db-359356f191e6 (type: routers) to 2
2026-06-02 13:35:36.835 10 INFO neutron.api.wsgi [req-0b05345c-c76c-44aa-b2e7-273ee710f3b3 req-bed65499-ed31-4807-8f56-730e1dd8402c 93397d3fd7ef4a7d8194e3fa97e0a63a 9a1f13cff8cb40f2b6a831b76fd9d817 - - default default] 199.204.45.4 "GET /v2.0/security-groups?fields=id&fields=name&tenant_id=9a1f13cff8cb40f2b6a831b76fd9d817 HTTP/1.1" status: 200 len: 472 time: 0.0398524
2026-06-02 13:35:36.843 10 WARNING neutron_lib.context [req-0b05345c-c76c-44aa-b2e7-273ee710f3b3 req-c87abeda-339c-4eed-9749-f9880ec13f23 93397d3fd7ef4a7d8194e3fa97e0a63a 9a1f13cff8cb40f2b6a831b76fd9d817 - - default default] Method 'is_advsvc' is deprecated since 2023.2 release (neutron-lib 3.8.0) and will be removed once support for the old RBAC API policies will be removed from Neutron. Please use method 'is_service_role' instead.
2026-06-02 13:35:36.847 10 INFO neutron.api.wsgi [None req-238241d9-9423-4958-b2de-49abbf11dee3 c60028476da94f89ae61c773d9e6b7f1 4d33c10ec34c4bdfb37eca3eee23603b - - default default] 10.0.0.79 "POST /v2.0/routers HTTP/1.1" status: 201 len: 1150 time: 1.3104882
2026-06-02 13:35:36.895 9 INFO neutron.api.wsgi [None req-4193929c-4770-4c8e-9131-f56ae2503769 137ec43846084a089afdae182b4e0dbd 294e0993ebdb4c8ab84944346059036f - - default default] 10.0.0.79 "DELETE /v2.0/security-groups/cc7fe72e-ba65-4d93-a701-376c710d2ddc HTTP/1.1" status: 204 len: 168 time: 0.2392585
2026-06-02 13:35:36.923 9 INFO neutron.api.wsgi [None req-7c602dd3-7ff2-4d39-98b0-68feedfbef1d c60028476da94f89ae61c773d9e6b7f1 4d33c10ec34c4bdfb37eca3eee23603b - - default default] 10.0.0.79 "GET /v2.0/routers/3bccf3ff-e791-40e5-a4db-359356f191e6 HTTP/1.1" status: 200 len: 1151 time: 0.0706322 /var/lib/openstack/lib/python3.12/site-packages/pycadf/identifier.py:71: UserWarning: Invalid uuid: neutron. To ensure interoperability, identifiers should be a valid uuid. warnings.warn(('Invalid uuid: %s. To ensure interoperability, '
2026-06-02 13:35:36.942 9 WARNING neutron.scheduler.dhcp_agent_scheduler [None req-c05ce0d8-9a73-4410-baa5-74d2da1bcdf0 aa73e9fb23d64d7da3a8c7e5b7c98baf 2a1cb10fb08d40d48739669053ff22b9 - - default default] No more DHCP agents
2026-06-02 13:35:36.944 9 WARNING neutron.api.rpc.agentnotifiers.dhcp_rpc_agent_api [None req-c05ce0d8-9a73-4410-baa5-74d2da1bcdf0 aa73e9fb23d64d7da3a8c7e5b7c98baf 2a1cb10fb08d40d48739669053ff22b9 - - default default] Unable to schedule network 6a51bd77-51bc-4ddf-82d6-003aec505684: no agents available; will retry on subsequent port and subnet creation events.
2026-06-02 13:35:36.996 9 INFO neutron.api.wsgi [None req-0a4bfada-59fd-4587-b26f-061378bcf5c8 c60028476da94f89ae61c773d9e6b7f1 4d33c10ec34c4bdfb37eca3eee23603b - - default default] 10.0.0.79 "GET /v2.0/routers HTTP/1.1" status: 200 len: 1154 time: 0.0686548
2026-06-02 13:35:37.032 9 INFO neutron.db.ovn_revision_numbers_db [None req-c05ce0d8-9a73-4410-baa5-74d2da1bcdf0 aa73e9fb23d64d7da3a8c7e5b7c98baf 2a1cb10fb08d40d48739669053ff22b9 - - default default] Successfully bumped revision number for resource ead81dd4-03cf-4e68-ac04-35c08c806bb1 (type: ports) to 1
2026-06-02 13:35:37.066 9 INFO neutron.api.wsgi [None req-c05ce0d8-9a73-4410-baa5-74d2da1bcdf0 aa73e9fb23d64d7da3a8c7e5b7c98baf 2a1cb10fb08d40d48739669053ff22b9 - - default default] 10.0.0.79 "POST /v2.0/ports HTTP/1.1" status: 201 len: 942 time: 0.3864436
2026-06-02 13:35:37.077 10 WARNING neutron_lib.context [None req-9560b98d-9077-48e1-a8ed-c934e12b4935 aa73e9fb23d64d7da3a8c7e5b7c98baf 2a1cb10fb08d40d48739669053ff22b9 - - default default] Method 'is_advsvc' is deprecated since 2023.2 release (neutron-lib 3.8.0) and will be removed once support for the old RBAC API policies will be removed from Neutron. Please use method 'is_service_role' instead.
2026-06-02 13:35:37.147 10 WARNING neutron.scheduler.dhcp_agent_scheduler [req-0b05345c-c76c-44aa-b2e7-273ee710f3b3 req-c87abeda-339c-4eed-9749-f9880ec13f23 93397d3fd7ef4a7d8194e3fa97e0a63a 9a1f13cff8cb40f2b6a831b76fd9d817 - - default default] No more DHCP agents
2026-06-02 13:35:37.148 10 WARNING neutron.api.rpc.agentnotifiers.dhcp_rpc_agent_api [req-0b05345c-c76c-44aa-b2e7-273ee710f3b3 req-c87abeda-339c-4eed-9749-f9880ec13f23 93397d3fd7ef4a7d8194e3fa97e0a63a 9a1f13cff8cb40f2b6a831b76fd9d817 - - default default] Unable to schedule network a9017e98-a456-4b22-a2c9-f7d646121369: no agents available; will retry on subsequent port and subnet creation events.
2026-06-02 13:35:37.152 9 INFO neutron.db.ovn_revision_numbers_db [None req-7eaede06-bcd1-4b06-8bf6-76f66788fa2c 137ec43846084a089afdae182b4e0dbd 294e0993ebdb4c8ab84944346059036f - - default default] Successfully bumped revision number for resource 10da13d5-39fe-4eae-9ca3-49989c0f65af (type: security_groups) to 1
2026-06-02 13:35:37.168 10 INFO neutron.db.segments_db [None req-9560b98d-9077-48e1-a8ed-c934e12b4935 aa73e9fb23d64d7da3a8c7e5b7c98baf 2a1cb10fb08d40d48739669053ff22b9 - - default default] Added segment 4519b06b-79f6-4beb-aa76-51ac81613676 of type geneve for network 034c70e5-b3e1-49cc-9e5b-f2c3af7a27bf
2026-06-02 13:35:37.172 9 INFO neutron.db.ovn_revision_numbers_db [None req-7eaede06-bcd1-4b06-8bf6-76f66788fa2c 137ec43846084a089afdae182b4e0dbd 294e0993ebdb4c8ab84944346059036f - - default default] Successfully bumped revision number for resource 2710faa3-cf66-4b88-95a6-00e881d4de19 (type: security_group_rules) to 0
2026-06-02 13:35:37.201 9 INFO neutron.db.ovn_revision_numbers_db [None req-7eaede06-bcd1-4b06-8bf6-76f66788fa2c 137ec43846084a089afdae182b4e0dbd 294e0993ebdb4c8ab84944346059036f - - default default] Successfully bumped revision number for resource 35ac7ebc-7950-4d4e-8949-46842d344a33 (type: security_group_rules) to 0
2026-06-02 13:35:37.220 9 INFO neutron.db.ovn_revision_numbers_db [None req-7eaede06-bcd1-4b06-8bf6-76f66788fa2c 137ec43846084a089afdae182b4e0dbd 294e0993ebdb4c8ab84944346059036f - - default default] Successfully bumped revision number for resource adb2e850-7399-41f3-b8db-99e15c1cbbe8 (type: security_group_rules) to 0
2026-06-02 13:35:37.241 9 INFO neutron.db.ovn_revision_numbers_db [None req-7eaede06-bcd1-4b06-8bf6-76f66788fa2c 137ec43846084a089afdae182b4e0dbd 294e0993ebdb4c8ab84944346059036f - - default default] Successfully bumped revision number for resource ae1beba2-83a9-4802-96ac-f187c8d4a5f7 (type: security_group_rules) to 0
2026-06-02 13:35:37.291 10 INFO neutron.db.ovn_revision_numbers_db [None req-9560b98d-9077-48e1-a8ed-c934e12b4935 aa73e9fb23d64d7da3a8c7e5b7c98baf 2a1cb10fb08d40d48739669053ff22b9 - - default default] Successfully bumped revision number for resource 034c70e5-b3e1-49cc-9e5b-f2c3af7a27bf (type: networks) to 1
2026-06-02 13:35:37.293 10 INFO neutron.db.ovn_revision_numbers_db [req-0b05345c-c76c-44aa-b2e7-273ee710f3b3 req-c87abeda-339c-4eed-9749-f9880ec13f23 93397d3fd7ef4a7d8194e3fa97e0a63a 9a1f13cff8cb40f2b6a831b76fd9d817 - - default default] Successfully bumped revision number for resource 966e66c5-ddca-4720-aedc-4ef9d18c5664 (type: ports) to 1
2026-06-02 13:35:37.295 9 INFO neutron.api.wsgi [None req-7eaede06-bcd1-4b06-8bf6-76f66788fa2c 137ec43846084a089afdae182b4e0dbd 294e0993ebdb4c8ab84944346059036f - - default default] 10.0.0.79 "GET /v2.0/security-groups?tenant_id=d86253e6fcbe42be849723631cfbbe71&name=default HTTP/1.1" status: 200 len: 3120 time: 0.2914348 /var/lib/openstack/lib/python3.12/site-packages/pycadf/identifier.py:71: UserWarning: Invalid uuid: neutron. To ensure interoperability, identifiers should be a valid uuid. warnings.warn(('Invalid uuid: %s. To ensure interoperability, '
2026-06-02 13:35:37.337 10 INFO neutron.api.wsgi [req-0b05345c-c76c-44aa-b2e7-273ee710f3b3 req-c87abeda-339c-4eed-9749-f9880ec13f23 93397d3fd7ef4a7d8194e3fa97e0a63a 9a1f13cff8cb40f2b6a831b76fd9d817 - - default default] 199.204.45.4 "POST /v2.0/ports HTTP/1.1" status: 201 len: 1162 time: 0.4974225
2026-06-02 13:35:37.438 9 INFO neutron.db.ovn_revision_numbers_db [None req-28ad5eba-4f30-402e-98c5-686c5547f8c0 c60028476da94f89ae61c773d9e6b7f1 4d33c10ec34c4bdfb37eca3eee23603b - - default default] Successfully bumped revision number for resource 3bccf3ff-e791-40e5-a4db-359356f191e6 (type: routers) to 3
2026-06-02 13:35:37.444 9 INFO neutron.api.wsgi [None req-28ad5eba-4f30-402e-98c5-686c5547f8c0 c60028476da94f89ae61c773d9e6b7f1 4d33c10ec34c4bdfb37eca3eee23603b - - default default] 10.0.0.79 "PUT /v2.0/routers/3bccf3ff-e791-40e5-a4db-359356f191e6 HTTP/1.1" status: 200 len: 1158 time: 0.4410055
2026-06-02 13:35:37.446 10 INFO neutron.api.wsgi [-] 10.0.0.53 "GET / HTTP/1.1" status: 200 len: 246 time: 0.0012987
2026-06-02 13:35:37.447 10 INFO neutron.api.wsgi [-] 10.0.0.53 "GET / HTTP/1.1" status: 200 len: 246 time: 0.0013459
2026-06-02 13:35:37.509 9 INFO neutron.api.wsgi [None req-ac0f7091-a466-4f14-9743-d9aeb0fe6e14 c60028476da94f89ae61c773d9e6b7f1 4d33c10ec34c4bdfb37eca3eee23603b - - default default] 10.0.0.79 "GET /v2.0/routers/3bccf3ff-e791-40e5-a4db-359356f191e6 HTTP/1.1" status: 200 len: 1158 time: 0.0600359
2026-06-02 13:35:37.537 9 INFO neutron.api.wsgi [None req-888618c0-0890-426c-ba9e-4fb624e185f8 c60028476da94f89ae61c773d9e6b7f1 4d33c10ec34c4bdfb37eca3eee23603b - - default default] 10.0.0.79 "GET /v2.0/ports?device_id=3bccf3ff-e791-40e5-a4db-359356f191e6 HTTP/1.1" status: 200 len: 205 time: 0.0234406
2026-06-02 13:35:37.551 10 WARNING neutron.scheduler.dhcp_agent_scheduler [None req-9560b98d-9077-48e1-a8ed-c934e12b4935 aa73e9fb23d64d7da3a8c7e5b7c98baf 2a1cb10fb08d40d48739669053ff22b9 - - default default] No more DHCP agents
2026-06-02 13:35:37.557 10 WARNING neutron.api.rpc.agentnotifiers.dhcp_rpc_agent_api [None req-9560b98d-9077-48e1-a8ed-c934e12b4935 aa73e9fb23d64d7da3a8c7e5b7c98baf 2a1cb10fb08d40d48739669053ff22b9 - - default default] Unable to schedule network 034c70e5-b3e1-49cc-9e5b-f2c3af7a27bf: no agents available; will retry on subsequent port and subnet creation events.
2026-06-02 13:35:37.618 10 INFO neutron.api.wsgi [None req-9923559d-39e0-437c-baeb-f91193ca8dba 137ec43846084a089afdae182b4e0dbd 294e0993ebdb4c8ab84944346059036f - - default default] 10.0.0.79 "DELETE /v2.0/security-groups/10da13d5-39fe-4eae-9ca3-49989c0f65af HTTP/1.1" status: 204 len: 168 time: 0.3180130
2026-06-02 13:35:37.644 10 INFO neutron.db.ovn_revision_numbers_db [None req-9560b98d-9077-48e1-a8ed-c934e12b4935 aa73e9fb23d64d7da3a8c7e5b7c98baf 2a1cb10fb08d40d48739669053ff22b9 - - default default] Successfully bumped revision number for resource 831e6ba5-29eb-4a40-9100-aa606ddb585c (type: ports) to 1
2026-06-02 13:35:37.672 10 INFO neutron.api.wsgi [None req-9560b98d-9077-48e1-a8ed-c934e12b4935 aa73e9fb23d64d7da3a8c7e5b7c98baf 2a1cb10fb08d40d48739669053ff22b9 - - default default] 10.0.0.79 "POST /v2.0/networks HTTP/1.1" status: 201 len: 831 time: 0.6000326
2026-06-02 13:35:37.682 9 WARNING neutron_lib.context [None req-b0682dbd-0786-4c30-8a81-8cbc5ef89324 aa73e9fb23d64d7da3a8c7e5b7c98baf 2a1cb10fb08d40d48739669053ff22b9 - - default default] Method 'is_advsvc' is deprecated since 2023.2 release (neutron-lib 3.8.0) and will be removed once support for the old RBAC API policies will be removed from Neutron. Please use method 'is_service_role' instead.
2026-06-02 13:35:37.851 10 INFO neutron.db.ovn_revision_numbers_db [req-0b05345c-c76c-44aa-b2e7-273ee710f3b3 req-29ab4d0f-1669-49e2-a0e8-c8383195180a 7f80bfc0976c4ae49d98a14832977e59 bd1a759263f845cba38942cd10c00668 - - 02758a855b0a4c84848683b5d5df47d9 02758a855b0a4c84848683b5d5df47d9] Successfully bumped revision number for resource 966e66c5-ddca-4720-aedc-4ef9d18c5664 (type: ports) to 2
2026-06-02 13:35:37.935 9 INFO neutron.api.wsgi [req-7a7667bf-b819-4ee4-b4a3-6b864f977cc5 req-b0ddfd3c-fe12-44e3-98e1-014e4dff7728 93397d3fd7ef4a7d8194e3fa97e0a63a 9a1f13cff8cb40f2b6a831b76fd9d817 - - default default] 10.0.0.186 "GET /v2.0/ports?device_id=01bf5764-dd7d-4863-91b1-d4726eb8c8a4 HTTP/1.1" status: 200 len: 1172 time: 0.1158724 /var/lib/openstack/lib/python3.12/site-packages/pycadf/identifier.py:71: UserWarning: Invalid uuid: neutron. To ensure interoperability, identifiers should be a valid uuid. warnings.warn(('Invalid uuid: %s. To ensure interoperability, '
2026-06-02 13:35:38.000 9 INFO neutron.api.wsgi [req-7a7667bf-b819-4ee4-b4a3-6b864f977cc5 req-9615380f-9e0a-4133-88e4-b3147efb8f4b 93397d3fd7ef4a7d8194e3fa97e0a63a 9a1f13cff8cb40f2b6a831b76fd9d817 - - default default] 10.0.0.186 "GET /v2.0/security-groups?id=d3a6120b-557f-48e6-9427-e85eca112f29&fields=id&fields=name HTTP/1.1" status: 200 len: 313 time: 0.0527425
2026-06-02 13:35:38.004 9 WARNING neutron.scheduler.dhcp_agent_scheduler [None req-b0682dbd-0786-4c30-8a81-8cbc5ef89324 aa73e9fb23d64d7da3a8c7e5b7c98baf 2a1cb10fb08d40d48739669053ff22b9 - - default default] No more DHCP agents
2026-06-02 13:35:38.006 9 WARNING neutron.api.rpc.agentnotifiers.dhcp_rpc_agent_api [None req-b0682dbd-0786-4c30-8a81-8cbc5ef89324 aa73e9fb23d64d7da3a8c7e5b7c98baf 2a1cb10fb08d40d48739669053ff22b9 - - default default] Unable to schedule network 034c70e5-b3e1-49cc-9e5b-f2c3af7a27bf: no agents available; will retry on subsequent port and subnet creation events.
2026-06-02 13:35:38.095 10 INFO neutron.db.ovn_revision_numbers_db [req-0b05345c-c76c-44aa-b2e7-273ee710f3b3 req-29ab4d0f-1669-49e2-a0e8-c8383195180a 7f80bfc0976c4ae49d98a14832977e59 bd1a759263f845cba38942cd10c00668 - - 02758a855b0a4c84848683b5d5df47d9 02758a855b0a4c84848683b5d5df47d9] Successfully bumped revision number for resource 966e66c5-ddca-4720-aedc-4ef9d18c5664 (type: ports) to 4
2026-06-02 13:35:38.117 10 INFO neutron.api.wsgi [req-0b05345c-c76c-44aa-b2e7-273ee710f3b3 req-29ab4d0f-1669-49e2-a0e8-c8383195180a 7f80bfc0976c4ae49d98a14832977e59 bd1a759263f845cba38942cd10c00668 - - 02758a855b0a4c84848683b5d5df47d9 02758a855b0a4c84848683b5d5df47d9] 199.204.45.4 "PUT /v2.0/ports/966e66c5-ddca-4720-aedc-4ef9d18c5664 HTTP/1.1" status: 200 len: 1408 time: 0.7734103
2026-06-02 13:35:38.182 10 INFO neutron.notifiers.nova [-] Nova event matching ['req-9e9705a3-38cb-4740-aed4-8d011f2ba740'] response: {'name': 'network-changed', 'server_uuid': '01bf5764-dd7d-4863-91b1-d4726eb8c8a4', 'tag': '966e66c5-ddca-4720-aedc-4ef9d18c5664', 'status': 'completed', 'code': 200}
2026-06-02 13:35:38.341 9 INFO neutron.db.ovn_revision_numbers_db [None req-b0682dbd-0786-4c30-8a81-8cbc5ef89324 aa73e9fb23d64d7da3a8c7e5b7c98baf 2a1cb10fb08d40d48739669053ff22b9 - - default default] Successfully bumped revision number for resource 947f6f3d-0297-4f24-9f70-5c00d91617c7 (type: ports) to 1
2026-06-02 13:35:38.360 9 INFO neutron.api.wsgi [None req-b0682dbd-0786-4c30-8a81-8cbc5ef89324 aa73e9fb23d64d7da3a8c7e5b7c98baf 2a1cb10fb08d40d48739669053ff22b9 - - default default] 10.0.0.79 "POST /v2.0/ports HTTP/1.1" status: 201 len: 942 time: 0.6824772 /var/lib/openstack/lib/python3.12/site-packages/pycadf/identifier.py:71: UserWarning: Invalid uuid: neutron. To ensure interoperability, identifiers should be a valid uuid. warnings.warn(('Invalid uuid: %s. To ensure interoperability, '
2026-06-02 13:35:38.407 9 INFO neutron.api.wsgi [None req-23145f66-45b3-4b3b-98c2-a27108179d20 aa73e9fb23d64d7da3a8c7e5b7c98baf 2a1cb10fb08d40d48739669053ff22b9 - - default default] 10.0.0.79 "PUT /v2.0/ports/7ac54cb4-2c9e-4af7-96b4-3ce44de21ee6/tags HTTP/1.1" status: 200 len: 210 time: 0.0421348
2026-06-02 13:35:38.471 9 INFO neutron.api.wsgi [None req-a90810fc-e8f6-4132-926a-543b10cc1058 aa73e9fb23d64d7da3a8c7e5b7c98baf 2a1cb10fb08d40d48739669053ff22b9 - - default default] 10.0.0.79 "PUT /v2.0/ports/fb11abcd-00fb-4803-a5a9-c039b1dcbeb6/tags HTTP/1.1" status: 200 len: 218 time: 0.0589855
2026-06-02 13:35:38.543 9 INFO neutron.api.wsgi [None req-c9fb31ec-80a8-4be4-a06a-567561bfc88d aa73e9fb23d64d7da3a8c7e5b7c98baf 2a1cb10fb08d40d48739669053ff22b9 - - default default] 10.0.0.79 "PUT /v2.0/ports/15f20f68-dab5-42b7-8f2c-896dd05a398f/tags HTTP/1.1" status: 200 len: 227 time: 0.0668759
2026-06-02 13:35:38.588 9 INFO neutron.api.wsgi [None req-19c3e50f-2128-4f9b-b02c-ac26ccc520a0 c60028476da94f89ae61c773d9e6b7f1 4d33c10ec34c4bdfb37eca3eee23603b - - default default] 10.0.0.79 "DELETE /v2.0/routers/3bccf3ff-e791-40e5-a4db-359356f191e6 HTTP/1.1" status: 204 len: 168 time: 1.0474887
2026-06-02 13:35:38.595 9 INFO neutron.api.wsgi [None req-6f853e6b-2f8d-480d-833c-a11a954986f6 aa73e9fb23d64d7da3a8c7e5b7c98baf 2a1cb10fb08d40d48739669053ff22b9 - - default default] 10.0.0.79 "PUT /v2.0/ports/ead81dd4-03cf-4e68-ac04-35c08c806bb1/tags HTTP/1.1" status: 200 len: 212 time: 0.0479863 /var/lib/openstack/lib/python3.12/site-packages/pycadf/identifier.py:71: UserWarning: Invalid uuid: neutron. To ensure interoperability, identifiers should be a valid uuid. warnings.warn(('Invalid uuid: %s. To ensure interoperability, '
2026-06-02 13:35:38.618 10 INFO neutron.api.wsgi [None req-e0cff217-fddf-4a38-87ac-ad3667ad90d3 c60028476da94f89ae61c773d9e6b7f1 4d33c10ec34c4bdfb37eca3eee23603b - - default default] 10.0.0.79 "GET /v2.0/ports?device_id=3bccf3ff-e791-40e5-a4db-359356f191e6 HTTP/1.1" status: 200 len: 205 time: 0.0229619
2026-06-02 13:35:38.640 10 INFO neutron.api.v2.resource [None req-8e03a42a-e4d4-44ee-9337-1c2b674c5896 c60028476da94f89ae61c773d9e6b7f1 4d33c10ec34c4bdfb37eca3eee23603b - - default default] delete failed (client error): The resource could not be found.
2026-06-02 13:35:38.641 10 INFO neutron.api.wsgi [None req-8e03a42a-e4d4-44ee-9337-1c2b674c5896 c60028476da94f89ae61c773d9e6b7f1 4d33c10ec34c4bdfb37eca3eee23603b - - default default] 10.0.0.79 "DELETE /v2.0/routers/3bccf3ff-e791-40e5-a4db-359356f191e6 HTTP/1.1" status: 404 len: 336 time: 0.0193827
2026-06-02 13:35:38.664 10 INFO neutron.api.wsgi [None req-f41bd61e-5077-41d6-be56-8f5ff3e1b98e c60028476da94f89ae61c773d9e6b7f1 4d33c10ec34c4bdfb37eca3eee23603b - - default default] 10.0.0.79 "GET /v2.0/ports?device_id=d3d50835-5d77-45e5-be8f-af7cb1c7afb2 HTTP/1.1" status: 200 len: 205 time: 0.0181177
2026-06-02 13:35:38.681 10 INFO neutron.api.v2.resource [None req-16bfb7a6-e715-4fdd-b6f0-2f2a7fdf5651 c60028476da94f89ae61c773d9e6b7f1 4d33c10ec34c4bdfb37eca3eee23603b - - default default] delete failed (client error): The resource could not be found.
2026-06-02 13:35:38.682 10 INFO neutron.api.wsgi [None req-16bfb7a6-e715-4fdd-b6f0-2f2a7fdf5651 c60028476da94f89ae61c773d9e6b7f1 4d33c10ec34c4bdfb37eca3eee23603b - - default default] 10.0.0.79 "DELETE /v2.0/routers/d3d50835-5d77-45e5-be8f-af7cb1c7afb2 HTTP/1.1" status: 404 len: 336 time: 0.0149636
2026-06-02 13:35:38.705 10 INFO neutron.pecan_wsgi.hooks.translation [None req-e2014d75-1218-4c3a-9d7d-f83c39bbee09 c60028476da94f89ae61c773d9e6b7f1 4d33c10ec34c4bdfb37eca3eee23603b - - default default] DELETE failed (client error): The resource could not be found.
2026-06-02 13:35:38.708 10 INFO neutron.api.wsgi [None req-e2014d75-1218-4c3a-9d7d-f83c39bbee09 c60028476da94f89ae61c773d9e6b7f1 4d33c10ec34c4bdfb37eca3eee23603b - - default default] 10.0.0.79 "DELETE /v2.0/subnets/4f13bb7c-3981-4c62-99e7-5654b73b272d HTTP/1.1" status: 404 len: 337 time: 0.0220542
2026-06-02 13:35:38.736 9 INFO neutron.api.wsgi [None req-cbe3318d-b803-429a-8dab-af604b4f17b2 aa73e9fb23d64d7da3a8c7e5b7c98baf 2a1cb10fb08d40d48739669053ff22b9 - - default default] 10.0.0.79 "GET /v2.0/ports?tags=red HTTP/1.1" status: 200 len: 2448 time: 0.1350858
2026-06-02 13:35:38.738 9 INFO neutron.api.wsgi [None req-549e28b9-52b5-48e6-9228-4d0907c0e581 c60028476da94f89ae61c773d9e6b7f1 4d33c10ec34c4bdfb37eca3eee23603b - - default default] 10.0.0.79 "GET /v2.0/ports?device_id=7882f22e-af79-4c92-ac4a-850fc48a4db0 HTTP/1.1" status: 200 len: 205 time: 0.0259097
2026-06-02 13:35:38.742 10 INFO neutron.api.wsgi [req-17d2455f-b361-4861-94ab-d6bdbd6091fa req-a76a3c2c-7f01-4666-9c6a-cfdca81cdea2 7f80bfc0976c4ae49d98a14832977e59 bd1a759263f845cba38942cd10c00668 - - 02758a855b0a4c84848683b5d5df47d9 02758a855b0a4c84848683b5d5df47d9] 199.204.45.4 "GET /v2.0/ports?tenant_id=9a1f13cff8cb40f2b6a831b76fd9d817&device_id=01bf5764-dd7d-4863-91b1-d4726eb8c8a4 HTTP/1.1" status: 200 len: 1411 time: 0.0503819
2026-06-02 13:35:38.777 10 INFO neutron.api.v2.resource [None req-07a6f612-44d6-419a-b3f0-40602d1bcf0f c60028476da94f89ae61c773d9e6b7f1 4d33c10ec34c4bdfb37eca3eee23603b - - default default] delete failed (client error): The resource could not be found.
2026-06-02 13:35:38.778 10 INFO neutron.api.wsgi [None req-07a6f612-44d6-419a-b3f0-40602d1bcf0f c60028476da94f89ae61c773d9e6b7f1 4d33c10ec34c4bdfb37eca3eee23603b - - default default] 10.0.0.79 "DELETE /v2.0/routers/7882f22e-af79-4c92-ac4a-850fc48a4db0 HTTP/1.1" status: 404 len: 336 time: 0.0321381
2026-06-02 13:35:38.798 9 INFO neutron.pecan_wsgi.hooks.translation [None req-e719405f-4004-406f-8978-bef57b535b59 c60028476da94f89ae61c773d9e6b7f1 4d33c10ec34c4bdfb37eca3eee23603b - - default default] DELETE failed (client error): The resource could not be found.
2026-06-02 13:35:38.800 9 INFO neutron.api.wsgi [None req-e719405f-4004-406f-8978-bef57b535b59 c60028476da94f89ae61c773d9e6b7f1 4d33c10ec34c4bdfb37eca3eee23603b - - default default] 10.0.0.79 "DELETE /v2.0/subnets/a9baeeac-503a-4efa-a0a6-727e01aab0ea HTTP/1.1" status: 404 len: 337 time: 0.0159221
2026-06-02 13:35:38.820 9 INFO neutron.api.wsgi [None req-929c3f28-0714-4e53-90da-dd047222ccf3 c60028476da94f89ae61c773d9e6b7f1 4d33c10ec34c4bdfb37eca3eee23603b - - default default] 10.0.0.79 "GET /v2.0/ports?device_id=702a9064-7ea9-4153-bdbd-24c62c726c18 HTTP/1.1" status: 200 len: 205 time: 0.0154283
2026-06-02 13:35:38.825 10 INFO neutron.api.wsgi [req-17d2455f-b361-4861-94ab-d6bdbd6091fa req-34d60274-aa6a-417f-8b80-7ebd97f370fb 7f80bfc0976c4ae49d98a14832977e59 bd1a759263f845cba38942cd10c00668 - - 02758a855b0a4c84848683b5d5df47d9 02758a855b0a4c84848683b5d5df47d9] 199.204.45.4 "GET /v2.0/networks?tenant_id=9a1f13cff8cb40f2b6a831b76fd9d817&shared=False HTTP/1.1" status: 200 len: 959 time: 0.0607705
2026-06-02 13:35:38.830 9 WARNING neutron.plugins.ml2.drivers.ovn.mech_driver.ovsdb.ovn_client [None req-c5404669-f614-4afb-b82e-f686f6651183 - - - - - -] No port found with ID a162d72b-2823-49eb-ab04-f003cd9c671d: RuntimeError: No port found with ID a162d72b-2823-49eb-ab04-f003cd9c671d
2026-06-02 13:35:38.845 9 INFO neutron.api.wsgi [None req-add3fdcf-dc3d-48cb-9e1e-462aae9dceb7 aa73e9fb23d64d7da3a8c7e5b7c98baf 2a1cb10fb08d40d48739669053ff22b9 - - default default] 10.0.0.79 "GET /v2.0/ports?tags=red%2Cblue HTTP/1.1" status: 200 len: 1708 time: 0.1012759
2026-06-02 13:35:38.848 9 INFO neutron.api.v2.resource [None req-35db2b3e-e4ad-4bb7-bb8d-55d7a2b0d5f9 c60028476da94f89ae61c773d9e6b7f1 4d33c10ec34c4bdfb37eca3eee23603b - - default default] delete failed (client error): The resource could not be found.
2026-06-02 13:35:38.849 9 INFO neutron.api.wsgi [None req-35db2b3e-e4ad-4bb7-bb8d-55d7a2b0d5f9 c60028476da94f89ae61c773d9e6b7f1 4d33c10ec34c4bdfb37eca3eee23603b - - default default] 10.0.0.79 "DELETE /v2.0/routers/702a9064-7ea9-4153-bdbd-24c62c726c18 HTTP/1.1" status: 404 len: 336 time: 0.0250454
2026-06-02 13:35:38.860 9 INFO neutron.plugins.ml2.drivers.ovn.mech_driver.mech_driver [None req-c5404669-f614-4afb-b82e-f686f6651183 - - - - - -] OVN reports status up for port: 991ff525-c4fc-4f5c-a476-2f1987b820ea
2026-06-02 13:35:38.868 10 INFO neutron.pecan_wsgi.hooks.translation [None req-9a6ce09d-68b6-4c7d-8964-d63882b89bcc c60028476da94f89ae61c773d9e6b7f1 4d33c10ec34c4bdfb37eca3eee23603b - - default default] DELETE failed (client error): The resource could not be found.
2026-06-02 13:35:38.870 10 INFO neutron.api.wsgi [None req-9a6ce09d-68b6-4c7d-8964-d63882b89bcc c60028476da94f89ae61c773d9e6b7f1 4d33c10ec34c4bdfb37eca3eee23603b - - default default] 10.0.0.79 "DELETE /v2.0/subnets/d89c2ce6-1b7e-4784-be10-56fdd3ac2af6 HTTP/1.1" status: 404 len: 337 time: 0.0162377
2026-06-02 13:35:38.889 10 INFO neutron.pecan_wsgi.hooks.translation [None req-764bc0e0-a7b0-4f42-b2e3-6516b899eb7e c60028476da94f89ae61c773d9e6b7f1 4d33c10ec34c4bdfb37eca3eee23603b - - default default] DELETE failed (client error): The resource could not be found.
2026-06-02 13:35:38.891 10 INFO neutron.api.wsgi [None req-764bc0e0-a7b0-4f42-b2e3-6516b899eb7e c60028476da94f89ae61c773d9e6b7f1 4d33c10ec34c4bdfb37eca3eee23603b - - default default] 10.0.0.79 "DELETE /v2.0/subnets/cefeb0d9-2c2b-4c2b-b906-69a5c31d308e HTTP/1.1" status: 404 len: 337 time: 0.0157182
2026-06-02 13:35:38.911 10 INFO neutron.api.wsgi [req-17d2455f-b361-4861-94ab-d6bdbd6091fa req-aa498d0c-c2e7-4e7f-92d1-ecb5f31b7c34 7f80bfc0976c4ae49d98a14832977e59 bd1a759263f845cba38942cd10c00668 - - 02758a855b0a4c84848683b5d5df47d9 02758a855b0a4c84848683b5d5df47d9] 199.204.45.4 "GET /v2.0/networks?shared=True HTTP/1.1" status: 200 len: 952 time: 0.0778491
2026-06-02 13:35:38.921 9 INFO neutron.api.wsgi [None req-95ced185-23fa-4ed8-bedf-668710768e29 aa73e9fb23d64d7da3a8c7e5b7c98baf 2a1cb10fb08d40d48739669053ff22b9 - - default default] 10.0.0.79 "GET /v2.0/ports?tags-any=blue HTTP/1.1" status: 200 len: 1708 time: 0.0715535
2026-06-02 13:35:38.978 9 INFO neutron.api.wsgi [None req-58a0661c-c743-474f-b94d-805abfb4eeb9 aa73e9fb23d64d7da3a8c7e5b7c98baf 2a1cb10fb08d40d48739669053ff22b9 - - default default] 10.0.0.79 "GET /v2.0/ports?tags-any=red%2Cblue HTTP/1.1" status: 200 len: 2448 time: 0.0519183
2026-06-02 13:35:39.118 9 INFO neutron.api.wsgi [req-02098b82-e237-46ba-8f16-91f038ef0f52 req-06400297-639d-4ef4-9d30-916d33eaf716 93397d3fd7ef4a7d8194e3fa97e0a63a 9a1f13cff8cb40f2b6a831b76fd9d817 - - default default] 10.0.0.186 "GET /v2.0/ports?device_id=01bf5764-dd7d-4863-91b1-d4726eb8c8a4 HTTP/1.1" status: 200 len: 1172 time: 0.0367553
2026-06-02 13:35:39.128 9 INFO neutron.api.wsgi [None req-6e9fa43a-e47a-45b3-9cdd-7637474415a7 aa73e9fb23d64d7da3a8c7e5b7c98baf 2a1cb10fb08d40d48739669053ff22b9 - - default default] 10.0.0.79 "GET /v2.0/ports?not-tags=red HTTP/1.1" status: 200 len: 5463 time: 0.1459963
2026-06-02 13:35:39.159 9 INFO neutron.api.wsgi [req-02098b82-e237-46ba-8f16-91f038ef0f52 req-9acf3fdc-5c88-429e-b419-2d4275add4d2 93397d3fd7ef4a7d8194e3fa97e0a63a 9a1f13cff8cb40f2b6a831b76fd9d817 - - default default] 10.0.0.186 "GET /v2.0/security-groups?id=d3a6120b-557f-48e6-9427-e85eca112f29&fields=id&fields=name HTTP/1.1" status: 200 len: 313 time: 0.0300946
2026-06-02 13:35:39.321 10 INFO neutron.api.wsgi [None req-56054477-5a62-41b7-8674-aaa206153ca7 aa73e9fb23d64d7da3a8c7e5b7c98baf 2a1cb10fb08d40d48739669053ff22b9 - - default default] 10.0.0.79 "GET /v2.0/ports?not-tags=red%2Cblue HTTP/1.1" status: 200 len: 6203 time: 0.1877677
2026-06-02 13:35:39.407 10 INFO neutron.api.wsgi [None req-b0cdb9d1-6687-4959-84e6-4912d3e2197b aa73e9fb23d64d7da3a8c7e5b7c98baf 2a1cb10fb08d40d48739669053ff22b9 - - default default] 10.0.0.79 "GET /v2.0/ports?not-tags-any=blue HTTP/1.1" status: 200 len: 6203 time: 0.0803170
2026-06-02 13:35:39.458 10 INFO neutron.api.wsgi [None req-eccabcfa-0a4a-44df-9b51-c2b031385d42 aa73e9fb23d64d7da3a8c7e5b7c98baf 2a1cb10fb08d40d48739669053ff22b9 - - default default] 10.0.0.79 "GET /v2.0/ports?not-tags-any=red%2Cblue HTTP/1.1" status: 200 len: 5463 time: 0.0452943
2026-06-02 13:35:39.584 9 INFO neutron.api.wsgi [None req-fd47913a-6792-4b1c-a8f9-3de7c8d6b110 137ec43846084a089afdae182b4e0dbd 294e0993ebdb4c8ab84944346059036f - - default default] 10.0.0.79 "GET /v2.0/security-groups?tenant_id=4d33c10ec34c4bdfb37eca3eee23603b&name=default HTTP/1.1" status: 200 len: 3120 time: 0.1593874
2026-06-02 13:35:39.709 10 INFO neutron.api.wsgi [None req-0dc1fe92-92a8-4760-a2f9-38d61d7ab930 aa73e9fb23d64d7da3a8c7e5b7c98baf 2a1cb10fb08d40d48739669053ff22b9 - - default default] 10.0.0.79 "DELETE /v2.0/ports/7ac54cb4-2c9e-4af7-96b4-3ce44de21ee6 HTTP/1.1" status: 204 len: 168 time: 0.2444277
2026-06-02 13:35:39.845 9 INFO neutron.api.wsgi [None req-5c83fcda-207f-4861-895a-9f654bf7bc22 137ec43846084a089afdae182b4e0dbd 294e0993ebdb4c8ab84944346059036f - - default default] 10.0.0.79 "DELETE /v2.0/security-groups/7080a1a6-a6f2-4db3-806f-aeb84c275ca5 HTTP/1.1" status: 204 len: 168 time: 0.2554147
2026-06-02 13:35:39.938 10 INFO neutron.api.wsgi [None req-8992aa06-0a29-483a-83e2-0580708361ed aa73e9fb23d64d7da3a8c7e5b7c98baf 2a1cb10fb08d40d48739669053ff22b9 - - default default] 10.0.0.79 "DELETE /v2.0/ports/fb11abcd-00fb-4803-a5a9-c039b1dcbeb6 HTTP/1.1" status: 204 len: 168 time: 0.2233415
2026-06-02 13:35:39.991 10 INFO neutron.api.wsgi [req-0b05345c-c76c-44aa-b2e7-273ee710f3b3 req-1b797734-1193-4e05-9921-b299c681e646 7f80bfc0976c4ae49d98a14832977e59 bd1a759263f845cba38942cd10c00668 - - 02758a855b0a4c84848683b5d5df47d9 02758a855b0a4c84848683b5d5df47d9] 199.204.45.4 "GET /v2.0/ports?tenant_id=9a1f13cff8cb40f2b6a831b76fd9d817&device_id=01bf5764-dd7d-4863-91b1-d4726eb8c8a4 HTTP/1.1" status: 200 len: 1411 time: 0.0325184
2026-06-02 13:35:40.012 10 INFO neutron.api.wsgi [req-0b05345c-c76c-44aa-b2e7-273ee710f3b3 req-57d623e6-3a6e-4172-bcf1-48038900bdda 7f80bfc0976c4ae49d98a14832977e59 bd1a759263f845cba38942cd10c00668 - - 02758a855b0a4c84848683b5d5df47d9 02758a855b0a4c84848683b5d5df47d9] 199.204.45.4 "GET /v2.0/floatingips?fixed_ip_address=10.100.0.11&port_id=966e66c5-ddca-4720-aedc-4ef9d18c5664 HTTP/1.1" status: 200 len: 217 time: 0.0147638
2026-06-02 13:35:40.045 10 INFO neutron.api.wsgi [req-0b05345c-c76c-44aa-b2e7-273ee710f3b3 req-dbacd078-2417-4eb7-8c42-75c2a89ef19c 7f80bfc0976c4ae49d98a14832977e59 bd1a759263f845cba38942cd10c00668 - - 02758a855b0a4c84848683b5d5df47d9 02758a855b0a4c84848683b5d5df47d9] 199.204.45.4 "GET /v2.0/subnets?id=85fd6fc9-99be-464d-90f2-f5323635418e HTTP/1.1" status: 200 len: 877 time: 0.0270870
2026-06-02 13:35:40.072 10 INFO neutron.api.wsgi [req-0b05345c-c76c-44aa-b2e7-273ee710f3b3 req-003777a9-1cbe-4470-96b9-7fc95b101dfc 7f80bfc0976c4ae49d98a14832977e59 bd1a759263f845cba38942cd10c00668 - - 02758a855b0a4c84848683b5d5df47d9 02758a855b0a4c84848683b5d5df47d9] 199.204.45.4 "GET /v2.0/ports?network_id=a9017e98-a456-4b22-a2c9-f7d646121369&device_owner=network%3Adhcp HTTP/1.1" status: 200 len: 210 time: 0.0183823
2026-06-02 13:35:40.114 10 INFO neutron.api.wsgi [req-0b05345c-c76c-44aa-b2e7-273ee710f3b3 req-1c91b77f-5871-4d81-96bb-90e98c5b1664 7f80bfc0976c4ae49d98a14832977e59 bd1a759263f845cba38942cd10c00668 - - 02758a855b0a4c84848683b5d5df47d9 02758a855b0a4c84848683b5d5df47d9] 199.204.45.4 "GET /v2.0/networks/a9017e98-a456-4b22-a2c9-f7d646121369?fields=segments HTTP/1.1" status: 200 len: 212 time: 0.0371158
2026-06-02 13:35:40.168 10 INFO neutron.api.wsgi [req-0b05345c-c76c-44aa-b2e7-273ee710f3b3 req-a6ba0d0e-979c-4426-9e1e-220460b506a1 7f80bfc0976c4ae49d98a14832977e59 bd1a759263f845cba38942cd10c00668 - - 02758a855b0a4c84848683b5d5df47d9 02758a855b0a4c84848683b5d5df47d9] 199.204.45.4 "GET /v2.0/networks/a9017e98-a456-4b22-a2c9-f7d646121369?fields=provider%3Aphysical_network&fields=provider%3Anetwork_type HTTP/1.1" status: 200 len: 277 time: 0.0477848
2026-06-02 13:35:40.200 9 INFO neutron.api.wsgi [None req-f087f76a-f707-41e8-b7f8-02b786c607d1 aa73e9fb23d64d7da3a8c7e5b7c98baf 2a1cb10fb08d40d48739669053ff22b9 - - default default] 10.0.0.79 "DELETE /v2.0/ports/15f20f68-dab5-42b7-8f2c-896dd05a398f HTTP/1.1" status: 204 len: 168 time: 0.2569416
2026-06-02 13:35:40.310 10 INFO neutron.api.wsgi [req-42351f4f-9e8e-4954-97ee-65e952922b77 req-bc476c9b-ea4d-440d-b0b5-18453b3f222e 93397d3fd7ef4a7d8194e3fa97e0a63a 9a1f13cff8cb40f2b6a831b76fd9d817 - - default default] 10.0.0.186 "GET /v2.0/ports?device_id=01bf5764-dd7d-4863-91b1-d4726eb8c8a4 HTTP/1.1" status: 200 len: 1172 time: 0.0825577
2026-06-02 13:35:40.348 10 INFO neutron.api.wsgi [req-42351f4f-9e8e-4954-97ee-65e952922b77 req-e6ef690e-aea5-4b5a-9e1d-1446f50a47b8 93397d3fd7ef4a7d8194e3fa97e0a63a 9a1f13cff8cb40f2b6a831b76fd9d817 - - default default] 10.0.0.186 "GET /v2.0/security-groups?id=d3a6120b-557f-48e6-9427-e85eca112f29&fields=id&fields=name HTTP/1.1" status: 200 len: 313 time: 0.0316546
2026-06-02 13:35:40.423 9 INFO neutron.api.wsgi [None req-ce419879-9e66-4b45-a7ee-716f7676c6f5 aa73e9fb23d64d7da3a8c7e5b7c98baf 2a1cb10fb08d40d48739669053ff22b9 - - default default] 10.0.0.79 "DELETE /v2.0/ports/ead81dd4-03cf-4e68-ac04-35c08c806bb1 HTTP/1.1" status: 204 len: 168 time: 0.2175047
2026-06-02 13:35:40.623 9 INFO neutron.api.wsgi [None req-ed96bf88-4b8e-42b4-8e88-97319fb34e81 aa73e9fb23d64d7da3a8c7e5b7c98baf 2a1cb10fb08d40d48739669053ff22b9 - - default default] 10.0.0.79 "DELETE /v2.0/ports/947f6f3d-0297-4f24-9f70-5c00d91617c7 HTTP/1.1" status: 204 len: 168 time: 0.1945071
2026-06-02 13:35:40.921 9 INFO neutron.services.segments.plugin [-] Segment 6919f67d-e14f-4484-81d0-2845e2eccef2 resource provider aggregate not found
2026-06-02 13:35:40.930 9 INFO neutron.services.segments.plugin [-] Segment 6919f67d-e14f-4484-81d0-2845e2eccef2 resource provider aggregate not found
2026-06-02 13:35:40.943 9 INFO neutron.services.segments.plugin [-] Segment 6919f67d-e14f-4484-81d0-2845e2eccef2 resource provider not found; error: Placement Client Error (4xx): {"errors": [{"status": 404, "title": "Not Found", "detail": "The resource could not be found.\n\n No resource provider with uuid 6919f67d-e14f-4484-81d0-2845e2eccef2 found for delete ", "request_id": "req-648e4915-94e6-4864-91e4-87d62cc94f3c"}]}
2026-06-02 13:35:40.950 9 INFO neutron.services.segments.plugin [-] Segment 6919f67d-e14f-4484-81d0-2845e2eccef2 resource provider not found; error: Placement Client Error (4xx): {"errors": [{"status": 404, "title": "Not Found", "detail": "The resource could not be found.\n\n No resource provider with uuid 6919f67d-e14f-4484-81d0-2845e2eccef2 found for delete ", "request_id": "req-deff9750-936e-499a-a17d-05ce40d85f3b"}]}
2026-06-02 13:35:40.958 9 INFO neutron.api.wsgi [None req-d61b3a7e-61ee-4357-8c84-19f0fa511a93 aa73e9fb23d64d7da3a8c7e5b7c98baf 2a1cb10fb08d40d48739669053ff22b9 - - default default] 10.0.0.79 "DELETE /v2.0/networks/c05cdde6-8193-4517-997a-1518eb59f568 HTTP/1.1" status: 204 len: 168 time: 0.3274822
2026-06-02 13:35:40.999 9 WARNING neutron_lib.context [None req-22b4d56d-fdfe-410b-8a8a-bcb265d157d6 454ef5cafb01418db8b92e2226b1b185 212db3132aea4f209840209912d3e90e - - default default] Method 'is_advsvc' is deprecated since 2023.2 release (neutron-lib 3.8.0) and will be removed once support for the old RBAC API policies will be removed from Neutron. Please use method 'is_service_role' instead.
2026-06-02 13:35:41.163 9 INFO neutron.db.ovn_revision_numbers_db [None req-22b4d56d-fdfe-410b-8a8a-bcb265d157d6 454ef5cafb01418db8b92e2226b1b185 212db3132aea4f209840209912d3e90e - - default default] Successfully bumped revision number for resource 7f84ba06-6108-456b-959a-941796531450 (type: security_groups) to 1
2026-06-02 13:35:41.180 9 INFO neutron.db.ovn_revision_numbers_db [None req-22b4d56d-fdfe-410b-8a8a-bcb265d157d6 454ef5cafb01418db8b92e2226b1b185 212db3132aea4f209840209912d3e90e - - default default] Successfully bumped revision number for resource 394d39ba-2cb9-45d7-9db7-60c439381cfb (type: security_group_rules) to 0
2026-06-02 13:35:41.193 9 INFO neutron.db.ovn_revision_numbers_db [None req-22b4d56d-fdfe-410b-8a8a-bcb265d157d6 454ef5cafb01418db8b92e2226b1b185 212db3132aea4f209840209912d3e90e - - default default] Successfully bumped revision number for resource 76c19ec8-23f5-4cd6-b532-e95de970cfe1 (type: security_group_rules) to 0
2026-06-02 13:35:41.207 9 INFO neutron.db.ovn_revision_numbers_db [None req-22b4d56d-fdfe-410b-8a8a-bcb265d157d6 454ef5cafb01418db8b92e2226b1b185 212db3132aea4f209840209912d3e90e - - default default] Successfully bumped revision number for resource be31af7b-e777-407e-8784-a52507974c68 (type: security_group_rules) to 0
2026-06-02 13:35:41.220 9 INFO neutron.db.ovn_revision_numbers_db [None req-22b4d56d-fdfe-410b-8a8a-bcb265d157d6 454ef5cafb01418db8b92e2226b1b185 212db3132aea4f209840209912d3e90e - - default default] Successfully bumped revision number for resource e425d3f8-3334-4fb7-b3f1-65fbbfdbd810 (type: security_group_rules) to 0
2026-06-02 13:35:41.301 9 INFO neutron.db.segments_db [None req-22b4d56d-fdfe-410b-8a8a-bcb265d157d6 454ef5cafb01418db8b92e2226b1b185 212db3132aea4f209840209912d3e90e - - default default] Added segment 11b81d6c-dc32-4f5b-ba56-3eff6ea13c15 of type geneve for network c9a58b4c-cf0d-4429-85a2-ccd95cece5af
2026-06-02 13:35:41.363 9 INFO neutron.api.wsgi [None req-59d5fd7f-b7f4-4c19-9dce-34f58e4fc2a2 aa73e9fb23d64d7da3a8c7e5b7c98baf 2a1cb10fb08d40d48739669053ff22b9 - - default default] 10.0.0.79 "DELETE /v2.0/networks/664665db-6072-47b8-a5c6-4054696a19a3 HTTP/1.1" status: 204 len: 168 time: 0.3995485
2026-06-02 13:35:41.468 9 INFO neutron.api.wsgi [req-b8590bfe-88fd-4e9b-8027-6673168948ea req-0fc34673-3549-45c4-ba41-502a79ce5b29 93397d3fd7ef4a7d8194e3fa97e0a63a 9a1f13cff8cb40f2b6a831b76fd9d817 - - default default] 10.0.0.186 "GET /v2.0/ports?device_id=01bf5764-dd7d-4863-91b1-d4726eb8c8a4 HTTP/1.1" status: 200 len: 1172 time: 0.0406041
2026-06-02 13:35:41.469 9 INFO neutron.db.ovn_revision_numbers_db [None req-22b4d56d-fdfe-410b-8a8a-bcb265d157d6 454ef5cafb01418db8b92e2226b1b185 212db3132aea4f209840209912d3e90e - - default default] Successfully bumped revision number for resource c9a58b4c-cf0d-4429-85a2-ccd95cece5af (type: networks) to 1
2026-06-02 13:35:41.531 9 INFO neutron.api.wsgi [req-b8590bfe-88fd-4e9b-8027-6673168948ea req-74c03c52-10fe-487a-b38e-5beee7f3c6c8 93397d3fd7ef4a7d8194e3fa97e0a63a 9a1f13cff8cb40f2b6a831b76fd9d817 - - default default] 10.0.0.186 "GET /v2.0/security-groups?id=d3a6120b-557f-48e6-9427-e85eca112f29&fields=id&fields=name HTTP/1.1" status: 200 len: 313 time: 0.0537915
2026-06-02 13:35:41.665 9 WARNING neutron.scheduler.dhcp_agent_scheduler [None req-22b4d56d-fdfe-410b-8a8a-bcb265d157d6 454ef5cafb01418db8b92e2226b1b185 212db3132aea4f209840209912d3e90e - - default default] No more DHCP agents
2026-06-02 13:35:41.668 9 WARNING neutron.api.rpc.agentnotifiers.dhcp_rpc_agent_api [None req-22b4d56d-fdfe-410b-8a8a-bcb265d157d6 454ef5cafb01418db8b92e2226b1b185 212db3132aea4f209840209912d3e90e - - default default] Unable to schedule network c9a58b4c-cf0d-4429-85a2-ccd95cece5af: no agents available; will retry on subsequent port and subnet creation events.
2026-06-02 13:35:41.681 10 INFO neutron.services.segments.plugin [-] Segment d40bad0e-ae91-4b0f-abf2-7915ee854398 resource provider aggregate not found
2026-06-02 13:35:41.685 10 INFO neutron.services.segments.plugin [-] Segment d40bad0e-ae91-4b0f-abf2-7915ee854398 resource provider aggregate not found
2026-06-02 13:35:41.691 10 INFO neutron.services.segments.plugin [-] Segment d40bad0e-ae91-4b0f-abf2-7915ee854398 resource provider not found; error: Placement Client Error (4xx): {"errors": [{"status": 404, "title": "Not Found", "detail": "The resource could not be found.\n\n No resource provider with uuid d40bad0e-ae91-4b0f-abf2-7915ee854398 found for delete ", "request_id": "req-5c6913ce-7ed8-405e-b06b-35d87cc2ce28"}]}
2026-06-02 13:35:41.696 10 INFO neutron.services.segments.plugin [-] Segment d40bad0e-ae91-4b0f-abf2-7915ee854398 resource provider not found; error: Placement Client Error (4xx): {"errors": [{"status": 404, "title": "Not Found", "detail": "The resource could not be found.\n\n No resource provider with uuid d40bad0e-ae91-4b0f-abf2-7915ee854398 found for delete ", "request_id": "req-540b5c48-d208-4310-aaec-9e4b074537cb"}]}
2026-06-02 13:35:41.708 10 INFO neutron.api.wsgi [None req-db06b3a0-c78c-4f38-9e41-fdf88a3fbda3 aa73e9fb23d64d7da3a8c7e5b7c98baf 2a1cb10fb08d40d48739669053ff22b9 - - default default] 10.0.0.79 "DELETE /v2.0/networks/5d5ed27c-76d4-4c33-9b77-a7e23086a4c4 HTTP/1.1" status: 204 len: 168 time: 0.3392813
2026-06-02 13:35:41.739 9 INFO neutron.db.ovn_revision_numbers_db [None req-22b4d56d-fdfe-410b-8a8a-bcb265d157d6 454ef5cafb01418db8b92e2226b1b185 212db3132aea4f209840209912d3e90e - - default default] Successfully bumped revision number for resource 5b88c844-1e98-4818-8f1c-8a61c0631e3f (type: ports) to 1
2026-06-02 13:35:41.761 9 INFO neutron.api.wsgi [None req-22b4d56d-fdfe-410b-8a8a-bcb265d157d6 454ef5cafb01418db8b92e2226b1b185 212db3132aea4f209840209912d3e90e - - default default] 10.0.0.79 "POST /v2.0/networks HTTP/1.1" status: 201 len: 831 time: 0.9108820
2026-06-02 13:35:41.770 9 WARNING neutron_lib.context [None req-7295017e-93af-4535-afd4-8480fd570bb7 454ef5cafb01418db8b92e2226b1b185 212db3132aea4f209840209912d3e90e - - default default] Method 'is_advsvc' is deprecated since 2023.2 release (neutron-lib 3.8.0) and will be removed once support for the old RBAC API policies will be removed from Neutron. Please use method 'is_service_role' instead.
2026-06-02 13:35:41.947 9 WARNING neutron.scheduler.dhcp_agent_scheduler [None req-7295017e-93af-4535-afd4-8480fd570bb7 454ef5cafb01418db8b92e2226b1b185 212db3132aea4f209840209912d3e90e - - default default] No more DHCP agents
2026-06-02 13:35:41.949 9 WARNING neutron.api.rpc.agentnotifiers.dhcp_rpc_agent_api [None req-7295017e-93af-4535-afd4-8480fd570bb7 454ef5cafb01418db8b92e2226b1b185 212db3132aea4f209840209912d3e90e - - default default] Unable to schedule network c9a58b4c-cf0d-4429-85a2-ccd95cece5af: no agents available; will retry on subsequent port and subnet creation events.
2026-06-02 13:35:42.008 10 INFO neutron.api.wsgi [None req-be9e15df-b382-495c-868a-ed5eb021cb46 aa73e9fb23d64d7da3a8c7e5b7c98baf 2a1cb10fb08d40d48739669053ff22b9 - - default default] 10.0.0.79 "DELETE /v2.0/networks/6a51bd77-51bc-4ddf-82d6-003aec505684 HTTP/1.1" status: 204 len: 168 time: 0.2928531
2026-06-02 13:35:42.296 10 INFO neutron.api.wsgi [None req-ded17d62-02e2-40b8-87d4-4a6b353cee0a aa73e9fb23d64d7da3a8c7e5b7c98baf 2a1cb10fb08d40d48739669053ff22b9 - - default default] 10.0.0.79 "DELETE /v2.0/networks/034c70e5-b3e1-49cc-9e5b-f2c3af7a27bf HTTP/1.1" status: 204 len: 168 time: 0.2842295
2026-06-02 13:35:42.332 9 INFO neutron.plugins.ml2.drivers.ovn.mech_driver.mech_driver [None req-c5404669-f614-4afb-b82e-f686f6651183 - - - - - -] OVN reports status up for port: 966e66c5-ddca-4720-aedc-4ef9d18c5664
2026-06-02 13:35:42.348 9 INFO neutron.plugins.ml2.plugin [None req-c5404669-f614-4afb-b82e-f686f6651183 - - - - - -] Attempt 1 to provision port 966e66c5-ddca-4720-aedc-4ef9d18c5664
2026-06-02 13:35:42.386 9 INFO neutron.db.ovn_revision_numbers_db [None req-a0db2400-eb21-49fe-bd02-72f3cab96b5b - - - - - -] Successfully bumped revision number for resource 5b88c844-1e98-4818-8f1c-8a61c0631e3f (type: ports) to 2
2026-06-02 13:35:42.420 9 INFO neutron.db.ovn_revision_numbers_db [None req-a0db2400-eb21-49fe-bd02-72f3cab96b5b - - - - - -] Successfully bumped revision number for resource 323c52a5-c4bd-42b2-8810-1a3f98653b75 (type: subnets) to 0
