2026-06-02 13:35:42.446 9 INFO neutron.api.wsgi [None req-7295017e-93af-4535-afd4-8480fd570bb7 454ef5cafb01418db8b92e2226b1b185 212db3132aea4f209840209912d3e90e - - default default] 10.0.0.79 "POST /v2.0/subnets HTTP/1.1" status: 201 len: 825 time: 0.6801751
2026-06-02 13:35:42.473 9 INFO neutron.notifiers.nova [-] Nova event matching ['req-26c3d8ba-3c05-4f61-b2b1-bb545791c4da'] response: {'server_uuid': '01bf5764-dd7d-4863-91b1-d4726eb8c8a4', 'name': 'network-vif-plugged', 'status': 'completed', 'tag': '966e66c5-ddca-4720-aedc-4ef9d18c5664', 'code': 200}
2026-06-02 13:35:42.494 10 INFO neutron.api.wsgi [None req-5531df6d-b58d-4266-9eda-662e266bbd6f 454ef5cafb01418db8b92e2226b1b185 212db3132aea4f209840209912d3e90e - - default default] 10.0.0.79 "PUT /v2.0/subnets/323c52a5-c4bd-42b2-8810-1a3f98653b75/tags HTTP/1.1" status: 200 len: 218 time: 0.0382395
2026-06-02 13:35:42.536 9 INFO neutron.api.wsgi [None req-0b320d1c-d8ad-4a0a-b662-ef8f55271c8a 454ef5cafb01418db8b92e2226b1b185 212db3132aea4f209840209912d3e90e - - default default] 10.0.0.79 "GET /v2.0/subnets/323c52a5-c4bd-42b2-8810-1a3f98653b75/tags HTTP/1.1" status: 200 len: 218 time: 0.0372145
2026-06-02 13:35:42.592 10 INFO neutron.api.wsgi [None req-f422bebb-065f-4e24-a213-38595e38b694 454ef5cafb01418db8b92e2226b1b185 212db3132aea4f209840209912d3e90e - - default default] 10.0.0.79 "PUT /v2.0/subnets/323c52a5-c4bd-42b2-8810-1a3f98653b75/tags/green HTTP/1.1" status: 201 len: 201 time: 0.0511382
2026-06-02 13:35:42.620 9 INFO neutron.db.ovn_revision_numbers_db [None req-c5404669-f614-4afb-b82e-f686f6651183 - - - - - -] Successfully bumped revision number for resource 966e66c5-ddca-4720-aedc-4ef9d18c5664 (type: ports) to 5
2026-06-02 13:35:42.624 10 INFO neutron.api.wsgi [None req-3d819ea4-37ee-4cc8-900f-7a7d106b8d7e 454ef5cafb01418db8b92e2226b1b185 212db3132aea4f209840209912d3e90e - - default default] 10.0.0.79 "GET /v2.0/subnets/323c52a5-c4bd-42b2-8810-1a3f98653b75/tags HTTP/1.1" status: 200 len: 227 time: 0.0267813
2026-06-02 13:35:42.642 9 INFO neutron.api.wsgi [req-5abcaeb8-83e5-44a8-9a4f-f7a02e4388b6 req-87fb2ec9-12bf-4617-8809-4a6b3958827c 93397d3fd7ef4a7d8194e3fa97e0a63a 9a1f13cff8cb40f2b6a831b76fd9d817 - - default default] 10.0.0.186 "GET /v2.0/ports?device_id=01bf5764-dd7d-4863-91b1-d4726eb8c8a4 HTTP/1.1" status: 200 len: 1174 time: 0.0502918
2026-06-02 13:35:42.659 10 INFO neutron.api.wsgi [None req-48df57f8-a8af-49d3-8779-476599e8f909 454ef5cafb01418db8b92e2226b1b185 212db3132aea4f209840209912d3e90e - - default default] 10.0.0.79 "PUT /v2.0/subnets/323c52a5-c4bd-42b2-8810-1a3f98653b75/tags/red HTTP/1.1" status: 201 len: 201 time: 0.0320852
2026-06-02 13:35:42.682 9 INFO neutron.api.wsgi [req-5abcaeb8-83e5-44a8-9a4f-f7a02e4388b6 req-2b218077-0819-42f4-9955-6c0919d732a2 93397d3fd7ef4a7d8194e3fa97e0a63a 9a1f13cff8cb40f2b6a831b76fd9d817 - - default default] 10.0.0.186 "GET /v2.0/security-groups?id=d3a6120b-557f-48e6-9427-e85eca112f29&fields=id&fields=name HTTP/1.1" status: 200 len: 313 time: 0.0358860
2026-06-02 13:35:42.693 10 INFO neutron.api.wsgi [None req-b4a6b97c-b12a-43ef-9f75-f72cb2acef5c 454ef5cafb01418db8b92e2226b1b185 212db3132aea4f209840209912d3e90e - - default default] 10.0.0.79 "GET /v2.0/subnets/323c52a5-c4bd-42b2-8810-1a3f98653b75/tags HTTP/1.1" status: 200 len: 227 time: 0.0265408
2026-06-02 13:35:42.740 10 INFO neutron.api.wsgi [None req-8fd8dd21-1b8a-4695-93dc-e7fbf43c84b7 454ef5cafb01418db8b92e2226b1b185 212db3132aea4f209840209912d3e90e - - default default] 10.0.0.79 "PUT /v2.0/subnets/323c52a5-c4bd-42b2-8810-1a3f98653b75/tags/black.or.white HTTP/1.1" status: 201 len: 201 time: 0.0422647
2026-06-02 13:35:42.771 10 INFO neutron.api.wsgi [None req-a0506fef-f8ee-46e3-8aeb-dc565565d265 454ef5cafb01418db8b92e2226b1b185 212db3132aea4f209840209912d3e90e - - default default] 10.0.0.79 "GET /v2.0/subnets/323c52a5-c4bd-42b2-8810-1a3f98653b75/tags HTTP/1.1" status: 200 len: 245 time: 0.0256202
2026-06-02 13:35:42.821 10 INFO neutron.api.wsgi [None req-27d94919-5224-4850-8ebf-3295ddd3f749 454ef5cafb01418db8b92e2226b1b185 212db3132aea4f209840209912d3e90e - - default default] 10.0.0.79 "PUT /v2.0/subnets/323c52a5-c4bd-42b2-8810-1a3f98653b75/tags HTTP/1.1" status: 200 len: 230 time: 0.0437317
2026-06-02 13:35:42.855 10 INFO neutron.api.wsgi [None req-442b3e13-bbdd-4663-8a05-c2b7b65f5ed1 454ef5cafb01418db8b92e2226b1b185 212db3132aea4f209840209912d3e90e - - default default] 10.0.0.79 "GET /v2.0/subnets/323c52a5-c4bd-42b2-8810-1a3f98653b75/tags HTTP/1.1" status: 200 len: 230 time: 0.0259228
2026-06-02 13:35:42.880 10 INFO neutron.api.wsgi [None req-66278c49-6c65-4990-9a9c-e8d726234963 454ef5cafb01418db8b92e2226b1b185 212db3132aea4f209840209912d3e90e - - default default] 10.0.0.79 "GET /v2.0/subnets/323c52a5-c4bd-42b2-8810-1a3f98653b75/tags/red HTTP/1.1" status: 204 len: 168 time: 0.0195513
2026-06-02 13:35:42.905 10 INFO neutron.api.v2.resource [None req-54c37734-ee27-4c0e-9602-ed7025858101 454ef5cafb01418db8b92e2226b1b185 212db3132aea4f209840209912d3e90e - - default default] show failed (client error): The resource could not be found.
2026-06-02 13:35:42.906 10 INFO neutron.api.wsgi [None req-54c37734-ee27-4c0e-9602-ed7025858101 454ef5cafb01418db8b92e2226b1b185 212db3132aea4f209840209912d3e90e - - default default] 10.0.0.79 "GET /v2.0/subnets/323c52a5-c4bd-42b2-8810-1a3f98653b75/tags/green HTTP/1.1" status: 404 len: 299 time: 0.0191026
2026-06-02 13:35:42.941 10 INFO neutron.api.wsgi [None req-b25c4aef-bcaa-45ad-af34-0c51bb4e172b 454ef5cafb01418db8b92e2226b1b185 212db3132aea4f209840209912d3e90e - - default default] 10.0.0.79 "DELETE /v2.0/subnets/323c52a5-c4bd-42b2-8810-1a3f98653b75/tags/red HTTP/1.1" status: 204 len: 168 time: 0.0274999 /var/lib/openstack/lib/python3.12/site-packages/pycadf/identifier.py:71: UserWarning: Invalid uuid: neutron. To ensure interoperability, identifiers should be a valid uuid. warnings.warn(('Invalid uuid: %s. To ensure interoperability, '
2026-06-02 13:35:42.966 9 INFO neutron.services.segments.plugin [-] Segment b2b19cac-97ee-41e3-9b29-7c8aa30ba75f resource provider aggregate not found
2026-06-02 13:35:42.970 9 INFO neutron.services.segments.plugin [-] Segment b2b19cac-97ee-41e3-9b29-7c8aa30ba75f resource provider aggregate not found
2026-06-02 13:35:42.982 9 INFO neutron.services.segments.plugin [-] Segment b2b19cac-97ee-41e3-9b29-7c8aa30ba75f resource provider not found; error: Placement Client Error (4xx): {"errors": [{"status": 404, "title": "Not Found", "detail": "The resource could not be found.\n\n No resource provider with uuid b2b19cac-97ee-41e3-9b29-7c8aa30ba75f found for delete ", "request_id": "req-9b2f676e-0033-4ff4-9e91-52b0b99de0da"}]}
2026-06-02 13:35:42.984 9 INFO neutron.services.segments.plugin [-] Segment b2b19cac-97ee-41e3-9b29-7c8aa30ba75f resource provider not found; error: Placement Client Error (4xx): {"errors": [{"status": 404, "title": "Not Found", "detail": "The resource could not be found.\n\n No resource provider with uuid b2b19cac-97ee-41e3-9b29-7c8aa30ba75f found for delete ", "request_id": "req-babe2f51-c262-4caa-b810-a3a03c3ebb0c"}]}
2026-06-02 13:35:42.998 9 INFO neutron.api.wsgi [None req-a44f65ce-c2a4-4f19-a6e7-47ebdcd8cf5a 454ef5cafb01418db8b92e2226b1b185 212db3132aea4f209840209912d3e90e - - default default] 10.0.0.79 "GET /v2.0/subnets/323c52a5-c4bd-42b2-8810-1a3f98653b75/tags HTTP/1.1" status: 200 len: 223 time: 0.0405457
2026-06-02 13:35:43.035 9 INFO neutron.api.v2.resource [None req-6baca48d-eeb4-422b-949b-41ab9d4f3e97 454ef5cafb01418db8b92e2226b1b185 212db3132aea4f209840209912d3e90e - - default default] delete failed (client error): The resource could not be found.
2026-06-02 13:35:43.036 9 INFO neutron.api.wsgi [None req-6baca48d-eeb4-422b-949b-41ab9d4f3e97 454ef5cafb01418db8b92e2226b1b185 212db3132aea4f209840209912d3e90e - - default default] 10.0.0.79 "DELETE /v2.0/subnets/323c52a5-c4bd-42b2-8810-1a3f98653b75/tags/green HTTP/1.1" status: 404 len: 299 time: 0.0305603
2026-06-02 13:35:43.079 9 INFO neutron.api.wsgi [None req-64cf59c0-15fd-40c8-9491-7553dd1310e6 454ef5cafb01418db8b92e2226b1b185 212db3132aea4f209840209912d3e90e - - default default] 10.0.0.79 "DELETE /v2.0/subnets/323c52a5-c4bd-42b2-8810-1a3f98653b75/tags HTTP/1.1" status: 204 len: 168 time: 0.0394828
2026-06-02 13:35:43.109 9 INFO neutron.api.wsgi [None req-1a91bc0d-38f2-45b7-9d47-71b47732b4b6 454ef5cafb01418db8b92e2226b1b185 212db3132aea4f209840209912d3e90e - - default default] 10.0.0.79 "GET /v2.0/subnets/323c52a5-c4bd-42b2-8810-1a3f98653b75/tags HTTP/1.1" status: 200 len: 205 time: 0.0247869
2026-06-02 13:35:43.291 10 INFO neutron.api.wsgi [None req-1e4f6012-3a7f-40f8-8f09-f92574037087 454ef5cafb01418db8b92e2226b1b185 212db3132aea4f209840209912d3e90e - - default default] 10.0.0.79 "DELETE /v2.0/subnets/323c52a5-c4bd-42b2-8810-1a3f98653b75 HTTP/1.1" status: 204 len: 168 time: 0.1665788
2026-06-02 13:35:43.489 9 INFO neutron.db.ovn_revision_numbers_db [None req-95b6a001-33c1-4ed5-91af-e707601e5683 137ec43846084a089afdae182b4e0dbd 294e0993ebdb4c8ab84944346059036f - - default default] Successfully bumped revision number for resource caf0950c-5e7f-4d26-8ef9-c420215af8e3 (type: security_groups) to 1
2026-06-02 13:35:43.508 9 INFO neutron.db.ovn_revision_numbers_db [None req-95b6a001-33c1-4ed5-91af-e707601e5683 137ec43846084a089afdae182b4e0dbd 294e0993ebdb4c8ab84944346059036f - - default default] Successfully bumped revision number for resource 10643df5-1ee9-4992-b0b6-689e47dec1fc (type: security_group_rules) to 0
2026-06-02 13:35:43.524 9 INFO neutron.db.ovn_revision_numbers_db [None req-95b6a001-33c1-4ed5-91af-e707601e5683 137ec43846084a089afdae182b4e0dbd 294e0993ebdb4c8ab84944346059036f - - default default] Successfully bumped revision number for resource 27e9b22e-e14b-4f42-bc2d-24e9f4f25963 (type: security_group_rules) to 0
2026-06-02 13:35:43.549 9 INFO neutron.db.ovn_revision_numbers_db [None req-95b6a001-33c1-4ed5-91af-e707601e5683 137ec43846084a089afdae182b4e0dbd 294e0993ebdb4c8ab84944346059036f - - default default] Successfully bumped revision number for resource 7814c0e0-55ec-4254-83a8-8bc707f44003 (type: security_group_rules) to 0
2026-06-02 13:35:43.567 9 INFO neutron.db.ovn_revision_numbers_db [None req-95b6a001-33c1-4ed5-91af-e707601e5683 137ec43846084a089afdae182b4e0dbd 294e0993ebdb4c8ab84944346059036f - - default default] Successfully bumped revision number for resource f5bd1775-700a-4625-8787-992846bcbdd5 (type: security_group_rules) to 0
2026-06-02 13:35:43.618 9 INFO neutron.api.wsgi [None req-95b6a001-33c1-4ed5-91af-e707601e5683 137ec43846084a089afdae182b4e0dbd 294e0993ebdb4c8ab84944346059036f - - default default] 10.0.0.79 "GET /v2.0/security-groups?tenant_id=f193b2bb7323428a9fe95e75dc01d9c4&name=default HTTP/1.1" status: 200 len: 3120 time: 0.3786824
2026-06-02 13:35:43.678 10 INFO neutron.api.wsgi [None req-f99227f5-7a6f-4e25-a476-bd9cde38336f 454ef5cafb01418db8b92e2226b1b185 212db3132aea4f209840209912d3e90e - - default default] 10.0.0.79 "DELETE /v2.0/networks/c9a58b4c-cf0d-4429-85a2-ccd95cece5af HTTP/1.1" status: 204 len: 168 time: 0.3783557
2026-06-02 13:35:43.713 10 INFO neutron.services.segments.plugin [-] Segment 5aa5c439-a764-4e83-8d0c-d288bd12d93d resource provider aggregate not found
2026-06-02 13:35:43.718 10 INFO neutron.services.segments.plugin [-] Segment 5aa5c439-a764-4e83-8d0c-d288bd12d93d resource provider aggregate not found
2026-06-02 13:35:43.727 10 INFO neutron.services.segments.plugin [-] Segment 5aa5c439-a764-4e83-8d0c-d288bd12d93d resource provider not found; error: Placement Client Error (4xx): {"errors": [{"status": 404, "title": "Not Found", "detail": "The resource could not be found.\n\n No resource provider with uuid 5aa5c439-a764-4e83-8d0c-d288bd12d93d found for delete ", "request_id": "req-3ad5be04-785e-48a1-8df5-c26fdd696922"}]}
2026-06-02 13:35:43.732 10 INFO neutron.services.segments.plugin [-] Segment 5aa5c439-a764-4e83-8d0c-d288bd12d93d resource provider not found; error: Placement Client Error (4xx): {"errors": [{"status": 404, "title": "Not Found", "detail": "The resource could not be found.\n\n No resource provider with uuid 5aa5c439-a764-4e83-8d0c-d288bd12d93d found for delete ", "request_id": "req-842157f9-0d70-4e19-9dfd-8654e9253216"}]}
2026-06-02 13:35:43.740 10 INFO neutron.services.segments.plugin [-] Segment 4519b06b-79f6-4beb-aa76-51ac81613676 resource provider aggregate not found
2026-06-02 13:35:43.748 10 INFO neutron.services.segments.plugin [-] Segment 4519b06b-79f6-4beb-aa76-51ac81613676 resource provider aggregate not found
2026-06-02 13:35:43.753 10 INFO neutron.services.segments.plugin [-] Segment 4519b06b-79f6-4beb-aa76-51ac81613676 resource provider not found; error: Placement Client Error (4xx): {"errors": [{"status": 404, "title": "Not Found", "detail": "The resource could not be found.\n\n No resource provider with uuid 4519b06b-79f6-4beb-aa76-51ac81613676 found for delete ", "request_id": "req-eaff0bc3-9c62-45c8-985b-055971fd1586"}]}
2026-06-02 13:35:43.764 10 INFO neutron.services.segments.plugin [-] Segment 4519b06b-79f6-4beb-aa76-51ac81613676 resource provider not found; error: Placement Client Error (4xx): {"errors": [{"status": 404, "title": "Not Found", "detail": "The resource could not be found.\n\n No resource provider with uuid 4519b06b-79f6-4beb-aa76-51ac81613676 found for delete ", "request_id": "req-4b3b63f5-607d-4094-837a-4374fe67668d"}]}
2026-06-02 13:35:43.767 10 INFO neutron.services.segments.plugin [-] Segment 11b81d6c-dc32-4f5b-ba56-3eff6ea13c15 resource provider aggregate not found
2026-06-02 13:35:43.780 10 INFO neutron.services.segments.plugin [-] Segment 11b81d6c-dc32-4f5b-ba56-3eff6ea13c15 resource provider aggregate not found
2026-06-02 13:35:43.783 10 INFO neutron.services.segments.plugin [-] Segment 11b81d6c-dc32-4f5b-ba56-3eff6ea13c15 resource provider not found; error: Placement Client Error (4xx): {"errors": [{"status": 404, "title": "Not Found", "detail": "The resource could not be found.\n\n No resource provider with uuid 11b81d6c-dc32-4f5b-ba56-3eff6ea13c15 found for delete ", "request_id": "req-deb85189-74c9-4469-a357-602ac3c36a91"}]}
2026-06-02 13:35:43.800 10 INFO neutron.services.segments.plugin [-] Segment 11b81d6c-dc32-4f5b-ba56-3eff6ea13c15 resource provider not found; error: Placement Client Error (4xx): {"errors": [{"status": 404, "title": "Not Found", "detail": "The resource could not be found.\n\n No resource provider with uuid 11b81d6c-dc32-4f5b-ba56-3eff6ea13c15 found for delete ", "request_id": "req-e67b49ee-92f7-4adf-a9d5-3aa3dd98ed5c"}]}
2026-06-02 13:35:43.807 10 INFO neutron.api.wsgi [req-a647f2fe-3f89-4ea9-88d1-b4f8fbbdfbce req-8bc69433-68eb-4533-aa03-2a6ec5b43c2e 93397d3fd7ef4a7d8194e3fa97e0a63a 9a1f13cff8cb40f2b6a831b76fd9d817 - - default default] 10.0.0.186 "GET /v2.0/ports?device_id=01bf5764-dd7d-4863-91b1-d4726eb8c8a4 HTTP/1.1" status: 200 len: 1174 time: 0.0359709
2026-06-02 13:35:43.856 10 INFO neutron.api.wsgi [req-a647f2fe-3f89-4ea9-88d1-b4f8fbbdfbce req-cb1c19cb-9e22-428f-8594-6b61964f5519 93397d3fd7ef4a7d8194e3fa97e0a63a 9a1f13cff8cb40f2b6a831b76fd9d817 - - default default] 10.0.0.186 "GET /v2.0/security-groups?id=d3a6120b-557f-48e6-9427-e85eca112f29&fields=id&fields=name HTTP/1.1" status: 200 len: 313 time: 0.0407357
2026-06-02 13:35:43.906 9 INFO neutron.api.wsgi [None req-52d979db-4e61-45c8-95d2-9668caae966f 137ec43846084a089afdae182b4e0dbd 294e0993ebdb4c8ab84944346059036f - - default default] 10.0.0.79 "DELETE /v2.0/security-groups/caf0950c-5e7f-4d26-8ef9-c420215af8e3 HTTP/1.1" status: 204 len: 168 time: 0.2818620
2026-06-02 13:35:44.164 9 INFO neutron.db.ovn_revision_numbers_db [None req-726beecb-416c-47aa-994d-abe533042d93 137ec43846084a089afdae182b4e0dbd 294e0993ebdb4c8ab84944346059036f - - default default] Successfully bumped revision number for resource 7685fd7e-262d-41e7-9dd5-d3c28ab082b5 (type: security_groups) to 1
2026-06-02 13:35:44.177 9 INFO neutron.db.ovn_revision_numbers_db [None req-726beecb-416c-47aa-994d-abe533042d93 137ec43846084a089afdae182b4e0dbd 294e0993ebdb4c8ab84944346059036f - - default default] Successfully bumped revision number for resource 220a49cf-8a96-4ef8-98e0-93db20f74663 (type: security_group_rules) to 0
2026-06-02 13:35:44.190 9 INFO neutron.db.ovn_revision_numbers_db [None req-726beecb-416c-47aa-994d-abe533042d93 137ec43846084a089afdae182b4e0dbd 294e0993ebdb4c8ab84944346059036f - - default default] Successfully bumped revision number for resource 356a2e4d-6df6-48cd-bca9-b4f01fec7153 (type: security_group_rules) to 0
2026-06-02 13:35:44.207 9 INFO neutron.db.ovn_revision_numbers_db [None req-726beecb-416c-47aa-994d-abe533042d93 137ec43846084a089afdae182b4e0dbd 294e0993ebdb4c8ab84944346059036f - - default default] Successfully bumped revision number for resource 3d13b186-a0cd-40f6-8d11-71cd7aef1afb (type: security_group_rules) to 0
2026-06-02 13:35:44.222 9 INFO neutron.db.ovn_revision_numbers_db [None req-726beecb-416c-47aa-994d-abe533042d93 137ec43846084a089afdae182b4e0dbd 294e0993ebdb4c8ab84944346059036f - - default default] Successfully bumped revision number for resource ad0aafc0-7acd-4e93-8bfd-fc75e584f664 (type: security_group_rules) to 0
2026-06-02 13:35:44.266 9 INFO neutron.api.wsgi [None req-726beecb-416c-47aa-994d-abe533042d93 137ec43846084a089afdae182b4e0dbd 294e0993ebdb4c8ab84944346059036f - - default default] 10.0.0.79 "GET /v2.0/security-groups?tenant_id=939d50177c7a4cd09f214d96ba19a115&name=default HTTP/1.1" status: 200 len: 3120 time: 0.2194440
2026-06-02 13:35:44.506 9 INFO neutron.api.wsgi [None req-bdf0d7ba-1816-4ac8-b071-aae7bc2f0c09 137ec43846084a089afdae182b4e0dbd 294e0993ebdb4c8ab84944346059036f - - default default] 10.0.0.79 "DELETE /v2.0/security-groups/7685fd7e-262d-41e7-9dd5-d3c28ab082b5 HTTP/1.1" status: 204 len: 168 time: 0.2330432
2026-06-02 13:35:44.514 9 INFO neutron.notifiers.nova [-] Nova event matching ['req-5ad72d14-6978-4515-9356-4bf2f4489a20'] response: {'server_uuid': '01bf5764-dd7d-4863-91b1-d4726eb8c8a4', 'name': 'network-vif-plugged', 'status': 'completed', 'tag': '966e66c5-ddca-4720-aedc-4ef9d18c5664', 'code': 200}
2026-06-02 13:35:44.642 10 INFO neutron.db.ovn_revision_numbers_db [None req-496f19a9-f2cd-4d1e-9705-7b937969a3b9 137ec43846084a089afdae182b4e0dbd 294e0993ebdb4c8ab84944346059036f - - default default] Successfully bumped revision number for resource 69b7459f-bb8d-4d58-902a-65220d55bc58 (type: security_groups) to 1
2026-06-02 13:35:44.667 10 INFO neutron.db.ovn_revision_numbers_db [None req-496f19a9-f2cd-4d1e-9705-7b937969a3b9 137ec43846084a089afdae182b4e0dbd 294e0993ebdb4c8ab84944346059036f - - default default] Successfully bumped revision number for resource 0961bbe1-92b5-432a-addc-f1362976348f (type: security_group_rules) to 0
2026-06-02 13:35:44.680 10 INFO neutron.db.ovn_revision_numbers_db [None req-496f19a9-f2cd-4d1e-9705-7b937969a3b9 137ec43846084a089afdae182b4e0dbd 294e0993ebdb4c8ab84944346059036f - - default default] Successfully bumped revision number for resource 1b6d2577-4e29-4a1f-90e2-06155ceadf1c (type: security_group_rules) to 0
2026-06-02 13:35:44.693 10 INFO neutron.db.ovn_revision_numbers_db [None req-496f19a9-f2cd-4d1e-9705-7b937969a3b9 137ec43846084a089afdae182b4e0dbd 294e0993ebdb4c8ab84944346059036f - - default default] Successfully bumped revision number for resource 5b89fa11-273d-4710-9768-ce7b51e58e50 (type: security_group_rules) to 0
2026-06-02 13:35:44.694 9 INFO neutron.api.wsgi [None req-75b75cee-52b9-41b3-b127-8b2bc1dd0644 137ec43846084a089afdae182b4e0dbd 294e0993ebdb4c8ab84944346059036f - - default default] 10.0.0.79 "GET /v2.0/security-groups?tenant_id=2a1cb10fb08d40d48739669053ff22b9&name=default HTTP/1.1" status: 200 len: 3120 time: 0.0329008
2026-06-02 13:35:44.709 10 INFO neutron.db.ovn_revision_numbers_db [None req-496f19a9-f2cd-4d1e-9705-7b937969a3b9 137ec43846084a089afdae182b4e0dbd 294e0993ebdb4c8ab84944346059036f - - default default] Successfully bumped revision number for resource e7b346a6-a121-42c6-b1e8-ba28a30a7fe3 (type: security_group_rules) to 0
2026-06-02 13:35:44.760 10 INFO neutron.api.wsgi [None req-496f19a9-f2cd-4d1e-9705-7b937969a3b9 137ec43846084a089afdae182b4e0dbd 294e0993ebdb4c8ab84944346059036f - - default default] 10.0.0.79 "GET /v2.0/security-groups?tenant_id=1b22dfea38ba44119de609a436db3b19&name=default HTTP/1.1" status: 200 len: 3120 time: 0.4235678
2026-06-02 13:35:44.909 9 INFO neutron.api.wsgi [None req-c174908f-ecae-4d8d-b120-d93bc5c34cb2 137ec43846084a089afdae182b4e0dbd 294e0993ebdb4c8ab84944346059036f - - default default] 10.0.0.79 "DELETE /v2.0/security-groups/bf87cf7c-5c13-444d-91bf-ecd509072452 HTTP/1.1" status: 204 len: 168 time: 0.2109070
2026-06-02 13:35:44.964 9 INFO neutron.api.wsgi [None req-1dacc5a0-1d68-44f9-981b-052ab8188f4a 137ec43846084a089afdae182b4e0dbd 294e0993ebdb4c8ab84944346059036f - - default default] 10.0.0.79 "DELETE /v2.0/security-groups/69b7459f-bb8d-4d58-902a-65220d55bc58 HTTP/1.1" status: 204 len: 168 time: 0.1988075
2026-06-02 13:35:44.969 10 INFO neutron.api.wsgi [req-738f46fb-ae16-4f87-b5c5-b818d52f43bc req-d2d08df4-9c40-4870-b6ba-09f8bb41205a 93397d3fd7ef4a7d8194e3fa97e0a63a 9a1f13cff8cb40f2b6a831b76fd9d817 - - default default] 10.0.0.186 "GET /v2.0/ports?device_id=01bf5764-dd7d-4863-91b1-d4726eb8c8a4 HTTP/1.1" status: 200 len: 1174 time: 0.0466325
2026-06-02 13:35:45.019 10 INFO neutron.api.wsgi [req-738f46fb-ae16-4f87-b5c5-b818d52f43bc req-ed4fc4b8-96d5-4015-bb95-7e04b00481f4 93397d3fd7ef4a7d8194e3fa97e0a63a 9a1f13cff8cb40f2b6a831b76fd9d817 - - default default] 10.0.0.186 "GET /v2.0/security-groups?id=d3a6120b-557f-48e6-9427-e85eca112f29&fields=id&fields=name HTTP/1.1" status: 200 len: 313 time: 0.0428777
2026-06-02 13:35:45.212 9 INFO neutron.api.wsgi [req-5294bd1e-df69-4b77-92b0-4eb2cef80bd0 req-24b7efcf-8796-4486-a63f-758ceb4609b8 93397d3fd7ef4a7d8194e3fa97e0a63a 9a1f13cff8cb40f2b6a831b76fd9d817 - - default default] 10.0.0.186 "GET /v2.0/ports?device_id=01bf5764-dd7d-4863-91b1-d4726eb8c8a4 HTTP/1.1" status: 200 len: 1174 time: 0.1011679
2026-06-02 13:35:45.225 10 INFO neutron.api.wsgi [None req-88e4ccc3-ebde-4110-a29a-1f9d70f4c82d 137ec43846084a089afdae182b4e0dbd 294e0993ebdb4c8ab84944346059036f - - default default] 10.0.0.79 "GET /v2.0/security-groups?tenant_id=212db3132aea4f209840209912d3e90e&name=default HTTP/1.1" status: 200 len: 3120 time: 0.0266519
2026-06-02 13:35:45.256 9 INFO neutron.api.wsgi [req-5294bd1e-df69-4b77-92b0-4eb2cef80bd0 req-77878dde-0d98-4dab-b8bc-33ffac04c3a9 93397d3fd7ef4a7d8194e3fa97e0a63a 9a1f13cff8cb40f2b6a831b76fd9d817 - - default default] 10.0.0.186 "GET /v2.0/security-groups?id=d3a6120b-557f-48e6-9427-e85eca112f29&fields=id&fields=name HTTP/1.1" status: 200 len: 313 time: 0.0393295
2026-06-02 13:35:45.319 9 INFO neutron.api.wsgi [None req-6bc79c56-4dbc-4569-ac46-14805ba7b982 d87397417dfd4e2889d04aea5273e4c3 478de15d482540bb91fcf4a82f9384de - - default default] 10.0.0.79 "GET /v2.0/ports?device_id=01bf5764-dd7d-4863-91b1-d4726eb8c8a4 HTTP/1.1" status: 200 len: 1408 time: 0.0305519
2026-06-02 13:35:45.520 10 INFO neutron.api.wsgi [None req-764dfce5-f59f-43e2-b93e-7796f46d1051 137ec43846084a089afdae182b4e0dbd 294e0993ebdb4c8ab84944346059036f - - default default] 10.0.0.79 "DELETE /v2.0/security-groups/7f84ba06-6108-456b-959a-941796531450 HTTP/1.1" status: 204 len: 168 time: 0.2869916
2026-06-02 13:35:45.592 9 INFO neutron.db.ovn_revision_numbers_db [None req-4148316b-6278-46d5-aa01-3b11fc244e3e 137ec43846084a089afdae182b4e0dbd 294e0993ebdb4c8ab84944346059036f - - default default] Successfully bumped revision number for resource d8fe2c56-7731-49ac-b6af-3e17e87faa7f (type: security_groups) to 1
2026-06-02 13:35:45.613 9 INFO neutron.db.ovn_revision_numbers_db [None req-4148316b-6278-46d5-aa01-3b11fc244e3e 137ec43846084a089afdae182b4e0dbd 294e0993ebdb4c8ab84944346059036f - - default default] Successfully bumped revision number for resource 0e24f94b-e9fc-45c8-9603-d5d1adbca570 (type: security_group_rules) to 0
2026-06-02 13:35:45.628 9 INFO neutron.db.ovn_revision_numbers_db [None req-4148316b-6278-46d5-aa01-3b11fc244e3e 137ec43846084a089afdae182b4e0dbd 294e0993ebdb4c8ab84944346059036f - - default default] Successfully bumped revision number for resource da0f5647-bed9-4a30-b808-e03c926b5544 (type: security_group_rules) to 0
2026-06-02 13:35:45.646 9 INFO neutron.db.ovn_revision_numbers_db [None req-4148316b-6278-46d5-aa01-3b11fc244e3e 137ec43846084a089afdae182b4e0dbd 294e0993ebdb4c8ab84944346059036f - - default default] Successfully bumped revision number for resource e03525a3-de08-4e97-ba36-ef7fa653853c (type: security_group_rules) to 0
2026-06-02 13:35:45.666 9 INFO neutron.db.ovn_revision_numbers_db [None req-4148316b-6278-46d5-aa01-3b11fc244e3e 137ec43846084a089afdae182b4e0dbd 294e0993ebdb4c8ab84944346059036f - - default default] Successfully bumped revision number for resource f654a1c5-ab48-4b2f-8a2a-69208683ad39 (type: security_group_rules) to 0
2026-06-02 13:35:45.703 9 INFO neutron.api.wsgi [None req-4148316b-6278-46d5-aa01-3b11fc244e3e 137ec43846084a089afdae182b4e0dbd 294e0993ebdb4c8ab84944346059036f - - default default] 10.0.0.79 "GET /v2.0/security-groups?tenant_id=ae042c001ee240829afcee3798692875&name=default HTTP/1.1" status: 200 len: 3120 time: 0.5682743
2026-06-02 13:35:45.822 9 INFO neutron.db.ovn_revision_numbers_db [None req-ff5cdc47-644b-49df-a022-5e8f094efa9f 93397d3fd7ef4a7d8194e3fa97e0a63a 9a1f13cff8cb40f2b6a831b76fd9d817 - - default default] Successfully bumped revision number for resource de2b7788-27e4-458b-8b41-a2f476ed090f (type: floatingips) to 4
2026-06-02 13:35:45.925 10 INFO neutron.api.wsgi [None req-fb1ec8a3-d0ee-447b-8a63-2deeb5833523 137ec43846084a089afdae182b4e0dbd 294e0993ebdb4c8ab84944346059036f - - default default] 10.0.0.79 "DELETE /v2.0/security-groups/d8fe2c56-7731-49ac-b6af-3e17e87faa7f HTTP/1.1" status: 204 len: 168 time: 0.2146797
2026-06-02 13:35:45.987 9 INFO neutron.db.ovn_revision_numbers_db [None req-ff5cdc47-644b-49df-a022-5e8f094efa9f 93397d3fd7ef4a7d8194e3fa97e0a63a 9a1f13cff8cb40f2b6a831b76fd9d817 - - default default] Successfully bumped revision number for resource de2b7788-27e4-458b-8b41-a2f476ed090f (type: floatingips) to 5
2026-06-02 13:35:45.987 9 INFO neutron.db.l3_db [None req-ff5cdc47-644b-49df-a022-5e8f094efa9f 93397d3fd7ef4a7d8194e3fa97e0a63a 9a1f13cff8cb40f2b6a831b76fd9d817 - - default default] Floating IP de2b7788-27e4-458b-8b41-a2f476ed090f associated. External IP: 10.96.250.219, port: 966e66c5-ddca-4720-aedc-4ef9d18c5664.
2026-06-02 13:35:46.015 9 INFO neutron.api.wsgi [None req-ff5cdc47-644b-49df-a022-5e8f094efa9f 93397d3fd7ef4a7d8194e3fa97e0a63a 9a1f13cff8cb40f2b6a831b76fd9d817 - - default default] 10.0.0.79 "PUT /v2.0/floatingips/de2b7788-27e4-458b-8b41-a2f476ed090f HTTP/1.1" status: 200 len: 1050 time: 0.6920359 /var/lib/openstack/lib/python3.12/site-packages/pycadf/identifier.py:71: UserWarning: Invalid uuid: neutron. To ensure interoperability, identifiers should be a valid uuid. warnings.warn(('Invalid uuid: %s. To ensure interoperability, '
2026-06-02 13:35:46.065 9 INFO neutron.api.wsgi [None req-5fba6995-5439-4d87-af7a-b55cde5460c3 93397d3fd7ef4a7d8194e3fa97e0a63a 9a1f13cff8cb40f2b6a831b76fd9d817 - - default default] 10.0.0.79 "GET /v2.0/floatingips/de2b7788-27e4-458b-8b41-a2f476ed090f HTTP/1.1" status: 200 len: 1052 time: 0.0412273
2026-06-02 13:35:46.221 9 INFO neutron.db.ovn_revision_numbers_db [None req-33d86bdc-45dd-4586-81b5-cf2af66b96a5 137ec43846084a089afdae182b4e0dbd 294e0993ebdb4c8ab84944346059036f - - default default] Successfully bumped revision number for resource 5e9274f2-9ccf-4d58-b55d-ac6d715f3452 (type: security_groups) to 1
2026-06-02 13:35:46.252 9 INFO neutron.db.ovn_revision_numbers_db [None req-33d86bdc-45dd-4586-81b5-cf2af66b96a5 137ec43846084a089afdae182b4e0dbd 294e0993ebdb4c8ab84944346059036f - - default default] Successfully bumped revision number for resource 0a9e3074-8005-4329-8d0f-502bbd393757 (type: security_group_rules) to 0
2026-06-02 13:35:46.270 9 INFO neutron.db.ovn_revision_numbers_db [None req-33d86bdc-45dd-4586-81b5-cf2af66b96a5 137ec43846084a089afdae182b4e0dbd 294e0993ebdb4c8ab84944346059036f - - default default] Successfully bumped revision number for resource 32e0a17b-b34c-4d3f-961a-e64c4ac08bfa (type: security_group_rules) to 0
2026-06-02 13:35:46.281 9 INFO neutron.db.ovn_revision_numbers_db [None req-33d86bdc-45dd-4586-81b5-cf2af66b96a5 137ec43846084a089afdae182b4e0dbd 294e0993ebdb4c8ab84944346059036f - - default default] Successfully bumped revision number for resource 9f5500bd-8ad3-47ae-822a-4d35b71d51b9 (type: security_group_rules) to 0
2026-06-02 13:35:46.297 9 INFO neutron.db.ovn_revision_numbers_db [None req-33d86bdc-45dd-4586-81b5-cf2af66b96a5 137ec43846084a089afdae182b4e0dbd 294e0993ebdb4c8ab84944346059036f - - default default] Successfully bumped revision number for resource dceea1f2-e154-4194-a578-821a59821740 (type: security_group_rules) to 0
2026-06-02 13:35:46.331 9 INFO neutron.api.wsgi [None req-33d86bdc-45dd-4586-81b5-cf2af66b96a5 137ec43846084a089afdae182b4e0dbd 294e0993ebdb4c8ab84944346059036f - - default default] 10.0.0.79 "GET /v2.0/security-groups?tenant_id=303b3cc13d384430afef04503205eafa&name=default HTTP/1.1" status: 200 len: 3120 time: 0.2383089
2026-06-02 13:35:46.560 9 INFO neutron.notifiers.nova [-] Nova event matching ['req-73d9c851-b82a-427e-a5ef-7ecab0bf8f90'] response: {'name': 'network-changed', 'server_uuid': '01bf5764-dd7d-4863-91b1-d4726eb8c8a4', 'tag': '966e66c5-ddca-4720-aedc-4ef9d18c5664', 'status': 'completed', 'code': 200}
2026-06-02 13:35:46.638 9 INFO neutron.api.wsgi [None req-8a2bd9c2-fb27-4359-919f-50d104433613 137ec43846084a089afdae182b4e0dbd 294e0993ebdb4c8ab84944346059036f - - default default] 10.0.0.79 "DELETE /v2.0/security-groups/5e9274f2-9ccf-4d58-b55d-ac6d715f3452 HTTP/1.1" status: 204 len: 168 time: 0.3011017
2026-06-02 13:35:47.103 10 INFO neutron.api.wsgi [req-62440541-d6dc-4455-8ffe-9e6b7b5a1efb req-80136f39-c992-4134-953d-b17a8a0197ba 7f80bfc0976c4ae49d98a14832977e59 bd1a759263f845cba38942cd10c00668 - - 02758a855b0a4c84848683b5d5df47d9 02758a855b0a4c84848683b5d5df47d9] 199.204.45.4 "GET /v2.0/ports?tenant_id=9a1f13cff8cb40f2b6a831b76fd9d817&device_id=01bf5764-dd7d-4863-91b1-d4726eb8c8a4 HTTP/1.1" status: 200 len: 1413 time: 0.0308282
2026-06-02 13:35:47.150 10 INFO neutron.api.wsgi [req-62440541-d6dc-4455-8ffe-9e6b7b5a1efb req-2d95fd56-df5b-4a03-a929-ab63f7d31b7e 7f80bfc0976c4ae49d98a14832977e59 bd1a759263f845cba38942cd10c00668 - - 02758a855b0a4c84848683b5d5df47d9 02758a855b0a4c84848683b5d5df47d9] 199.204.45.4 "GET /v2.0/networks?id=a9017e98-a456-4b22-a2c9-f7d646121369 HTTP/1.1" status: 200 len: 959 time: 0.0431695
2026-06-02 13:35:47.193 10 INFO neutron.api.wsgi [req-62440541-d6dc-4455-8ffe-9e6b7b5a1efb req-2d2eef28-41dc-4870-a246-77a5d19fdfc7 7f80bfc0976c4ae49d98a14832977e59 bd1a759263f845cba38942cd10c00668 - - 02758a855b0a4c84848683b5d5df47d9 02758a855b0a4c84848683b5d5df47d9] 199.204.45.4 "GET /v2.0/floatingips?fixed_ip_address=10.100.0.11&port_id=966e66c5-ddca-4720-aedc-4ef9d18c5664 HTTP/1.1" status: 200 len: 1060 time: 0.0353160
2026-06-02 13:35:47.233 10 INFO neutron.api.wsgi [req-62440541-d6dc-4455-8ffe-9e6b7b5a1efb req-37452430-cc27-4772-9929-0c8ee0ead852 7f80bfc0976c4ae49d98a14832977e59 bd1a759263f845cba38942cd10c00668 - - 02758a855b0a4c84848683b5d5df47d9 02758a855b0a4c84848683b5d5df47d9] 199.204.45.4 "GET /v2.0/subnets?id=85fd6fc9-99be-464d-90f2-f5323635418e HTTP/1.1" status: 200 len: 877 time: 0.0340238
2026-06-02 13:35:47.251 10 INFO neutron.api.wsgi [req-62440541-d6dc-4455-8ffe-9e6b7b5a1efb req-f98a87be-6137-49aa-86b9-8e2eb1b437e0 7f80bfc0976c4ae49d98a14832977e59 bd1a759263f845cba38942cd10c00668 - - 02758a855b0a4c84848683b5d5df47d9 02758a855b0a4c84848683b5d5df47d9] 199.204.45.4 "GET /v2.0/ports?network_id=a9017e98-a456-4b22-a2c9-f7d646121369&device_owner=network%3Adhcp HTTP/1.1" status: 200 len: 210 time: 0.0143750
2026-06-02 13:35:47.300 10 INFO neutron.api.wsgi [req-62440541-d6dc-4455-8ffe-9e6b7b5a1efb req-5e51558e-a5f5-44d5-99f8-89e925aca1ea 7f80bfc0976c4ae49d98a14832977e59 bd1a759263f845cba38942cd10c00668 - - 02758a855b0a4c84848683b5d5df47d9 02758a855b0a4c84848683b5d5df47d9] 199.204.45.4 "GET /v2.0/networks/a9017e98-a456-4b22-a2c9-f7d646121369?fields=segments HTTP/1.1" status: 200 len: 212 time: 0.0402069
2026-06-02 13:35:47.343 10 INFO neutron.api.wsgi [req-62440541-d6dc-4455-8ffe-9e6b7b5a1efb req-9cdbbc38-c917-413e-bd3d-3c4f4dff3ee1 7f80bfc0976c4ae49d98a14832977e59 bd1a759263f845cba38942cd10c00668 - - 02758a855b0a4c84848683b5d5df47d9 02758a855b0a4c84848683b5d5df47d9] 199.204.45.4 "GET /v2.0/networks/a9017e98-a456-4b22-a2c9-f7d646121369?fields=provider%3Aphysical_network&fields=provider%3Anetwork_type HTTP/1.1" status: 200 len: 277 time: 0.0360622
2026-06-02 13:35:49.606 9 INFO neutron.api.wsgi [None req-219d3386-573a-420c-88de-064177a8a98d 65e9f38bd14c430ea1779d4797e13a13 7eb477ff93f04e729d29b50348c976cd - - default default] 10.0.0.79 "POST /v2.0/qos/policies HTTP/1.1" status: 201 len: 558 time: 0.2058561
2026-06-02 13:35:49.647 9 INFO neutron.api.wsgi [None req-9e9402f1-7a08-4eef-b954-50bba083dc25 65e9f38bd14c430ea1779d4797e13a13 7eb477ff93f04e729d29b50348c976cd - - default default] 10.0.0.79 "POST /v2.0/qos/policies HTTP/1.1" status: 201 len: 558 time: 0.0339217
2026-06-02 13:35:49.714 10 INFO neutron.api.wsgi [None req-c26c3996-8db9-4878-aba0-013751ab9213 65e9f38bd14c430ea1779d4797e13a13 7eb477ff93f04e729d29b50348c976cd - - default default] 10.0.0.79 "POST /v2.0/qos/policies HTTP/1.1" status: 201 len: 558 time: 0.0619855
2026-06-02 13:35:49.752 10 INFO neutron.api.wsgi [None req-58c4fea6-d9a9-4f7f-8ee0-9962d4449b30 65e9f38bd14c430ea1779d4797e13a13 7eb477ff93f04e729d29b50348c976cd - - default default] 10.0.0.79 "POST /v2.0/qos/policies HTTP/1.1" status: 201 len: 558 time: 0.0320380
2026-06-02 13:35:49.794 9 INFO neutron.api.wsgi [None req-b42864ab-eed1-48c2-bdd2-702956c767b8 65e9f38bd14c430ea1779d4797e13a13 7eb477ff93f04e729d29b50348c976cd - - default default] 10.0.0.79 "POST /v2.0/qos/policies HTTP/1.1" status: 201 len: 558 time: 0.0371943
2026-06-02 13:35:49.828 9 INFO neutron.api.wsgi [None req-4b51a0c8-82b5-4f59-b4b3-70fc64f140c6 65e9f38bd14c430ea1779d4797e13a13 7eb477ff93f04e729d29b50348c976cd - - default default] 10.0.0.79 "PUT /v2.0/policies/e48850d0-5706-4831-9a86-255bbc1b85e1/tags HTTP/1.1" status: 200 len: 210 time: 0.0287676
2026-06-02 13:35:49.855 9 INFO neutron.api.wsgi [None req-5cac832d-d438-4e44-a885-f86ce591378b 65e9f38bd14c430ea1779d4797e13a13 7eb477ff93f04e729d29b50348c976cd - - default default] 10.0.0.79 "PUT /v2.0/policies/a660689f-f34b-4aa0-bb9c-3508f638ed17/tags HTTP/1.1" status: 200 len: 218 time: 0.0221522
2026-06-02 13:35:49.884 9 INFO neutron.api.wsgi [None req-f5280bfc-be09-46ef-9963-f1deec70fb35 65e9f38bd14c430ea1779d4797e13a13 7eb477ff93f04e729d29b50348c976cd - - default default] 10.0.0.79 "PUT /v2.0/policies/897e3d25-232d-4b99-ad79-bf8f42c665ef/tags HTTP/1.1" status: 200 len: 227 time: 0.0247655
2026-06-02 13:35:49.912 9 INFO neutron.api.wsgi [None req-54c0ebe5-2a60-4959-88af-a9a6674ed41f 65e9f38bd14c430ea1779d4797e13a13 7eb477ff93f04e729d29b50348c976cd - - default default] 10.0.0.79 "PUT /v2.0/policies/0bc79ad3-1589-492d-a002-ce40ccf855d5/tags HTTP/1.1" status: 200 len: 212 time: 0.0230129
2026-06-02 13:35:50.368 10 INFO neutron.api.wsgi [None req-31cbcb68-5d1f-46dc-96d9-36a63ee8449b 1f2c68457b3a4745b0dbf051b58044bb 4242282825e145d6a67bff5ce71266c6 - - default default] 10.0.0.79 "GET /v2.0/qos/policies?tags=red HTTP/1.1" status: 200 len: 1296 time: 0.1007183
2026-06-02 13:35:50.421 10 INFO neutron.api.wsgi [None req-900c1f9e-b745-42fb-9714-ec18ec0c42d0 1f2c68457b3a4745b0dbf051b58044bb 4242282825e145d6a67bff5ce71266c6 - - default default] 10.0.0.79 "GET /v2.0/qos/policies?tags=red%2Cblue HTTP/1.1" status: 200 len: 941 time: 0.0477355
2026-06-02 13:35:50.484 10 INFO neutron.api.wsgi [None req-423ed366-b483-43cd-92e2-48dfe39380d7 1f2c68457b3a4745b0dbf051b58044bb 4242282825e145d6a67bff5ce71266c6 - - default default] 10.0.0.79 "GET /v2.0/qos/policies?tags-any=blue HTTP/1.1" status: 200 len: 941 time: 0.0583963
2026-06-02 13:35:50.563 10 INFO neutron.api.wsgi [None req-233e33ca-2901-4db9-94e9-4ca3307171fd 1f2c68457b3a4745b0dbf051b58044bb 4242282825e145d6a67bff5ce71266c6 - - default default] 10.0.0.79 "GET /v2.0/qos/policies?tags-any=red%2Cblue HTTP/1.1" status: 200 len: 1296 time: 0.0740657
2026-06-02 13:35:50.618 10 INFO neutron.api.wsgi [None req-070b8edb-d855-4aa9-9d85-bfed92648be9 1f2c68457b3a4745b0dbf051b58044bb 4242282825e145d6a67bff5ce71266c6 - - default default] 10.0.0.79 "GET /v2.0/qos/policies?not-tags=red HTTP/1.1" status: 200 len: 913 time: 0.0497112
2026-06-02 13:35:50.688 10 INFO neutron.api.wsgi [None req-431ceca4-e4be-4ceb-b410-f946ac985192 1f2c68457b3a4745b0dbf051b58044bb 4242282825e145d6a67bff5ce71266c6 - - default default] 10.0.0.79 "GET /v2.0/qos/policies?not-tags=red%2Cblue HTTP/1.1" status: 200 len: 1268 time: 0.0648694
2026-06-02 13:35:50.754 10 INFO neutron.api.wsgi [None req-dd896eee-d220-406b-b1f4-5755dbff15ef 1f2c68457b3a4745b0dbf051b58044bb 4242282825e145d6a67bff5ce71266c6 - - default default] 10.0.0.79 "GET /v2.0/qos/policies?not-tags-any=blue HTTP/1.1" status: 200 len: 1268 time: 0.0612762
2026-06-02 13:35:50.793 10 INFO neutron.api.wsgi [None req-d455b63e-2943-4ecb-9d53-175c67fdbb25 1f2c68457b3a4745b0dbf051b58044bb 4242282825e145d6a67bff5ce71266c6 - - default default] 10.0.0.79 "GET /v2.0/qos/policies?not-tags-any=red%2Cblue HTTP/1.1" status: 200 len: 913 time: 0.0347433
2026-06-02 13:35:50.839 10 INFO neutron.api.wsgi [None req-3fc748c4-4284-41ca-b053-581d89e3160b 65e9f38bd14c430ea1779d4797e13a13 7eb477ff93f04e729d29b50348c976cd - - default default] 10.0.0.79 "DELETE /v2.0/qos/policies/e48850d0-5706-4831-9a86-255bbc1b85e1 HTTP/1.1" status: 204 len: 168 time: 0.0407548
2026-06-02 13:35:50.886 10 INFO neutron.api.wsgi [None req-b0eec5f4-2922-4a4a-97af-a6bb7db9e687 65e9f38bd14c430ea1779d4797e13a13 7eb477ff93f04e729d29b50348c976cd - - default default] 10.0.0.79 "DELETE /v2.0/qos/policies/a660689f-f34b-4aa0-bb9c-3508f638ed17 HTTP/1.1" status: 204 len: 168 time: 0.0411134
2026-06-02 13:35:50.936 10 INFO neutron.api.wsgi [None req-b3ae0740-f4ad-4a85-a54d-cf20f25e89af 65e9f38bd14c430ea1779d4797e13a13 7eb477ff93f04e729d29b50348c976cd - - default default] 10.0.0.79 "DELETE /v2.0/qos/policies/897e3d25-232d-4b99-ad79-bf8f42c665ef HTTP/1.1" status: 204 len: 168 time: 0.0448778
2026-06-02 13:35:50.990 9 INFO neutron.api.wsgi [None req-798cb84c-dab2-44cb-bf25-b44a49799d1e 65e9f38bd14c430ea1779d4797e13a13 7eb477ff93f04e729d29b50348c976cd - - default default] 10.0.0.79 "DELETE /v2.0/qos/policies/0bc79ad3-1589-492d-a002-ce40ccf855d5 HTTP/1.1" status: 204 len: 168 time: 0.0487084
2026-06-02 13:35:51.047 9 INFO neutron.api.wsgi [None req-ea80a5c5-816f-40f3-a2a3-7898bd3b3976 65e9f38bd14c430ea1779d4797e13a13 7eb477ff93f04e729d29b50348c976cd - - default default] 10.0.0.79 "DELETE /v2.0/qos/policies/2b57eb9e-68b1-405f-9c31-309fe4acf518 HTTP/1.1" status: 204 len: 168 time: 0.0514016
2026-06-02 13:35:52.135 10 INFO neutron.db.ovn_revision_numbers_db [None req-e88f2ff2-1862-4dc4-838d-ad5cb937a8f2 137ec43846084a089afdae182b4e0dbd 294e0993ebdb4c8ab84944346059036f - - default default] Successfully bumped revision number for resource 9345eb2a-cbb2-4bf1-b123-be29655d0741 (type: security_groups) to 1
2026-06-02 13:35:52.152 10 INFO neutron.db.ovn_revision_numbers_db [None req-e88f2ff2-1862-4dc4-838d-ad5cb937a8f2 137ec43846084a089afdae182b4e0dbd 294e0993ebdb4c8ab84944346059036f - - default default] Successfully bumped revision number for resource 1db5906a-3438-4b7d-9394-26f3368ca464 (type: security_group_rules) to 0
2026-06-02 13:35:52.165 10 INFO neutron.db.ovn_revision_numbers_db [None req-e88f2ff2-1862-4dc4-838d-ad5cb937a8f2 137ec43846084a089afdae182b4e0dbd 294e0993ebdb4c8ab84944346059036f - - default default] Successfully bumped revision number for resource 233b3541-879e-4c84-aad0-d7e2c5663d08 (type: security_group_rules) to 0
2026-06-02 13:35:52.177 10 INFO neutron.db.ovn_revision_numbers_db [None req-e88f2ff2-1862-4dc4-838d-ad5cb937a8f2 137ec43846084a089afdae182b4e0dbd 294e0993ebdb4c8ab84944346059036f - - default default] Successfully bumped revision number for resource d2c9fc6f-1ee8-4b9c-8247-6e72f9d2f106 (type: security_group_rules) to 0
2026-06-02 13:35:52.191 10 INFO neutron.db.ovn_revision_numbers_db [None req-e88f2ff2-1862-4dc4-838d-ad5cb937a8f2 137ec43846084a089afdae182b4e0dbd 294e0993ebdb4c8ab84944346059036f - - default default] Successfully bumped revision number for resource dd628c23-5ef7-4502-8ca2-ec023d03b7bc (type: security_group_rules) to 0
2026-06-02 13:35:52.236 10 INFO neutron.api.wsgi [None req-e88f2ff2-1862-4dc4-838d-ad5cb937a8f2 137ec43846084a089afdae182b4e0dbd 294e0993ebdb4c8ab84944346059036f - - default default] 10.0.0.79 "GET /v2.0/security-groups?tenant_id=a48e5d34aaff4232bf07a2326cc619b1&name=default HTTP/1.1" status: 200 len: 3120 time: 0.3547096
2026-06-02 13:35:52.445 9 INFO neutron.api.wsgi [-] 10.0.0.53 "GET / HTTP/1.1" status: 200 len: 246 time: 0.0029542
2026-06-02 13:35:52.448 10 INFO neutron.api.wsgi [None req-4ca42f83-db4e-499b-9051-aeedd03ba4f5 137ec43846084a089afdae182b4e0dbd 294e0993ebdb4c8ab84944346059036f - - default default] 10.0.0.79 "DELETE /v2.0/security-groups/9345eb2a-cbb2-4bf1-b123-be29655d0741 HTTP/1.1" status: 204 len: 168 time: 0.2051518
2026-06-02 13:35:52.449 9 INFO neutron.api.wsgi [-] 10.0.0.53 "GET / HTTP/1.1" status: 200 len: 246 time: 0.0020247
2026-06-02 13:35:52.669 9 INFO neutron.db.ovn_revision_numbers_db [None req-d52f890d-65fd-4687-959f-639c705a1709 137ec43846084a089afdae182b4e0dbd 294e0993ebdb4c8ab84944346059036f - - default default] Successfully bumped revision number for resource 0d440948-e2ac-4e5f-875d-f62cc9c072af (type: security_groups) to 1
2026-06-02 13:35:52.682 9 INFO neutron.db.ovn_revision_numbers_db [None req-d52f890d-65fd-4687-959f-639c705a1709 137ec43846084a089afdae182b4e0dbd 294e0993ebdb4c8ab84944346059036f - - default default] Successfully bumped revision number for resource 473f0cd4-7d54-43a6-bb2c-2553845ef943 (type: security_group_rules) to 0
2026-06-02 13:35:52.695 9 INFO neutron.db.ovn_revision_numbers_db [None req-d52f890d-65fd-4687-959f-639c705a1709 137ec43846084a089afdae182b4e0dbd 294e0993ebdb4c8ab84944346059036f - - default default] Successfully bumped revision number for resource 70595f97-d344-4432-a569-58584668f439 (type: security_group_rules) to 0
2026-06-02 13:35:52.709 9 INFO neutron.db.ovn_revision_numbers_db [None req-d52f890d-65fd-4687-959f-639c705a1709 137ec43846084a089afdae182b4e0dbd 294e0993ebdb4c8ab84944346059036f - - default default] Successfully bumped revision number for resource cb50e727-62ba-41b5-ad9f-42732dc22bb0 (type: security_group_rules) to 0
2026-06-02 13:35:52.723 9 INFO neutron.db.ovn_revision_numbers_db [None req-d52f890d-65fd-4687-959f-639c705a1709 137ec43846084a089afdae182b4e0dbd 294e0993ebdb4c8ab84944346059036f - - default default] Successfully bumped revision number for resource de8b0b86-04e3-4c6b-93c4-828ce0110fb5 (type: security_group_rules) to 0
2026-06-02 13:35:52.758 9 INFO neutron.api.wsgi [None req-d52f890d-65fd-4687-959f-639c705a1709 137ec43846084a089afdae182b4e0dbd 294e0993ebdb4c8ab84944346059036f - - default default] 10.0.0.79 "GET /v2.0/security-groups?tenant_id=7eb477ff93f04e729d29b50348c976cd&name=default HTTP/1.1" status: 200 len: 3120 time: 0.2107091
2026-06-02 13:35:52.979 10 INFO neutron.api.wsgi [None req-d602aa8b-1eb3-41eb-86fb-bcf536481972 137ec43846084a089afdae182b4e0dbd 294e0993ebdb4c8ab84944346059036f - - default default] 10.0.0.79 "DELETE /v2.0/security-groups/0d440948-e2ac-4e5f-875d-f62cc9c072af HTTP/1.1" status: 204 len: 168 time: 0.2168436
2026-06-02 13:35:53.220 10 INFO neutron.db.ovn_revision_numbers_db [None req-c9b401df-a8e7-4784-bb00-aacbb408e16e 137ec43846084a089afdae182b4e0dbd 294e0993ebdb4c8ab84944346059036f - - default default] Successfully bumped revision number for resource 9674f095-9d3c-4990-b0cd-313e7f478da5 (type: security_groups) to 1
2026-06-02 13:35:53.234 10 INFO neutron.db.ovn_revision_numbers_db [None req-c9b401df-a8e7-4784-bb00-aacbb408e16e 137ec43846084a089afdae182b4e0dbd 294e0993ebdb4c8ab84944346059036f - - default default] Successfully bumped revision number for resource 738153a1-68a1-4702-8647-5e9c8d06d74d (type: security_group_rules) to 0
2026-06-02 13:35:53.247 10 INFO neutron.db.ovn_revision_numbers_db [None req-c9b401df-a8e7-4784-bb00-aacbb408e16e 137ec43846084a089afdae182b4e0dbd 294e0993ebdb4c8ab84944346059036f - - default default] Successfully bumped revision number for resource 89405e84-0305-44dc-902a-5162d7ddb41a (type: security_group_rules) to 0
2026-06-02 13:35:53.261 10 INFO neutron.db.ovn_revision_numbers_db [None req-c9b401df-a8e7-4784-bb00-aacbb408e16e 137ec43846084a089afdae182b4e0dbd 294e0993ebdb4c8ab84944346059036f - - default default] Successfully bumped revision number for resource a913272e-5111-4f7b-be06-1add9696ac8f (type: security_group_rules) to 0
2026-06-02 13:35:53.274 10 INFO neutron.db.ovn_revision_numbers_db [None req-c9b401df-a8e7-4784-bb00-aacbb408e16e 137ec43846084a089afdae182b4e0dbd 294e0993ebdb4c8ab84944346059036f - - default default] Successfully bumped revision number for resource cb30cba4-cf50-4b51-a19e-58abb297219d (type: security_group_rules) to 0
2026-06-02 13:35:53.315 10 INFO neutron.api.wsgi [None req-c9b401df-a8e7-4784-bb00-aacbb408e16e 137ec43846084a089afdae182b4e0dbd 294e0993ebdb4c8ab84944346059036f - - default default] 10.0.0.79 "GET /v2.0/security-groups?tenant_id=4242282825e145d6a67bff5ce71266c6&name=default HTTP/1.1" status: 200 len: 3120 time: 0.2139041
2026-06-02 13:35:53.527 10 INFO neutron.api.wsgi [None req-94f55e98-c201-4ffc-8ce2-557d06d32cae 137ec43846084a089afdae182b4e0dbd 294e0993ebdb4c8ab84944346059036f - - default default] 10.0.0.79 "DELETE /v2.0/security-groups/9674f095-9d3c-4990-b0cd-313e7f478da5 HTTP/1.1" status: 204 len: 168 time: 0.2062204
2026-06-02 13:35:55.374 9 INFO neutron.api.wsgi [req-49b087dc-1765-4e08-8875-802fc08b463a req-afd31d8f-ef14-4e07-ba3e-f8bc427002a7 7f80bfc0976c4ae49d98a14832977e59 bd1a759263f845cba38942cd10c00668 - - 02758a855b0a4c84848683b5d5df47d9 02758a855b0a4c84848683b5d5df47d9] 10.0.0.116 "GET /v2.0/ports?device_id=01bf5764-dd7d-4863-91b1-d4726eb8c8a4 HTTP/1.1" status: 200 len: 1413 time: 0.0420487
2026-06-02 13:35:55.423 9 INFO neutron.api.wsgi [req-49b087dc-1765-4e08-8875-802fc08b463a req-57885e8f-3ae6-4887-9dc1-b22671141eb2 7f80bfc0976c4ae49d98a14832977e59 bd1a759263f845cba38942cd10c00668 - - 02758a855b0a4c84848683b5d5df47d9 02758a855b0a4c84848683b5d5df47d9] 10.0.0.116 "GET /v2.0/security-groups?id=d3a6120b-557f-48e6-9427-e85eca112f29&fields=id&fields=name HTTP/1.1" status: 200 len: 313 time: 0.0375216
2026-06-02 13:35:57.495 9 INFO neutron.api.wsgi [req-d7edd7f1-3432-421d-bf0a-f10b59c239bd req-d633ad47-c514-4805-9774-8dfe92f6a67a 93397d3fd7ef4a7d8194e3fa97e0a63a 9a1f13cff8cb40f2b6a831b76fd9d817 - - default default] 10.0.0.186 "GET /v2.0/ports?device_id=01bf5764-dd7d-4863-91b1-d4726eb8c8a4 HTTP/1.1" status: 200 len: 1174 time: 0.1054680
2026-06-02 13:35:57.537 9 INFO neutron.api.wsgi [req-d7edd7f1-3432-421d-bf0a-f10b59c239bd req-833e1e48-45e2-43f9-bb98-c3e5d2974d88 93397d3fd7ef4a7d8194e3fa97e0a63a 9a1f13cff8cb40f2b6a831b76fd9d817 - - default default] 10.0.0.186 "GET /v2.0/security-groups?id=d3a6120b-557f-48e6-9427-e85eca112f29&fields=id&fields=name HTTP/1.1" status: 200 len: 313 time: 0.0377033
2026-06-02 13:35:57.739 9 WARNING neutron_lib.context [None req-caea6427-3b40-43de-8067-4d3a23449067 46c94325be134261b3f7b86bf5578707 db2ade217c254d73b30bf2b81832238f - - default default] Method 'is_advsvc' is deprecated since 2023.2 release (neutron-lib 3.8.0) and will be removed once support for the old RBAC API policies will be removed from Neutron. Please use method 'is_service_role' instead.
2026-06-02 13:35:57.886 9 INFO neutron.db.ovn_revision_numbers_db [None req-caea6427-3b40-43de-8067-4d3a23449067 46c94325be134261b3f7b86bf5578707 db2ade217c254d73b30bf2b81832238f - - default default] Successfully bumped revision number for resource 45220adf-8a55-4ff6-9487-6a5174aa0897 (type: security_groups) to 1
2026-06-02 13:35:57.900 9 INFO neutron.db.ovn_revision_numbers_db [None req-caea6427-3b40-43de-8067-4d3a23449067 46c94325be134261b3f7b86bf5578707 db2ade217c254d73b30bf2b81832238f - - default default] Successfully bumped revision number for resource 0a446374-243d-4920-b159-f20eb4366953 (type: security_group_rules) to 0
2026-06-02 13:35:57.912 9 INFO neutron.db.ovn_revision_numbers_db [None req-caea6427-3b40-43de-8067-4d3a23449067 46c94325be134261b3f7b86bf5578707 db2ade217c254d73b30bf2b81832238f - - default default] Successfully bumped revision number for resource 46271a87-dc8b-401c-84a4-f6083a9a34bd (type: security_group_rules) to 0
2026-06-02 13:35:57.924 9 INFO neutron.db.ovn_revision_numbers_db [None req-caea6427-3b40-43de-8067-4d3a23449067 46c94325be134261b3f7b86bf5578707 db2ade217c254d73b30bf2b81832238f - - default default] Successfully bumped revision number for resource 8275c55d-ada0-4deb-baa7-93d7f2c414e2 (type: security_group_rules) to 0
2026-06-02 13:35:57.943 9 INFO neutron.db.ovn_revision_numbers_db [None req-caea6427-3b40-43de-8067-4d3a23449067 46c94325be134261b3f7b86bf5578707 db2ade217c254d73b30bf2b81832238f - - default default] Successfully bumped revision number for resource c3163803-29e2-4130-84e5-f4a6515dc855 (type: security_group_rules) to 0
2026-06-02 13:35:57.966 9 INFO neutron.plugins.ml2.drivers.ovn.mech_driver.mech_driver [None req-1113a0bf-74f5-4c97-98b0-5b83b0bb6d1c - - - - - -] OVN reports status down for port: 966e66c5-ddca-4720-aedc-4ef9d18c5664
2026-06-02 13:35:58.028 9 INFO neutron.db.segments_db [None req-caea6427-3b40-43de-8067-4d3a23449067 46c94325be134261b3f7b86bf5578707 db2ade217c254d73b30bf2b81832238f - - default default] Added segment f826d917-3e77-45f9-82d0-b9af04d201d8 of type geneve for network aa8db0a0-92db-4711-9458-7b19eccd60c4
