2026-06-02 13:34:56.306 10 INFO neutron.db.ovn_revision_numbers_db [None req-6a0e0fa1-15d2-49f2-94b8-b2e90b0f6bf7 - - - - - -] Successfully bumped revision number for resource 493b0ee4-d584-4b4d-9d9f-6bf5044d8281 (type: ports) to 5 /var/lib/openstack/lib/python3.12/site-packages/pycadf/identifier.py:71: UserWarning: Invalid uuid: neutron. To ensure interoperability, identifiers should be a valid uuid. warnings.warn(('Invalid uuid: %s. To ensure interoperability, '
2026-06-02 13:34:56.325 9 INFO neutron.db.ovn_revision_numbers_db [None req-a3b8f855-7b61-42ff-ada9-16b064e2a571 - - - - - -] Successfully bumped revision number for resource 85fd6fc9-99be-464d-90f2-f5323635418e (type: subnets) to 0
2026-06-02 13:34:56.341 9 INFO neutron.api.wsgi [None req-efa011ff-460f-4bf3-9ad3-087ad283005d 93397d3fd7ef4a7d8194e3fa97e0a63a 9a1f13cff8cb40f2b6a831b76fd9d817 - - default default] 10.0.0.79 "POST /v2.0/subnets HTTP/1.1" status: 201 len: 856 time: 0.9131236
2026-06-02 13:34:56.686 9 INFO neutron.api.wsgi [None req-bd8010d5-c17c-4805-9b28-6fc3a912659f 2b02968cb49e47b7af9fce4a36647eba edaaa376198c43e5922c69430c253b65 - - default default] 10.0.0.79 "DELETE /v2.0/floatingips/e2cf9560-3d2c-4153-b2cc-bc02ed447338 HTTP/1.1" status: 204 len: 168 time: 0.3782423
2026-06-02 13:34:56.706 9 INFO neutron.api.v2.resource [None req-97174746-c086-4650-ab67-28fe5b721f54 2b02968cb49e47b7af9fce4a36647eba edaaa376198c43e5922c69430c253b65 - - default default] delete failed (client error): The resource could not be found.
2026-06-02 13:34:56.707 9 INFO neutron.api.wsgi [None req-97174746-c086-4650-ab67-28fe5b721f54 2b02968cb49e47b7af9fce4a36647eba edaaa376198c43e5922c69430c253b65 - - default default] 10.0.0.79 "DELETE /v2.0/floatingips/e2cf9560-3d2c-4153-b2cc-bc02ed447338 HTTP/1.1" status: 404 len: 345 time: 0.0156243
2026-06-02 13:34:56.902 9 WARNING neutron.scheduler.dhcp_agent_scheduler [None req-b8593644-7ecf-4cbb-b216-e725344f91a8 93397d3fd7ef4a7d8194e3fa97e0a63a 9a1f13cff8cb40f2b6a831b76fd9d817 - - default default] No more DHCP agents
2026-06-02 13:34:56.903 9 WARNING neutron.api.rpc.agentnotifiers.dhcp_rpc_agent_api [None req-b8593644-7ecf-4cbb-b216-e725344f91a8 93397d3fd7ef4a7d8194e3fa97e0a63a 9a1f13cff8cb40f2b6a831b76fd9d817 - - default default] Unable to schedule network a9017e98-a456-4b22-a2c9-f7d646121369: no agents available; will retry on subsequent port and subnet creation events.
2026-06-02 13:34:57.021 9 INFO neutron.db.ovn_revision_numbers_db [None req-b8593644-7ecf-4cbb-b216-e725344f91a8 93397d3fd7ef4a7d8194e3fa97e0a63a 9a1f13cff8cb40f2b6a831b76fd9d817 - - default default] Successfully bumped revision number for resource e222c1f7-1c24-4028-83bc-c21cc4e8d37b (type: ports) to 1
2026-06-02 13:34:57.033 10 INFO neutron.db.ovn_revision_numbers_db [None req-014a0de8-2cee-4d4a-873b-f2a9ce5a4650 137ec43846084a089afdae182b4e0dbd 294e0993ebdb4c8ab84944346059036f - - default default] Successfully bumped revision number for resource 80a67098-4608-4435-8ac3-1efd03632347 (type: security_groups) to 1
2026-06-02 13:34:57.046 10 INFO neutron.db.ovn_revision_numbers_db [None req-014a0de8-2cee-4d4a-873b-f2a9ce5a4650 137ec43846084a089afdae182b4e0dbd 294e0993ebdb4c8ab84944346059036f - - default default] Successfully bumped revision number for resource 357158fb-64fb-4987-9e7b-1ee776276be0 (type: security_group_rules) to 0
2026-06-02 13:34:57.071 10 INFO neutron.db.ovn_revision_numbers_db [None req-014a0de8-2cee-4d4a-873b-f2a9ce5a4650 137ec43846084a089afdae182b4e0dbd 294e0993ebdb4c8ab84944346059036f - - default default] Successfully bumped revision number for resource c0630ad1-e15a-499a-bab6-dbc0ef6ca799 (type: security_group_rules) to 0
2026-06-02 13:34:57.090 10 INFO neutron.api.wsgi [None req-5e6ab4d4-3b5a-4d96-89cb-f2b618b13954 2b02968cb49e47b7af9fce4a36647eba edaaa376198c43e5922c69430c253b65 - - default default] 10.0.0.79 "DELETE /v2.0/ports/db4d0fa5-9235-4019-aefe-ade7813dcbc6 HTTP/1.1" status: 204 len: 168 time: 0.3766489
2026-06-02 13:34:57.091 10 INFO neutron.db.ovn_revision_numbers_db [None req-014a0de8-2cee-4d4a-873b-f2a9ce5a4650 137ec43846084a089afdae182b4e0dbd 294e0993ebdb4c8ab84944346059036f - - default default] Successfully bumped revision number for resource ee21d4bc-8cb8-4c1a-a2f7-b400915286f0 (type: security_group_rules) to 0
2026-06-02 13:34:57.105 10 INFO neutron.db.ovn_revision_numbers_db [None req-014a0de8-2cee-4d4a-873b-f2a9ce5a4650 137ec43846084a089afdae182b4e0dbd 294e0993ebdb4c8ab84944346059036f - - default default] Successfully bumped revision number for resource ee82e634-f77b-4f96-970e-1a9142eba451 (type: security_group_rules) to 0
2026-06-02 13:34:57.175 10 INFO neutron.db.segments_db [None req-014a0de8-2cee-4d4a-873b-f2a9ce5a4650 137ec43846084a089afdae182b4e0dbd 294e0993ebdb4c8ab84944346059036f - - default default] Added segment 9a7224ac-0951-4e45-948e-0a71f761b47d of type geneve for network 4e108460-4a16-4341-a0a9-7ce37ddede5a
2026-06-02 13:34:57.311 10 INFO neutron.db.ovn_revision_numbers_db [None req-014a0de8-2cee-4d4a-873b-f2a9ce5a4650 137ec43846084a089afdae182b4e0dbd 294e0993ebdb4c8ab84944346059036f - - default default] Successfully bumped revision number for resource 4e108460-4a16-4341-a0a9-7ce37ddede5a (type: networks) to 1
2026-06-02 13:34:57.485 10 WARNING neutron.scheduler.dhcp_agent_scheduler [None req-014a0de8-2cee-4d4a-873b-f2a9ce5a4650 137ec43846084a089afdae182b4e0dbd 294e0993ebdb4c8ab84944346059036f - - default default] No more DHCP agents
2026-06-02 13:34:57.487 10 WARNING neutron.api.rpc.agentnotifiers.dhcp_rpc_agent_api [None req-014a0de8-2cee-4d4a-873b-f2a9ce5a4650 137ec43846084a089afdae182b4e0dbd 294e0993ebdb4c8ab84944346059036f - - default default] Unable to schedule network 4e108460-4a16-4341-a0a9-7ce37ddede5a: no agents available; will retry on subsequent port and subnet creation events.
2026-06-02 13:34:57.567 10 INFO neutron.db.ovn_revision_numbers_db [None req-014a0de8-2cee-4d4a-873b-f2a9ce5a4650 137ec43846084a089afdae182b4e0dbd 294e0993ebdb4c8ab84944346059036f - - default default] Successfully bumped revision number for resource 157f377b-45ac-4f72-baca-179cd5605d67 (type: ports) to 1
2026-06-02 13:34:57.586 10 INFO neutron.api.wsgi [None req-014a0de8-2cee-4d4a-873b-f2a9ce5a4650 137ec43846084a089afdae182b4e0dbd 294e0993ebdb4c8ab84944346059036f - - default default] 10.0.0.79 "POST /v2.0/networks HTTP/1.1" status: 201 len: 941 time: 0.8474858
2026-06-02 13:34:57.727 10 WARNING neutron.scheduler.dhcp_agent_scheduler [None req-532d465a-d505-4d99-b6bf-7fdbec56561f 137ec43846084a089afdae182b4e0dbd 294e0993ebdb4c8ab84944346059036f - - default default] No more DHCP agents
2026-06-02 13:34:57.729 10 WARNING neutron.api.rpc.agentnotifiers.dhcp_rpc_agent_api [None req-532d465a-d505-4d99-b6bf-7fdbec56561f 137ec43846084a089afdae182b4e0dbd 294e0993ebdb4c8ab84944346059036f - - default default] Unable to schedule network 4e108460-4a16-4341-a0a9-7ce37ddede5a: no agents available; will retry on subsequent port and subnet creation events.
2026-06-02 13:34:57.743 9 INFO neutron.api.wsgi [None req-eedf7fe1-e87a-480a-bf1e-a77fa86dcd0d 2b02968cb49e47b7af9fce4a36647eba edaaa376198c43e5922c69430c253b65 - - default default] 10.0.0.79 "DELETE /v2.0/ports/8c6f281a-c3e7-40a7-94d9-b71be864ab7d HTTP/1.1" status: 204 len: 168 time: 0.6473007
2026-06-02 13:34:57.788 9 INFO neutron.api.wsgi [None req-ab932162-8648-4881-bd64-53ca7c04e99f 2b02968cb49e47b7af9fce4a36647eba edaaa376198c43e5922c69430c253b65 - - default default] 10.0.0.79 "GET /v2.0/ports?device_id=9840e8dd-5307-43b2-b28a-ae13c523b8ab HTTP/1.1" status: 200 len: 1140 time: 0.0391314
2026-06-02 13:34:57.939 10 INFO neutron.plugins.ml2.drivers.ovn.mech_driver.mech_driver [None req-3993d974-6a08-484f-a1a8-54f48de41adb - - - - - -] OVN reports status up for port: e222c1f7-1c24-4028-83bc-c21cc4e8d37b
2026-06-02 13:34:57.950 10 INFO neutron.plugins.ml2.plugin [None req-3993d974-6a08-484f-a1a8-54f48de41adb - - - - - -] Attempt 1 to provision port e222c1f7-1c24-4028-83bc-c21cc4e8d37b
2026-06-02 13:34:57.966 9 INFO neutron.db.ovn_revision_numbers_db [None req-b8593644-7ecf-4cbb-b216-e725344f91a8 93397d3fd7ef4a7d8194e3fa97e0a63a 9a1f13cff8cb40f2b6a831b76fd9d817 - - default default] Successfully bumped revision number for resource e222c1f7-1c24-4028-83bc-c21cc4e8d37b (type: ports) to 1
2026-06-02 13:34:58.020 9 WARNING neutron.scheduler.dhcp_agent_scheduler [None req-b8593644-7ecf-4cbb-b216-e725344f91a8 93397d3fd7ef4a7d8194e3fa97e0a63a 9a1f13cff8cb40f2b6a831b76fd9d817 - - default default] No more DHCP agents
2026-06-02 13:34:58.022 9 WARNING neutron.api.rpc.agentnotifiers.dhcp_rpc_agent_api [None req-b8593644-7ecf-4cbb-b216-e725344f91a8 93397d3fd7ef4a7d8194e3fa97e0a63a 9a1f13cff8cb40f2b6a831b76fd9d817 - - default default] Unable to schedule network a9017e98-a456-4b22-a2c9-f7d646121369: no agents available; will retry on subsequent port and subnet creation events.
2026-06-02 13:34:58.235 10 INFO neutron.db.ovn_revision_numbers_db [None req-d4a2d69d-f410-43b8-90dd-f2ad9534c232 - - - - - -] Successfully bumped revision number for resource 157f377b-45ac-4f72-baca-179cd5605d67 (type: ports) to 2
2026-06-02 13:34:58.280 10 INFO neutron.db.ovn_revision_numbers_db [None req-d4a2d69d-f410-43b8-90dd-f2ad9534c232 - - - - - -] Successfully bumped revision number for resource cc176573-88d0-41e5-a754-08c45e1c1bc2 (type: subnets) to 0
2026-06-02 13:34:58.298 10 INFO neutron.api.wsgi [None req-532d465a-d505-4d99-b6bf-7fdbec56561f 137ec43846084a089afdae182b4e0dbd 294e0993ebdb4c8ab84944346059036f - - default default] 10.0.0.79 "POST /v2.0/subnets HTTP/1.1" status: 201 len: 886 time: 0.7052655 /var/lib/openstack/lib/python3.12/site-packages/pycadf/identifier.py:71: UserWarning: Invalid uuid: neutron. To ensure interoperability, identifiers should be a valid uuid. warnings.warn(('Invalid uuid: %s. To ensure interoperability, '
2026-06-02 13:34:58.339 10 INFO neutron.db.ovn_revision_numbers_db [None req-3993d974-6a08-484f-a1a8-54f48de41adb - - - - - -] Successfully bumped revision number for resource e222c1f7-1c24-4028-83bc-c21cc4e8d37b (type: ports) to 2
2026-06-02 13:34:58.397 9 INFO neutron.db.ovn_revision_numbers_db [None req-b8593644-7ecf-4cbb-b216-e725344f91a8 93397d3fd7ef4a7d8194e3fa97e0a63a 9a1f13cff8cb40f2b6a831b76fd9d817 - - default default] Successfully bumped revision number for resource e222c1f7-1c24-4028-83bc-c21cc4e8d37b (type: router_ports) to 1
2026-06-02 13:34:58.403 9 INFO neutron.api.wsgi [None req-b8593644-7ecf-4cbb-b216-e725344f91a8 93397d3fd7ef4a7d8194e3fa97e0a63a 9a1f13cff8cb40f2b6a831b76fd9d817 - - default default] 10.0.0.79 "PUT /v2.0/routers/9dadf9ac-65f9-4a48-8b52-986d796a4962/add_router_interface HTTP/1.1" status: 200 len: 503 time: 2.0570021
2026-06-02 13:34:58.480 9 INFO neutron.api.wsgi [None req-4a9bdc9f-46a7-4981-80a9-e5ff680cbb09 d87397417dfd4e2889d04aea5273e4c3 478de15d482540bb91fcf4a82f9384de - - default default] 10.0.0.79 "GET /v2.0/networks HTTP/1.1" status: 200 len: 6148 time: 0.0694447
2026-06-02 13:34:58.525 9 INFO neutron.api.wsgi [None req-ec2c6b6c-d4e0-46ed-8ed8-4bca4c007362 d87397417dfd4e2889d04aea5273e4c3 478de15d482540bb91fcf4a82f9384de - - default default] 10.0.0.79 "GET /v2.0/subnets HTTP/1.1" status: 200 len: 4835 time: 0.0397236
2026-06-02 13:34:58.602 9 INFO neutron.api.wsgi [None req-989ef385-307c-4281-8596-6271d5d68fff d87397417dfd4e2889d04aea5273e4c3 478de15d482540bb91fcf4a82f9384de - - default default] 10.0.0.79 "GET /v2.0/routers HTTP/1.1" status: 200 len: 4666 time: 0.0712371
2026-06-02 13:34:58.674 10 WARNING neutron_lib.context [None req-0b963a62-f3b8-4401-8497-e55ed93590c6 93397d3fd7ef4a7d8194e3fa97e0a63a 9a1f13cff8cb40f2b6a831b76fd9d817 - - default default] Method 'is_advsvc' is deprecated since 2023.2 release (neutron-lib 3.8.0) and will be removed once support for the old RBAC API policies will be removed from Neutron. Please use method 'is_service_role' instead.
2026-06-02 13:34:58.728 9 INFO neutron.api.wsgi [None req-6848736a-cd6e-4bee-817a-7586c805b1a1 2b02968cb49e47b7af9fce4a36647eba edaaa376198c43e5922c69430c253b65 - - default default] 10.0.0.79 "PUT /v2.0/routers/9840e8dd-5307-43b2-b28a-ae13c523b8ab/remove_router_interface HTTP/1.1" status: 200 len: 503 time: 0.9335847 /var/lib/openstack/lib/python3.12/site-packages/pycadf/identifier.py:71: UserWarning: Invalid uuid: neutron. To ensure interoperability, identifiers should be a valid uuid. warnings.warn(('Invalid uuid: %s. To ensure interoperability, '
2026-06-02 13:34:58.739 10 WARNING neutron.scheduler.dhcp_agent_scheduler [None req-365db6e7-ac3d-43fd-9d85-1f0fa4cae482 137ec43846084a089afdae182b4e0dbd 294e0993ebdb4c8ab84944346059036f - - default default] No more DHCP agents
2026-06-02 13:34:58.741 10 WARNING neutron.api.rpc.agentnotifiers.dhcp_rpc_agent_api [None req-365db6e7-ac3d-43fd-9d85-1f0fa4cae482 137ec43846084a089afdae182b4e0dbd 294e0993ebdb4c8ab84944346059036f - - default default] Unable to schedule network 3625b642-a7a8-45eb-a055-e8c49cf30b3a: no agents available; will retry on subsequent port and subnet creation events.
2026-06-02 13:34:58.795 10 INFO neutron.db.ovn_revision_numbers_db [None req-0b963a62-f3b8-4401-8497-e55ed93590c6 93397d3fd7ef4a7d8194e3fa97e0a63a 9a1f13cff8cb40f2b6a831b76fd9d817 - - default default] Successfully bumped revision number for resource 5d0ed3db-f35f-49c3-9b32-da53a64fd64f (type: security_groups) to 1
2026-06-02 13:34:58.809 10 INFO neutron.db.ovn_revision_numbers_db [None req-0b963a62-f3b8-4401-8497-e55ed93590c6 93397d3fd7ef4a7d8194e3fa97e0a63a 9a1f13cff8cb40f2b6a831b76fd9d817 - - default default] Successfully bumped revision number for resource 15ae87ce-44de-47ac-b716-2e2c92e2ffab (type: security_group_rules) to 0
2026-06-02 13:34:58.823 10 INFO neutron.db.ovn_revision_numbers_db [None req-0b963a62-f3b8-4401-8497-e55ed93590c6 93397d3fd7ef4a7d8194e3fa97e0a63a 9a1f13cff8cb40f2b6a831b76fd9d817 - - default default] Successfully bumped revision number for resource 2614ebc0-d51f-416c-b335-c7d27a898d25 (type: security_group_rules) to 0
2026-06-02 13:34:58.857 10 INFO neutron.api.wsgi [None req-0b963a62-f3b8-4401-8497-e55ed93590c6 93397d3fd7ef4a7d8194e3fa97e0a63a 9a1f13cff8cb40f2b6a831b76fd9d817 - - default default] 10.0.0.79 "POST /v2.0/security-groups HTTP/1.1" status: 201 len: 1873 time: 0.1933520
2026-06-02 13:34:58.858 10 INFO neutron.db.ovn_revision_numbers_db [None req-365db6e7-ac3d-43fd-9d85-1f0fa4cae482 137ec43846084a089afdae182b4e0dbd 294e0993ebdb4c8ab84944346059036f - - default default] Successfully bumped revision number for resource 3653f15c-6c51-48d4-a70c-dd739f425124 (type: ports) to 1
2026-06-02 13:34:58.875 9 WARNING neutron_lib.context [None req-664c4390-2860-4d3c-b305-217cec20257f 93397d3fd7ef4a7d8194e3fa97e0a63a 9a1f13cff8cb40f2b6a831b76fd9d817 - - default default] Method 'is_advsvc' is deprecated since 2023.2 release (neutron-lib 3.8.0) and will be removed once support for the old RBAC API policies will be removed from Neutron. Please use method 'is_service_role' instead.
2026-06-02 13:34:59.029 9 INFO neutron.db.ovn_revision_numbers_db [None req-664c4390-2860-4d3c-b305-217cec20257f 93397d3fd7ef4a7d8194e3fa97e0a63a 9a1f13cff8cb40f2b6a831b76fd9d817 - - default default] Successfully bumped revision number for resource a0c687ed-a1b5-44db-bc56-17b6e12602b1 (type: security_group_rules) to 0
2026-06-02 13:34:59.036 9 INFO neutron.api.wsgi [req-f7df649e-1531-4a81-9e2e-feedde75ab6a req-a27da6b3-ebdf-4d95-892c-b2bdf3d5baed ad6014e206d243f79bc7e883ff5eba95 b32cd5dd4ec24ac78d96c17725164080 - - default default] 10.0.0.186 "GET /v2.0/ports?device_id=c3d6d08a-394a-4ba1-aa6d-8cf589217d1a HTTP/1.1" status: 200 len: 1210 time: 0.0879169
2026-06-02 13:34:59.074 9 INFO neutron.api.wsgi [None req-664c4390-2860-4d3c-b305-217cec20257f 93397d3fd7ef4a7d8194e3fa97e0a63a 9a1f13cff8cb40f2b6a831b76fd9d817 - - default default] 10.0.0.79 "POST /v2.0/security-group-rules HTTP/1.1" status: 201 len: 796 time: 0.2103946
2026-06-02 13:34:59.084 10 WARNING neutron_lib.context [None req-a87d5caa-616d-492a-b8d9-0d6b6ffe3f4c 93397d3fd7ef4a7d8194e3fa97e0a63a 9a1f13cff8cb40f2b6a831b76fd9d817 - - default default] Method 'is_advsvc' is deprecated since 2023.2 release (neutron-lib 3.8.0) and will be removed once support for the old RBAC API policies will be removed from Neutron. Please use method 'is_service_role' instead.
2026-06-02 13:34:59.086 9 INFO neutron.api.wsgi [req-f7df649e-1531-4a81-9e2e-feedde75ab6a req-7c5adcd9-d221-4cd9-ab83-32d6d4eb7ba1 ad6014e206d243f79bc7e883ff5eba95 b32cd5dd4ec24ac78d96c17725164080 - - default default] 10.0.0.186 "GET /v2.0/security-groups?id=107ba62e-c333-4b2d-ac71-57a1b8efdf4c&id=f591a18e-bf44-4f6b-b02b-ffd1a72dde7c&fields=id&fields=name HTTP/1.1" status: 200 len: 404 time: 0.0409017
2026-06-02 13:34:59.236 9 INFO neutron.api.wsgi [None req-576cd4e2-e34d-4f45-bf46-a4efb5956c6a 89be68d44c664561aaaa9b9b0484be3f b1aa5c17264f4bd989e6e9b7dc52b03b - - default default] 10.0.0.79 "GET /v2.0/ports?device_id=c3d6d08a-394a-4ba1-aa6d-8cf589217d1a HTTP/1.1" status: 200 len: 1443 time: 0.1210618
2026-06-02 13:34:59.322 9 INFO neutron.api.wsgi [None req-72da8194-4b3f-4d15-8a06-db6b6c3cd76d ad6014e206d243f79bc7e883ff5eba95 b32cd5dd4ec24ac78d96c17725164080 - - default default] 10.0.0.79 "GET /v2.0/floatingips?floating_network_id=3625b642-a7a8-45eb-a055-e8c49cf30b3a&port_id=1daa7405-9aa1-4872-a9f6-e4285012c08f HTTP/1.1" status: 200 len: 1054 time: 0.0780723
2026-06-02 13:34:59.465 9 INFO neutron.api.wsgi [None req-1e72e7f9-df2c-4dce-b351-0ec31c870586 2b02968cb49e47b7af9fce4a36647eba edaaa376198c43e5922c69430c253b65 - - default default] 10.0.0.79 "DELETE /v2.0/routers/9840e8dd-5307-43b2-b28a-ae13c523b8ab HTTP/1.1" status: 204 len: 168 time: 0.7312312
2026-06-02 13:34:59.499 10 INFO neutron.db.ovn_revision_numbers_db [None req-a87d5caa-616d-492a-b8d9-0d6b6ffe3f4c 93397d3fd7ef4a7d8194e3fa97e0a63a 9a1f13cff8cb40f2b6a831b76fd9d817 - - default default] Successfully bumped revision number for resource 176549ca-5fdd-48b3-9ae6-0ca8654b04bf (type: security_group_rules) to 0
2026-06-02 13:34:59.533 10 INFO neutron.api.wsgi [None req-a87d5caa-616d-492a-b8d9-0d6b6ffe3f4c 93397d3fd7ef4a7d8194e3fa97e0a63a 9a1f13cff8cb40f2b6a831b76fd9d817 - - default default] 10.0.0.79 "POST /v2.0/security-group-rules HTTP/1.1" status: 201 len: 795 time: 0.4532986
2026-06-02 13:34:59.541 10 WARNING neutron_lib.context [None req-ce671810-2045-470e-98ea-f26dd1a0fe70 93397d3fd7ef4a7d8194e3fa97e0a63a 9a1f13cff8cb40f2b6a831b76fd9d817 - - default default] Method 'is_advsvc' is deprecated since 2023.2 release (neutron-lib 3.8.0) and will be removed once support for the old RBAC API policies will be removed from Neutron. Please use method 'is_service_role' instead.
2026-06-02 13:34:59.602 9 INFO neutron.api.wsgi [None req-53ede4ba-457e-488e-beb6-61c06aa4958c 2b02968cb49e47b7af9fce4a36647eba edaaa376198c43e5922c69430c253b65 - - default default] 10.0.0.79 "DELETE /v2.0/subnets/8c447e25-f814-4284-8b01-989f51a71ddf HTTP/1.1" status: 204 len: 168 time: 0.1270635
2026-06-02 13:34:59.620 10 INFO neutron.api.wsgi [req-e33ccc60-f0c3-4628-b86e-528ba5f9873c req-d606c2f9-6205-488a-9691-1653c47d68bc 7f80bfc0976c4ae49d98a14832977e59 bd1a759263f845cba38942cd10c00668 - - 02758a855b0a4c84848683b5d5df47d9 02758a855b0a4c84848683b5d5df47d9] 10.0.0.116 "GET /v2.0/ports?device_id=c3d6d08a-394a-4ba1-aa6d-8cf589217d1a HTTP/1.1" status: 200 len: 1448 time: 0.0498362
2026-06-02 13:34:59.673 10 INFO neutron.api.wsgi [req-e33ccc60-f0c3-4628-b86e-528ba5f9873c req-f03d3f3c-bfd5-4dd7-ba2c-1570be136348 7f80bfc0976c4ae49d98a14832977e59 bd1a759263f845cba38942cd10c00668 - - 02758a855b0a4c84848683b5d5df47d9 02758a855b0a4c84848683b5d5df47d9] 10.0.0.116 "GET /v2.0/security-groups?id=107ba62e-c333-4b2d-ac71-57a1b8efdf4c&id=f591a18e-bf44-4f6b-b02b-ffd1a72dde7c&fields=id&fields=name HTTP/1.1" status: 200 len: 404 time: 0.0453954
2026-06-02 13:34:59.702 10 INFO neutron.plugins.ml2.drivers.ovn.mech_driver.ovsdb.commands [None req-68922ff3-225b-426b-abdb-bb5c77c4bf07 - - - - - -] Schedule LRP lrp-3653f15c-6c51-48d4-a70c-dd739f425124 on gateway 964fb7a4-776b-4958-a6cf-e0e5fab903dc with priority 1
2026-06-02 13:34:59.710 10 INFO neutron.db.ovn_revision_numbers_db [None req-ce671810-2045-470e-98ea-f26dd1a0fe70 93397d3fd7ef4a7d8194e3fa97e0a63a 9a1f13cff8cb40f2b6a831b76fd9d817 - - default default] Successfully bumped revision number for resource 7afc4ffa-816a-4e7f-a0da-f3acd30f8061 (type: security_group_rules) to 0
2026-06-02 13:34:59.711 9 INFO neutron.plugins.ml2.drivers.ovn.mech_driver.mech_driver [None req-5723d996-a7d5-4de1-b93b-d191c0e14e2e - - - - - -] OVN reports status up for port: 3653f15c-6c51-48d4-a70c-dd739f425124
2026-06-02 13:34:59.741 10 INFO neutron.db.ovn_revision_numbers_db [None req-365db6e7-ac3d-43fd-9d85-1f0fa4cae482 137ec43846084a089afdae182b4e0dbd 294e0993ebdb4c8ab84944346059036f - - default default] Successfully bumped revision number for resource 3653f15c-6c51-48d4-a70c-dd739f425124 (type: router_ports) to 1
2026-06-02 13:34:59.741 9 INFO neutron.plugins.ml2.drivers.ovn.mech_driver.ovsdb.ovsdb_monitor [None req-39e5d44c-6659-416a-a044-a06f31f9fa30 - - - - - -] Router 4b0953d0-e3af-4df6-a89e-4af532f4b33d is bound to host instance
2026-06-02 13:34:59.743 9 INFO neutron.plugins.ml2.plugin [None req-5723d996-a7d5-4de1-b93b-d191c0e14e2e - - - - - -] Attempt 1 to provision port 3653f15c-6c51-48d4-a70c-dd739f425124
2026-06-02 13:34:59.757 10 INFO neutron.api.wsgi [None req-ce671810-2045-470e-98ea-f26dd1a0fe70 93397d3fd7ef4a7d8194e3fa97e0a63a 9a1f13cff8cb40f2b6a831b76fd9d817 - - default default] 10.0.0.79 "POST /v2.0/security-group-rules HTTP/1.1" status: 201 len: 801 time: 0.2198913
2026-06-02 13:34:59.770 10 WARNING neutron_lib.context [None req-6ed9da73-bdeb-4309-a88b-f853faf393a1 93397d3fd7ef4a7d8194e3fa97e0a63a 9a1f13cff8cb40f2b6a831b76fd9d817 - - default default] Method 'is_advsvc' is deprecated since 2023.2 release (neutron-lib 3.8.0) and will be removed once support for the old RBAC API policies will be removed from Neutron. Please use method 'is_service_role' instead.
2026-06-02 13:34:59.816 10 INFO neutron.db.ovn_revision_numbers_db [None req-365db6e7-ac3d-43fd-9d85-1f0fa4cae482 137ec43846084a089afdae182b4e0dbd 294e0993ebdb4c8ab84944346059036f - - default default] Successfully bumped revision number for resource 4b0953d0-e3af-4df6-a89e-4af532f4b33d (type: routers) to 2
2026-06-02 13:34:59.834 10 INFO neutron.api.wsgi [None req-365db6e7-ac3d-43fd-9d85-1f0fa4cae482 137ec43846084a089afdae182b4e0dbd 294e0993ebdb4c8ab84944346059036f - - default default] 10.0.0.79 "POST /v2.0/routers HTTP/1.1" status: 201 len: 1164 time: 1.5282195
2026-06-02 13:34:59.904 10 INFO neutron.db.ovn_revision_numbers_db [None req-6ed9da73-bdeb-4309-a88b-f853faf393a1 93397d3fd7ef4a7d8194e3fa97e0a63a 9a1f13cff8cb40f2b6a831b76fd9d817 - - default default] Successfully bumped revision number for resource 301980e6-1881-44ec-9135-2eaefe3d687a (type: security_group_rules) to 0
2026-06-02 13:34:59.936 10 INFO neutron.api.wsgi [None req-6ed9da73-bdeb-4309-a88b-f853faf393a1 93397d3fd7ef4a7d8194e3fa97e0a63a 9a1f13cff8cb40f2b6a831b76fd9d817 - - default default] 10.0.0.79 "POST /v2.0/security-group-rules HTTP/1.1" status: 201 len: 800 time: 0.1700933
2026-06-02 13:34:59.950 10 WARNING neutron_lib.context [None req-669cb3bc-f2c2-42da-a289-4eee198cdef2 93397d3fd7ef4a7d8194e3fa97e0a63a 9a1f13cff8cb40f2b6a831b76fd9d817 - - default default] Method 'is_advsvc' is deprecated since 2023.2 release (neutron-lib 3.8.0) and will be removed once support for the old RBAC API policies will be removed from Neutron. Please use method 'is_service_role' instead.
2026-06-02 13:34:59.981 10 INFO neutron.db.securitygroups_db [None req-669cb3bc-f2c2-42da-a289-4eee198cdef2 93397d3fd7ef4a7d8194e3fa97e0a63a 9a1f13cff8cb40f2b6a831b76fd9d817 - - default default] Project 9a1f13cff8cb40f2b6a831b76fd9d817 added a security group rule with legacy IPv6 ICMP protocol name icmp, ipv6-icmp should be used instead. It was automatically converted.
2026-06-02 13:35:00.035 9 INFO neutron.services.segments.plugin [-] Segment ccc9e5a9-aa80-4d79-aeab-33a7cb10e8ec resource provider aggregate not found
2026-06-02 13:35:00.042 9 INFO neutron.services.segments.plugin [-] Segment ccc9e5a9-aa80-4d79-aeab-33a7cb10e8ec resource provider aggregate not found
2026-06-02 13:35:00.053 9 INFO neutron.services.segments.plugin [-] Segment ccc9e5a9-aa80-4d79-aeab-33a7cb10e8ec resource provider not found; error: Placement Client Error (4xx): {"errors": [{"status": 404, "title": "Not Found", "detail": "The resource could not be found.\n\n No resource provider with uuid ccc9e5a9-aa80-4d79-aeab-33a7cb10e8ec found for delete ", "request_id": "req-d8476f40-85b2-489d-ae18-9e93d3554bf9"}]}
2026-06-02 13:35:00.078 9 INFO neutron.services.segments.plugin [-] Segment ccc9e5a9-aa80-4d79-aeab-33a7cb10e8ec resource provider not found; error: Placement Client Error (4xx): {"errors": [{"status": 404, "title": "Not Found", "detail": "The resource could not be found.\n\n No resource provider with uuid ccc9e5a9-aa80-4d79-aeab-33a7cb10e8ec found for delete ", "request_id": "req-6132b065-f34c-4735-bb95-b32669c17949"}]}
2026-06-02 13:35:00.093 10 INFO neutron.db.ovn_revision_numbers_db [None req-669cb3bc-f2c2-42da-a289-4eee198cdef2 93397d3fd7ef4a7d8194e3fa97e0a63a 9a1f13cff8cb40f2b6a831b76fd9d817 - - default default] Successfully bumped revision number for resource f561eb7c-1f6b-4140-a124-7320d45e59a9 (type: security_group_rules) to 0
2026-06-02 13:35:00.096 9 INFO neutron.api.wsgi [None req-1d43513d-7f38-4bb2-b16e-126589a8d195 2b02968cb49e47b7af9fce4a36647eba edaaa376198c43e5922c69430c253b65 - - default default] 10.0.0.79 "DELETE /v2.0/networks/b9d8d4a4-7d39-4426-a3e5-b6d3b826b17e HTTP/1.1" status: 204 len: 168 time: 0.4888191
2026-06-02 13:35:00.151 10 INFO neutron.api.wsgi [None req-669cb3bc-f2c2-42da-a289-4eee198cdef2 93397d3fd7ef4a7d8194e3fa97e0a63a 9a1f13cff8cb40f2b6a831b76fd9d817 - - default default] 10.0.0.79 "POST /v2.0/security-group-rules HTTP/1.1" status: 201 len: 806 time: 0.2068169
2026-06-02 13:35:00.164 10 WARNING neutron_lib.context [None req-2798a559-e9c5-4e52-bf13-9facc12ec635 93397d3fd7ef4a7d8194e3fa97e0a63a 9a1f13cff8cb40f2b6a831b76fd9d817 - - default default] Method 'is_advsvc' is deprecated since 2023.2 release (neutron-lib 3.8.0) and will be removed once support for the old RBAC API policies will be removed from Neutron. Please use method 'is_service_role' instead.
2026-06-02 13:35:00.208 10 INFO neutron.db.securitygroups_db [None req-2798a559-e9c5-4e52-bf13-9facc12ec635 93397d3fd7ef4a7d8194e3fa97e0a63a 9a1f13cff8cb40f2b6a831b76fd9d817 - - default default] Project 9a1f13cff8cb40f2b6a831b76fd9d817 added a security group rule with legacy IPv6 ICMP protocol name icmp, ipv6-icmp should be used instead. It was automatically converted.
2026-06-02 13:35:00.350 10 INFO neutron.db.ovn_revision_numbers_db [None req-2798a559-e9c5-4e52-bf13-9facc12ec635 93397d3fd7ef4a7d8194e3fa97e0a63a 9a1f13cff8cb40f2b6a831b76fd9d817 - - default default] Successfully bumped revision number for resource e24381a3-ea4d-4c35-bebc-4a24cd151347 (type: security_group_rules) to 0
2026-06-02 13:35:00.387 10 INFO neutron.api.wsgi [None req-2798a559-e9c5-4e52-bf13-9facc12ec635 93397d3fd7ef4a7d8194e3fa97e0a63a 9a1f13cff8cb40f2b6a831b76fd9d817 - - default default] 10.0.0.79 "POST /v2.0/security-group-rules HTTP/1.1" status: 201 len: 805 time: 0.2268963
2026-06-02 13:35:00.501 9 INFO neutron.db.ovn_revision_numbers_db [None req-050da20c-4937-4b7d-bd62-47caa9728955 - - - - - -] Successfully bumped revision number for resource 3653f15c-6c51-48d4-a70c-dd739f425124 (type: ports) to 1
2026-06-02 13:35:00.534 9 WARNING neutron.scheduler.dhcp_agent_scheduler [None req-126805e6-4388-4047-8695-0cece46f5215 137ec43846084a089afdae182b4e0dbd 294e0993ebdb4c8ab84944346059036f - - default default] No more DHCP agents
2026-06-02 13:35:00.535 9 WARNING neutron.api.rpc.agentnotifiers.dhcp_rpc_agent_api [None req-126805e6-4388-4047-8695-0cece46f5215 137ec43846084a089afdae182b4e0dbd 294e0993ebdb4c8ab84944346059036f - - default default] Unable to schedule network 4e108460-4a16-4341-a0a9-7ce37ddede5a: no agents available; will retry on subsequent port and subnet creation events.
2026-06-02 13:35:00.720 9 INFO neutron.db.ovn_revision_numbers_db [None req-126805e6-4388-4047-8695-0cece46f5215 137ec43846084a089afdae182b4e0dbd 294e0993ebdb4c8ab84944346059036f - - default default] Successfully bumped revision number for resource 88783990-6a7e-4353-b00c-e6b52009c920 (type: ports) to 1
2026-06-02 13:35:00.878 10 INFO neutron.api.wsgi [None req-8c4c8b1c-8d95-4fd6-a16e-0902675d14b4 137ec43846084a089afdae182b4e0dbd 294e0993ebdb4c8ab84944346059036f - - default default] 10.0.0.79 "GET /v2.0/security-groups?tenant_id=edaaa376198c43e5922c69430c253b65&name=default HTTP/1.1" status: 200 len: 3120 time: 0.1658826
2026-06-02 13:35:00.920 9 INFO neutron.db.ovn_revision_numbers_db [None req-050da20c-4937-4b7d-bd62-47caa9728955 - - - - - -] Successfully bumped revision number for resource 3653f15c-6c51-48d4-a70c-dd739f425124 (type: ports) to 4
2026-06-02 13:35:00.996 10 INFO neutron.api.wsgi [None req-99347ff6-71d0-4d10-8913-56d9e6cad63b 93397d3fd7ef4a7d8194e3fa97e0a63a 9a1f13cff8cb40f2b6a831b76fd9d817 - - default default] 10.0.0.79 "GET /v2.0/networks HTTP/1.1" status: 200 len: 1493 time: 0.2218852
2026-06-02 13:35:01.157 10 INFO neutron.api.wsgi [None req-41d01a4b-2044-4762-989e-8937fc0666a8 137ec43846084a089afdae182b4e0dbd 294e0993ebdb4c8ab84944346059036f - - default default] 10.0.0.79 "DELETE /v2.0/security-groups/ba6dad0c-d278-4096-be1f-eb7555884757 HTTP/1.1" status: 204 len: 168 time: 0.2738564
2026-06-02 13:35:01.166 9 INFO neutron.api.wsgi [req-a37e0d7d-fe1e-4c97-b0ce-847e0be551da req-e61dbb41-f937-44a1-a3d1-d67ab34ac0b5 93397d3fd7ef4a7d8194e3fa97e0a63a 9a1f13cff8cb40f2b6a831b76fd9d817 - - default default] 10.0.0.186 "GET /v2.0/security-groups?name=tempest-secgroup-smoke-883043598&fields=id&tenant_id=9a1f13cff8cb40f2b6a831b76fd9d817 HTTP/1.1" status: 200 len: 267 time: 0.0657842
2026-06-02 13:35:01.251 9 INFO neutron.api.wsgi [req-a37e0d7d-fe1e-4c97-b0ce-847e0be551da req-3181734a-106f-4371-a84e-371c14814a76 93397d3fd7ef4a7d8194e3fa97e0a63a 9a1f13cff8cb40f2b6a831b76fd9d817 - - default default] 10.0.0.186 "GET /v2.0/networks?id=a9017e98-a456-4b22-a2c9-f7d646121369 HTTP/1.1" status: 200 len: 860 time: 0.0771389
2026-06-02 13:35:01.271 9 INFO neutron.api.wsgi [req-a37e0d7d-fe1e-4c97-b0ce-847e0be551da req-4b65cb7f-b50e-48ae-8b25-e9656b94dbde 93397d3fd7ef4a7d8194e3fa97e0a63a 9a1f13cff8cb40f2b6a831b76fd9d817 - - default default] 10.0.0.186 "GET /v2.0/quotas/9a1f13cff8cb40f2b6a831b76fd9d817 HTTP/1.1" status: 200 len: 491 time: 0.0142398
2026-06-02 13:35:01.817 9 INFO neutron.api.wsgi [req-a37e0d7d-fe1e-4c97-b0ce-847e0be551da req-87aaa3af-f73a-4f88-90f4-f5ec75a7b817 93397d3fd7ef4a7d8194e3fa97e0a63a 9a1f13cff8cb40f2b6a831b76fd9d817 - - default default] 10.0.0.186 "GET /v2.0/ports?tenant_id=9a1f13cff8cb40f2b6a831b76fd9d817&fields=id HTTP/1.1" status: 200 len: 302 time: 0.5397511
2026-06-02 13:35:01.840 9 INFO neutron.db.ovn_revision_numbers_db [None req-050da20c-4937-4b7d-bd62-47caa9728955 - - - - - -] Successfully bumped revision number for resource 3653f15c-6c51-48d4-a70c-dd739f425124 (type: ports) to 5
2026-06-02 13:35:01.893 9 INFO neutron.api.wsgi [req-a37e0d7d-fe1e-4c97-b0ce-847e0be551da req-c84cbb16-52b5-4010-991f-381240fce799 7f80bfc0976c4ae49d98a14832977e59 bd1a759263f845cba38942cd10c00668 - - 02758a855b0a4c84848683b5d5df47d9 02758a855b0a4c84848683b5d5df47d9] 10.0.0.186 "GET /v2.0/networks/a9017e98-a456-4b22-a2c9-f7d646121369?fields=segments HTTP/1.1" status: 200 len: 212 time: 0.0610301
2026-06-02 13:35:01.940 9 INFO neutron.db.ovn_revision_numbers_db [None req-126805e6-4388-4047-8695-0cece46f5215 137ec43846084a089afdae182b4e0dbd 294e0993ebdb4c8ab84944346059036f - - default default] Successfully bumped revision number for resource 88783990-6a7e-4353-b00c-e6b52009c920 (type: ports) to 1
2026-06-02 13:35:01.959 9 INFO neutron.api.wsgi [req-a37e0d7d-fe1e-4c97-b0ce-847e0be551da req-18454e49-33b9-4a9b-866c-58deabe8ec09 7f80bfc0976c4ae49d98a14832977e59 bd1a759263f845cba38942cd10c00668 - - 02758a855b0a4c84848683b5d5df47d9 02758a855b0a4c84848683b5d5df47d9] 10.0.0.186 "GET /v2.0/networks/a9017e98-a456-4b22-a2c9-f7d646121369?fields=provider%3Aphysical_network&fields=provider%3Anetwork_type HTTP/1.1" status: 200 len: 277 time: 0.0531430
2026-06-02 13:35:01.995 9 WARNING neutron.scheduler.dhcp_agent_scheduler [None req-126805e6-4388-4047-8695-0cece46f5215 137ec43846084a089afdae182b4e0dbd 294e0993ebdb4c8ab84944346059036f - - default default] No more DHCP agents
2026-06-02 13:35:01.998 9 WARNING neutron.api.rpc.agentnotifiers.dhcp_rpc_agent_api [None req-126805e6-4388-4047-8695-0cece46f5215 137ec43846084a089afdae182b4e0dbd 294e0993ebdb4c8ab84944346059036f - - default default] Unable to schedule network 4e108460-4a16-4341-a0a9-7ce37ddede5a: no agents available; will retry on subsequent port and subnet creation events.
2026-06-02 13:35:02.065 10 INFO neutron.api.wsgi [req-7df19085-c411-4ad7-828a-32ee4d0af52e req-f6b5acc2-22a8-4d1d-a796-8d9b8aa7cfa9 ad6014e206d243f79bc7e883ff5eba95 b32cd5dd4ec24ac78d96c17725164080 - - default default] 10.0.0.186 "GET /v2.0/ports?device_id=c3d6d08a-394a-4ba1-aa6d-8cf589217d1a HTTP/1.1" status: 200 len: 1210 time: 0.0675123
2026-06-02 13:35:02.090 9 INFO neutron.api.wsgi [req-b99de580-0117-401d-9af8-39e07f4fc794 req-0ee4cb37-3a43-4741-9649-7714d2e3b7d8 93397d3fd7ef4a7d8194e3fa97e0a63a 9a1f13cff8cb40f2b6a831b76fd9d817 - - default default] 10.0.0.186 "GET /v2.0/ports?device_id=cd268399-6195-4799-bc5e-9d0e62fd285a HTTP/1.1" status: 200 len: 210 time: 0.0252156
2026-06-02 13:35:02.111 10 INFO neutron.api.wsgi [req-7df19085-c411-4ad7-828a-32ee4d0af52e req-b0f0b2a1-706f-4cad-ae0f-9654dbe0307a ad6014e206d243f79bc7e883ff5eba95 b32cd5dd4ec24ac78d96c17725164080 - - default default] 10.0.0.186 "GET /v2.0/security-groups?id=107ba62e-c333-4b2d-ac71-57a1b8efdf4c&id=f591a18e-bf44-4f6b-b02b-ffd1a72dde7c&fields=id&fields=name HTTP/1.1" status: 200 len: 404 time: 0.0335057
2026-06-02 13:35:02.868 9 INFO neutron.db.ovn_revision_numbers_db [None req-126805e6-4388-4047-8695-0cece46f5215 137ec43846084a089afdae182b4e0dbd 294e0993ebdb4c8ab84944346059036f - - default default] Successfully bumped revision number for resource 88783990-6a7e-4353-b00c-e6b52009c920 (type: router_ports) to 1
2026-06-02 13:35:02.872 9 INFO neutron.api.wsgi [None req-126805e6-4388-4047-8695-0cece46f5215 137ec43846084a089afdae182b4e0dbd 294e0993ebdb4c8ab84944346059036f - - default default] 10.0.0.79 "PUT /v2.0/routers/4b0953d0-e3af-4df6-a89e-4af532f4b33d/add_router_interface HTTP/1.1" status: 200 len: 503 time: 3.0312786
2026-06-02 13:35:03.004 9 WARNING neutron_lib.context [None req-a27a65ec-1c22-4a8b-b151-decdaa80f9b7 c84f7f33c19743ada55f000d3d2c2b8f c49a138ee56d43a28551d08090490459 - - default default] Method 'is_advsvc' is deprecated since 2023.2 release (neutron-lib 3.8.0) and will be removed once support for the old RBAC API policies will be removed from Neutron. Please use method 'is_service_role' instead.
2026-06-02 13:35:03.139 9 INFO neutron.db.ovn_revision_numbers_db [None req-a27a65ec-1c22-4a8b-b151-decdaa80f9b7 c84f7f33c19743ada55f000d3d2c2b8f c49a138ee56d43a28551d08090490459 - - default default] Successfully bumped revision number for resource ce40d3af-13a1-4078-94e4-a0ba03e75569 (type: security_groups) to 1
2026-06-02 13:35:03.142 10 WARNING neutron.plugins.ml2.drivers.ovn.mech_driver.ovsdb.ovn_client [None req-f58945b7-df2f-4077-84f2-a6c86ccfd8e5 - - - - - -] No hosting information found for port e222c1f7-1c24-4028-83bc-c21cc4e8d37b: RuntimeError: No hosting information found for port e222c1f7-1c24-4028-83bc-c21cc4e8d37b
2026-06-02 13:35:03.152 9 INFO neutron.db.ovn_revision_numbers_db [None req-a27a65ec-1c22-4a8b-b151-decdaa80f9b7 c84f7f33c19743ada55f000d3d2c2b8f c49a138ee56d43a28551d08090490459 - - default default] Successfully bumped revision number for resource 02de9af2-3f7f-4e37-a539-46f198dd6426 (type: security_group_rules) to 0
2026-06-02 13:35:03.169 9 INFO neutron.db.ovn_revision_numbers_db [None req-a27a65ec-1c22-4a8b-b151-decdaa80f9b7 c84f7f33c19743ada55f000d3d2c2b8f c49a138ee56d43a28551d08090490459 - - default default] Successfully bumped revision number for resource 0cb74feb-f0b4-4174-8a20-1f49c6099980 (type: security_group_rules) to 0
2026-06-02 13:35:03.195 9 INFO neutron.api.wsgi [req-b8d909a9-a895-41df-a6df-53063a5733bc req-f99995ab-e6b1-4d6a-8880-7776a49a0fac 93397d3fd7ef4a7d8194e3fa97e0a63a 9a1f13cff8cb40f2b6a831b76fd9d817 - - default default] 10.0.0.186 "GET /v2.0/ports?device_id=cd268399-6195-4799-bc5e-9d0e62fd285a HTTP/1.1" status: 200 len: 210 time: 0.0240333
2026-06-02 13:35:03.199 9 INFO neutron.db.ovn_revision_numbers_db [None req-a27a65ec-1c22-4a8b-b151-decdaa80f9b7 c84f7f33c19743ada55f000d3d2c2b8f c49a138ee56d43a28551d08090490459 - - default default] Successfully bumped revision number for resource 3b53ceb6-26e4-4ffc-8e39-a5d699dc8f31 (type: security_group_rules) to 0
2026-06-02 13:35:03.219 10 INFO neutron.api.wsgi [req-1584cd67-8026-40b3-8cb9-516b798c0abd req-e77bf99e-98ed-4ced-bc3d-2c13a2d3722f ad6014e206d243f79bc7e883ff5eba95 b32cd5dd4ec24ac78d96c17725164080 - - default default] 10.0.0.186 "GET /v2.0/ports?device_id=c3d6d08a-394a-4ba1-aa6d-8cf589217d1a HTTP/1.1" status: 200 len: 1210 time: 0.0464730
2026-06-02 13:35:03.220 9 INFO neutron.db.ovn_revision_numbers_db [None req-a27a65ec-1c22-4a8b-b151-decdaa80f9b7 c84f7f33c19743ada55f000d3d2c2b8f c49a138ee56d43a28551d08090490459 - - default default] Successfully bumped revision number for resource dbad725d-a4d9-482f-8345-e05b1b9869a1 (type: security_group_rules) to 0
2026-06-02 13:35:03.234 10 INFO neutron.db.ovn_revision_numbers_db [None req-f58945b7-df2f-4077-84f2-a6c86ccfd8e5 - - - - - -] Successfully bumped revision number for resource e222c1f7-1c24-4028-83bc-c21cc4e8d37b (type: router_ports) to 2
2026-06-02 13:35:03.235 10 INFO neutron.plugins.ml2.drivers.ovn.mech_driver.mech_driver [None req-f58945b7-df2f-4077-84f2-a6c86ccfd8e5 - - - - - -] OVN reports status up for port: 88783990-6a7e-4353-b00c-e6b52009c920
2026-06-02 13:35:03.247 10 INFO neutron.plugins.ml2.plugin [None req-f58945b7-df2f-4077-84f2-a6c86ccfd8e5 - - - - - -] Attempt 1 to provision port 88783990-6a7e-4353-b00c-e6b52009c920
2026-06-02 13:35:03.274 10 INFO neutron.api.wsgi [req-1584cd67-8026-40b3-8cb9-516b798c0abd req-41368fdc-0a21-4108-80d5-5789e92e3064 ad6014e206d243f79bc7e883ff5eba95 b32cd5dd4ec24ac78d96c17725164080 - - default default] 10.0.0.186 "GET /v2.0/security-groups?id=107ba62e-c333-4b2d-ac71-57a1b8efdf4c&id=f591a18e-bf44-4f6b-b02b-ffd1a72dde7c&fields=id&fields=name HTTP/1.1" status: 200 len: 404 time: 0.0464349
2026-06-02 13:35:03.326 9 INFO neutron.db.segments_db [None req-a27a65ec-1c22-4a8b-b151-decdaa80f9b7 c84f7f33c19743ada55f000d3d2c2b8f c49a138ee56d43a28551d08090490459 - - default default] Added segment 79a6d0ae-c83a-414e-840e-2f8617a7e244 of type geneve for network 966a4520-19ce-41aa-aa86-5594183345a6
2026-06-02 13:35:03.481 9 INFO neutron.db.ovn_revision_numbers_db [None req-a27a65ec-1c22-4a8b-b151-decdaa80f9b7 c84f7f33c19743ada55f000d3d2c2b8f c49a138ee56d43a28551d08090490459 - - default default] Successfully bumped revision number for resource 966a4520-19ce-41aa-aa86-5594183345a6 (type: networks) to 1
2026-06-02 13:35:03.671 9 WARNING neutron.scheduler.dhcp_agent_scheduler [None req-a27a65ec-1c22-4a8b-b151-decdaa80f9b7 c84f7f33c19743ada55f000d3d2c2b8f c49a138ee56d43a28551d08090490459 - - default default] No more DHCP agents
2026-06-02 13:35:03.672 9 WARNING neutron.api.rpc.agentnotifiers.dhcp_rpc_agent_api [None req-a27a65ec-1c22-4a8b-b151-decdaa80f9b7 c84f7f33c19743ada55f000d3d2c2b8f c49a138ee56d43a28551d08090490459 - - default default] Unable to schedule network 966a4520-19ce-41aa-aa86-5594183345a6: no agents available; will retry on subsequent port and subnet creation events.
2026-06-02 13:35:03.715 10 INFO neutron.db.ovn_revision_numbers_db [None req-f58945b7-df2f-4077-84f2-a6c86ccfd8e5 - - - - - -] Successfully bumped revision number for resource 88783990-6a7e-4353-b00c-e6b52009c920 (type: ports) to 2
2026-06-02 13:35:03.733 9 INFO neutron.db.ovn_revision_numbers_db [None req-a27a65ec-1c22-4a8b-b151-decdaa80f9b7 c84f7f33c19743ada55f000d3d2c2b8f c49a138ee56d43a28551d08090490459 - - default default] Successfully bumped revision number for resource c88be07f-9460-4c94-ac0e-28289320c214 (type: ports) to 1
2026-06-02 13:35:03.758 9 INFO neutron.api.wsgi [None req-a27a65ec-1c22-4a8b-b151-decdaa80f9b7 c84f7f33c19743ada55f000d3d2c2b8f c49a138ee56d43a28551d08090490459 - - default default] 10.0.0.79 "POST /v2.0/networks HTTP/1.1" status: 201 len: 843 time: 0.8979635
2026-06-02 13:35:03.766 9 WARNING neutron_lib.context [None req-e8d78e50-9a5e-4396-9b4a-d1658c634de2 c84f7f33c19743ada55f000d3d2c2b8f c49a138ee56d43a28551d08090490459 - - default default] Method 'is_advsvc' is deprecated since 2023.2 release (neutron-lib 3.8.0) and will be removed once support for the old RBAC API policies will be removed from Neutron. Please use method 'is_service_role' instead.
2026-06-02 13:35:03.792 10 INFO neutron.api.wsgi [req-e6a76549-6cab-42c0-907e-165bd0cf1fd9 req-8cfcd5c6-1134-4a75-9a21-3c6694e757fb ad6014e206d243f79bc7e883ff5eba95 b32cd5dd4ec24ac78d96c17725164080 - - default default] 199.204.45.4 "GET /v2.0/ports?device_id=c3d6d08a-394a-4ba1-aa6d-8cf589217d1a HTTP/1.1" status: 200 len: 1210 time: 0.0340011
2026-06-02 13:35:03.990 9 WARNING neutron.scheduler.dhcp_agent_scheduler [None req-e8d78e50-9a5e-4396-9b4a-d1658c634de2 c84f7f33c19743ada55f000d3d2c2b8f c49a138ee56d43a28551d08090490459 - - default default] No more DHCP agents
2026-06-02 13:35:03.991 9 WARNING neutron.api.rpc.agentnotifiers.dhcp_rpc_agent_api [None req-e8d78e50-9a5e-4396-9b4a-d1658c634de2 c84f7f33c19743ada55f000d3d2c2b8f c49a138ee56d43a28551d08090490459 - - default default] Unable to schedule network 966a4520-19ce-41aa-aa86-5594183345a6: no agents available; will retry on subsequent port and subnet creation events.
2026-06-02 13:35:04.079 9 INFO neutron.db.ovn_revision_numbers_db [None req-e8d78e50-9a5e-4396-9b4a-d1658c634de2 c84f7f33c19743ada55f000d3d2c2b8f c49a138ee56d43a28551d08090490459 - - default default] Successfully bumped revision number for resource c4c9ec47-19ef-4306-86f9-6d797e35b5cc (type: ports) to 1
2026-06-02 13:35:04.090 10 INFO neutron.db.l3_db [req-e6a76549-6cab-42c0-907e-165bd0cf1fd9 req-535608eb-a1c8-4e6e-91c3-440046bb25e7 ad6014e206d243f79bc7e883ff5eba95 b32cd5dd4ec24ac78d96c17725164080 - - default default] Floating IP e1d5dc7a-4646-4eb6-b002-a761cbef0217 disassociated. External IP: 10.96.250.219, port: 1daa7405-9aa1-4872-a9f6-e4285012c08f.
2026-06-02 13:35:04.104 9 INFO neutron.api.wsgi [None req-e8d78e50-9a5e-4396-9b4a-d1658c634de2 c84f7f33c19743ada55f000d3d2c2b8f c49a138ee56d43a28551d08090490459 - - default default] 10.0.0.79 "POST /v2.0/ports HTTP/1.1" status: 201 len: 974 time: 0.3419290 /var/lib/openstack/lib/python3.12/site-packages/pycadf/identifier.py:71: UserWarning: Invalid uuid: neutron. To ensure interoperability, identifiers should be a valid uuid. warnings.warn(('Invalid uuid: %s. To ensure interoperability, '
2026-06-02 13:35:04.115 9 WARNING neutron_lib.context [None req-e6d34f3b-de6e-4185-bd9d-c56a9beceef6 c84f7f33c19743ada55f000d3d2c2b8f c49a138ee56d43a28551d08090490459 - - default default] Method 'is_advsvc' is deprecated since 2023.2 release (neutron-lib 3.8.0) and will be removed once support for the old RBAC API policies will be removed from Neutron. Please use method 'is_service_role' instead.
2026-06-02 13:35:04.198 10 INFO neutron.api.wsgi [req-e6a76549-6cab-42c0-907e-165bd0cf1fd9 req-535608eb-a1c8-4e6e-91c3-440046bb25e7 ad6014e206d243f79bc7e883ff5eba95 b32cd5dd4ec24ac78d96c17725164080 - - default default] 199.204.45.4 "DELETE /v2.0/ports/1daa7405-9aa1-4872-a9f6-e4285012c08f HTTP/1.1" status: 204 len: 173 time: 0.3993952
2026-06-02 13:35:04.199 9 INFO neutron.db.segments_db [None req-e6d34f3b-de6e-4185-bd9d-c56a9beceef6 c84f7f33c19743ada55f000d3d2c2b8f c49a138ee56d43a28551d08090490459 - - default default] Added segment 6200a251-d12e-4b9d-902e-6ab139186aa6 of type geneve for network f476a5fb-bd59-4baf-a328-d11a48e9dde1
2026-06-02 13:35:04.243 10 INFO neutron.notifiers.nova [-] Nova event matching ['req-c354fb4b-ef72-42ab-90d2-81b061d54f4f'] response: {'server_uuid': 'c3d6d08a-394a-4ba1-aa6d-8cf589217d1a', 'name': 'network-vif-deleted', 'tag': '1daa7405-9aa1-4872-a9f6-e4285012c08f', 'status': 'completed', 'code': 200}
2026-06-02 13:35:04.274 10 INFO neutron.api.wsgi [req-85c4b010-84c6-4cd7-9260-479b255325f4 req-4f828e7c-03ed-4afa-a479-6013503c74bc 93397d3fd7ef4a7d8194e3fa97e0a63a 9a1f13cff8cb40f2b6a831b76fd9d817 - - default default] 10.0.0.186 "GET /v2.0/ports?device_id=cd268399-6195-4799-bc5e-9d0e62fd285a HTTP/1.1" status: 200 len: 210 time: 0.0187421
2026-06-02 13:35:04.314 9 INFO neutron.db.ovn_revision_numbers_db [None req-e6d34f3b-de6e-4185-bd9d-c56a9beceef6 c84f7f33c19743ada55f000d3d2c2b8f c49a138ee56d43a28551d08090490459 - - default default] Successfully bumped revision number for resource f476a5fb-bd59-4baf-a328-d11a48e9dde1 (type: networks) to 1
2026-06-02 13:35:04.367 9 INFO neutron.api.wsgi [req-03f09b0f-099c-4185-90a8-95e0393ef261 req-59c9079a-a665-41cc-a75c-a701d7bd634b ad6014e206d243f79bc7e883ff5eba95 b32cd5dd4ec24ac78d96c17725164080 - - default default] 10.0.0.186 "GET /v2.0/ports?device_id=c3d6d08a-394a-4ba1-aa6d-8cf589217d1a HTTP/1.1" status: 200 len: 210 time: 0.0212572
2026-06-02 13:35:04.492 9 WARNING neutron.scheduler.dhcp_agent_scheduler [None req-e6d34f3b-de6e-4185-bd9d-c56a9beceef6 c84f7f33c19743ada55f000d3d2c2b8f c49a138ee56d43a28551d08090490459 - - default default] No more DHCP agents
2026-06-02 13:35:04.493 9 WARNING neutron.api.rpc.agentnotifiers.dhcp_rpc_agent_api [None req-e6d34f3b-de6e-4185-bd9d-c56a9beceef6 c84f7f33c19743ada55f000d3d2c2b8f c49a138ee56d43a28551d08090490459 - - default default] Unable to schedule network f476a5fb-bd59-4baf-a328-d11a48e9dde1: no agents available; will retry on subsequent port and subnet creation events.
2026-06-02 13:35:04.556 9 INFO neutron.db.ovn_revision_numbers_db [None req-e6d34f3b-de6e-4185-bd9d-c56a9beceef6 c84f7f33c19743ada55f000d3d2c2b8f c49a138ee56d43a28551d08090490459 - - default default] Successfully bumped revision number for resource 6d176be2-b25c-4cac-a0e2-8892cb15d832 (type: ports) to 1
2026-06-02 13:35:04.573 9 INFO neutron.api.wsgi [None req-e6d34f3b-de6e-4185-bd9d-c56a9beceef6 c84f7f33c19743ada55f000d3d2c2b8f c49a138ee56d43a28551d08090490459 - - default default] 10.0.0.79 "POST /v2.0/networks HTTP/1.1" status: 201 len: 830 time: 0.4618206
2026-06-02 13:35:04.582 9 WARNING neutron_lib.context [None req-c3df60fa-6992-4490-b41e-4aa32e4b3fd2 c84f7f33c19743ada55f000d3d2c2b8f c49a138ee56d43a28551d08090490459 - - default default] Method 'is_advsvc' is deprecated since 2023.2 release (neutron-lib 3.8.0) and will be removed once support for the old RBAC API policies will be removed from Neutron. Please use method 'is_service_role' instead.
2026-06-02 13:35:04.766 9 WARNING neutron.scheduler.dhcp_agent_scheduler [None req-c3df60fa-6992-4490-b41e-4aa32e4b3fd2 c84f7f33c19743ada55f000d3d2c2b8f c49a138ee56d43a28551d08090490459 - - default default] No more DHCP agents
2026-06-02 13:35:04.767 9 WARNING neutron.api.rpc.agentnotifiers.dhcp_rpc_agent_api [None req-c3df60fa-6992-4490-b41e-4aa32e4b3fd2 c84f7f33c19743ada55f000d3d2c2b8f c49a138ee56d43a28551d08090490459 - - default default] Unable to schedule network f476a5fb-bd59-4baf-a328-d11a48e9dde1: no agents available; will retry on subsequent port and subnet creation events.
2026-06-02 13:35:05.141 10 INFO neutron.api.wsgi [req-1d498a2a-a0b8-488a-bc7d-462cb4c1713a req-2e74595b-ad20-4a99-b4a7-6df7bcc9398c fcd0e38557b14a83a71ef14c0abe5358 b75cceb2974d4d4cba09aea7dd8db5d2 - - default default] 10.0.0.186 "GET /v2.0/networks?id=4e108460-4a16-4341-a0a9-7ce37ddede5a HTTP/1.1" status: 200 len: 871 time: 0.0416846
2026-06-02 13:35:05.165 10 INFO neutron.api.wsgi [req-1d498a2a-a0b8-488a-bc7d-462cb4c1713a req-cf0c6f52-e1d6-40ce-83ff-32d76fa56100 fcd0e38557b14a83a71ef14c0abe5358 b75cceb2974d4d4cba09aea7dd8db5d2 - - default default] 10.0.0.186 "GET /v2.0/quotas/b75cceb2974d4d4cba09aea7dd8db5d2 HTTP/1.1" status: 200 len: 491 time: 0.0181601
2026-06-02 13:35:05.198 9 INFO neutron.db.ovn_revision_numbers_db [None req-be6391e1-db1c-4cf7-95c7-87337aea06a8 - - - - - -] Successfully bumped revision number for resource 6d176be2-b25c-4cac-a0e2-8892cb15d832 (type: ports) to 2
2026-06-02 13:35:05.243 9 INFO neutron.db.ovn_revision_numbers_db [None req-be6391e1-db1c-4cf7-95c7-87337aea06a8 - - - - - -] Successfully bumped revision number for resource a6d0ce0e-d7ea-4e41-a1c5-3b0089b46108 (type: subnets) to 0
2026-06-02 13:35:05.250 10 INFO neutron.api.wsgi [req-1d498a2a-a0b8-488a-bc7d-462cb4c1713a req-fb3ff203-869e-40e9-836a-3679818b0e1f fcd0e38557b14a83a71ef14c0abe5358 b75cceb2974d4d4cba09aea7dd8db5d2 - - default default] 10.0.0.186 "GET /v2.0/ports?tenant_id=b75cceb2974d4d4cba09aea7dd8db5d2&fields=id HTTP/1.1" status: 200 len: 302 time: 0.0787244
2026-06-02 13:35:05.258 9 INFO neutron.api.wsgi [None req-c3df60fa-6992-4490-b41e-4aa32e4b3fd2 c84f7f33c19743ada55f000d3d2c2b8f c49a138ee56d43a28551d08090490459 - - default default] 10.0.0.79 "POST /v2.0/subnets HTTP/1.1" status: 201 len: 825 time: 0.6797106
2026-06-02 13:35:05.268 9 WARNING neutron_lib.context [None req-2573657b-951f-472f-8a2c-d80c47e20fa3 c84f7f33c19743ada55f000d3d2c2b8f c49a138ee56d43a28551d08090490459 - - default default] Method 'is_advsvc' is deprecated since 2023.2 release (neutron-lib 3.8.0) and will be removed once support for the old RBAC API policies will be removed from Neutron. Please use method 'is_service_role' instead.
