2026-06-02 13:36:26.471 10 INFO neutron.api.wsgi [None req-41bdbdd3-ab06-4088-8a15-5fb90119794a 1523ff42a81345a593b7edae52593ef7 dc4cbea8a70046ebb43f0ba556f11fcc - - default default] 10.0.0.79 "POST /v2.0/networks HTTP/1.1" status: 201 len: 836 time: 0.4722233
2026-06-02 13:36:26.481 10 WARNING neutron_lib.context [None req-86c5e277-77fc-48c5-8185-6252205b5933 1523ff42a81345a593b7edae52593ef7 dc4cbea8a70046ebb43f0ba556f11fcc - - default default] Method 'is_advsvc' is deprecated since 2023.2 release (neutron-lib 3.8.0) and will be removed once support for the old RBAC API policies will be removed from Neutron. Please use method 'is_service_role' instead.
2026-06-02 13:36:26.666 10 WARNING neutron.scheduler.dhcp_agent_scheduler [None req-86c5e277-77fc-48c5-8185-6252205b5933 1523ff42a81345a593b7edae52593ef7 dc4cbea8a70046ebb43f0ba556f11fcc - - default default] No more DHCP agents
2026-06-02 13:36:26.667 10 WARNING neutron.api.rpc.agentnotifiers.dhcp_rpc_agent_api [None req-86c5e277-77fc-48c5-8185-6252205b5933 1523ff42a81345a593b7edae52593ef7 dc4cbea8a70046ebb43f0ba556f11fcc - - default default] Unable to schedule network c5884879-3d26-4363-9705-a4d9f4bd41a1: no agents available; will retry on subsequent port and subnet creation events.
2026-06-02 13:36:26.973 9 WARNING neutron_lib.context [None req-d312b2f5-8b65-4c1e-bb34-616eca03faae 2e8f8effdc394ba09e69d674362b0346 0d23a9057640410c95f3ef3073ea2ed7 - - default default] Method 'is_advsvc' is deprecated since 2023.2 release (neutron-lib 3.8.0) and will be removed once support for the old RBAC API policies will be removed from Neutron. Please use method 'is_service_role' instead.
2026-06-02 13:36:27.083 10 WARNING neutron_lib.context [None req-652abc10-6974-4592-975b-340f44698861 3b20968a5b4b449296e3122b90ea58e6 89867db5d28b433092b95d2e5637ff13 - - default default] Method 'is_advsvc' is deprecated since 2023.2 release (neutron-lib 3.8.0) and will be removed once support for the old RBAC API policies will be removed from Neutron. Please use method 'is_service_role' instead.
2026-06-02 13:36:27.112 9 INFO neutron.db.ovn_revision_numbers_db [None req-d312b2f5-8b65-4c1e-bb34-616eca03faae 2e8f8effdc394ba09e69d674362b0346 0d23a9057640410c95f3ef3073ea2ed7 - - default default] Successfully bumped revision number for resource d02a08e5-648c-4545-b6b6-87031473bb18 (type: security_groups) to 1
2026-06-02 13:36:27.121 10 INFO neutron.db.ovn_revision_numbers_db [None req-5bc2c1b7-9d0d-4666-b4e4-4d926e99f2f9 - - - - - -] Successfully bumped revision number for resource 82e3aca8-5149-44c2-9b58-9b577442f902 (type: ports) to 2
2026-06-02 13:36:27.127 9 INFO neutron.db.ovn_revision_numbers_db [None req-d312b2f5-8b65-4c1e-bb34-616eca03faae 2e8f8effdc394ba09e69d674362b0346 0d23a9057640410c95f3ef3073ea2ed7 - - default default] Successfully bumped revision number for resource 2ba18751-4d7f-4542-95fa-b4c0ac5da69f (type: security_group_rules) to 0
2026-06-02 13:36:27.143 9 INFO neutron.db.ovn_revision_numbers_db [None req-d312b2f5-8b65-4c1e-bb34-616eca03faae 2e8f8effdc394ba09e69d674362b0346 0d23a9057640410c95f3ef3073ea2ed7 - - default default] Successfully bumped revision number for resource 33d33707-bc60-45cd-9552-778c8a8f0118 (type: security_group_rules) to 0
2026-06-02 13:36:27.159 9 INFO neutron.db.ovn_revision_numbers_db [None req-d312b2f5-8b65-4c1e-bb34-616eca03faae 2e8f8effdc394ba09e69d674362b0346 0d23a9057640410c95f3ef3073ea2ed7 - - default default] Successfully bumped revision number for resource 7907dfec-3227-459a-8244-b5bd35cf63c0 (type: security_group_rules) to 0
2026-06-02 13:36:27.162 10 INFO neutron.db.ovn_revision_numbers_db [None req-5bc2c1b7-9d0d-4666-b4e4-4d926e99f2f9 - - - - - -] Successfully bumped revision number for resource 55c0c1d2-0c4b-4da9-8213-13118bad8d0b (type: subnets) to 0
2026-06-02 13:36:27.174 9 INFO neutron.db.ovn_revision_numbers_db [None req-d312b2f5-8b65-4c1e-bb34-616eca03faae 2e8f8effdc394ba09e69d674362b0346 0d23a9057640410c95f3ef3073ea2ed7 - - default default] Successfully bumped revision number for resource 89c7612d-43f4-47ff-b2bd-1c42ca61f4bf (type: security_group_rules) to 0
2026-06-02 13:36:27.181 10 INFO neutron.api.wsgi [None req-86c5e277-77fc-48c5-8185-6252205b5933 1523ff42a81345a593b7edae52593ef7 dc4cbea8a70046ebb43f0ba556f11fcc - - default default] 10.0.0.79 "POST /v2.0/subnets HTTP/1.1" status: 201 len: 855 time: 0.7046208
2026-06-02 13:36:27.196 10 WARNING neutron_lib.context [None req-448919ef-9078-4f41-bdf1-d6a28fb431c5 1523ff42a81345a593b7edae52593ef7 dc4cbea8a70046ebb43f0ba556f11fcc - - default default] Method 'is_advsvc' is deprecated since 2023.2 release (neutron-lib 3.8.0) and will be removed once support for the old RBAC API policies will be removed from Neutron. Please use method 'is_service_role' instead.
2026-06-02 13:36:27.246 9 INFO neutron.db.segments_db [None req-d312b2f5-8b65-4c1e-bb34-616eca03faae 2e8f8effdc394ba09e69d674362b0346 0d23a9057640410c95f3ef3073ea2ed7 - - default default] Added segment 88ad801d-618d-47c1-966d-1dbaf73b5bf1 of type geneve for network d07ce90a-5fe9-4466-8a5b-7ac22a641ba8
2026-06-02 13:36:27.261 10 INFO neutron.db.ovn_revision_numbers_db [None req-652abc10-6974-4592-975b-340f44698861 3b20968a5b4b449296e3122b90ea58e6 89867db5d28b433092b95d2e5637ff13 - - default default] Successfully bumped revision number for resource 1372008b-6aff-43ab-9686-d9b84f969fe1 (type: security_groups) to 1
2026-06-02 13:36:27.277 10 INFO neutron.db.ovn_revision_numbers_db [None req-652abc10-6974-4592-975b-340f44698861 3b20968a5b4b449296e3122b90ea58e6 89867db5d28b433092b95d2e5637ff13 - - default default] Successfully bumped revision number for resource 0458be69-055a-40b7-9a99-332a52d61147 (type: security_group_rules) to 0
2026-06-02 13:36:27.292 10 INFO neutron.db.ovn_revision_numbers_db [None req-652abc10-6974-4592-975b-340f44698861 3b20968a5b4b449296e3122b90ea58e6 89867db5d28b433092b95d2e5637ff13 - - default default] Successfully bumped revision number for resource 7ad78e2a-e330-415c-9e75-fee5d1ecb819 (type: security_group_rules) to 0
2026-06-02 13:36:27.310 10 INFO neutron.db.ovn_revision_numbers_db [None req-652abc10-6974-4592-975b-340f44698861 3b20968a5b4b449296e3122b90ea58e6 89867db5d28b433092b95d2e5637ff13 - - default default] Successfully bumped revision number for resource c4a2b5d6-7bc2-48b4-9467-5b8cbbfb4b42 (type: security_group_rules) to 0
2026-06-02 13:36:27.322 10 INFO neutron.db.ovn_revision_numbers_db [None req-652abc10-6974-4592-975b-340f44698861 3b20968a5b4b449296e3122b90ea58e6 89867db5d28b433092b95d2e5637ff13 - - default default] Successfully bumped revision number for resource e013c684-9302-4ee7-aef3-deea6441290a (type: security_group_rules) to 0
2026-06-02 13:36:27.354 9 INFO neutron.db.ovn_revision_numbers_db [None req-d312b2f5-8b65-4c1e-bb34-616eca03faae 2e8f8effdc394ba09e69d674362b0346 0d23a9057640410c95f3ef3073ea2ed7 - - default default] Successfully bumped revision number for resource d07ce90a-5fe9-4466-8a5b-7ac22a641ba8 (type: networks) to 1
2026-06-02 13:36:27.403 10 INFO neutron.db.segments_db [None req-652abc10-6974-4592-975b-340f44698861 3b20968a5b4b449296e3122b90ea58e6 89867db5d28b433092b95d2e5637ff13 - - default default] Added segment 7b7e42ca-12aa-4d41-b7df-a756611b2ffc of type geneve for network ff3a499e-13df-4125-a43d-dafb33375962
2026-06-02 13:36:27.408 10 WARNING neutron.scheduler.dhcp_agent_scheduler [None req-448919ef-9078-4f41-bdf1-d6a28fb431c5 1523ff42a81345a593b7edae52593ef7 dc4cbea8a70046ebb43f0ba556f11fcc - - default default] No more DHCP agents
2026-06-02 13:36:27.411 10 WARNING neutron.api.rpc.agentnotifiers.dhcp_rpc_agent_api [None req-448919ef-9078-4f41-bdf1-d6a28fb431c5 1523ff42a81345a593b7edae52593ef7 dc4cbea8a70046ebb43f0ba556f11fcc - - default default] Unable to schedule network c5884879-3d26-4363-9705-a4d9f4bd41a1: no agents available; will retry on subsequent port and subnet creation events.
2026-06-02 13:36:27.443 10 INFO neutron.db.ovn_revision_numbers_db [None req-448919ef-9078-4f41-bdf1-d6a28fb431c5 1523ff42a81345a593b7edae52593ef7 dc4cbea8a70046ebb43f0ba556f11fcc - - default default] Successfully bumped revision number for resource 32cc8b79-92ec-494d-901d-735f5f78bc19 (type: subnets) to 0
2026-06-02 13:36:27.457 10 INFO neutron.api.wsgi [None req-448919ef-9078-4f41-bdf1-d6a28fb431c5 1523ff42a81345a593b7edae52593ef7 dc4cbea8a70046ebb43f0ba556f11fcc - - default default] 10.0.0.79 "POST /v2.0/subnets HTTP/1.1" status: 201 len: 928 time: 0.2703547
2026-06-02 13:36:27.469 9 WARNING neutron_lib.context [None req-11c3539a-acbf-444b-bda1-ab1350f91ceb 1523ff42a81345a593b7edae52593ef7 dc4cbea8a70046ebb43f0ba556f11fcc - - default default] Method 'is_advsvc' is deprecated since 2023.2 release (neutron-lib 3.8.0) and will be removed once support for the old RBAC API policies will be removed from Neutron. Please use method 'is_service_role' instead.
2026-06-02 13:36:27.517 10 INFO neutron.db.ovn_revision_numbers_db [None req-652abc10-6974-4592-975b-340f44698861 3b20968a5b4b449296e3122b90ea58e6 89867db5d28b433092b95d2e5637ff13 - - default default] Successfully bumped revision number for resource ff3a499e-13df-4125-a43d-dafb33375962 (type: networks) to 1
2026-06-02 13:36:27.531 9 WARNING neutron.scheduler.dhcp_agent_scheduler [None req-d312b2f5-8b65-4c1e-bb34-616eca03faae 2e8f8effdc394ba09e69d674362b0346 0d23a9057640410c95f3ef3073ea2ed7 - - default default] No more DHCP agents
2026-06-02 13:36:27.531 9 WARNING neutron.api.rpc.agentnotifiers.dhcp_rpc_agent_api [None req-d312b2f5-8b65-4c1e-bb34-616eca03faae 2e8f8effdc394ba09e69d674362b0346 0d23a9057640410c95f3ef3073ea2ed7 - - default default] Unable to schedule network d07ce90a-5fe9-4466-8a5b-7ac22a641ba8: no agents available; will retry on subsequent port and subnet creation events.
2026-06-02 13:36:27.635 9 INFO neutron.db.ovn_revision_numbers_db [None req-d312b2f5-8b65-4c1e-bb34-616eca03faae 2e8f8effdc394ba09e69d674362b0346 0d23a9057640410c95f3ef3073ea2ed7 - - default default] Successfully bumped revision number for resource c35060c8-2874-4eef-bc34-0703dfd6752b (type: ports) to 1
2026-06-02 13:36:27.665 9 INFO neutron.api.wsgi [None req-d312b2f5-8b65-4c1e-bb34-616eca03faae 2e8f8effdc394ba09e69d674362b0346 0d23a9057640410c95f3ef3073ea2ed7 - - default default] 10.0.0.79 "POST /v2.0/networks HTTP/1.1" status: 201 len: 831 time: 0.8195758
2026-06-02 13:36:27.674 10 WARNING neutron_lib.context [None req-9112ef63-9fed-4507-8460-98067d65533b 2e8f8effdc394ba09e69d674362b0346 0d23a9057640410c95f3ef3073ea2ed7 - - default default] Method 'is_advsvc' is deprecated since 2023.2 release (neutron-lib 3.8.0) and will be removed once support for the old RBAC API policies will be removed from Neutron. Please use method 'is_service_role' instead.
2026-06-02 13:36:27.682 10 WARNING neutron.scheduler.dhcp_agent_scheduler [None req-652abc10-6974-4592-975b-340f44698861 3b20968a5b4b449296e3122b90ea58e6 89867db5d28b433092b95d2e5637ff13 - - default default] No more DHCP agents
2026-06-02 13:36:27.684 10 WARNING neutron.api.rpc.agentnotifiers.dhcp_rpc_agent_api [None req-652abc10-6974-4592-975b-340f44698861 3b20968a5b4b449296e3122b90ea58e6 89867db5d28b433092b95d2e5637ff13 - - default default] Unable to schedule network ff3a499e-13df-4125-a43d-dafb33375962: no agents available; will retry on subsequent port and subnet creation events.
2026-06-02 13:36:27.743 10 INFO neutron.db.ovn_revision_numbers_db [None req-652abc10-6974-4592-975b-340f44698861 3b20968a5b4b449296e3122b90ea58e6 89867db5d28b433092b95d2e5637ff13 - - default default] Successfully bumped revision number for resource 095a348f-2e63-461b-a4ae-55f15fdc0e27 (type: ports) to 1
2026-06-02 13:36:27.748 10 INFO neutron.db.segments_db [None req-9112ef63-9fed-4507-8460-98067d65533b 2e8f8effdc394ba09e69d674362b0346 0d23a9057640410c95f3ef3073ea2ed7 - - default default] Added segment 0d46073e-a798-4938-b6d2-83d8b6cbbc22 of type geneve for network 510a832f-b790-454c-b47a-3a2dd7d5aad1
2026-06-02 13:36:27.764 10 INFO neutron.api.wsgi [None req-652abc10-6974-4592-975b-340f44698861 3b20968a5b4b449296e3122b90ea58e6 89867db5d28b433092b95d2e5637ff13 - - default default] 10.0.0.79 "POST /v2.0/networks HTTP/1.1" status: 201 len: 831 time: 0.7142487
2026-06-02 13:36:27.775 10 WARNING neutron_lib.context [None req-adf86bdc-f065-4b5f-8d0a-34806d3baa21 3b20968a5b4b449296e3122b90ea58e6 89867db5d28b433092b95d2e5637ff13 - - default default] Method 'is_advsvc' is deprecated since 2023.2 release (neutron-lib 3.8.0) and will be removed once support for the old RBAC API policies will be removed from Neutron. Please use method 'is_service_role' instead.
2026-06-02 13:36:27.854 9 WARNING neutron.scheduler.dhcp_agent_scheduler [None req-11c3539a-acbf-444b-bda1-ab1350f91ceb 1523ff42a81345a593b7edae52593ef7 dc4cbea8a70046ebb43f0ba556f11fcc - - default default] No more DHCP agents
2026-06-02 13:36:27.855 9 WARNING neutron.api.rpc.agentnotifiers.dhcp_rpc_agent_api [None req-11c3539a-acbf-444b-bda1-ab1350f91ceb 1523ff42a81345a593b7edae52593ef7 dc4cbea8a70046ebb43f0ba556f11fcc - - default default] Unable to schedule network 3625b642-a7a8-45eb-a055-e8c49cf30b3a: no agents available; will retry on subsequent port and subnet creation events.
2026-06-02 13:36:27.868 10 INFO neutron.db.ovn_revision_numbers_db [None req-9112ef63-9fed-4507-8460-98067d65533b 2e8f8effdc394ba09e69d674362b0346 0d23a9057640410c95f3ef3073ea2ed7 - - default default] Successfully bumped revision number for resource 510a832f-b790-454c-b47a-3a2dd7d5aad1 (type: networks) to 1
2026-06-02 13:36:27.965 9 INFO neutron.db.ovn_revision_numbers_db [None req-11c3539a-acbf-444b-bda1-ab1350f91ceb 1523ff42a81345a593b7edae52593ef7 dc4cbea8a70046ebb43f0ba556f11fcc - - default default] Successfully bumped revision number for resource 0c6d3cc9-9562-4c1f-b387-207caabe78ac (type: ports) to 1
2026-06-02 13:36:27.982 10 WARNING neutron.scheduler.dhcp_agent_scheduler [None req-adf86bdc-f065-4b5f-8d0a-34806d3baa21 3b20968a5b4b449296e3122b90ea58e6 89867db5d28b433092b95d2e5637ff13 - - default default] No more DHCP agents
2026-06-02 13:36:27.985 10 WARNING neutron.api.rpc.agentnotifiers.dhcp_rpc_agent_api [None req-adf86bdc-f065-4b5f-8d0a-34806d3baa21 3b20968a5b4b449296e3122b90ea58e6 89867db5d28b433092b95d2e5637ff13 - - default default] Unable to schedule network ff3a499e-13df-4125-a43d-dafb33375962: no agents available; will retry on subsequent port and subnet creation events.
2026-06-02 13:36:28.032 10 WARNING neutron.scheduler.dhcp_agent_scheduler [None req-9112ef63-9fed-4507-8460-98067d65533b 2e8f8effdc394ba09e69d674362b0346 0d23a9057640410c95f3ef3073ea2ed7 - - default default] No more DHCP agents
2026-06-02 13:36:28.033 10 WARNING neutron.api.rpc.agentnotifiers.dhcp_rpc_agent_api [None req-9112ef63-9fed-4507-8460-98067d65533b 2e8f8effdc394ba09e69d674362b0346 0d23a9057640410c95f3ef3073ea2ed7 - - default default] Unable to schedule network 510a832f-b790-454c-b47a-3a2dd7d5aad1: no agents available; will retry on subsequent port and subnet creation events.
2026-06-02 13:36:28.103 10 INFO neutron.db.ovn_revision_numbers_db [None req-9112ef63-9fed-4507-8460-98067d65533b 2e8f8effdc394ba09e69d674362b0346 0d23a9057640410c95f3ef3073ea2ed7 - - default default] Successfully bumped revision number for resource bd48a456-e01d-48b6-8f44-6350e5479dae (type: ports) to 1
2026-06-02 13:36:28.126 10 INFO neutron.api.wsgi [None req-9112ef63-9fed-4507-8460-98067d65533b 2e8f8effdc394ba09e69d674362b0346 0d23a9057640410c95f3ef3073ea2ed7 - - default default] 10.0.0.79 "POST /v2.0/networks HTTP/1.1" status: 201 len: 830 time: 0.4555724
2026-06-02 13:36:28.176 10 INFO neutron.api.wsgi [None req-90d8fbaf-d2e2-4c9a-8809-85b5c89af27f 2e8f8effdc394ba09e69d674362b0346 0d23a9057640410c95f3ef3073ea2ed7 - - default default] 10.0.0.79 "PUT /v2.0/networks/d07ce90a-5fe9-4466-8a5b-7ac22a641ba8/tags HTTP/1.1" status: 200 len: 218 time: 0.0450287
2026-06-02 13:36:28.209 10 INFO neutron.api.wsgi [None req-481fb4ca-f90a-4019-ba68-4ea2fac7b150 2e8f8effdc394ba09e69d674362b0346 0d23a9057640410c95f3ef3073ea2ed7 - - default default] 10.0.0.79 "GET /v2.0/networks/d07ce90a-5fe9-4466-8a5b-7ac22a641ba8/tags HTTP/1.1" status: 200 len: 218 time: 0.0273895
2026-06-02 13:36:28.253 9 INFO neutron.api.wsgi [None req-6afeec21-46bc-491f-be6b-f6541d208c5c 2e8f8effdc394ba09e69d674362b0346 0d23a9057640410c95f3ef3073ea2ed7 - - default default] 10.0.0.79 "PUT /v2.0/networks/510a832f-b790-454c-b47a-3a2dd7d5aad1/tags HTTP/1.1" status: 200 len: 210 time: 0.0364189
2026-06-02 13:36:28.295 9 INFO neutron.api.wsgi [None req-86e8fc22-0e57-4fb7-9c00-d12193ef6bd4 2e8f8effdc394ba09e69d674362b0346 0d23a9057640410c95f3ef3073ea2ed7 - - default default] 10.0.0.79 "GET /v2.0/networks/510a832f-b790-454c-b47a-3a2dd7d5aad1/tags HTTP/1.1" status: 200 len: 210 time: 0.0377576
2026-06-02 13:36:28.338 10 INFO neutron.api.wsgi [None req-a8b21dd6-964c-4901-95e4-5f3ad632fce3 2e8f8effdc394ba09e69d674362b0346 0d23a9057640410c95f3ef3073ea2ed7 - - default default] 10.0.0.79 "PUT /v2.0/networks/510a832f-b790-454c-b47a-3a2dd7d5aad1/tags HTTP/1.1" status: 200 len: 205 time: 0.0378201
2026-06-02 13:36:28.374 10 INFO neutron.api.wsgi [None req-8e60c2b2-1376-47de-af48-c8f9c97ef7f2 2e8f8effdc394ba09e69d674362b0346 0d23a9057640410c95f3ef3073ea2ed7 - - default default] 10.0.0.79 "GET /v2.0/networks/510a832f-b790-454c-b47a-3a2dd7d5aad1/tags HTTP/1.1" status: 200 len: 205 time: 0.0299118
2026-06-02 13:36:28.409 10 INFO neutron.db.ovn_revision_numbers_db [None req-201d62a8-b6b4-445e-b9fa-66aeeab91b75 - - - - - -] Successfully bumped revision number for resource 095a348f-2e63-461b-a4ae-55f15fdc0e27 (type: ports) to 2
2026-06-02 13:36:28.412 9 INFO neutron.api.wsgi [None req-fb32cab7-3851-4dae-96be-3097066a3eda 2e8f8effdc394ba09e69d674362b0346 0d23a9057640410c95f3ef3073ea2ed7 - - default default] 10.0.0.79 "GET /v2.0/networks/d07ce90a-5fe9-4466-8a5b-7ac22a641ba8/tags HTTP/1.1" status: 200 len: 218 time: 0.0340972
2026-06-02 13:36:28.438 10 INFO neutron.db.ovn_revision_numbers_db [None req-201d62a8-b6b4-445e-b9fa-66aeeab91b75 - - - - - -] Successfully bumped revision number for resource 1c9cea6b-0348-4cd5-9887-ff937419cc1b (type: subnets) to 0
2026-06-02 13:36:28.452 10 INFO neutron.api.wsgi [None req-adf86bdc-f065-4b5f-8d0a-34806d3baa21 3b20968a5b4b449296e3122b90ea58e6 89867db5d28b433092b95d2e5637ff13 - - default default] 10.0.0.79 "POST /v2.0/subnets HTTP/1.1" status: 201 len: 825 time: 0.6822443
2026-06-02 13:36:28.465 9 WARNING neutron_lib.context [None req-b303e9df-f488-4b02-9d7f-51ab48cbcb83 3b20968a5b4b449296e3122b90ea58e6 89867db5d28b433092b95d2e5637ff13 - - default default] Method 'is_advsvc' is deprecated since 2023.2 release (neutron-lib 3.8.0) and will be removed once support for the old RBAC API policies will be removed from Neutron. Please use method 'is_service_role' instead.
2026-06-02 13:36:28.510 9 INFO neutron.plugins.ml2.drivers.ovn.mech_driver.ovsdb.commands [None req-76506730-4c21-405c-bbbc-c693800c1fe2 - - - - - -] Schedule LRP lrp-0c6d3cc9-9562-4c1f-b387-207caabe78ac on gateway 964fb7a4-776b-4958-a6cf-e0e5fab903dc with priority 1
2026-06-02 13:36:28.519 10 INFO neutron.plugins.ml2.drivers.ovn.mech_driver.mech_driver [None req-5bbaf037-4a76-4ddc-a6cc-17ab20fdafc3 - - - - - -] OVN reports status up for port: 0c6d3cc9-9562-4c1f-b387-207caabe78ac
2026-06-02 13:36:28.529 9 INFO neutron.plugins.ml2.drivers.ovn.mech_driver.ovsdb.ovsdb_monitor [None req-050da20c-4937-4b7d-bd62-47caa9728955 - - - - - -] Router d951e4d6-8d9f-476f-b35b-09ddb3f85014 is bound to host instance
2026-06-02 13:36:28.529 10 INFO neutron.plugins.ml2.plugin [None req-5bbaf037-4a76-4ddc-a6cc-17ab20fdafc3 - - - - - -] Attempt 1 to provision port 0c6d3cc9-9562-4c1f-b387-207caabe78ac
2026-06-02 13:36:28.561 9 INFO neutron.db.segments_db [None req-b303e9df-f488-4b02-9d7f-51ab48cbcb83 3b20968a5b4b449296e3122b90ea58e6 89867db5d28b433092b95d2e5637ff13 - - default default] Added segment f2956dda-7cb8-4b89-a6f5-d8d96c1a9af7 of type geneve for network 2d8268ca-7336-42ef-96e5-52786da1da1d
2026-06-02 13:36:28.569 9 INFO neutron.db.ovn_revision_numbers_db [None req-11c3539a-acbf-444b-bda1-ab1350f91ceb 1523ff42a81345a593b7edae52593ef7 dc4cbea8a70046ebb43f0ba556f11fcc - - default default] Successfully bumped revision number for resource 0c6d3cc9-9562-4c1f-b387-207caabe78ac (type: router_ports) to 1
2026-06-02 13:36:28.690 9 INFO neutron.db.ovn_revision_numbers_db [None req-11c3539a-acbf-444b-bda1-ab1350f91ceb 1523ff42a81345a593b7edae52593ef7 dc4cbea8a70046ebb43f0ba556f11fcc - - default default] Successfully bumped revision number for resource d951e4d6-8d9f-476f-b35b-09ddb3f85014 (type: routers) to 2
2026-06-02 13:36:28.715 9 INFO neutron.api.wsgi [None req-11c3539a-acbf-444b-bda1-ab1350f91ceb 1523ff42a81345a593b7edae52593ef7 dc4cbea8a70046ebb43f0ba556f11fcc - - default default] 10.0.0.79 "POST /v2.0/routers HTTP/1.1" status: 201 len: 1144 time: 1.2510958
2026-06-02 13:36:28.791 9 INFO neutron.db.ovn_revision_numbers_db [None req-b303e9df-f488-4b02-9d7f-51ab48cbcb83 3b20968a5b4b449296e3122b90ea58e6 89867db5d28b433092b95d2e5637ff13 - - default default] Successfully bumped revision number for resource 2d8268ca-7336-42ef-96e5-52786da1da1d (type: networks) to 1
2026-06-02 13:36:28.972 9 INFO neutron.services.segments.plugin [-] Segment 88ad801d-618d-47c1-966d-1dbaf73b5bf1 resource provider aggregate not found
2026-06-02 13:36:28.974 9 INFO neutron.services.segments.plugin [-] Segment 88ad801d-618d-47c1-966d-1dbaf73b5bf1 resource provider aggregate not found
2026-06-02 13:36:28.989 9 INFO neutron.services.segments.plugin [-] Segment 88ad801d-618d-47c1-966d-1dbaf73b5bf1 resource provider not found; error: Placement Client Error (4xx): {"errors": [{"status": 404, "title": "Not Found", "detail": "The resource could not be found.\n\n No resource provider with uuid 88ad801d-618d-47c1-966d-1dbaf73b5bf1 found for delete ", "request_id": "req-fac4b6ef-38a1-4379-9ea0-426758496e25"}]}
2026-06-02 13:36:28.991 9 INFO neutron.services.segments.plugin [-] Segment 88ad801d-618d-47c1-966d-1dbaf73b5bf1 resource provider not found; error: Placement Client Error (4xx): {"errors": [{"status": 404, "title": "Not Found", "detail": "The resource could not be found.\n\n No resource provider with uuid 88ad801d-618d-47c1-966d-1dbaf73b5bf1 found for delete ", "request_id": "req-20e5c6e6-5bc5-4cc1-8cb7-85dae10d9e91"}]}
2026-06-02 13:36:29.329 9 INFO neutron.api.wsgi [None req-743d8d3b-6771-44e7-9934-80a3e050178c 2e8f8effdc394ba09e69d674362b0346 0d23a9057640410c95f3ef3073ea2ed7 - - default default] 10.0.0.79 "DELETE /v2.0/networks/d07ce90a-5fe9-4466-8a5b-7ac22a641ba8 HTTP/1.1" status: 204 len: 168 time: 0.9044282
2026-06-02 13:36:29.407 9 WARNING neutron.scheduler.dhcp_agent_scheduler [None req-b303e9df-f488-4b02-9d7f-51ab48cbcb83 3b20968a5b4b449296e3122b90ea58e6 89867db5d28b433092b95d2e5637ff13 - - default default] No more DHCP agents
2026-06-02 13:36:29.409 9 WARNING neutron.api.rpc.agentnotifiers.dhcp_rpc_agent_api [None req-b303e9df-f488-4b02-9d7f-51ab48cbcb83 3b20968a5b4b449296e3122b90ea58e6 89867db5d28b433092b95d2e5637ff13 - - default default] Unable to schedule network 2d8268ca-7336-42ef-96e5-52786da1da1d: no agents available; will retry on subsequent port and subnet creation events.
2026-06-02 13:36:29.513 9 INFO neutron.db.ovn_revision_numbers_db [None req-b303e9df-f488-4b02-9d7f-51ab48cbcb83 3b20968a5b4b449296e3122b90ea58e6 89867db5d28b433092b95d2e5637ff13 - - default default] Successfully bumped revision number for resource 378c25c0-c200-4cb1-af4e-09504f402270 (type: ports) to 1
2026-06-02 13:36:29.549 9 INFO neutron.api.wsgi [None req-b303e9df-f488-4b02-9d7f-51ab48cbcb83 3b20968a5b4b449296e3122b90ea58e6 89867db5d28b433092b95d2e5637ff13 - - default default] 10.0.0.79 "POST /v2.0/networks HTTP/1.1" status: 201 len: 829 time: 1.0915525
2026-06-02 13:36:29.559 10 WARNING neutron_lib.context [None req-138797ca-103a-4c79-a0f7-2e45fce146a5 3b20968a5b4b449296e3122b90ea58e6 89867db5d28b433092b95d2e5637ff13 - - default default] Method 'is_advsvc' is deprecated since 2023.2 release (neutron-lib 3.8.0) and will be removed once support for the old RBAC API policies will be removed from Neutron. Please use method 'is_service_role' instead.
2026-06-02 13:36:29.599 9 INFO neutron.db.ovn_revision_numbers_db [None req-34055f34-d81c-4127-9f95-1c0426d55f37 - - - - - -] Successfully bumped revision number for resource 0c6d3cc9-9562-4c1f-b387-207caabe78ac (type: ports) to 1
2026-06-02 13:36:29.614 10 INFO neutron.services.segments.plugin [-] Segment 0d46073e-a798-4938-b6d2-83d8b6cbbc22 resource provider aggregate not found
2026-06-02 13:36:29.619 10 INFO neutron.services.segments.plugin [-] Segment 0d46073e-a798-4938-b6d2-83d8b6cbbc22 resource provider aggregate not found
2026-06-02 13:36:29.629 10 INFO neutron.services.segments.plugin [-] Segment 0d46073e-a798-4938-b6d2-83d8b6cbbc22 resource provider not found; error: Placement Client Error (4xx): {"errors": [{"status": 404, "title": "Not Found", "detail": "The resource could not be found.\n\n No resource provider with uuid 0d46073e-a798-4938-b6d2-83d8b6cbbc22 found for delete ", "request_id": "req-9fd55937-1228-4a53-850d-968ba1416f15"}]}
2026-06-02 13:36:29.629 10 INFO neutron.services.segments.plugin [-] Segment 0d46073e-a798-4938-b6d2-83d8b6cbbc22 resource provider not found; error: Placement Client Error (4xx): {"errors": [{"status": 404, "title": "Not Found", "detail": "The resource could not be found.\n\n No resource provider with uuid 0d46073e-a798-4938-b6d2-83d8b6cbbc22 found for delete ", "request_id": "req-51e4b75f-378f-4efc-ad5c-f9702d4a757a"}]}
2026-06-02 13:36:29.660 10 INFO neutron.api.wsgi [None req-0c595669-deb4-4920-b93b-e7f69af37cf2 2e8f8effdc394ba09e69d674362b0346 0d23a9057640410c95f3ef3073ea2ed7 - - default default] 10.0.0.79 "DELETE /v2.0/networks/510a832f-b790-454c-b47a-3a2dd7d5aad1 HTTP/1.1" status: 204 len: 168 time: 0.3249507
2026-06-02 13:36:29.745 10 WARNING neutron.scheduler.dhcp_agent_scheduler [None req-138797ca-103a-4c79-a0f7-2e45fce146a5 3b20968a5b4b449296e3122b90ea58e6 89867db5d28b433092b95d2e5637ff13 - - default default] No more DHCP agents
2026-06-02 13:36:29.746 10 WARNING neutron.api.rpc.agentnotifiers.dhcp_rpc_agent_api [None req-138797ca-103a-4c79-a0f7-2e45fce146a5 3b20968a5b4b449296e3122b90ea58e6 89867db5d28b433092b95d2e5637ff13 - - default default] Unable to schedule network 2d8268ca-7336-42ef-96e5-52786da1da1d: no agents available; will retry on subsequent port and subnet creation events.
2026-06-02 13:36:29.773 9 WARNING neutron.scheduler.dhcp_agent_scheduler [None req-6366ccf0-4d26-4902-af6b-3fbe93f64b64 1523ff42a81345a593b7edae52593ef7 dc4cbea8a70046ebb43f0ba556f11fcc - - default default] No more DHCP agents
2026-06-02 13:36:29.776 9 WARNING neutron.api.rpc.agentnotifiers.dhcp_rpc_agent_api [None req-6366ccf0-4d26-4902-af6b-3fbe93f64b64 1523ff42a81345a593b7edae52593ef7 dc4cbea8a70046ebb43f0ba556f11fcc - - default default] Unable to schedule network 6ab821c9-1627-4764-ad6f-b1d1e85eeb95: no agents available; will retry on subsequent port and subnet creation events.
2026-06-02 13:36:29.930 9 INFO neutron.db.ovn_revision_numbers_db [None req-6366ccf0-4d26-4902-af6b-3fbe93f64b64 1523ff42a81345a593b7edae52593ef7 dc4cbea8a70046ebb43f0ba556f11fcc - - default default] Successfully bumped revision number for resource c893c007-91aa-48e0-ad07-e0610c9ba765 (type: ports) to 1
2026-06-02 13:36:29.993 9 INFO neutron.db.ovn_revision_numbers_db [None req-34055f34-d81c-4127-9f95-1c0426d55f37 - - - - - -] Successfully bumped revision number for resource 0c6d3cc9-9562-4c1f-b387-207caabe78ac (type: ports) to 4
2026-06-02 13:36:30.160 10 INFO neutron.db.ovn_revision_numbers_db [None req-6e412dbe-c7d1-4fdb-8275-f92763e9ee3c - - - - - -] Successfully bumped revision number for resource 378c25c0-c200-4cb1-af4e-09504f402270 (type: ports) to 2
2026-06-02 13:36:30.187 10 INFO neutron.db.ovn_revision_numbers_db [None req-6e412dbe-c7d1-4fdb-8275-f92763e9ee3c - - - - - -] Successfully bumped revision number for resource 7ee9c5a1-aac5-4664-a350-dfde56970391 (type: subnets) to 0
2026-06-02 13:36:30.202 10 INFO neutron.api.wsgi [None req-138797ca-103a-4c79-a0f7-2e45fce146a5 3b20968a5b4b449296e3122b90ea58e6 89867db5d28b433092b95d2e5637ff13 - - default default] 10.0.0.79 "POST /v2.0/subnets HTTP/1.1" status: 201 len: 828 time: 0.6479323
2026-06-02 13:36:30.214 10 WARNING neutron_lib.context [None req-2e340107-166e-4907-8392-91429e59e253 3b20968a5b4b449296e3122b90ea58e6 89867db5d28b433092b95d2e5637ff13 - - default default] Method 'is_advsvc' is deprecated since 2023.2 release (neutron-lib 3.8.0) and will be removed once support for the old RBAC API policies will be removed from Neutron. Please use method 'is_service_role' instead.
2026-06-02 13:36:30.293 10 INFO neutron.db.segments_db [None req-2e340107-166e-4907-8392-91429e59e253 3b20968a5b4b449296e3122b90ea58e6 89867db5d28b433092b95d2e5637ff13 - - default default] Added segment 4b4310a2-ace4-4bd1-8717-6cd3ebf5a470 of type geneve for network b8ef9077-18e1-4c7b-b047-98afb2b71734
2026-06-02 13:36:30.372 10 INFO neutron.api.wsgi [None req-d30c0365-4e08-4ea9-b7a2-013dc139a9bc 137ec43846084a089afdae182b4e0dbd 294e0993ebdb4c8ab84944346059036f - - default default] 10.0.0.79 "GET /v2.0/security-groups?tenant_id=0d23a9057640410c95f3ef3073ea2ed7&name=default HTTP/1.1" status: 200 len: 3120 time: 0.1068482
2026-06-02 13:36:30.400 9 INFO neutron.db.ovn_revision_numbers_db [None req-34055f34-d81c-4127-9f95-1c0426d55f37 - - - - - -] Successfully bumped revision number for resource 0c6d3cc9-9562-4c1f-b387-207caabe78ac (type: ports) to 5
2026-06-02 13:36:30.415 10 INFO neutron.db.ovn_revision_numbers_db [None req-2e340107-166e-4907-8392-91429e59e253 3b20968a5b4b449296e3122b90ea58e6 89867db5d28b433092b95d2e5637ff13 - - default default] Successfully bumped revision number for resource b8ef9077-18e1-4c7b-b047-98afb2b71734 (type: networks) to 1
2026-06-02 13:36:30.561 10 WARNING neutron.scheduler.dhcp_agent_scheduler [None req-2e340107-166e-4907-8392-91429e59e253 3b20968a5b4b449296e3122b90ea58e6 89867db5d28b433092b95d2e5637ff13 - - default default] No more DHCP agents
2026-06-02 13:36:30.563 10 WARNING neutron.api.rpc.agentnotifiers.dhcp_rpc_agent_api [None req-2e340107-166e-4907-8392-91429e59e253 3b20968a5b4b449296e3122b90ea58e6 89867db5d28b433092b95d2e5637ff13 - - default default] Unable to schedule network b8ef9077-18e1-4c7b-b047-98afb2b71734: no agents available; will retry on subsequent port and subnet creation events.
2026-06-02 13:36:30.620 10 INFO neutron.db.ovn_revision_numbers_db [None req-2e340107-166e-4907-8392-91429e59e253 3b20968a5b4b449296e3122b90ea58e6 89867db5d28b433092b95d2e5637ff13 - - default default] Successfully bumped revision number for resource 0f28d612-f418-4e15-8457-71826f2df2d5 (type: ports) to 1
2026-06-02 13:36:30.631 9 INFO neutron.api.wsgi [None req-184d209d-f947-4fb5-8bae-190636433ff0 137ec43846084a089afdae182b4e0dbd 294e0993ebdb4c8ab84944346059036f - - default default] 10.0.0.79 "DELETE /v2.0/security-groups/d02a08e5-648c-4545-b6b6-87031473bb18 HTTP/1.1" status: 204 len: 168 time: 0.2529461
2026-06-02 13:36:30.633 9 INFO neutron.plugins.ml2.drivers.ovn.mech_driver.mech_driver [None req-73e28a0e-77ab-48a8-bcd8-21504d3bcadc - - - - - -] OVN reports status up for port: c893c007-91aa-48e0-ad07-e0610c9ba765
2026-06-02 13:36:30.642 10 INFO neutron.api.wsgi [None req-2e340107-166e-4907-8392-91429e59e253 3b20968a5b4b449296e3122b90ea58e6 89867db5d28b433092b95d2e5637ff13 - - default default] 10.0.0.79 "POST /v2.0/networks HTTP/1.1" status: 201 len: 831 time: 0.4319608
2026-06-02 13:36:30.645 9 INFO neutron.plugins.ml2.plugin [None req-73e28a0e-77ab-48a8-bcd8-21504d3bcadc - - - - - -] Attempt 1 to provision port c893c007-91aa-48e0-ad07-e0610c9ba765
2026-06-02 13:36:30.651 10 WARNING neutron_lib.context [None req-4c7a8e2f-3b15-4533-ab54-174c609c3ae6 3b20968a5b4b449296e3122b90ea58e6 89867db5d28b433092b95d2e5637ff13 - - default default] Method 'is_advsvc' is deprecated since 2023.2 release (neutron-lib 3.8.0) and will be removed once support for the old RBAC API policies will be removed from Neutron. Please use method 'is_service_role' instead.
2026-06-02 13:36:30.659 9 INFO neutron.db.ovn_revision_numbers_db [None req-6366ccf0-4d26-4902-af6b-3fbe93f64b64 1523ff42a81345a593b7edae52593ef7 dc4cbea8a70046ebb43f0ba556f11fcc - - default default] Successfully bumped revision number for resource c893c007-91aa-48e0-ad07-e0610c9ba765 (type: ports) to 1
2026-06-02 13:36:30.719 9 WARNING neutron.scheduler.dhcp_agent_scheduler [None req-6366ccf0-4d26-4902-af6b-3fbe93f64b64 1523ff42a81345a593b7edae52593ef7 dc4cbea8a70046ebb43f0ba556f11fcc - - default default] No more DHCP agents
2026-06-02 13:36:30.723 9 WARNING neutron.api.rpc.agentnotifiers.dhcp_rpc_agent_api [None req-6366ccf0-4d26-4902-af6b-3fbe93f64b64 1523ff42a81345a593b7edae52593ef7 dc4cbea8a70046ebb43f0ba556f11fcc - - default default] Unable to schedule network 6ab821c9-1627-4764-ad6f-b1d1e85eeb95: no agents available; will retry on subsequent port and subnet creation events.
2026-06-02 13:36:30.825 10 WARNING neutron.scheduler.dhcp_agent_scheduler [None req-4c7a8e2f-3b15-4533-ab54-174c609c3ae6 3b20968a5b4b449296e3122b90ea58e6 89867db5d28b433092b95d2e5637ff13 - - default default] No more DHCP agents
2026-06-02 13:36:30.826 10 WARNING neutron.api.rpc.agentnotifiers.dhcp_rpc_agent_api [None req-4c7a8e2f-3b15-4533-ab54-174c609c3ae6 3b20968a5b4b449296e3122b90ea58e6 89867db5d28b433092b95d2e5637ff13 - - default default] Unable to schedule network b8ef9077-18e1-4c7b-b047-98afb2b71734: no agents available; will retry on subsequent port and subnet creation events.
2026-06-02 13:36:30.930 9 INFO neutron.db.ovn_revision_numbers_db [None req-23e228f3-e13d-434e-91e8-76384cbeb974 137ec43846084a089afdae182b4e0dbd 294e0993ebdb4c8ab84944346059036f - - default default] Successfully bumped revision number for resource 68f6e67c-1af5-4b9a-a8a8-626bdd43f1fb (type: security_groups) to 1
2026-06-02 13:36:30.953 9 INFO neutron.db.ovn_revision_numbers_db [None req-23e228f3-e13d-434e-91e8-76384cbeb974 137ec43846084a089afdae182b4e0dbd 294e0993ebdb4c8ab84944346059036f - - default default] Successfully bumped revision number for resource 7a89d702-ba4d-46bc-9d65-05abc4d49f47 (type: security_group_rules) to 0
2026-06-02 13:36:30.974 9 INFO neutron.db.ovn_revision_numbers_db [None req-23e228f3-e13d-434e-91e8-76384cbeb974 137ec43846084a089afdae182b4e0dbd 294e0993ebdb4c8ab84944346059036f - - default default] Successfully bumped revision number for resource 9c7250c7-f40e-4db4-aad5-69739c15ca80 (type: security_group_rules) to 0
2026-06-02 13:36:30.991 9 INFO neutron.db.ovn_revision_numbers_db [None req-23e228f3-e13d-434e-91e8-76384cbeb974 137ec43846084a089afdae182b4e0dbd 294e0993ebdb4c8ab84944346059036f - - default default] Successfully bumped revision number for resource cc679844-cb89-4369-8246-0d48611a6f6e (type: security_group_rules) to 0
2026-06-02 13:36:31.014 9 INFO neutron.db.ovn_revision_numbers_db [None req-23e228f3-e13d-434e-91e8-76384cbeb974 137ec43846084a089afdae182b4e0dbd 294e0993ebdb4c8ab84944346059036f - - default default] Successfully bumped revision number for resource db2f45dd-7814-42ed-99de-c49ed6cce396 (type: security_group_rules) to 0
2026-06-02 13:36:31.089 9 INFO neutron.api.wsgi [None req-23e228f3-e13d-434e-91e8-76384cbeb974 137ec43846084a089afdae182b4e0dbd 294e0993ebdb4c8ab84944346059036f - - default default] 10.0.0.79 "GET /v2.0/security-groups?tenant_id=03e02ee0a67a44fb8bc436c8858990f1&name=default HTTP/1.1" status: 200 len: 3120 time: 0.3744664
2026-06-02 13:36:31.150 9 INFO neutron.db.ovn_revision_numbers_db [None req-73e28a0e-77ab-48a8-bcd8-21504d3bcadc - - - - - -] Successfully bumped revision number for resource c893c007-91aa-48e0-ad07-e0610c9ba765 (type: ports) to 2
2026-06-02 13:36:31.265 10 INFO neutron.db.ovn_revision_numbers_db [None req-65db159a-5143-4610-bb18-656d850cf54e - - - - - -] Successfully bumped revision number for resource 0f28d612-f418-4e15-8457-71826f2df2d5 (type: ports) to 2
2026-06-02 13:36:31.284 9 INFO neutron.db.ovn_revision_numbers_db [None req-6366ccf0-4d26-4902-af6b-3fbe93f64b64 1523ff42a81345a593b7edae52593ef7 dc4cbea8a70046ebb43f0ba556f11fcc - - default default] Successfully bumped revision number for resource c893c007-91aa-48e0-ad07-e0610c9ba765 (type: router_ports) to 1
2026-06-02 13:36:31.288 9 INFO neutron.api.wsgi [None req-6366ccf0-4d26-4902-af6b-3fbe93f64b64 1523ff42a81345a593b7edae52593ef7 dc4cbea8a70046ebb43f0ba556f11fcc - - default default] 10.0.0.79 "PUT /v2.0/routers/d951e4d6-8d9f-476f-b35b-09ddb3f85014/add_router_interface HTTP/1.1" status: 200 len: 503 time: 2.5663238
2026-06-02 13:36:31.290 10 INFO neutron.db.ovn_revision_numbers_db [None req-65db159a-5143-4610-bb18-656d850cf54e - - - - - -] Successfully bumped revision number for resource 08628e67-bd0c-4e75-933e-47b9d8079308 (type: subnets) to 0
2026-06-02 13:36:31.305 10 INFO neutron.api.wsgi [None req-4c7a8e2f-3b15-4533-ab54-174c609c3ae6 3b20968a5b4b449296e3122b90ea58e6 89867db5d28b433092b95d2e5637ff13 - - default default] 10.0.0.79 "POST /v2.0/subnets HTTP/1.1" status: 201 len: 828 time: 0.6582973
2026-06-02 13:36:31.314 10 WARNING neutron_lib.context [None req-21752fca-12a9-4388-ab1d-b756e6ce5e03 3b20968a5b4b449296e3122b90ea58e6 89867db5d28b433092b95d2e5637ff13 - - default default] Method 'is_advsvc' is deprecated since 2023.2 release (neutron-lib 3.8.0) and will be removed once support for the old RBAC API policies will be removed from Neutron. Please use method 'is_service_role' instead.
2026-06-02 13:36:31.390 9 INFO neutron.api.wsgi [None req-19864c39-35f7-4921-ae64-72922bdedcd7 137ec43846084a089afdae182b4e0dbd 294e0993ebdb4c8ab84944346059036f - - default default] 10.0.0.79 "DELETE /v2.0/security-groups/68f6e67c-1af5-4b9a-a8a8-626bdd43f1fb HTTP/1.1" status: 204 len: 168 time: 0.2937944
2026-06-02 13:36:31.411 10 INFO neutron.db.segments_db [None req-21752fca-12a9-4388-ab1d-b756e6ce5e03 3b20968a5b4b449296e3122b90ea58e6 89867db5d28b433092b95d2e5637ff13 - - default default] Added segment 365539e7-a32a-401d-abb5-9cb16def8cf7 of type geneve for network 9983630d-46a4-4336-ae6a-7e3a4178e69e
2026-06-02 13:36:31.855 9 WARNING neutron.scheduler.dhcp_agent_scheduler [None req-e5c7509a-9b84-4ec0-afef-da08349ad080 1523ff42a81345a593b7edae52593ef7 dc4cbea8a70046ebb43f0ba556f11fcc - - default default] No more DHCP agents
2026-06-02 13:36:31.857 9 WARNING neutron.api.rpc.agentnotifiers.dhcp_rpc_agent_api [None req-e5c7509a-9b84-4ec0-afef-da08349ad080 1523ff42a81345a593b7edae52593ef7 dc4cbea8a70046ebb43f0ba556f11fcc - - default default] Unable to schedule network 11412c77-0b18-4cab-be9c-4feb9a4e7d74: no agents available; will retry on subsequent port and subnet creation events.
2026-06-02 13:36:31.972 10 INFO neutron.db.ovn_revision_numbers_db [None req-21752fca-12a9-4388-ab1d-b756e6ce5e03 3b20968a5b4b449296e3122b90ea58e6 89867db5d28b433092b95d2e5637ff13 - - default default] Successfully bumped revision number for resource 9983630d-46a4-4336-ae6a-7e3a4178e69e (type: networks) to 1
2026-06-02 13:36:31.982 9 INFO neutron.db.ovn_revision_numbers_db [None req-e5c7509a-9b84-4ec0-afef-da08349ad080 1523ff42a81345a593b7edae52593ef7 dc4cbea8a70046ebb43f0ba556f11fcc - - default default] Successfully bumped revision number for resource 2a80f934-2cb9-4724-8c6d-ddd95134d661 (type: ports) to 1
2026-06-02 13:36:32.139 10 WARNING neutron.scheduler.dhcp_agent_scheduler [None req-21752fca-12a9-4388-ab1d-b756e6ce5e03 3b20968a5b4b449296e3122b90ea58e6 89867db5d28b433092b95d2e5637ff13 - - default default] No more DHCP agents
2026-06-02 13:36:32.141 10 WARNING neutron.api.rpc.agentnotifiers.dhcp_rpc_agent_api [None req-21752fca-12a9-4388-ab1d-b756e6ce5e03 3b20968a5b4b449296e3122b90ea58e6 89867db5d28b433092b95d2e5637ff13 - - default default] Unable to schedule network 9983630d-46a4-4336-ae6a-7e3a4178e69e: no agents available; will retry on subsequent port and subnet creation events.
2026-06-02 13:36:32.204 10 INFO neutron.db.ovn_revision_numbers_db [None req-21752fca-12a9-4388-ab1d-b756e6ce5e03 3b20968a5b4b449296e3122b90ea58e6 89867db5d28b433092b95d2e5637ff13 - - default default] Successfully bumped revision number for resource fa1c3c00-8ae0-4c36-8f40-a3cb4e37a944 (type: ports) to 1
2026-06-02 13:36:32.225 10 INFO neutron.api.wsgi [None req-21752fca-12a9-4388-ab1d-b756e6ce5e03 3b20968a5b4b449296e3122b90ea58e6 89867db5d28b433092b95d2e5637ff13 - - default default] 10.0.0.79 "POST /v2.0/networks HTTP/1.1" status: 201 len: 831 time: 0.9147646
2026-06-02 13:36:32.234 10 WARNING neutron_lib.context [None req-b89e5353-acc8-4cc8-b5a2-c1a30bc0070b 3b20968a5b4b449296e3122b90ea58e6 89867db5d28b433092b95d2e5637ff13 - - default default] Method 'is_advsvc' is deprecated since 2023.2 release (neutron-lib 3.8.0) and will be removed once support for the old RBAC API policies will be removed from Neutron. Please use method 'is_service_role' instead.
2026-06-02 13:36:32.431 10 WARNING neutron.scheduler.dhcp_agent_scheduler [None req-b89e5353-acc8-4cc8-b5a2-c1a30bc0070b 3b20968a5b4b449296e3122b90ea58e6 89867db5d28b433092b95d2e5637ff13 - - default default] No more DHCP agents
2026-06-02 13:36:32.433 10 WARNING neutron.api.rpc.agentnotifiers.dhcp_rpc_agent_api [None req-b89e5353-acc8-4cc8-b5a2-c1a30bc0070b 3b20968a5b4b449296e3122b90ea58e6 89867db5d28b433092b95d2e5637ff13 - - default default] Unable to schedule network 9983630d-46a4-4336-ae6a-7e3a4178e69e: no agents available; will retry on subsequent port and subnet creation events.
2026-06-02 13:36:32.685 9 INFO neutron.db.ovn_revision_numbers_db [None req-e5c7509a-9b84-4ec0-afef-da08349ad080 1523ff42a81345a593b7edae52593ef7 dc4cbea8a70046ebb43f0ba556f11fcc - - default default] Successfully bumped revision number for resource 2a80f934-2cb9-4724-8c6d-ddd95134d661 (type: ports) to 1
2026-06-02 13:36:32.739 9 WARNING neutron.scheduler.dhcp_agent_scheduler [None req-e5c7509a-9b84-4ec0-afef-da08349ad080 1523ff42a81345a593b7edae52593ef7 dc4cbea8a70046ebb43f0ba556f11fcc - - default default] No more DHCP agents
2026-06-02 13:36:32.741 9 WARNING neutron.api.rpc.agentnotifiers.dhcp_rpc_agent_api [None req-e5c7509a-9b84-4ec0-afef-da08349ad080 1523ff42a81345a593b7edae52593ef7 dc4cbea8a70046ebb43f0ba556f11fcc - - default default] Unable to schedule network 11412c77-0b18-4cab-be9c-4feb9a4e7d74: no agents available; will retry on subsequent port and subnet creation events.
2026-06-02 13:36:32.886 10 INFO neutron.db.ovn_revision_numbers_db [None req-0bb873ed-c897-4e24-890c-7dd30eae4d2c - - - - - -] Successfully bumped revision number for resource fa1c3c00-8ae0-4c36-8f40-a3cb4e37a944 (type: ports) to 2
2026-06-02 13:36:32.916 10 INFO neutron.db.ovn_revision_numbers_db [None req-0bb873ed-c897-4e24-890c-7dd30eae4d2c - - - - - -] Successfully bumped revision number for resource 1c857205-f286-4c74-8305-83bc4f572a1a (type: subnets) to 0
2026-06-02 13:36:32.950 10 INFO neutron.api.wsgi [None req-b89e5353-acc8-4cc8-b5a2-c1a30bc0070b 3b20968a5b4b449296e3122b90ea58e6 89867db5d28b433092b95d2e5637ff13 - - default default] 10.0.0.79 "POST /v2.0/subnets HTTP/1.1" status: 201 len: 828 time: 0.7199206
2026-06-02 13:36:32.959 10 WARNING neutron_lib.context [None req-5271e944-7bdc-434f-ab38-e33c8e8df2ac 3b20968a5b4b449296e3122b90ea58e6 89867db5d28b433092b95d2e5637ff13 - - default default] Method 'is_advsvc' is deprecated since 2023.2 release (neutron-lib 3.8.0) and will be removed once support for the old RBAC API policies will be removed from Neutron. Please use method 'is_service_role' instead.
2026-06-02 13:36:33.048 10 INFO neutron.db.segments_db [None req-5271e944-7bdc-434f-ab38-e33c8e8df2ac 3b20968a5b4b449296e3122b90ea58e6 89867db5d28b433092b95d2e5637ff13 - - default default] Added segment 32371b2e-173f-4fc9-8b5d-0b859b9e5a0b of type geneve for network 9d81f162-ff36-4f41-9e6c-5a4e5b1e4298
2026-06-02 13:36:33.129 9 INFO neutron.db.ovn_revision_numbers_db [None req-e5c7509a-9b84-4ec0-afef-da08349ad080 1523ff42a81345a593b7edae52593ef7 dc4cbea8a70046ebb43f0ba556f11fcc - - default default] Successfully bumped revision number for resource 2a80f934-2cb9-4724-8c6d-ddd95134d661 (type: router_ports) to 1
2026-06-02 13:36:33.135 9 INFO neutron.api.wsgi [None req-e5c7509a-9b84-4ec0-afef-da08349ad080 1523ff42a81345a593b7edae52593ef7 dc4cbea8a70046ebb43f0ba556f11fcc - - default default] 10.0.0.79 "PUT /v2.0/routers/d951e4d6-8d9f-476f-b35b-09ddb3f85014/add_router_interface HTTP/1.1" status: 200 len: 503 time: 1.8397763
2026-06-02 13:36:33.180 10 INFO neutron.db.ovn_revision_numbers_db [None req-5271e944-7bdc-434f-ab38-e33c8e8df2ac 3b20968a5b4b449296e3122b90ea58e6 89867db5d28b433092b95d2e5637ff13 - - default default] Successfully bumped revision number for resource 9d81f162-ff36-4f41-9e6c-5a4e5b1e4298 (type: networks) to 1
2026-06-02 13:36:33.345 10 WARNING neutron.scheduler.dhcp_agent_scheduler [None req-5271e944-7bdc-434f-ab38-e33c8e8df2ac 3b20968a5b4b449296e3122b90ea58e6 89867db5d28b433092b95d2e5637ff13 - - default default] No more DHCP agents
2026-06-02 13:36:33.347 10 WARNING neutron.api.rpc.agentnotifiers.dhcp_rpc_agent_api [None req-5271e944-7bdc-434f-ab38-e33c8e8df2ac 3b20968a5b4b449296e3122b90ea58e6 89867db5d28b433092b95d2e5637ff13 - - default default] Unable to schedule network 9d81f162-ff36-4f41-9e6c-5a4e5b1e4298: no agents available; will retry on subsequent port and subnet creation events.
2026-06-02 13:36:33.416 10 INFO neutron.db.ovn_revision_numbers_db [None req-5271e944-7bdc-434f-ab38-e33c8e8df2ac 3b20968a5b4b449296e3122b90ea58e6 89867db5d28b433092b95d2e5637ff13 - - default default] Successfully bumped revision number for resource 9a3501de-3daf-4b54-9151-aef81e220454 (type: ports) to 1
2026-06-02 13:36:33.439 10 INFO neutron.api.wsgi [None req-5271e944-7bdc-434f-ab38-e33c8e8df2ac 3b20968a5b4b449296e3122b90ea58e6 89867db5d28b433092b95d2e5637ff13 - - default default] 10.0.0.79 "POST /v2.0/networks HTTP/1.1" status: 201 len: 831 time: 0.4840004
2026-06-02 13:36:33.448 10 WARNING neutron_lib.context [None req-0bccdc51-9e8b-4dc9-9ece-dff141131f5c 3b20968a5b4b449296e3122b90ea58e6 89867db5d28b433092b95d2e5637ff13 - - default default] Method 'is_advsvc' is deprecated since 2023.2 release (neutron-lib 3.8.0) and will be removed once support for the old RBAC API policies will be removed from Neutron. Please use method 'is_service_role' instead.
2026-06-02 13:36:33.652 10 WARNING neutron.scheduler.dhcp_agent_scheduler [None req-0bccdc51-9e8b-4dc9-9ece-dff141131f5c 3b20968a5b4b449296e3122b90ea58e6 89867db5d28b433092b95d2e5637ff13 - - default default] No more DHCP agents
2026-06-02 13:36:33.653 10 WARNING neutron.api.rpc.agentnotifiers.dhcp_rpc_agent_api [None req-0bccdc51-9e8b-4dc9-9ece-dff141131f5c 3b20968a5b4b449296e3122b90ea58e6 89867db5d28b433092b95d2e5637ff13 - - default default] Unable to schedule network 9d81f162-ff36-4f41-9e6c-5a4e5b1e4298: no agents available; will retry on subsequent port and subnet creation events.
2026-06-02 13:36:33.653 9 WARNING neutron.scheduler.dhcp_agent_scheduler [None req-3b57a355-f79c-4600-90ac-58091f83c6e6 1523ff42a81345a593b7edae52593ef7 dc4cbea8a70046ebb43f0ba556f11fcc - - default default] No more DHCP agents
2026-06-02 13:36:33.655 9 WARNING neutron.api.rpc.agentnotifiers.dhcp_rpc_agent_api [None req-3b57a355-f79c-4600-90ac-58091f83c6e6 1523ff42a81345a593b7edae52593ef7 dc4cbea8a70046ebb43f0ba556f11fcc - - default default] Unable to schedule network c5884879-3d26-4363-9705-a4d9f4bd41a1: no agents available; will retry on subsequent port and subnet creation events.
2026-06-02 13:36:33.800 9 INFO neutron.db.ovn_revision_numbers_db [None req-3b57a355-f79c-4600-90ac-58091f83c6e6 1523ff42a81345a593b7edae52593ef7 dc4cbea8a70046ebb43f0ba556f11fcc - - default default] Successfully bumped revision number for resource 21e4a02c-3a0e-49c2-8360-2e3e63c22c68 (type: ports) to 1
2026-06-02 13:36:34.136 10 INFO neutron.db.ovn_revision_numbers_db [None req-df3f5bb9-88f8-42e3-9f9a-efa56ecff613 - - - - - -] Successfully bumped revision number for resource 9a3501de-3daf-4b54-9151-aef81e220454 (type: ports) to 2
2026-06-02 13:36:34.174 10 INFO neutron.db.ovn_revision_numbers_db [None req-df3f5bb9-88f8-42e3-9f9a-efa56ecff613 - - - - - -] Successfully bumped revision number for resource 196adf4b-b541-445b-95d6-9cd759673682 (type: subnets) to 0
2026-06-02 13:36:34.189 10 INFO neutron.api.wsgi [None req-0bccdc51-9e8b-4dc9-9ece-dff141131f5c 3b20968a5b4b449296e3122b90ea58e6 89867db5d28b433092b95d2e5637ff13 - - default default] 10.0.0.79 "POST /v2.0/subnets HTTP/1.1" status: 201 len: 828 time: 0.7454455
2026-06-02 13:36:34.232 10 INFO neutron.api.wsgi [None req-d68d196e-3ade-47ea-90d8-e07cddc641f6 3b20968a5b4b449296e3122b90ea58e6 89867db5d28b433092b95d2e5637ff13 - - default default] 10.0.0.79 "PUT /v2.0/subnets/1c9cea6b-0348-4cd5-9887-ff937419cc1b/tags HTTP/1.1" status: 200 len: 210 time: 0.0365350
2026-06-02 13:36:34.278 10 INFO neutron.api.wsgi [None req-ea2a6899-3ebf-42f2-9de5-a579e0142c91 3b20968a5b4b449296e3122b90ea58e6 89867db5d28b433092b95d2e5637ff13 - - default default] 10.0.0.79 "PUT /v2.0/subnets/7ee9c5a1-aac5-4664-a350-dfde56970391/tags HTTP/1.1" status: 200 len: 218 time: 0.0400321
2026-06-02 13:36:34.323 10 INFO neutron.api.wsgi [None req-8d49dfc1-390a-4a9d-92d0-990bc3487c5a 3b20968a5b4b449296e3122b90ea58e6 89867db5d28b433092b95d2e5637ff13 - - default default] 10.0.0.79 "PUT /v2.0/subnets/08628e67-bd0c-4e75-933e-47b9d8079308/tags HTTP/1.1" status: 200 len: 227 time: 0.0405829
2026-06-02 13:36:34.365 10 INFO neutron.api.wsgi [None req-dce8494e-e200-43e4-94a7-0df2ace8b0b0 3b20968a5b4b449296e3122b90ea58e6 89867db5d28b433092b95d2e5637ff13 - - default default] 10.0.0.79 "PUT /v2.0/subnets/1c857205-f286-4c74-8305-83bc4f572a1a/tags HTTP/1.1" status: 200 len: 212 time: 0.0361693
2026-06-02 13:36:34.411 9 INFO neutron.api.wsgi [None req-4016d869-1d06-42c5-8a9c-f6a5d51977fa 3b20968a5b4b449296e3122b90ea58e6 89867db5d28b433092b95d2e5637ff13 - - default default] 10.0.0.79 "GET /v2.0/subnets?tags=red HTTP/1.1" status: 200 len: 2099 time: 0.0389946
