2026-06-02 13:32:54.002 10 INFO neutron.api.wsgi [req-8288c45e-d224-4691-b75c-15e5ade8c0d8 req-2a3ba762-eb3e-44e1-93f7-53bfeb0e5677 81c01b5d14254265a5e66bc2be48c0e7 ee3c111c85c24284baffa29ac6de9025 - - default default] 10.0.0.186 "POST /v2.0/security-groups HTTP/1.1" status: 201 len: 1886 time: 0.1576180
2026-06-02 13:32:54.036 9 WARNING neutron_lib.context [req-f773537e-fc77-4d88-992d-9d4e0b853451 req-9c855ea3-f0a3-4d5d-a609-0087b7726c1c 81c01b5d14254265a5e66bc2be48c0e7 ee3c111c85c24284baffa29ac6de9025 - - default default] Method 'is_advsvc' is deprecated since 2023.2 release (neutron-lib 3.8.0) and will be removed once support for the old RBAC API policies will be removed from Neutron. Please use method 'is_service_role' instead.
2026-06-02 13:32:54.125 10 INFO neutron.api.wsgi [req-93ec7447-2380-47ac-99b9-3e9d34f7384b req-03dfd166-2956-4299-b6df-aece09611050 0b78e7991e5047ee9379ceef5903ea09 564cd2d964104e65b34c229b0a58c299 - - default default] 10.0.0.186 "GET /v2.0/ports?device_id=8f65015c-a95b-4c54-b6c8-ba31645c6444 HTTP/1.1" status: 200 len: 1168 time: 0.0409219
2026-06-02 13:32:54.140 9 INFO neutron.db.ovn_revision_numbers_db [req-f773537e-fc77-4d88-992d-9d4e0b853451 req-9c855ea3-f0a3-4d5d-a609-0087b7726c1c 81c01b5d14254265a5e66bc2be48c0e7 ee3c111c85c24284baffa29ac6de9025 - - default default] Successfully bumped revision number for resource 449ea459-c108-4883-b231-32257b460030 (type: security_groups) to 1
2026-06-02 13:32:54.152 9 INFO neutron.db.ovn_revision_numbers_db [req-f773537e-fc77-4d88-992d-9d4e0b853451 req-9c855ea3-f0a3-4d5d-a609-0087b7726c1c 81c01b5d14254265a5e66bc2be48c0e7 ee3c111c85c24284baffa29ac6de9025 - - default default] Successfully bumped revision number for resource 19b38267-0d10-4819-b28f-b4f26990b220 (type: security_group_rules) to 0
2026-06-02 13:32:54.165 9 INFO neutron.db.ovn_revision_numbers_db [req-f773537e-fc77-4d88-992d-9d4e0b853451 req-9c855ea3-f0a3-4d5d-a609-0087b7726c1c 81c01b5d14254265a5e66bc2be48c0e7 ee3c111c85c24284baffa29ac6de9025 - - default default] Successfully bumped revision number for resource da5a87d2-5a91-4d6f-85b8-5fd36f9763bb (type: security_group_rules) to 0
2026-06-02 13:32:54.168 10 INFO neutron.api.wsgi [req-93ec7447-2380-47ac-99b9-3e9d34f7384b req-1a9ef1c0-40f3-4ec6-89b6-1f8d08e27274 0b78e7991e5047ee9379ceef5903ea09 564cd2d964104e65b34c229b0a58c299 - - default default] 10.0.0.186 "GET /v2.0/security-groups?id=63297058-daf4-4209-91c6-c227bbcd2f30&fields=id&fields=name HTTP/1.1" status: 200 len: 286 time: 0.0366430
2026-06-02 13:32:54.199 9 INFO neutron.api.wsgi [req-f773537e-fc77-4d88-992d-9d4e0b853451 req-9c855ea3-f0a3-4d5d-a609-0087b7726c1c 81c01b5d14254265a5e66bc2be48c0e7 ee3c111c85c24284baffa29ac6de9025 - - default default] 10.0.0.186 "POST /v2.0/security-groups HTTP/1.1" status: 201 len: 1886 time: 0.1716640
2026-06-02 13:32:54.235 10 WARNING neutron_lib.context [req-80a005b9-12e7-4f84-a312-477f3650cc0e req-d222448e-ab58-416d-a22b-18e1784e9878 81c01b5d14254265a5e66bc2be48c0e7 ee3c111c85c24284baffa29ac6de9025 - - default default] Method 'is_advsvc' is deprecated since 2023.2 release (neutron-lib 3.8.0) and will be removed once support for the old RBAC API policies will be removed from Neutron. Please use method 'is_service_role' instead.
2026-06-02 13:32:54.337 9 INFO neutron.api.wsgi [req-93236b11-8dd9-41e6-8e1b-46da2b08ffcb req-67a8e60d-4de6-46c0-9e2d-a49b58d299c5 04038dac12ee4d0dbb93b6e50745f21d b3590b50469e422baeb768c5d3a999c6 - - default default] 10.0.0.186 "GET /v2.0/ports?device_id=7f56da87-d913-43d9-a03c-38e06aa15740 HTTP/1.1" status: 200 len: 1172 time: 0.0383048
2026-06-02 13:32:54.347 10 INFO neutron.db.ovn_revision_numbers_db [req-80a005b9-12e7-4f84-a312-477f3650cc0e req-d222448e-ab58-416d-a22b-18e1784e9878 81c01b5d14254265a5e66bc2be48c0e7 ee3c111c85c24284baffa29ac6de9025 - - default default] Successfully bumped revision number for resource abd232c3-2999-49b3-b482-e6ccd1ccee23 (type: security_groups) to 1
2026-06-02 13:32:54.360 10 INFO neutron.db.ovn_revision_numbers_db [req-80a005b9-12e7-4f84-a312-477f3650cc0e req-d222448e-ab58-416d-a22b-18e1784e9878 81c01b5d14254265a5e66bc2be48c0e7 ee3c111c85c24284baffa29ac6de9025 - - default default] Successfully bumped revision number for resource 204e7c99-a98d-4c8f-810e-c9f6cc4062a9 (type: security_group_rules) to 0
2026-06-02 13:32:54.369 9 INFO neutron.api.wsgi [req-93236b11-8dd9-41e6-8e1b-46da2b08ffcb req-76c740f6-eeea-431f-9e3d-39862825bda6 04038dac12ee4d0dbb93b6e50745f21d b3590b50469e422baeb768c5d3a999c6 - - default default] 10.0.0.186 "GET /v2.0/security-groups?id=75c3b9d8-5632-4978-8ace-0d918f8165e1&fields=id&fields=name HTTP/1.1" status: 200 len: 313 time: 0.0258803
2026-06-02 13:32:54.373 10 INFO neutron.db.ovn_revision_numbers_db [req-80a005b9-12e7-4f84-a312-477f3650cc0e req-d222448e-ab58-416d-a22b-18e1784e9878 81c01b5d14254265a5e66bc2be48c0e7 ee3c111c85c24284baffa29ac6de9025 - - default default] Successfully bumped revision number for resource efd07248-9ce9-4107-a2e0-15d0be2e3fea (type: security_group_rules) to 0
2026-06-02 13:32:54.407 10 INFO neutron.api.wsgi [req-80a005b9-12e7-4f84-a312-477f3650cc0e req-d222448e-ab58-416d-a22b-18e1784e9878 81c01b5d14254265a5e66bc2be48c0e7 ee3c111c85c24284baffa29ac6de9025 - - default default] 10.0.0.186 "POST /v2.0/security-groups HTTP/1.1" status: 201 len: 1886 time: 0.1801422
2026-06-02 13:32:54.474 9 INFO neutron.api.wsgi [req-99f9561d-19b8-409e-a603-9eaea64169ed req-ea3a87fd-aab3-46a9-b9af-a96d0c4d37e9 81c01b5d14254265a5e66bc2be48c0e7 ee3c111c85c24284baffa29ac6de9025 - - default default] 10.0.0.186 "GET /v2.0/security-groups?tenant_id=ee3c111c85c24284baffa29ac6de9025 HTTP/1.1" status: 200 len: 8108 time: 0.0409200
2026-06-02 13:32:54.509 9 INFO neutron.api.wsgi [req-99f9561d-19b8-409e-a603-9eaea64169ed req-f1d8f42c-19da-4e3b-9797-09b85da1b35f 81c01b5d14254265a5e66bc2be48c0e7 ee3c111c85c24284baffa29ac6de9025 - - default default] 10.0.0.186 "GET /v2.0/security-groups/8f27b4b3-15ac-44b4-986f-22e72a084b45 HTTP/1.1" status: 200 len: 3122 time: 0.0292358
2026-06-02 13:32:54.531 10 WARNING neutron.plugins.ml2.drivers.ovn.mech_driver.ovsdb.ovn_client [None req-7cee9601-9add-4c14-8746-370600bff50e - - - - - -] No hosting information found for port 429bf65c-26f0-4246-b0be-8ce95dd4cd5a: RuntimeError: No hosting information found for port 429bf65c-26f0-4246-b0be-8ce95dd4cd5a
2026-06-02 13:32:54.543 9 INFO neutron.api.wsgi [req-99f9561d-19b8-409e-a603-9eaea64169ed req-db8292fd-b8c5-4d4a-b107-f4d76127f4d4 81c01b5d14254265a5e66bc2be48c0e7 ee3c111c85c24284baffa29ac6de9025 - - default default] 10.0.0.186 "GET /v2.0/security-groups/8f27b4b3-15ac-44b4-986f-22e72a084b45 HTTP/1.1" status: 200 len: 3122 time: 0.0285354
2026-06-02 13:32:54.596 10 INFO neutron.api.wsgi [req-91c43260-68bb-4880-87c4-b85953eb9d6e req-f109f8d9-8682-4619-a60a-29bef153deeb 81c01b5d14254265a5e66bc2be48c0e7 ee3c111c85c24284baffa29ac6de9025 - - default default] 10.0.0.186 "GET /v2.0/security-groups/b0def75a-11b5-4aa0-913e-858fe1a29bae HTTP/1.1" status: 200 len: 1881 time: 0.0351145
2026-06-02 13:32:54.636 10 INFO neutron.db.ovn_revision_numbers_db [None req-7cee9601-9add-4c14-8746-370600bff50e - - - - - -] Successfully bumped revision number for resource e4592f43-f86c-4c70-ac19-7ba216ec07ad (type: router_ports) to 2
2026-06-02 13:32:54.650 9 INFO neutron.api.wsgi [req-e5ea7b8a-2ca0-4f9a-b0a9-f6bfc4416c5d req-39fe5109-cc56-4879-a146-c5879ee63e62 c85337671d3d4de7a3cbf7922049cc43 d031517615d54babb82f55acf0a72347 - - default default] 10.0.0.186 "GET /v2.0/ports?device_id=b083be91-0ee0-4769-a128-498c6ec4a8f7 HTTP/1.1" status: 200 len: 1172 time: 0.0304239
2026-06-02 13:32:54.681 9 INFO neutron.plugins.ml2.drivers.ovn.mech_driver.mech_driver [None req-8e38eb2f-8e19-47f9-a800-34244f347b19 - - - - - -] OVN reports status up for port: 686fb706-3130-47b2-9ddc-098ed9e66358
2026-06-02 13:32:54.705 9 INFO neutron.plugins.ml2.plugin [None req-8e38eb2f-8e19-47f9-a800-34244f347b19 - - - - - -] Attempt 1 to provision port 686fb706-3130-47b2-9ddc-098ed9e66358
2026-06-02 13:32:54.722 9 INFO neutron.api.wsgi [req-e5ea7b8a-2ca0-4f9a-b0a9-f6bfc4416c5d req-7f2a8d36-c3a6-4fe6-ae12-f3eb1f4a51dd c85337671d3d4de7a3cbf7922049cc43 d031517615d54babb82f55acf0a72347 - - default default] 10.0.0.186 "GET /v2.0/security-groups?id=6935779e-6465-4b0d-8c1e-1c8de2d44435&fields=id&fields=name HTTP/1.1" status: 200 len: 311 time: 0.0670605
2026-06-02 13:32:54.760 10 INFO neutron.db.ovn_revision_numbers_db [None req-7cee9601-9add-4c14-8746-370600bff50e - - - - - -] Successfully bumped revision number for resource 429bf65c-26f0-4246-b0be-8ce95dd4cd5a (type: router_ports) to 2
2026-06-02 13:32:54.782 10 INFO neutron.api.wsgi [req-91c43260-68bb-4880-87c4-b85953eb9d6e req-da9a24b3-f9e1-4a44-b4aa-3fe531eb5f00 81c01b5d14254265a5e66bc2be48c0e7 ee3c111c85c24284baffa29ac6de9025 - - default default] 10.0.0.186 "DELETE /v2.0/security-groups/b0def75a-11b5-4aa0-913e-858fe1a29bae HTTP/1.1" status: 204 len: 173 time: 0.1789019
2026-06-02 13:32:54.813 9 INFO neutron.api.v2.resource [req-cd2b5b64-c2e9-4f46-9e79-00848ca4ba63 req-870a26d4-488c-4d7c-a427-8bd950308b31 81c01b5d14254265a5e66bc2be48c0e7 ee3c111c85c24284baffa29ac6de9025 - - default default] show failed (client error): The resource could not be found.
2026-06-02 13:32:54.814 9 INFO neutron.api.wsgi [req-cd2b5b64-c2e9-4f46-9e79-00848ca4ba63 req-870a26d4-488c-4d7c-a427-8bd950308b31 81c01b5d14254265a5e66bc2be48c0e7 ee3c111c85c24284baffa29ac6de9025 - - default default] 10.0.0.186 "GET /v2.0/security-groups/b0def75a-11b5-4aa0-913e-858fe1a29bae HTTP/1.1" status: 404 len: 352 time: 0.0125818
2026-06-02 13:32:54.861 10 INFO neutron.plugins.ml2.drivers.ovn.mech_driver.mech_driver [None req-7cee9601-9add-4c14-8746-370600bff50e - - - - - -] OVN reports status up for port: 61b3fae5-ff0c-4dc9-9d17-df5a06d11a02
2026-06-02 13:32:54.868 10 INFO neutron.api.wsgi [req-d3b48823-6f48-40ab-ae93-521d812fb64a req-7fe4c6ef-b1a1-40a0-825d-566bd9967e0c 81c01b5d14254265a5e66bc2be48c0e7 ee3c111c85c24284baffa29ac6de9025 - - default default] 10.0.0.186 "GET /v2.0/security-groups/449ea459-c108-4883-b231-32257b460030 HTTP/1.1" status: 200 len: 1881 time: 0.0348475
2026-06-02 13:32:54.869 10 INFO neutron.plugins.ml2.plugin [None req-7cee9601-9add-4c14-8746-370600bff50e - - - - - -] Attempt 1 to provision port 61b3fae5-ff0c-4dc9-9d17-df5a06d11a02
2026-06-02 13:32:54.997 10 INFO neutron.api.wsgi [req-d3b48823-6f48-40ab-ae93-521d812fb64a req-4a8ee581-9439-46eb-b11c-5f9f1a3d73df 81c01b5d14254265a5e66bc2be48c0e7 ee3c111c85c24284baffa29ac6de9025 - - default default] 10.0.0.186 "DELETE /v2.0/security-groups/449ea459-c108-4883-b231-32257b460030 HTTP/1.1" status: 204 len: 173 time: 0.1228623
2026-06-02 13:32:55.016 9 INFO neutron.db.ovn_revision_numbers_db [None req-8e38eb2f-8e19-47f9-a800-34244f347b19 - - - - - -] Successfully bumped revision number for resource 686fb706-3130-47b2-9ddc-098ed9e66358 (type: ports) to 5
2026-06-02 13:32:55.040 9 INFO neutron.api.v2.resource [req-a9de527b-b673-4d03-bbe5-bb6d8dc67b22 req-aebb02d8-847f-44b7-85ca-6254cd876e20 81c01b5d14254265a5e66bc2be48c0e7 ee3c111c85c24284baffa29ac6de9025 - - default default] show failed (client error): The resource could not be found.
2026-06-02 13:32:55.040 9 INFO neutron.api.wsgi [req-a9de527b-b673-4d03-bbe5-bb6d8dc67b22 req-aebb02d8-847f-44b7-85ca-6254cd876e20 81c01b5d14254265a5e66bc2be48c0e7 ee3c111c85c24284baffa29ac6de9025 - - default default] 10.0.0.186 "GET /v2.0/security-groups/449ea459-c108-4883-b231-32257b460030 HTTP/1.1" status: 404 len: 352 time: 0.0181389
2026-06-02 13:32:55.097 9 INFO neutron.plugins.ml2.drivers.ovn.mech_driver.mech_driver [None req-640f3438-fb0e-4544-9f97-012ed120a70d - - - - - -] OVN reports status up for port: 664d37ec-4cc8-4e02-8e4d-0988036f2b56
2026-06-02 13:32:55.103 10 INFO neutron.api.wsgi [req-3f800f28-c434-4662-a070-82ed95cc1728 req-fa7726de-d946-45d6-ac68-da61b85bdc4e 81c01b5d14254265a5e66bc2be48c0e7 ee3c111c85c24284baffa29ac6de9025 - - default default] 10.0.0.186 "GET /v2.0/security-groups/abd232c3-2999-49b3-b482-e6ccd1ccee23 HTTP/1.1" status: 200 len: 1881 time: 0.0419209
2026-06-02 13:32:55.120 9 INFO neutron.plugins.ml2.plugin [None req-640f3438-fb0e-4544-9f97-012ed120a70d - - - - - -] Attempt 1 to provision port 664d37ec-4cc8-4e02-8e4d-0988036f2b56
2026-06-02 13:32:55.260 9 INFO neutron.notifiers.nova [-] Nova event matching ['req-bc69d604-961f-4636-b7ae-ed6243cc9435'] response: {'server_uuid': '8f65015c-a95b-4c54-b6c8-ba31645c6444', 'name': 'network-vif-plugged', 'status': 'completed', 'tag': '686fb706-3130-47b2-9ddc-098ed9e66358', 'code': 200}
2026-06-02 13:32:55.273 10 INFO neutron.api.wsgi [req-3f800f28-c434-4662-a070-82ed95cc1728 req-68f1037f-11a5-49ed-8759-43a78090f752 81c01b5d14254265a5e66bc2be48c0e7 ee3c111c85c24284baffa29ac6de9025 - - default default] 10.0.0.186 "DELETE /v2.0/security-groups/abd232c3-2999-49b3-b482-e6ccd1ccee23 HTTP/1.1" status: 204 len: 173 time: 0.1634448 /var/lib/openstack/lib/python3.12/site-packages/pycadf/identifier.py:71: UserWarning: Invalid uuid: neutron. To ensure interoperability, identifiers should be a valid uuid. warnings.warn(('Invalid uuid: %s. To ensure interoperability, '
2026-06-02 13:32:55.319 10 INFO neutron.api.v2.resource [req-4cd171a3-8717-4c38-a798-1b0ec402cf99 req-6ad276f1-65a3-44bb-9bd0-7d1755508743 81c01b5d14254265a5e66bc2be48c0e7 ee3c111c85c24284baffa29ac6de9025 - - default default] show failed (client error): The resource could not be found.
2026-06-02 13:32:55.320 10 INFO neutron.api.wsgi [req-4cd171a3-8717-4c38-a798-1b0ec402cf99 req-6ad276f1-65a3-44bb-9bd0-7d1755508743 81c01b5d14254265a5e66bc2be48c0e7 ee3c111c85c24284baffa29ac6de9025 - - default default] 10.0.0.186 "GET /v2.0/security-groups/abd232c3-2999-49b3-b482-e6ccd1ccee23 HTTP/1.1" status: 404 len: 352 time: 0.0142789
2026-06-02 13:32:55.337 9 INFO neutron.api.wsgi [req-04265aa7-93b6-4d6a-828f-250ead209a3b req-d55f0cf0-0253-4bad-8994-6104ed7b15eb 0b78e7991e5047ee9379ceef5903ea09 564cd2d964104e65b34c229b0a58c299 - - default default] 10.0.0.186 "GET /v2.0/ports?device_id=8f65015c-a95b-4c54-b6c8-ba31645c6444 HTTP/1.1" status: 200 len: 1170 time: 0.0505157
2026-06-02 13:32:55.377 9 INFO neutron.api.wsgi [req-04265aa7-93b6-4d6a-828f-250ead209a3b req-5cf61099-220f-4720-90ee-cd9cbbecf766 0b78e7991e5047ee9379ceef5903ea09 564cd2d964104e65b34c229b0a58c299 - - default default] 10.0.0.186 "GET /v2.0/security-groups?id=63297058-daf4-4209-91c6-c227bbcd2f30&fields=id&fields=name HTTP/1.1" status: 200 len: 286 time: 0.0360897
2026-06-02 13:32:55.416 10 INFO neutron.api.wsgi [req-e9465444-3c1a-4b45-ac38-ce3b9692b36f req-309c2adb-167e-449b-9c26-68188be244b0 81c01b5d14254265a5e66bc2be48c0e7 ee3c111c85c24284baffa29ac6de9025 - - default default] 10.0.0.186 "GET /v2.0/security-groups?tenant_id=ee3c111c85c24284baffa29ac6de9025 HTTP/1.1" status: 200 len: 3125 time: 0.0656736
2026-06-02 13:32:55.419 10 INFO neutron.db.ovn_revision_numbers_db [None req-7cee9601-9add-4c14-8746-370600bff50e - - - - - -] Successfully bumped revision number for resource 61b3fae5-ff0c-4dc9-9d17-df5a06d11a02 (type: ports) to 2
2026-06-02 13:32:55.420 9 INFO neutron.db.ovn_revision_numbers_db [None req-640f3438-fb0e-4544-9f97-012ed120a70d - - - - - -] Successfully bumped revision number for resource 664d37ec-4cc8-4e02-8e4d-0988036f2b56 (type: ports) to 5
2026-06-02 13:32:55.469 10 INFO neutron.api.wsgi [req-e9465444-3c1a-4b45-ac38-ce3b9692b36f req-be56cfd7-c972-4c31-877d-cff8bdb620f8 81c01b5d14254265a5e66bc2be48c0e7 ee3c111c85c24284baffa29ac6de9025 - - default default] 10.0.0.186 "GET /v2.0/security-groups/8f27b4b3-15ac-44b4-986f-22e72a084b45 HTTP/1.1" status: 200 len: 3122 time: 0.0463154
2026-06-02 13:32:55.527 10 INFO neutron.api.wsgi [req-e9465444-3c1a-4b45-ac38-ce3b9692b36f req-722c4213-4e85-4893-924f-b3b2adb20977 81c01b5d14254265a5e66bc2be48c0e7 ee3c111c85c24284baffa29ac6de9025 - - default default] 10.0.0.186 "GET /v2.0/security-groups/8f27b4b3-15ac-44b4-986f-22e72a084b45 HTTP/1.1" status: 200 len: 3122 time: 0.0524361
2026-06-02 13:32:55.533 9 INFO neutron.api.wsgi [req-ab9636f2-0019-47e4-b815-bdf87322e0e6 req-0b5862dd-c68b-4067-a981-3279241f53df 04038dac12ee4d0dbb93b6e50745f21d b3590b50469e422baeb768c5d3a999c6 - - default default] 10.0.0.186 "GET /v2.0/ports?device_id=7f56da87-d913-43d9-a03c-38e06aa15740 HTTP/1.1" status: 200 len: 1174 time: 0.0853906 /var/lib/openstack/lib/python3.12/site-packages/pycadf/identifier.py:71: UserWarning: Invalid uuid: neutron. To ensure interoperability, identifiers should be a valid uuid. warnings.warn(('Invalid uuid: %s. To ensure interoperability, '
2026-06-02 13:32:55.587 10 INFO neutron.api.v2.resource [req-0b3c81ba-e9fb-46b9-86be-2682271e5d1b req-2ec5351a-960f-44af-af50-34da7f0c5163 81c01b5d14254265a5e66bc2be48c0e7 ee3c111c85c24284baffa29ac6de9025 - - default default] show failed (client error): The resource could not be found.
2026-06-02 13:32:55.588 10 INFO neutron.api.wsgi [req-0b3c81ba-e9fb-46b9-86be-2682271e5d1b req-2ec5351a-960f-44af-af50-34da7f0c5163 81c01b5d14254265a5e66bc2be48c0e7 ee3c111c85c24284baffa29ac6de9025 - - default default] 10.0.0.186 "GET /v2.0/security-groups/abd232c3-2999-49b3-b482-e6ccd1ccee23 HTTP/1.1" status: 404 len: 352 time: 0.0335779
2026-06-02 13:32:55.592 9 INFO neutron.api.wsgi [req-ab9636f2-0019-47e4-b815-bdf87322e0e6 req-1ebd51ec-370a-4aac-a7cf-02e2b09394b5 04038dac12ee4d0dbb93b6e50745f21d b3590b50469e422baeb768c5d3a999c6 - - default default] 10.0.0.186 "GET /v2.0/security-groups?id=75c3b9d8-5632-4978-8ace-0d918f8165e1&fields=id&fields=name HTTP/1.1" status: 200 len: 313 time: 0.0492847
2026-06-02 13:32:55.626 10 INFO neutron.api.v2.resource [req-95bb8864-df86-4e72-b672-8e0d4a52037a req-323aaf1f-7126-4d2d-b1f7-242e97d01ad0 81c01b5d14254265a5e66bc2be48c0e7 ee3c111c85c24284baffa29ac6de9025 - - default default] show failed (client error): The resource could not be found.
2026-06-02 13:32:55.627 10 INFO neutron.api.wsgi [req-95bb8864-df86-4e72-b672-8e0d4a52037a req-323aaf1f-7126-4d2d-b1f7-242e97d01ad0 81c01b5d14254265a5e66bc2be48c0e7 ee3c111c85c24284baffa29ac6de9025 - - default default] 10.0.0.186 "GET /v2.0/security-groups/449ea459-c108-4883-b231-32257b460030 HTTP/1.1" status: 404 len: 352 time: 0.0150623
2026-06-02 13:32:55.669 9 INFO neutron.api.v2.resource [req-5c5c7614-da73-4413-93f3-cb4194a0a0e9 req-e08e82da-fda2-45bb-a6c5-686cb119fa5b 81c01b5d14254265a5e66bc2be48c0e7 ee3c111c85c24284baffa29ac6de9025 - - default default] show failed (client error): The resource could not be found.
2026-06-02 13:32:55.670 9 INFO neutron.api.wsgi [req-5c5c7614-da73-4413-93f3-cb4194a0a0e9 req-e08e82da-fda2-45bb-a6c5-686cb119fa5b 81c01b5d14254265a5e66bc2be48c0e7 ee3c111c85c24284baffa29ac6de9025 - - default default] 10.0.0.186 "GET /v2.0/security-groups/b0def75a-11b5-4aa0-913e-858fe1a29bae HTTP/1.1" status: 404 len: 352 time: 0.0139704
2026-06-02 13:32:55.830 10 INFO neutron.api.wsgi [req-dcefb36c-9fd5-43c1-83cf-9ca21a4fcf53 req-66815ec1-7b27-4e7e-952e-06f719d340ce c85337671d3d4de7a3cbf7922049cc43 d031517615d54babb82f55acf0a72347 - - default default] 10.0.0.186 "GET /v2.0/ports?device_id=b083be91-0ee0-4769-a128-498c6ec4a8f7 HTTP/1.1" status: 200 len: 1172 time: 0.0307987
2026-06-02 13:32:55.884 10 INFO neutron.api.wsgi [req-dcefb36c-9fd5-43c1-83cf-9ca21a4fcf53 req-7ed061b2-06ce-472d-8a5c-c3ef178fe430 c85337671d3d4de7a3cbf7922049cc43 d031517615d54babb82f55acf0a72347 - - default default] 10.0.0.186 "GET /v2.0/security-groups?id=6935779e-6465-4b0d-8c1e-1c8de2d44435&fields=id&fields=name HTTP/1.1" status: 200 len: 311 time: 0.0464473
2026-06-02 13:32:56.490 9 INFO neutron.api.wsgi [req-34b75b1a-997d-4c65-9f25-5a0e54ccca3f req-195a39e9-d4d4-418d-88ac-067e87cadd8e 0b78e7991e5047ee9379ceef5903ea09 564cd2d964104e65b34c229b0a58c299 - - default default] 10.0.0.186 "GET /v2.0/ports?device_id=8f65015c-a95b-4c54-b6c8-ba31645c6444 HTTP/1.1" status: 200 len: 1170 time: 0.0371897
2026-06-02 13:32:56.536 9 INFO neutron.api.wsgi [req-34b75b1a-997d-4c65-9f25-5a0e54ccca3f req-ff1fda15-bc53-4d28-a3c7-c2fd8129f389 0b78e7991e5047ee9379ceef5903ea09 564cd2d964104e65b34c229b0a58c299 - - default default] 10.0.0.186 "GET /v2.0/security-groups?id=63297058-daf4-4209-91c6-c227bbcd2f30&fields=id&fields=name HTTP/1.1" status: 200 len: 286 time: 0.0402465
2026-06-02 13:32:56.701 9 INFO neutron.api.wsgi [req-9f5588ad-1dc9-4d70-bc9d-f999fa1e34ca req-3efa2ac3-ebc1-401a-80d1-528e8b92468f 04038dac12ee4d0dbb93b6e50745f21d b3590b50469e422baeb768c5d3a999c6 - - default default] 10.0.0.186 "GET /v2.0/ports?device_id=7f56da87-d913-43d9-a03c-38e06aa15740 HTTP/1.1" status: 200 len: 1174 time: 0.0408361
2026-06-02 13:32:56.750 9 INFO neutron.api.wsgi [req-9f5588ad-1dc9-4d70-bc9d-f999fa1e34ca req-d29b14c7-9bd9-46fb-a31b-fead8a125eb2 04038dac12ee4d0dbb93b6e50745f21d b3590b50469e422baeb768c5d3a999c6 - - default default] 10.0.0.186 "GET /v2.0/security-groups?id=75c3b9d8-5632-4978-8ace-0d918f8165e1&fields=id&fields=name HTTP/1.1" status: 200 len: 313 time: 0.0441332
2026-06-02 13:32:57.004 9 INFO neutron.api.wsgi [req-b084751c-2d69-48f8-9b73-fb12077d8b25 req-a5ecb2b1-ed38-4f05-b560-46c986171326 c85337671d3d4de7a3cbf7922049cc43 d031517615d54babb82f55acf0a72347 - - default default] 10.0.0.186 "GET /v2.0/ports?device_id=b083be91-0ee0-4769-a128-498c6ec4a8f7 HTTP/1.1" status: 200 len: 1172 time: 0.0437109
2026-06-02 13:32:57.063 10 INFO neutron.api.wsgi [req-41400dc1-b38b-41b8-88a1-0c0b08a114b7 req-c7732d78-1416-4f0c-ab63-e3bfaea5e979 0b78e7991e5047ee9379ceef5903ea09 564cd2d964104e65b34c229b0a58c299 - - default default] 10.0.0.186 "GET /v2.0/ports?device_id=8f65015c-a95b-4c54-b6c8-ba31645c6444 HTTP/1.1" status: 200 len: 1170 time: 0.0864158
2026-06-02 13:32:57.076 9 INFO neutron.api.wsgi [req-b084751c-2d69-48f8-9b73-fb12077d8b25 req-a253fa31-c4c1-4558-8778-b59272cc220e c85337671d3d4de7a3cbf7922049cc43 d031517615d54babb82f55acf0a72347 - - default default] 10.0.0.186 "GET /v2.0/security-groups?id=6935779e-6465-4b0d-8c1e-1c8de2d44435&fields=id&fields=name HTTP/1.1" status: 200 len: 311 time: 0.0632098
2026-06-02 13:32:57.130 10 INFO neutron.api.wsgi [req-41400dc1-b38b-41b8-88a1-0c0b08a114b7 req-ff2802cc-84bd-44b9-804a-f0bdbe9c6bc3 0b78e7991e5047ee9379ceef5903ea09 564cd2d964104e65b34c229b0a58c299 - - default default] 10.0.0.186 "GET /v2.0/security-groups?id=63297058-daf4-4209-91c6-c227bbcd2f30&fields=id&fields=name HTTP/1.1" status: 200 len: 286 time: 0.0599482
2026-06-02 13:32:57.189 9 INFO neutron.api.wsgi [None req-4074f681-31c0-43a2-b8e2-13df5dcecf4a 137ec43846084a089afdae182b4e0dbd 294e0993ebdb4c8ab84944346059036f - - default default] 10.0.0.79 "PUT /v2.0/routers/55a3eafd-a448-40c6-b1f4-218e9aa64f5e/remove_router_interface HTTP/1.1" status: 200 len: 503 time: 1.5055077
2026-06-02 13:32:57.310 9 INFO neutron.notifiers.nova [-] Nova event matching ['req-410fa9f3-d41f-4cec-be1c-1370c060eef5'] response: {'server_uuid': '8f65015c-a95b-4c54-b6c8-ba31645c6444', 'name': 'network-vif-plugged', 'status': 'completed', 'tag': '686fb706-3130-47b2-9ddc-098ed9e66358', 'code': 200}
2026-06-02 13:32:57.311 9 INFO neutron.notifiers.nova [-] Nova event matching ['req-410fa9f3-d41f-4cec-be1c-1370c060eef5'] response: {'server_uuid': '7f56da87-d913-43d9-a03c-38e06aa15740', 'name': 'network-vif-plugged', 'status': 'completed', 'tag': '664d37ec-4cc8-4e02-8e4d-0988036f2b56', 'code': 200}
2026-06-02 13:32:57.311 9 INFO neutron.notifiers.nova [-] Nova event matching ['req-410fa9f3-d41f-4cec-be1c-1370c060eef5'] response: {'server_uuid': '7f56da87-d913-43d9-a03c-38e06aa15740', 'name': 'network-vif-plugged', 'status': 'completed', 'tag': '664d37ec-4cc8-4e02-8e4d-0988036f2b56', 'code': 200}
2026-06-02 13:32:57.451 9 INFO neutron.plugins.ml2.drivers.ovn.mech_driver.mech_driver [None req-9e4e5a74-21f0-4054-9060-5e1f0707c7c4 - - - - - -] OVN reports status down for port: 686fb706-3130-47b2-9ddc-098ed9e66358
2026-06-02 13:32:57.739 9 INFO neutron.db.ovn_revision_numbers_db [None req-9e4e5a74-21f0-4054-9060-5e1f0707c7c4 - - - - - -] Successfully bumped revision number for resource 686fb706-3130-47b2-9ddc-098ed9e66358 (type: ports) to 6
2026-06-02 13:32:57.956 10 INFO neutron.api.wsgi [req-376bedbd-2f27-4d15-8f08-5c204f786788 req-1f187dc5-4280-4992-a5d9-f6f0cb7df613 04038dac12ee4d0dbb93b6e50745f21d b3590b50469e422baeb768c5d3a999c6 - - default default] 10.0.0.186 "GET /v2.0/ports?device_id=7f56da87-d913-43d9-a03c-38e06aa15740 HTTP/1.1" status: 200 len: 1174 time: 0.1283510
2026-06-02 13:32:57.972 10 INFO neutron.api.wsgi [None req-a8697906-bb92-4db1-b8c2-e8b1303539d3 137ec43846084a089afdae182b4e0dbd 294e0993ebdb4c8ab84944346059036f - - default default] 10.0.0.79 "DELETE /v2.0/routers/55a3eafd-a448-40c6-b1f4-218e9aa64f5e HTTP/1.1" status: 204 len: 168 time: 0.7772124 /var/lib/openstack/lib/python3.12/site-packages/pycadf/identifier.py:71: UserWarning: Invalid uuid: neutron. To ensure interoperability, identifiers should be a valid uuid. warnings.warn(('Invalid uuid: %s. To ensure interoperability, '
2026-06-02 13:32:58.003 10 INFO neutron.api.wsgi [req-376bedbd-2f27-4d15-8f08-5c204f786788 req-b0501a0d-e8b0-4708-a728-5e023576f91e 04038dac12ee4d0dbb93b6e50745f21d b3590b50469e422baeb768c5d3a999c6 - - default default] 10.0.0.186 "GET /v2.0/security-groups?id=75c3b9d8-5632-4978-8ace-0d918f8165e1&fields=id&fields=name HTTP/1.1" status: 200 len: 313 time: 0.0385606
2026-06-02 13:32:58.136 9 INFO neutron.api.wsgi [None req-3186e5e7-0c3f-43a0-ba8e-fceab73feba5 137ec43846084a089afdae182b4e0dbd 294e0993ebdb4c8ab84944346059036f - - default default] 10.0.0.79 "DELETE /v2.0/subnets/7e3479b4-fbe3-415f-86d7-9242310197ac HTTP/1.1" status: 204 len: 168 time: 0.1569688
2026-06-02 13:32:58.203 9 INFO neutron.api.wsgi [req-265c20ad-3d2d-4c48-b335-fb20f29939fd req-962df6fa-64bd-4edd-bf3b-c2c701d21399 c85337671d3d4de7a3cbf7922049cc43 d031517615d54babb82f55acf0a72347 - - default default] 10.0.0.186 "GET /v2.0/ports?device_id=b083be91-0ee0-4769-a128-498c6ec4a8f7 HTTP/1.1" status: 200 len: 1172 time: 0.0551183
2026-06-02 13:32:58.231 10 INFO neutron.api.wsgi [req-abe75288-f41d-4c9f-99ec-2dc3a887a264 req-fc129160-3999-4db7-a17e-3ae8bedb62ba 0b78e7991e5047ee9379ceef5903ea09 564cd2d964104e65b34c229b0a58c299 - - default default] 10.0.0.186 "GET /v2.0/ports?device_id=8f65015c-a95b-4c54-b6c8-ba31645c6444 HTTP/1.1" status: 200 len: 1168 time: 0.0399568
2026-06-02 13:32:58.246 9 INFO neutron.api.wsgi [req-265c20ad-3d2d-4c48-b335-fb20f29939fd req-36673d4d-e51b-44cd-a07d-f8215cd09479 c85337671d3d4de7a3cbf7922049cc43 d031517615d54babb82f55acf0a72347 - - default default] 10.0.0.186 "GET /v2.0/security-groups?id=6935779e-6465-4b0d-8c1e-1c8de2d44435&fields=id&fields=name HTTP/1.1" status: 200 len: 311 time: 0.0378327
2026-06-02 13:32:58.268 10 INFO neutron.api.wsgi [req-abe75288-f41d-4c9f-99ec-2dc3a887a264 req-247d5005-74ab-4132-9adf-acc29ce2ea47 0b78e7991e5047ee9379ceef5903ea09 564cd2d964104e65b34c229b0a58c299 - - default default] 10.0.0.186 "GET /v2.0/security-groups?id=63297058-daf4-4209-91c6-c227bbcd2f30&fields=id&fields=name HTTP/1.1" status: 200 len: 286 time: 0.0311697
2026-06-02 13:32:58.439 9 INFO neutron.services.segments.plugin [-] Segment 33e39002-6d34-485e-b161-dc093025ef91 resource provider aggregate not found
2026-06-02 13:32:58.445 9 INFO neutron.services.segments.plugin [-] Segment 33e39002-6d34-485e-b161-dc093025ef91 resource provider aggregate not found
2026-06-02 13:32:58.452 9 INFO neutron.services.segments.plugin [-] Segment 33e39002-6d34-485e-b161-dc093025ef91 resource provider not found; error: Placement Client Error (4xx): {"errors": [{"status": 404, "title": "Not Found", "detail": "The resource could not be found.\n\n No resource provider with uuid 33e39002-6d34-485e-b161-dc093025ef91 found for delete ", "request_id": "req-36cd4dd5-ee50-4a8e-9255-9e2e4db89204"}]}
2026-06-02 13:32:58.454 9 INFO neutron.services.segments.plugin [-] Segment 33e39002-6d34-485e-b161-dc093025ef91 resource provider not found; error: Placement Client Error (4xx): {"errors": [{"status": 404, "title": "Not Found", "detail": "The resource could not be found.\n\n No resource provider with uuid 33e39002-6d34-485e-b161-dc093025ef91 found for delete ", "request_id": "req-a856f9e8-a5e1-45a8-9ace-dce8429041e8"}]}
2026-06-02 13:32:58.478 9 INFO neutron.api.wsgi [None req-bb166a30-0dae-46bc-95e9-9823f4a241fa 137ec43846084a089afdae182b4e0dbd 294e0993ebdb4c8ab84944346059036f - - default default] 10.0.0.79 "DELETE /v2.0/networks/04af9702-7b15-4706-83d4-2c830c7cd69f HTTP/1.1" status: 204 len: 168 time: 0.3367369
2026-06-02 13:32:58.628 9 INFO neutron.api.wsgi [None req-f4162167-69b5-4740-9650-f0b7c6a3a4bd 137ec43846084a089afdae182b4e0dbd 294e0993ebdb4c8ab84944346059036f - - default default] 10.0.0.79 "GET /v2.0/security-groups?tenant_id=ee3c111c85c24284baffa29ac6de9025&name=default HTTP/1.1" status: 200 len: 3120 time: 0.0363090
2026-06-02 13:32:58.719 10 INFO neutron.api.wsgi [req-49bd55ec-e122-4c30-86b2-247cf2afbf2d req-414f491c-6fec-40fe-8643-bd1ccac13b8b 0b78e7991e5047ee9379ceef5903ea09 564cd2d964104e65b34c229b0a58c299 - - default default] 199.204.45.4 "GET /v2.0/ports?device_id=8f65015c-a95b-4c54-b6c8-ba31645c6444 HTTP/1.1" status: 200 len: 1168 time: 0.0491767
2026-06-02 13:32:58.810 9 INFO neutron.api.wsgi [None req-271e6459-44fc-427c-847b-3ae7ece191e3 137ec43846084a089afdae182b4e0dbd 294e0993ebdb4c8ab84944346059036f - - default default] 10.0.0.79 "DELETE /v2.0/security-groups/8f27b4b3-15ac-44b4-986f-22e72a084b45 HTTP/1.1" status: 204 len: 168 time: 0.1775939
2026-06-02 13:32:59.023 10 INFO neutron.api.wsgi [req-49bd55ec-e122-4c30-86b2-247cf2afbf2d req-e4e6fa96-3619-41cc-9438-2e8ab99732a2 0b78e7991e5047ee9379ceef5903ea09 564cd2d964104e65b34c229b0a58c299 - - default default] 199.204.45.4 "DELETE /v2.0/ports/686fb706-3130-47b2-9ddc-098ed9e66358 HTTP/1.1" status: 204 len: 173 time: 0.3005078
2026-06-02 13:32:59.059 10 INFO neutron.notifiers.nova [-] Nova event matching ['req-a924e975-1ab3-45c4-8437-10b074dbbf4c'] response: {'server_uuid': '8f65015c-a95b-4c54-b6c8-ba31645c6444', 'name': 'network-vif-deleted', 'tag': '686fb706-3130-47b2-9ddc-098ed9e66358', 'status': 'completed', 'code': 200}
2026-06-02 13:32:59.111 10 INFO neutron.api.wsgi [req-84812174-06ad-4f33-85fe-7f95c2466b95 req-f366b3de-e012-4352-88a2-ae8c7f15d632 04038dac12ee4d0dbb93b6e50745f21d b3590b50469e422baeb768c5d3a999c6 - - default default] 10.0.0.186 "GET /v2.0/ports?device_id=7f56da87-d913-43d9-a03c-38e06aa15740 HTTP/1.1" status: 200 len: 1174 time: 0.0332003
2026-06-02 13:32:59.140 10 INFO neutron.api.wsgi [req-84812174-06ad-4f33-85fe-7f95c2466b95 req-e6f7d89a-bbd7-4e3a-802d-c665767dd209 04038dac12ee4d0dbb93b6e50745f21d b3590b50469e422baeb768c5d3a999c6 - - default default] 10.0.0.186 "GET /v2.0/security-groups?id=75c3b9d8-5632-4978-8ace-0d918f8165e1&fields=id&fields=name HTTP/1.1" status: 200 len: 313 time: 0.0229132
2026-06-02 13:32:59.247 9 INFO neutron.api.wsgi [req-efa83764-fe41-466c-ae0b-633f4401f8e9 req-a4026a35-4c77-4220-83fd-d8170433b9a1 04038dac12ee4d0dbb93b6e50745f21d b3590b50469e422baeb768c5d3a999c6 - - default default] 10.0.0.186 "GET /v2.0/ports?device_id=7f56da87-d913-43d9-a03c-38e06aa15740 HTTP/1.1" status: 200 len: 1174 time: 0.0348191
2026-06-02 13:32:59.356 9 INFO neutron.api.wsgi [req-de42d467-b08a-46e2-bb9a-3c3a502997ae req-617146d0-5e18-4e11-9d74-7cd737a0a9dd 0b78e7991e5047ee9379ceef5903ea09 564cd2d964104e65b34c229b0a58c299 - - default default] 10.0.0.186 "GET /v2.0/ports?device_id=8f65015c-a95b-4c54-b6c8-ba31645c6444 HTTP/1.1" status: 200 len: 210 time: 0.0185592
2026-06-02 13:32:59.399 10 INFO neutron.api.wsgi [req-a61ae895-1be3-4ee8-8b1b-1c33086af6ef req-f378e5f8-9e65-4f98-a0a5-0702c1fb7977 c85337671d3d4de7a3cbf7922049cc43 d031517615d54babb82f55acf0a72347 - - default default] 10.0.0.186 "GET /v2.0/ports?device_id=b083be91-0ee0-4769-a128-498c6ec4a8f7 HTTP/1.1" status: 200 len: 1172 time: 0.0889428
2026-06-02 13:32:59.422 9 INFO neutron.notifiers.nova [-] Nova event matching ['req-c3669df3-5ef8-4911-a67d-7ac2f0894fb6'] response: {'server_uuid': '8f65015c-a95b-4c54-b6c8-ba31645c6444', 'name': 'network-vif-unplugged', 'status': 'completed', 'tag': '686fb706-3130-47b2-9ddc-098ed9e66358', 'code': 200}
2026-06-02 13:32:59.422 9 INFO neutron.notifiers.nova [-] Nova event matching ['req-c3669df3-5ef8-4911-a67d-7ac2f0894fb6'] response: {'server_uuid': '8f65015c-a95b-4c54-b6c8-ba31645c6444', 'name': 'network-vif-unplugged', 'status': 'completed', 'tag': '686fb706-3130-47b2-9ddc-098ed9e66358', 'code': 200}
2026-06-02 13:32:59.439 10 INFO neutron.api.wsgi [req-a61ae895-1be3-4ee8-8b1b-1c33086af6ef req-d0d6b388-a76d-4434-9399-e5dfa6bf3452 c85337671d3d4de7a3cbf7922049cc43 d031517615d54babb82f55acf0a72347 - - default default] 10.0.0.186 "GET /v2.0/security-groups?id=6935779e-6465-4b0d-8c1e-1c8de2d44435&fields=id&fields=name HTTP/1.1" status: 200 len: 311 time: 0.0334992
2026-06-02 13:33:00.102 9 INFO neutron.db.ovn_revision_numbers_db [None req-539d60c3-faae-4d05-88ed-d9da26bb1a36 04038dac12ee4d0dbb93b6e50745f21d b3590b50469e422baeb768c5d3a999c6 - - default default] Successfully bumped revision number for resource 007c242b-cbac-495c-9bf0-677ba09f3c64 (type: floatingips) to 1
2026-06-02 13:33:00.223 9 INFO neutron.db.ovn_revision_numbers_db [None req-539d60c3-faae-4d05-88ed-d9da26bb1a36 04038dac12ee4d0dbb93b6e50745f21d b3590b50469e422baeb768c5d3a999c6 - - default default] Successfully bumped revision number for resource 007c242b-cbac-495c-9bf0-677ba09f3c64 (type: floatingips) to 2
2026-06-02 13:33:00.223 9 INFO neutron.db.l3_db [None req-539d60c3-faae-4d05-88ed-d9da26bb1a36 04038dac12ee4d0dbb93b6e50745f21d b3590b50469e422baeb768c5d3a999c6 - - default default] Floating IP 007c242b-cbac-495c-9bf0-677ba09f3c64 associated. External IP: 10.96.250.204, port: 664d37ec-4cc8-4e02-8e4d-0988036f2b56.
2026-06-02 13:33:00.262 9 INFO neutron.api.wsgi [None req-539d60c3-faae-4d05-88ed-d9da26bb1a36 04038dac12ee4d0dbb93b6e50745f21d b3590b50469e422baeb768c5d3a999c6 - - default default] 10.0.0.79 "PUT /v2.0/floatingips/007c242b-cbac-495c-9bf0-677ba09f3c64 HTTP/1.1" status: 200 len: 1050 time: 1.0037649 /var/lib/openstack/lib/python3.12/site-packages/pycadf/identifier.py:71: UserWarning: Invalid uuid: neutron. To ensure interoperability, identifiers should be a valid uuid. warnings.warn(('Invalid uuid: %s. To ensure interoperability, '
2026-06-02 13:33:00.338 9 INFO neutron.api.wsgi [req-921e132b-4763-4dc6-a574-38bb1c2d4557 req-7f4fd8ec-0b01-44e6-976f-a64f4991c5af 04038dac12ee4d0dbb93b6e50745f21d b3590b50469e422baeb768c5d3a999c6 - - default default] 10.0.0.186 "GET /v2.0/ports?device_id=7f56da87-d913-43d9-a03c-38e06aa15740 HTTP/1.1" status: 200 len: 1174 time: 0.0332737
2026-06-02 13:33:00.382 9 INFO neutron.api.wsgi [req-921e132b-4763-4dc6-a574-38bb1c2d4557 req-cb29d61d-594c-4a60-b4f6-64c1ef46a010 04038dac12ee4d0dbb93b6e50745f21d b3590b50469e422baeb768c5d3a999c6 - - default default] 10.0.0.186 "GET /v2.0/security-groups?id=75c3b9d8-5632-4978-8ace-0d918f8165e1&fields=id&fields=name HTTP/1.1" status: 200 len: 313 time: 0.0360708
2026-06-02 13:33:00.462 10 INFO neutron.api.wsgi [req-4e5cc164-822e-4f6e-9de5-18dcbd9db71a req-2a680f93-1803-4e75-9109-f251a439d5bc 0b78e7991e5047ee9379ceef5903ea09 564cd2d964104e65b34c229b0a58c299 - - default default] 10.0.0.186 "GET /v2.0/ports?device_id=8f65015c-a95b-4c54-b6c8-ba31645c6444 HTTP/1.1" status: 200 len: 210 time: 0.0183125
2026-06-02 13:33:00.533 10 INFO neutron.api.wsgi [req-383213d0-5798-489a-9aec-ccb5d3ac2300 req-1a5333fd-4842-4637-9138-95e4e1b21f32 c85337671d3d4de7a3cbf7922049cc43 d031517615d54babb82f55acf0a72347 - - default default] 10.0.0.186 "GET /v2.0/ports?device_id=b083be91-0ee0-4769-a128-498c6ec4a8f7 HTTP/1.1" status: 200 len: 1172 time: 0.0327730
2026-06-02 13:33:00.574 10 INFO neutron.api.wsgi [req-383213d0-5798-489a-9aec-ccb5d3ac2300 req-282fd330-8166-4bd7-bccb-564d5bf95935 c85337671d3d4de7a3cbf7922049cc43 d031517615d54babb82f55acf0a72347 - - default default] 10.0.0.186 "GET /v2.0/security-groups?id=6935779e-6465-4b0d-8c1e-1c8de2d44435&fields=id&fields=name HTTP/1.1" status: 200 len: 311 time: 0.0366881
2026-06-02 13:33:00.689 10 WARNING neutron.plugins.ml2.drivers.ovn.mech_driver.ovsdb.ovn_client [None req-d2df97a2-d0b7-4242-bf22-19202422a0a3 - - - - - -] No port found with ID 61b3fae5-ff0c-4dc9-9d17-df5a06d11a02: RuntimeError: No port found with ID 61b3fae5-ff0c-4dc9-9d17-df5a06d11a02
2026-06-02 13:33:00.701 10 INFO neutron.plugins.ml2.drivers.ovn.mech_driver.mech_driver [None req-d2df97a2-d0b7-4242-bf22-19202422a0a3 - - - - - -] OVN reports status up for port: 94d08907-0c5b-409a-95b8-da2b4eab6406
2026-06-02 13:33:00.727 10 INFO neutron.plugins.ml2.plugin [None req-d2df97a2-d0b7-4242-bf22-19202422a0a3 - - - - - -] Attempt 1 to provision port 94d08907-0c5b-409a-95b8-da2b4eab6406
2026-06-02 13:33:00.737 10 INFO neutron.api.wsgi [req-e1ee9173-a7f3-4691-8d54-2073f3348dfd req-81ba61e9-abf4-41a7-8e6c-96320ea83a1f 04038dac12ee4d0dbb93b6e50745f21d b3590b50469e422baeb768c5d3a999c6 - - default default] 10.0.0.186 "GET /v2.0/ports?device_id=7f56da87-d913-43d9-a03c-38e06aa15740 HTTP/1.1" status: 200 len: 1174 time: 0.0367858
2026-06-02 13:33:00.788 10 INFO neutron.api.wsgi [req-e1ee9173-a7f3-4691-8d54-2073f3348dfd req-a4d9c6f7-cc84-41da-b901-a72ae6f8ff53 04038dac12ee4d0dbb93b6e50745f21d b3590b50469e422baeb768c5d3a999c6 - - default default] 10.0.0.186 "GET /v2.0/security-groups?id=75c3b9d8-5632-4978-8ace-0d918f8165e1&fields=id&fields=name HTTP/1.1" status: 200 len: 313 time: 0.0442123
2026-06-02 13:33:00.878 10 INFO neutron.db.ovn_revision_numbers_db [None req-1283352b-9edf-499c-9711-e79b0b921c5b 137ec43846084a089afdae182b4e0dbd 294e0993ebdb4c8ab84944346059036f - - default default] Successfully bumped revision number for resource 692d1794-bc58-4c3c-a69f-0ab24be90fdf (type: security_groups) to 1
2026-06-02 13:33:00.891 10 INFO neutron.db.ovn_revision_numbers_db [None req-1283352b-9edf-499c-9711-e79b0b921c5b 137ec43846084a089afdae182b4e0dbd 294e0993ebdb4c8ab84944346059036f - - default default] Successfully bumped revision number for resource 2b071d8b-4474-4f7b-9e61-a0acb60a1c49 (type: security_group_rules) to 0
2026-06-02 13:33:00.906 10 INFO neutron.db.ovn_revision_numbers_db [None req-1283352b-9edf-499c-9711-e79b0b921c5b 137ec43846084a089afdae182b4e0dbd 294e0993ebdb4c8ab84944346059036f - - default default] Successfully bumped revision number for resource 3d25ead9-0908-4062-a4d2-f63a1dac85f9 (type: security_group_rules) to 0
2026-06-02 13:33:00.918 10 INFO neutron.db.ovn_revision_numbers_db [None req-1283352b-9edf-499c-9711-e79b0b921c5b 137ec43846084a089afdae182b4e0dbd 294e0993ebdb4c8ab84944346059036f - - default default] Successfully bumped revision number for resource 41060019-1789-489d-924b-f9bc90a70afa (type: security_group_rules) to 0
2026-06-02 13:33:00.931 10 INFO neutron.db.ovn_revision_numbers_db [None req-1283352b-9edf-499c-9711-e79b0b921c5b 137ec43846084a089afdae182b4e0dbd 294e0993ebdb4c8ab84944346059036f - - default default] Successfully bumped revision number for resource 5bc0b9b8-b16c-4e8e-aa41-0a428f62f4b9 (type: security_group_rules) to 0
2026-06-02 13:33:00.979 10 INFO neutron.db.ovn_revision_numbers_db [None req-d2df97a2-d0b7-4242-bf22-19202422a0a3 - - - - - -] Successfully bumped revision number for resource 94d08907-0c5b-409a-95b8-da2b4eab6406 (type: ports) to 5
2026-06-02 13:33:01.005 10 INFO neutron.db.segments_db [None req-1283352b-9edf-499c-9711-e79b0b921c5b 137ec43846084a089afdae182b4e0dbd 294e0993ebdb4c8ab84944346059036f - - default default] Added segment a8f7dab7-6368-46fe-8318-f878bb90cfb2 of type geneve for network 50c27b58-23f8-40a8-a405-dd522cd3f779
2026-06-02 13:33:01.094 10 INFO neutron.notifiers.nova [-] Nova event matching ['req-273842c1-1c9b-4a97-83ad-98e39b9a2c19'] response: {'server_uuid': 'b083be91-0ee0-4769-a128-498c6ec4a8f7', 'name': 'network-vif-plugged', 'status': 'completed', 'tag': '94d08907-0c5b-409a-95b8-da2b4eab6406', 'code': 200}
2026-06-02 13:33:01.094 10 INFO neutron.notifiers.nova [-] Nova event matching ['req-273842c1-1c9b-4a97-83ad-98e39b9a2c19'] response: {'server_uuid': 'b083be91-0ee0-4769-a128-498c6ec4a8f7', 'name': 'network-vif-plugged', 'status': 'completed', 'tag': '94d08907-0c5b-409a-95b8-da2b4eab6406', 'code': 200}
2026-06-02 13:33:01.134 10 INFO neutron.db.ovn_revision_numbers_db [None req-1283352b-9edf-499c-9711-e79b0b921c5b 137ec43846084a089afdae182b4e0dbd 294e0993ebdb4c8ab84944346059036f - - default default] Successfully bumped revision number for resource 50c27b58-23f8-40a8-a405-dd522cd3f779 (type: networks) to 1
2026-06-02 13:33:01.275 9 INFO neutron.plugins.ml2.drivers.ovn.mech_driver.mech_driver [None req-9f1c09ea-e33f-42a0-8e38-a2159bafdda1 - - - - - -] OVN reports status down for port: 664d37ec-4cc8-4e02-8e4d-0988036f2b56
2026-06-02 13:33:01.344 10 WARNING neutron.scheduler.dhcp_agent_scheduler [None req-1283352b-9edf-499c-9711-e79b0b921c5b 137ec43846084a089afdae182b4e0dbd 294e0993ebdb4c8ab84944346059036f - - default default] No more DHCP agents
2026-06-02 13:33:01.345 10 WARNING neutron.api.rpc.agentnotifiers.dhcp_rpc_agent_api [None req-1283352b-9edf-499c-9711-e79b0b921c5b 137ec43846084a089afdae182b4e0dbd 294e0993ebdb4c8ab84944346059036f - - default default] Unable to schedule network 50c27b58-23f8-40a8-a405-dd522cd3f779: no agents available; will retry on subsequent port and subnet creation events.
2026-06-02 13:33:01.433 10 INFO neutron.db.ovn_revision_numbers_db [None req-1283352b-9edf-499c-9711-e79b0b921c5b 137ec43846084a089afdae182b4e0dbd 294e0993ebdb4c8ab84944346059036f - - default default] Successfully bumped revision number for resource a5f90113-c4a6-43f6-8048-a1e99e833f43 (type: ports) to 1
2026-06-02 13:33:01.468 10 INFO neutron.api.wsgi [None req-1283352b-9edf-499c-9711-e79b0b921c5b 137ec43846084a089afdae182b4e0dbd 294e0993ebdb4c8ab84944346059036f - - default default] 10.0.0.79 "POST /v2.0/networks HTTP/1.1" status: 201 len: 949 time: 0.9003468
2026-06-02 13:33:01.473 9 INFO neutron.notifiers.nova [-] Nova event matching ['req-bf867700-494b-464d-84a3-70b2253d1533'] response: {'name': 'network-changed', 'server_uuid': '7f56da87-d913-43d9-a03c-38e06aa15740', 'tag': '664d37ec-4cc8-4e02-8e4d-0988036f2b56', 'status': 'completed', 'code': 200}
2026-06-02 13:33:01.474 9 INFO neutron.notifiers.nova [-] Nova event matching ['req-bf867700-494b-464d-84a3-70b2253d1533'] response: {'server_uuid': '7f56da87-d913-43d9-a03c-38e06aa15740', 'name': 'network-vif-unplugged', 'status': 'completed', 'tag': '664d37ec-4cc8-4e02-8e4d-0988036f2b56', 'code': 200} /var/lib/openstack/lib/python3.12/site-packages/pycadf/identifier.py:71: UserWarning: Invalid uuid: neutron. To ensure interoperability, identifiers should be a valid uuid. warnings.warn(('Invalid uuid: %s. To ensure interoperability, '
2026-06-02 13:33:01.483 15 INFO neutron.plugins.ml2.drivers.ovn.mech_driver.ovsdb.maintenance [None req-b399ecb4-8c4d-4842-9ec7-2b4de7da785d - - - - - -] OVN maintenance task check_for_inconsistencies finished in 0.192 seconds
2026-06-02 13:33:01.563 9 INFO neutron.api.wsgi [req-2e10c9bf-9fe7-46dd-8990-6a48e9815912 req-4c8e6b77-6458-4142-85ca-3eeca9a02b40 0b78e7991e5047ee9379ceef5903ea09 564cd2d964104e65b34c229b0a58c299 - - default default] 10.0.0.186 "GET /v2.0/ports?device_id=8f65015c-a95b-4c54-b6c8-ba31645c6444 HTTP/1.1" status: 200 len: 210 time: 0.0197382
2026-06-02 13:33:01.576 9 INFO neutron.db.ovn_revision_numbers_db [None req-9f1c09ea-e33f-42a0-8e38-a2159bafdda1 - - - - - -] Successfully bumped revision number for resource 664d37ec-4cc8-4e02-8e4d-0988036f2b56 (type: ports) to 6
2026-06-02 13:33:01.788 10 WARNING neutron.scheduler.dhcp_agent_scheduler [None req-7fe5c05c-0b97-47a2-b734-7f1a597ac174 137ec43846084a089afdae182b4e0dbd 294e0993ebdb4c8ab84944346059036f - - default default] No more DHCP agents
2026-06-02 13:33:01.793 10 INFO neutron.api.wsgi [req-1c149405-e18b-4cef-a148-1d85c8f87a88 req-940925aa-e17f-42e7-8702-fe9e56cc88da c85337671d3d4de7a3cbf7922049cc43 d031517615d54babb82f55acf0a72347 - - default default] 10.0.0.186 "GET /v2.0/ports?device_id=b083be91-0ee0-4769-a128-498c6ec4a8f7 HTTP/1.1" status: 200 len: 1174 time: 0.0286548
2026-06-02 13:33:01.793 10 WARNING neutron.api.rpc.agentnotifiers.dhcp_rpc_agent_api [None req-7fe5c05c-0b97-47a2-b734-7f1a597ac174 137ec43846084a089afdae182b4e0dbd 294e0993ebdb4c8ab84944346059036f - - default default] Unable to schedule network 50c27b58-23f8-40a8-a405-dd522cd3f779: no agents available; will retry on subsequent port and subnet creation events.
2026-06-02 13:33:01.834 10 INFO neutron.api.wsgi [req-1c149405-e18b-4cef-a148-1d85c8f87a88 req-1974fbc3-6f5f-48f3-9f8d-16729512491d c85337671d3d4de7a3cbf7922049cc43 d031517615d54babb82f55acf0a72347 - - default default] 10.0.0.186 "GET /v2.0/security-groups?id=6935779e-6465-4b0d-8c1e-1c8de2d44435&fields=id&fields=name HTTP/1.1" status: 200 len: 311 time: 0.0322340 /var/lib/openstack/lib/python3.12/site-packages/pycadf/identifier.py:71: UserWarning: Invalid uuid: neutron. To ensure interoperability, identifiers should be a valid uuid. warnings.warn(('Invalid uuid: %s. To ensure interoperability, '
2026-06-02 13:33:01.912 9 INFO neutron.api.wsgi [req-014e5719-6f6d-41ee-bbb3-b31e2d5c2c04 req-880450f2-13dc-44d9-8d48-5bb05797afc9 04038dac12ee4d0dbb93b6e50745f21d b3590b50469e422baeb768c5d3a999c6 - - default default] 10.0.0.186 "GET /v2.0/ports?device_id=7f56da87-d913-43d9-a03c-38e06aa15740 HTTP/1.1" status: 200 len: 1172 time: 0.0640340
2026-06-02 13:33:01.944 9 INFO neutron.api.wsgi [req-014e5719-6f6d-41ee-bbb3-b31e2d5c2c04 req-7909728b-a12b-4758-a14d-d51f20fc6cad 04038dac12ee4d0dbb93b6e50745f21d b3590b50469e422baeb768c5d3a999c6 - - default default] 10.0.0.186 "GET /v2.0/security-groups?id=75c3b9d8-5632-4978-8ace-0d918f8165e1&fields=id&fields=name HTTP/1.1" status: 200 len: 313 time: 0.0273976
2026-06-02 13:33:02.017 10 INFO neutron.api.wsgi [req-cd0323bd-ac11-427b-aa16-3061174c465d req-18eafb77-b23b-4f1b-86e6-4c21e0df502e 7f80bfc0976c4ae49d98a14832977e59 bd1a759263f845cba38942cd10c00668 - - 02758a855b0a4c84848683b5d5df47d9 02758a855b0a4c84848683b5d5df47d9] 199.204.45.4 "GET /v2.0/ports?tenant_id=b3590b50469e422baeb768c5d3a999c6&device_id=7f56da87-d913-43d9-a03c-38e06aa15740 HTTP/1.1" status: 200 len: 1411 time: 0.0364017
2026-06-02 13:33:02.061 10 INFO neutron.api.wsgi [req-cd0323bd-ac11-427b-aa16-3061174c465d req-3735e2fa-4f46-492c-baf9-9cd4800f9fbc 7f80bfc0976c4ae49d98a14832977e59 bd1a759263f845cba38942cd10c00668 - - 02758a855b0a4c84848683b5d5df47d9 02758a855b0a4c84848683b5d5df47d9] 199.204.45.4 "GET /v2.0/networks?id=1da1e90a-7be2-4bae-9959-eccb4582e068 HTTP/1.1" status: 200 len: 973 time: 0.0387895
2026-06-02 13:33:02.112 10 INFO neutron.api.wsgi [req-cd0323bd-ac11-427b-aa16-3061174c465d req-6e7a83a4-edf2-440e-a13b-ffb97b7ed067 7f80bfc0976c4ae49d98a14832977e59 bd1a759263f845cba38942cd10c00668 - - 02758a855b0a4c84848683b5d5df47d9 02758a855b0a4c84848683b5d5df47d9] 199.204.45.4 "GET /v2.0/floatingips?fixed_ip_address=10.100.0.13&port_id=664d37ec-4cc8-4e02-8e4d-0988036f2b56 HTTP/1.1" status: 200 len: 1058 time: 0.0449090
2026-06-02 13:33:02.147 10 INFO neutron.api.wsgi [req-cd0323bd-ac11-427b-aa16-3061174c465d req-4a86d93a-cb84-4c3e-bd8b-ffb17fdaa027 7f80bfc0976c4ae49d98a14832977e59 bd1a759263f845cba38942cd10c00668 - - 02758a855b0a4c84848683b5d5df47d9 02758a855b0a4c84848683b5d5df47d9] 199.204.45.4 "GET /v2.0/subnets?id=0e9fc113-1b3a-4c2b-9eda-419b074bae2a HTTP/1.1" status: 200 len: 893 time: 0.0295055
2026-06-02 13:33:02.172 10 INFO neutron.api.wsgi [req-cd0323bd-ac11-427b-aa16-3061174c465d req-c07528a3-5c97-4a4a-bd06-f8beb89d2d37 7f80bfc0976c4ae49d98a14832977e59 bd1a759263f845cba38942cd10c00668 - - 02758a855b0a4c84848683b5d5df47d9 02758a855b0a4c84848683b5d5df47d9] 199.204.45.4 "GET /v2.0/ports?network_id=1da1e90a-7be2-4bae-9959-eccb4582e068&device_owner=network%3Adhcp HTTP/1.1" status: 200 len: 210 time: 0.0179424
2026-06-02 13:33:02.228 10 INFO neutron.api.wsgi [req-cd0323bd-ac11-427b-aa16-3061174c465d req-aff9a0e0-26d9-4a9a-a35f-a07271d16c99 7f80bfc0976c4ae49d98a14832977e59 bd1a759263f845cba38942cd10c00668 - - 02758a855b0a4c84848683b5d5df47d9 02758a855b0a4c84848683b5d5df47d9] 199.204.45.4 "GET /v2.0/networks/1da1e90a-7be2-4bae-9959-eccb4582e068?fields=segments HTTP/1.1" status: 200 len: 212 time: 0.0498495
2026-06-02 13:33:02.296 10 INFO neutron.db.ovn_revision_numbers_db [None req-b4d184da-4e65-44a3-8fee-f96c8f16fefc - - - - - -] Successfully bumped revision number for resource a5f90113-c4a6-43f6-8048-a1e99e833f43 (type: ports) to 2
2026-06-02 13:33:02.301 10 INFO neutron.api.wsgi [req-cd0323bd-ac11-427b-aa16-3061174c465d req-0a430e36-e91c-4137-80c7-24b524da8486 7f80bfc0976c4ae49d98a14832977e59 bd1a759263f845cba38942cd10c00668 - - 02758a855b0a4c84848683b5d5df47d9 02758a855b0a4c84848683b5d5df47d9] 199.204.45.4 "GET /v2.0/networks/1da1e90a-7be2-4bae-9959-eccb4582e068?fields=provider%3Aphysical_network&fields=provider%3Anetwork_type HTTP/1.1" status: 200 len: 277 time: 0.0640876
2026-06-02 13:33:02.327 10 INFO neutron.db.ovn_revision_numbers_db [None req-b4d184da-4e65-44a3-8fee-f96c8f16fefc - - - - - -] Successfully bumped revision number for resource f0769b4a-175e-422d-81fd-87be64daa58a (type: subnets) to 0
2026-06-02 13:33:02.340 10 INFO neutron.api.wsgi [None req-7fe5c05c-0b97-47a2-b734-7f1a597ac174 137ec43846084a089afdae182b4e0dbd 294e0993ebdb4c8ab84944346059036f - - default default] 10.0.0.79 "POST /v2.0/subnets HTTP/1.1" status: 201 len: 893 time: 0.8675499
2026-06-02 13:33:02.486 10 INFO neutron.api.wsgi [req-1901b810-c7fc-42ce-8ccb-0167c7e6b048 req-5a319072-740d-4847-aaae-d6e85c7c5c25 04038dac12ee4d0dbb93b6e50745f21d b3590b50469e422baeb768c5d3a999c6 - - default default] 199.204.45.4 "GET /v2.0/ports?device_id=7f56da87-d913-43d9-a03c-38e06aa15740 HTTP/1.1" status: 200 len: 1172 time: 0.0374591
2026-06-02 13:33:02.894 10 WARNING neutron.scheduler.dhcp_agent_scheduler [None req-aaededc4-0430-40f9-9696-79f22ad5da74 137ec43846084a089afdae182b4e0dbd 294e0993ebdb4c8ab84944346059036f - - default default] No more DHCP agents
