2026-06-02 13:36:34.462 9 INFO neutron.api.wsgi [None req-3a6e00e2-789c-4369-a5c0-df8765f33ae8 3b20968a5b4b449296e3122b90ea58e6 89867db5d28b433092b95d2e5637ff13 - - default default] 10.0.0.79 "GET /v2.0/subnets?tags=red%2Cblue HTTP/1.1" status: 200 len: 1478 time: 0.0441446
2026-06-02 13:36:34.519 9 INFO neutron.api.wsgi [None req-c6393d67-bf24-404b-b926-2938ede8bb71 3b20968a5b4b449296e3122b90ea58e6 89867db5d28b433092b95d2e5637ff13 - - default default] 10.0.0.79 "GET /v2.0/subnets?tags-any=blue HTTP/1.1" status: 200 len: 1478 time: 0.0505719
2026-06-02 13:36:34.562 10 INFO neutron.api.wsgi [None req-34298de4-4d8e-4cc2-8bf6-26e7543cba18 3b20968a5b4b449296e3122b90ea58e6 89867db5d28b433092b95d2e5637ff13 - - default default] 10.0.0.79 "GET /v2.0/subnets?tags-any=red%2Cblue HTTP/1.1" status: 200 len: 2099 time: 0.0364809
2026-06-02 13:36:34.565 9 INFO neutron.db.ovn_revision_numbers_db [None req-3b57a355-f79c-4600-90ac-58091f83c6e6 1523ff42a81345a593b7edae52593ef7 dc4cbea8a70046ebb43f0ba556f11fcc - - default default] Successfully bumped revision number for resource 21e4a02c-3a0e-49c2-8360-2e3e63c22c68 (type: ports) to 1
2026-06-02 13:36:34.566 10 WARNING neutron_lib.context [None req-51167974-d786-43ef-ad3f-eabfb65d88d5 362196a36e094dcb913baa141f4fcff9 5133d5cc02cd439193b4ebbc8e76fa71 - - default default] Method 'is_advsvc' is deprecated since 2023.2 release (neutron-lib 3.8.0) and will be removed once support for the old RBAC API policies will be removed from Neutron. Please use method 'is_service_role' instead.
2026-06-02 13:36:34.620 9 INFO neutron.api.wsgi [None req-52ba2bfa-4b13-4c3d-84a2-7b80448262d2 3b20968a5b4b449296e3122b90ea58e6 89867db5d28b433092b95d2e5637ff13 - - default default] 10.0.0.79 "GET /v2.0/subnets?not-tags=red HTTP/1.1" status: 200 len: 2089 time: 0.0497231
2026-06-02 13:36:34.659 9 WARNING neutron.scheduler.dhcp_agent_scheduler [None req-3b57a355-f79c-4600-90ac-58091f83c6e6 1523ff42a81345a593b7edae52593ef7 dc4cbea8a70046ebb43f0ba556f11fcc - - default default] No more DHCP agents
2026-06-02 13:36:34.660 9 WARNING neutron.api.rpc.agentnotifiers.dhcp_rpc_agent_api [None req-3b57a355-f79c-4600-90ac-58091f83c6e6 1523ff42a81345a593b7edae52593ef7 dc4cbea8a70046ebb43f0ba556f11fcc - - default default] Unable to schedule network c5884879-3d26-4363-9705-a4d9f4bd41a1: no agents available; will retry on subsequent port and subnet creation events.
2026-06-02 13:36:34.677 10 INFO neutron.api.wsgi [None req-88439e77-9007-4a4b-bb0c-64abe55c6090 3b20968a5b4b449296e3122b90ea58e6 89867db5d28b433092b95d2e5637ff13 - - default default] 10.0.0.79 "GET /v2.0/subnets?not-tags=red%2Cblue HTTP/1.1" status: 200 len: 2710 time: 0.0512424
2026-06-02 13:36:34.736 10 INFO neutron.db.ovn_revision_numbers_db [None req-51167974-d786-43ef-ad3f-eabfb65d88d5 362196a36e094dcb913baa141f4fcff9 5133d5cc02cd439193b4ebbc8e76fa71 - - default default] Successfully bumped revision number for resource f329abc5-476b-4c2b-8a48-eef726b1b0c9 (type: security_groups) to 1
2026-06-02 13:36:34.741 9 INFO neutron.api.wsgi [None req-cacae55f-1f44-45dd-a16d-45fc5dd21a80 3b20968a5b4b449296e3122b90ea58e6 89867db5d28b433092b95d2e5637ff13 - - default default] 10.0.0.79 "GET /v2.0/subnets?not-tags-any=blue HTTP/1.1" status: 200 len: 2710 time: 0.0576849
2026-06-02 13:36:34.765 10 INFO neutron.db.ovn_revision_numbers_db [None req-51167974-d786-43ef-ad3f-eabfb65d88d5 362196a36e094dcb913baa141f4fcff9 5133d5cc02cd439193b4ebbc8e76fa71 - - default default] Successfully bumped revision number for resource 11632133-d430-4750-8df4-9425e060ff44 (type: security_group_rules) to 0
2026-06-02 13:36:34.784 10 INFO neutron.db.ovn_revision_numbers_db [None req-51167974-d786-43ef-ad3f-eabfb65d88d5 362196a36e094dcb913baa141f4fcff9 5133d5cc02cd439193b4ebbc8e76fa71 - - default default] Successfully bumped revision number for resource 9c752c0d-6cf6-4e13-9344-1aafa6961a92 (type: security_group_rules) to 0
2026-06-02 13:36:34.788 10 INFO neutron.api.wsgi [None req-9712a855-a4c8-4173-a9a7-8e8f480942b0 3b20968a5b4b449296e3122b90ea58e6 89867db5d28b433092b95d2e5637ff13 - - default default] 10.0.0.79 "GET /v2.0/subnets?not-tags-any=red%2Cblue HTTP/1.1" status: 200 len: 2089 time: 0.0420403
2026-06-02 13:36:34.805 10 INFO neutron.db.ovn_revision_numbers_db [None req-51167974-d786-43ef-ad3f-eabfb65d88d5 362196a36e094dcb913baa141f4fcff9 5133d5cc02cd439193b4ebbc8e76fa71 - - default default] Successfully bumped revision number for resource c71f50c9-c95d-47ae-bc80-0cb550ebc80c (type: security_group_rules) to 0
2026-06-02 13:36:34.820 10 INFO neutron.db.ovn_revision_numbers_db [None req-51167974-d786-43ef-ad3f-eabfb65d88d5 362196a36e094dcb913baa141f4fcff9 5133d5cc02cd439193b4ebbc8e76fa71 - - default default] Successfully bumped revision number for resource c7841089-704a-4c11-82d4-13be71afe70f (type: security_group_rules) to 0
2026-06-02 13:36:34.906 10 INFO neutron.db.segments_db [None req-51167974-d786-43ef-ad3f-eabfb65d88d5 362196a36e094dcb913baa141f4fcff9 5133d5cc02cd439193b4ebbc8e76fa71 - - default default] Added segment d54587d6-5a4f-4473-850e-8f5ee0bcc294 of type geneve for network 6eeec1c3-8306-4b61-9c44-9adcec20682b
2026-06-02 13:36:34.981 10 INFO neutron.api.wsgi [None req-c01ae44c-b182-4085-8bc6-b08fece3a5c6 3b20968a5b4b449296e3122b90ea58e6 89867db5d28b433092b95d2e5637ff13 - - default default] 10.0.0.79 "DELETE /v2.0/subnets/1c9cea6b-0348-4cd5-9887-ff937419cc1b HTTP/1.1" status: 204 len: 168 time: 0.1860733
2026-06-02 13:36:35.024 10 INFO neutron.db.ovn_revision_numbers_db [None req-51167974-d786-43ef-ad3f-eabfb65d88d5 362196a36e094dcb913baa141f4fcff9 5133d5cc02cd439193b4ebbc8e76fa71 - - default default] Successfully bumped revision number for resource 6eeec1c3-8306-4b61-9c44-9adcec20682b (type: networks) to 1
2026-06-02 13:36:35.094 9 INFO neutron.db.ovn_revision_numbers_db [None req-3b57a355-f79c-4600-90ac-58091f83c6e6 1523ff42a81345a593b7edae52593ef7 dc4cbea8a70046ebb43f0ba556f11fcc - - default default] Successfully bumped revision number for resource 21e4a02c-3a0e-49c2-8360-2e3e63c22c68 (type: router_ports) to 1
2026-06-02 13:36:35.102 9 INFO neutron.api.wsgi [None req-3b57a355-f79c-4600-90ac-58091f83c6e6 1523ff42a81345a593b7edae52593ef7 dc4cbea8a70046ebb43f0ba556f11fcc - - default default] 10.0.0.79 "PUT /v2.0/routers/d951e4d6-8d9f-476f-b35b-09ddb3f85014/add_router_interface HTTP/1.1" status: 200 len: 503 time: 1.9608381
2026-06-02 13:36:35.179 10 INFO neutron.api.wsgi [None req-69278d38-3ec3-4fcb-a74e-340587e6d46f 3b20968a5b4b449296e3122b90ea58e6 89867db5d28b433092b95d2e5637ff13 - - default default] 10.0.0.79 "DELETE /v2.0/subnets/7ee9c5a1-aac5-4664-a350-dfde56970391 HTTP/1.1" status: 204 len: 168 time: 0.1930287
2026-06-02 13:36:35.192 9 WARNING neutron_lib.context [None req-6051ada8-07a6-4661-b2a7-cf779941bcae 1523ff42a81345a593b7edae52593ef7 dc4cbea8a70046ebb43f0ba556f11fcc - - default default] Method 'is_advsvc' is deprecated since 2023.2 release (neutron-lib 3.8.0) and will be removed once support for the old RBAC API policies will be removed from Neutron. Please use method 'is_service_role' instead.
2026-06-02 13:36:35.197 10 WARNING neutron.scheduler.dhcp_agent_scheduler [None req-51167974-d786-43ef-ad3f-eabfb65d88d5 362196a36e094dcb913baa141f4fcff9 5133d5cc02cd439193b4ebbc8e76fa71 - - default default] No more DHCP agents
2026-06-02 13:36:35.199 10 WARNING neutron.api.rpc.agentnotifiers.dhcp_rpc_agent_api [None req-51167974-d786-43ef-ad3f-eabfb65d88d5 362196a36e094dcb913baa141f4fcff9 5133d5cc02cd439193b4ebbc8e76fa71 - - default default] Unable to schedule network 6eeec1c3-8306-4b61-9c44-9adcec20682b: no agents available; will retry on subsequent port and subnet creation events.
2026-06-02 13:36:35.267 10 INFO neutron.db.ovn_revision_numbers_db [None req-51167974-d786-43ef-ad3f-eabfb65d88d5 362196a36e094dcb913baa141f4fcff9 5133d5cc02cd439193b4ebbc8e76fa71 - - default default] Successfully bumped revision number for resource f67750ba-5acc-4a77-9e83-627659db7f9e (type: ports) to 1
2026-06-02 13:36:35.287 10 INFO neutron.api.wsgi [None req-51167974-d786-43ef-ad3f-eabfb65d88d5 362196a36e094dcb913baa141f4fcff9 5133d5cc02cd439193b4ebbc8e76fa71 - - default default] 10.0.0.79 "POST /v2.0/networks HTTP/1.1" status: 201 len: 826 time: 0.9072871
2026-06-02 13:36:35.301 9 WARNING neutron_lib.context [None req-4996be64-cff3-41b8-9d7f-c650010e3e36 362196a36e094dcb913baa141f4fcff9 5133d5cc02cd439193b4ebbc8e76fa71 - - default default] Method 'is_advsvc' is deprecated since 2023.2 release (neutron-lib 3.8.0) and will be removed once support for the old RBAC API policies will be removed from Neutron. Please use method 'is_service_role' instead.
2026-06-02 13:36:35.354 10 INFO neutron.api.wsgi [None req-4b2d2dfe-a3d2-4a0d-9c08-2e19e2d3f962 3b20968a5b4b449296e3122b90ea58e6 89867db5d28b433092b95d2e5637ff13 - - default default] 10.0.0.79 "DELETE /v2.0/subnets/08628e67-bd0c-4e75-933e-47b9d8079308 HTTP/1.1" status: 204 len: 168 time: 0.1688950
2026-06-02 13:36:35.367 9 INFO neutron.db.ovn_revision_numbers_db [None req-6051ada8-07a6-4661-b2a7-cf779941bcae 1523ff42a81345a593b7edae52593ef7 dc4cbea8a70046ebb43f0ba556f11fcc - - default default] Successfully bumped revision number for resource 8df9070c-0de5-4e37-890d-06d18c8d75c5 (type: security_groups) to 1
2026-06-02 13:36:35.405 9 INFO neutron.db.ovn_revision_numbers_db [None req-6051ada8-07a6-4661-b2a7-cf779941bcae 1523ff42a81345a593b7edae52593ef7 dc4cbea8a70046ebb43f0ba556f11fcc - - default default] Successfully bumped revision number for resource 41188154-d2d7-4cfd-a3de-b25136ad8a1c (type: security_group_rules) to 0
2026-06-02 13:36:35.420 9 INFO neutron.db.ovn_revision_numbers_db [None req-6051ada8-07a6-4661-b2a7-cf779941bcae 1523ff42a81345a593b7edae52593ef7 dc4cbea8a70046ebb43f0ba556f11fcc - - default default] Successfully bumped revision number for resource e4f25bec-81dd-477c-9eb9-4aabf60aa499 (type: security_group_rules) to 0
2026-06-02 13:36:35.460 9 INFO neutron.api.wsgi [None req-6051ada8-07a6-4661-b2a7-cf779941bcae 1523ff42a81345a593b7edae52593ef7 dc4cbea8a70046ebb43f0ba556f11fcc - - default default] 10.0.0.79 "POST /v2.0/security-groups HTTP/1.1" status: 201 len: 1830 time: 0.2732456
2026-06-02 13:36:35.470 9 WARNING neutron_lib.context [None req-9cd815e1-ffb9-44ec-9cc0-250781ba7752 1523ff42a81345a593b7edae52593ef7 dc4cbea8a70046ebb43f0ba556f11fcc - - default default] Method 'is_advsvc' is deprecated since 2023.2 release (neutron-lib 3.8.0) and will be removed once support for the old RBAC API policies will be removed from Neutron. Please use method 'is_service_role' instead.
2026-06-02 13:36:35.530 9 WARNING neutron.scheduler.dhcp_agent_scheduler [None req-4996be64-cff3-41b8-9d7f-c650010e3e36 362196a36e094dcb913baa141f4fcff9 5133d5cc02cd439193b4ebbc8e76fa71 - - default default] No more DHCP agents
2026-06-02 13:36:35.534 9 WARNING neutron.api.rpc.agentnotifiers.dhcp_rpc_agent_api [None req-4996be64-cff3-41b8-9d7f-c650010e3e36 362196a36e094dcb913baa141f4fcff9 5133d5cc02cd439193b4ebbc8e76fa71 - - default default] Unable to schedule network 6eeec1c3-8306-4b61-9c44-9adcec20682b: no agents available; will retry on subsequent port and subnet creation events.
2026-06-02 13:36:35.536 10 INFO neutron.api.wsgi [None req-30190d96-4bcc-4f29-8656-f50dd6b1d7c0 3b20968a5b4b449296e3122b90ea58e6 89867db5d28b433092b95d2e5637ff13 - - default default] 10.0.0.79 "DELETE /v2.0/subnets/1c857205-f286-4c74-8305-83bc4f572a1a HTTP/1.1" status: 204 len: 168 time: 0.1756122
2026-06-02 13:36:35.616 9 INFO neutron.db.ovn_revision_numbers_db [None req-9cd815e1-ffb9-44ec-9cc0-250781ba7752 1523ff42a81345a593b7edae52593ef7 dc4cbea8a70046ebb43f0ba556f11fcc - - default default] Successfully bumped revision number for resource 69bbec51-1698-43d7-8107-fe5b3da5cf2c (type: security_group_rules) to 0
2026-06-02 13:36:35.662 9 INFO neutron.api.wsgi [None req-9cd815e1-ffb9-44ec-9cc0-250781ba7752 1523ff42a81345a593b7edae52593ef7 dc4cbea8a70046ebb43f0ba556f11fcc - - default default] 10.0.0.79 "POST /v2.0/security-group-rules HTTP/1.1" status: 201 len: 796 time: 0.1969199
2026-06-02 13:36:35.672 9 WARNING neutron_lib.context [None req-9653fd1a-7eb8-4e56-a223-75000b5273c1 1523ff42a81345a593b7edae52593ef7 dc4cbea8a70046ebb43f0ba556f11fcc - - default default] Method 'is_advsvc' is deprecated since 2023.2 release (neutron-lib 3.8.0) and will be removed once support for the old RBAC API policies will be removed from Neutron. Please use method 'is_service_role' instead.
2026-06-02 13:36:35.706 10 INFO neutron.api.wsgi [None req-127bb5cd-7fe3-4720-8b28-1adab6968dd0 3b20968a5b4b449296e3122b90ea58e6 89867db5d28b433092b95d2e5637ff13 - - default default] 10.0.0.79 "DELETE /v2.0/subnets/196adf4b-b541-445b-95d6-9cd759673682 HTTP/1.1" status: 204 len: 168 time: 0.1634307
2026-06-02 13:36:35.797 9 INFO neutron.db.ovn_revision_numbers_db [None req-9653fd1a-7eb8-4e56-a223-75000b5273c1 1523ff42a81345a593b7edae52593ef7 dc4cbea8a70046ebb43f0ba556f11fcc - - default default] Successfully bumped revision number for resource 458746ae-d4cf-41a1-9b18-7be81147b868 (type: security_group_rules) to 0
2026-06-02 13:36:35.831 9 INFO neutron.api.wsgi [None req-9653fd1a-7eb8-4e56-a223-75000b5273c1 1523ff42a81345a593b7edae52593ef7 dc4cbea8a70046ebb43f0ba556f11fcc - - default default] 10.0.0.79 "POST /v2.0/security-group-rules HTTP/1.1" status: 201 len: 796 time: 0.1647730
2026-06-02 13:36:35.841 9 WARNING neutron_lib.context [None req-1d44c8ee-df02-4e59-bca6-971a80800a60 1523ff42a81345a593b7edae52593ef7 dc4cbea8a70046ebb43f0ba556f11fcc - - default default] Method 'is_advsvc' is deprecated since 2023.2 release (neutron-lib 3.8.0) and will be removed once support for the old RBAC API policies will be removed from Neutron. Please use method 'is_service_role' instead.
2026-06-02 13:36:35.985 9 INFO neutron.db.ovn_revision_numbers_db [None req-1d44c8ee-df02-4e59-bca6-971a80800a60 1523ff42a81345a593b7edae52593ef7 dc4cbea8a70046ebb43f0ba556f11fcc - - default default] Successfully bumped revision number for resource 46b73bbb-5be5-4521-9f05-f0a40e6f639c (type: security_group_rules) to 0
2026-06-02 13:36:35.996 10 INFO neutron.services.segments.plugin [-] Segment 7b7e42ca-12aa-4d41-b7df-a756611b2ffc resource provider aggregate not found
2026-06-02 13:36:36.000 10 INFO neutron.services.segments.plugin [-] Segment 7b7e42ca-12aa-4d41-b7df-a756611b2ffc resource provider aggregate not found
2026-06-02 13:36:36.006 10 INFO neutron.services.segments.plugin [-] Segment 7b7e42ca-12aa-4d41-b7df-a756611b2ffc resource provider not found; error: Placement Client Error (4xx): {"errors": [{"status": 404, "title": "Not Found", "detail": "The resource could not be found.\n\n No resource provider with uuid 7b7e42ca-12aa-4d41-b7df-a756611b2ffc found for delete ", "request_id": "req-1bf95fb6-d652-4390-b691-1251a721aed1"}]}
2026-06-02 13:36:36.013 9 INFO neutron.db.ovn_revision_numbers_db [None req-58958b16-3558-4cf8-8743-501b5d635d44 - - - - - -] Successfully bumped revision number for resource f67750ba-5acc-4a77-9e83-627659db7f9e (type: ports) to 2
2026-06-02 13:36:36.019 10 INFO neutron.services.segments.plugin [-] Segment 7b7e42ca-12aa-4d41-b7df-a756611b2ffc resource provider not found; error: Placement Client Error (4xx): {"errors": [{"status": 404, "title": "Not Found", "detail": "The resource could not be found.\n\n No resource provider with uuid 7b7e42ca-12aa-4d41-b7df-a756611b2ffc found for delete ", "request_id": "req-dbffd050-1bd3-492c-a9bb-374db91a655b"}]}
2026-06-02 13:36:36.033 10 INFO neutron.api.wsgi [None req-3d90af1a-ac40-4747-b4fa-b03059ed7b42 3b20968a5b4b449296e3122b90ea58e6 89867db5d28b433092b95d2e5637ff13 - - default default] 10.0.0.79 "DELETE /v2.0/networks/ff3a499e-13df-4125-a43d-dafb33375962 HTTP/1.1" status: 204 len: 168 time: 0.3220637
2026-06-02 13:36:36.038 9 INFO neutron.api.wsgi [None req-1d44c8ee-df02-4e59-bca6-971a80800a60 1523ff42a81345a593b7edae52593ef7 dc4cbea8a70046ebb43f0ba556f11fcc - - default default] 10.0.0.79 "POST /v2.0/security-group-rules HTTP/1.1" status: 201 len: 798 time: 0.2017307
2026-06-02 13:36:36.046 9 WARNING neutron_lib.context [None req-2c9ff001-6bc1-4707-9109-cea84d820379 1523ff42a81345a593b7edae52593ef7 dc4cbea8a70046ebb43f0ba556f11fcc - - default default] Method 'is_advsvc' is deprecated since 2023.2 release (neutron-lib 3.8.0) and will be removed once support for the old RBAC API policies will be removed from Neutron. Please use method 'is_service_role' instead.
2026-06-02 13:36:36.053 9 WARNING neutron.plugins.ml2.drivers.ovn.mech_driver.ovsdb.ovn_client [None req-ba6cb351-9cee-4f35-a75a-94bc78cf0f71 - - - - - -] No hosting information found for port c893c007-91aa-48e0-ad07-e0610c9ba765: RuntimeError: No hosting information found for port c893c007-91aa-48e0-ad07-e0610c9ba765
2026-06-02 13:36:36.067 9 INFO neutron.db.ovn_revision_numbers_db [None req-58958b16-3558-4cf8-8743-501b5d635d44 - - - - - -] Successfully bumped revision number for resource 227d2d75-cefb-47e5-bcec-1cb617bd0779 (type: subnets) to 0
2026-06-02 13:36:36.083 9 INFO neutron.api.wsgi [None req-4996be64-cff3-41b8-9d7f-c650010e3e36 362196a36e094dcb913baa141f4fcff9 5133d5cc02cd439193b4ebbc8e76fa71 - - default default] 10.0.0.79 "POST /v2.0/subnets HTTP/1.1" status: 201 len: 825 time: 0.7891543
2026-06-02 13:36:36.096 9 WARNING neutron_lib.context [None req-f3cbb856-401e-441c-aa68-1925e8bf6263 362196a36e094dcb913baa141f4fcff9 5133d5cc02cd439193b4ebbc8e76fa71 - - default default] Method 'is_advsvc' is deprecated since 2023.2 release (neutron-lib 3.8.0) and will be removed once support for the old RBAC API policies will be removed from Neutron. Please use method 'is_service_role' instead.
2026-06-02 13:36:36.148 9 INFO neutron.db.ovn_revision_numbers_db [None req-ba6cb351-9cee-4f35-a75a-94bc78cf0f71 - - - - - -] Successfully bumped revision number for resource c893c007-91aa-48e0-ad07-e0610c9ba765 (type: router_ports) to 2
2026-06-02 13:36:36.148 9 INFO neutron.plugins.ml2.drivers.ovn.mech_driver.mech_driver [None req-ba6cb351-9cee-4f35-a75a-94bc78cf0f71 - - - - - -] OVN reports status up for port: 2a80f934-2cb9-4724-8c6d-ddd95134d661
2026-06-02 13:36:36.159 9 INFO neutron.plugins.ml2.plugin [None req-ba6cb351-9cee-4f35-a75a-94bc78cf0f71 - - - - - -] Attempt 1 to provision port 2a80f934-2cb9-4724-8c6d-ddd95134d661
2026-06-02 13:36:36.234 9 INFO neutron.db.ovn_revision_numbers_db [None req-2c9ff001-6bc1-4707-9109-cea84d820379 1523ff42a81345a593b7edae52593ef7 dc4cbea8a70046ebb43f0ba556f11fcc - - default default] Successfully bumped revision number for resource b11740d9-d06c-42ad-8d04-514acb096ad1 (type: security_group_rules) to 0
2026-06-02 13:36:36.283 9 INFO neutron.api.wsgi [None req-2c9ff001-6bc1-4707-9109-cea84d820379 1523ff42a81345a593b7edae52593ef7 dc4cbea8a70046ebb43f0ba556f11fcc - - default default] 10.0.0.79 "POST /v2.0/security-group-rules HTTP/1.1" status: 201 len: 800 time: 0.2412088
2026-06-02 13:36:36.294 10 WARNING neutron_lib.context [None req-d4290f7b-80cf-4eab-9228-8c053aa32c0b 1523ff42a81345a593b7edae52593ef7 dc4cbea8a70046ebb43f0ba556f11fcc - - default default] Method 'is_advsvc' is deprecated since 2023.2 release (neutron-lib 3.8.0) and will be removed once support for the old RBAC API policies will be removed from Neutron. Please use method 'is_service_role' instead.
2026-06-02 13:36:36.396 10 INFO neutron.api.wsgi [None req-b22a6971-4069-4467-b93c-80052aeff0f6 3b20968a5b4b449296e3122b90ea58e6 89867db5d28b433092b95d2e5637ff13 - - default default] 10.0.0.79 "DELETE /v2.0/networks/2d8268ca-7336-42ef-96e5-52786da1da1d HTTP/1.1" status: 204 len: 168 time: 0.3587041
2026-06-02 13:36:36.449 10 INFO neutron.db.ovn_revision_numbers_db [None req-d4290f7b-80cf-4eab-9228-8c053aa32c0b 1523ff42a81345a593b7edae52593ef7 dc4cbea8a70046ebb43f0ba556f11fcc - - default default] Successfully bumped revision number for resource 640e5de8-740e-46ba-a52f-764d445f4bb5 (type: security_group_rules) to 0
2026-06-02 13:36:36.482 10 INFO neutron.api.wsgi [None req-d4290f7b-80cf-4eab-9228-8c053aa32c0b 1523ff42a81345a593b7edae52593ef7 dc4cbea8a70046ebb43f0ba556f11fcc - - default default] 10.0.0.79 "POST /v2.0/security-group-rules HTTP/1.1" status: 201 len: 800 time: 0.1934931
2026-06-02 13:36:36.493 10 WARNING neutron_lib.context [None req-281ce75a-19a2-4bad-b9a2-6231b7769cae 1523ff42a81345a593b7edae52593ef7 dc4cbea8a70046ebb43f0ba556f11fcc - - default default] Method 'is_advsvc' is deprecated since 2023.2 release (neutron-lib 3.8.0) and will be removed once support for the old RBAC API policies will be removed from Neutron. Please use method 'is_service_role' instead.
2026-06-02 13:36:36.647 10 INFO neutron.db.ovn_revision_numbers_db [None req-281ce75a-19a2-4bad-b9a2-6231b7769cae 1523ff42a81345a593b7edae52593ef7 dc4cbea8a70046ebb43f0ba556f11fcc - - default default] Successfully bumped revision number for resource bde15102-0682-43ae-badc-f40238663f46 (type: security_group_rules) to 0
2026-06-02 13:36:36.681 10 INFO neutron.api.wsgi [None req-281ce75a-19a2-4bad-b9a2-6231b7769cae 1523ff42a81345a593b7edae52593ef7 dc4cbea8a70046ebb43f0ba556f11fcc - - default default] 10.0.0.79 "POST /v2.0/security-group-rules HTTP/1.1" status: 201 len: 796 time: 0.1926193
2026-06-02 13:36:36.693 10 WARNING neutron_lib.context [None req-9c666dcd-f32f-4a7d-afc2-4369b267c6c3 1523ff42a81345a593b7edae52593ef7 dc4cbea8a70046ebb43f0ba556f11fcc - - default default] Method 'is_advsvc' is deprecated since 2023.2 release (neutron-lib 3.8.0) and will be removed once support for the old RBAC API policies will be removed from Neutron. Please use method 'is_service_role' instead.
2026-06-02 13:36:36.760 10 INFO neutron.api.wsgi [None req-49248ac2-2d39-49a5-ac0e-79beba31843e 3b20968a5b4b449296e3122b90ea58e6 89867db5d28b433092b95d2e5637ff13 - - default default] 10.0.0.79 "DELETE /v2.0/networks/b8ef9077-18e1-4c7b-b047-98afb2b71734 HTTP/1.1" status: 204 len: 168 time: 0.3577240
2026-06-02 13:36:36.851 10 INFO neutron.db.ovn_revision_numbers_db [None req-9c666dcd-f32f-4a7d-afc2-4369b267c6c3 1523ff42a81345a593b7edae52593ef7 dc4cbea8a70046ebb43f0ba556f11fcc - - default default] Successfully bumped revision number for resource f6ee118a-1a87-4d44-a335-8f72ccb9313f (type: security_group_rules) to 0
2026-06-02 13:36:36.884 10 INFO neutron.api.wsgi [None req-9c666dcd-f32f-4a7d-afc2-4369b267c6c3 1523ff42a81345a593b7edae52593ef7 dc4cbea8a70046ebb43f0ba556f11fcc - - default default] 10.0.0.79 "POST /v2.0/security-group-rules HTTP/1.1" status: 201 len: 796 time: 0.1967142
2026-06-02 13:36:36.894 10 WARNING neutron_lib.context [None req-7891f5a8-f7d0-4fd7-9a93-7d9d003fac26 1523ff42a81345a593b7edae52593ef7 dc4cbea8a70046ebb43f0ba556f11fcc - - default default] Method 'is_advsvc' is deprecated since 2023.2 release (neutron-lib 3.8.0) and will be removed once support for the old RBAC API policies will be removed from Neutron. Please use method 'is_service_role' instead.
2026-06-02 13:36:36.979 9 WARNING neutron.scheduler.dhcp_agent_scheduler [None req-f3cbb856-401e-441c-aa68-1925e8bf6263 362196a36e094dcb913baa141f4fcff9 5133d5cc02cd439193b4ebbc8e76fa71 - - default default] No more DHCP agents
2026-06-02 13:36:36.981 9 WARNING neutron.api.rpc.agentnotifiers.dhcp_rpc_agent_api [None req-f3cbb856-401e-441c-aa68-1925e8bf6263 362196a36e094dcb913baa141f4fcff9 5133d5cc02cd439193b4ebbc8e76fa71 - - default default] Unable to schedule network 3625b642-a7a8-45eb-a055-e8c49cf30b3a: no agents available; will retry on subsequent port and subnet creation events.
2026-06-02 13:36:37.061 10 INFO neutron.db.ovn_revision_numbers_db [None req-7891f5a8-f7d0-4fd7-9a93-7d9d003fac26 1523ff42a81345a593b7edae52593ef7 dc4cbea8a70046ebb43f0ba556f11fcc - - default default] Successfully bumped revision number for resource 35ae12b9-724f-44fb-a5f1-f091e4e738b4 (type: security_group_rules) to 0
2026-06-02 13:36:37.079 9 INFO neutron.db.ovn_revision_numbers_db [None req-ba6cb351-9cee-4f35-a75a-94bc78cf0f71 - - - - - -] Successfully bumped revision number for resource 2a80f934-2cb9-4724-8c6d-ddd95134d661 (type: ports) to 2
2026-06-02 13:36:37.098 10 INFO neutron.api.wsgi [None req-7891f5a8-f7d0-4fd7-9a93-7d9d003fac26 1523ff42a81345a593b7edae52593ef7 dc4cbea8a70046ebb43f0ba556f11fcc - - default default] 10.0.0.79 "POST /v2.0/security-group-rules HTTP/1.1" status: 201 len: 796 time: 0.2081108
2026-06-02 13:36:37.110 10 WARNING neutron_lib.context [None req-cfcc3f87-1783-49c0-87cb-5f9ef28d5385 1523ff42a81345a593b7edae52593ef7 dc4cbea8a70046ebb43f0ba556f11fcc - - default default] Method 'is_advsvc' is deprecated since 2023.2 release (neutron-lib 3.8.0) and will be removed once support for the old RBAC API policies will be removed from Neutron. Please use method 'is_service_role' instead.
2026-06-02 13:36:37.127 10 INFO neutron.api.wsgi [None req-d1de1657-f31a-4791-91e6-273a1d5c7466 3b20968a5b4b449296e3122b90ea58e6 89867db5d28b433092b95d2e5637ff13 - - default default] 10.0.0.79 "DELETE /v2.0/networks/9983630d-46a4-4336-ae6a-7e3a4178e69e HTTP/1.1" status: 204 len: 168 time: 0.3611145
2026-06-02 13:36:37.128 9 INFO neutron.db.ovn_revision_numbers_db [None req-f3cbb856-401e-441c-aa68-1925e8bf6263 362196a36e094dcb913baa141f4fcff9 5133d5cc02cd439193b4ebbc8e76fa71 - - default default] Successfully bumped revision number for resource 4e9e8fd5-f50b-44f9-97a3-a0eb76bc5799 (type: ports) to 1
2026-06-02 13:36:37.262 10 INFO neutron.db.ovn_revision_numbers_db [None req-cfcc3f87-1783-49c0-87cb-5f9ef28d5385 1523ff42a81345a593b7edae52593ef7 dc4cbea8a70046ebb43f0ba556f11fcc - - default default] Successfully bumped revision number for resource 75d2c385-028f-4780-b6ff-0ae82c0a14da (type: security_group_rules) to 0
2026-06-02 13:36:37.303 10 INFO neutron.api.wsgi [None req-cfcc3f87-1783-49c0-87cb-5f9ef28d5385 1523ff42a81345a593b7edae52593ef7 dc4cbea8a70046ebb43f0ba556f11fcc - - default default] 10.0.0.79 "POST /v2.0/security-group-rules HTTP/1.1" status: 201 len: 798 time: 0.1974335
2026-06-02 13:36:37.314 9 WARNING neutron_lib.context [None req-9c4e377d-f372-4a53-a3ed-38367dec53c3 1523ff42a81345a593b7edae52593ef7 dc4cbea8a70046ebb43f0ba556f11fcc - - default default] Method 'is_advsvc' is deprecated since 2023.2 release (neutron-lib 3.8.0) and will be removed once support for the old RBAC API policies will be removed from Neutron. Please use method 'is_service_role' instead.
2026-06-02 13:36:37.443 10 INFO neutron.api.wsgi [-] 10.0.0.53 "GET / HTTP/1.1" status: 200 len: 246 time: 0.0017803
2026-06-02 13:36:37.445 10 INFO neutron.api.wsgi [-] 10.0.0.53 "GET / HTTP/1.1" status: 200 len: 246 time: 0.0013278
2026-06-02 13:36:37.460 10 INFO neutron.api.wsgi [None req-ef67a700-da5e-4dcd-8cb3-bb8663c490ac 3b20968a5b4b449296e3122b90ea58e6 89867db5d28b433092b95d2e5637ff13 - - default default] 10.0.0.79 "DELETE /v2.0/networks/9d81f162-ff36-4f41-9e6c-5a4e5b1e4298 HTTP/1.1" status: 204 len: 168 time: 0.3277473
2026-06-02 13:36:37.504 9 INFO neutron.db.ovn_revision_numbers_db [None req-9c4e377d-f372-4a53-a3ed-38367dec53c3 1523ff42a81345a593b7edae52593ef7 dc4cbea8a70046ebb43f0ba556f11fcc - - default default] Successfully bumped revision number for resource 3e745a11-1408-4f8d-b101-1d0452555a8c (type: security_group_rules) to 0
2026-06-02 13:36:37.539 9 INFO neutron.api.wsgi [None req-9c4e377d-f372-4a53-a3ed-38367dec53c3 1523ff42a81345a593b7edae52593ef7 dc4cbea8a70046ebb43f0ba556f11fcc - - default default] 10.0.0.79 "POST /v2.0/security-group-rules HTTP/1.1" status: 201 len: 800 time: 0.2309585
2026-06-02 13:36:37.551 10 WARNING neutron_lib.context [None req-19f88c0a-59c1-42df-902f-1169c681acdf 1523ff42a81345a593b7edae52593ef7 dc4cbea8a70046ebb43f0ba556f11fcc - - default default] Method 'is_advsvc' is deprecated since 2023.2 release (neutron-lib 3.8.0) and will be removed once support for the old RBAC API policies will be removed from Neutron. Please use method 'is_service_role' instead.
2026-06-02 13:36:37.701 10 INFO neutron.db.ovn_revision_numbers_db [None req-19f88c0a-59c1-42df-902f-1169c681acdf 1523ff42a81345a593b7edae52593ef7 dc4cbea8a70046ebb43f0ba556f11fcc - - default default] Successfully bumped revision number for resource 18649c1e-df23-499d-8c18-7bbd457d4e33 (type: security_group_rules) to 0
2026-06-02 13:36:37.730 10 INFO neutron.api.wsgi [None req-19f88c0a-59c1-42df-902f-1169c681acdf 1523ff42a81345a593b7edae52593ef7 dc4cbea8a70046ebb43f0ba556f11fcc - - default default] 10.0.0.79 "POST /v2.0/security-group-rules HTTP/1.1" status: 201 len: 796 time: 0.1840301
2026-06-02 13:36:37.737 9 INFO neutron.plugins.ml2.drivers.ovn.mech_driver.ovsdb.commands [None req-76506730-4c21-405c-bbbc-c693800c1fe2 - - - - - -] Schedule LRP lrp-4e9e8fd5-f50b-44f9-97a3-a0eb76bc5799 on gateway 964fb7a4-776b-4958-a6cf-e0e5fab903dc with priority 1
2026-06-02 13:36:37.747 10 INFO neutron.plugins.ml2.drivers.ovn.mech_driver.mech_driver [None req-5bbaf037-4a76-4ddc-a6cc-17ab20fdafc3 - - - - - -] OVN reports status up for port: 4e9e8fd5-f50b-44f9-97a3-a0eb76bc5799
2026-06-02 13:36:37.753 10 INFO neutron.plugins.ml2.plugin [None req-5bbaf037-4a76-4ddc-a6cc-17ab20fdafc3 - - - - - -] Attempt 1 to provision port 4e9e8fd5-f50b-44f9-97a3-a0eb76bc5799
2026-06-02 13:36:37.781 9 INFO neutron.db.ovn_revision_numbers_db [None req-f3cbb856-401e-441c-aa68-1925e8bf6263 362196a36e094dcb913baa141f4fcff9 5133d5cc02cd439193b4ebbc8e76fa71 - - default default] Successfully bumped revision number for resource 4e9e8fd5-f50b-44f9-97a3-a0eb76bc5799 (type: router_ports) to 1
2026-06-02 13:36:37.850 9 INFO neutron.db.ovn_revision_numbers_db [None req-f3cbb856-401e-441c-aa68-1925e8bf6263 362196a36e094dcb913baa141f4fcff9 5133d5cc02cd439193b4ebbc8e76fa71 - - default default] Successfully bumped revision number for resource 27664132-a3de-4ee3-84a7-3677af6f2afe (type: routers) to 2
2026-06-02 13:36:37.867 9 INFO neutron.api.wsgi [None req-f3cbb856-401e-441c-aa68-1925e8bf6263 362196a36e094dcb913baa141f4fcff9 5133d5cc02cd439193b4ebbc8e76fa71 - - default default] 10.0.0.79 "POST /v2.0/routers HTTP/1.1" status: 201 len: 1135 time: 1.7753434
2026-06-02 13:36:37.967 9 INFO neutron.api.wsgi [req-c189ccd7-2dc1-42f8-b3ad-6facf6140c49 req-771fa822-03d1-4a3f-a4dd-5d40b226e560 1523ff42a81345a593b7edae52593ef7 dc4cbea8a70046ebb43f0ba556f11fcc - - default default] 10.0.0.186 "GET /v2.0/security-groups?name=tempest-lb_member_SG-1977151425&fields=id&tenant_id=dc4cbea8a70046ebb43f0ba556f11fcc HTTP/1.1" status: 200 len: 267 time: 0.0650868
2026-06-02 13:36:38.029 9 INFO neutron.api.wsgi [req-c189ccd7-2dc1-42f8-b3ad-6facf6140c49 req-3bcc3cf8-c049-4bc3-820d-59f4addc092e 1523ff42a81345a593b7edae52593ef7 dc4cbea8a70046ebb43f0ba556f11fcc - - default default] 10.0.0.186 "GET /v2.0/networks?id=11412c77-0b18-4cab-be9c-4feb9a4e7d74 HTTP/1.1" status: 200 len: 904 time: 0.0543389
2026-06-02 13:36:38.037 10 INFO neutron.services.segments.plugin [-] Segment f2956dda-7cb8-4b89-a6f5-d8d96c1a9af7 resource provider aggregate not found
2026-06-02 13:36:38.041 10 INFO neutron.services.segments.plugin [-] Segment f2956dda-7cb8-4b89-a6f5-d8d96c1a9af7 resource provider aggregate not found
2026-06-02 13:36:38.049 9 INFO neutron.api.wsgi [req-c189ccd7-2dc1-42f8-b3ad-6facf6140c49 req-4ea723fb-1c75-4bb3-971b-5af349895fd2 1523ff42a81345a593b7edae52593ef7 dc4cbea8a70046ebb43f0ba556f11fcc - - default default] 10.0.0.186 "GET /v2.0/quotas/dc4cbea8a70046ebb43f0ba556f11fcc HTTP/1.1" status: 200 len: 491 time: 0.0126424
2026-06-02 13:36:38.060 10 INFO neutron.services.segments.plugin [-] Segment f2956dda-7cb8-4b89-a6f5-d8d96c1a9af7 resource provider not found; error: Placement Client Error (4xx): {"errors": [{"status": 404, "title": "Not Found", "detail": "The resource could not be found.\n\n No resource provider with uuid f2956dda-7cb8-4b89-a6f5-d8d96c1a9af7 found for delete ", "request_id": "req-3397ebe1-b69b-4746-8407-ecf864346bd9"}]}
2026-06-02 13:36:38.065 10 INFO neutron.services.segments.plugin [-] Segment f2956dda-7cb8-4b89-a6f5-d8d96c1a9af7 resource provider not found; error: Placement Client Error (4xx): {"errors": [{"status": 404, "title": "Not Found", "detail": "The resource could not be found.\n\n No resource provider with uuid f2956dda-7cb8-4b89-a6f5-d8d96c1a9af7 found for delete ", "request_id": "req-3552e6f4-9f53-4c08-a077-bfa34f872bfe"}]}
2026-06-02 13:36:38.080 10 INFO neutron.services.segments.plugin [-] Segment 4b4310a2-ace4-4bd1-8717-6cd3ebf5a470 resource provider aggregate not found
2026-06-02 13:36:38.084 10 INFO neutron.services.segments.plugin [-] Segment 4b4310a2-ace4-4bd1-8717-6cd3ebf5a470 resource provider aggregate not found
2026-06-02 13:36:38.099 10 INFO neutron.services.segments.plugin [-] Segment 4b4310a2-ace4-4bd1-8717-6cd3ebf5a470 resource provider not found; error: Placement Client Error (4xx): {"errors": [{"status": 404, "title": "Not Found", "detail": "The resource could not be found.\n\n No resource provider with uuid 4b4310a2-ace4-4bd1-8717-6cd3ebf5a470 found for delete ", "request_id": "req-4248014a-0268-46cb-8c5a-f1fca2635573"}]}
2026-06-02 13:36:38.102 10 INFO neutron.services.segments.plugin [-] Segment 4b4310a2-ace4-4bd1-8717-6cd3ebf5a470 resource provider not found; error: Placement Client Error (4xx): {"errors": [{"status": 404, "title": "Not Found", "detail": "The resource could not be found.\n\n No resource provider with uuid 4b4310a2-ace4-4bd1-8717-6cd3ebf5a470 found for delete ", "request_id": "req-676ba67e-096e-4160-87cd-8b9543a9da29"}]}
2026-06-02 13:36:38.125 10 INFO neutron.services.segments.plugin [-] Segment 365539e7-a32a-401d-abb5-9cb16def8cf7 resource provider aggregate not found
2026-06-02 13:36:38.130 10 INFO neutron.services.segments.plugin [-] Segment 365539e7-a32a-401d-abb5-9cb16def8cf7 resource provider aggregate not found
2026-06-02 13:36:38.141 10 INFO neutron.services.segments.plugin [-] Segment 365539e7-a32a-401d-abb5-9cb16def8cf7 resource provider not found; error: Placement Client Error (4xx): {"errors": [{"status": 404, "title": "Not Found", "detail": "The resource could not be found.\n\n No resource provider with uuid 365539e7-a32a-401d-abb5-9cb16def8cf7 found for delete ", "request_id": "req-8d10f787-874b-4905-9965-7007489481dc"}]}
2026-06-02 13:36:38.154 10 INFO neutron.services.segments.plugin [-] Segment 32371b2e-173f-4fc9-8b5d-0b859b9e5a0b resource provider aggregate not found
2026-06-02 13:36:38.163 10 INFO neutron.services.segments.plugin [-] Segment 365539e7-a32a-401d-abb5-9cb16def8cf7 resource provider not found; error: Placement Client Error (4xx): {"errors": [{"status": 404, "title": "Not Found", "detail": "The resource could not be found.\n\n No resource provider with uuid 365539e7-a32a-401d-abb5-9cb16def8cf7 found for delete ", "request_id": "req-36a74d21-558d-4053-b921-84f037b9c156"}]}
2026-06-02 13:36:38.173 10 INFO neutron.services.segments.plugin [-] Segment 32371b2e-173f-4fc9-8b5d-0b859b9e5a0b resource provider not found; error: Placement Client Error (4xx): {"errors": [{"status": 404, "title": "Not Found", "detail": "The resource could not be found.\n\n No resource provider with uuid 32371b2e-173f-4fc9-8b5d-0b859b9e5a0b found for delete ", "request_id": "req-9c9d0fc7-2808-4c25-9e4b-e3e7e3c0e47e"}]}
2026-06-02 13:36:38.177 10 INFO neutron.services.segments.plugin [-] Segment 32371b2e-173f-4fc9-8b5d-0b859b9e5a0b resource provider aggregate not found
2026-06-02 13:36:38.192 10 INFO neutron.services.segments.plugin [-] Segment 32371b2e-173f-4fc9-8b5d-0b859b9e5a0b resource provider not found; error: Placement Client Error (4xx): {"errors": [{"status": 404, "title": "Not Found", "detail": "The resource could not be found.\n\n No resource provider with uuid 32371b2e-173f-4fc9-8b5d-0b859b9e5a0b found for delete ", "request_id": "req-fb9d211c-078b-41a1-83c8-2c0107f79a31"}]}
2026-06-02 13:36:38.269 9 INFO neutron.api.wsgi [req-c189ccd7-2dc1-42f8-b3ad-6facf6140c49 req-b2539283-59dd-4f63-b788-af789532d0f9 1523ff42a81345a593b7edae52593ef7 dc4cbea8a70046ebb43f0ba556f11fcc - - default default] 10.0.0.186 "GET /v2.0/ports?tenant_id=dc4cbea8a70046ebb43f0ba556f11fcc&fields=id HTTP/1.1" status: 200 len: 486 time: 0.2148290
2026-06-02 13:36:38.334 9 INFO neutron.api.wsgi [req-c189ccd7-2dc1-42f8-b3ad-6facf6140c49 req-80582c45-2138-4751-ba94-ff1d0ec29ce3 7f80bfc0976c4ae49d98a14832977e59 bd1a759263f845cba38942cd10c00668 - - 02758a855b0a4c84848683b5d5df47d9 02758a855b0a4c84848683b5d5df47d9] 10.0.0.186 "GET /v2.0/networks/11412c77-0b18-4cab-be9c-4feb9a4e7d74?fields=segments HTTP/1.1" status: 200 len: 212 time: 0.0525775
2026-06-02 13:36:38.377 9 INFO neutron.api.wsgi [req-c189ccd7-2dc1-42f8-b3ad-6facf6140c49 req-5b1e154c-0734-43c9-b988-4f0e90c9f5e0 7f80bfc0976c4ae49d98a14832977e59 bd1a759263f845cba38942cd10c00668 - - 02758a855b0a4c84848683b5d5df47d9 02758a855b0a4c84848683b5d5df47d9] 10.0.0.186 "GET /v2.0/networks/11412c77-0b18-4cab-be9c-4feb9a4e7d74?fields=provider%3Aphysical_network&fields=provider%3Anetwork_type HTTP/1.1" status: 200 len: 277 time: 0.0376277
2026-06-02 13:36:38.459 10 INFO neutron.api.wsgi [None req-57b4973c-f0be-48f7-aae8-29eff8fca47f 137ec43846084a089afdae182b4e0dbd 294e0993ebdb4c8ab84944346059036f - - default default] 10.0.0.79 "GET /v2.0/security-groups?tenant_id=89867db5d28b433092b95d2e5637ff13&name=default HTTP/1.1" status: 200 len: 3120 time: 0.1728096
2026-06-02 13:36:38.502 10 INFO neutron.api.wsgi [req-cddd7315-e31e-45eb-812c-559105f689a8 req-d4add724-3441-4681-b2c1-af988a3c559d 1523ff42a81345a593b7edae52593ef7 dc4cbea8a70046ebb43f0ba556f11fcc - - default default] 10.0.0.186 "GET /v2.0/ports?device_id=5c15e454-8cae-4608-9cde-2f5cd4e6e68c HTTP/1.1" status: 200 len: 210 time: 0.0236201
2026-06-02 13:36:38.509 10 WARNING neutron.scheduler.dhcp_agent_scheduler [None req-3d36b343-c2d7-4752-9fe9-4853d1ea6bf2 362196a36e094dcb913baa141f4fcff9 5133d5cc02cd439193b4ebbc8e76fa71 - - default default] No more DHCP agents
2026-06-02 13:36:38.511 10 WARNING neutron.api.rpc.agentnotifiers.dhcp_rpc_agent_api [None req-3d36b343-c2d7-4752-9fe9-4853d1ea6bf2 362196a36e094dcb913baa141f4fcff9 5133d5cc02cd439193b4ebbc8e76fa71 - - default default] Unable to schedule network 6eeec1c3-8306-4b61-9c44-9adcec20682b: no agents available; will retry on subsequent port and subnet creation events.
2026-06-02 13:36:38.658 10 INFO neutron.db.ovn_revision_numbers_db [None req-3d36b343-c2d7-4752-9fe9-4853d1ea6bf2 362196a36e094dcb913baa141f4fcff9 5133d5cc02cd439193b4ebbc8e76fa71 - - default default] Successfully bumped revision number for resource ad5dcdb0-2dab-449b-bbd1-50b1c51e983c (type: ports) to 1
2026-06-02 13:36:38.700 10 INFO neutron.api.wsgi [None req-4230ea6e-b11b-48da-bb37-94141f3e98bb 137ec43846084a089afdae182b4e0dbd 294e0993ebdb4c8ab84944346059036f - - default default] 10.0.0.79 "DELETE /v2.0/security-groups/1372008b-6aff-43ab-9686-d9b84f969fe1 HTTP/1.1" status: 204 len: 168 time: 0.2360559
2026-06-02 13:36:38.900 9 INFO neutron.db.ovn_revision_numbers_db [None req-7406d564-db73-4cf2-b97a-df550f1edeab 137ec43846084a089afdae182b4e0dbd 294e0993ebdb4c8ab84944346059036f - - default default] Successfully bumped revision number for resource 282659b9-2291-49af-a56e-7520209717f1 (type: security_groups) to 1
2026-06-02 13:36:38.913 9 INFO neutron.db.ovn_revision_numbers_db [None req-7406d564-db73-4cf2-b97a-df550f1edeab 137ec43846084a089afdae182b4e0dbd 294e0993ebdb4c8ab84944346059036f - - default default] Successfully bumped revision number for resource 6c0fee87-4deb-4626-830a-8db098aea7f6 (type: security_group_rules) to 0
2026-06-02 13:36:38.926 9 INFO neutron.db.ovn_revision_numbers_db [None req-7406d564-db73-4cf2-b97a-df550f1edeab 137ec43846084a089afdae182b4e0dbd 294e0993ebdb4c8ab84944346059036f - - default default] Successfully bumped revision number for resource 8bc2d4e2-be4c-48bc-9cb2-9b8363b8f6c3 (type: security_group_rules) to 0
2026-06-02 13:36:38.937 9 INFO neutron.db.ovn_revision_numbers_db [None req-7406d564-db73-4cf2-b97a-df550f1edeab 137ec43846084a089afdae182b4e0dbd 294e0993ebdb4c8ab84944346059036f - - default default] Successfully bumped revision number for resource ae76c575-0cbb-4c1d-8509-3a11a6cc0617 (type: security_group_rules) to 0
2026-06-02 13:36:38.949 9 INFO neutron.db.ovn_revision_numbers_db [None req-7406d564-db73-4cf2-b97a-df550f1edeab 137ec43846084a089afdae182b4e0dbd 294e0993ebdb4c8ab84944346059036f - - default default] Successfully bumped revision number for resource aeab5a89-eb7b-42d2-b2b4-c4ccbbb2d002 (type: security_group_rules) to 0
2026-06-02 13:36:38.981 9 INFO neutron.api.wsgi [None req-7406d564-db73-4cf2-b97a-df550f1edeab 137ec43846084a089afdae182b4e0dbd 294e0993ebdb4c8ab84944346059036f - - default default] 10.0.0.79 "GET /v2.0/security-groups?tenant_id=ab3dbbf7669842fe914cfc7f321b8a1b&name=default HTTP/1.1" status: 200 len: 3124 time: 0.2026458
2026-06-02 13:36:39.177 9 INFO neutron.api.wsgi [None req-c6d7a646-d732-43bd-ad5b-ab607286b6bc 137ec43846084a089afdae182b4e0dbd 294e0993ebdb4c8ab84944346059036f - - default default] 10.0.0.79 "DELETE /v2.0/security-groups/282659b9-2291-49af-a56e-7520209717f1 HTTP/1.1" status: 204 len: 168 time: 0.1907506
2026-06-02 13:36:39.216 10 INFO neutron.db.ovn_revision_numbers_db [None req-3d36b343-c2d7-4752-9fe9-4853d1ea6bf2 362196a36e094dcb913baa141f4fcff9 5133d5cc02cd439193b4ebbc8e76fa71 - - default default] Successfully bumped revision number for resource ad5dcdb0-2dab-449b-bbd1-50b1c51e983c (type: ports) to 1
2026-06-02 13:36:39.265 10 WARNING neutron.scheduler.dhcp_agent_scheduler [None req-3d36b343-c2d7-4752-9fe9-4853d1ea6bf2 362196a36e094dcb913baa141f4fcff9 5133d5cc02cd439193b4ebbc8e76fa71 - - default default] No more DHCP agents
2026-06-02 13:36:39.266 10 WARNING neutron.api.rpc.agentnotifiers.dhcp_rpc_agent_api [None req-3d36b343-c2d7-4752-9fe9-4853d1ea6bf2 362196a36e094dcb913baa141f4fcff9 5133d5cc02cd439193b4ebbc8e76fa71 - - default default] Unable to schedule network 6eeec1c3-8306-4b61-9c44-9adcec20682b: no agents available; will retry on subsequent port and subnet creation events.
2026-06-02 13:36:39.423 9 INFO neutron.db.ovn_revision_numbers_db [None req-e5c4fac2-45ab-4bc9-a348-eea2d68a5375 137ec43846084a089afdae182b4e0dbd 294e0993ebdb4c8ab84944346059036f - - default default] Successfully bumped revision number for resource 7c45d0ce-0b95-48fa-b6dc-cb9b471231c1 (type: security_groups) to 1
2026-06-02 13:36:39.435 9 INFO neutron.db.ovn_revision_numbers_db [None req-e5c4fac2-45ab-4bc9-a348-eea2d68a5375 137ec43846084a089afdae182b4e0dbd 294e0993ebdb4c8ab84944346059036f - - default default] Successfully bumped revision number for resource 088d5b91-cf56-43c2-8d40-caceef29636d (type: security_group_rules) to 0
2026-06-02 13:36:39.449 9 INFO neutron.db.ovn_revision_numbers_db [None req-e5c4fac2-45ab-4bc9-a348-eea2d68a5375 137ec43846084a089afdae182b4e0dbd 294e0993ebdb4c8ab84944346059036f - - default default] Successfully bumped revision number for resource 0c7895bd-1a2d-4809-8734-0e4d8c68e17f (type: security_group_rules) to 0
2026-06-02 13:36:39.463 9 INFO neutron.db.ovn_revision_numbers_db [None req-e5c4fac2-45ab-4bc9-a348-eea2d68a5375 137ec43846084a089afdae182b4e0dbd 294e0993ebdb4c8ab84944346059036f - - default default] Successfully bumped revision number for resource 4bcef088-68d8-4665-b9c7-e35e9c7f1640 (type: security_group_rules) to 0
2026-06-02 13:36:39.482 9 INFO neutron.db.ovn_revision_numbers_db [None req-e5c4fac2-45ab-4bc9-a348-eea2d68a5375 137ec43846084a089afdae182b4e0dbd 294e0993ebdb4c8ab84944346059036f - - default default] Successfully bumped revision number for resource 719b50bc-5b3a-4c21-b231-9353fb3209e3 (type: security_group_rules) to 0
2026-06-02 13:36:39.516 9 INFO neutron.api.wsgi [None req-e5c4fac2-45ab-4bc9-a348-eea2d68a5375 137ec43846084a089afdae182b4e0dbd 294e0993ebdb4c8ab84944346059036f - - default default] 10.0.0.79 "GET /v2.0/security-groups?tenant_id=b7c2895915b84f4cb4e6cf2c48215bb2&name=default HTTP/1.1" status: 200 len: 3124 time: 0.2153420
2026-06-02 13:36:39.552 10 INFO neutron.db.ovn_revision_numbers_db [None req-3d36b343-c2d7-4752-9fe9-4853d1ea6bf2 362196a36e094dcb913baa141f4fcff9 5133d5cc02cd439193b4ebbc8e76fa71 - - default default] Successfully bumped revision number for resource ad5dcdb0-2dab-449b-bbd1-50b1c51e983c (type: router_ports) to 1
2026-06-02 13:36:39.558 10 INFO neutron.api.wsgi [None req-3d36b343-c2d7-4752-9fe9-4853d1ea6bf2 362196a36e094dcb913baa141f4fcff9 5133d5cc02cd439193b4ebbc8e76fa71 - - default default] 10.0.0.79 "PUT /v2.0/routers/27664132-a3de-4ee3-84a7-3677af6f2afe/add_router_interface HTTP/1.1" status: 200 len: 503 time: 1.6853933
2026-06-02 13:36:39.569 10 WARNING neutron_lib.context [None req-1ece8072-ec0a-41f5-968d-1e98a30928d0 362196a36e094dcb913baa141f4fcff9 5133d5cc02cd439193b4ebbc8e76fa71 - - default default] Method 'is_advsvc' is deprecated since 2023.2 release (neutron-lib 3.8.0) and will be removed once support for the old RBAC API policies will be removed from Neutron. Please use method 'is_service_role' instead.
2026-06-02 13:36:39.777 9 INFO neutron.api.wsgi [None req-64e971fc-5cf8-45a3-aaac-92a82a5b94ff 137ec43846084a089afdae182b4e0dbd 294e0993ebdb4c8ab84944346059036f - - default default] 10.0.0.79 "DELETE /v2.0/security-groups/7c45d0ce-0b95-48fa-b6dc-cb9b471231c1 HTTP/1.1" status: 204 len: 168 time: 0.2542081
2026-06-02 13:36:40.180 10 WARNING neutron.scheduler.dhcp_agent_scheduler [None req-ced0d54e-bae6-4e45-a8d9-ee85519b95c7 - - - - - -] No more DHCP agents
2026-06-02 13:36:40.181 10 WARNING neutron.api.rpc.agentnotifiers.dhcp_rpc_agent_api [None req-ced0d54e-bae6-4e45-a8d9-ee85519b95c7 - - - - - -] Unable to schedule network 3625b642-a7a8-45eb-a055-e8c49cf30b3a: no agents available; will retry on subsequent port and subnet creation events.
2026-06-02 13:36:40.310 10 INFO neutron.db.ovn_revision_numbers_db [None req-ced0d54e-bae6-4e45-a8d9-ee85519b95c7 - - - - - -] Successfully bumped revision number for resource 4588894b-639d-4aa8-b795-09ef59dd1a3b (type: ports) to 1
2026-06-02 13:36:40.534 10 INFO neutron.db.ovn_revision_numbers_db [None req-ced0d54e-bae6-4e45-a8d9-ee85519b95c7 - - - - - -] Successfully bumped revision number for resource 4588894b-639d-4aa8-b795-09ef59dd1a3b (type: ports) to 3
2026-06-02 13:36:40.597 10 INFO neutron.db.segments_db [None req-ced0d54e-bae6-4e45-a8d9-ee85519b95c7 - - - - - -] Added segment a7f83ab6-d577-4414-8a5a-982a68d9c884 of type geneve for network 3ac4bf5d-8519-460d-88a5-f012163e0336
2026-06-02 13:36:40.725 10 INFO neutron.db.ovn_revision_numbers_db [None req-4e88ddec-7529-49f9-8701-ae5a1586f529 - - - - - -] Successfully bumped revision number for resource 3ac4bf5d-8519-460d-88a5-f012163e0336 (type: networks) to 1
2026-06-02 13:36:40.865 10 WARNING neutron.scheduler.dhcp_agent_scheduler [None req-4e88ddec-7529-49f9-8701-ae5a1586f529 - - - - - -] No more DHCP agents
2026-06-02 13:36:40.867 10 WARNING neutron.api.rpc.agentnotifiers.dhcp_rpc_agent_api [None req-4e88ddec-7529-49f9-8701-ae5a1586f529 - - - - - -] Unable to schedule network 3ac4bf5d-8519-460d-88a5-f012163e0336: no agents available; will retry on subsequent port and subnet creation events.
2026-06-02 13:36:40.927 10 INFO neutron.db.ovn_revision_numbers_db [None req-4e88ddec-7529-49f9-8701-ae5a1586f529 - - - - - -] Successfully bumped revision number for resource 46c3c7ee-2985-4893-9695-60267f1f05cb (type: ports) to 1
2026-06-02 13:36:41.045 10 WARNING neutron.scheduler.dhcp_agent_scheduler [None req-4e88ddec-7529-49f9-8701-ae5a1586f529 - - - - - -] No more DHCP agents
2026-06-02 13:36:41.046 10 WARNING neutron.api.rpc.agentnotifiers.dhcp_rpc_agent_api [None req-4e88ddec-7529-49f9-8701-ae5a1586f529 - - - - - -] Unable to schedule network 3ac4bf5d-8519-460d-88a5-f012163e0336: no agents available; will retry on subsequent port and subnet creation events.
2026-06-02 13:36:41.074 10 INFO neutron.db.ovn_revision_numbers_db [None req-4e88ddec-7529-49f9-8701-ae5a1586f529 - - - - - -] Successfully bumped revision number for resource fbb83b5b-63cc-4535-a874-0c76bf09c33f (type: subnets) to 0
2026-06-02 13:36:41.482 10 WARNING neutron.scheduler.dhcp_agent_scheduler [None req-4e88ddec-7529-49f9-8701-ae5a1586f529 - - - - - -] No more DHCP agents
2026-06-02 13:36:41.483 10 WARNING neutron.api.rpc.agentnotifiers.dhcp_rpc_agent_api [None req-4e88ddec-7529-49f9-8701-ae5a1586f529 - - - - - -] Unable to schedule network 3ac4bf5d-8519-460d-88a5-f012163e0336: no agents available; will retry on subsequent port and subnet creation events.
2026-06-02 13:36:41.617 10 INFO neutron.db.ovn_revision_numbers_db [None req-4e88ddec-7529-49f9-8701-ae5a1586f529 - - - - - -] Successfully bumped revision number for resource e3772d8c-5700-484a-837f-d5fc927fd9eb (type: ports) to 1
2026-06-02 13:36:42.201 10 INFO neutron.db.ovn_revision_numbers_db [None req-4e88ddec-7529-49f9-8701-ae5a1586f529 - - - - - -] Successfully bumped revision number for resource e3772d8c-5700-484a-837f-d5fc927fd9eb (type: ports) to 1
2026-06-02 13:36:42.244 10 WARNING neutron.scheduler.dhcp_agent_scheduler [None req-4e88ddec-7529-49f9-8701-ae5a1586f529 - - - - - -] No more DHCP agents
2026-06-02 13:36:42.245 10 WARNING neutron.api.rpc.agentnotifiers.dhcp_rpc_agent_api [None req-4e88ddec-7529-49f9-8701-ae5a1586f529 - - - - - -] Unable to schedule network 3ac4bf5d-8519-460d-88a5-f012163e0336: no agents available; will retry on subsequent port and subnet creation events.
2026-06-02 13:36:42.498 9 WARNING neutron.plugins.ml2.drivers.ovn.mech_driver.ovsdb.ovn_client [None req-f6a3eaae-99f3-41bf-be9a-f13da71384eb - - - - - -] No hosting information found for port 2a80f934-2cb9-4724-8c6d-ddd95134d661: RuntimeError: No hosting information found for port 2a80f934-2cb9-4724-8c6d-ddd95134d661
2026-06-02 13:36:42.569 9 INFO neutron.db.ovn_revision_numbers_db [None req-f6a3eaae-99f3-41bf-be9a-f13da71384eb - - - - - -] Successfully bumped revision number for resource 2a80f934-2cb9-4724-8c6d-ddd95134d661 (type: router_ports) to 2
2026-06-02 13:36:42.570 9 INFO neutron.plugins.ml2.drivers.ovn.mech_driver.mech_driver [None req-f6a3eaae-99f3-41bf-be9a-f13da71384eb - - - - - -] OVN reports status up for port: 21e4a02c-3a0e-49c2-8360-2e3e63c22c68
