2026-06-02 13:36:12.588 8 INFO cinder.api.openstack.wsgi [None req-0ec3b1ec-21d8-4d0b-81d6-85c678923867 137ec43846084a089afdae182b4e0dbd 294e0993ebdb4c8ab84944346059036f - - default default] GET http://cinder-api.openstack.svc.cluster.local:8776/v3/294e0993ebdb4c8ab84944346059036f/os-quota-sets/5cc5537dda364160a9bdcce401a3845b?usage=true
2026-06-02 13:36:12.612 8 INFO cinder.api.openstack.wsgi [None req-0ec3b1ec-21d8-4d0b-81d6-85c678923867 137ec43846084a089afdae182b4e0dbd 294e0993ebdb4c8ab84944346059036f - - default default] http://cinder-api.openstack.svc.cluster.local:8776/v3/294e0993ebdb4c8ab84944346059036f/os-quota-sets/5cc5537dda364160a9bdcce401a3845b?usage=true returned with HTTP 200 [pid: 8|app: 0|req: 433/868] 10.0.0.244 () {28 vars in 736 bytes} [Tue Jun 2 13:36:12 2026] GET /v3/294e0993ebdb4c8ab84944346059036f/os-quota-sets/5cc5537dda364160a9bdcce401a3845b?usage=true => generated 847 bytes in 30 msecs (HTTP/1.1 200) 7 headers in 285 bytes (1 switches on core 0)
2026-06-02 13:36:12.624 9 INFO cinder.api.openstack.wsgi [None req-71dcadbb-b5cd-4417-8544-d8b5cd3fa5f0 137ec43846084a089afdae182b4e0dbd 294e0993ebdb4c8ab84944346059036f - - default default] GET http://cinder-api.openstack.svc.cluster.local:8776/v3/294e0993ebdb4c8ab84944346059036f/os-quota-sets/8835da916cef47818bdb0c84e0419953?usage=true
2026-06-02 13:36:12.653 9 INFO cinder.api.openstack.wsgi [None req-71dcadbb-b5cd-4417-8544-d8b5cd3fa5f0 137ec43846084a089afdae182b4e0dbd 294e0993ebdb4c8ab84944346059036f - - default default] http://cinder-api.openstack.svc.cluster.local:8776/v3/294e0993ebdb4c8ab84944346059036f/os-quota-sets/8835da916cef47818bdb0c84e0419953?usage=true returned with HTTP 200 [pid: 9|app: 0|req: 436/869] 10.0.0.244 () {28 vars in 736 bytes} [Tue Jun 2 13:36:12 2026] GET /v3/294e0993ebdb4c8ab84944346059036f/os-quota-sets/8835da916cef47818bdb0c84e0419953?usage=true => generated 847 bytes in 38 msecs (HTTP/1.1 200) 7 headers in 285 bytes (1 switches on core 0)
2026-06-02 13:36:12.664 8 INFO cinder.api.openstack.wsgi [None req-fde2d8e7-d91f-456b-9325-4180e576531b 137ec43846084a089afdae182b4e0dbd 294e0993ebdb4c8ab84944346059036f - - default default] GET http://cinder-api.openstack.svc.cluster.local:8776/v3/294e0993ebdb4c8ab84944346059036f/os-quota-sets/9a1f13cff8cb40f2b6a831b76fd9d817?usage=true
2026-06-02 13:36:12.685 8 INFO cinder.api.openstack.wsgi [None req-fde2d8e7-d91f-456b-9325-4180e576531b 137ec43846084a089afdae182b4e0dbd 294e0993ebdb4c8ab84944346059036f - - default default] http://cinder-api.openstack.svc.cluster.local:8776/v3/294e0993ebdb4c8ab84944346059036f/os-quota-sets/9a1f13cff8cb40f2b6a831b76fd9d817?usage=true returned with HTTP 200 [pid: 8|app: 0|req: 434/870] 10.0.0.244 () {28 vars in 736 bytes} [Tue Jun 2 13:36:12 2026] GET /v3/294e0993ebdb4c8ab84944346059036f/os-quota-sets/9a1f13cff8cb40f2b6a831b76fd9d817?usage=true => generated 847 bytes in 27 msecs (HTTP/1.1 200) 7 headers in 285 bytes (1 switches on core 0)
2026-06-02 13:36:12.695 9 INFO cinder.api.openstack.wsgi [None req-8123c5e4-ee1f-41c8-a2a7-02babfedfaa6 137ec43846084a089afdae182b4e0dbd 294e0993ebdb4c8ab84944346059036f - - default default] GET http://cinder-api.openstack.svc.cluster.local:8776/v3/294e0993ebdb4c8ab84944346059036f/os-quota-sets/bd1a759263f845cba38942cd10c00668?usage=true
2026-06-02 13:36:12.714 9 INFO cinder.api.openstack.wsgi [None req-8123c5e4-ee1f-41c8-a2a7-02babfedfaa6 137ec43846084a089afdae182b4e0dbd 294e0993ebdb4c8ab84944346059036f - - default default] http://cinder-api.openstack.svc.cluster.local:8776/v3/294e0993ebdb4c8ab84944346059036f/os-quota-sets/bd1a759263f845cba38942cd10c00668?usage=true returned with HTTP 200 [pid: 9|app: 0|req: 437/871] 10.0.0.244 () {28 vars in 736 bytes} [Tue Jun 2 13:36:12 2026] GET /v3/294e0993ebdb4c8ab84944346059036f/os-quota-sets/bd1a759263f845cba38942cd10c00668?usage=true => generated 845 bytes in 27 msecs (HTTP/1.1 200) 7 headers in 285 bytes (1 switches on core 0)
2026-06-02 13:36:12.726 8 INFO cinder.api.openstack.wsgi [None req-401e6b44-48bc-486c-bac6-b6833a5dac8d 137ec43846084a089afdae182b4e0dbd 294e0993ebdb4c8ab84944346059036f - - default default] GET http://cinder-api.openstack.svc.cluster.local:8776/v3/294e0993ebdb4c8ab84944346059036f/os-quota-sets/ddf0a7124b0745b0b1db48827adc2189?usage=true
2026-06-02 13:36:12.751 8 INFO cinder.api.openstack.wsgi [None req-401e6b44-48bc-486c-bac6-b6833a5dac8d 137ec43846084a089afdae182b4e0dbd 294e0993ebdb4c8ab84944346059036f - - default default] http://cinder-api.openstack.svc.cluster.local:8776/v3/294e0993ebdb4c8ab84944346059036f/os-quota-sets/ddf0a7124b0745b0b1db48827adc2189?usage=true returned with HTTP 200 [pid: 8|app: 0|req: 435/872] 10.0.0.244 () {28 vars in 736 bytes} [Tue Jun 2 13:36:12 2026] GET /v3/294e0993ebdb4c8ab84944346059036f/os-quota-sets/ddf0a7124b0745b0b1db48827adc2189?usage=true => generated 847 bytes in 32 msecs (HTTP/1.1 200) 7 headers in 285 bytes (1 switches on core 0)
2026-06-02 13:36:12.761 9 INFO cinder.api.openstack.wsgi [None req-c09c72b1-6e9f-406a-be71-48fc58fd7044 137ec43846084a089afdae182b4e0dbd 294e0993ebdb4c8ab84944346059036f - - default default] GET http://cinder-api.openstack.svc.cluster.local:8776/v3/294e0993ebdb4c8ab84944346059036f/snapshots?all_tenants=true
2026-06-02 13:36:12.767 9 INFO cinder.volume.api [None req-c09c72b1-6e9f-406a-be71-48fc58fd7044 137ec43846084a089afdae182b4e0dbd 294e0993ebdb4c8ab84944346059036f - - default default] Get all snapshots completed successfully.
2026-06-02 13:36:12.767 9 INFO cinder.api.openstack.wsgi [None req-c09c72b1-6e9f-406a-be71-48fc58fd7044 137ec43846084a089afdae182b4e0dbd 294e0993ebdb4c8ab84944346059036f - - default default] http://cinder-api.openstack.svc.cluster.local:8776/v3/294e0993ebdb4c8ab84944346059036f/snapshots?all_tenants=true returned with HTTP 200 [pid: 9|app: 0|req: 438/873] 10.0.0.244 () {28 vars in 674 bytes} [Tue Jun 2 13:36:12 2026] GET /v3/294e0993ebdb4c8ab84944346059036f/snapshots?all_tenants=true => generated 17 bytes in 12 msecs (HTTP/1.1 200) 7 headers in 284 bytes (1 switches on core 0)
2026-06-02 13:36:12.779 8 INFO cinder.api.openstack.wsgi [None req-92fa26a0-84f4-4f84-8220-4ed7c300e598 137ec43846084a089afdae182b4e0dbd 294e0993ebdb4c8ab84944346059036f - - default default] GET http://cinder-api.openstack.svc.cluster.local:8776/v3/294e0993ebdb4c8ab84944346059036f/volumes/detail?all_tenants=true
2026-06-02 13:36:12.792 8 INFO cinder.volume.api [None req-92fa26a0-84f4-4f84-8220-4ed7c300e598 137ec43846084a089afdae182b4e0dbd 294e0993ebdb4c8ab84944346059036f - - default default] Get all volumes completed successfully.
2026-06-02 13:36:12.796 8 INFO cinder.api.openstack.wsgi [None req-92fa26a0-84f4-4f84-8220-4ed7c300e598 137ec43846084a089afdae182b4e0dbd 294e0993ebdb4c8ab84944346059036f - - default default] http://cinder-api.openstack.svc.cluster.local:8776/v3/294e0993ebdb4c8ab84944346059036f/volumes/detail?all_tenants=true returned with HTTP 200 [pid: 8|app: 0|req: 436/874] 10.0.0.244 () {28 vars in 684 bytes} [Tue Jun 2 13:36:12 2026] GET /v3/294e0993ebdb4c8ab84944346059036f/volumes/detail?all_tenants=true => generated 15 bytes in 24 msecs (HTTP/1.1 200) 7 headers in 284 bytes (1 switches on core 0)
2026-06-02 13:36:12.810 9 INFO cinder.api.openstack.wsgi [None req-c2572e7d-c84d-4cab-bffc-0437d5ece576 137ec43846084a089afdae182b4e0dbd 294e0993ebdb4c8ab84944346059036f - - default default] GET http://cinder-api.openstack.svc.cluster.local:8776/v3/294e0993ebdb4c8ab84944346059036f/volumes/detail?all_tenants=true
2026-06-02 13:36:12.818 9 INFO cinder.volume.api [None req-c2572e7d-c84d-4cab-bffc-0437d5ece576 137ec43846084a089afdae182b4e0dbd 294e0993ebdb4c8ab84944346059036f - - default default] Get all volumes completed successfully.
2026-06-02 13:36:12.820 9 INFO cinder.api.openstack.wsgi [None req-c2572e7d-c84d-4cab-bffc-0437d5ece576 137ec43846084a089afdae182b4e0dbd 294e0993ebdb4c8ab84944346059036f - - default default] http://cinder-api.openstack.svc.cluster.local:8776/v3/294e0993ebdb4c8ab84944346059036f/volumes/detail?all_tenants=true returned with HTTP 200 [pid: 9|app: 0|req: 439/875] 10.0.0.244 () {28 vars in 684 bytes} [Tue Jun 2 13:36:12 2026] GET /v3/294e0993ebdb4c8ab84944346059036f/volumes/detail?all_tenants=true => generated 15 bytes in 19 msecs (HTTP/1.1 200) 7 headers in 284 bytes (1 switches on core 0)
2026-06-02 13:36:12.834 8 INFO cinder.api.openstack.wsgi [None req-d558525a-71b5-4ce2-8c44-cab3a5844339 137ec43846084a089afdae182b4e0dbd 294e0993ebdb4c8ab84944346059036f - - default default] GET http://cinder-api.openstack.svc.cluster.local:8776/v3/294e0993ebdb4c8ab84944346059036f/os-services
2026-06-02 13:36:12.839 8 INFO cinder.api.openstack.wsgi [None req-d558525a-71b5-4ce2-8c44-cab3a5844339 137ec43846084a089afdae182b4e0dbd 294e0993ebdb4c8ab84944346059036f - - default default] http://cinder-api.openstack.svc.cluster.local:8776/v3/294e0993ebdb4c8ab84944346059036f/os-services returned with HTTP 200 [pid: 8|app: 0|req: 437/876] 10.0.0.244 () {28 vars in 645 bytes} [Tue Jun 2 13:36:12 2026] GET /v3/294e0993ebdb4c8ab84944346059036f/os-services => generated 646 bytes in 14 msecs (HTTP/1.1 200) 7 headers in 285 bytes (1 switches on core 0)
2026-06-02 13:36:20.599 9 INFO cinder.api.openstack.wsgi [None req-c2572e7d-c84d-4cab-bffc-0437d5ece576 137ec43846084a089afdae182b4e0dbd 294e0993ebdb4c8ab84944346059036f - - default default] GET http://10.0.0.182:8776/
2026-06-02 13:36:20.599 9 INFO cinder.api.openstack.wsgi [None req-c2572e7d-c84d-4cab-bffc-0437d5ece576 137ec43846084a089afdae182b4e0dbd 294e0993ebdb4c8ab84944346059036f - - default default] http://10.0.0.182:8776/ returned with HTTP 300
2026-06-02 13:36:20.599 8 INFO cinder.api.openstack.wsgi [None req-d558525a-71b5-4ce2-8c44-cab3a5844339 137ec43846084a089afdae182b4e0dbd 294e0993ebdb4c8ab84944346059036f - - default default] GET http://10.0.0.182:8776/
2026-06-02 13:36:20.601 8 INFO cinder.api.openstack.wsgi [None req-d558525a-71b5-4ce2-8c44-cab3a5844339 137ec43846084a089afdae182b4e0dbd 294e0993ebdb4c8ab84944346059036f - - default default] http://10.0.0.182:8776/ returned with HTTP 300
2026-06-02 13:36:30.600 8 INFO cinder.api.openstack.wsgi [None req-d558525a-71b5-4ce2-8c44-cab3a5844339 137ec43846084a089afdae182b4e0dbd 294e0993ebdb4c8ab84944346059036f - - default default] GET http://10.0.0.182:8776/
2026-06-02 13:36:30.601 9 INFO cinder.api.openstack.wsgi [None req-c2572e7d-c84d-4cab-bffc-0437d5ece576 137ec43846084a089afdae182b4e0dbd 294e0993ebdb4c8ab84944346059036f - - default default] GET http://10.0.0.182:8776/
2026-06-02 13:36:30.601 8 INFO cinder.api.openstack.wsgi [None req-d558525a-71b5-4ce2-8c44-cab3a5844339 137ec43846084a089afdae182b4e0dbd 294e0993ebdb4c8ab84944346059036f - - default default] http://10.0.0.182:8776/ returned with HTTP 300
2026-06-02 13:36:30.602 9 INFO cinder.api.openstack.wsgi [None req-c2572e7d-c84d-4cab-bffc-0437d5ece576 137ec43846084a089afdae182b4e0dbd 294e0993ebdb4c8ab84944346059036f - - default default] http://10.0.0.182:8776/ returned with HTTP 300
2026-06-02 13:36:40.599 8 INFO cinder.api.openstack.wsgi [None req-d558525a-71b5-4ce2-8c44-cab3a5844339 137ec43846084a089afdae182b4e0dbd 294e0993ebdb4c8ab84944346059036f - - default default] GET http://10.0.0.182:8776/
2026-06-02 13:36:40.600 9 INFO cinder.api.openstack.wsgi [None req-c2572e7d-c84d-4cab-bffc-0437d5ece576 137ec43846084a089afdae182b4e0dbd 294e0993ebdb4c8ab84944346059036f - - default default] GET http://10.0.0.182:8776/
2026-06-02 13:36:40.600 8 INFO cinder.api.openstack.wsgi [None req-d558525a-71b5-4ce2-8c44-cab3a5844339 137ec43846084a089afdae182b4e0dbd 294e0993ebdb4c8ab84944346059036f - - default default] http://10.0.0.182:8776/ returned with HTTP 300
2026-06-02 13:36:40.601 9 INFO cinder.api.openstack.wsgi [None req-c2572e7d-c84d-4cab-bffc-0437d5ece576 137ec43846084a089afdae182b4e0dbd 294e0993ebdb4c8ab84944346059036f - - default default] http://10.0.0.182:8776/ returned with HTTP 300
2026-06-02 13:36:50.599 8 INFO cinder.api.openstack.wsgi [None req-d558525a-71b5-4ce2-8c44-cab3a5844339 137ec43846084a089afdae182b4e0dbd 294e0993ebdb4c8ab84944346059036f - - default default] GET http://10.0.0.182:8776/
2026-06-02 13:36:50.599 9 INFO cinder.api.openstack.wsgi [None req-c2572e7d-c84d-4cab-bffc-0437d5ece576 137ec43846084a089afdae182b4e0dbd 294e0993ebdb4c8ab84944346059036f - - default default] GET http://10.0.0.182:8776/
2026-06-02 13:36:50.600 9 INFO cinder.api.openstack.wsgi [None req-c2572e7d-c84d-4cab-bffc-0437d5ece576 137ec43846084a089afdae182b4e0dbd 294e0993ebdb4c8ab84944346059036f - - default default] http://10.0.0.182:8776/ returned with HTTP 300
2026-06-02 13:36:50.600 8 INFO cinder.api.openstack.wsgi [None req-d558525a-71b5-4ce2-8c44-cab3a5844339 137ec43846084a089afdae182b4e0dbd 294e0993ebdb4c8ab84944346059036f - - default default] http://10.0.0.182:8776/ returned with HTTP 300
2026-06-02 13:37:00.600 9 INFO cinder.api.openstack.wsgi [None req-c2572e7d-c84d-4cab-bffc-0437d5ece576 137ec43846084a089afdae182b4e0dbd 294e0993ebdb4c8ab84944346059036f - - default default] GET http://10.0.0.182:8776/
2026-06-02 13:37:00.600 8 INFO cinder.api.openstack.wsgi [None req-d558525a-71b5-4ce2-8c44-cab3a5844339 137ec43846084a089afdae182b4e0dbd 294e0993ebdb4c8ab84944346059036f - - default default] GET http://10.0.0.182:8776/
2026-06-02 13:37:00.601 8 INFO cinder.api.openstack.wsgi [None req-d558525a-71b5-4ce2-8c44-cab3a5844339 137ec43846084a089afdae182b4e0dbd 294e0993ebdb4c8ab84944346059036f - - default default] http://10.0.0.182:8776/ returned with HTTP 300
2026-06-02 13:37:00.601 9 INFO cinder.api.openstack.wsgi [None req-c2572e7d-c84d-4cab-bffc-0437d5ece576 137ec43846084a089afdae182b4e0dbd 294e0993ebdb4c8ab84944346059036f - - default default] http://10.0.0.182:8776/ returned with HTTP 300
2026-06-02 13:37:10.600 8 INFO cinder.api.openstack.wsgi [None req-d558525a-71b5-4ce2-8c44-cab3a5844339 137ec43846084a089afdae182b4e0dbd 294e0993ebdb4c8ab84944346059036f - - default default] GET http://10.0.0.182:8776/
2026-06-02 13:37:10.600 9 INFO cinder.api.openstack.wsgi [None req-c2572e7d-c84d-4cab-bffc-0437d5ece576 137ec43846084a089afdae182b4e0dbd 294e0993ebdb4c8ab84944346059036f - - default default] GET http://10.0.0.182:8776/
2026-06-02 13:37:10.601 8 INFO cinder.api.openstack.wsgi [None req-d558525a-71b5-4ce2-8c44-cab3a5844339 137ec43846084a089afdae182b4e0dbd 294e0993ebdb4c8ab84944346059036f - - default default] http://10.0.0.182:8776/ returned with HTTP 300
2026-06-02 13:37:10.602 9 INFO cinder.api.openstack.wsgi [None req-c2572e7d-c84d-4cab-bffc-0437d5ece576 137ec43846084a089afdae182b4e0dbd 294e0993ebdb4c8ab84944346059036f - - default default] http://10.0.0.182:8776/ returned with HTTP 300
2026-06-02 13:37:11.885 8 INFO cinder.api.openstack.wsgi [None req-de407562-82a4-4e7e-aeec-8729b4b63383 137ec43846084a089afdae182b4e0dbd 294e0993ebdb4c8ab84944346059036f - - default default] GET http://cinder-api.openstack.svc.cluster.local:8776/v3/294e0993ebdb4c8ab84944346059036f/snapshots?all_tenants=true
2026-06-02 13:37:11.892 8 INFO cinder.volume.api [None req-de407562-82a4-4e7e-aeec-8729b4b63383 137ec43846084a089afdae182b4e0dbd 294e0993ebdb4c8ab84944346059036f - - default default] Get all snapshots completed successfully.
2026-06-02 13:37:11.892 8 INFO cinder.api.openstack.wsgi [None req-de407562-82a4-4e7e-aeec-8729b4b63383 137ec43846084a089afdae182b4e0dbd 294e0993ebdb4c8ab84944346059036f - - default default] http://cinder-api.openstack.svc.cluster.local:8776/v3/294e0993ebdb4c8ab84944346059036f/snapshots?all_tenants=true returned with HTTP 200 [pid: 8|app: 0|req: 444/889] 10.0.0.244 () {28 vars in 674 bytes} [Tue Jun 2 13:37:11 2026] GET /v3/294e0993ebdb4c8ab84944346059036f/snapshots?all_tenants=true => generated 17 bytes in 134 msecs (HTTP/1.1 200) 7 headers in 284 bytes (1 switches on core 0)
2026-06-02 13:37:11.904 9 INFO cinder.api.openstack.wsgi [None req-b5746ff0-3984-454f-84b7-fea6aa2ead02 137ec43846084a089afdae182b4e0dbd 294e0993ebdb4c8ab84944346059036f - - default default] GET http://cinder-api.openstack.svc.cluster.local:8776/v3/294e0993ebdb4c8ab84944346059036f/volumes/detail?all_tenants=true
2026-06-02 13:37:11.927 9 INFO cinder.volume.api [None req-b5746ff0-3984-454f-84b7-fea6aa2ead02 137ec43846084a089afdae182b4e0dbd 294e0993ebdb4c8ab84944346059036f - - default default] Get all volumes completed successfully.
2026-06-02 13:37:11.929 9 INFO cinder.api.openstack.wsgi [None req-b5746ff0-3984-454f-84b7-fea6aa2ead02 137ec43846084a089afdae182b4e0dbd 294e0993ebdb4c8ab84944346059036f - - default default] http://cinder-api.openstack.svc.cluster.local:8776/v3/294e0993ebdb4c8ab84944346059036f/volumes/detail?all_tenants=true returned with HTTP 200 [pid: 9|app: 0|req: 446/890] 10.0.0.244 () {28 vars in 684 bytes} [Tue Jun 2 13:37:11 2026] GET /v3/294e0993ebdb4c8ab84944346059036f/volumes/detail?all_tenants=true => generated 15 bytes in 31 msecs (HTTP/1.1 200) 7 headers in 284 bytes (1 switches on core 0)
2026-06-02 13:37:11.942 8 INFO cinder.api.openstack.wsgi [None req-6d020536-618e-4ca0-ab9c-0fb7d860f4b2 137ec43846084a089afdae182b4e0dbd 294e0993ebdb4c8ab84944346059036f - - default default] GET http://cinder-api.openstack.svc.cluster.local:8776/v3/294e0993ebdb4c8ab84944346059036f/os-services
2026-06-02 13:37:11.947 8 INFO cinder.api.openstack.wsgi [None req-6d020536-618e-4ca0-ab9c-0fb7d860f4b2 137ec43846084a089afdae182b4e0dbd 294e0993ebdb4c8ab84944346059036f - - default default] http://cinder-api.openstack.svc.cluster.local:8776/v3/294e0993ebdb4c8ab84944346059036f/os-services returned with HTTP 200 [pid: 8|app: 0|req: 445/891] 10.0.0.244 () {28 vars in 645 bytes} [Tue Jun 2 13:37:11 2026] GET /v3/294e0993ebdb4c8ab84944346059036f/os-services => generated 646 bytes in 15 msecs (HTTP/1.1 200) 7 headers in 285 bytes (1 switches on core 0)
2026-06-02 13:37:11.964 9 INFO cinder.api.openstack.wsgi [None req-1fe08cbd-b0e6-4485-88c9-d6b92b6b0748 137ec43846084a089afdae182b4e0dbd 294e0993ebdb4c8ab84944346059036f - - default default] GET http://cinder-api.openstack.svc.cluster.local:8776/v3/294e0993ebdb4c8ab84944346059036f/scheduler-stats/get_pools?detail=true
2026-06-02 13:37:12.468 9 INFO cinder.api.openstack.wsgi [None req-1fe08cbd-b0e6-4485-88c9-d6b92b6b0748 137ec43846084a089afdae182b4e0dbd 294e0993ebdb4c8ab84944346059036f - - default default] http://cinder-api.openstack.svc.cluster.local:8776/v3/294e0993ebdb4c8ab84944346059036f/scheduler-stats/get_pools?detail=true returned with HTTP 200 [pid: 9|app: 0|req: 447/892] 10.0.0.244 () {28 vars in 696 bytes} [Tue Jun 2 13:37:11 2026] GET /v3/294e0993ebdb4c8ab84944346059036f/scheduler-stats/get_pools?detail=true => generated 670 bytes in 513 msecs (HTTP/1.1 200) 7 headers in 285 bytes (1 switches on core 0)
2026-06-02 13:37:12.518 8 INFO cinder.api.openstack.wsgi [None req-ae13466e-d63e-4c34-95ca-3599c1fa7974 137ec43846084a089afdae182b4e0dbd 294e0993ebdb4c8ab84944346059036f - - default default] GET http://cinder-api.openstack.svc.cluster.local:8776/v3/294e0993ebdb4c8ab84944346059036f/os-quota-sets/1ed5cdb7d5f44d3a9b2a5a849ae4ef52?usage=true
2026-06-02 13:37:12.551 8 INFO cinder.api.openstack.wsgi [None req-ae13466e-d63e-4c34-95ca-3599c1fa7974 137ec43846084a089afdae182b4e0dbd 294e0993ebdb4c8ab84944346059036f - - default default] http://cinder-api.openstack.svc.cluster.local:8776/v3/294e0993ebdb4c8ab84944346059036f/os-quota-sets/1ed5cdb7d5f44d3a9b2a5a849ae4ef52?usage=true returned with HTTP 200 [pid: 8|app: 0|req: 446/893] 10.0.0.244 () {28 vars in 736 bytes} [Tue Jun 2 13:37:12 2026] GET /v3/294e0993ebdb4c8ab84944346059036f/os-quota-sets/1ed5cdb7d5f44d3a9b2a5a849ae4ef52?usage=true => generated 847 bytes in 39 msecs (HTTP/1.1 200) 7 headers in 285 bytes (1 switches on core 0)
2026-06-02 13:37:12.563 9 INFO cinder.api.openstack.wsgi [None req-abd15d6a-5192-482f-8771-208aec03bc4d 137ec43846084a089afdae182b4e0dbd 294e0993ebdb4c8ab84944346059036f - - default default] GET http://cinder-api.openstack.svc.cluster.local:8776/v3/294e0993ebdb4c8ab84944346059036f/os-quota-sets/294e0993ebdb4c8ab84944346059036f?usage=true
2026-06-02 13:37:12.595 9 INFO cinder.api.openstack.wsgi [None req-abd15d6a-5192-482f-8771-208aec03bc4d 137ec43846084a089afdae182b4e0dbd 294e0993ebdb4c8ab84944346059036f - - default default] http://cinder-api.openstack.svc.cluster.local:8776/v3/294e0993ebdb4c8ab84944346059036f/os-quota-sets/294e0993ebdb4c8ab84944346059036f?usage=true returned with HTTP 200 [pid: 9|app: 0|req: 448/894] 10.0.0.244 () {28 vars in 736 bytes} [Tue Jun 2 13:37:12 2026] GET /v3/294e0993ebdb4c8ab84944346059036f/os-quota-sets/294e0993ebdb4c8ab84944346059036f?usage=true => generated 845 bytes in 40 msecs (HTTP/1.1 200) 7 headers in 285 bytes (1 switches on core 0)
2026-06-02 13:37:12.614 8 INFO cinder.api.openstack.wsgi [None req-0060e83b-6407-48b2-b07f-b5fbe7138add 137ec43846084a089afdae182b4e0dbd 294e0993ebdb4c8ab84944346059036f - - default default] GET http://cinder-api.openstack.svc.cluster.local:8776/v3/294e0993ebdb4c8ab84944346059036f/os-quota-sets/4b215d4aa62c4fecbb876bf7964a5c1b?usage=true
2026-06-02 13:37:12.637 8 INFO cinder.api.openstack.wsgi [None req-0060e83b-6407-48b2-b07f-b5fbe7138add 137ec43846084a089afdae182b4e0dbd 294e0993ebdb4c8ab84944346059036f - - default default] http://cinder-api.openstack.svc.cluster.local:8776/v3/294e0993ebdb4c8ab84944346059036f/os-quota-sets/4b215d4aa62c4fecbb876bf7964a5c1b?usage=true returned with HTTP 200 [pid: 8|app: 0|req: 447/895] 10.0.0.244 () {28 vars in 736 bytes} [Tue Jun 2 13:37:12 2026] GET /v3/294e0993ebdb4c8ab84944346059036f/os-quota-sets/4b215d4aa62c4fecbb876bf7964a5c1b?usage=true => generated 847 bytes in 32 msecs (HTTP/1.1 200) 7 headers in 285 bytes (1 switches on core 0)
2026-06-02 13:37:12.651 9 INFO cinder.api.openstack.wsgi [None req-97e1340e-bdca-4438-9378-96a02a291197 137ec43846084a089afdae182b4e0dbd 294e0993ebdb4c8ab84944346059036f - - default default] GET http://cinder-api.openstack.svc.cluster.local:8776/v3/294e0993ebdb4c8ab84944346059036f/os-quota-sets/5133d5cc02cd439193b4ebbc8e76fa71?usage=true
2026-06-02 13:37:12.674 9 INFO cinder.api.openstack.wsgi [None req-97e1340e-bdca-4438-9378-96a02a291197 137ec43846084a089afdae182b4e0dbd 294e0993ebdb4c8ab84944346059036f - - default default] http://cinder-api.openstack.svc.cluster.local:8776/v3/294e0993ebdb4c8ab84944346059036f/os-quota-sets/5133d5cc02cd439193b4ebbc8e76fa71?usage=true returned with HTTP 200 [pid: 9|app: 0|req: 449/896] 10.0.0.244 () {28 vars in 736 bytes} [Tue Jun 2 13:37:12 2026] GET /v3/294e0993ebdb4c8ab84944346059036f/os-quota-sets/5133d5cc02cd439193b4ebbc8e76fa71?usage=true => generated 847 bytes in 34 msecs (HTTP/1.1 200) 7 headers in 285 bytes (1 switches on core 0)
2026-06-02 13:37:12.689 8 INFO cinder.api.openstack.wsgi [None req-df0975f4-6dec-4927-bada-286fa1480f17 137ec43846084a089afdae182b4e0dbd 294e0993ebdb4c8ab84944346059036f - - default default] GET http://cinder-api.openstack.svc.cluster.local:8776/v3/294e0993ebdb4c8ab84944346059036f/os-quota-sets/6c598c5dd56e45a299e88d334a0e4c3b?usage=true
2026-06-02 13:37:12.717 8 INFO cinder.api.openstack.wsgi [None req-df0975f4-6dec-4927-bada-286fa1480f17 137ec43846084a089afdae182b4e0dbd 294e0993ebdb4c8ab84944346059036f - - default default] http://cinder-api.openstack.svc.cluster.local:8776/v3/294e0993ebdb4c8ab84944346059036f/os-quota-sets/6c598c5dd56e45a299e88d334a0e4c3b?usage=true returned with HTTP 200 [pid: 8|app: 0|req: 448/897] 10.0.0.244 () {28 vars in 736 bytes} [Tue Jun 2 13:37:12 2026] GET /v3/294e0993ebdb4c8ab84944346059036f/os-quota-sets/6c598c5dd56e45a299e88d334a0e4c3b?usage=true => generated 847 bytes in 37 msecs (HTTP/1.1 200) 7 headers in 285 bytes (1 switches on core 0)
2026-06-02 13:37:12.730 9 INFO cinder.api.openstack.wsgi [None req-e6ae19d0-023e-4d48-a2f2-5c86061101e1 137ec43846084a089afdae182b4e0dbd 294e0993ebdb4c8ab84944346059036f - - default default] GET http://cinder-api.openstack.svc.cluster.local:8776/v3/294e0993ebdb4c8ab84944346059036f/os-quota-sets/83a665014397467eb5fe3d682621dc7b?usage=true
2026-06-02 13:37:12.759 9 INFO cinder.api.openstack.wsgi [None req-e6ae19d0-023e-4d48-a2f2-5c86061101e1 137ec43846084a089afdae182b4e0dbd 294e0993ebdb4c8ab84944346059036f - - default default] http://cinder-api.openstack.svc.cluster.local:8776/v3/294e0993ebdb4c8ab84944346059036f/os-quota-sets/83a665014397467eb5fe3d682621dc7b?usage=true returned with HTTP 200 [pid: 9|app: 0|req: 450/898] 10.0.0.244 () {28 vars in 736 bytes} [Tue Jun 2 13:37:12 2026] GET /v3/294e0993ebdb4c8ab84944346059036f/os-quota-sets/83a665014397467eb5fe3d682621dc7b?usage=true => generated 847 bytes in 38 msecs (HTTP/1.1 200) 7 headers in 285 bytes (1 switches on core 0)
2026-06-02 13:37:12.771 8 INFO cinder.api.openstack.wsgi [None req-eec4c38c-5104-4356-a854-0950d12c34a6 137ec43846084a089afdae182b4e0dbd 294e0993ebdb4c8ab84944346059036f - - default default] GET http://cinder-api.openstack.svc.cluster.local:8776/v3/294e0993ebdb4c8ab84944346059036f/os-quota-sets/8835da916cef47818bdb0c84e0419953?usage=true
2026-06-02 13:37:12.793 8 INFO cinder.api.openstack.wsgi [None req-eec4c38c-5104-4356-a854-0950d12c34a6 137ec43846084a089afdae182b4e0dbd 294e0993ebdb4c8ab84944346059036f - - default default] http://cinder-api.openstack.svc.cluster.local:8776/v3/294e0993ebdb4c8ab84944346059036f/os-quota-sets/8835da916cef47818bdb0c84e0419953?usage=true returned with HTTP 200 [pid: 8|app: 0|req: 449/899] 10.0.0.244 () {28 vars in 736 bytes} [Tue Jun 2 13:37:12 2026] GET /v3/294e0993ebdb4c8ab84944346059036f/os-quota-sets/8835da916cef47818bdb0c84e0419953?usage=true => generated 847 bytes in 31 msecs (HTTP/1.1 200) 7 headers in 285 bytes (1 switches on core 0)
2026-06-02 13:37:12.808 9 INFO cinder.api.openstack.wsgi [None req-7b3555bf-a4e7-46ac-bcae-c230e62a3c63 137ec43846084a089afdae182b4e0dbd 294e0993ebdb4c8ab84944346059036f - - default default] GET http://cinder-api.openstack.svc.cluster.local:8776/v3/294e0993ebdb4c8ab84944346059036f/os-quota-sets/9e33ba77ad434198a6ed959f0db30697?usage=true
2026-06-02 13:37:12.833 9 INFO cinder.api.openstack.wsgi [None req-7b3555bf-a4e7-46ac-bcae-c230e62a3c63 137ec43846084a089afdae182b4e0dbd 294e0993ebdb4c8ab84944346059036f - - default default] http://cinder-api.openstack.svc.cluster.local:8776/v3/294e0993ebdb4c8ab84944346059036f/os-quota-sets/9e33ba77ad434198a6ed959f0db30697?usage=true returned with HTTP 200 [pid: 9|app: 0|req: 451/900] 10.0.0.244 () {28 vars in 736 bytes} [Tue Jun 2 13:37:12 2026] GET /v3/294e0993ebdb4c8ab84944346059036f/os-quota-sets/9e33ba77ad434198a6ed959f0db30697?usage=true => generated 847 bytes in 36 msecs (HTTP/1.1 200) 7 headers in 285 bytes (1 switches on core 0)
2026-06-02 13:37:12.846 8 INFO cinder.api.openstack.wsgi [None req-d34a9df9-dc54-4178-9a9d-abf3d20003b9 137ec43846084a089afdae182b4e0dbd 294e0993ebdb4c8ab84944346059036f - - default default] GET http://cinder-api.openstack.svc.cluster.local:8776/v3/294e0993ebdb4c8ab84944346059036f/os-quota-sets/9eb5a7c4803c4018803e19ef8d4e2af1?usage=true
2026-06-02 13:37:12.867 8 INFO cinder.api.openstack.wsgi [None req-d34a9df9-dc54-4178-9a9d-abf3d20003b9 137ec43846084a089afdae182b4e0dbd 294e0993ebdb4c8ab84944346059036f - - default default] http://cinder-api.openstack.svc.cluster.local:8776/v3/294e0993ebdb4c8ab84944346059036f/os-quota-sets/9eb5a7c4803c4018803e19ef8d4e2af1?usage=true returned with HTTP 200 [pid: 8|app: 0|req: 450/901] 10.0.0.244 () {28 vars in 736 bytes} [Tue Jun 2 13:37:12 2026] GET /v3/294e0993ebdb4c8ab84944346059036f/os-quota-sets/9eb5a7c4803c4018803e19ef8d4e2af1?usage=true => generated 847 bytes in 29 msecs (HTTP/1.1 200) 7 headers in 285 bytes (1 switches on core 0)
2026-06-02 13:37:12.879 9 INFO cinder.api.openstack.wsgi [None req-22c25f47-9217-4771-b5d1-513e1a092be0 137ec43846084a089afdae182b4e0dbd 294e0993ebdb4c8ab84944346059036f - - default default] GET http://cinder-api.openstack.svc.cluster.local:8776/v3/294e0993ebdb4c8ab84944346059036f/os-quota-sets/bd1a759263f845cba38942cd10c00668?usage=true
2026-06-02 13:37:12.907 9 INFO cinder.api.openstack.wsgi [None req-22c25f47-9217-4771-b5d1-513e1a092be0 137ec43846084a089afdae182b4e0dbd 294e0993ebdb4c8ab84944346059036f - - default default] http://cinder-api.openstack.svc.cluster.local:8776/v3/294e0993ebdb4c8ab84944346059036f/os-quota-sets/bd1a759263f845cba38942cd10c00668?usage=true returned with HTTP 200 [pid: 9|app: 0|req: 452/902] 10.0.0.244 () {28 vars in 736 bytes} [Tue Jun 2 13:37:12 2026] GET /v3/294e0993ebdb4c8ab84944346059036f/os-quota-sets/bd1a759263f845cba38942cd10c00668?usage=true => generated 845 bytes in 48 msecs (HTTP/1.1 200) 7 headers in 285 bytes (1 switches on core 0)
2026-06-02 13:37:12.935 8 INFO cinder.api.openstack.wsgi [None req-e2b2ce0d-185e-40d4-9b8b-babb5a46c71e 137ec43846084a089afdae182b4e0dbd 294e0993ebdb4c8ab84944346059036f - - default default] GET http://cinder-api.openstack.svc.cluster.local:8776/v3/294e0993ebdb4c8ab84944346059036f/os-quota-sets/dc4cbea8a70046ebb43f0ba556f11fcc?usage=true
2026-06-02 13:37:12.959 8 INFO cinder.api.openstack.wsgi [None req-e2b2ce0d-185e-40d4-9b8b-babb5a46c71e 137ec43846084a089afdae182b4e0dbd 294e0993ebdb4c8ab84944346059036f - - default default] http://cinder-api.openstack.svc.cluster.local:8776/v3/294e0993ebdb4c8ab84944346059036f/os-quota-sets/dc4cbea8a70046ebb43f0ba556f11fcc?usage=true returned with HTTP 200 [pid: 8|app: 0|req: 451/903] 10.0.0.244 () {28 vars in 736 bytes} [Tue Jun 2 13:37:12 2026] GET /v3/294e0993ebdb4c8ab84944346059036f/os-quota-sets/dc4cbea8a70046ebb43f0ba556f11fcc?usage=true => generated 847 bytes in 34 msecs (HTTP/1.1 200) 7 headers in 285 bytes (1 switches on core 0)
2026-06-02 13:37:12.973 9 INFO cinder.api.openstack.wsgi [None req-fe5a81cf-2501-404a-92ae-dac0e14d3a71 137ec43846084a089afdae182b4e0dbd 294e0993ebdb4c8ab84944346059036f - - default default] GET http://cinder-api.openstack.svc.cluster.local:8776/v3/294e0993ebdb4c8ab84944346059036f/os-quota-sets/e2e95c4987934057a491cb5f9a55bca3?usage=true
2026-06-02 13:37:13.003 9 INFO cinder.api.openstack.wsgi [None req-fe5a81cf-2501-404a-92ae-dac0e14d3a71 137ec43846084a089afdae182b4e0dbd 294e0993ebdb4c8ab84944346059036f - - default default] http://cinder-api.openstack.svc.cluster.local:8776/v3/294e0993ebdb4c8ab84944346059036f/os-quota-sets/e2e95c4987934057a491cb5f9a55bca3?usage=true returned with HTTP 200 [pid: 9|app: 0|req: 453/904] 10.0.0.244 () {28 vars in 736 bytes} [Tue Jun 2 13:37:12 2026] GET /v3/294e0993ebdb4c8ab84944346059036f/os-quota-sets/e2e95c4987934057a491cb5f9a55bca3?usage=true => generated 847 bytes in 39 msecs (HTTP/1.1 200) 7 headers in 285 bytes (1 switches on core 0)
2026-06-02 13:37:13.014 8 INFO cinder.api.openstack.wsgi [None req-877f96ae-1d18-4daa-835a-319b3289f1d0 137ec43846084a089afdae182b4e0dbd 294e0993ebdb4c8ab84944346059036f - - default default] GET http://cinder-api.openstack.svc.cluster.local:8776/v3/294e0993ebdb4c8ab84944346059036f/os-quota-sets/fa6391a576d24a949245b6cebd5b6c7b?usage=true
2026-06-02 13:37:13.042 8 INFO cinder.api.openstack.wsgi [None req-877f96ae-1d18-4daa-835a-319b3289f1d0 137ec43846084a089afdae182b4e0dbd 294e0993ebdb4c8ab84944346059036f - - default default] http://cinder-api.openstack.svc.cluster.local:8776/v3/294e0993ebdb4c8ab84944346059036f/os-quota-sets/fa6391a576d24a949245b6cebd5b6c7b?usage=true returned with HTTP 200 [pid: 8|app: 0|req: 452/905] 10.0.0.244 () {28 vars in 736 bytes} [Tue Jun 2 13:37:13 2026] GET /v3/294e0993ebdb4c8ab84944346059036f/os-quota-sets/fa6391a576d24a949245b6cebd5b6c7b?usage=true => generated 847 bytes in 36 msecs (HTTP/1.1 200) 7 headers in 285 bytes (1 switches on core 0)
2026-06-02 13:37:13.056 9 INFO cinder.api.openstack.wsgi [None req-bbdb4964-f521-4672-9b7d-c42367382f7c 137ec43846084a089afdae182b4e0dbd 294e0993ebdb4c8ab84944346059036f - - default default] GET http://cinder-api.openstack.svc.cluster.local:8776/v3/294e0993ebdb4c8ab84944346059036f/volumes/detail?all_tenants=true
2026-06-02 13:37:13.066 9 INFO cinder.volume.api [None req-bbdb4964-f521-4672-9b7d-c42367382f7c 137ec43846084a089afdae182b4e0dbd 294e0993ebdb4c8ab84944346059036f - - default default] Get all volumes completed successfully.
2026-06-02 13:37:13.069 9 INFO cinder.api.openstack.wsgi [None req-bbdb4964-f521-4672-9b7d-c42367382f7c 137ec43846084a089afdae182b4e0dbd 294e0993ebdb4c8ab84944346059036f - - default default] http://cinder-api.openstack.svc.cluster.local:8776/v3/294e0993ebdb4c8ab84944346059036f/volumes/detail?all_tenants=true returned with HTTP 200 [pid: 9|app: 0|req: 454/906] 10.0.0.244 () {28 vars in 684 bytes} [Tue Jun 2 13:37:13 2026] GET /v3/294e0993ebdb4c8ab84944346059036f/volumes/detail?all_tenants=true => generated 15 bytes in 20 msecs (HTTP/1.1 200) 7 headers in 284 bytes (1 switches on core 0)
2026-06-02 13:37:20.600 8 INFO cinder.api.openstack.wsgi [None req-877f96ae-1d18-4daa-835a-319b3289f1d0 137ec43846084a089afdae182b4e0dbd 294e0993ebdb4c8ab84944346059036f - - default default] GET http://10.0.0.182:8776/
2026-06-02 13:37:20.600 9 INFO cinder.api.openstack.wsgi [None req-bbdb4964-f521-4672-9b7d-c42367382f7c 137ec43846084a089afdae182b4e0dbd 294e0993ebdb4c8ab84944346059036f - - default default] GET http://10.0.0.182:8776/
2026-06-02 13:37:20.601 8 INFO cinder.api.openstack.wsgi [None req-877f96ae-1d18-4daa-835a-319b3289f1d0 137ec43846084a089afdae182b4e0dbd 294e0993ebdb4c8ab84944346059036f - - default default] http://10.0.0.182:8776/ returned with HTTP 300
2026-06-02 13:37:20.602 9 INFO cinder.api.openstack.wsgi [None req-bbdb4964-f521-4672-9b7d-c42367382f7c 137ec43846084a089afdae182b4e0dbd 294e0993ebdb4c8ab84944346059036f - - default default] http://10.0.0.182:8776/ returned with HTTP 300
2026-06-02 13:37:30.599 9 INFO cinder.api.openstack.wsgi [None req-bbdb4964-f521-4672-9b7d-c42367382f7c 137ec43846084a089afdae182b4e0dbd 294e0993ebdb4c8ab84944346059036f - - default default] GET http://10.0.0.182:8776/
2026-06-02 13:37:30.599 8 INFO cinder.api.openstack.wsgi [None req-877f96ae-1d18-4daa-835a-319b3289f1d0 137ec43846084a089afdae182b4e0dbd 294e0993ebdb4c8ab84944346059036f - - default default] GET http://10.0.0.182:8776/
2026-06-02 13:37:30.600 9 INFO cinder.api.openstack.wsgi [None req-bbdb4964-f521-4672-9b7d-c42367382f7c 137ec43846084a089afdae182b4e0dbd 294e0993ebdb4c8ab84944346059036f - - default default] http://10.0.0.182:8776/ returned with HTTP 300
2026-06-02 13:37:30.601 8 INFO cinder.api.openstack.wsgi [None req-877f96ae-1d18-4daa-835a-319b3289f1d0 137ec43846084a089afdae182b4e0dbd 294e0993ebdb4c8ab84944346059036f - - default default] http://10.0.0.182:8776/ returned with HTTP 300
2026-06-02 13:37:35.361 9 INFO cinder.api.openstack.wsgi [None req-c190c6f7-d875-40b5-bcf4-78286e90c52d 137ec43846084a089afdae182b4e0dbd 294e0993ebdb4c8ab84944346059036f - - default default] POST http://cinder-api.openstack.svc.cluster.local:8776/v3/294e0993ebdb4c8ab84944346059036f/volumes
2026-06-02 13:37:35.516 9 INFO cinder.api.v3.volumes [None req-c190c6f7-d875-40b5-bcf4-78286e90c52d 137ec43846084a089afdae182b4e0dbd 294e0993ebdb4c8ab84944346059036f - - default default] Create volume of 16 GB
2026-06-02 13:37:35.535 9 INFO cinder.volume.api [None req-c190c6f7-d875-40b5-bcf4-78286e90c52d 137ec43846084a089afdae182b4e0dbd 294e0993ebdb4c8ab84944346059036f - - default default] Availability Zones retrieved successfully.
2026-06-02 13:37:35.763 9 INFO cinder.volume.api [None req-c190c6f7-d875-40b5-bcf4-78286e90c52d 137ec43846084a089afdae182b4e0dbd 294e0993ebdb4c8ab84944346059036f - - default default] Create volume request issued successfully.
2026-06-02 13:37:35.764 9 INFO cinder.api.openstack.wsgi [None req-c190c6f7-d875-40b5-bcf4-78286e90c52d 137ec43846084a089afdae182b4e0dbd 294e0993ebdb4c8ab84944346059036f - - default default] http://cinder-api.openstack.svc.cluster.local:8776/v3/294e0993ebdb4c8ab84944346059036f/volumes returned with HTTP 202 /var/lib/openstack/lib/python3.12/site-packages/pycadf/timestamp.py:28: DeprecationWarning: datetime.datetime.utcnow() is deprecated and scheduled for removal in a future version. Use timezone-aware objects to represent datetimes in UTC: datetime.datetime.now(datetime.UTC). utc_datetime = pytz.utc.localize(datetime.datetime.utcnow()) [pid: 9|app: 0|req: 457/911] 199.204.45.4 () {34 vars in 732 bytes} [Tue Jun 2 13:37:35 2026] POST /v3/294e0993ebdb4c8ab84944346059036f/volumes => generated 846 bytes in 517 msecs (HTTP/1.1 202) 7 headers in 291 bytes (1 switches on core 0)
2026-06-02 13:37:35.782 8 INFO cinder.api.openstack.wsgi [req-c190c6f7-d875-40b5-bcf4-78286e90c52d req-903aa8c4-5b5a-42e6-a56d-2df717cec64e 137ec43846084a089afdae182b4e0dbd 294e0993ebdb4c8ab84944346059036f - - default default] GET http://cinder-api.openstack.svc.cluster.local:8776/v3/294e0993ebdb4c8ab84944346059036f/volumes/d309a46f-4b94-4902-adb2-1c3806566317 /var/lib/openstack/lib/python3.12/site-packages/oslo_context/context.py:100: DeprecationWarning: Policy enforcement is depending on the value of is_admin. This key is deprecated. Please update your policy file to use the standard policy values. warnings.warn('Policy enforcement is depending on the value of '
2026-06-02 13:37:35.821 8 INFO cinder.volume.api [req-c190c6f7-d875-40b5-bcf4-78286e90c52d req-903aa8c4-5b5a-42e6-a56d-2df717cec64e 137ec43846084a089afdae182b4e0dbd 294e0993ebdb4c8ab84944346059036f - - default default] Volume info retrieved successfully.
2026-06-02 13:37:35.826 8 INFO cinder.api.openstack.wsgi [req-c190c6f7-d875-40b5-bcf4-78286e90c52d req-903aa8c4-5b5a-42e6-a56d-2df717cec64e 137ec43846084a089afdae182b4e0dbd 294e0993ebdb4c8ab84944346059036f - - default default] http://cinder-api.openstack.svc.cluster.local:8776/v3/294e0993ebdb4c8ab84944346059036f/volumes/d309a46f-4b94-4902-adb2-1c3806566317 returned with HTTP 200 /var/lib/openstack/lib/python3.12/site-packages/pycadf/timestamp.py:28: DeprecationWarning: datetime.datetime.utcnow() is deprecated and scheduled for removal in a future version. Use timezone-aware objects to represent datetimes in UTC: datetime.datetime.now(datetime.UTC). utc_datetime = pytz.utc.localize(datetime.datetime.utcnow()) [pid: 8|app: 0|req: 455/912] 199.204.45.4 () {32 vars in 823 bytes} [Tue Jun 2 13:37:35 2026] GET /v3/294e0993ebdb4c8ab84944346059036f/volumes/d309a46f-4b94-4902-adb2-1c3806566317 => generated 1025 bytes in 53 msecs (HTTP/1.1 200) 7 headers in 286 bytes (1 switches on core 0)
2026-06-02 13:37:40.600 8 INFO cinder.api.openstack.wsgi [req-c190c6f7-d875-40b5-bcf4-78286e90c52d req-903aa8c4-5b5a-42e6-a56d-2df717cec64e 137ec43846084a089afdae182b4e0dbd 294e0993ebdb4c8ab84944346059036f - - default default] GET http://10.0.0.182:8776/
2026-06-02 13:37:40.600 9 INFO cinder.api.openstack.wsgi [None req-c190c6f7-d875-40b5-bcf4-78286e90c52d 137ec43846084a089afdae182b4e0dbd 294e0993ebdb4c8ab84944346059036f - - default default] GET http://10.0.0.182:8776/
2026-06-02 13:37:40.601 8 INFO cinder.api.openstack.wsgi [req-c190c6f7-d875-40b5-bcf4-78286e90c52d req-903aa8c4-5b5a-42e6-a56d-2df717cec64e 137ec43846084a089afdae182b4e0dbd 294e0993ebdb4c8ab84944346059036f - - default default] http://10.0.0.182:8776/ returned with HTTP 300
2026-06-02 13:37:40.601 9 INFO cinder.api.openstack.wsgi [None req-c190c6f7-d875-40b5-bcf4-78286e90c52d 137ec43846084a089afdae182b4e0dbd 294e0993ebdb4c8ab84944346059036f - - default default] http://10.0.0.182:8776/ returned with HTTP 300 /var/lib/openstack/lib/python3.12/site-packages/pycadf/identifier.py:71: UserWarning: Invalid uuid: cinderv3. To ensure interoperability, identifiers should be a valid uuid. warnings.warn(('Invalid uuid: %s. To ensure interoperability, '
2026-06-02 13:37:40.845 9 INFO cinder.api.openstack.wsgi [req-c190c6f7-d875-40b5-bcf4-78286e90c52d req-1db531e6-b5d3-4501-9747-23188910b471 137ec43846084a089afdae182b4e0dbd 294e0993ebdb4c8ab84944346059036f - - default default] GET http://cinder-api.openstack.svc.cluster.local:8776/v3/294e0993ebdb4c8ab84944346059036f/volumes/d309a46f-4b94-4902-adb2-1c3806566317 /var/lib/openstack/lib/python3.12/site-packages/oslo_context/context.py:100: DeprecationWarning: Policy enforcement is depending on the value of is_admin. This key is deprecated. Please update your policy file to use the standard policy values. warnings.warn('Policy enforcement is depending on the value of '
2026-06-02 13:37:40.863 9 INFO cinder.volume.api [req-c190c6f7-d875-40b5-bcf4-78286e90c52d req-1db531e6-b5d3-4501-9747-23188910b471 137ec43846084a089afdae182b4e0dbd 294e0993ebdb4c8ab84944346059036f - - default default] Volume info retrieved successfully.
2026-06-02 13:37:40.874 9 INFO cinder.api.openstack.wsgi [req-c190c6f7-d875-40b5-bcf4-78286e90c52d req-1db531e6-b5d3-4501-9747-23188910b471 137ec43846084a089afdae182b4e0dbd 294e0993ebdb4c8ab84944346059036f - - default default] http://cinder-api.openstack.svc.cluster.local:8776/v3/294e0993ebdb4c8ab84944346059036f/volumes/d309a46f-4b94-4902-adb2-1c3806566317 returned with HTTP 200 /var/lib/openstack/lib/python3.12/site-packages/pycadf/timestamp.py:28: DeprecationWarning: datetime.datetime.utcnow() is deprecated and scheduled for removal in a future version. Use timezone-aware objects to represent datetimes in UTC: datetime.datetime.now(datetime.UTC). utc_datetime = pytz.utc.localize(datetime.datetime.utcnow()) [pid: 9|app: 0|req: 459/915] 199.204.45.4 () {32 vars in 823 bytes} [Tue Jun 2 13:37:40 2026] GET /v3/294e0993ebdb4c8ab84944346059036f/volumes/d309a46f-4b94-4902-adb2-1c3806566317 => generated 1675 bytes in 37 msecs (HTTP/1.1 200) 7 headers in 286 bytes (1 switches on core 0) /var/lib/openstack/lib/python3.12/site-packages/pycadf/identifier.py:71: UserWarning: Invalid uuid: cinderv3. To ensure interoperability, identifiers should be a valid uuid. warnings.warn(('Invalid uuid: %s. To ensure interoperability, '
2026-06-02 13:37:41.421 8 INFO cinder.api.openstack.wsgi [req-52d9359e-e36b-4caf-8883-5c01127d1efc req-57d81279-ca18-4230-95e6-e5b91d872227 137ec43846084a089afdae182b4e0dbd 294e0993ebdb4c8ab84944346059036f - - default default] GET http://cinder-api.openstack.svc.cluster.local:8776/v3/294e0993ebdb4c8ab84944346059036f/volumes/d309a46f-4b94-4902-adb2-1c3806566317 /var/lib/openstack/lib/python3.12/site-packages/oslo_context/context.py:100: DeprecationWarning: Policy enforcement is depending on the value of is_admin. This key is deprecated. Please update your policy file to use the standard policy values. warnings.warn('Policy enforcement is depending on the value of '
2026-06-02 13:37:41.440 8 INFO cinder.volume.api [req-52d9359e-e36b-4caf-8883-5c01127d1efc req-57d81279-ca18-4230-95e6-e5b91d872227 137ec43846084a089afdae182b4e0dbd 294e0993ebdb4c8ab84944346059036f - - default default] Volume info retrieved successfully.
2026-06-02 13:37:41.446 8 INFO cinder.api.openstack.wsgi [req-52d9359e-e36b-4caf-8883-5c01127d1efc req-57d81279-ca18-4230-95e6-e5b91d872227 137ec43846084a089afdae182b4e0dbd 294e0993ebdb4c8ab84944346059036f - - default default] http://cinder-api.openstack.svc.cluster.local:8776/v3/294e0993ebdb4c8ab84944346059036f/volumes/d309a46f-4b94-4902-adb2-1c3806566317 returned with HTTP 200 /var/lib/openstack/lib/python3.12/site-packages/pycadf/timestamp.py:28: DeprecationWarning: datetime.datetime.utcnow() is deprecated and scheduled for removal in a future version. Use timezone-aware objects to represent datetimes in UTC: datetime.datetime.now(datetime.UTC). utc_datetime = pytz.utc.localize(datetime.datetime.utcnow()) [pid: 8|app: 0|req: 457/916] 10.0.0.186 () {34 vars in 1028 bytes} [Tue Jun 2 13:37:41 2026] GET /v3/294e0993ebdb4c8ab84944346059036f/volumes/d309a46f-4b94-4902-adb2-1c3806566317 => generated 1675 bytes in 75 msecs (HTTP/1.1 200) 7 headers in 286 bytes (1 switches on core 0) /var/lib/openstack/lib/python3.12/site-packages/pycadf/identifier.py:71: UserWarning: Invalid uuid: cinderv3. To ensure interoperability, identifiers should be a valid uuid. warnings.warn(('Invalid uuid: %s. To ensure interoperability, '
2026-06-02 13:37:41.959 9 INFO cinder.api.openstack.wsgi [req-52d9359e-e36b-4caf-8883-5c01127d1efc req-ea4ecc21-53c0-464e-a1e0-0b05d8bd42b4 137ec43846084a089afdae182b4e0dbd 294e0993ebdb4c8ab84944346059036f - - default default] GET http://cinder-api.openstack.svc.cluster.local:8776/v3/294e0993ebdb4c8ab84944346059036f/volumes/d309a46f-4b94-4902-adb2-1c3806566317 /var/lib/openstack/lib/python3.12/site-packages/oslo_context/context.py:100: DeprecationWarning: Policy enforcement is depending on the value of is_admin. This key is deprecated. Please update your policy file to use the standard policy values. warnings.warn('Policy enforcement is depending on the value of '
2026-06-02 13:37:41.975 9 INFO cinder.volume.api [req-52d9359e-e36b-4caf-8883-5c01127d1efc req-ea4ecc21-53c0-464e-a1e0-0b05d8bd42b4 137ec43846084a089afdae182b4e0dbd 294e0993ebdb4c8ab84944346059036f - - default default] Volume info retrieved successfully.
2026-06-02 13:37:41.980 9 INFO cinder.api.openstack.wsgi [req-52d9359e-e36b-4caf-8883-5c01127d1efc req-ea4ecc21-53c0-464e-a1e0-0b05d8bd42b4 137ec43846084a089afdae182b4e0dbd 294e0993ebdb4c8ab84944346059036f - - default default] http://cinder-api.openstack.svc.cluster.local:8776/v3/294e0993ebdb4c8ab84944346059036f/volumes/d309a46f-4b94-4902-adb2-1c3806566317 returned with HTTP 200 /var/lib/openstack/lib/python3.12/site-packages/pycadf/timestamp.py:28: DeprecationWarning: datetime.datetime.utcnow() is deprecated and scheduled for removal in a future version. Use timezone-aware objects to represent datetimes in UTC: datetime.datetime.now(datetime.UTC). utc_datetime = pytz.utc.localize(datetime.datetime.utcnow()) [pid: 9|app: 0|req: 460/917] 10.0.0.186 () {34 vars in 1028 bytes} [Tue Jun 2 13:37:41 2026] GET /v3/294e0993ebdb4c8ab84944346059036f/volumes/d309a46f-4b94-4902-adb2-1c3806566317 => generated 1675 bytes in 30 msecs (HTTP/1.1 200) 7 headers in 286 bytes (1 switches on core 0)
2026-06-02 13:37:41.991 8 INFO cinder.api.openstack.wsgi [req-52d9359e-e36b-4caf-8883-5c01127d1efc req-57d81279-ca18-4230-95e6-e5b91d872227 137ec43846084a089afdae182b4e0dbd 294e0993ebdb4c8ab84944346059036f - - default default] GET http://cinder-api.openstack.svc.cluster.local:8776/
2026-06-02 13:37:41.993 8 INFO cinder.api.openstack.wsgi [req-52d9359e-e36b-4caf-8883-5c01127d1efc req-57d81279-ca18-4230-95e6-e5b91d872227 137ec43846084a089afdae182b4e0dbd 294e0993ebdb4c8ab84944346059036f - - default default] http://cinder-api.openstack.svc.cluster.local:8776/ returned with HTTP 300 [pid: 8|app: 0|req: 458/918] 10.0.0.186 () {32 vars in 828 bytes} [Tue Jun 2 13:37:41 2026] GET / => generated 411 bytes in 2 msecs (HTTP/1.1 300) 5 headers in 169 bytes (1 switches on core 0) /var/lib/openstack/lib/python3.12/site-packages/pycadf/identifier.py:71: UserWarning: Invalid uuid: cinderv3. To ensure interoperability, identifiers should be a valid uuid. warnings.warn(('Invalid uuid: %s. To ensure interoperability, '
2026-06-02 13:37:42.012 9 INFO cinder.api.openstack.wsgi [req-52d9359e-e36b-4caf-8883-5c01127d1efc req-5289049b-b6e6-44a2-a4b7-36c474681aea 137ec43846084a089afdae182b4e0dbd 294e0993ebdb4c8ab84944346059036f - - default default] POST http://cinder-api.openstack.svc.cluster.local:8776/v3/294e0993ebdb4c8ab84944346059036f/attachments /var/lib/openstack/lib/python3.12/site-packages/oslo_context/context.py:100: DeprecationWarning: Policy enforcement is depending on the value of is_admin. This key is deprecated. Please update your policy file to use the standard policy values. warnings.warn('Policy enforcement is depending on the value of '
2026-06-02 13:37:42.056 9 INFO cinder.api.openstack.wsgi [req-52d9359e-e36b-4caf-8883-5c01127d1efc req-5289049b-b6e6-44a2-a4b7-36c474681aea 137ec43846084a089afdae182b4e0dbd 294e0993ebdb4c8ab84944346059036f - - default default] http://cinder-api.openstack.svc.cluster.local:8776/v3/294e0993ebdb4c8ab84944346059036f/attachments returned with HTTP 200 /var/lib/openstack/lib/python3.12/site-packages/pycadf/timestamp.py:28: DeprecationWarning: datetime.datetime.utcnow() is deprecated and scheduled for removal in a future version. Use timezone-aware objects to represent datetimes in UTC: datetime.datetime.now(datetime.UTC). utc_datetime = pytz.utc.localize(datetime.datetime.utcnow()) [pid: 9|app: 0|req: 461/919] 10.0.0.186 () {40 vars in 1057 bytes} [Tue Jun 2 13:37:42 2026] POST /v3/294e0993ebdb4c8ab84944346059036f/attachments => generated 273 bytes in 56 msecs (HTTP/1.1 200) 7 headers in 286 bytes (1 switches on core 0) /var/lib/openstack/lib/python3.12/site-packages/pycadf/identifier.py:71: UserWarning: Invalid uuid: cinderv3. To ensure interoperability, identifiers should be a valid uuid. warnings.warn(('Invalid uuid: %s. To ensure interoperability, '
2026-06-02 13:37:45.496 8 INFO cinder.api.openstack.wsgi [req-c190c6f7-d875-40b5-bcf4-78286e90c52d req-35cf4745-0902-4db9-ae02-6aea4664d3b5 137ec43846084a089afdae182b4e0dbd 294e0993ebdb4c8ab84944346059036f - - default default] GET http://cinder-api.openstack.svc.cluster.local:8776/v3/294e0993ebdb4c8ab84944346059036f/volumes/d309a46f-4b94-4902-adb2-1c3806566317 /var/lib/openstack/lib/python3.12/site-packages/oslo_context/context.py:100: DeprecationWarning: Policy enforcement is depending on the value of is_admin. This key is deprecated. Please update your policy file to use the standard policy values. warnings.warn('Policy enforcement is depending on the value of '
2026-06-02 13:37:45.517 8 INFO cinder.volume.api [req-c190c6f7-d875-40b5-bcf4-78286e90c52d req-35cf4745-0902-4db9-ae02-6aea4664d3b5 137ec43846084a089afdae182b4e0dbd 294e0993ebdb4c8ab84944346059036f - - default default] Volume info retrieved successfully.
