Apr 16 11:39:44.973171 np0000166662 devstack@neutron-api.service[104557]: DEBUG futurist.periodics [-] Submitting periodic callback 'neutron.plugins.ml2.drivers.ovn.mech_driver.ovsdb.maintenance.HashRingHealthCheckPeriodics.touch_hash_ring_node' {{(pid=104557) _process_scheduled /opt/stack/data/venv/lib/python3.12/site-packages/futurist/periodics.py:784}}
Apr 16 11:39:44.974788 np0000166662 devstack@neutron-api.service[104557]: DEBUG neutron.plugins.ml2.drivers.ovn.mech_driver.ovsdb.maintenance [-] Touching Hash Ring node "e015333e6f105c41bce22e1a85c00716" from periodic health check thread {{(pid=104557) touch_hash_ring_node /opt/stack/neutron/neutron/plugins/ml2/drivers/ovn/mech_driver/ovsdb/maintenance.py:1401}}
Apr 16 11:39:45.039046 np0000166662 devstack@neutron-api.service[104556]: DEBUG futurist.periodics [-] Submitting periodic callback 'neutron.plugins.ml2.drivers.ovn.mech_driver.ovsdb.maintenance.HashRingHealthCheckPeriodics.touch_hash_ring_node' {{(pid=104556) _process_scheduled /opt/stack/data/venv/lib/python3.12/site-packages/futurist/periodics.py:784}}
Apr 16 11:39:45.040661 np0000166662 devstack@neutron-api.service[104556]: DEBUG neutron.plugins.ml2.drivers.ovn.mech_driver.ovsdb.maintenance [-] Touching Hash Ring node "918c3b28394c5da9a67217441e00a368" from periodic health check thread {{(pid=104556) touch_hash_ring_node /opt/stack/neutron/neutron/plugins/ml2/drivers/ovn/mech_driver/ovsdb/maintenance.py:1401}}
Apr 16 11:39:45.065627 np0000166662 devstack@neutron-api.service[104558]: DEBUG futurist.periodics [-] Submitting periodic callback 'neutron.plugins.ml2.drivers.ovn.mech_driver.ovsdb.maintenance.HashRingHealthCheckPeriodics.touch_hash_ring_node' {{(pid=104558) _process_scheduled /opt/stack/data/venv/lib/python3.12/site-packages/futurist/periodics.py:784}}
Apr 16 11:39:45.068920 np0000166662 devstack@neutron-api.service[104558]: DEBUG neutron.plugins.ml2.drivers.ovn.mech_driver.ovsdb.maintenance [-] Touching Hash Ring node "258f50b65ba259278448a4b4b9795264" from periodic health check thread {{(pid=104558) touch_hash_ring_node /opt/stack/neutron/neutron/plugins/ml2/drivers/ovn/mech_driver/ovsdb/maintenance.py:1401}}
Apr 16 11:39:54.159351 np0000166662 devstack@neutron-api.service[104559]: DEBUG dbcounter [-] [104559] Writing DB stats neutron:UPDATE=1,neutron:SELECT=1 {{(pid=104559) stat_writer /opt/stack/data/venv/lib/python3.12/site-packages/dbcounter.py:115}}
Apr 16 11:39:55.010792 np0000166662 devstack@neutron-api.service[104557]: DEBUG dbcounter [-] [104557] Writing DB stats neutron:UPDATE=1,neutron:SELECT=1 {{(pid=104557) stat_writer /opt/stack/data/venv/lib/python3.12/site-packages/dbcounter.py:115}}
Apr 16 11:39:55.054445 np0000166662 devstack@neutron-api.service[104556]: DEBUG dbcounter [-] [104556] Writing DB stats neutron:UPDATE=1,neutron:SELECT=1 {{(pid=104556) stat_writer /opt/stack/data/venv/lib/python3.12/site-packages/dbcounter.py:115}}
Apr 16 11:39:55.080678 np0000166662 devstack@neutron-api.service[104558]: DEBUG dbcounter [-] [104558] Writing DB stats neutron:UPDATE=1,neutron:SELECT=1 {{(pid=104558) stat_writer /opt/stack/data/venv/lib/python3.12/site-packages/dbcounter.py:115}}
Apr 16 11:39:59.145762 np0000166662 devstack@neutron-api.service[104559]: DEBUG futurist.periodics [-] Submitting periodic callback 'neutron.plugins.ml2.drivers.ovn.mech_driver.ovsdb.maintenance.HashRingHealthCheckPeriodics.touch_hash_ring_node' {{(pid=104559) _process_scheduled /opt/stack/data/venv/lib/python3.12/site-packages/futurist/periodics.py:784}}
Apr 16 11:39:59.147345 np0000166662 devstack@neutron-api.service[104559]: DEBUG neutron.plugins.ml2.drivers.ovn.mech_driver.ovsdb.maintenance [-] Touching Hash Ring node "4507de03ac485833a9c897ad57d3366e" from periodic health check thread {{(pid=104559) touch_hash_ring_node /opt/stack/neutron/neutron/plugins/ml2/drivers/ovn/mech_driver/ovsdb/maintenance.py:1401}}
Apr 16 11:39:59.974878 np0000166662 devstack@neutron-api.service[104557]: DEBUG futurist.periodics [-] Submitting periodic callback 'neutron.plugins.ml2.drivers.ovn.mech_driver.ovsdb.maintenance.HashRingHealthCheckPeriodics.touch_hash_ring_node' {{(pid=104557) _process_scheduled /opt/stack/data/venv/lib/python3.12/site-packages/futurist/periodics.py:784}}
Apr 16 11:39:59.976502 np0000166662 devstack@neutron-api.service[104557]: DEBUG neutron.plugins.ml2.drivers.ovn.mech_driver.ovsdb.maintenance [-] Touching Hash Ring node "e015333e6f105c41bce22e1a85c00716" from periodic health check thread {{(pid=104557) touch_hash_ring_node /opt/stack/neutron/neutron/plugins/ml2/drivers/ovn/mech_driver/ovsdb/maintenance.py:1401}}
Apr 16 11:40:00.040893 np0000166662 devstack@neutron-api.service[104556]: DEBUG futurist.periodics [-] Submitting periodic callback 'neutron.plugins.ml2.drivers.ovn.mech_driver.ovsdb.maintenance.HashRingHealthCheckPeriodics.touch_hash_ring_node' {{(pid=104556) _process_scheduled /opt/stack/data/venv/lib/python3.12/site-packages/futurist/periodics.py:784}}
Apr 16 11:40:00.042169 np0000166662 devstack@neutron-api.service[104556]: DEBUG neutron.plugins.ml2.drivers.ovn.mech_driver.ovsdb.maintenance [-] Touching Hash Ring node "918c3b28394c5da9a67217441e00a368" from periodic health check thread {{(pid=104556) touch_hash_ring_node /opt/stack/neutron/neutron/plugins/ml2/drivers/ovn/mech_driver/ovsdb/maintenance.py:1401}}
Apr 16 11:40:00.067133 np0000166662 devstack@neutron-api.service[104558]: DEBUG futurist.periodics [-] Submitting periodic callback 'neutron.plugins.ml2.drivers.ovn.mech_driver.ovsdb.maintenance.HashRingHealthCheckPeriodics.touch_hash_ring_node' {{(pid=104558) _process_scheduled /opt/stack/data/venv/lib/python3.12/site-packages/futurist/periodics.py:784}}
Apr 16 11:40:00.068715 np0000166662 devstack@neutron-api.service[104558]: DEBUG neutron.plugins.ml2.drivers.ovn.mech_driver.ovsdb.maintenance [-] Touching Hash Ring node "258f50b65ba259278448a4b4b9795264" from periodic health check thread {{(pid=104558) touch_hash_ring_node /opt/stack/neutron/neutron/plugins/ml2/drivers/ovn/mech_driver/ovsdb/maintenance.py:1401}}
Apr 16 11:40:09.158339 np0000166662 devstack@neutron-api.service[104559]: DEBUG dbcounter [-] [104559] Writing DB stats neutron:UPDATE=1,neutron:SELECT=1 {{(pid=104559) stat_writer /opt/stack/data/venv/lib/python3.12/site-packages/dbcounter.py:115}}
Apr 16 11:40:09.989688 np0000166662 devstack@neutron-api.service[104557]: DEBUG dbcounter [-] [104557] Writing DB stats neutron:UPDATE=1,neutron:SELECT=1 {{(pid=104557) stat_writer /opt/stack/data/venv/lib/python3.12/site-packages/dbcounter.py:115}}
Apr 16 11:40:10.054263 np0000166662 devstack@neutron-api.service[104556]: DEBUG dbcounter [-] [104556] Writing DB stats neutron:UPDATE=1,neutron:SELECT=1 {{(pid=104556) stat_writer /opt/stack/data/venv/lib/python3.12/site-packages/dbcounter.py:115}}
Apr 16 11:40:10.081446 np0000166662 devstack@neutron-api.service[104558]: DEBUG dbcounter [-] [104558] Writing DB stats neutron:UPDATE=1,neutron:SELECT=1 {{(pid=104558) stat_writer /opt/stack/data/venv/lib/python3.12/site-packages/dbcounter.py:115}}
Apr 16 11:40:14.147990 np0000166662 devstack@neutron-api.service[104559]: DEBUG futurist.periodics [-] Submitting periodic callback 'neutron.plugins.ml2.drivers.ovn.mech_driver.ovsdb.maintenance.HashRingHealthCheckPeriodics.touch_hash_ring_node' {{(pid=104559) _process_scheduled /opt/stack/data/venv/lib/python3.12/site-packages/futurist/periodics.py:784}}
Apr 16 11:40:14.149674 np0000166662 devstack@neutron-api.service[104559]: DEBUG neutron.plugins.ml2.drivers.ovn.mech_driver.ovsdb.maintenance [-] Touching Hash Ring node "4507de03ac485833a9c897ad57d3366e" from periodic health check thread {{(pid=104559) touch_hash_ring_node /opt/stack/neutron/neutron/plugins/ml2/drivers/ovn/mech_driver/ovsdb/maintenance.py:1401}}
Apr 16 11:40:14.976631 np0000166662 devstack@neutron-api.service[104557]: DEBUG futurist.periodics [-] Submitting periodic callback 'neutron.plugins.ml2.drivers.ovn.mech_driver.ovsdb.maintenance.HashRingHealthCheckPeriodics.touch_hash_ring_node' {{(pid=104557) _process_scheduled /opt/stack/data/venv/lib/python3.12/site-packages/futurist/periodics.py:784}}
Apr 16 11:40:14.978403 np0000166662 devstack@neutron-api.service[104557]: DEBUG neutron.plugins.ml2.drivers.ovn.mech_driver.ovsdb.maintenance [-] Touching Hash Ring node "e015333e6f105c41bce22e1a85c00716" from periodic health check thread {{(pid=104557) touch_hash_ring_node /opt/stack/neutron/neutron/plugins/ml2/drivers/ovn/mech_driver/ovsdb/maintenance.py:1401}}
Apr 16 11:40:15.042384 np0000166662 devstack@neutron-api.service[104556]: DEBUG futurist.periodics [-] Submitting periodic callback 'neutron.plugins.ml2.drivers.ovn.mech_driver.ovsdb.maintenance.HashRingHealthCheckPeriodics.touch_hash_ring_node' {{(pid=104556) _process_scheduled /opt/stack/data/venv/lib/python3.12/site-packages/futurist/periodics.py:784}}
Apr 16 11:40:15.043876 np0000166662 devstack@neutron-api.service[104556]: DEBUG neutron.plugins.ml2.drivers.ovn.mech_driver.ovsdb.maintenance [-] Touching Hash Ring node "918c3b28394c5da9a67217441e00a368" from periodic health check thread {{(pid=104556) touch_hash_ring_node /opt/stack/neutron/neutron/plugins/ml2/drivers/ovn/mech_driver/ovsdb/maintenance.py:1401}}
Apr 16 11:40:15.068746 np0000166662 devstack@neutron-api.service[104558]: DEBUG futurist.periodics [-] Submitting periodic callback 'neutron.plugins.ml2.drivers.ovn.mech_driver.ovsdb.maintenance.HashRingHealthCheckPeriodics.touch_hash_ring_node' {{(pid=104558) _process_scheduled /opt/stack/data/venv/lib/python3.12/site-packages/futurist/periodics.py:784}}
Apr 16 11:40:15.070162 np0000166662 devstack@neutron-api.service[104558]: DEBUG neutron.plugins.ml2.drivers.ovn.mech_driver.ovsdb.maintenance [-] Touching Hash Ring node "258f50b65ba259278448a4b4b9795264" from periodic health check thread {{(pid=104558) touch_hash_ring_node /opt/stack/neutron/neutron/plugins/ml2/drivers/ovn/mech_driver/ovsdb/maintenance.py:1401}}
Apr 16 11:40:24.202299 np0000166662 devstack@neutron-api.service[104559]: DEBUG dbcounter [-] [104559] Writing DB stats neutron:UPDATE=1,neutron:SELECT=1 {{(pid=104559) stat_writer /opt/stack/data/venv/lib/python3.12/site-packages/dbcounter.py:115}}
Apr 16 11:40:24.992583 np0000166662 devstack@neutron-api.service[104557]: DEBUG dbcounter [-] [104557] Writing DB stats neutron:UPDATE=1,neutron:SELECT=1 {{(pid=104557) stat_writer /opt/stack/data/venv/lib/python3.12/site-packages/dbcounter.py:115}}
Apr 16 11:40:25.054852 np0000166662 devstack@neutron-api.service[104556]: DEBUG dbcounter [-] [104556] Writing DB stats neutron:UPDATE=1,neutron:SELECT=1 {{(pid=104556) stat_writer /opt/stack/data/venv/lib/python3.12/site-packages/dbcounter.py:115}}
Apr 16 11:40:25.082680 np0000166662 devstack@neutron-api.service[104558]: DEBUG dbcounter [-] [104558] Writing DB stats neutron:UPDATE=1,neutron:SELECT=1 {{(pid=104558) stat_writer /opt/stack/data/venv/lib/python3.12/site-packages/dbcounter.py:115}}
Apr 16 11:40:29.149940 np0000166662 devstack@neutron-api.service[104559]: DEBUG futurist.periodics [-] Submitting periodic callback 'neutron.plugins.ml2.drivers.ovn.mech_driver.ovsdb.maintenance.HashRingHealthCheckPeriodics.touch_hash_ring_node' {{(pid=104559) _process_scheduled /opt/stack/data/venv/lib/python3.12/site-packages/futurist/periodics.py:784}}
Apr 16 11:40:29.152358 np0000166662 devstack@neutron-api.service[104559]: DEBUG neutron.plugins.ml2.drivers.ovn.mech_driver.ovsdb.maintenance [-] Touching Hash Ring node "4507de03ac485833a9c897ad57d3366e" from periodic health check thread {{(pid=104559) touch_hash_ring_node /opt/stack/neutron/neutron/plugins/ml2/drivers/ovn/mech_driver/ovsdb/maintenance.py:1401}}
Apr 16 11:40:29.978373 np0000166662 devstack@neutron-api.service[104557]: DEBUG futurist.periodics [-] Submitting periodic callback 'neutron.plugins.ml2.drivers.ovn.mech_driver.ovsdb.maintenance.HashRingHealthCheckPeriodics.touch_hash_ring_node' {{(pid=104557) _process_scheduled /opt/stack/data/venv/lib/python3.12/site-packages/futurist/periodics.py:784}}
Apr 16 11:40:29.980292 np0000166662 devstack@neutron-api.service[104557]: DEBUG neutron.plugins.ml2.drivers.ovn.mech_driver.ovsdb.maintenance [-] Touching Hash Ring node "e015333e6f105c41bce22e1a85c00716" from periodic health check thread {{(pid=104557) touch_hash_ring_node /opt/stack/neutron/neutron/plugins/ml2/drivers/ovn/mech_driver/ovsdb/maintenance.py:1401}}
Apr 16 11:40:30.044853 np0000166662 devstack@neutron-api.service[104556]: DEBUG futurist.periodics [-] Submitting periodic callback 'neutron.plugins.ml2.drivers.ovn.mech_driver.ovsdb.maintenance.HashRingHealthCheckPeriodics.touch_hash_ring_node' {{(pid=104556) _process_scheduled /opt/stack/data/venv/lib/python3.12/site-packages/futurist/periodics.py:784}}
Apr 16 11:40:30.046369 np0000166662 devstack@neutron-api.service[104556]: DEBUG neutron.plugins.ml2.drivers.ovn.mech_driver.ovsdb.maintenance [-] Touching Hash Ring node "918c3b28394c5da9a67217441e00a368" from periodic health check thread {{(pid=104556) touch_hash_ring_node /opt/stack/neutron/neutron/plugins/ml2/drivers/ovn/mech_driver/ovsdb/maintenance.py:1401}}
Apr 16 11:40:30.070820 np0000166662 devstack@neutron-api.service[104558]: DEBUG futurist.periodics [-] Submitting periodic callback 'neutron.plugins.ml2.drivers.ovn.mech_driver.ovsdb.maintenance.HashRingHealthCheckPeriodics.touch_hash_ring_node' {{(pid=104558) _process_scheduled /opt/stack/data/venv/lib/python3.12/site-packages/futurist/periodics.py:784}}
Apr 16 11:40:30.072095 np0000166662 devstack@neutron-api.service[104558]: DEBUG neutron.plugins.ml2.drivers.ovn.mech_driver.ovsdb.maintenance [-] Touching Hash Ring node "258f50b65ba259278448a4b4b9795264" from periodic health check thread {{(pid=104558) touch_hash_ring_node /opt/stack/neutron/neutron/plugins/ml2/drivers/ovn/mech_driver/ovsdb/maintenance.py:1401}}
Apr 16 11:40:38.040513 np0000166662 devstack@neutron-api.service[104558]: DEBUG neutron.common.ovn.hash_ring_manager [None req-257cf8ec-1162-4329-9870-74f17f5e8f55 None None] Hash Ring loaded. 4 active nodes. 0 offline nodes {{(pid=104558) _load_hash_ring /opt/stack/neutron/neutron/common/ovn/hash_ring_manager.py:102}}
Apr 16 11:40:38.041772 np0000166662 devstack@neutron-api.service[104558]: DEBUG neutron.plugins.ml2.drivers.ovn.mech_driver.ovsdb.ovsdb_monitor [None req-257cf8ec-1162-4329-9870-74f17f5e8f55 None None] Hash Ring: Node 258f50b65ba259278448a4b4b9795264 (host: np0000166662) handling event "update" for row 98cae970-1ce2-477d-a157-1d0fb19280fc (table: Logical_Switch) {{(pid=104558) notify /opt/stack/neutron/neutron/plugins/ml2/drivers/ovn/mech_driver/ovsdb/ovsdb_monitor.py:914}}
Apr 16 11:40:38.043891 np0000166662 devstack@neutron-api.service[104559]: DEBUG neutron.common.ovn.hash_ring_manager [None req-9b9a538a-d27d-4428-aba7-bc793f234a2d None None] Hash Ring loaded. 4 active nodes. 0 offline nodes {{(pid=104559) _load_hash_ring /opt/stack/neutron/neutron/common/ovn/hash_ring_manager.py:102}}
Apr 16 11:40:38.045609 np0000166662 devstack@neutron-api.service[104557]: DEBUG neutron.common.ovn.hash_ring_manager [None req-dbd8ac3f-44c1-4c6f-a50e-78b2694732f0 None None] Hash Ring loaded. 4 active nodes. 0 offline nodes {{(pid=104557) _load_hash_ring /opt/stack/neutron/neutron/common/ovn/hash_ring_manager.py:102}}
Apr 16 11:40:38.048015 np0000166662 devstack@neutron-api.service[104556]: DEBUG neutron.common.ovn.hash_ring_manager [None req-ea55b952-1290-4e99-8c89-809ee326c233 None None] Hash Ring loaded. 4 active nodes. 0 offline nodes {{(pid=104556) _load_hash_ring /opt/stack/neutron/neutron/common/ovn/hash_ring_manager.py:102}}
Apr 16 11:40:38.112556 np0000166662 devstack@neutron-api.service[104556]: DEBUG neutron.plugins.ml2.drivers.ovn.mech_driver.ovsdb.ovsdb_monitor [None req-ea55b952-1290-4e99-8c89-809ee326c233 None None] Hash Ring: Node 918c3b28394c5da9a67217441e00a368 (host: np0000166662) handling event "update" for row 7ae845c7-a040-47b3-8408-1c4513c62de5 (table: Logical_Switch) {{(pid=104556) notify /opt/stack/neutron/neutron/plugins/ml2/drivers/ovn/mech_driver/ovsdb/ovsdb_monitor.py:914}}
Apr 16 11:40:44.152772 np0000166662 devstack@neutron-api.service[104559]: DEBUG futurist.periodics [-] Submitting periodic callback 'neutron.plugins.ml2.drivers.ovn.mech_driver.ovsdb.maintenance.HashRingHealthCheckPeriodics.touch_hash_ring_node' {{(pid=104559) _process_scheduled /opt/stack/data/venv/lib/python3.12/site-packages/futurist/periodics.py:784}}
Apr 16 11:40:44.154560 np0000166662 devstack@neutron-api.service[104559]: DEBUG neutron.plugins.ml2.drivers.ovn.mech_driver.ovsdb.maintenance [-] Touching Hash Ring node "4507de03ac485833a9c897ad57d3366e" from periodic health check thread {{(pid=104559) touch_hash_ring_node /opt/stack/neutron/neutron/plugins/ml2/drivers/ovn/mech_driver/ovsdb/maintenance.py:1401}}
Apr 16 11:40:44.980570 np0000166662 devstack@neutron-api.service[104557]: DEBUG futurist.periodics [-] Submitting periodic callback 'neutron.plugins.ml2.drivers.ovn.mech_driver.ovsdb.maintenance.HashRingHealthCheckPeriodics.touch_hash_ring_node' {{(pid=104557) _process_scheduled /opt/stack/data/venv/lib/python3.12/site-packages/futurist/periodics.py:784}}
Apr 16 11:40:44.983169 np0000166662 devstack@neutron-api.service[104557]: DEBUG neutron.plugins.ml2.drivers.ovn.mech_driver.ovsdb.maintenance [-] Touching Hash Ring node "e015333e6f105c41bce22e1a85c00716" from periodic health check thread {{(pid=104557) touch_hash_ring_node /opt/stack/neutron/neutron/plugins/ml2/drivers/ovn/mech_driver/ovsdb/maintenance.py:1401}}
Apr 16 11:40:45.046499 np0000166662 devstack@neutron-api.service[104556]: DEBUG futurist.periodics [-] Submitting periodic callback 'neutron.plugins.ml2.drivers.ovn.mech_driver.ovsdb.maintenance.HashRingHealthCheckPeriodics.touch_hash_ring_node' {{(pid=104556) _process_scheduled /opt/stack/data/venv/lib/python3.12/site-packages/futurist/periodics.py:784}}
Apr 16 11:40:45.047902 np0000166662 devstack@neutron-api.service[104556]: DEBUG neutron.plugins.ml2.drivers.ovn.mech_driver.ovsdb.maintenance [-] Touching Hash Ring node "918c3b28394c5da9a67217441e00a368" from periodic health check thread {{(pid=104556) touch_hash_ring_node /opt/stack/neutron/neutron/plugins/ml2/drivers/ovn/mech_driver/ovsdb/maintenance.py:1401}}
Apr 16 11:40:45.072279 np0000166662 devstack@neutron-api.service[104558]: DEBUG futurist.periodics [-] Submitting periodic callback 'neutron.plugins.ml2.drivers.ovn.mech_driver.ovsdb.maintenance.HashRingHealthCheckPeriodics.touch_hash_ring_node' {{(pid=104558) _process_scheduled /opt/stack/data/venv/lib/python3.12/site-packages/futurist/periodics.py:784}}
Apr 16 11:40:45.074347 np0000166662 devstack@neutron-api.service[104558]: DEBUG neutron.plugins.ml2.drivers.ovn.mech_driver.ovsdb.maintenance [-] Touching Hash Ring node "258f50b65ba259278448a4b4b9795264" from periodic health check thread {{(pid=104558) touch_hash_ring_node /opt/stack/neutron/neutron/plugins/ml2/drivers/ovn/mech_driver/ovsdb/maintenance.py:1401}}
Apr 16 11:40:54.167305 np0000166662 devstack@neutron-api.service[104559]: DEBUG dbcounter [-] [104559] Writing DB stats neutron:UPDATE=2,neutron:SELECT=4 {{(pid=104559) stat_writer /opt/stack/data/venv/lib/python3.12/site-packages/dbcounter.py:115}}
Apr 16 11:40:54.996095 np0000166662 devstack@neutron-api.service[104557]: DEBUG dbcounter [-] [104557] Writing DB stats neutron:UPDATE=2,neutron:SELECT=4 {{(pid=104557) stat_writer /opt/stack/data/venv/lib/python3.12/site-packages/dbcounter.py:115}}
Apr 16 11:40:55.059215 np0000166662 devstack@neutron-api.service[104556]: DEBUG dbcounter [-] [104556] Writing DB stats neutron:UPDATE=2,neutron:SELECT=4 {{(pid=104556) stat_writer /opt/stack/data/venv/lib/python3.12/site-packages/dbcounter.py:115}}
Apr 16 11:40:55.086473 np0000166662 devstack@neutron-api.service[104558]: DEBUG dbcounter [-] [104558] Writing DB stats neutron:UPDATE=2,neutron:SELECT=4 {{(pid=104558) stat_writer /opt/stack/data/venv/lib/python3.12/site-packages/dbcounter.py:115}}
Apr 16 11:40:55.382822 np0000166662 devstack@neutron-api.service[104557]: INFO neutron.pecan_wsgi.hooks.translation [None req-1946a577-b582-4c0a-86fa-0e9d8a485b79 admin admin] GET failed (client error): The resource could not be found.
Apr 16 11:40:55.383469 np0000166662 devstack@neutron-api.service[104557]: [pid: 104557|app: 0|req: 23/91] 199.19.213.67 () {64 vars in 1327 bytes} [Thu Apr 16 11:40:55 2026] GET /networking/v2.0/networks/admin_net => generated 111 bytes in 109 msecs (HTTP/1.1 404) 4 headers in 164 bytes (1 switches on core 0)
Apr 16 11:40:55.420394 np0000166662 devstack@neutron-api.service[104556]: [pid: 104556|app: 0|req: 23/92] 199.19.213.67 () {64 vars in 1339 bytes} [Thu Apr 16 11:40:55 2026] GET /networking/v2.0/networks?name=admin_net => generated 15 bytes in 23 msecs (HTTP/1.1 200) 4 headers in 156 bytes (1 switches on core 0)
Apr 16 11:40:55.687453 np0000166662 devstack@neutron-api.service[104558]: DEBUG neutron.api.v2.base [None req-70de2e69-21e0-489e-a272-338f298409b2 admin admin] Request body: {'network': {'project_id': 'b076e4e54dec417482d336ee1fc3ce81', 'name': 'admin_net', 'admin_state_up': True}} {{(pid=104558) prepare_request_body /opt/stack/neutron/neutron/api/v2/base.py:729}}
Apr 16 11:40:55.704748 np0000166662 devstack@neutron-api.service[104558]: DEBUG neutron.pecan_wsgi.hooks.quota_enforcement [None req-70de2e69-21e0-489e-a272-338f298409b2 admin admin] Made reservation on behalf of b076e4e54dec417482d336ee1fc3ce81 for: {'network': 1} {{(pid=104558) before /opt/stack/neutron/neutron/pecan_wsgi/hooks/quota_enforcement.py:66}}
Apr 16 11:40:55.707934 np0000166662 devstack@neutron-api.service[104558]: DEBUG neutron_lib.callbacks.manager [None req-70de2e69-21e0-489e-a272-338f298409b2 admin admin] Publish callbacks ['neutron.plugins.ml2.plugin.SecurityGroupDbMixin._ensure_default_security_group_handler-219370'] for network (None), before_create {{(pid=104558) _notify_loop /opt/stack/data/venv/lib/python3.12/site-packages/neutron_lib/callbacks/manager.py:184}}
Apr 16 11:40:55.712958 np0000166662 devstack@neutron-api.service[104558]: DEBUG neutron_lib.callbacks.manager [None req-70de2e69-21e0-489e-a272-338f298409b2 admin admin] Publish callbacks [] for security_group (None), before_create {{(pid=104558) _notify_loop /opt/stack/data/venv/lib/python3.12/site-packages/neutron_lib/callbacks/manager.py:184}}
Apr 16 11:40:55.774987 np0000166662 devstack@neutron-api.service[104558]: DEBUG neutron_lib.callbacks.manager [None req-70de2e69-21e0-489e-a272-338f298409b2 admin admin] Publish callbacks ['neutron.plugins.ml2.drivers.ovn.mech_driver.mech_driver.OVNMechanismDriver._create_security_group_precommit-238695'] for security_group (2a3d9de0-34cb-464c-bcd0-99b033051f54), precommit_create {{(pid=104558) _notify_loop /opt/stack/data/venv/lib/python3.12/site-packages/neutron_lib/callbacks/manager.py:184}}
Apr 16 11:40:55.774987 np0000166662 devstack@neutron-api.service[104558]: DEBUG neutron.db.ovn_revision_numbers_db [None req-70de2e69-21e0-489e-a272-338f298409b2 admin admin] create_initial_revision uuid=2a3d9de0-34cb-464c-bcd0-99b033051f54, type=security_groups, rev=-1 {{(pid=104558) create_initial_revision /opt/stack/neutron/neutron/db/ovn_revision_numbers_db.py:98}}
Apr 16 11:40:55.776133 np0000166662 devstack@neutron-api.service[104558]: DEBUG neutron.db.ovn_revision_numbers_db [None req-70de2e69-21e0-489e-a272-338f298409b2 admin admin] create_initial_revision uuid=0dc543f3-3d98-4d87-bfdc-22c0fcbc133c, type=security_group_rules, rev=-1 {{(pid=104558) create_initial_revision /opt/stack/neutron/neutron/db/ovn_revision_numbers_db.py:98}}
Apr 16 11:40:55.777168 np0000166662 devstack@neutron-api.service[104558]: DEBUG neutron.db.ovn_revision_numbers_db [None req-70de2e69-21e0-489e-a272-338f298409b2 admin admin] create_initial_revision uuid=31fe1662-b500-4f38-bbf1-ae026f361686, type=security_group_rules, rev=-1 {{(pid=104558) create_initial_revision /opt/stack/neutron/neutron/db/ovn_revision_numbers_db.py:98}}
Apr 16 11:40:55.778141 np0000166662 devstack@neutron-api.service[104558]: DEBUG neutron.db.ovn_revision_numbers_db [None req-70de2e69-21e0-489e-a272-338f298409b2 admin admin] create_initial_revision uuid=35f2431c-0507-48bc-8327-84aff5db66c4, type=security_group_rules, rev=-1 {{(pid=104558) create_initial_revision /opt/stack/neutron/neutron/db/ovn_revision_numbers_db.py:98}}
Apr 16 11:40:55.779154 np0000166662 devstack@neutron-api.service[104558]: DEBUG neutron.db.ovn_revision_numbers_db [None req-70de2e69-21e0-489e-a272-338f298409b2 admin admin] create_initial_revision uuid=932758af-7c4c-4653-b5e1-564b69ef1d60, type=security_group_rules, rev=-1 {{(pid=104558) create_initial_revision /opt/stack/neutron/neutron/db/ovn_revision_numbers_db.py:98}}
Apr 16 11:40:55.785566 np0000166662 devstack@neutron-api.service[104558]: DEBUG neutron_lib.callbacks.manager [None req-70de2e69-21e0-489e-a272-338f298409b2 admin admin] Publish callbacks ['neutron.plugins.ml2.drivers.ovn.mech_driver.mech_driver.OVNMechanismDriver._create_security_group-238685', 'neutron.plugins.ml2.ovo_rpc._ObjectChangeHandler.handle_event-1141638'] for security_group (2a3d9de0-34cb-464c-bcd0-99b033051f54), after_create {{(pid=104558) _notify_loop /opt/stack/data/venv/lib/python3.12/site-packages/neutron_lib/callbacks/manager.py:184}}
Apr 16 11:40:55.786505 np0000166662 devstack@neutron-api.service[104558]: DEBUG ovsdbapp.backend.ovs_idl.transaction [None req-257cf8ec-1162-4329-9870-74f17f5e8f55 None None] Running txn n=1 command(idx=0): PgAddCommand(_result=None, name=pg_2a3d9de0_34cb_464c_bcd0_99b033051f54, may_exist=False, columns={'acls': [], 'external_ids': {'neutron:security_group_id': '2a3d9de0-34cb-464c-bcd0-99b033051f54'}}) {{(pid=104558) do_commit /opt/stack/data/venv/lib/python3.12/site-packages/ovsdbapp/backend/ovs_idl/transaction.py:89}}
Apr 16 11:40:55.787047 np0000166662 devstack@neutron-api.service[104558]: DEBUG ovsdbapp.backend.ovs_idl.transaction [None req-257cf8ec-1162-4329-9870-74f17f5e8f55 None None] Running txn n=1 command(idx=1): PgAclAddCommand(_result=None, entity=pg_2a3d9de0_34cb_464c_bcd0_99b033051f54, direction=to-lport, priority=1002, match=outport == @pg_2a3d9de0_34cb_464c_bcd0_99b033051f54 && ip4 && ip4.src == $pg_2a3d9de0_34cb_464c_bcd0_99b033051f54_ip4, action=allow-related, log=False, may_exist=True, severity=[], name=[], meter=[], external_ids={'neutron:security_group_rule_id': '0dc543f3-3d98-4d87-bfdc-22c0fcbc133c'}) {{(pid=104558) do_commit /opt/stack/data/venv/lib/python3.12/site-packages/ovsdbapp/backend/ovs_idl/transaction.py:89}}
Apr 16 11:40:55.787900 np0000166662 devstack@neutron-api.service[104558]: DEBUG ovsdbapp.backend.ovs_idl.transaction [None req-257cf8ec-1162-4329-9870-74f17f5e8f55 None None] Running txn n=1 command(idx=2): PgAclAddCommand(_result=None, entity=pg_2a3d9de0_34cb_464c_bcd0_99b033051f54, direction=from-lport, priority=1002, match=inport == @pg_2a3d9de0_34cb_464c_bcd0_99b033051f54 && ip4, action=allow-related, log=False, may_exist=True, severity=[], name=[], meter=[], external_ids={'neutron:security_group_rule_id': '31fe1662-b500-4f38-bbf1-ae026f361686'}) {{(pid=104558) do_commit /opt/stack/data/venv/lib/python3.12/site-packages/ovsdbapp/backend/ovs_idl/transaction.py:89}}
Apr 16 11:40:55.788652 np0000166662 devstack@neutron-api.service[104558]: DEBUG ovsdbapp.backend.ovs_idl.transaction [None req-257cf8ec-1162-4329-9870-74f17f5e8f55 None None] Running txn n=1 command(idx=3): PgAclAddCommand(_result=None, entity=pg_2a3d9de0_34cb_464c_bcd0_99b033051f54, direction=from-lport, priority=1002, match=inport == @pg_2a3d9de0_34cb_464c_bcd0_99b033051f54 && ip6, action=allow-related, log=False, may_exist=True, severity=[], name=[], meter=[], external_ids={'neutron:security_group_rule_id': '35f2431c-0507-48bc-8327-84aff5db66c4'}) {{(pid=104558) do_commit /opt/stack/data/venv/lib/python3.12/site-packages/ovsdbapp/backend/ovs_idl/transaction.py:89}}
Apr 16 11:40:55.789397 np0000166662 devstack@neutron-api.service[104558]: DEBUG ovsdbapp.backend.ovs_idl.transaction [None req-257cf8ec-1162-4329-9870-74f17f5e8f55 None None] Running txn n=1 command(idx=4): PgAclAddCommand(_result=None, entity=pg_2a3d9de0_34cb_464c_bcd0_99b033051f54, direction=to-lport, priority=1002, match=outport == @pg_2a3d9de0_34cb_464c_bcd0_99b033051f54 && ip6 && ip6.src == $pg_2a3d9de0_34cb_464c_bcd0_99b033051f54_ip6, action=allow-related, log=False, may_exist=True, severity=[], name=[], meter=[], external_ids={'neutron:security_group_rule_id': '932758af-7c4c-4653-b5e1-564b69ef1d60'}) {{(pid=104558) do_commit /opt/stack/data/venv/lib/python3.12/site-packages/ovsdbapp/backend/ovs_idl/transaction.py:89}}
Apr 16 11:40:55.798045 np0000166662 devstack@neutron-api.service[104558]: DEBUG neutron.plugins.ml2.drivers.ovn.mech_driver.ovsdb.ovsdb_monitor [None req-257cf8ec-1162-4329-9870-74f17f5e8f55 None None] Touching Hash Ring node "258f50b65ba259278448a4b4b9795264" from IDL notify handler {{(pid=104558) notify /opt/stack/neutron/neutron/plugins/ml2/drivers/ovn/mech_driver/ovsdb/ovsdb_monitor.py:906}}
Apr 16 11:40:55.798956 np0000166662 devstack@neutron-api.service[104559]: DEBUG neutron.plugins.ml2.drivers.ovn.mech_driver.ovsdb.ovsdb_monitor [None req-9b9a538a-d27d-4428-aba7-bc793f234a2d None None] Touching Hash Ring node "4507de03ac485833a9c897ad57d3366e" from IDL notify handler {{(pid=104559) notify /opt/stack/neutron/neutron/plugins/ml2/drivers/ovn/mech_driver/ovsdb/ovsdb_monitor.py:906}}
Apr 16 11:40:55.800790 np0000166662 devstack@neutron-api.service[104557]: DEBUG neutron.plugins.ml2.drivers.ovn.mech_driver.ovsdb.ovsdb_monitor [None req-dbd8ac3f-44c1-4c6f-a50e-78b2694732f0 None None] Touching Hash Ring node "e015333e6f105c41bce22e1a85c00716" from IDL notify handler {{(pid=104557) notify /opt/stack/neutron/neutron/plugins/ml2/drivers/ovn/mech_driver/ovsdb/ovsdb_monitor.py:906}}
Apr 16 11:40:55.805624 np0000166662 devstack@neutron-api.service[104558]: DEBUG neutron.plugins.ml2.drivers.ovn.mech_driver.ovsdb.ovsdb_monitor [None req-257cf8ec-1162-4329-9870-74f17f5e8f55 None None] Hash Ring: Node 258f50b65ba259278448a4b4b9795264 (host: np0000166662) handling event "create" for row a498af50-deaf-42b3-bfa1-3ed9e67bc155 (table: ACL) {{(pid=104558) notify /opt/stack/neutron/neutron/plugins/ml2/drivers/ovn/mech_driver/ovsdb/ovsdb_monitor.py:914}}
Apr 16 11:40:55.806606 np0000166662 devstack@neutron-api.service[104558]: DEBUG neutron.plugins.ml2.drivers.ovn.mech_driver.ovsdb.ovsdb_monitor [None req-257cf8ec-1162-4329-9870-74f17f5e8f55 None None] Touching Hash Ring node "258f50b65ba259278448a4b4b9795264" from IDL notify handler {{(pid=104558) notify /opt/stack/neutron/neutron/plugins/ml2/drivers/ovn/mech_driver/ovsdb/ovsdb_monitor.py:906}}
Apr 16 11:40:55.808590 np0000166662 devstack@neutron-api.service[104559]: DEBUG neutron.plugins.ml2.drivers.ovn.mech_driver.ovsdb.ovsdb_monitor [None req-9b9a538a-d27d-4428-aba7-bc793f234a2d None None] Hash Ring: Node 4507de03ac485833a9c897ad57d3366e (host: np0000166662) handling event "create" for row 8aca5e89-3ba2-48f7-9cf9-6a1f995b8dd2 (table: ACL) {{(pid=104559) notify /opt/stack/neutron/neutron/plugins/ml2/drivers/ovn/mech_driver/ovsdb/ovsdb_monitor.py:914}}
Apr 16 11:40:55.809228 np0000166662 devstack@neutron-api.service[104558]: DEBUG neutron.plugins.ml2.drivers.ovn.mech_driver.ovsdb.ovsdb_monitor [None req-257cf8ec-1162-4329-9870-74f17f5e8f55 None None] Hash Ring: Node 258f50b65ba259278448a4b4b9795264 (host: np0000166662) handling event "create" for row d85dcdef-d219-4b3e-8671-9cc5efc20d6b (table: ACL) {{(pid=104558) notify /opt/stack/neutron/neutron/plugins/ml2/drivers/ovn/mech_driver/ovsdb/ovsdb_monitor.py:914}}
Apr 16 11:40:55.810051 np0000166662 devstack@neutron-api.service[104557]: DEBUG neutron.plugins.ml2.drivers.ovn.mech_driver.ovsdb.ovsdb_monitor [None req-dbd8ac3f-44c1-4c6f-a50e-78b2694732f0 None None] Hash Ring: Node e015333e6f105c41bce22e1a85c00716 (host: np0000166662) handling event "create" for row e754258b-7fb4-4ac8-9cd9-5ca5a02d8c04 (table: Port_Group) {{(pid=104557) notify /opt/stack/neutron/neutron/plugins/ml2/drivers/ovn/mech_driver/ovsdb/ovsdb_monitor.py:914}}
Apr 16 11:40:55.812020 np0000166662 devstack@neutron-api.service[104559]: DEBUG neutron.plugins.ml2.drivers.ovn.mech_driver.ovsdb.ovsdb_monitor [None req-9b9a538a-d27d-4428-aba7-bc793f234a2d None None] Touching Hash Ring node "4507de03ac485833a9c897ad57d3366e" from IDL notify handler {{(pid=104559) notify /opt/stack/neutron/neutron/plugins/ml2/drivers/ovn/mech_driver/ovsdb/ovsdb_monitor.py:906}}
Apr 16 11:40:55.815855 np0000166662 devstack@neutron-api.service[104559]: DEBUG neutron.plugins.ml2.drivers.ovn.mech_driver.ovsdb.ovsdb_monitor [None req-9b9a538a-d27d-4428-aba7-bc793f234a2d None None] Hash Ring: Node 4507de03ac485833a9c897ad57d3366e (host: np0000166662) handling event "create" for row b95cc6c0-e063-4c21-8982-557be1efc7c7 (table: ACL) {{(pid=104559) notify /opt/stack/neutron/neutron/plugins/ml2/drivers/ovn/mech_driver/ovsdb/ovsdb_monitor.py:914}}
Apr 16 11:40:55.829193 np0000166662 devstack@neutron-api.service[104558]: INFO neutron.db.ovn_revision_numbers_db [None req-70de2e69-21e0-489e-a272-338f298409b2 admin admin] Successfully bumped revision number for resource 2a3d9de0-34cb-464c-bcd0-99b033051f54 (type: security_groups) to 1
Apr 16 11:40:55.842281 np0000166662 devstack@neutron-api.service[104558]: INFO neutron.db.ovn_revision_numbers_db [None req-70de2e69-21e0-489e-a272-338f298409b2 admin admin] Successfully bumped revision number for resource 0dc543f3-3d98-4d87-bfdc-22c0fcbc133c (type: security_group_rules) to 0
Apr 16 11:40:55.854758 np0000166662 devstack@neutron-api.service[104558]: INFO neutron.db.ovn_revision_numbers_db [None req-70de2e69-21e0-489e-a272-338f298409b2 admin admin] Successfully bumped revision number for resource 31fe1662-b500-4f38-bbf1-ae026f361686 (type: security_group_rules) to 0
Apr 16 11:40:55.867493 np0000166662 devstack@neutron-api.service[104558]: INFO neutron.db.ovn_revision_numbers_db [None req-70de2e69-21e0-489e-a272-338f298409b2 admin admin] Successfully bumped revision number for resource 35f2431c-0507-48bc-8327-84aff5db66c4 (type: security_group_rules) to 0
Apr 16 11:40:55.879842 np0000166662 devstack@neutron-api.service[104558]: INFO neutron.db.ovn_revision_numbers_db [None req-70de2e69-21e0-489e-a272-338f298409b2 admin admin] Successfully bumped revision number for resource 932758af-7c4c-4653-b5e1-564b69ef1d60 (type: security_group_rules) to 0
Apr 16 11:40:55.904214 np0000166662 devstack@neutron-api.service[104558]: DEBUG neutron.api.rpc.handlers.resources_rpc [None req-70de2e69-21e0-489e-a272-338f298409b2 admin admin] Pushing event updated for resources: {'SecurityGroup': ['ID=2a3d9de0-34cb-464c-bcd0-99b033051f54,revision_number=1']} {{(pid=104558) push /opt/stack/neutron/neutron/api/rpc/handlers/resources_rpc.py:237}}
Apr 16 11:40:55.909041 np0000166662 devstack@neutron-api.service[104558]: DEBUG ovsdbapp.backend.ovs_idl.transaction [None req-257cf8ec-1162-4329-9870-74f17f5e8f55 None None] Running txn n=1 command(idx=0): CheckLivenessCommand(_result=None) {{(pid=104558) do_commit /opt/stack/data/venv/lib/python3.12/site-packages/ovsdbapp/backend/ovs_idl/transaction.py:89}}
Apr 16 11:40:55.913526 np0000166662 devstack@neutron-api.service[104558]: DEBUG neutron.plugins.ml2.drivers.ovn.mech_driver.ovsdb.ovsdb_monitor [None req-257cf8ec-1162-4329-9870-74f17f5e8f55 None None] Touching Hash Ring node "258f50b65ba259278448a4b4b9795264" from IDL notify handler {{(pid=104558) notify /opt/stack/neutron/neutron/plugins/ml2/drivers/ovn/mech_driver/ovsdb/ovsdb_monitor.py:906}}
Apr 16 11:40:55.919172 np0000166662 devstack@neutron-api.service[104557]: DEBUG neutron.plugins.ml2.drivers.ovn.mech_driver.ovsdb.ovsdb_monitor [None req-53621210-afcb-4de7-9e6e-1c27d1d5aff4 None None] ChassisAgentWriteEvent : Matched Chassis_Private, update, None None {{(pid=104557) matches /opt/stack/neutron/neutron/plugins/ml2/drivers/ovn/mech_driver/ovsdb/ovsdb_monitor.py:64}}
Apr 16 11:40:55.920250 np0000166662 devstack@neutron-api.service[104558]: DEBUG neutron.plugins.ml2.drivers.ovn.mech_driver.ovsdb.ovsdb_monitor [None req-14fccdbf-ebda-4a22-a471-016bc3996134 None None] ChassisAgentWriteEvent : Matched Chassis_Private, update, None None {{(pid=104558) matches /opt/stack/neutron/neutron/plugins/ml2/drivers/ovn/mech_driver/ovsdb/ovsdb_monitor.py:64}}
Apr 16 11:40:55.920767 np0000166662 devstack@neutron-api.service[104559]: DEBUG neutron.plugins.ml2.drivers.ovn.mech_driver.ovsdb.ovsdb_monitor [None req-3684b493-ef7f-4614-87c1-9425d3a8140e None None] ChassisAgentWriteEvent : Matched Chassis_Private, update, None None {{(pid=104559) matches /opt/stack/neutron/neutron/plugins/ml2/drivers/ovn/mech_driver/ovsdb/ovsdb_monitor.py:64}}
Apr 16 11:40:55.921992 np0000166662 devstack@neutron-api.service[104556]: DEBUG neutron.plugins.ml2.drivers.ovn.mech_driver.ovsdb.ovsdb_monitor [None req-b3fb8ad4-b8bd-4cc0-b244-91d6ad1717a2 None None] ChassisAgentWriteEvent : Matched Chassis_Private, update, None None {{(pid=104556) matches /opt/stack/neutron/neutron/plugins/ml2/drivers/ovn/mech_driver/ovsdb/ovsdb_monitor.py:64}}
Apr 16 11:40:55.928536 np0000166662 devstack@neutron-api.service[104558]: DEBUG neutron.plugins.ml2.drivers.ovn.mech_driver.ovsdb.ovsdb_monitor [None req-257cf8ec-1162-4329-9870-74f17f5e8f55 None None] Hash Ring: Node 258f50b65ba259278448a4b4b9795264 (host: np0000166662) handling event "update" for row 3ff1c779-7c14-4c0b-b958-4b080a264c7f (table: NB_Global) {{(pid=104558) notify /opt/stack/neutron/neutron/plugins/ml2/drivers/ovn/mech_driver/ovsdb/ovsdb_monitor.py:914}}
Apr 16 11:40:55.928972 np0000166662 devstack@neutron-api.service[104559]: DEBUG neutron.common.ovn.hash_ring_manager [None req-3684b493-ef7f-4614-87c1-9425d3a8140e None None] Hash Ring loaded. 4 active nodes. 0 offline nodes {{(pid=104559) _load_hash_ring /opt/stack/neutron/neutron/common/ovn/hash_ring_manager.py:102}}
Apr 16 11:40:55.929456 np0000166662 devstack@neutron-api.service[104556]: DEBUG neutron.common.ovn.hash_ring_manager [None req-b3fb8ad4-b8bd-4cc0-b244-91d6ad1717a2 None None] Hash Ring loaded. 4 active nodes. 0 offline nodes {{(pid=104556) _load_hash_ring /opt/stack/neutron/neutron/common/ovn/hash_ring_manager.py:102}}
Apr 16 11:40:55.929594 np0000166662 devstack@neutron-api.service[104556]: DEBUG neutron.plugins.ml2.drivers.ovn.mech_driver.ovsdb.ovsdb_monitor [None req-b3fb8ad4-b8bd-4cc0-b244-91d6ad1717a2 None None] Hash Ring: Node 918c3b28394c5da9a67217441e00a368 (host: np0000166662) handling event "update" for row e1ce0b5b-7644-4075-9d1e-349fd7914e49 (table: Chassis_Private) {{(pid=104556) notify /opt/stack/neutron/neutron/plugins/ml2/drivers/ovn/mech_driver/ovsdb/ovsdb_monitor.py:914}}
Apr 16 11:40:55.929915 np0000166662 devstack@neutron-api.service[104557]: DEBUG neutron.common.ovn.hash_ring_manager [None req-53621210-afcb-4de7-9e6e-1c27d1d5aff4 None None] Hash Ring loaded. 4 active nodes. 0 offline nodes {{(pid=104557) _load_hash_ring /opt/stack/neutron/neutron/common/ovn/hash_ring_manager.py:102}}
Apr 16 11:40:55.933310 np0000166662 devstack@neutron-api.service[104558]: DEBUG neutron.plugins.ml2.drivers.ovn.mech_driver.ovsdb.ovsdb_monitor [None req-257cf8ec-1162-4329-9870-74f17f5e8f55 None None] Touching Hash Ring node "258f50b65ba259278448a4b4b9795264" from IDL notify handler {{(pid=104558) notify /opt/stack/neutron/neutron/plugins/ml2/drivers/ovn/mech_driver/ovsdb/ovsdb_monitor.py:906}}
Apr 16 11:40:55.935290 np0000166662 devstack@neutron-api.service[104558]: DEBUG neutron.common.ovn.hash_ring_manager [None req-14fccdbf-ebda-4a22-a471-016bc3996134 None None] Hash Ring loaded. 4 active nodes. 0 offline nodes {{(pid=104558) _load_hash_ring /opt/stack/neutron/neutron/common/ovn/hash_ring_manager.py:102}}
Apr 16 11:40:55.936555 np0000166662 devstack@neutron-api.service[104558]: DEBUG neutron.plugins.ml2.drivers.ovn.mech_driver.ovsdb.ovsdb_monitor [None req-257cf8ec-1162-4329-9870-74f17f5e8f55 None None] Hash Ring: Node 258f50b65ba259278448a4b4b9795264 (host: np0000166662) handling event "update" for row 3ff1c779-7c14-4c0b-b958-4b080a264c7f (table: NB_Global) {{(pid=104558) notify /opt/stack/neutron/neutron/plugins/ml2/drivers/ovn/mech_driver/ovsdb/ovsdb_monitor.py:914}}
Apr 16 11:40:55.938004 np0000166662 devstack@neutron-api.service[104558]: DEBUG neutron.plugins.ml2.drivers.ovn.mech_driver.ovsdb.ovsdb_monitor [None req-257cf8ec-1162-4329-9870-74f17f5e8f55 None None] Touching Hash Ring node "258f50b65ba259278448a4b4b9795264" from IDL notify handler {{(pid=104558) notify /opt/stack/neutron/neutron/plugins/ml2/drivers/ovn/mech_driver/ovsdb/ovsdb_monitor.py:906}}
Apr 16 11:40:55.940198 np0000166662 devstack@neutron-api.service[104558]: DEBUG neutron.plugins.ml2.drivers.ovn.mech_driver.ovsdb.ovsdb_monitor [None req-257cf8ec-1162-4329-9870-74f17f5e8f55 None None] Hash Ring: Node 258f50b65ba259278448a4b4b9795264 (host: np0000166662) handling event "update" for row 3ff1c779-7c14-4c0b-b958-4b080a264c7f (table: NB_Global) {{(pid=104558) notify /opt/stack/neutron/neutron/plugins/ml2/drivers/ovn/mech_driver/ovsdb/ovsdb_monitor.py:914}}
Apr 16 11:40:55.941212 np0000166662 devstack@neutron-api.service[104558]: DEBUG neutron.plugins.ml2.drivers.ovn.mech_driver.ovsdb.ovsdb_monitor [None req-257cf8ec-1162-4329-9870-74f17f5e8f55 None None] Touching Hash Ring node "258f50b65ba259278448a4b4b9795264" from IDL notify handler {{(pid=104558) notify /opt/stack/neutron/neutron/plugins/ml2/drivers/ovn/mech_driver/ovsdb/ovsdb_monitor.py:906}}
Apr 16 11:40:55.942990 np0000166662 devstack@neutron-api.service[104558]: DEBUG neutron.plugins.ml2.drivers.ovn.mech_driver.ovsdb.ovsdb_monitor [None req-257cf8ec-1162-4329-9870-74f17f5e8f55 None None] Hash Ring: Node 258f50b65ba259278448a4b4b9795264 (host: np0000166662) handling event "update" for row 3ff1c779-7c14-4c0b-b958-4b080a264c7f (table: NB_Global) {{(pid=104558) notify /opt/stack/neutron/neutron/plugins/ml2/drivers/ovn/mech_driver/ovsdb/ovsdb_monitor.py:914}}
Apr 16 11:40:55.945551 np0000166662 devstack@neutron-api.service[104558]: DEBUG neutron.api.rpc.callbacks.version_manager [None req-70de2e69-21e0-489e-a272-338f298409b2 admin admin] Tracked resource versions report:
Apr 16 11:40:55.945551 np0000166662 devstack@neutron-api.service[104558]: pushed versions:
Apr 16 11:40:55.945551 np0000166662 devstack@neutron-api.service[104558]: { 'AddressGroup': {'1.2'},
Apr 16 11:40:55.945551 np0000166662 devstack@neutron-api.service[104558]: 'Agent': {'1.1'},
Apr 16 11:40:55.945551 np0000166662 devstack@neutron-api.service[104558]: 'ConntrackHelper': {'1.0'},
Apr 16 11:40:55.945551 np0000166662 devstack@neutron-api.service[104558]: 'LocalIPAssociation': {'1.0'},
Apr 16 11:40:55.945551 np0000166662 devstack@neutron-api.service[104558]: 'Log': {'1.0'},
Apr 16 11:40:55.945551 np0000166662 devstack@neutron-api.service[104558]: 'NDPProxy': {'1.0'},
Apr 16 11:40:55.945551 np0000166662 devstack@neutron-api.service[104558]: 'Network': {'1.2'},
Apr 16 11:40:55.945551 np0000166662 devstack@neutron-api.service[104558]: 'Port': {'1.10'},
Apr 16 11:40:55.945551 np0000166662 devstack@neutron-api.service[104558]: 'PortForwarding': {'1.3'},
Apr 16 11:40:55.945551 np0000166662 devstack@neutron-api.service[104558]: 'QosPolicy': {'1.10'},
Apr 16 11:40:55.945551 np0000166662 devstack@neutron-api.service[104558]: 'SecurityGroup': {'1.6'},
Apr 16 11:40:55.945551 np0000166662 devstack@neutron-api.service[104558]: 'SecurityGroupRule': {'1.3'},
Apr 16 11:40:55.945551 np0000166662 devstack@neutron-api.service[104558]: 'SubPort': {'1.0'},
Apr 16 11:40:55.945551 np0000166662 devstack@neutron-api.service[104558]: 'Subnet': {'1.2'},
Apr 16 11:40:55.945551 np0000166662 devstack@neutron-api.service[104558]: 'Trunk': {'1.1'}}
Apr 16 11:40:55.945551 np0000166662 devstack@neutron-api.service[104558]: consumer versions:
Apr 16 11:40:55.945551 np0000166662 devstack@neutron-api.service[104558]: {OVN Controller Gateway agent@np0000166662: {}}
Apr 16 11:40:55.945551 np0000166662 devstack@neutron-api.service[104558]: {{(pid=104558) report /opt/stack/neutron/neutron/api/rpc/callbacks/version_manager.py:183}}
Apr 16 11:40:55.987492 np0000166662 devstack@neutron-api.service[104558]: DEBUG neutron.plugins.ml2.drivers.helpers [None req-70de2e69-21e0-489e-a272-338f298409b2 admin admin] geneve segment allocate from pool success with {'geneve_vni': 38106} {{(pid=104558) allocate_partially_specified_segment /opt/stack/neutron/neutron/plugins/ml2/drivers/helpers.py:142}}
Apr 16 11:40:55.995351 np0000166662 devstack@neutron-api.service[104558]: DEBUG neutron_lib.callbacks.manager [None req-70de2e69-21e0-489e-a272-338f298409b2 admin admin] Publish callbacks ['neutron.services.segments.db._add_segment_host_mapping_for_segment-8097584031264', 'neutron.plugins.ml2.plugin.Ml2Plugin._handle_segment_change-475920'] for segment (1786888e-76af-44fc-a697-bcf05466c307), precommit_create {{(pid=104558) _notify_loop /opt/stack/data/venv/lib/python3.12/site-packages/neutron_lib/callbacks/manager.py:184}}
Apr 16 11:40:55.995687 np0000166662 devstack@neutron-api.service[104558]: INFO neutron.db.segments_db [None req-70de2e69-21e0-489e-a272-338f298409b2 admin admin] Added segment 1786888e-76af-44fc-a697-bcf05466c307 of type geneve for network d3365f5b-689f-42c3-974f-3d9865f6bb1a
Apr 16 11:40:56.008339 np0000166662 devstack@neutron-api.service[104558]: DEBUG neutron_lib.callbacks.manager [None req-70de2e69-21e0-489e-a272-338f298409b2 admin admin] Publish callbacks ['neutron.services.auto_allocate.db._ensure_external_network_default_value_callback-8097582835756'] for network (d3365f5b-689f-42c3-974f-3d9865f6bb1a), precommit_create {{(pid=104558) _notify_loop /opt/stack/data/venv/lib/python3.12/site-packages/neutron_lib/callbacks/manager.py:184}}
Apr 16 11:40:56.019706 np0000166662 devstack@neutron-api.service[104558]: DEBUG neutron.plugins.ml2.drivers.ovn.mech_driver.mech_driver [None req-70de2e69-21e0-489e-a272-338f298409b2 admin admin] Validating network segment with type geneve, segmentation ID 38106, physical network None {{(pid=104558) _validate_network_segments /opt/stack/neutron/neutron/plugins/ml2/drivers/ovn/mech_driver/mech_driver.py:641}}
Apr 16 11:40:56.019826 np0000166662 devstack@neutron-api.service[104558]: DEBUG neutron.db.ovn_revision_numbers_db [None req-70de2e69-21e0-489e-a272-338f298409b2 admin admin] create_initial_revision uuid=d3365f5b-689f-42c3-974f-3d9865f6bb1a, type=networks, rev=-1 {{(pid=104558) create_initial_revision /opt/stack/neutron/neutron/db/ovn_revision_numbers_db.py:98}}
Apr 16 11:40:56.030208 np0000166662 devstack@neutron-api.service[104558]: DEBUG neutron_lib.callbacks.manager [None req-70de2e69-21e0-489e-a272-338f298409b2 admin admin] Publish callbacks ['neutron.plugins.ml2.ovo_rpc._ObjectChangeHandler.handle_event-1141261'] for network (d3365f5b-689f-42c3-974f-3d9865f6bb1a), after_create {{(pid=104558) _notify_loop /opt/stack/data/venv/lib/python3.12/site-packages/neutron_lib/callbacks/manager.py:184}}
Apr 16 11:40:56.046521 np0000166662 devstack@neutron-api.service[104558]: DEBUG neutron.api.rpc.handlers.resources_rpc [None req-70de2e69-21e0-489e-a272-338f298409b2 admin admin] Pushing event updated for resources: {'Network': ['ID=d3365f5b-689f-42c3-974f-3d9865f6bb1a,revision_number=1']} {{(pid=104558) push /opt/stack/neutron/neutron/api/rpc/handlers/resources_rpc.py:237}}
Apr 16 11:40:56.055977 np0000166662 devstack@neutron-api.service[104558]: DEBUG ovsdbapp.backend.ovs_idl.transaction [None req-257cf8ec-1162-4329-9870-74f17f5e8f55 None None] Running txn n=1 command(idx=0): AddNetworkCommand(_result=None, network_uuid=d3365f5b-689f-42c3-974f-3d9865f6bb1a, may_exist=True, columns={'external_ids': {'neutron:network_name': 'admin_net', 'neutron:mtu': '1372', 'neutron:revision_number': '1', 'neutron:availability_zone_hints': '', 'neutron:provnet-network-type': 'geneve'}, 'other_config': {'mcast_snoop': 'false', 'mcast_flood_unregistered': 'false', 'vlan-passthru': 'false'}}) {{(pid=104558) do_commit /opt/stack/data/venv/lib/python3.12/site-packages/ovsdbapp/backend/ovs_idl/transaction.py:89}}
Apr 16 11:40:56.065209 np0000166662 devstack@neutron-api.service[104556]: DEBUG neutron.plugins.ml2.drivers.ovn.mech_driver.ovsdb.ovsdb_monitor [None req-ea55b952-1290-4e99-8c89-809ee326c233 None None] Touching Hash Ring node "918c3b28394c5da9a67217441e00a368" from IDL notify handler {{(pid=104556) notify /opt/stack/neutron/neutron/plugins/ml2/drivers/ovn/mech_driver/ovsdb/ovsdb_monitor.py:906}}
Apr 16 11:40:56.068038 np0000166662 devstack@neutron-api.service[104558]: DEBUG neutron.plugins.ml2.drivers.ovn.mech_driver.ovsdb.ovsdb_monitor [None req-14fccdbf-ebda-4a22-a471-016bc3996134 None None] Hash Ring: Node 258f50b65ba259278448a4b4b9795264 (host: np0000166662) handling event "create" for row 1d647f25-e197-4a25-99ec-8f957260c905 (table: Datapath_Binding) {{(pid=104558) notify /opt/stack/neutron/neutron/plugins/ml2/drivers/ovn/mech_driver/ovsdb/ovsdb_monitor.py:914}}
Apr 16 11:40:56.074892 np0000166662 devstack@neutron-api.service[104556]: DEBUG neutron.plugins.ml2.drivers.ovn.mech_driver.ovsdb.ovsdb_monitor [None req-ea55b952-1290-4e99-8c89-809ee326c233 None None] Hash Ring: Node 918c3b28394c5da9a67217441e00a368 (host: np0000166662) handling event "create" for row d3365f5b-689f-42c3-974f-3d9865f6bb1a (table: Logical_Switch) {{(pid=104556) notify /opt/stack/neutron/neutron/plugins/ml2/drivers/ovn/mech_driver/ovsdb/ovsdb_monitor.py:914}}
Apr 16 11:40:56.082078 np0000166662 devstack@neutron-api.service[104558]: INFO neutron.db.ovn_revision_numbers_db [None req-70de2e69-21e0-489e-a272-338f298409b2 admin admin] Successfully bumped revision number for resource d3365f5b-689f-42c3-974f-3d9865f6bb1a (type: networks) to 1
