Apr 16 11:35:14.919373 np0000166662 devstack@neutron-api.service[104556]: DEBUG neutron.api.extensions [None req-aa1a49e6-8f84-45ed-b95a-50631fba2472 None None] Extended resource: tags {{(pid=104556) __init__ /opt/stack/neutron/neutron/api/extensions.py:156}}
Apr 16 11:35:14.919961 np0000166662 devstack@neutron-api.service[104557]: DEBUG oslo_concurrency.lockutils [None req-251265ef-0ad0-4a87-a643-aab9058ef368 None None] Acquiring lock "singleton_lock" {{(pid=104557) lock /opt/stack/data/venv/lib/python3.12/site-packages/oslo_concurrency/lockutils.py:390}}
Apr 16 11:35:14.920095 np0000166662 devstack@neutron-api.service[104557]: DEBUG oslo_concurrency.lockutils [None req-251265ef-0ad0-4a87-a643-aab9058ef368 None None] Acquired lock "singleton_lock" {{(pid=104557) lock /opt/stack/data/venv/lib/python3.12/site-packages/oslo_concurrency/lockutils.py:393}}
Apr 16 11:35:14.920346 np0000166662 devstack@neutron-api.service[104557]: DEBUG oslo_concurrency.lockutils [None req-251265ef-0ad0-4a87-a643-aab9058ef368 None None] Releasing lock "singleton_lock" {{(pid=104557) lock /opt/stack/data/venv/lib/python3.12/site-packages/oslo_concurrency/lockutils.py:413}}
Apr 16 11:35:14.922389 np0000166662 devstack@neutron-api.service[104557]: DEBUG neutron.plugins.ml2.drivers.ovn.mech_driver.mech_driver [None req-251265ef-0ad0-4a87-a643-aab9058ef368 None None] Hash Ring setup using WSGI start time 2026-04-16 11:35:07+00:00 {{(pid=104557) _init_hash_ring /opt/stack/neutron/neutron/plugins/ml2/drivers/ovn/mech_driver/mech_driver.py:402}}
Apr 16 11:35:14.922800 np0000166662 devstack@neutron-api.service[104556]: WARNING keystonemiddleware.auth_token [None req-aa1a49e6-8f84-45ed-b95a-50631fba2472 None None] AuthToken middleware is set with keystone_authtoken.service_token_roles_required set to False. This is backwards compatible but deprecated behaviour. Please set this to True.
Apr 16 11:35:14.923807 np0000166662 devstack@neutron-api.service[104558]: DEBUG neutron.api.v2.resource_helper [None req-14ce3ef8-6e91-4266-8beb-f8181bc2ac10 None None] Service L3_ROUTER_NAT assigned prefix: {{(pid=104558) build_resource_info /opt/stack/neutron/neutron/api/v2/resource_helper.py:77}}
Apr 16 11:35:14.924820 np0000166662 devstack@neutron-api.service[104558]: DEBUG neutron.api.v2.resource_helper [None req-14ce3ef8-6e91-4266-8beb-f8181bc2ac10 None None] Service FLAVORS assigned prefix: {{(pid=104558) build_resource_info /opt/stack/neutron/neutron/api/v2/resource_helper.py:77}}
Apr 16 11:35:14.925207 np0000166662 devstack@neutron-api.service[104558]: DEBUG neutron.api.v2.resource_helper [None req-14ce3ef8-6e91-4266-8beb-f8181bc2ac10 None None] Service L3_ROUTER_NAT assigned prefix: {{(pid=104558) build_resource_info /opt/stack/neutron/neutron/api/v2/resource_helper.py:77}}
Apr 16 11:35:14.925686 np0000166662 devstack@neutron-api.service[104558]: DEBUG neutron.api.v2.resource_helper [None req-14ce3ef8-6e91-4266-8beb-f8181bc2ac10 None None] Service L3_ROUTER_NAT assigned prefix: {{(pid=104558) build_resource_info /opt/stack/neutron/neutron/api/v2/resource_helper.py:77}}
Apr 16 11:35:14.925832 np0000166662 devstack@neutron-api.service[104558]: INFO neutron.quota.resource_registry [None req-14ce3ef8-6e91-4266-8beb-f8181bc2ac10 None None] Creating instance of TrackedResource for resource:router
Apr 16 11:35:14.925968 np0000166662 devstack@neutron-api.service[104558]: WARNING neutron.quota.resource_registry [None req-14ce3ef8-6e91-4266-8beb-f8181bc2ac10 None None] router is already registered
Apr 16 11:35:14.926505 np0000166662 devstack@neutron-api.service[104558]: INFO neutron.quota.resource_registry [None req-14ce3ef8-6e91-4266-8beb-f8181bc2ac10 None None] Creating instance of TrackedResource for resource:floatingip
Apr 16 11:35:14.926847 np0000166662 devstack@neutron-api.service[104558]: WARNING neutron.quota.resource_registry [None req-14ce3ef8-6e91-4266-8beb-f8181bc2ac10 None None] floatingip is already registered
Apr 16 11:35:14.928063 np0000166662 devstack@neutron-api.service[104558]: INFO neutron.quota.resource_registry [None req-14ce3ef8-6e91-4266-8beb-f8181bc2ac10 None None] Creating instance of CountableResource for resource:rbac_policy
Apr 16 11:35:14.928169 np0000166662 devstack@neutron-api.service[104558]: WARNING neutron.quota.resource_registry [None req-14ce3ef8-6e91-4266-8beb-f8181bc2ac10 None None] rbac_policy is already registered
Apr 16 11:35:14.928725 np0000166662 devstack@neutron-api.service[104557]: INFO neutron.db.ovn_hash_ring_db [None req-251265ef-0ad0-4a87-a643-aab9058ef368 None None] Nodes from host "np0000166662" and group "mechanism_driver" removed from the Hash Ring created at 2026-04-16 11:35:07+00:00
Apr 16 11:35:14.928805 np0000166662 devstack@neutron-api.service[104558]: INFO neutron.quota.resource_registry [None req-14ce3ef8-6e91-4266-8beb-f8181bc2ac10 None None] Creating instance of TrackedResource for resource:security_group
Apr 16 11:35:14.928852 np0000166662 devstack@neutron-api.service[104558]: WARNING neutron.quota.resource_registry [None req-14ce3ef8-6e91-4266-8beb-f8181bc2ac10 None None] security_group is already registered
Apr 16 11:35:14.929262 np0000166662 devstack@neutron-api.service[104558]: INFO neutron.quota.resource_registry [None req-14ce3ef8-6e91-4266-8beb-f8181bc2ac10 None None] Creating instance of TrackedResource for resource:security_group_rule
Apr 16 11:35:14.929431 np0000166662 devstack@neutron-api.service[104558]: WARNING neutron.quota.resource_registry [None req-14ce3ef8-6e91-4266-8beb-f8181bc2ac10 None None] security_group_rule is already registered
Apr 16 11:35:14.930040 np0000166662 devstack@neutron-api.service[104558]: DEBUG neutron.api.v2.resource_helper [None req-14ce3ef8-6e91-4266-8beb-f8181bc2ac10 None None] Service CORE assigned prefix: {{(pid=104558) build_resource_info /opt/stack/neutron/neutron/api/v2/resource_helper.py:77}}
Apr 16 11:35:14.930185 np0000166662 devstack@neutron-api.service[104558]: INFO neutron.quota.resource_registry [None req-14ce3ef8-6e91-4266-8beb-f8181bc2ac10 None None] Creating instance of TrackedResource for resource:subnetpool
Apr 16 11:35:14.930320 np0000166662 devstack@neutron-api.service[104558]: WARNING neutron.quota.resource_registry [None req-14ce3ef8-6e91-4266-8beb-f8181bc2ac10 None None] subnetpool is already registered
Apr 16 11:35:14.930365 np0000166662 devstack@neutron-api.service[104556]: DEBUG neutron_lib.callbacks.manager [None req-aa1a49e6-8f84-45ed-b95a-50631fba2472 None None] Publish callbacks ['neutron.plugins.ml2.drivers.ovn.mech_driver.mech_driver.OVNMechanismDriver.pre_fork_initialize-215631'] for process (None), before_spawn {{(pid=104556) _notify_loop /opt/stack/data/venv/lib/python3.12/site-packages/neutron_lib/callbacks/manager.py:184}}
Apr 16 11:35:14.930828 np0000166662 devstack@neutron-api.service[104556]: DEBUG oslo_concurrency.processutils [None req-aa1a49e6-8f84-45ed-b95a-50631fba2472 None None] Running cmd (subprocess): ovsdb-client transact ssl:199.19.213.67:6641 --timeout 180 -p /opt/stack/data/CA/int-ca/private/devstack-cert.key -c /opt/stack/data/CA/int-ca/devstack-cert.crt -C /opt/stack/data/CA/int-ca/ca-chain.pem ["OVN_Northbound", {"op": "wait", "timeout": 0, "table": "Port_Group", "where": [["name", "==", "neutron_pg_drop"]], "until": "==", "rows": []}, {"op": "insert", "table": "ACL", "row": {"action": "drop", "direction": "to-lport", "match": "outport == @neutron_pg_drop && ip", "priority": 1001}, "uuid-name": "droptoport"}, {"op": "insert", "table": "ACL", "row": {"action": "drop", "direction": "from-lport", "match": "inport == @neutron_pg_drop && ip", "priority": 1001}, "uuid-name": "dropfromport"}, {"op": "insert", "table": "Port_Group", "row": {"name": "neutron_pg_drop", "acls": ["set", [["named-uuid", "droptoport"], ["named-uuid", "dropfromport"]]]}}] {{(pid=104556) execute /opt/stack/data/venv/lib/python3.12/site-packages/oslo_concurrency/processutils.py:440}}
Apr 16 11:35:14.930923 np0000166662 devstack@neutron-api.service[104558]: DEBUG neutron.api.extensions [None req-14ce3ef8-6e91-4266-8beb-f8181bc2ac10 None None] Extended resource: extensions {{(pid=104558) __init__ /opt/stack/neutron/neutron/api/extensions.py:156}}
Apr 16 11:35:14.931678 np0000166662 devstack@neutron-api.service[104558]: DEBUG neutron.api.extensions [None req-14ce3ef8-6e91-4266-8beb-f8181bc2ac10 None None] Extended resource: address-groups {{(pid=104558) __init__ /opt/stack/neutron/neutron/api/extensions.py:156}}
Apr 16 11:35:14.931844 np0000166662 devstack@neutron-api.service[104557]: INFO neutron.db.ovn_hash_ring_db [None req-251265ef-0ad0-4a87-a643-aab9058ef368 None None] Node e015333e6f105c41bce22e1a85c00716 from host "np0000166662" and group "mechanism_driver" added to the Hash Ring
Apr 16 11:35:14.932396 np0000166662 devstack@neutron-api.service[104558]: DEBUG neutron.api.extensions [None req-14ce3ef8-6e91-4266-8beb-f8181bc2ac10 None None] Extended resource: address-scopes {{(pid=104558) __init__ /opt/stack/neutron/neutron/api/extensions.py:156}}
Apr 16 11:35:14.932969 np0000166662 devstack@neutron-api.service[104558]: DEBUG neutron.api.extensions [None req-14ce3ef8-6e91-4266-8beb-f8181bc2ac10 None None] Extended resource: agents {{(pid=104558) __init__ /opt/stack/neutron/neutron/api/extensions.py:156}}
Apr 16 11:35:14.933515 np0000166662 devstack@neutron-api.service[104558]: DEBUG neutron.api.extensions [None req-14ce3ef8-6e91-4266-8beb-f8181bc2ac10 None None] Extended resource: auto-allocated-topology {{(pid=104558) __init__ /opt/stack/neutron/neutron/api/extensions.py:156}}
Apr 16 11:35:14.934051 np0000166662 devstack@neutron-api.service[104558]: DEBUG neutron.api.extensions [None req-14ce3ef8-6e91-4266-8beb-f8181bc2ac10 None None] Extended resource: availability_zones {{(pid=104558) __init__ /opt/stack/neutron/neutron/api/extensions.py:156}}
Apr 16 11:35:14.934515 np0000166662 devstack@neutron-api.service[104557]: DEBUG neutron.plugins.ml2.drivers.ovn.mech_driver.mech_driver [None req-251265ef-0ad0-4a87-a643-aab9058ef368 None None] Hash Ring setup, this worker has detected 2 OVN hash ring registers in the database {{(pid=104557) _init_hash_ring /opt/stack/neutron/neutron/plugins/ml2/drivers/ovn/mech_driver/mech_driver.py:412}}
Apr 16 11:35:14.934591 np0000166662 devstack@neutron-api.service[104558]: DEBUG neutron.api.extensions [None req-14ce3ef8-6e91-4266-8beb-f8181bc2ac10 None None] Extended resource: dhcp-networks {{(pid=104558) __init__ /opt/stack/neutron/neutron/api/extensions.py:156}}
Apr 16 11:35:14.935316 np0000166662 devstack@neutron-api.service[104558]: DEBUG neutron.api.extensions [None req-14ce3ef8-6e91-4266-8beb-f8181bc2ac10 None None] Extended resource: dhcp-agents {{(pid=104558) __init__ /opt/stack/neutron/neutron/api/extensions.py:156}}
Apr 16 11:35:14.935960 np0000166662 devstack@neutron-api.service[104558]: DEBUG neutron.api.extensions [None req-14ce3ef8-6e91-4266-8beb-f8181bc2ac10 None None] Extended resource: routers {{(pid=104558) __init__ /opt/stack/neutron/neutron/api/extensions.py:156}}
Apr 16 11:35:14.936960 np0000166662 devstack@neutron-api.service[104558]: DEBUG neutron.api.extensions [None req-14ce3ef8-6e91-4266-8beb-f8181bc2ac10 None None] Extended resource: flavors {{(pid=104558) __init__ /opt/stack/neutron/neutron/api/extensions.py:156}}
Apr 16 11:35:14.937521 np0000166662 devstack@neutron-api.service[104558]: DEBUG neutron.api.extensions [None req-14ce3ef8-6e91-4266-8beb-f8181bc2ac10 None None] Extended resource: service_profiles {{(pid=104558) __init__ /opt/stack/neutron/neutron/api/extensions.py:156}}
Apr 16 11:35:14.938028 np0000166662 devstack@neutron-api.service[104558]: DEBUG neutron.api.extensions [None req-14ce3ef8-6e91-4266-8beb-f8181bc2ac10 None None] Extended resource: next_providers {{(pid=104558) __init__ /opt/stack/neutron/neutron/api/extensions.py:156}}
Apr 16 11:35:14.938670 np0000166662 devstack@neutron-api.service[104558]: DEBUG neutron.api.extensions [None req-14ce3ef8-6e91-4266-8beb-f8181bc2ac10 None None] Extended resource: service_profiles {{(pid=104558) __init__ /opt/stack/neutron/neutron/api/extensions.py:156}}
Apr 16 11:35:14.939668 np0000166662 devstack@neutron-api.service[104558]: DEBUG neutron.api.extensions [None req-14ce3ef8-6e91-4266-8beb-f8181bc2ac10 None None] Extended resource: floatingip-pools {{(pid=104558) __init__ /opt/stack/neutron/neutron/api/extensions.py:156}}
Apr 16 11:35:14.942961 np0000166662 devstack@neutron-api.service[104557]: DEBUG neutron.plugins.ml2.drivers.ovn.mech_driver.ovsdb.maintenance [None req-251265ef-0ad0-4a87-a643-aab9058ef368 None None] Periodic task found: HashRingHealthCheckPeriodics.touch_hash_ring_node {{(pid=104557) add_periodics /opt/stack/neutron/neutron/plugins/ml2/drivers/ovn/mech_driver/ovsdb/maintenance.py:148}}
Apr 16 11:35:14.943994 np0000166662 devstack@neutron-api.service[104558]: DEBUG neutron.api.extensions [None req-14ce3ef8-6e91-4266-8beb-f8181bc2ac10 None None] Extended resource: routers {{(pid=104558) __init__ /opt/stack/neutron/neutron/api/extensions.py:156}}
Apr 16 11:35:14.943994 np0000166662 devstack@neutron-api.service[104558]: DEBUG neutron.api.extensions [None req-14ce3ef8-6e91-4266-8beb-f8181bc2ac10 None None] Extended resource: floatingips {{(pid=104558) __init__ /opt/stack/neutron/neutron/api/extensions.py:156}}
Apr 16 11:35:14.944077 np0000166662 devstack@neutron-api.service[104557]: INFO neutron.plugins.ml2.drivers.ovn.mech_driver.mech_driver [None req-251265ef-0ad0-4a87-a643-aab9058ef368 None None] Hash Ring probing thread for node e015333e6f105c41bce22e1a85c00716 has started
Apr 16 11:35:14.944117 np0000166662 devstack@neutron-api.service[104558]: DEBUG neutron.api.extensions [None req-14ce3ef8-6e91-4266-8beb-f8181bc2ac10 None None] Extended resource: network-ip-availabilities {{(pid=104558) __init__ /opt/stack/neutron/neutron/api/extensions.py:156}}
Apr 16 11:35:14.944161 np0000166662 devstack@neutron-api.service[104557]: INFO neutron.plugins.ml2.drivers.ovn.mech_driver.ovsdb.impl_idl_ovn [None req-251265ef-0ad0-4a87-a643-aab9058ef368 None None] Getting OvsdbNbOvnIdl for WorkerService with retry
Apr 16 11:35:14.944255 np0000166662 devstack@neutron-api.service[104558]: DEBUG neutron.api.extensions [None req-14ce3ef8-6e91-4266-8beb-f8181bc2ac10 None None] Extended resource: network-ip-availabilities {{(pid=104558) __init__ /opt/stack/neutron/neutron/api/extensions.py:156}}
Apr 16 11:35:14.944255 np0000166662 devstack@neutron-api.service[104558]: DEBUG neutron.api.extensions [None req-14ce3ef8-6e91-4266-8beb-f8181bc2ac10 None None] Extended resource: bindings {{(pid=104558) __init__ /opt/stack/neutron/neutron/api/extensions.py:156}}
Apr 16 11:35:14.944255 np0000166662 devstack@neutron-api.service[104558]: DEBUG neutron.api.extensions [None req-14ce3ef8-6e91-4266-8beb-f8181bc2ac10 None None] Extended resource: quotas {{(pid=104558) __init__ /opt/stack/neutron/neutron/api/extensions.py:156}}
Apr 16 11:35:14.944392 np0000166662 devstack@neutron-api.service[104558]: DEBUG neutron.api.extensions [None req-14ce3ef8-6e91-4266-8beb-f8181bc2ac10 None None] Extended resource: quotas {{(pid=104558) __init__ /opt/stack/neutron/neutron/api/extensions.py:156}}
Apr 16 11:35:14.945376 np0000166662 devstack@neutron-api.service[104558]: DEBUG neutron.api.extensions [None req-14ce3ef8-6e91-4266-8beb-f8181bc2ac10 None None] Extended resource: rbac-policies {{(pid=104558) __init__ /opt/stack/neutron/neutron/api/extensions.py:156}}
Apr 16 11:35:14.945631 np0000166662 devstack@neutron-api.service[104558]: DEBUG neutron.api.extensions [None req-14ce3ef8-6e91-4266-8beb-f8181bc2ac10 None None] Extended resource: default-security-group-rules {{(pid=104558) __init__ /opt/stack/neutron/neutron/api/extensions.py:156}}
Apr 16 11:35:14.946210 np0000166662 devstack@neutron-api.service[104558]: DEBUG neutron.api.extensions [None req-14ce3ef8-6e91-4266-8beb-f8181bc2ac10 None None] Extended resource: security-groups {{(pid=104558) __init__ /opt/stack/neutron/neutron/api/extensions.py:156}}
Apr 16 11:35:14.946719 np0000166662 devstack@neutron-api.service[104558]: DEBUG neutron.api.extensions [None req-14ce3ef8-6e91-4266-8beb-f8181bc2ac10 None None] Extended resource: security-group-rules {{(pid=104558) __init__ /opt/stack/neutron/neutron/api/extensions.py:156}}
Apr 16 11:35:14.947312 np0000166662 devstack@neutron-api.service[104558]: DEBUG neutron.api.extensions [None req-14ce3ef8-6e91-4266-8beb-f8181bc2ac10 None None] Extended resource: service-providers {{(pid=104558) __init__ /opt/stack/neutron/neutron/api/extensions.py:156}}
Apr 16 11:35:14.947881 np0000166662 devstack@neutron-api.service[104558]: DEBUG neutron.api.extensions [None req-14ce3ef8-6e91-4266-8beb-f8181bc2ac10 None None] Extended resource: subnetpools {{(pid=104558) __init__ /opt/stack/neutron/neutron/api/extensions.py:156}}
Apr 16 11:35:14.948570 np0000166662 devstack@neutron-api.service[104558]: DEBUG neutron.api.extensions [None req-14ce3ef8-6e91-4266-8beb-f8181bc2ac10 None None] Extended resource: tags {{(pid=104558) __init__ /opt/stack/neutron/neutron/api/extensions.py:156}}
Apr 16 11:35:14.951729 np0000166662 devstack@neutron-api.service[104558]: DEBUG neutron.api.extensions [None req-14ce3ef8-6e91-4266-8beb-f8181bc2ac10 None None] Extended resource: tags {{(pid=104558) __init__ /opt/stack/neutron/neutron/api/extensions.py:156}}
Apr 16 11:35:14.951729 np0000166662 devstack@neutron-api.service[104558]: DEBUG neutron.api.extensions [None req-14ce3ef8-6e91-4266-8beb-f8181bc2ac10 None None] Extended resource: tags {{(pid=104558) __init__ /opt/stack/neutron/neutron/api/extensions.py:156}}
Apr 16 11:35:14.951729 np0000166662 devstack@neutron-api.service[104558]: DEBUG neutron.api.extensions [None req-14ce3ef8-6e91-4266-8beb-f8181bc2ac10 None None] Extended resource: tags {{(pid=104558) __init__ /opt/stack/neutron/neutron/api/extensions.py:156}}
Apr 16 11:35:14.953057 np0000166662 devstack@neutron-api.service[104558]: DEBUG neutron.api.extensions [None req-14ce3ef8-6e91-4266-8beb-f8181bc2ac10 None None] Extended resource: tags {{(pid=104558) __init__ /opt/stack/neutron/neutron/api/extensions.py:156}}
Apr 16 11:35:14.953840 np0000166662 devstack@neutron-api.service[104558]: DEBUG neutron.api.extensions [None req-14ce3ef8-6e91-4266-8beb-f8181bc2ac10 None None] Extended resource: tags {{(pid=104558) __init__ /opt/stack/neutron/neutron/api/extensions.py:156}}
Apr 16 11:35:14.957291 np0000166662 devstack@neutron-api.service[104558]: DEBUG neutron.api.extensions [None req-14ce3ef8-6e91-4266-8beb-f8181bc2ac10 None None] Extended resource: tags {{(pid=104558) __init__ /opt/stack/neutron/neutron/api/extensions.py:156}}
Apr 16 11:35:14.957291 np0000166662 devstack@neutron-api.service[104558]: DEBUG neutron.api.extensions [None req-14ce3ef8-6e91-4266-8beb-f8181bc2ac10 None None] Extended resource: tags {{(pid=104558) __init__ /opt/stack/neutron/neutron/api/extensions.py:156}}
Apr 16 11:35:14.957291 np0000166662 devstack@neutron-api.service[104558]: DEBUG neutron.api.extensions [None req-14ce3ef8-6e91-4266-8beb-f8181bc2ac10 None None] Extended resource: tags {{(pid=104558) __init__ /opt/stack/neutron/neutron/api/extensions.py:156}}
Apr 16 11:35:14.957508 np0000166662 devstack@neutron-api.service[104558]: DEBUG neutron.api.extensions [None req-14ce3ef8-6e91-4266-8beb-f8181bc2ac10 None None] Extended resource: tags {{(pid=104558) __init__ /opt/stack/neutron/neutron/api/extensions.py:156}}
Apr 16 11:35:14.960901 np0000166662 devstack@neutron-api.service[104558]: WARNING keystonemiddleware.auth_token [None req-14ce3ef8-6e91-4266-8beb-f8181bc2ac10 None None] AuthToken middleware is set with keystone_authtoken.service_token_roles_required set to False. This is backwards compatible but deprecated behaviour. Please set this to True.
Apr 16 11:35:14.968294 np0000166662 devstack@neutron-api.service[104558]: DEBUG neutron_lib.callbacks.manager [None req-14ce3ef8-6e91-4266-8beb-f8181bc2ac10 None None] Publish callbacks ['neutron.plugins.ml2.drivers.ovn.mech_driver.mech_driver.OVNMechanismDriver.pre_fork_initialize-239447'] for process (None), before_spawn {{(pid=104558) _notify_loop /opt/stack/data/venv/lib/python3.12/site-packages/neutron_lib/callbacks/manager.py:184}}
Apr 16 11:35:14.968669 np0000166662 devstack@neutron-api.service[104558]: DEBUG oslo_concurrency.processutils [None req-14ce3ef8-6e91-4266-8beb-f8181bc2ac10 None None] Running cmd (subprocess): ovsdb-client transact ssl:199.19.213.67:6641 --timeout 180 -p /opt/stack/data/CA/int-ca/private/devstack-cert.key -c /opt/stack/data/CA/int-ca/devstack-cert.crt -C /opt/stack/data/CA/int-ca/ca-chain.pem ["OVN_Northbound", {"op": "wait", "timeout": 0, "table": "Port_Group", "where": [["name", "==", "neutron_pg_drop"]], "until": "==", "rows": []}, {"op": "insert", "table": "ACL", "row": {"action": "drop", "direction": "to-lport", "match": "outport == @neutron_pg_drop && ip", "priority": 1001}, "uuid-name": "droptoport"}, {"op": "insert", "table": "ACL", "row": {"action": "drop", "direction": "from-lport", "match": "inport == @neutron_pg_drop && ip", "priority": 1001}, "uuid-name": "dropfromport"}, {"op": "insert", "table": "Port_Group", "row": {"name": "neutron_pg_drop", "acls": ["set", [["named-uuid", "droptoport"], ["named-uuid", "dropfromport"]]]}}] {{(pid=104558) execute /opt/stack/data/venv/lib/python3.12/site-packages/oslo_concurrency/processutils.py:440}}
Apr 16 11:35:14.976534 np0000166662 devstack@neutron-api.service[104556]: DEBUG oslo_concurrency.processutils [None req-aa1a49e6-8f84-45ed-b95a-50631fba2472 None None] CMD "ovsdb-client transact ssl:199.19.213.67:6641 --timeout 180 -p /opt/stack/data/CA/int-ca/private/devstack-cert.key -c /opt/stack/data/CA/int-ca/devstack-cert.crt -C /opt/stack/data/CA/int-ca/ca-chain.pem ["OVN_Northbound", {"op": "wait", "timeout": 0, "table": "Port_Group", "where": [["name", "==", "neutron_pg_drop"]], "until": "==", "rows": []}, {"op": "insert", "table": "ACL", "row": {"action": "drop", "direction": "to-lport", "match": "outport == @neutron_pg_drop && ip", "priority": 1001}, "uuid-name": "droptoport"}, {"op": "insert", "table": "ACL", "row": {"action": "drop", "direction": "from-lport", "match": "inport == @neutron_pg_drop && ip", "priority": 1001}, "uuid-name": "dropfromport"}, {"op": "insert", "table": "Port_Group", "row": {"name": "neutron_pg_drop", "acls": ["set", [["named-uuid", "droptoport"], ["named-uuid", "dropfromport"]]]}}]" returned: 0 in 0.045s {{(pid=104556) execute /opt/stack/data/venv/lib/python3.12/site-packages/oslo_concurrency/processutils.py:468}}
Apr 16 11:35:14.977194 np0000166662 devstack@neutron-api.service[104556]: DEBUG neutron_lib.callbacks.manager [None req-aa1a49e6-8f84-45ed-b95a-50631fba2472 None None] Publish callbacks ['neutron.plugins.ml2.drivers.ovn.mech_driver.mech_driver.OVNMechanismDriver.post_fork_initialize-215735', 'neutron.services.ovn_l3.plugin.OVNL3RouterPlugin._post_fork_initialize-15895862'] for process (None), after_init {{(pid=104556) _notify_loop /opt/stack/data/venv/lib/python3.12/site-packages/neutron_lib/callbacks/manager.py:184}}
Apr 16 11:35:14.977934 np0000166662 devstack@neutron-api.service[104556]: DEBUG oslo_concurrency.lockutils [None req-aa1a49e6-8f84-45ed-b95a-50631fba2472 None None] Acquiring lock "singleton_lock" {{(pid=104556) lock /opt/stack/data/venv/lib/python3.12/site-packages/oslo_concurrency/lockutils.py:390}}
Apr 16 11:35:14.978376 np0000166662 devstack@neutron-api.service[104556]: DEBUG oslo_concurrency.lockutils [None req-aa1a49e6-8f84-45ed-b95a-50631fba2472 None None] Acquired lock "singleton_lock" {{(pid=104556) lock /opt/stack/data/venv/lib/python3.12/site-packages/oslo_concurrency/lockutils.py:393}}
Apr 16 11:35:14.978865 np0000166662 devstack@neutron-api.service[104556]: DEBUG oslo_concurrency.lockutils [None req-aa1a49e6-8f84-45ed-b95a-50631fba2472 None None] Releasing lock "singleton_lock" {{(pid=104556) lock /opt/stack/data/venv/lib/python3.12/site-packages/oslo_concurrency/lockutils.py:413}}
Apr 16 11:35:14.982526 np0000166662 devstack@neutron-api.service[104556]: DEBUG neutron.plugins.ml2.drivers.ovn.mech_driver.mech_driver [None req-aa1a49e6-8f84-45ed-b95a-50631fba2472 None None] Hash Ring setup using WSGI start time 2026-04-16 11:35:07+00:00 {{(pid=104556) _init_hash_ring /opt/stack/neutron/neutron/plugins/ml2/drivers/ovn/mech_driver/mech_driver.py:402}}
Apr 16 11:35:14.987490 np0000166662 devstack@neutron-api.service[104557]: DEBUG ovsdbapp.backend.ovs_idl [None req-251265ef-0ad0-4a87-a643-aab9058ef368 None None] Created lookup_table index Logical_Switch.name {{(pid=104557) autocreate_indices /opt/stack/data/venv/lib/python3.12/site-packages/ovsdbapp/backend/ovs_idl/__init__.py:87}}
Apr 16 11:35:14.987669 np0000166662 devstack@neutron-api.service[104557]: DEBUG ovsdbapp.backend.ovs_idl [None req-251265ef-0ad0-4a87-a643-aab9058ef368 None None] Created lookup_table index Logical_Router.name {{(pid=104557) autocreate_indices /opt/stack/data/venv/lib/python3.12/site-packages/ovsdbapp/backend/ovs_idl/__init__.py:87}}
Apr 16 11:35:14.987801 np0000166662 devstack@neutron-api.service[104557]: DEBUG ovsdbapp.backend.ovs_idl [None req-251265ef-0ad0-4a87-a643-aab9058ef368 None None] Created lookup_table index Load_Balancer.name {{(pid=104557) autocreate_indices /opt/stack/data/venv/lib/python3.12/site-packages/ovsdbapp/backend/ovs_idl/__init__.py:87}}
Apr 16 11:35:14.987958 np0000166662 devstack@neutron-api.service[104557]: DEBUG ovsdbapp.backend.ovs_idl [None req-251265ef-0ad0-4a87-a643-aab9058ef368 None None] Created schema index Copp.name {{(pid=104557) autocreate_indices /opt/stack/data/venv/lib/python3.12/site-packages/ovsdbapp/backend/ovs_idl/__init__.py:106}}
Apr 16 11:35:14.988081 np0000166662 devstack@neutron-api.service[104557]: DEBUG ovsdbapp.backend.ovs_idl [None req-251265ef-0ad0-4a87-a643-aab9058ef368 None None] Created schema index Meter.name {{(pid=104557) autocreate_indices /opt/stack/data/venv/lib/python3.12/site-packages/ovsdbapp/backend/ovs_idl/__init__.py:106}}
Apr 16 11:35:14.988250 np0000166662 devstack@neutron-api.service[104557]: DEBUG ovsdbapp.backend.ovs_idl [None req-251265ef-0ad0-4a87-a643-aab9058ef368 None None] Created schema index Load_Balancer_Group.name {{(pid=104557) autocreate_indices /opt/stack/data/venv/lib/python3.12/site-packages/ovsdbapp/backend/ovs_idl/__init__.py:106}}
Apr 16 11:35:14.988377 np0000166662 devstack@neutron-api.service[104557]: DEBUG ovsdbapp.backend.ovs_idl [None req-251265ef-0ad0-4a87-a643-aab9058ef368 None None] Created schema index HA_Chassis_Group.name {{(pid=104557) autocreate_indices /opt/stack/data/venv/lib/python3.12/site-packages/ovsdbapp/backend/ovs_idl/__init__.py:106}}
Apr 16 11:35:14.988499 np0000166662 devstack@neutron-api.service[104557]: DEBUG ovsdbapp.backend.ovs_idl [None req-251265ef-0ad0-4a87-a643-aab9058ef368 None None] Created schema index Address_Set.name {{(pid=104557) autocreate_indices /opt/stack/data/venv/lib/python3.12/site-packages/ovsdbapp/backend/ovs_idl/__init__.py:106}}
Apr 16 11:35:14.988633 np0000166662 devstack@neutron-api.service[104557]: DEBUG ovsdbapp.backend.ovs_idl [None req-251265ef-0ad0-4a87-a643-aab9058ef368 None None] Created schema index Connection.target {{(pid=104557) autocreate_indices /opt/stack/data/venv/lib/python3.12/site-packages/ovsdbapp/backend/ovs_idl/__init__.py:106}}
Apr 16 11:35:14.988756 np0000166662 devstack@neutron-api.service[104557]: DEBUG ovsdbapp.backend.ovs_idl [None req-251265ef-0ad0-4a87-a643-aab9058ef368 None None] Created schema index Gateway_Chassis.name {{(pid=104557) autocreate_indices /opt/stack/data/venv/lib/python3.12/site-packages/ovsdbapp/backend/ovs_idl/__init__.py:106}}
Apr 16 11:35:14.988877 np0000166662 devstack@neutron-api.service[104557]: DEBUG ovsdbapp.backend.ovs_idl [None req-251265ef-0ad0-4a87-a643-aab9058ef368 None None] Created schema index Mirror.name {{(pid=104557) autocreate_indices /opt/stack/data/venv/lib/python3.12/site-packages/ovsdbapp/backend/ovs_idl/__init__.py:106}}
Apr 16 11:35:14.988996 np0000166662 devstack@neutron-api.service[104557]: DEBUG ovsdbapp.backend.ovs_idl [None req-251265ef-0ad0-4a87-a643-aab9058ef368 None None] Created schema index Chassis_Template_Var.chassis {{(pid=104557) autocreate_indices /opt/stack/data/venv/lib/python3.12/site-packages/ovsdbapp/backend/ovs_idl/__init__.py:106}}
Apr 16 11:35:14.989119 np0000166662 devstack@neutron-api.service[104557]: DEBUG ovsdbapp.backend.ovs_idl [None req-251265ef-0ad0-4a87-a643-aab9058ef368 None None] Created schema index Logical_Router_Port.name {{(pid=104557) autocreate_indices /opt/stack/data/venv/lib/python3.12/site-packages/ovsdbapp/backend/ovs_idl/__init__.py:106}}
Apr 16 11:35:14.989292 np0000166662 devstack@neutron-api.service[104557]: DEBUG ovsdbapp.backend.ovs_idl [None req-251265ef-0ad0-4a87-a643-aab9058ef368 None None] Created schema index Port_Group.name {{(pid=104557) autocreate_indices /opt/stack/data/venv/lib/python3.12/site-packages/ovsdbapp/backend/ovs_idl/__init__.py:106}}
Apr 16 11:35:14.989404 np0000166662 devstack@neutron-api.service[104557]: DEBUG ovsdbapp.backend.ovs_idl [None req-251265ef-0ad0-4a87-a643-aab9058ef368 None None] Created schema index Logical_Switch_Port.name {{(pid=104557) autocreate_indices /opt/stack/data/venv/lib/python3.12/site-packages/ovsdbapp/backend/ovs_idl/__init__.py:106}}
Apr 16 11:35:14.990999 np0000166662 devstack@neutron-api.service[104556]: INFO neutron.db.ovn_hash_ring_db [None req-aa1a49e6-8f84-45ed-b95a-50631fba2472 None None] Nodes from host "np0000166662" and group "mechanism_driver" removed from the Hash Ring created at 2026-04-16 11:35:07+00:00
Apr 16 11:35:14.995337 np0000166662 devstack@neutron-api.service[104557]: INFO ovsdbapp.backend.ovs_idl.vlog [None req-251265ef-0ad0-4a87-a643-aab9058ef368 None None] ssl:199.19.213.67:6641: connecting...
Apr 16 11:35:14.995641 np0000166662 devstack@neutron-api.service[104556]: INFO neutron.db.ovn_hash_ring_db [None req-aa1a49e6-8f84-45ed-b95a-50631fba2472 None None] Node 918c3b28394c5da9a67217441e00a368 from host "np0000166662" and group "mechanism_driver" added to the Hash Ring
Apr 16 11:35:14.996770 np0000166662 devstack@neutron-api.service[104556]: DEBUG neutron.plugins.ml2.drivers.ovn.mech_driver.mech_driver [None req-aa1a49e6-8f84-45ed-b95a-50631fba2472 None None] Hash Ring setup, this worker has detected 3 OVN hash ring registers in the database {{(pid=104556) _init_hash_ring /opt/stack/neutron/neutron/plugins/ml2/drivers/ovn/mech_driver/mech_driver.py:412}}
Apr 16 11:35:14.999471 np0000166662 devstack@neutron-api.service[104557]: INFO ovsdbapp.backend.ovs_idl.vlog [None req-251265ef-0ad0-4a87-a643-aab9058ef368 None None] ssl:199.19.213.67:6641: connected
Apr 16 11:35:15.004918 np0000166662 devstack@neutron-api.service[104556]: DEBUG neutron.plugins.ml2.drivers.ovn.mech_driver.ovsdb.maintenance [None req-aa1a49e6-8f84-45ed-b95a-50631fba2472 None None] Periodic task found: HashRingHealthCheckPeriodics.touch_hash_ring_node {{(pid=104556) add_periodics /opt/stack/neutron/neutron/plugins/ml2/drivers/ovn/mech_driver/ovsdb/maintenance.py:148}}
Apr 16 11:35:15.005247 np0000166662 devstack@neutron-api.service[104556]: INFO neutron.plugins.ml2.drivers.ovn.mech_driver.mech_driver [None req-aa1a49e6-8f84-45ed-b95a-50631fba2472 None None] Hash Ring probing thread for node 918c3b28394c5da9a67217441e00a368 has started
Apr 16 11:35:15.005951 np0000166662 devstack@neutron-api.service[104556]: INFO neutron.plugins.ml2.drivers.ovn.mech_driver.ovsdb.impl_idl_ovn [None req-aa1a49e6-8f84-45ed-b95a-50631fba2472 None None] Getting OvsdbNbOvnIdl for WorkerService with retry
Apr 16 11:35:15.011956 np0000166662 devstack@neutron-api.service[104558]: DEBUG oslo_concurrency.processutils [None req-14ce3ef8-6e91-4266-8beb-f8181bc2ac10 None None] CMD "ovsdb-client transact ssl:199.19.213.67:6641 --timeout 180 -p /opt/stack/data/CA/int-ca/private/devstack-cert.key -c /opt/stack/data/CA/int-ca/devstack-cert.crt -C /opt/stack/data/CA/int-ca/ca-chain.pem ["OVN_Northbound", {"op": "wait", "timeout": 0, "table": "Port_Group", "where": [["name", "==", "neutron_pg_drop"]], "until": "==", "rows": []}, {"op": "insert", "table": "ACL", "row": {"action": "drop", "direction": "to-lport", "match": "outport == @neutron_pg_drop && ip", "priority": 1001}, "uuid-name": "droptoport"}, {"op": "insert", "table": "ACL", "row": {"action": "drop", "direction": "from-lport", "match": "inport == @neutron_pg_drop && ip", "priority": 1001}, "uuid-name": "dropfromport"}, {"op": "insert", "table": "Port_Group", "row": {"name": "neutron_pg_drop", "acls": ["set", [["named-uuid", "droptoport"], ["named-uuid", "dropfromport"]]]}}]" returned: 0 in 0.042s {{(pid=104558) execute /opt/stack/data/venv/lib/python3.12/site-packages/oslo_concurrency/processutils.py:468}}
Apr 16 11:35:15.012616 np0000166662 devstack@neutron-api.service[104558]: DEBUG neutron_lib.callbacks.manager [None req-14ce3ef8-6e91-4266-8beb-f8181bc2ac10 None None] Publish callbacks ['neutron.plugins.ml2.drivers.ovn.mech_driver.mech_driver.OVNMechanismDriver.post_fork_initialize-239407', 'neutron.services.ovn_l3.plugin.OVNL3RouterPlugin._post_fork_initialize-3909'] for process (None), after_init {{(pid=104558) _notify_loop /opt/stack/data/venv/lib/python3.12/site-packages/neutron_lib/callbacks/manager.py:184}}
Apr 16 11:35:15.013229 np0000166662 devstack@neutron-api.service[104558]: DEBUG oslo_concurrency.lockutils [None req-14ce3ef8-6e91-4266-8beb-f8181bc2ac10 None None] Acquiring lock "singleton_lock" {{(pid=104558) lock /opt/stack/data/venv/lib/python3.12/site-packages/oslo_concurrency/lockutils.py:390}}
Apr 16 11:35:15.013414 np0000166662 devstack@neutron-api.service[104558]: DEBUG oslo_concurrency.lockutils [None req-14ce3ef8-6e91-4266-8beb-f8181bc2ac10 None None] Acquired lock "singleton_lock" {{(pid=104558) lock /opt/stack/data/venv/lib/python3.12/site-packages/oslo_concurrency/lockutils.py:393}}
Apr 16 11:35:15.013853 np0000166662 devstack@neutron-api.service[104558]: DEBUG oslo_concurrency.lockutils [None req-14ce3ef8-6e91-4266-8beb-f8181bc2ac10 None None] Releasing lock "singleton_lock" {{(pid=104558) lock /opt/stack/data/venv/lib/python3.12/site-packages/oslo_concurrency/lockutils.py:413}}
Apr 16 11:35:15.017117 np0000166662 devstack@neutron-api.service[104558]: DEBUG neutron.plugins.ml2.drivers.ovn.mech_driver.mech_driver [None req-14ce3ef8-6e91-4266-8beb-f8181bc2ac10 None None] Hash Ring setup using WSGI start time 2026-04-16 11:35:07+00:00 {{(pid=104558) _init_hash_ring /opt/stack/neutron/neutron/plugins/ml2/drivers/ovn/mech_driver/mech_driver.py:402}}
Apr 16 11:35:15.023834 np0000166662 devstack@neutron-api.service[104558]: INFO neutron.db.ovn_hash_ring_db [None req-14ce3ef8-6e91-4266-8beb-f8181bc2ac10 None None] Nodes from host "np0000166662" and group "mechanism_driver" removed from the Hash Ring created at 2026-04-16 11:35:07+00:00
Apr 16 11:35:15.026382 np0000166662 devstack@neutron-api.service[104558]: INFO neutron.db.ovn_hash_ring_db [None req-14ce3ef8-6e91-4266-8beb-f8181bc2ac10 None None] Node 258f50b65ba259278448a4b4b9795264 from host "np0000166662" and group "mechanism_driver" added to the Hash Ring
Apr 16 11:35:15.029082 np0000166662 devstack@neutron-api.service[104558]: DEBUG neutron.plugins.ml2.drivers.ovn.mech_driver.mech_driver [None req-14ce3ef8-6e91-4266-8beb-f8181bc2ac10 None None] Hash Ring setup, this worker has detected 4 OVN hash ring registers in the database {{(pid=104558) _init_hash_ring /opt/stack/neutron/neutron/plugins/ml2/drivers/ovn/mech_driver/mech_driver.py:412}}
Apr 16 11:35:15.031650 np0000166662 devstack@neutron-api.service[104557]: DEBUG neutron.common.ovn.hash_ring_manager [None req-251265ef-0ad0-4a87-a643-aab9058ef368 None None] Disallow caching, nodes 3<4 {{(pid=104557) _wait_startup_before_caching /opt/stack/neutron/neutron/common/ovn/hash_ring_manager.py:72}}
Apr 16 11:35:15.034755 np0000166662 devstack@neutron-api.service[104558]: DEBUG neutron.plugins.ml2.drivers.ovn.mech_driver.ovsdb.maintenance [None req-14ce3ef8-6e91-4266-8beb-f8181bc2ac10 None None] Periodic task found: HashRingHealthCheckPeriodics.touch_hash_ring_node {{(pid=104558) add_periodics /opt/stack/neutron/neutron/plugins/ml2/drivers/ovn/mech_driver/ovsdb/maintenance.py:148}}
Apr 16 11:35:15.035723 np0000166662 devstack@neutron-api.service[104557]: DEBUG neutron.common.ovn.hash_ring_manager [None req-251265ef-0ad0-4a87-a643-aab9058ef368 None None] Hash Ring loaded. 3 active nodes. 0 offline nodes {{(pid=104557) _load_hash_ring /opt/stack/neutron/neutron/common/ovn/hash_ring_manager.py:102}}
Apr 16 11:35:15.036036 np0000166662 devstack@neutron-api.service[104558]: INFO neutron.plugins.ml2.drivers.ovn.mech_driver.mech_driver [None req-14ce3ef8-6e91-4266-8beb-f8181bc2ac10 None None] Hash Ring probing thread for node 258f50b65ba259278448a4b4b9795264 has started
Apr 16 11:35:15.036560 np0000166662 devstack@neutron-api.service[104558]: INFO neutron.plugins.ml2.drivers.ovn.mech_driver.ovsdb.impl_idl_ovn [None req-14ce3ef8-6e91-4266-8beb-f8181bc2ac10 None None] Getting OvsdbNbOvnIdl for WorkerService with retry
Apr 16 11:35:15.037350 np0000166662 devstack@neutron-api.service[104557]: DEBUG neutron.common.ovn.hash_ring_manager [None req-251265ef-0ad0-4a87-a643-aab9058ef368 None None] Allow caching, nodes 4>=4 {{(pid=104557) _wait_startup_before_caching /opt/stack/neutron/neutron/common/ovn/hash_ring_manager.py:65}}
Apr 16 11:35:15.037587 np0000166662 devstack@neutron-api.service[104557]: DEBUG neutron.plugins.ml2.drivers.ovn.mech_driver.ovsdb.ovsdb_monitor [None req-251265ef-0ad0-4a87-a643-aab9058ef368 None None] Hash Ring: Node e015333e6f105c41bce22e1a85c00716 (host: np0000166662) handling event "create" for row c50034dc-aa20-4954-9f40-b1f5c24abe35 (table: Port_Group) {{(pid=104557) notify /opt/stack/neutron/neutron/plugins/ml2/drivers/ovn/mech_driver/ovsdb/ovsdb_monitor.py:914}}
Apr 16 11:35:15.037746 np0000166662 devstack@neutron-api.service[104557]: DEBUG neutron.plugins.ml2.drivers.ovn.mech_driver.ovsdb.ovsdb_monitor [None req-251265ef-0ad0-4a87-a643-aab9058ef368 None None] Hash Ring: Node e015333e6f105c41bce22e1a85c00716 (host: np0000166662) handling event "create" for row c177f5fd-2d1f-4086-8180-fe69ba39dd35 (table: SSL) {{(pid=104557) notify /opt/stack/neutron/neutron/plugins/ml2/drivers/ovn/mech_driver/ovsdb/ovsdb_monitor.py:914}}
Apr 16 11:35:15.040450 np0000166662 devstack@neutron-api.service[104557]: INFO neutron.plugins.ml2.drivers.ovn.mech_driver.ovsdb.impl_idl_ovn [None req-251265ef-0ad0-4a87-a643-aab9058ef368 None None] Getting OvsdbSbOvnIdl for WorkerService with retry
Apr 16 11:35:15.051221 np0000166662 devstack@neutron-api.service[104556]: DEBUG ovsdbapp.backend.ovs_idl [None req-aa1a49e6-8f84-45ed-b95a-50631fba2472 None None] Created lookup_table index Logical_Switch.name {{(pid=104556) autocreate_indices /opt/stack/data/venv/lib/python3.12/site-packages/ovsdbapp/backend/ovs_idl/__init__.py:87}}
Apr 16 11:35:15.051414 np0000166662 devstack@neutron-api.service[104556]: DEBUG ovsdbapp.backend.ovs_idl [None req-aa1a49e6-8f84-45ed-b95a-50631fba2472 None None] Created lookup_table index Logical_Router.name {{(pid=104556) autocreate_indices /opt/stack/data/venv/lib/python3.12/site-packages/ovsdbapp/backend/ovs_idl/__init__.py:87}}
Apr 16 11:35:15.051414 np0000166662 devstack@neutron-api.service[104556]: DEBUG ovsdbapp.backend.ovs_idl [None req-aa1a49e6-8f84-45ed-b95a-50631fba2472 None None] Created lookup_table index Load_Balancer.name {{(pid=104556) autocreate_indices /opt/stack/data/venv/lib/python3.12/site-packages/ovsdbapp/backend/ovs_idl/__init__.py:87}}
Apr 16 11:35:15.051612 np0000166662 devstack@neutron-api.service[104556]: DEBUG ovsdbapp.backend.ovs_idl [None req-aa1a49e6-8f84-45ed-b95a-50631fba2472 None None] Created schema index Copp.name {{(pid=104556) autocreate_indices /opt/stack/data/venv/lib/python3.12/site-packages/ovsdbapp/backend/ovs_idl/__init__.py:106}}
Apr 16 11:35:15.051612 np0000166662 devstack@neutron-api.service[104556]: DEBUG ovsdbapp.backend.ovs_idl [None req-aa1a49e6-8f84-45ed-b95a-50631fba2472 None None] Created schema index Meter.name {{(pid=104556) autocreate_indices /opt/stack/data/venv/lib/python3.12/site-packages/ovsdbapp/backend/ovs_idl/__init__.py:106}}
Apr 16 11:35:15.051743 np0000166662 devstack@neutron-api.service[104556]: DEBUG ovsdbapp.backend.ovs_idl [None req-aa1a49e6-8f84-45ed-b95a-50631fba2472 None None] Created schema index Load_Balancer_Group.name {{(pid=104556) autocreate_indices /opt/stack/data/venv/lib/python3.12/site-packages/ovsdbapp/backend/ovs_idl/__init__.py:106}}
Apr 16 11:35:15.051804 np0000166662 devstack@neutron-api.service[104556]: DEBUG ovsdbapp.backend.ovs_idl [None req-aa1a49e6-8f84-45ed-b95a-50631fba2472 None None] Created schema index HA_Chassis_Group.name {{(pid=104556) autocreate_indices /opt/stack/data/venv/lib/python3.12/site-packages/ovsdbapp/backend/ovs_idl/__init__.py:106}}
Apr 16 11:35:15.051939 np0000166662 devstack@neutron-api.service[104556]: DEBUG ovsdbapp.backend.ovs_idl [None req-aa1a49e6-8f84-45ed-b95a-50631fba2472 None None] Created schema index Address_Set.name {{(pid=104556) autocreate_indices /opt/stack/data/venv/lib/python3.12/site-packages/ovsdbapp/backend/ovs_idl/__init__.py:106}}
Apr 16 11:35:15.052164 np0000166662 devstack@neutron-api.service[104556]: DEBUG ovsdbapp.backend.ovs_idl [None req-aa1a49e6-8f84-45ed-b95a-50631fba2472 None None] Created schema index Connection.target {{(pid=104556) autocreate_indices /opt/stack/data/venv/lib/python3.12/site-packages/ovsdbapp/backend/ovs_idl/__init__.py:106}}
Apr 16 11:35:15.052347 np0000166662 devstack@neutron-api.service[104556]: DEBUG ovsdbapp.backend.ovs_idl [None req-aa1a49e6-8f84-45ed-b95a-50631fba2472 None None] Created schema index Gateway_Chassis.name {{(pid=104556) autocreate_indices /opt/stack/data/venv/lib/python3.12/site-packages/ovsdbapp/backend/ovs_idl/__init__.py:106}}
Apr 16 11:35:15.052474 np0000166662 devstack@neutron-api.service[104556]: DEBUG ovsdbapp.backend.ovs_idl [None req-aa1a49e6-8f84-45ed-b95a-50631fba2472 None None] Created schema index Mirror.name {{(pid=104556) autocreate_indices /opt/stack/data/venv/lib/python3.12/site-packages/ovsdbapp/backend/ovs_idl/__init__.py:106}}
Apr 16 11:35:15.052599 np0000166662 devstack@neutron-api.service[104556]: DEBUG ovsdbapp.backend.ovs_idl [None req-aa1a49e6-8f84-45ed-b95a-50631fba2472 None None] Created schema index Chassis_Template_Var.chassis {{(pid=104556) autocreate_indices /opt/stack/data/venv/lib/python3.12/site-packages/ovsdbapp/backend/ovs_idl/__init__.py:106}}
Apr 16 11:35:15.052724 np0000166662 devstack@neutron-api.service[104556]: DEBUG ovsdbapp.backend.ovs_idl [None req-aa1a49e6-8f84-45ed-b95a-50631fba2472 None None] Created schema index Logical_Router_Port.name {{(pid=104556) autocreate_indices /opt/stack/data/venv/lib/python3.12/site-packages/ovsdbapp/backend/ovs_idl/__init__.py:106}}
Apr 16 11:35:15.052882 np0000166662 devstack@neutron-api.service[104556]: DEBUG ovsdbapp.backend.ovs_idl [None req-aa1a49e6-8f84-45ed-b95a-50631fba2472 None None] Created schema index Port_Group.name {{(pid=104556) autocreate_indices /opt/stack/data/venv/lib/python3.12/site-packages/ovsdbapp/backend/ovs_idl/__init__.py:106}}
Apr 16 11:35:15.053018 np0000166662 devstack@neutron-api.service[104556]: DEBUG ovsdbapp.backend.ovs_idl [None req-aa1a49e6-8f84-45ed-b95a-50631fba2472 None None] Created schema index Logical_Switch_Port.name {{(pid=104556) autocreate_indices /opt/stack/data/venv/lib/python3.12/site-packages/ovsdbapp/backend/ovs_idl/__init__.py:106}}
Apr 16 11:35:15.056833 np0000166662 devstack@neutron-api.service[104556]: INFO ovsdbapp.backend.ovs_idl.vlog [None req-aa1a49e6-8f84-45ed-b95a-50631fba2472 None None] ssl:199.19.213.67:6641: connecting...
Apr 16 11:35:15.061920 np0000166662 devstack@neutron-api.service[104556]: INFO ovsdbapp.backend.ovs_idl.vlog [None req-aa1a49e6-8f84-45ed-b95a-50631fba2472 None None] ssl:199.19.213.67:6641: connected
Apr 16 11:35:15.066470 np0000166662 devstack@neutron-api.service[104557]: DEBUG ovsdbapp.backend.ovs_idl [None req-251265ef-0ad0-4a87-a643-aab9058ef368 None None] Created lookup_table index Chassis.name {{(pid=104557) autocreate_indices /opt/stack/data/venv/lib/python3.12/site-packages/ovsdbapp/backend/ovs_idl/__init__.py:87}}
Apr 16 11:35:15.066470 np0000166662 devstack@neutron-api.service[104557]: DEBUG ovsdbapp.backend.ovs_idl [None req-251265ef-0ad0-4a87-a643-aab9058ef368 None None] Created lookup_table index Port_Binding.logical_port {{(pid=104557) autocreate_indices /opt/stack/data/venv/lib/python3.12/site-packages/ovsdbapp/backend/ovs_idl/__init__.py:87}}
Apr 16 11:35:15.066660 np0000166662 devstack@neutron-api.service[104557]: DEBUG ovsdbapp.backend.ovs_idl [None req-251265ef-0ad0-4a87-a643-aab9058ef368 None None] Created schema index Chassis_Private.name {{(pid=104557) autocreate_indices /opt/stack/data/venv/lib/python3.12/site-packages/ovsdbapp/backend/ovs_idl/__init__.py:106}}
Apr 16 11:35:15.066660 np0000166662 devstack@neutron-api.service[104557]: DEBUG ovsdbapp.backend.ovs_idl [None req-251265ef-0ad0-4a87-a643-aab9058ef368 None None] Created schema index Datapath_Binding.tunnel_key {{(pid=104557) autocreate_indices /opt/stack/data/venv/lib/python3.12/site-packages/ovsdbapp/backend/ovs_idl/__init__.py:106}}
Apr 16 11:35:15.068514 np0000166662 devstack@neutron-api.service[104557]: INFO ovsdbapp.backend.ovs_idl.vlog [None req-251265ef-0ad0-4a87-a643-aab9058ef368 None None] ssl:199.19.213.67:6642: connecting...
Apr 16 11:35:15.072224 np0000166662 devstack@neutron-api.service[104557]: INFO ovsdbapp.backend.ovs_idl.vlog [None req-251265ef-0ad0-4a87-a643-aab9058ef368 None None] ssl:199.19.213.67:6642: connected
Apr 16 11:35:15.088879 np0000166662 devstack@neutron-api.service[104558]: DEBUG ovsdbapp.backend.ovs_idl [None req-14ce3ef8-6e91-4266-8beb-f8181bc2ac10 None None] Created lookup_table index Logical_Switch.name {{(pid=104558) autocreate_indices /opt/stack/data/venv/lib/python3.12/site-packages/ovsdbapp/backend/ovs_idl/__init__.py:87}}
Apr 16 11:35:15.089031 np0000166662 devstack@neutron-api.service[104558]: DEBUG ovsdbapp.backend.ovs_idl [None req-14ce3ef8-6e91-4266-8beb-f8181bc2ac10 None None] Created lookup_table index Logical_Router.name {{(pid=104558) autocreate_indices /opt/stack/data/venv/lib/python3.12/site-packages/ovsdbapp/backend/ovs_idl/__init__.py:87}}
Apr 16 11:35:15.089115 np0000166662 devstack@neutron-api.service[104558]: DEBUG ovsdbapp.backend.ovs_idl [None req-14ce3ef8-6e91-4266-8beb-f8181bc2ac10 None None] Created lookup_table index Load_Balancer.name {{(pid=104558) autocreate_indices /opt/stack/data/venv/lib/python3.12/site-packages/ovsdbapp/backend/ovs_idl/__init__.py:87}}
Apr 16 11:35:15.089225 np0000166662 devstack@neutron-api.service[104558]: DEBUG ovsdbapp.backend.ovs_idl [None req-14ce3ef8-6e91-4266-8beb-f8181bc2ac10 None None] Created schema index Copp.name {{(pid=104558) autocreate_indices /opt/stack/data/venv/lib/python3.12/site-packages/ovsdbapp/backend/ovs_idl/__init__.py:106}}
Apr 16 11:35:15.089289 np0000166662 devstack@neutron-api.service[104558]: DEBUG ovsdbapp.backend.ovs_idl [None req-14ce3ef8-6e91-4266-8beb-f8181bc2ac10 None None] Created schema index Meter.name {{(pid=104558) autocreate_indices /opt/stack/data/venv/lib/python3.12/site-packages/ovsdbapp/backend/ovs_idl/__init__.py:106}}
Apr 16 11:35:15.089352 np0000166662 devstack@neutron-api.service[104558]: DEBUG ovsdbapp.backend.ovs_idl [None req-14ce3ef8-6e91-4266-8beb-f8181bc2ac10 None None] Created schema index Load_Balancer_Group.name {{(pid=104558) autocreate_indices /opt/stack/data/venv/lib/python3.12/site-packages/ovsdbapp/backend/ovs_idl/__init__.py:106}}
Apr 16 11:35:15.089457 np0000166662 devstack@neutron-api.service[104558]: DEBUG ovsdbapp.backend.ovs_idl [None req-14ce3ef8-6e91-4266-8beb-f8181bc2ac10 None None] Created schema index HA_Chassis_Group.name {{(pid=104558) autocreate_indices /opt/stack/data/venv/lib/python3.12/site-packages/ovsdbapp/backend/ovs_idl/__init__.py:106}}
Apr 16 11:35:15.089524 np0000166662 devstack@neutron-api.service[104558]: DEBUG ovsdbapp.backend.ovs_idl [None req-14ce3ef8-6e91-4266-8beb-f8181bc2ac10 None None] Created schema index Address_Set.name {{(pid=104558) autocreate_indices /opt/stack/data/venv/lib/python3.12/site-packages/ovsdbapp/backend/ovs_idl/__init__.py:106}}
Apr 16 11:35:15.089634 np0000166662 devstack@neutron-api.service[104558]: DEBUG ovsdbapp.backend.ovs_idl [None req-14ce3ef8-6e91-4266-8beb-f8181bc2ac10 None None] Created schema index Connection.target {{(pid=104558) autocreate_indices /opt/stack/data/venv/lib/python3.12/site-packages/ovsdbapp/backend/ovs_idl/__init__.py:106}}
Apr 16 11:35:15.089700 np0000166662 devstack@neutron-api.service[104558]: DEBUG ovsdbapp.backend.ovs_idl [None req-14ce3ef8-6e91-4266-8beb-f8181bc2ac10 None None] Created schema index Gateway_Chassis.name {{(pid=104558) autocreate_indices /opt/stack/data/venv/lib/python3.12/site-packages/ovsdbapp/backend/ovs_idl/__init__.py:106}}
Apr 16 11:35:15.089799 np0000166662 devstack@neutron-api.service[104558]: DEBUG ovsdbapp.backend.ovs_idl [None req-14ce3ef8-6e91-4266-8beb-f8181bc2ac10 None None] Created schema index Mirror.name {{(pid=104558) autocreate_indices /opt/stack/data/venv/lib/python3.12/site-packages/ovsdbapp/backend/ovs_idl/__init__.py:106}}
Apr 16 11:35:15.089881 np0000166662 devstack@neutron-api.service[104558]: DEBUG ovsdbapp.backend.ovs_idl [None req-14ce3ef8-6e91-4266-8beb-f8181bc2ac10 None None] Created schema index Chassis_Template_Var.chassis {{(pid=104558) autocreate_indices /opt/stack/data/venv/lib/python3.12/site-packages/ovsdbapp/backend/ovs_idl/__init__.py:106}}
Apr 16 11:35:15.089985 np0000166662 devstack@neutron-api.service[104558]: DEBUG ovsdbapp.backend.ovs_idl [None req-14ce3ef8-6e91-4266-8beb-f8181bc2ac10 None None] Created schema index Logical_Router_Port.name {{(pid=104558) autocreate_indices /opt/stack/data/venv/lib/python3.12/site-packages/ovsdbapp/backend/ovs_idl/__init__.py:106}}
