2026-07-08 07:37:29.787 8 INFO placement.requestlog [req-34665201-c204-4532-9ce9-d72dfde8ec62 req-52d0e25c-bbea-420b-bb43-4f947a2db462 fb5aba70c5b2499cbce5d291cfa8fe36 d5abe51c18ec432cbe6bd5149ae5c925 - - 1f7f871f32914d18be1511082128c873 1f7f871f32914d18be1511082128c873] 10.0.0.151 "PUT /allocations/3e00a436-0778-4e95-805d-51ab9fc14c50" status: 204 len: 0 microversion: 1.36 [pid: 8|app: 0|req: 523/1039] 10.0.0.151 () {38 vars in 914 bytes} [Wed Jul 8 07:37:29 2026] PUT /allocations/3e00a436-0778-4e95-805d-51ab9fc14c50 => generated 0 bytes in 52 msecs (HTTP/1.1 204) 5 headers in 199 bytes (1 switches on core 0)
2026-07-08 07:37:30.673 7 INFO placement.requestlog [None req-b1e8d109-09ef-44ad-95d0-de392b63f373 953c349e38234952b1d1c96600c3aa3c d5abe51c18ec432cbe6bd5149ae5c925 - - 1f7f871f32914d18be1511082128c873 1f7f871f32914d18be1511082128c873] 10.0.0.140 "GET /resource_providers/b63085ff-5036-491f-b130-66c4967d75b2/aggregates" status: 404 len: 235 microversion: 1.1
2026-07-08 07:37:30.673 8 INFO placement.requestlog [None req-44e449af-836c-4752-a423-bbebe3c00951 953c349e38234952b1d1c96600c3aa3c d5abe51c18ec432cbe6bd5149ae5c925 - - 1f7f871f32914d18be1511082128c873 1f7f871f32914d18be1511082128c873] 10.0.0.140 "GET /resource_providers/b63085ff-5036-491f-b130-66c4967d75b2/aggregates" status: 404 len: 235 microversion: 1.1 [pid: 7|app: 0|req: 517/1040] 10.0.0.140 () {32 vars in 816 bytes} [Wed Jul 8 07:37:30 2026] GET /resource_providers/b63085ff-5036-491f-b130-66c4967d75b2/aggregates => generated 235 bytes in 13 msecs (HTTP/1.1 404) 5 headers in 202 bytes (1 switches on core 0) [pid: 8|app: 0|req: 524/1041] 10.0.0.140 () {32 vars in 816 bytes} [Wed Jul 8 07:37:30 2026] GET /resource_providers/b63085ff-5036-491f-b130-66c4967d75b2/aggregates => generated 235 bytes in 13 msecs (HTTP/1.1 404) 5 headers in 202 bytes (1 switches on core 0)
2026-07-08 07:37:30.697 7 INFO placement.requestlog [None req-49836cc7-ce0e-422d-b3df-5003a7a12073 953c349e38234952b1d1c96600c3aa3c d5abe51c18ec432cbe6bd5149ae5c925 - - 1f7f871f32914d18be1511082128c873 1f7f871f32914d18be1511082128c873] 10.0.0.140 "DELETE /resource_providers/b63085ff-5036-491f-b130-66c4967d75b2" status: 404 len: 246 microversion: 1.1 [pid: 7|app: 0|req: 518/1042] 10.0.0.140 () {34 vars in 816 bytes} [Wed Jul 8 07:37:30 2026] DELETE /resource_providers/b63085ff-5036-491f-b130-66c4967d75b2 => generated 246 bytes in 10 msecs (HTTP/1.1 404) 6 headers in 231 bytes (1 switches on core 0)
2026-07-08 07:37:30.697 8 INFO placement.requestlog [None req-810c3b58-a332-4493-a475-f8989441ad2a 953c349e38234952b1d1c96600c3aa3c d5abe51c18ec432cbe6bd5149ae5c925 - - 1f7f871f32914d18be1511082128c873 1f7f871f32914d18be1511082128c873] 10.0.0.140 "DELETE /resource_providers/b63085ff-5036-491f-b130-66c4967d75b2" status: 404 len: 246 microversion: 1.1 [pid: 8|app: 0|req: 525/1043] 10.0.0.140 () {34 vars in 816 bytes} [Wed Jul 8 07:37:30 2026] DELETE /resource_providers/b63085ff-5036-491f-b130-66c4967d75b2 => generated 246 bytes in 11 msecs (HTTP/1.1 404) 6 headers in 231 bytes (1 switches on core 0)
2026-07-08 07:37:31.306 7 INFO placement.requestlog [req-34665201-c204-4532-9ce9-d72dfde8ec62 req-5a1028fe-4217-42bb-9249-e3c08a5a7321 fb5aba70c5b2499cbce5d291cfa8fe36 d5abe51c18ec432cbe6bd5149ae5c925 - - 1f7f871f32914d18be1511082128c873 1f7f871f32914d18be1511082128c873] 199.204.45.240 "GET /allocations/3e00a436-0778-4e95-805d-51ab9fc14c50" status: 200 len: 258 microversion: 1.28 [pid: 7|app: 0|req: 519/1044] 199.204.45.240 () {34 vars in 863 bytes} [Wed Jul 8 07:37:31 2026] GET /allocations/3e00a436-0778-4e95-805d-51ab9fc14c50 => generated 258 bytes in 15 msecs (HTTP/1.1 200) 8 headers in 296 bytes (1 switches on core 0)
2026-07-08 07:37:32.356 8 INFO placement.requestlog [req-34665201-c204-4532-9ce9-d72dfde8ec62 req-13220fe7-9180-444c-afac-d927a534b093 fb5aba70c5b2499cbce5d291cfa8fe36 d5abe51c18ec432cbe6bd5149ae5c925 - - 1f7f871f32914d18be1511082128c873 1f7f871f32914d18be1511082128c873] 199.204.45.240 "GET /resource_providers/05cd02f5-a7b1-4a2c-bf24-3664de552cd0/allocations" status: 200 len: 353 microversion: 1.0 [pid: 8|app: 0|req: 526/1045] 199.204.45.240 () {32 vars in 857 bytes} [Wed Jul 8 07:37:32 2026] GET /resource_providers/05cd02f5-a7b1-4a2c-bf24-3664de552cd0/allocations => generated 353 bytes in 21 msecs (HTTP/1.1 200) 6 headers in 224 bytes (1 switches on core 0)
2026-07-08 07:37:32.380 7 INFO placement.requestlog [req-34665201-c204-4532-9ce9-d72dfde8ec62 req-f4698ab4-226f-49ed-859b-29b5ef485a9c fb5aba70c5b2499cbce5d291cfa8fe36 d5abe51c18ec432cbe6bd5149ae5c925 - - 1f7f871f32914d18be1511082128c873 1f7f871f32914d18be1511082128c873] 199.204.45.240 "GET /allocations/3e00a436-0778-4e95-805d-51ab9fc14c50" status: 200 len: 258 microversion: 1.28 [pid: 7|app: 0|req: 520/1046] 199.204.45.240 () {34 vars in 863 bytes} [Wed Jul 8 07:37:32 2026] GET /allocations/3e00a436-0778-4e95-805d-51ab9fc14c50 => generated 258 bytes in 17 msecs (HTTP/1.1 200) 8 headers in 296 bytes (1 switches on core 0)
2026-07-08 07:37:32.402 8 INFO placement.requestlog [req-34665201-c204-4532-9ce9-d72dfde8ec62 req-ca0753cc-5921-4791-9e44-0b4d6c83429e fb5aba70c5b2499cbce5d291cfa8fe36 d5abe51c18ec432cbe6bd5149ae5c925 - - 1f7f871f32914d18be1511082128c873 1f7f871f32914d18be1511082128c873] 199.204.45.240 "GET /allocations/1aaa1924-b30b-400a-b128-5dc016af5fe0" status: 200 len: 258 microversion: 1.28 [pid: 8|app: 0|req: 527/1047] 199.204.45.240 () {34 vars in 863 bytes} [Wed Jul 8 07:37:32 2026] GET /allocations/1aaa1924-b30b-400a-b128-5dc016af5fe0 => generated 258 bytes in 14 msecs (HTTP/1.1 200) 8 headers in 296 bytes (1 switches on core 0)
2026-07-08 07:37:32.421 7 INFO placement.requestlog [req-34665201-c204-4532-9ce9-d72dfde8ec62 req-16e8306e-2491-4752-97bf-034a6d0356d7 fb5aba70c5b2499cbce5d291cfa8fe36 d5abe51c18ec432cbe6bd5149ae5c925 - - 1f7f871f32914d18be1511082128c873 1f7f871f32914d18be1511082128c873] 199.204.45.240 "GET /allocations/e772f877-b6d0-44a5-8d5f-b94237c865d2" status: 200 len: 258 microversion: 1.28 [pid: 7|app: 0|req: 521/1048] 199.204.45.240 () {34 vars in 863 bytes} [Wed Jul 8 07:37:32 2026] GET /allocations/e772f877-b6d0-44a5-8d5f-b94237c865d2 => generated 258 bytes in 13 msecs (HTTP/1.1 200) 8 headers in 296 bytes (1 switches on core 0)
2026-07-08 07:37:32.766 8 INFO placement.requestlog [None req-4a8e6b80-7d27-40b1-869b-9032d263b4bb 953c349e38234952b1d1c96600c3aa3c d5abe51c18ec432cbe6bd5149ae5c925 - - 1f7f871f32914d18be1511082128c873 1f7f871f32914d18be1511082128c873] 10.0.0.140 "GET /resource_providers/66c2b94b-ee45-4c34-9a92-df87e4a5e5ea/aggregates" status: 404 len: 235 microversion: 1.1 [pid: 8|app: 0|req: 528/1049] 10.0.0.140 () {32 vars in 816 bytes} [Wed Jul 8 07:37:32 2026] GET /resource_providers/66c2b94b-ee45-4c34-9a92-df87e4a5e5ea/aggregates => generated 235 bytes in 11 msecs (HTTP/1.1 404) 5 headers in 202 bytes (1 switches on core 0)
2026-07-08 07:37:32.769 7 INFO placement.requestlog [None req-6c1104ce-d4f7-4f13-a119-d5c2d6e319a4 953c349e38234952b1d1c96600c3aa3c d5abe51c18ec432cbe6bd5149ae5c925 - - 1f7f871f32914d18be1511082128c873 1f7f871f32914d18be1511082128c873] 10.0.0.140 "GET /resource_providers/66c2b94b-ee45-4c34-9a92-df87e4a5e5ea/aggregates" status: 404 len: 235 microversion: 1.1 [pid: 7|app: 0|req: 522/1050] 10.0.0.140 () {32 vars in 816 bytes} [Wed Jul 8 07:37:32 2026] GET /resource_providers/66c2b94b-ee45-4c34-9a92-df87e4a5e5ea/aggregates => generated 235 bytes in 11 msecs (HTTP/1.1 404) 5 headers in 202 bytes (1 switches on core 0)
2026-07-08 07:37:32.788 8 INFO placement.requestlog [None req-d208e753-3bea-4725-9a01-f60aeab939c0 953c349e38234952b1d1c96600c3aa3c d5abe51c18ec432cbe6bd5149ae5c925 - - 1f7f871f32914d18be1511082128c873 1f7f871f32914d18be1511082128c873] 10.0.0.140 "DELETE /resource_providers/66c2b94b-ee45-4c34-9a92-df87e4a5e5ea" status: 404 len: 246 microversion: 1.1 [pid: 8|app: 0|req: 529/1051] 10.0.0.140 () {34 vars in 816 bytes} [Wed Jul 8 07:37:32 2026] DELETE /resource_providers/66c2b94b-ee45-4c34-9a92-df87e4a5e5ea => generated 246 bytes in 9 msecs (HTTP/1.1 404) 6 headers in 231 bytes (1 switches on core 0)
2026-07-08 07:37:32.792 7 INFO placement.requestlog [None req-f4b5cea7-ada6-4260-b1e4-64cf70ef99fd 953c349e38234952b1d1c96600c3aa3c d5abe51c18ec432cbe6bd5149ae5c925 - - 1f7f871f32914d18be1511082128c873 1f7f871f32914d18be1511082128c873] 10.0.0.140 "DELETE /resource_providers/66c2b94b-ee45-4c34-9a92-df87e4a5e5ea" status: 404 len: 246 microversion: 1.1 [pid: 7|app: 0|req: 523/1052] 10.0.0.140 () {34 vars in 816 bytes} [Wed Jul 8 07:37:32 2026] DELETE /resource_providers/66c2b94b-ee45-4c34-9a92-df87e4a5e5ea => generated 246 bytes in 10 msecs (HTTP/1.1 404) 6 headers in 231 bytes (1 switches on core 0)
2026-07-08 07:37:32.847 7 INFO placement.requestlog [None req-b98233eb-eea2-4017-a1d3-b4ea60f7389c - - - - - -] 10.0.0.97 "GET /" status: 200 len: 136 microversion: 1.0
2026-07-08 07:37:32.848 8 INFO placement.requestlog [None req-43b201b0-655c-463f-a88c-4f7b25dea343 - - - - - -] 10.0.0.97 "GET /" status: 200 len: 136 microversion: 1.0
2026-07-08 07:37:38.392 7 INFO placement.requestlog [req-02386b83-45a8-4864-92e1-cc402a2cbd1f req-d78d8c7c-3f41-4b66-be33-1e5c5f08d114 fb5aba70c5b2499cbce5d291cfa8fe36 d5abe51c18ec432cbe6bd5149ae5c925 - - 1f7f871f32914d18be1511082128c873 1f7f871f32914d18be1511082128c873] 199.204.45.240 "GET /resource_providers/05cd02f5-a7b1-4a2c-bf24-3664de552cd0/allocations" status: 200 len: 353 microversion: 1.0 [pid: 7|app: 0|req: 525/1055] 199.204.45.240 () {32 vars in 857 bytes} [Wed Jul 8 07:37:38 2026] GET /resource_providers/05cd02f5-a7b1-4a2c-bf24-3664de552cd0/allocations => generated 353 bytes in 26 msecs (HTTP/1.1 200) 6 headers in 224 bytes (1 switches on core 0)
2026-07-08 07:37:38.417 8 INFO placement.requestlog [req-02386b83-45a8-4864-92e1-cc402a2cbd1f req-e1a81e56-38e0-4e07-b32e-74dc2f1d9cb0 fb5aba70c5b2499cbce5d291cfa8fe36 d5abe51c18ec432cbe6bd5149ae5c925 - - 1f7f871f32914d18be1511082128c873 1f7f871f32914d18be1511082128c873] 199.204.45.240 "GET /allocations/3e00a436-0778-4e95-805d-51ab9fc14c50" status: 200 len: 258 microversion: 1.28 [pid: 8|app: 0|req: 531/1056] 199.204.45.240 () {34 vars in 863 bytes} [Wed Jul 8 07:37:38 2026] GET /allocations/3e00a436-0778-4e95-805d-51ab9fc14c50 => generated 258 bytes in 16 msecs (HTTP/1.1 200) 8 headers in 296 bytes (1 switches on core 0)
2026-07-08 07:37:38.438 7 INFO placement.requestlog [req-02386b83-45a8-4864-92e1-cc402a2cbd1f req-1bd6a220-1a36-4d45-a243-e442d7a84d82 fb5aba70c5b2499cbce5d291cfa8fe36 d5abe51c18ec432cbe6bd5149ae5c925 - - 1f7f871f32914d18be1511082128c873 1f7f871f32914d18be1511082128c873] 199.204.45.240 "GET /allocations/1aaa1924-b30b-400a-b128-5dc016af5fe0" status: 200 len: 258 microversion: 1.28 [pid: 7|app: 0|req: 526/1057] 199.204.45.240 () {34 vars in 863 bytes} [Wed Jul 8 07:37:38 2026] GET /allocations/1aaa1924-b30b-400a-b128-5dc016af5fe0 => generated 258 bytes in 14 msecs (HTTP/1.1 200) 8 headers in 296 bytes (1 switches on core 0)
2026-07-08 07:37:38.461 8 INFO placement.requestlog [req-02386b83-45a8-4864-92e1-cc402a2cbd1f req-5634671a-a205-4698-a3f6-db569f16eb7e fb5aba70c5b2499cbce5d291cfa8fe36 d5abe51c18ec432cbe6bd5149ae5c925 - - 1f7f871f32914d18be1511082128c873 1f7f871f32914d18be1511082128c873] 199.204.45.240 "GET /allocations/e772f877-b6d0-44a5-8d5f-b94237c865d2" status: 200 len: 258 microversion: 1.28 [pid: 8|app: 0|req: 532/1058] 199.204.45.240 () {34 vars in 863 bytes} [Wed Jul 8 07:37:38 2026] GET /allocations/e772f877-b6d0-44a5-8d5f-b94237c865d2 => generated 258 bytes in 14 msecs (HTTP/1.1 200) 8 headers in 296 bytes (1 switches on core 0)
2026-07-08 07:37:39.523 7 INFO placement.requestlog [req-02386b83-45a8-4864-92e1-cc402a2cbd1f req-42047f9d-c9f5-4360-8fa9-6f2d73d0123e fb5aba70c5b2499cbce5d291cfa8fe36 d5abe51c18ec432cbe6bd5149ae5c925 - - 1f7f871f32914d18be1511082128c873 1f7f871f32914d18be1511082128c873] 199.204.45.240 "DELETE /allocations/1aaa1924-b30b-400a-b128-5dc016af5fe0" status: 204 len: 0 microversion: 1.0 [pid: 7|app: 0|req: 527/1059] 199.204.45.240 () {34 vars in 841 bytes} [Wed Jul 8 07:37:39 2026] DELETE /allocations/1aaa1924-b30b-400a-b128-5dc016af5fe0 => generated 0 bytes in 32 msecs (HTTP/1.1 204) 5 headers in 198 bytes (1 switches on core 0)
2026-07-08 07:37:42.848 7 INFO placement.requestlog [None req-30bac4a0-6363-4798-bb13-b3b4019c9ec1 - - - - - -] 10.0.0.97 "GET /" status: 200 len: 136 microversion: 1.0
2026-07-08 07:37:42.849 8 INFO placement.requestlog [None req-d22743af-c2f5-46df-91db-4529a0306cbe - - - - - -] 10.0.0.97 "GET /" status: 200 len: 136 microversion: 1.0
2026-07-08 07:37:43.504 8 INFO placement.requestlog [None req-5f864924-6773-4e57-8a53-9b3072a1af98 953c349e38234952b1d1c96600c3aa3c d5abe51c18ec432cbe6bd5149ae5c925 - - 1f7f871f32914d18be1511082128c873 1f7f871f32914d18be1511082128c873] 10.0.0.140 "GET /resource_providers/fe240d08-196e-445b-9982-18db4aca49ac/aggregates" status: 404 len: 235 microversion: 1.1 [pid: 8|app: 0|req: 534/1062] 10.0.0.140 () {32 vars in 816 bytes} [Wed Jul 8 07:37:43 2026] GET /resource_providers/fe240d08-196e-445b-9982-18db4aca49ac/aggregates => generated 235 bytes in 8 msecs (HTTP/1.1 404) 5 headers in 202 bytes (1 switches on core 0)
2026-07-08 07:37:43.509 7 INFO placement.requestlog [None req-1e6067e1-d254-4d51-95be-1b54e1f8aba2 953c349e38234952b1d1c96600c3aa3c d5abe51c18ec432cbe6bd5149ae5c925 - - 1f7f871f32914d18be1511082128c873 1f7f871f32914d18be1511082128c873] 10.0.0.140 "GET /resource_providers/fe240d08-196e-445b-9982-18db4aca49ac/aggregates" status: 404 len: 235 microversion: 1.1 [pid: 7|app: 0|req: 529/1063] 10.0.0.140 () {32 vars in 816 bytes} [Wed Jul 8 07:37:43 2026] GET /resource_providers/fe240d08-196e-445b-9982-18db4aca49ac/aggregates => generated 235 bytes in 13 msecs (HTTP/1.1 404) 5 headers in 202 bytes (1 switches on core 0)
2026-07-08 07:37:43.531 8 INFO placement.requestlog [None req-17ad811d-6a21-4789-921e-d9e485b61b98 953c349e38234952b1d1c96600c3aa3c d5abe51c18ec432cbe6bd5149ae5c925 - - 1f7f871f32914d18be1511082128c873 1f7f871f32914d18be1511082128c873] 10.0.0.140 "DELETE /resource_providers/fe240d08-196e-445b-9982-18db4aca49ac" status: 404 len: 246 microversion: 1.1 [pid: 8|app: 0|req: 535/1064] 10.0.0.140 () {34 vars in 816 bytes} [Wed Jul 8 07:37:43 2026] DELETE /resource_providers/fe240d08-196e-445b-9982-18db4aca49ac => generated 246 bytes in 11 msecs (HTTP/1.1 404) 6 headers in 231 bytes (1 switches on core 0)
2026-07-08 07:37:43.545 7 INFO placement.requestlog [None req-2b3c16ea-5d13-4a68-84c7-0afb39ad617c 953c349e38234952b1d1c96600c3aa3c d5abe51c18ec432cbe6bd5149ae5c925 - - 1f7f871f32914d18be1511082128c873 1f7f871f32914d18be1511082128c873] 10.0.0.140 "DELETE /resource_providers/fe240d08-196e-445b-9982-18db4aca49ac" status: 404 len: 246 microversion: 1.1 [pid: 7|app: 0|req: 530/1065] 10.0.0.140 () {34 vars in 816 bytes} [Wed Jul 8 07:37:43 2026] DELETE /resource_providers/fe240d08-196e-445b-9982-18db4aca49ac => generated 246 bytes in 11 msecs (HTTP/1.1 404) 6 headers in 231 bytes (1 switches on core 0)
2026-07-08 07:37:44.058 7 INFO placement.requestlog [None req-fddcf59b-3610-42dc-b2c7-15f225931266 953c349e38234952b1d1c96600c3aa3c d5abe51c18ec432cbe6bd5149ae5c925 - - 1f7f871f32914d18be1511082128c873 1f7f871f32914d18be1511082128c873] 10.0.0.140 "GET /resource_providers/fda928d1-a4b8-4d21-92f9-9d9564dd25ad/aggregates" status: 404 len: 235 microversion: 1.1 [pid: 7|app: 0|req: 531/1066] 10.0.0.140 () {32 vars in 816 bytes} [Wed Jul 8 07:37:44 2026] GET /resource_providers/fda928d1-a4b8-4d21-92f9-9d9564dd25ad/aggregates => generated 235 bytes in 12 msecs (HTTP/1.1 404) 5 headers in 202 bytes (1 switches on core 0)
2026-07-08 07:37:44.060 8 INFO placement.requestlog [None req-4e1d2493-9f57-43c7-a957-b99fc6993091 953c349e38234952b1d1c96600c3aa3c d5abe51c18ec432cbe6bd5149ae5c925 - - 1f7f871f32914d18be1511082128c873 1f7f871f32914d18be1511082128c873] 10.0.0.140 "GET /resource_providers/fda928d1-a4b8-4d21-92f9-9d9564dd25ad/aggregates" status: 404 len: 235 microversion: 1.1 [pid: 8|app: 0|req: 536/1067] 10.0.0.140 () {32 vars in 816 bytes} [Wed Jul 8 07:37:44 2026] GET /resource_providers/fda928d1-a4b8-4d21-92f9-9d9564dd25ad/aggregates => generated 235 bytes in 17 msecs (HTTP/1.1 404) 5 headers in 202 bytes (1 switches on core 0)
2026-07-08 07:37:44.080 7 INFO placement.requestlog [None req-e4b0f81d-e193-463a-bd2a-3dadb43ce576 953c349e38234952b1d1c96600c3aa3c d5abe51c18ec432cbe6bd5149ae5c925 - - 1f7f871f32914d18be1511082128c873 1f7f871f32914d18be1511082128c873] 10.0.0.140 "DELETE /resource_providers/fda928d1-a4b8-4d21-92f9-9d9564dd25ad" status: 404 len: 246 microversion: 1.1 [pid: 7|app: 0|req: 532/1068] 10.0.0.140 () {34 vars in 816 bytes} [Wed Jul 8 07:37:44 2026] DELETE /resource_providers/fda928d1-a4b8-4d21-92f9-9d9564dd25ad => generated 246 bytes in 8 msecs (HTTP/1.1 404) 6 headers in 231 bytes (1 switches on core 0)
2026-07-08 07:37:44.085 8 INFO placement.requestlog [None req-d84c0067-2fc6-468f-ba45-b61885d8d50c 953c349e38234952b1d1c96600c3aa3c d5abe51c18ec432cbe6bd5149ae5c925 - - 1f7f871f32914d18be1511082128c873 1f7f871f32914d18be1511082128c873] 10.0.0.140 "DELETE /resource_providers/fda928d1-a4b8-4d21-92f9-9d9564dd25ad" status: 404 len: 246 microversion: 1.1 [pid: 8|app: 0|req: 537/1069] 10.0.0.140 () {34 vars in 816 bytes} [Wed Jul 8 07:37:44 2026] DELETE /resource_providers/fda928d1-a4b8-4d21-92f9-9d9564dd25ad => generated 246 bytes in 10 msecs (HTTP/1.1 404) 6 headers in 231 bytes (1 switches on core 0)
2026-07-08 07:37:46.259 7 INFO placement.requestlog [None req-e6e15aff-9dab-4f16-b229-efe1f1e60679 953c349e38234952b1d1c96600c3aa3c d5abe51c18ec432cbe6bd5149ae5c925 - - 1f7f871f32914d18be1511082128c873 1f7f871f32914d18be1511082128c873] 10.0.0.140 "GET /resource_providers/32a65eb0-a8f1-4e91-8574-c13fbf0343de/aggregates" status: 404 len: 235 microversion: 1.1 [pid: 7|app: 0|req: 533/1070] 10.0.0.140 () {32 vars in 816 bytes} [Wed Jul 8 07:37:46 2026] GET /resource_providers/32a65eb0-a8f1-4e91-8574-c13fbf0343de/aggregates => generated 235 bytes in 11 msecs (HTTP/1.1 404) 5 headers in 202 bytes (1 switches on core 0)
2026-07-08 07:37:46.265 8 INFO placement.requestlog [None req-8affc290-c5be-40b2-bbb8-6eb9f778676f 953c349e38234952b1d1c96600c3aa3c d5abe51c18ec432cbe6bd5149ae5c925 - - 1f7f871f32914d18be1511082128c873 1f7f871f32914d18be1511082128c873] 10.0.0.140 "GET /resource_providers/32a65eb0-a8f1-4e91-8574-c13fbf0343de/aggregates" status: 404 len: 235 microversion: 1.1 [pid: 8|app: 0|req: 538/1071] 10.0.0.140 () {32 vars in 816 bytes} [Wed Jul 8 07:37:46 2026] GET /resource_providers/32a65eb0-a8f1-4e91-8574-c13fbf0343de/aggregates => generated 235 bytes in 12 msecs (HTTP/1.1 404) 5 headers in 202 bytes (1 switches on core 0)
2026-07-08 07:37:46.286 7 INFO placement.requestlog [None req-4b9f4ead-9a17-420d-9c62-1d636c54bc27 953c349e38234952b1d1c96600c3aa3c d5abe51c18ec432cbe6bd5149ae5c925 - - 1f7f871f32914d18be1511082128c873 1f7f871f32914d18be1511082128c873] 10.0.0.140 "DELETE /resource_providers/32a65eb0-a8f1-4e91-8574-c13fbf0343de" status: 404 len: 246 microversion: 1.1 [pid: 7|app: 0|req: 534/1072] 10.0.0.140 () {34 vars in 816 bytes} [Wed Jul 8 07:37:46 2026] DELETE /resource_providers/32a65eb0-a8f1-4e91-8574-c13fbf0343de => generated 246 bytes in 14 msecs (HTTP/1.1 404) 6 headers in 231 bytes (1 switches on core 0)
2026-07-08 07:37:46.292 8 INFO placement.requestlog [None req-2ebc3447-4ad6-4e2f-87e4-10a98f11d4e9 953c349e38234952b1d1c96600c3aa3c d5abe51c18ec432cbe6bd5149ae5c925 - - 1f7f871f32914d18be1511082128c873 1f7f871f32914d18be1511082128c873] 10.0.0.140 "DELETE /resource_providers/32a65eb0-a8f1-4e91-8574-c13fbf0343de" status: 404 len: 246 microversion: 1.1 [pid: 8|app: 0|req: 539/1073] 10.0.0.140 () {34 vars in 816 bytes} [Wed Jul 8 07:37:46 2026] DELETE /resource_providers/32a65eb0-a8f1-4e91-8574-c13fbf0343de => generated 246 bytes in 13 msecs (HTTP/1.1 404) 6 headers in 231 bytes (1 switches on core 0)
2026-07-08 07:37:48.317 7 INFO placement.requestlog [None req-d3e33cbd-7679-4ed8-9f8b-24e7ead2a28e 953c349e38234952b1d1c96600c3aa3c d5abe51c18ec432cbe6bd5149ae5c925 - - 1f7f871f32914d18be1511082128c873 1f7f871f32914d18be1511082128c873] 10.0.0.140 "GET /resource_providers/66c035fc-3946-44d1-88b5-2d1c5e641154/aggregates" status: 404 len: 235 microversion: 1.1 [pid: 7|app: 0|req: 535/1074] 10.0.0.140 () {32 vars in 816 bytes} [Wed Jul 8 07:37:48 2026] GET /resource_providers/66c035fc-3946-44d1-88b5-2d1c5e641154/aggregates => generated 235 bytes in 20 msecs (HTTP/1.1 404) 5 headers in 202 bytes (1 switches on core 0)
2026-07-08 07:37:48.319 8 INFO placement.requestlog [None req-b37a3a4a-0147-497f-a7d4-ee8ee123b06f 953c349e38234952b1d1c96600c3aa3c d5abe51c18ec432cbe6bd5149ae5c925 - - 1f7f871f32914d18be1511082128c873 1f7f871f32914d18be1511082128c873] 10.0.0.140 "GET /resource_providers/66c035fc-3946-44d1-88b5-2d1c5e641154/aggregates" status: 404 len: 235 microversion: 1.1 [pid: 8|app: 0|req: 540/1075] 10.0.0.140 () {32 vars in 816 bytes} [Wed Jul 8 07:37:48 2026] GET /resource_providers/66c035fc-3946-44d1-88b5-2d1c5e641154/aggregates => generated 235 bytes in 12 msecs (HTTP/1.1 404) 5 headers in 202 bytes (1 switches on core 0)
2026-07-08 07:37:48.347 7 INFO placement.requestlog [None req-9770f67b-8c43-4d66-affe-8dcd31519a91 953c349e38234952b1d1c96600c3aa3c d5abe51c18ec432cbe6bd5149ae5c925 - - 1f7f871f32914d18be1511082128c873 1f7f871f32914d18be1511082128c873] 10.0.0.140 "DELETE /resource_providers/66c035fc-3946-44d1-88b5-2d1c5e641154" status: 404 len: 246 microversion: 1.1 [pid: 7|app: 0|req: 536/1076] 10.0.0.140 () {34 vars in 816 bytes} [Wed Jul 8 07:37:48 2026] DELETE /resource_providers/66c035fc-3946-44d1-88b5-2d1c5e641154 => generated 246 bytes in 18 msecs (HTTP/1.1 404) 6 headers in 231 bytes (1 switches on core 0)
2026-07-08 07:37:48.346 8 INFO placement.requestlog [None req-36a29f8b-30a2-4b02-be9a-375234f986c4 953c349e38234952b1d1c96600c3aa3c d5abe51c18ec432cbe6bd5149ae5c925 - - 1f7f871f32914d18be1511082128c873 1f7f871f32914d18be1511082128c873] 10.0.0.140 "DELETE /resource_providers/66c035fc-3946-44d1-88b5-2d1c5e641154" status: 404 len: 246 microversion: 1.1 [pid: 8|app: 0|req: 541/1077] 10.0.0.140 () {34 vars in 816 bytes} [Wed Jul 8 07:37:48 2026] DELETE /resource_providers/66c035fc-3946-44d1-88b5-2d1c5e641154 => generated 246 bytes in 13 msecs (HTTP/1.1 404) 6 headers in 231 bytes (1 switches on core 0)
2026-07-08 07:37:52.848 7 INFO placement.requestlog [None req-a6bbee68-df52-4bc4-82d9-757b21ad8bcb - - - - - -] 10.0.0.97 "GET /" status: 200 len: 136 microversion: 1.0
2026-07-08 07:37:52.850 8 INFO placement.requestlog [None req-a8b53974-a755-43c2-bc22-f595fc6bcece - - - - - -] 10.0.0.97 "GET /" status: 200 len: 136 microversion: 1.0
2026-07-08 07:37:58.099 7 INFO placement.requestlog [None req-342f188b-84aa-457e-9f49-b41a84808f62 953c349e38234952b1d1c96600c3aa3c d5abe51c18ec432cbe6bd5149ae5c925 - - 1f7f871f32914d18be1511082128c873 1f7f871f32914d18be1511082128c873] 10.0.0.140 "GET /resource_providers/af0a2275-fd93-4212-a95e-d55c4c7d717e/aggregates" status: 404 len: 235 microversion: 1.1
2026-07-08 07:37:58.101 8 INFO placement.requestlog [None req-2a108234-bcae-4097-b5cf-d9b5b0b76cb6 953c349e38234952b1d1c96600c3aa3c d5abe51c18ec432cbe6bd5149ae5c925 - - 1f7f871f32914d18be1511082128c873 1f7f871f32914d18be1511082128c873] 10.0.0.140 "GET /resource_providers/af0a2275-fd93-4212-a95e-d55c4c7d717e/aggregates" status: 404 len: 235 microversion: 1.1 [pid: 8|app: 0|req: 543/1080] 10.0.0.140 () {32 vars in 816 bytes} [Wed Jul 8 07:37:58 2026] GET /resource_providers/af0a2275-fd93-4212-a95e-d55c4c7d717e/aggregates => generated 235 bytes in 13 msecs (HTTP/1.1 404) 5 headers in 202 bytes (1 switches on core 0) [pid: 7|app: 0|req: 538/1081] 10.0.0.140 () {32 vars in 816 bytes} [Wed Jul 8 07:37:58 2026] GET /resource_providers/af0a2275-fd93-4212-a95e-d55c4c7d717e/aggregates => generated 235 bytes in 21 msecs (HTTP/1.1 404) 5 headers in 202 bytes (1 switches on core 0)
2026-07-08 07:37:58.132 7 INFO placement.requestlog [None req-08e2f850-d6b3-43d4-a681-933480327b99 953c349e38234952b1d1c96600c3aa3c d5abe51c18ec432cbe6bd5149ae5c925 - - 1f7f871f32914d18be1511082128c873 1f7f871f32914d18be1511082128c873] 10.0.0.140 "DELETE /resource_providers/af0a2275-fd93-4212-a95e-d55c4c7d717e" status: 404 len: 246 microversion: 1.1 [pid: 7|app: 0|req: 539/1082] 10.0.0.140 () {34 vars in 816 bytes} [Wed Jul 8 07:37:58 2026] DELETE /resource_providers/af0a2275-fd93-4212-a95e-d55c4c7d717e => generated 246 bytes in 16 msecs (HTTP/1.1 404) 6 headers in 231 bytes (1 switches on core 0)
2026-07-08 07:37:58.134 8 INFO placement.requestlog [None req-23fc4cd7-decc-4808-9557-59dfcc13a7b4 953c349e38234952b1d1c96600c3aa3c d5abe51c18ec432cbe6bd5149ae5c925 - - 1f7f871f32914d18be1511082128c873 1f7f871f32914d18be1511082128c873] 10.0.0.140 "DELETE /resource_providers/af0a2275-fd93-4212-a95e-d55c4c7d717e" status: 404 len: 246 microversion: 1.1 [pid: 8|app: 0|req: 544/1083] 10.0.0.140 () {34 vars in 816 bytes} [Wed Jul 8 07:37:58 2026] DELETE /resource_providers/af0a2275-fd93-4212-a95e-d55c4c7d717e => generated 246 bytes in 21 msecs (HTTP/1.1 404) 6 headers in 231 bytes (1 switches on core 0)
2026-07-08 07:37:58.271 7 INFO placement.requestlog [None req-5102c328-c40c-4383-8e3f-0154edefdf8c 953c349e38234952b1d1c96600c3aa3c d5abe51c18ec432cbe6bd5149ae5c925 - - 1f7f871f32914d18be1511082128c873 1f7f871f32914d18be1511082128c873] 10.0.0.140 "GET /resource_providers/15dd1d31-2b10-4141-a168-3012d41035a6/aggregates" status: 404 len: 235 microversion: 1.1 [pid: 7|app: 0|req: 540/1084] 10.0.0.140 () {32 vars in 816 bytes} [Wed Jul 8 07:37:58 2026] GET /resource_providers/15dd1d31-2b10-4141-a168-3012d41035a6/aggregates => generated 235 bytes in 25 msecs (HTTP/1.1 404) 5 headers in 202 bytes (1 switches on core 0)
2026-07-08 07:37:58.273 8 INFO placement.requestlog [None req-9d0cd443-af53-419a-b2ea-84ac816da1c9 953c349e38234952b1d1c96600c3aa3c d5abe51c18ec432cbe6bd5149ae5c925 - - 1f7f871f32914d18be1511082128c873 1f7f871f32914d18be1511082128c873] 10.0.0.140 "GET /resource_providers/15dd1d31-2b10-4141-a168-3012d41035a6/aggregates" status: 404 len: 235 microversion: 1.1 [pid: 8|app: 0|req: 545/1085] 10.0.0.140 () {32 vars in 816 bytes} [Wed Jul 8 07:37:58 2026] GET /resource_providers/15dd1d31-2b10-4141-a168-3012d41035a6/aggregates => generated 235 bytes in 20 msecs (HTTP/1.1 404) 5 headers in 202 bytes (1 switches on core 0)
2026-07-08 07:37:58.301 8 INFO placement.requestlog [None req-097c1200-d35a-4f0e-9edf-067ac9273c15 953c349e38234952b1d1c96600c3aa3c d5abe51c18ec432cbe6bd5149ae5c925 - - 1f7f871f32914d18be1511082128c873 1f7f871f32914d18be1511082128c873] 10.0.0.140 "DELETE /resource_providers/15dd1d31-2b10-4141-a168-3012d41035a6" status: 404 len: 246 microversion: 1.1 [pid: 8|app: 0|req: 546/1086] 10.0.0.140 () {34 vars in 816 bytes} [Wed Jul 8 07:37:58 2026] DELETE /resource_providers/15dd1d31-2b10-4141-a168-3012d41035a6 => generated 246 bytes in 13 msecs (HTTP/1.1 404) 6 headers in 231 bytes (1 switches on core 0)
2026-07-08 07:37:58.305 7 INFO placement.requestlog [None req-c94c6411-821a-4214-b54a-efcefae999a2 953c349e38234952b1d1c96600c3aa3c d5abe51c18ec432cbe6bd5149ae5c925 - - 1f7f871f32914d18be1511082128c873 1f7f871f32914d18be1511082128c873] 10.0.0.140 "DELETE /resource_providers/15dd1d31-2b10-4141-a168-3012d41035a6" status: 404 len: 246 microversion: 1.1 [pid: 7|app: 0|req: 541/1087] 10.0.0.140 () {34 vars in 816 bytes} [Wed Jul 8 07:37:58 2026] DELETE /resource_providers/15dd1d31-2b10-4141-a168-3012d41035a6 => generated 246 bytes in 24 msecs (HTTP/1.1 404) 6 headers in 231 bytes (1 switches on core 0)
2026-07-08 07:38:00.154 8 INFO placement.requestlog [None req-c28bf57c-32a6-4e1d-8ffd-ce34db237df5 953c349e38234952b1d1c96600c3aa3c d5abe51c18ec432cbe6bd5149ae5c925 - - 1f7f871f32914d18be1511082128c873 1f7f871f32914d18be1511082128c873] 10.0.0.140 "GET /resource_providers/5635212d-6502-448c-a938-df86d5eeb6a2/aggregates" status: 404 len: 235 microversion: 1.1 [pid: 8|app: 0|req: 547/1088] 10.0.0.140 () {32 vars in 816 bytes} [Wed Jul 8 07:38:00 2026] GET /resource_providers/5635212d-6502-448c-a938-df86d5eeb6a2/aggregates => generated 235 bytes in 10 msecs (HTTP/1.1 404) 5 headers in 202 bytes (1 switches on core 0)
2026-07-08 07:38:00.156 7 INFO placement.requestlog [None req-3c633d92-9ea6-4ae6-a5a6-57c2617816c8 953c349e38234952b1d1c96600c3aa3c d5abe51c18ec432cbe6bd5149ae5c925 - - 1f7f871f32914d18be1511082128c873 1f7f871f32914d18be1511082128c873] 10.0.0.140 "GET /resource_providers/5635212d-6502-448c-a938-df86d5eeb6a2/aggregates" status: 404 len: 235 microversion: 1.1 [pid: 7|app: 0|req: 542/1089] 10.0.0.140 () {32 vars in 816 bytes} [Wed Jul 8 07:38:00 2026] GET /resource_providers/5635212d-6502-448c-a938-df86d5eeb6a2/aggregates => generated 235 bytes in 11 msecs (HTTP/1.1 404) 5 headers in 202 bytes (1 switches on core 0)
2026-07-08 07:38:00.176 8 INFO placement.requestlog [None req-94b52d9b-37da-4ed4-9c94-0adfb223dce4 953c349e38234952b1d1c96600c3aa3c d5abe51c18ec432cbe6bd5149ae5c925 - - 1f7f871f32914d18be1511082128c873 1f7f871f32914d18be1511082128c873] 10.0.0.140 "DELETE /resource_providers/5635212d-6502-448c-a938-df86d5eeb6a2" status: 404 len: 246 microversion: 1.1 [pid: 8|app: 0|req: 548/1090] 10.0.0.140 () {34 vars in 816 bytes} [Wed Jul 8 07:38:00 2026] DELETE /resource_providers/5635212d-6502-448c-a938-df86d5eeb6a2 => generated 246 bytes in 10 msecs (HTTP/1.1 404) 6 headers in 231 bytes (1 switches on core 0)
2026-07-08 07:38:00.184 7 INFO placement.requestlog [None req-00347886-6879-4b1b-9941-01c60525adea 953c349e38234952b1d1c96600c3aa3c d5abe51c18ec432cbe6bd5149ae5c925 - - 1f7f871f32914d18be1511082128c873 1f7f871f32914d18be1511082128c873] 10.0.0.140 "DELETE /resource_providers/5635212d-6502-448c-a938-df86d5eeb6a2" status: 404 len: 246 microversion: 1.1 [pid: 7|app: 0|req: 543/1091] 10.0.0.140 () {34 vars in 816 bytes} [Wed Jul 8 07:38:00 2026] DELETE /resource_providers/5635212d-6502-448c-a938-df86d5eeb6a2 => generated 246 bytes in 11 msecs (HTTP/1.1 404) 6 headers in 231 bytes (1 switches on core 0)
2026-07-08 07:38:00.193 8 INFO placement.requestlog [None req-ebfa1786-55a3-42f7-97cb-759526aef55e 953c349e38234952b1d1c96600c3aa3c d5abe51c18ec432cbe6bd5149ae5c925 - - 1f7f871f32914d18be1511082128c873 1f7f871f32914d18be1511082128c873] 10.0.0.140 "GET /resource_providers/3dde2c2e-52c2-4cac-9a4c-5a93c209cb12/aggregates" status: 404 len: 235 microversion: 1.1 [pid: 8|app: 0|req: 549/1092] 10.0.0.140 () {32 vars in 816 bytes} [Wed Jul 8 07:38:00 2026] GET /resource_providers/3dde2c2e-52c2-4cac-9a4c-5a93c209cb12/aggregates => generated 235 bytes in 9 msecs (HTTP/1.1 404) 5 headers in 202 bytes (1 switches on core 0)
2026-07-08 07:38:00.200 7 INFO placement.requestlog [None req-66d1ea9b-d878-4a6c-81bd-0d2290bfa5be 953c349e38234952b1d1c96600c3aa3c d5abe51c18ec432cbe6bd5149ae5c925 - - 1f7f871f32914d18be1511082128c873 1f7f871f32914d18be1511082128c873] 10.0.0.140 "GET /resource_providers/3dde2c2e-52c2-4cac-9a4c-5a93c209cb12/aggregates" status: 404 len: 235 microversion: 1.1 [pid: 7|app: 0|req: 544/1093] 10.0.0.140 () {32 vars in 816 bytes} [Wed Jul 8 07:38:00 2026] GET /resource_providers/3dde2c2e-52c2-4cac-9a4c-5a93c209cb12/aggregates => generated 235 bytes in 8 msecs (HTTP/1.1 404) 5 headers in 202 bytes (1 switches on core 0)
2026-07-08 07:38:00.209 8 INFO placement.requestlog [None req-f71f460e-185a-4fdd-979d-c336616724f2 953c349e38234952b1d1c96600c3aa3c d5abe51c18ec432cbe6bd5149ae5c925 - - 1f7f871f32914d18be1511082128c873 1f7f871f32914d18be1511082128c873] 10.0.0.140 "DELETE /resource_providers/3dde2c2e-52c2-4cac-9a4c-5a93c209cb12" status: 404 len: 246 microversion: 1.1 [pid: 8|app: 0|req: 550/1094] 10.0.0.140 () {34 vars in 816 bytes} [Wed Jul 8 07:38:00 2026] DELETE /resource_providers/3dde2c2e-52c2-4cac-9a4c-5a93c209cb12 => generated 246 bytes in 8 msecs (HTTP/1.1 404) 6 headers in 231 bytes (1 switches on core 0)
2026-07-08 07:38:00.215 7 INFO placement.requestlog [None req-bbf95359-eb51-4417-bdb7-9cc617d421dd 953c349e38234952b1d1c96600c3aa3c d5abe51c18ec432cbe6bd5149ae5c925 - - 1f7f871f32914d18be1511082128c873 1f7f871f32914d18be1511082128c873] 10.0.0.140 "DELETE /resource_providers/3dde2c2e-52c2-4cac-9a4c-5a93c209cb12" status: 404 len: 246 microversion: 1.1 [pid: 7|app: 0|req: 545/1095] 10.0.0.140 () {34 vars in 816 bytes} [Wed Jul 8 07:38:00 2026] DELETE /resource_providers/3dde2c2e-52c2-4cac-9a4c-5a93c209cb12 => generated 246 bytes in 7 msecs (HTTP/1.1 404) 6 headers in 231 bytes (1 switches on core 0)
2026-07-08 07:38:00.323 8 INFO placement.requestlog [None req-6889e556-e8cc-4fc6-aec8-be2b78c3fed8 953c349e38234952b1d1c96600c3aa3c d5abe51c18ec432cbe6bd5149ae5c925 - - 1f7f871f32914d18be1511082128c873 1f7f871f32914d18be1511082128c873] 10.0.0.140 "GET /resource_providers/754c0e5c-f97a-4fe0-8956-fcb59d106614/aggregates" status: 404 len: 235 microversion: 1.1 [pid: 8|app: 0|req: 551/1096] 10.0.0.140 () {32 vars in 816 bytes} [Wed Jul 8 07:38:00 2026] GET /resource_providers/754c0e5c-f97a-4fe0-8956-fcb59d106614/aggregates => generated 235 bytes in 10 msecs (HTTP/1.1 404) 5 headers in 202 bytes (1 switches on core 0)
2026-07-08 07:38:00.325 7 INFO placement.requestlog [None req-a3430bec-b29b-4722-80dc-ea7142e5002e 953c349e38234952b1d1c96600c3aa3c d5abe51c18ec432cbe6bd5149ae5c925 - - 1f7f871f32914d18be1511082128c873 1f7f871f32914d18be1511082128c873] 10.0.0.140 "GET /resource_providers/754c0e5c-f97a-4fe0-8956-fcb59d106614/aggregates" status: 404 len: 235 microversion: 1.1 [pid: 7|app: 0|req: 546/1097] 10.0.0.140 () {32 vars in 816 bytes} [Wed Jul 8 07:38:00 2026] GET /resource_providers/754c0e5c-f97a-4fe0-8956-fcb59d106614/aggregates => generated 235 bytes in 9 msecs (HTTP/1.1 404) 5 headers in 202 bytes (1 switches on core 0)
2026-07-08 07:38:00.348 8 INFO placement.requestlog [None req-b9be895e-42c5-4865-a008-2ba5d9c286a2 953c349e38234952b1d1c96600c3aa3c d5abe51c18ec432cbe6bd5149ae5c925 - - 1f7f871f32914d18be1511082128c873 1f7f871f32914d18be1511082128c873] 10.0.0.140 "DELETE /resource_providers/754c0e5c-f97a-4fe0-8956-fcb59d106614" status: 404 len: 246 microversion: 1.1 [pid: 8|app: 0|req: 552/1098] 10.0.0.140 () {34 vars in 816 bytes} [Wed Jul 8 07:38:00 2026] DELETE /resource_providers/754c0e5c-f97a-4fe0-8956-fcb59d106614 => generated 246 bytes in 9 msecs (HTTP/1.1 404) 6 headers in 231 bytes (1 switches on core 0)
2026-07-08 07:38:00.352 7 INFO placement.requestlog [None req-1dbcac54-5453-44b4-bdbf-546ea5a86590 953c349e38234952b1d1c96600c3aa3c d5abe51c18ec432cbe6bd5149ae5c925 - - 1f7f871f32914d18be1511082128c873 1f7f871f32914d18be1511082128c873] 10.0.0.140 "DELETE /resource_providers/754c0e5c-f97a-4fe0-8956-fcb59d106614" status: 404 len: 246 microversion: 1.1 [pid: 7|app: 0|req: 547/1099] 10.0.0.140 () {34 vars in 816 bytes} [Wed Jul 8 07:38:00 2026] DELETE /resource_providers/754c0e5c-f97a-4fe0-8956-fcb59d106614 => generated 246 bytes in 13 msecs (HTTP/1.1 404) 6 headers in 231 bytes (1 switches on core 0)
2026-07-08 07:38:02.847 8 INFO placement.requestlog [None req-4d26bce2-512a-41b1-b5f0-7d12bcc2fb0c - - - - - -] 10.0.0.97 "GET /" status: 200 len: 136 microversion: 1.0
2026-07-08 07:38:02.848 7 INFO placement.requestlog [None req-13dab61f-3ed9-4132-b04e-ffb2640acfa8 - - - - - -] 10.0.0.97 "GET /" status: 200 len: 136 microversion: 1.0
2026-07-08 07:38:06.706 8 INFO placement.requestlog [req-6f26e286-4d46-41a9-bcaf-c25d8d397639 req-ea340554-616e-428e-a10f-71849fa523fa fb5aba70c5b2499cbce5d291cfa8fe36 d5abe51c18ec432cbe6bd5149ae5c925 - - 1f7f871f32914d18be1511082128c873 1f7f871f32914d18be1511082128c873] 199.204.45.240 "GET /resource_providers/05cd02f5-a7b1-4a2c-bf24-3664de552cd0/allocations" status: 200 len: 253 microversion: 1.0 [pid: 8|app: 0|req: 554/1102] 199.204.45.240 () {32 vars in 857 bytes} [Wed Jul 8 07:38:06 2026] GET /resource_providers/05cd02f5-a7b1-4a2c-bf24-3664de552cd0/allocations => generated 253 bytes in 17 msecs (HTTP/1.1 200) 6 headers in 224 bytes (1 switches on core 0)
2026-07-08 07:38:06.724 7 INFO placement.requestlog [req-6f26e286-4d46-41a9-bcaf-c25d8d397639 req-eed91ac3-7ceb-4efb-9115-6f62b632fa4c fb5aba70c5b2499cbce5d291cfa8fe36 d5abe51c18ec432cbe6bd5149ae5c925 - - 1f7f871f32914d18be1511082128c873 1f7f871f32914d18be1511082128c873] 199.204.45.240 "GET /allocations/3e00a436-0778-4e95-805d-51ab9fc14c50" status: 200 len: 258 microversion: 1.28 [pid: 7|app: 0|req: 549/1103] 199.204.45.240 () {34 vars in 863 bytes} [Wed Jul 8 07:38:06 2026] GET /allocations/3e00a436-0778-4e95-805d-51ab9fc14c50 => generated 258 bytes in 12 msecs (HTTP/1.1 200) 8 headers in 296 bytes (1 switches on core 0)
2026-07-08 07:38:06.744 8 INFO placement.requestlog [req-6f26e286-4d46-41a9-bcaf-c25d8d397639 req-338fc8f3-b9fe-4c28-bbb0-bb133d52c651 fb5aba70c5b2499cbce5d291cfa8fe36 d5abe51c18ec432cbe6bd5149ae5c925 - - 1f7f871f32914d18be1511082128c873 1f7f871f32914d18be1511082128c873] 199.204.45.240 "GET /allocations/e772f877-b6d0-44a5-8d5f-b94237c865d2" status: 200 len: 258 microversion: 1.28 [pid: 8|app: 0|req: 555/1104] 199.204.45.240 () {34 vars in 863 bytes} [Wed Jul 8 07:38:06 2026] GET /allocations/e772f877-b6d0-44a5-8d5f-b94237c865d2 => generated 258 bytes in 15 msecs (HTTP/1.1 200) 8 headers in 296 bytes (1 switches on core 0)
2026-07-08 07:38:07.796 7 INFO placement.requestlog [req-6f26e286-4d46-41a9-bcaf-c25d8d397639 req-d6a80569-2704-482e-b7ca-77857a509287 fb5aba70c5b2499cbce5d291cfa8fe36 d5abe51c18ec432cbe6bd5149ae5c925 - - 1f7f871f32914d18be1511082128c873 1f7f871f32914d18be1511082128c873] 199.204.45.240 "DELETE /allocations/3e00a436-0778-4e95-805d-51ab9fc14c50" status: 204 len: 0 microversion: 1.0 [pid: 7|app: 0|req: 550/1105] 199.204.45.240 () {34 vars in 841 bytes} [Wed Jul 8 07:38:07 2026] DELETE /allocations/3e00a436-0778-4e95-805d-51ab9fc14c50 => generated 0 bytes in 23 msecs (HTTP/1.1 204) 5 headers in 198 bytes (1 switches on core 0)
2026-07-08 07:38:08.922 8 INFO placement.requestlog [None req-199da03f-dbbd-4eac-8cdc-b1ef8ccbac70 953c349e38234952b1d1c96600c3aa3c d5abe51c18ec432cbe6bd5149ae5c925 - - 1f7f871f32914d18be1511082128c873 1f7f871f32914d18be1511082128c873] 10.0.0.140 "GET /resource_providers/465c036f-dde9-4b99-af6c-98f32f8b3a69/aggregates" status: 404 len: 235 microversion: 1.1 [pid: 8|app: 0|req: 556/1106] 10.0.0.140 () {32 vars in 816 bytes} [Wed Jul 8 07:38:08 2026] GET /resource_providers/465c036f-dde9-4b99-af6c-98f32f8b3a69/aggregates => generated 235 bytes in 8 msecs (HTTP/1.1 404) 5 headers in 202 bytes (1 switches on core 0)
2026-07-08 07:38:08.923 7 INFO placement.requestlog [None req-bf96dddb-6892-4657-8b30-7a3037b40a17 953c349e38234952b1d1c96600c3aa3c d5abe51c18ec432cbe6bd5149ae5c925 - - 1f7f871f32914d18be1511082128c873 1f7f871f32914d18be1511082128c873] 10.0.0.140 "GET /resource_providers/465c036f-dde9-4b99-af6c-98f32f8b3a69/aggregates" status: 404 len: 235 microversion: 1.1 [pid: 7|app: 0|req: 551/1107] 10.0.0.140 () {32 vars in 816 bytes} [Wed Jul 8 07:38:08 2026] GET /resource_providers/465c036f-dde9-4b99-af6c-98f32f8b3a69/aggregates => generated 235 bytes in 9 msecs (HTTP/1.1 404) 5 headers in 202 bytes (1 switches on core 0)
2026-07-08 07:38:08.944 7 INFO placement.requestlog [None req-3ae8de37-ab59-471c-ac5f-3876c777825c 953c349e38234952b1d1c96600c3aa3c d5abe51c18ec432cbe6bd5149ae5c925 - - 1f7f871f32914d18be1511082128c873 1f7f871f32914d18be1511082128c873] 10.0.0.140 "DELETE /resource_providers/465c036f-dde9-4b99-af6c-98f32f8b3a69" status: 404 len: 246 microversion: 1.1 [pid: 7|app: 0|req: 552/1108] 10.0.0.140 () {34 vars in 816 bytes} [Wed Jul 8 07:38:08 2026] DELETE /resource_providers/465c036f-dde9-4b99-af6c-98f32f8b3a69 => generated 246 bytes in 7 msecs (HTTP/1.1 404) 6 headers in 231 bytes (1 switches on core 0)
2026-07-08 07:38:08.945 8 INFO placement.requestlog [None req-4d3dc4f3-cf0d-41b0-8bc2-67f7dcd04c0f 953c349e38234952b1d1c96600c3aa3c d5abe51c18ec432cbe6bd5149ae5c925 - - 1f7f871f32914d18be1511082128c873 1f7f871f32914d18be1511082128c873] 10.0.0.140 "DELETE /resource_providers/465c036f-dde9-4b99-af6c-98f32f8b3a69" status: 404 len: 246 microversion: 1.1 [pid: 8|app: 0|req: 557/1109] 10.0.0.140 () {34 vars in 816 bytes} [Wed Jul 8 07:38:08 2026] DELETE /resource_providers/465c036f-dde9-4b99-af6c-98f32f8b3a69 => generated 246 bytes in 9 msecs (HTTP/1.1 404) 6 headers in 231 bytes (1 switches on core 0)
2026-07-08 07:38:09.274 7 INFO placement.requestlog [req-bb1a1745-bcf2-4b71-8b39-42bc21b3b517 req-a0e7838e-5375-4620-a9db-d34383821556 fb5aba70c5b2499cbce5d291cfa8fe36 d5abe51c18ec432cbe6bd5149ae5c925 - - 1f7f871f32914d18be1511082128c873 1f7f871f32914d18be1511082128c873] 199.204.45.240 "GET /resource_providers/05cd02f5-a7b1-4a2c-bf24-3664de552cd0/allocations" status: 200 len: 153 microversion: 1.0 [pid: 7|app: 0|req: 553/1110] 199.204.45.240 () {32 vars in 857 bytes} [Wed Jul 8 07:38:09 2026] GET /resource_providers/05cd02f5-a7b1-4a2c-bf24-3664de552cd0/allocations => generated 153 bytes in 20 msecs (HTTP/1.1 200) 6 headers in 224 bytes (1 switches on core 0)
2026-07-08 07:38:09.304 8 INFO placement.requestlog [req-bb1a1745-bcf2-4b71-8b39-42bc21b3b517 req-7a71c359-e7d9-4120-8394-14fc7fa7ad4f fb5aba70c5b2499cbce5d291cfa8fe36 d5abe51c18ec432cbe6bd5149ae5c925 - - 1f7f871f32914d18be1511082128c873 1f7f871f32914d18be1511082128c873] 199.204.45.240 "GET /resource_providers/05cd02f5-a7b1-4a2c-bf24-3664de552cd0/allocations" status: 200 len: 153 microversion: 1.0 [pid: 8|app: 0|req: 558/1111] 199.204.45.240 () {32 vars in 857 bytes} [Wed Jul 8 07:38:09 2026] GET /resource_providers/05cd02f5-a7b1-4a2c-bf24-3664de552cd0/allocations => generated 153 bytes in 23 msecs (HTTP/1.1 200) 6 headers in 224 bytes (1 switches on core 0)
2026-07-08 07:38:09.324 7 INFO placement.requestlog [req-bb1a1745-bcf2-4b71-8b39-42bc21b3b517 req-4bbe9015-250c-46ce-a520-330ee8fee268 fb5aba70c5b2499cbce5d291cfa8fe36 d5abe51c18ec432cbe6bd5149ae5c925 - - 1f7f871f32914d18be1511082128c873 1f7f871f32914d18be1511082128c873] 199.204.45.240 "GET /allocations/e772f877-b6d0-44a5-8d5f-b94237c865d2" status: 200 len: 258 microversion: 1.28 [pid: 7|app: 0|req: 554/1112] 199.204.45.240 () {34 vars in 863 bytes} [Wed Jul 8 07:38:09 2026] GET /allocations/e772f877-b6d0-44a5-8d5f-b94237c865d2 => generated 258 bytes in 13 msecs (HTTP/1.1 200) 8 headers in 296 bytes (1 switches on core 0)
2026-07-08 07:38:10.976 7 INFO placement.requestlog [None req-25dad9c3-d314-4905-ae93-d1f575ec4731 953c349e38234952b1d1c96600c3aa3c d5abe51c18ec432cbe6bd5149ae5c925 - - 1f7f871f32914d18be1511082128c873 1f7f871f32914d18be1511082128c873] 10.0.0.140 "GET /resource_providers/6e248422-1423-4d58-9c94-afec3872a76b/aggregates" status: 404 len: 235 microversion: 1.1 [pid: 7|app: 0|req: 555/1113] 10.0.0.140 () {32 vars in 816 bytes} [Wed Jul 8 07:38:10 2026] GET /resource_providers/6e248422-1423-4d58-9c94-afec3872a76b/aggregates => generated 235 bytes in 10 msecs (HTTP/1.1 404) 5 headers in 202 bytes (1 switches on core 0)
2026-07-08 07:38:10.982 8 INFO placement.requestlog [None req-87576ab7-92d8-4715-a846-2426bc0541ff 953c349e38234952b1d1c96600c3aa3c d5abe51c18ec432cbe6bd5149ae5c925 - - 1f7f871f32914d18be1511082128c873 1f7f871f32914d18be1511082128c873] 10.0.0.140 "GET /resource_providers/6e248422-1423-4d58-9c94-afec3872a76b/aggregates" status: 404 len: 235 microversion: 1.1 [pid: 8|app: 0|req: 559/1114] 10.0.0.140 () {32 vars in 816 bytes} [Wed Jul 8 07:38:10 2026] GET /resource_providers/6e248422-1423-4d58-9c94-afec3872a76b/aggregates => generated 235 bytes in 19 msecs (HTTP/1.1 404) 5 headers in 202 bytes (1 switches on core 0)
2026-07-08 07:38:11.002 8 INFO placement.requestlog [None req-d9bf76e3-446d-4679-b1c4-c9cfa033820d 953c349e38234952b1d1c96600c3aa3c d5abe51c18ec432cbe6bd5149ae5c925 - - 1f7f871f32914d18be1511082128c873 1f7f871f32914d18be1511082128c873] 10.0.0.140 "DELETE /resource_providers/6e248422-1423-4d58-9c94-afec3872a76b" status: 404 len: 246 microversion: 1.1 [pid: 8|app: 0|req: 560/1115] 10.0.0.140 () {34 vars in 816 bytes} [Wed Jul 8 07:38:10 2026] DELETE /resource_providers/6e248422-1423-4d58-9c94-afec3872a76b => generated 246 bytes in 9 msecs (HTTP/1.1 404) 6 headers in 231 bytes (1 switches on core 0)
2026-07-08 07:38:11.011 7 INFO placement.requestlog [None req-0b599a59-12d0-47ee-b7f1-228fdeeca61e 953c349e38234952b1d1c96600c3aa3c d5abe51c18ec432cbe6bd5149ae5c925 - - 1f7f871f32914d18be1511082128c873 1f7f871f32914d18be1511082128c873] 10.0.0.140 "DELETE /resource_providers/6e248422-1423-4d58-9c94-afec3872a76b" status: 404 len: 246 microversion: 1.1 [pid: 7|app: 0|req: 556/1116] 10.0.0.140 () {34 vars in 816 bytes} [Wed Jul 8 07:38:10 2026] DELETE /resource_providers/6e248422-1423-4d58-9c94-afec3872a76b => generated 246 bytes in 20 msecs (HTTP/1.1 404) 6 headers in 231 bytes (1 switches on core 0)
2026-07-08 07:38:12.339 7 INFO placement.requestlog [None req-7f699e5a-8e6e-4d6e-9384-891499f0bb3c 953c349e38234952b1d1c96600c3aa3c d5abe51c18ec432cbe6bd5149ae5c925 - - 1f7f871f32914d18be1511082128c873 1f7f871f32914d18be1511082128c873] 10.0.0.140 "GET /resource_providers/8365230f-bcde-4b01-bab7-f1772af0ab0d/aggregates" status: 404 len: 235 microversion: 1.1 [pid: 7|app: 0|req: 557/1117] 10.0.0.140 () {32 vars in 816 bytes} [Wed Jul 8 07:38:12 2026] GET /resource_providers/8365230f-bcde-4b01-bab7-f1772af0ab0d/aggregates => generated 235 bytes in 12 msecs (HTTP/1.1 404) 5 headers in 202 bytes (1 switches on core 0)
2026-07-08 07:38:12.344 8 INFO placement.requestlog [None req-4a83dbd7-8d0f-472d-94e9-d0ee3255649b 953c349e38234952b1d1c96600c3aa3c d5abe51c18ec432cbe6bd5149ae5c925 - - 1f7f871f32914d18be1511082128c873 1f7f871f32914d18be1511082128c873] 10.0.0.140 "GET /resource_providers/8365230f-bcde-4b01-bab7-f1772af0ab0d/aggregates" status: 404 len: 235 microversion: 1.1 [pid: 8|app: 0|req: 561/1118] 10.0.0.140 () {32 vars in 816 bytes} [Wed Jul 8 07:38:12 2026] GET /resource_providers/8365230f-bcde-4b01-bab7-f1772af0ab0d/aggregates => generated 235 bytes in 18 msecs (HTTP/1.1 404) 5 headers in 202 bytes (1 switches on core 0)
2026-07-08 07:38:12.377 7 INFO placement.requestlog [None req-e4ce5b62-b43d-4af4-a537-471c3060ccec 953c349e38234952b1d1c96600c3aa3c d5abe51c18ec432cbe6bd5149ae5c925 - - 1f7f871f32914d18be1511082128c873 1f7f871f32914d18be1511082128c873] 10.0.0.140 "DELETE /resource_providers/8365230f-bcde-4b01-bab7-f1772af0ab0d" status: 404 len: 246 microversion: 1.1 [pid: 7|app: 0|req: 558/1119] 10.0.0.140 () {34 vars in 816 bytes} [Wed Jul 8 07:38:12 2026] DELETE /resource_providers/8365230f-bcde-4b01-bab7-f1772af0ab0d => generated 246 bytes in 14 msecs (HTTP/1.1 404) 6 headers in 231 bytes (1 switches on core 0)
2026-07-08 07:38:12.381 8 INFO placement.requestlog [None req-67172ed1-da54-4228-9217-b277ce6dc42a 953c349e38234952b1d1c96600c3aa3c d5abe51c18ec432cbe6bd5149ae5c925 - - 1f7f871f32914d18be1511082128c873 1f7f871f32914d18be1511082128c873] 10.0.0.140 "DELETE /resource_providers/8365230f-bcde-4b01-bab7-f1772af0ab0d" status: 404 len: 246 microversion: 1.1 [pid: 8|app: 0|req: 562/1120] 10.0.0.140 () {34 vars in 816 bytes} [Wed Jul 8 07:38:12 2026] DELETE /resource_providers/8365230f-bcde-4b01-bab7-f1772af0ab0d => generated 246 bytes in 20 msecs (HTTP/1.1 404) 6 headers in 231 bytes (1 switches on core 0)
2026-07-08 07:38:12.848 8 INFO placement.requestlog [None req-5b8d263b-a59b-4975-90d1-5f9081d9b8ba - - - - - -] 10.0.0.97 "GET /" status: 200 len: 136 microversion: 1.0
2026-07-08 07:38:12.848 7 INFO placement.requestlog [None req-757e29f1-af8c-482b-8560-75d4ce2746c4 - - - - - -] 10.0.0.97 "GET /" status: 200 len: 136 microversion: 1.0
2026-07-08 07:38:14.142 8 INFO placement.requestlog [req-f74f4505-1283-4c68-a53e-eff51a30d00c req-4c30146c-a294-4221-9941-bd6a96d67dd5 fb5aba70c5b2499cbce5d291cfa8fe36 d5abe51c18ec432cbe6bd5149ae5c925 - - 1f7f871f32914d18be1511082128c873 1f7f871f32914d18be1511082128c873] 199.204.45.240 "GET /resource_providers/05cd02f5-a7b1-4a2c-bf24-3664de552cd0/allocations" status: 200 len: 153 microversion: 1.0 [pid: 8|app: 0|req: 564/1123] 199.204.45.240 () {32 vars in 857 bytes} [Wed Jul 8 07:38:14 2026] GET /resource_providers/05cd02f5-a7b1-4a2c-bf24-3664de552cd0/allocations => generated 153 bytes in 18 msecs (HTTP/1.1 200) 6 headers in 224 bytes (1 switches on core 0)
2026-07-08 07:38:14.161 7 INFO placement.requestlog [req-f74f4505-1283-4c68-a53e-eff51a30d00c req-b76497d3-87bb-47ce-8ffc-dad10036ec18 fb5aba70c5b2499cbce5d291cfa8fe36 d5abe51c18ec432cbe6bd5149ae5c925 - - 1f7f871f32914d18be1511082128c873 1f7f871f32914d18be1511082128c873] 199.204.45.240 "GET /allocations/e772f877-b6d0-44a5-8d5f-b94237c865d2" status: 200 len: 258 microversion: 1.28 [pid: 7|app: 0|req: 560/1124] 199.204.45.240 () {34 vars in 863 bytes} [Wed Jul 8 07:38:14 2026] GET /allocations/e772f877-b6d0-44a5-8d5f-b94237c865d2 => generated 258 bytes in 14 msecs (HTTP/1.1 200) 8 headers in 296 bytes (1 switches on core 0)
2026-07-08 07:38:15.222 8 INFO placement.requestlog [req-f74f4505-1283-4c68-a53e-eff51a30d00c req-7985cff7-5e08-45e7-8da8-e9e1cdde6912 fb5aba70c5b2499cbce5d291cfa8fe36 d5abe51c18ec432cbe6bd5149ae5c925 - - 1f7f871f32914d18be1511082128c873 1f7f871f32914d18be1511082128c873] 199.204.45.240 "DELETE /allocations/e772f877-b6d0-44a5-8d5f-b94237c865d2" status: 204 len: 0 microversion: 1.0 [pid: 8|app: 0|req: 565/1125] 199.204.45.240 () {34 vars in 841 bytes} [Wed Jul 8 07:38:15 2026] DELETE /allocations/e772f877-b6d0-44a5-8d5f-b94237c865d2 => generated 0 bytes in 37 msecs (HTTP/1.1 204) 5 headers in 198 bytes (1 switches on core 0)
