2026-07-08 07:33:24.991 8 INFO cinder.api.openstack.wsgi [None req-747097b7-e5dc-4f07-b019-4bed8d55d41e 8822156475914e6299f9f12be3e8d7c0 f78f7fe1f9a746cb93186ba75041c46a - - default default] http://cinder-api.openstack.svc.cluster.local:8776/v3/f78f7fe1f9a746cb93186ba75041c46a/os-quota-sets/f78f7fe1f9a746cb93186ba75041c46a?usage=true returned with HTTP 200 [pid: 8|app: 0|req: 349/698] 10.0.0.119 () {28 vars in 736 bytes} [Wed Jul 8 07:33:24 2026] GET /v3/f78f7fe1f9a746cb93186ba75041c46a/os-quota-sets/f78f7fe1f9a746cb93186ba75041c46a?usage=true => generated 845 bytes in 32 msecs (HTTP/1.1 200) 7 headers in 285 bytes (1 switches on core 0)
2026-07-08 07:33:25.211 8 INFO cinder.api.openstack.wsgi [None req-747097b7-e5dc-4f07-b019-4bed8d55d41e 8822156475914e6299f9f12be3e8d7c0 f78f7fe1f9a746cb93186ba75041c46a - - default default] GET http://10.0.0.19:8776/
2026-07-08 07:33:25.210 7 INFO cinder.api.openstack.wsgi [None req-746ecb72-0006-466e-b573-50d9b369aff7 8822156475914e6299f9f12be3e8d7c0 f78f7fe1f9a746cb93186ba75041c46a - - default default] GET http://10.0.0.19:8776/
2026-07-08 07:33:25.212 8 INFO cinder.api.openstack.wsgi [None req-747097b7-e5dc-4f07-b019-4bed8d55d41e 8822156475914e6299f9f12be3e8d7c0 f78f7fe1f9a746cb93186ba75041c46a - - default default] http://10.0.0.19:8776/ returned with HTTP 300
2026-07-08 07:33:25.212 7 INFO cinder.api.openstack.wsgi [None req-746ecb72-0006-466e-b573-50d9b369aff7 8822156475914e6299f9f12be3e8d7c0 f78f7fe1f9a746cb93186ba75041c46a - - default default] http://10.0.0.19:8776/ returned with HTTP 300
2026-07-08 07:33:35.210 8 INFO cinder.api.openstack.wsgi [None req-747097b7-e5dc-4f07-b019-4bed8d55d41e 8822156475914e6299f9f12be3e8d7c0 f78f7fe1f9a746cb93186ba75041c46a - - default default] GET http://10.0.0.19:8776/
2026-07-08 07:33:35.211 8 INFO cinder.api.openstack.wsgi [None req-747097b7-e5dc-4f07-b019-4bed8d55d41e 8822156475914e6299f9f12be3e8d7c0 f78f7fe1f9a746cb93186ba75041c46a - - default default] http://10.0.0.19:8776/ returned with HTTP 300
2026-07-08 07:33:35.211 7 INFO cinder.api.openstack.wsgi [None req-746ecb72-0006-466e-b573-50d9b369aff7 8822156475914e6299f9f12be3e8d7c0 f78f7fe1f9a746cb93186ba75041c46a - - default default] GET http://10.0.0.19:8776/
2026-07-08 07:33:35.212 7 INFO cinder.api.openstack.wsgi [None req-746ecb72-0006-466e-b573-50d9b369aff7 8822156475914e6299f9f12be3e8d7c0 f78f7fe1f9a746cb93186ba75041c46a - - default default] http://10.0.0.19:8776/ returned with HTTP 300
2026-07-08 07:33:45.210 7 INFO cinder.api.openstack.wsgi [None req-746ecb72-0006-466e-b573-50d9b369aff7 8822156475914e6299f9f12be3e8d7c0 f78f7fe1f9a746cb93186ba75041c46a - - default default] GET http://10.0.0.19:8776/
2026-07-08 07:33:45.210 8 INFO cinder.api.openstack.wsgi [None req-747097b7-e5dc-4f07-b019-4bed8d55d41e 8822156475914e6299f9f12be3e8d7c0 f78f7fe1f9a746cb93186ba75041c46a - - default default] GET http://10.0.0.19:8776/
2026-07-08 07:33:45.211 7 INFO cinder.api.openstack.wsgi [None req-746ecb72-0006-466e-b573-50d9b369aff7 8822156475914e6299f9f12be3e8d7c0 f78f7fe1f9a746cb93186ba75041c46a - - default default] http://10.0.0.19:8776/ returned with HTTP 300
2026-07-08 07:33:45.211 8 INFO cinder.api.openstack.wsgi [None req-747097b7-e5dc-4f07-b019-4bed8d55d41e 8822156475914e6299f9f12be3e8d7c0 f78f7fe1f9a746cb93186ba75041c46a - - default default] http://10.0.0.19:8776/ returned with HTTP 300
2026-07-08 07:33:47.998 7 INFO cinder.api.openstack.wsgi [None req-c5806309-c557-4b72-9650-4c0777d5fff6 8822156475914e6299f9f12be3e8d7c0 f78f7fe1f9a746cb93186ba75041c46a - - default default] GET http://cinder-api.openstack.svc.cluster.local:8776/v3/f78f7fe1f9a746cb93186ba75041c46a/snapshots
2026-07-08 07:33:48.011 7 INFO cinder.volume.api [None req-c5806309-c557-4b72-9650-4c0777d5fff6 8822156475914e6299f9f12be3e8d7c0 f78f7fe1f9a746cb93186ba75041c46a - - default default] Get all snapshots completed successfully.
2026-07-08 07:33:48.011 7 INFO cinder.api.openstack.wsgi [None req-c5806309-c557-4b72-9650-4c0777d5fff6 8822156475914e6299f9f12be3e8d7c0 f78f7fe1f9a746cb93186ba75041c46a - - default default] http://cinder-api.openstack.svc.cluster.local:8776/v3/f78f7fe1f9a746cb93186ba75041c46a/snapshots returned with HTTP 200 [pid: 7|app: 0|req: 353/705] 10.0.0.155 () {32 vars in 705 bytes} [Wed Jul 8 07:33:47 2026] GET /v3/f78f7fe1f9a746cb93186ba75041c46a/snapshots => generated 17 bytes in 21 msecs (HTTP/1.1 200) 7 headers in 284 bytes (1 switches on core 0)
2026-07-08 07:33:48.025 8 INFO cinder.api.openstack.wsgi [None req-75ae0896-ba7c-428c-9ffb-bbe045fc24ba 8822156475914e6299f9f12be3e8d7c0 f78f7fe1f9a746cb93186ba75041c46a - - default default] GET http://cinder-api.openstack.svc.cluster.local:8776/v3/f78f7fe1f9a746cb93186ba75041c46a/volumes
2026-07-08 07:33:48.054 8 INFO cinder.volume.api [None req-75ae0896-ba7c-428c-9ffb-bbe045fc24ba 8822156475914e6299f9f12be3e8d7c0 f78f7fe1f9a746cb93186ba75041c46a - - default default] Get all volumes completed successfully.
2026-07-08 07:33:48.054 8 INFO cinder.api.openstack.wsgi [None req-75ae0896-ba7c-428c-9ffb-bbe045fc24ba 8822156475914e6299f9f12be3e8d7c0 f78f7fe1f9a746cb93186ba75041c46a - - default default] http://cinder-api.openstack.svc.cluster.local:8776/v3/f78f7fe1f9a746cb93186ba75041c46a/volumes returned with HTTP 200 [pid: 8|app: 0|req: 353/706] 10.0.0.155 () {32 vars in 701 bytes} [Wed Jul 8 07:33:48 2026] GET /v3/f78f7fe1f9a746cb93186ba75041c46a/volumes => generated 15 bytes in 35 msecs (HTTP/1.1 200) 7 headers in 284 bytes (1 switches on core 0)
2026-07-08 07:33:55.210 7 INFO cinder.api.openstack.wsgi [None req-c5806309-c557-4b72-9650-4c0777d5fff6 8822156475914e6299f9f12be3e8d7c0 f78f7fe1f9a746cb93186ba75041c46a - - default default] GET http://10.0.0.19:8776/
2026-07-08 07:33:55.210 8 INFO cinder.api.openstack.wsgi [None req-75ae0896-ba7c-428c-9ffb-bbe045fc24ba 8822156475914e6299f9f12be3e8d7c0 f78f7fe1f9a746cb93186ba75041c46a - - default default] GET http://10.0.0.19:8776/
2026-07-08 07:33:55.211 7 INFO cinder.api.openstack.wsgi [None req-c5806309-c557-4b72-9650-4c0777d5fff6 8822156475914e6299f9f12be3e8d7c0 f78f7fe1f9a746cb93186ba75041c46a - - default default] http://10.0.0.19:8776/ returned with HTTP 300
2026-07-08 07:33:55.212 8 INFO cinder.api.openstack.wsgi [None req-75ae0896-ba7c-428c-9ffb-bbe045fc24ba 8822156475914e6299f9f12be3e8d7c0 f78f7fe1f9a746cb93186ba75041c46a - - default default] http://10.0.0.19:8776/ returned with HTTP 300
2026-07-08 07:34:05.210 7 INFO cinder.api.openstack.wsgi [None req-c5806309-c557-4b72-9650-4c0777d5fff6 8822156475914e6299f9f12be3e8d7c0 f78f7fe1f9a746cb93186ba75041c46a - - default default] GET http://10.0.0.19:8776/
2026-07-08 07:34:05.211 8 INFO cinder.api.openstack.wsgi [None req-75ae0896-ba7c-428c-9ffb-bbe045fc24ba 8822156475914e6299f9f12be3e8d7c0 f78f7fe1f9a746cb93186ba75041c46a - - default default] GET http://10.0.0.19:8776/
2026-07-08 07:34:05.212 7 INFO cinder.api.openstack.wsgi [None req-c5806309-c557-4b72-9650-4c0777d5fff6 8822156475914e6299f9f12be3e8d7c0 f78f7fe1f9a746cb93186ba75041c46a - - default default] http://10.0.0.19:8776/ returned with HTTP 300
2026-07-08 07:34:05.212 8 INFO cinder.api.openstack.wsgi [None req-75ae0896-ba7c-428c-9ffb-bbe045fc24ba 8822156475914e6299f9f12be3e8d7c0 f78f7fe1f9a746cb93186ba75041c46a - - default default] http://10.0.0.19:8776/ returned with HTTP 300
2026-07-08 07:34:12.698 7 INFO cinder.api.openstack.wsgi [None req-7ba5b9e1-b463-482d-bede-86a7f32cfebb 5a5ae0046f394fe7b4eb5705c1c1647a b1ce42c43fb248d092f5769e4399c6ff - - default default] POST http://cinder-api.openstack.svc.cluster.local:8776/v3/b1ce42c43fb248d092f5769e4399c6ff/volumes
2026-07-08 07:34:13.546 7 INFO cinder.api.v3.volumes [None req-7ba5b9e1-b463-482d-bede-86a7f32cfebb 5a5ae0046f394fe7b4eb5705c1c1647a b1ce42c43fb248d092f5769e4399c6ff - - default default] Create volume of 1 GB
2026-07-08 07:34:13.574 7 INFO cinder.volume.api [None req-7ba5b9e1-b463-482d-bede-86a7f32cfebb 5a5ae0046f394fe7b4eb5705c1c1647a b1ce42c43fb248d092f5769e4399c6ff - - default default] Availability Zones retrieved successfully.
2026-07-08 07:34:13.972 7 INFO cinder.volume.api [None req-7ba5b9e1-b463-482d-bede-86a7f32cfebb 5a5ae0046f394fe7b4eb5705c1c1647a b1ce42c43fb248d092f5769e4399c6ff - - default default] Create volume request issued successfully.
2026-07-08 07:34:13.973 7 INFO cinder.api.openstack.wsgi [None req-7ba5b9e1-b463-482d-bede-86a7f32cfebb 5a5ae0046f394fe7b4eb5705c1c1647a b1ce42c43fb248d092f5769e4399c6ff - - default default] http://cinder-api.openstack.svc.cluster.local:8776/v3/b1ce42c43fb248d092f5769e4399c6ff/volumes returned with HTTP 202 [pid: 7|app: 0|req: 356/711] 10.0.0.155 () {34 vars in 723 bytes} [Wed Jul 8 07:34:12 2026] POST /v3/b1ce42c43fb248d092f5769e4399c6ff/volumes => generated 864 bytes in 1283 msecs (HTTP/1.1 202) 7 headers in 291 bytes (1 switches on core 0)
2026-07-08 07:34:13.992 8 INFO cinder.api.openstack.wsgi [None req-ead7cfc2-054d-4318-9c93-faa2712b1352 5a5ae0046f394fe7b4eb5705c1c1647a b1ce42c43fb248d092f5769e4399c6ff - - default default] GET http://cinder-api.openstack.svc.cluster.local:8776/v3/b1ce42c43fb248d092f5769e4399c6ff/volumes/19bf2f58-911f-46dd-8b7f-8eda87d808a6 /var/lib/openstack/lib/python3.12/site-packages/oslo_context/context.py:101: DeprecationWarning: Policy enforcement is depending on the value of is_admin. This key is deprecated. Please update your policy file to use the standard policy values. warnings.warn(
2026-07-08 07:34:14.045 8 INFO cinder.volume.api [None req-ead7cfc2-054d-4318-9c93-faa2712b1352 5a5ae0046f394fe7b4eb5705c1c1647a b1ce42c43fb248d092f5769e4399c6ff - - default default] Volume info retrieved successfully.
2026-07-08 07:34:14.055 8 INFO cinder.api.openstack.wsgi [None req-ead7cfc2-054d-4318-9c93-faa2712b1352 5a5ae0046f394fe7b4eb5705c1c1647a b1ce42c43fb248d092f5769e4399c6ff - - default default] http://cinder-api.openstack.svc.cluster.local:8776/v3/b1ce42c43fb248d092f5769e4399c6ff/volumes/19bf2f58-911f-46dd-8b7f-8eda87d808a6 returned with HTTP 200 [pid: 8|app: 0|req: 356/712] 10.0.0.155 () {32 vars in 775 bytes} [Wed Jul 8 07:34:13 2026] GET /v3/b1ce42c43fb248d092f5769e4399c6ff/volumes/19bf2f58-911f-46dd-8b7f-8eda87d808a6 => generated 932 bytes in 69 msecs (HTTP/1.1 200) 7 headers in 285 bytes (1 switches on core 0) /var/lib/openstack/lib/python3.12/site-packages/pycadf/identifier.py:70: UserWarning: Invalid uuid: cinderv3. To ensure interoperability, identifiers should be a valid uuid. warnings.warn(('Invalid uuid: %s. To ensure interoperability, '
2026-07-08 07:34:15.078 7 INFO cinder.api.openstack.wsgi [None req-987f8b16-07f5-462e-a244-815ec3a9946e 5a5ae0046f394fe7b4eb5705c1c1647a b1ce42c43fb248d092f5769e4399c6ff - - default default] GET http://cinder-api.openstack.svc.cluster.local:8776/v3/b1ce42c43fb248d092f5769e4399c6ff/volumes/19bf2f58-911f-46dd-8b7f-8eda87d808a6 /var/lib/openstack/lib/python3.12/site-packages/oslo_context/context.py:101: DeprecationWarning: Policy enforcement is depending on the value of is_admin. This key is deprecated. Please update your policy file to use the standard policy values. warnings.warn(
2026-07-08 07:34:15.105 7 INFO cinder.volume.api [None req-987f8b16-07f5-462e-a244-815ec3a9946e 5a5ae0046f394fe7b4eb5705c1c1647a b1ce42c43fb248d092f5769e4399c6ff - - default default] Volume info retrieved successfully.
2026-07-08 07:34:15.120 7 INFO cinder.api.openstack.wsgi [None req-987f8b16-07f5-462e-a244-815ec3a9946e 5a5ae0046f394fe7b4eb5705c1c1647a b1ce42c43fb248d092f5769e4399c6ff - - default default] http://cinder-api.openstack.svc.cluster.local:8776/v3/b1ce42c43fb248d092f5769e4399c6ff/volumes/19bf2f58-911f-46dd-8b7f-8eda87d808a6 returned with HTTP 200 [pid: 7|app: 0|req: 357/713] 10.0.0.155 () {32 vars in 775 bytes} [Wed Jul 8 07:34:15 2026] GET /v3/b1ce42c43fb248d092f5769e4399c6ff/volumes/19bf2f58-911f-46dd-8b7f-8eda87d808a6 => generated 956 bytes in 47 msecs (HTTP/1.1 200) 7 headers in 285 bytes (1 switches on core 0)
2026-07-08 07:34:15.210 8 INFO cinder.api.openstack.wsgi [None req-ead7cfc2-054d-4318-9c93-faa2712b1352 5a5ae0046f394fe7b4eb5705c1c1647a b1ce42c43fb248d092f5769e4399c6ff - - default default] GET http://10.0.0.19:8776/
2026-07-08 07:34:15.210 8 INFO cinder.api.openstack.wsgi [None req-ead7cfc2-054d-4318-9c93-faa2712b1352 5a5ae0046f394fe7b4eb5705c1c1647a b1ce42c43fb248d092f5769e4399c6ff - - default default] http://10.0.0.19:8776/ returned with HTTP 300
2026-07-08 07:34:15.210 7 INFO cinder.api.openstack.wsgi [None req-987f8b16-07f5-462e-a244-815ec3a9946e 5a5ae0046f394fe7b4eb5705c1c1647a b1ce42c43fb248d092f5769e4399c6ff - - default default] GET http://10.0.0.19:8776/
2026-07-08 07:34:15.212 7 INFO cinder.api.openstack.wsgi [None req-987f8b16-07f5-462e-a244-815ec3a9946e 5a5ae0046f394fe7b4eb5705c1c1647a b1ce42c43fb248d092f5769e4399c6ff - - default default] http://10.0.0.19:8776/ returned with HTTP 300 /var/lib/openstack/lib/python3.12/site-packages/pycadf/identifier.py:70: UserWarning: Invalid uuid: cinderv3. To ensure interoperability, identifiers should be a valid uuid. warnings.warn(('Invalid uuid: %s. To ensure interoperability, '
2026-07-08 07:34:16.150 8 INFO cinder.api.openstack.wsgi [None req-75774888-b63e-432c-88b2-4236a991554c 5a5ae0046f394fe7b4eb5705c1c1647a b1ce42c43fb248d092f5769e4399c6ff - - default default] GET http://cinder-api.openstack.svc.cluster.local:8776/v3/b1ce42c43fb248d092f5769e4399c6ff/volumes/19bf2f58-911f-46dd-8b7f-8eda87d808a6 /var/lib/openstack/lib/python3.12/site-packages/oslo_context/context.py:101: DeprecationWarning: Policy enforcement is depending on the value of is_admin. This key is deprecated. Please update your policy file to use the standard policy values. warnings.warn(
2026-07-08 07:34:16.173 8 INFO cinder.volume.api [None req-75774888-b63e-432c-88b2-4236a991554c 5a5ae0046f394fe7b4eb5705c1c1647a b1ce42c43fb248d092f5769e4399c6ff - - default default] Volume info retrieved successfully.
2026-07-08 07:34:16.179 8 INFO cinder.api.openstack.wsgi [None req-75774888-b63e-432c-88b2-4236a991554c 5a5ae0046f394fe7b4eb5705c1c1647a b1ce42c43fb248d092f5769e4399c6ff - - default default] http://cinder-api.openstack.svc.cluster.local:8776/v3/b1ce42c43fb248d092f5769e4399c6ff/volumes/19bf2f58-911f-46dd-8b7f-8eda87d808a6 returned with HTTP 200 [pid: 8|app: 0|req: 358/716] 10.0.0.155 () {32 vars in 775 bytes} [Wed Jul 8 07:34:16 2026] GET /v3/b1ce42c43fb248d092f5769e4399c6ff/volumes/19bf2f58-911f-46dd-8b7f-8eda87d808a6 => generated 956 bytes in 34 msecs (HTTP/1.1 200) 7 headers in 285 bytes (1 switches on core 0) /var/lib/openstack/lib/python3.12/site-packages/pycadf/identifier.py:70: UserWarning: Invalid uuid: cinderv3. To ensure interoperability, identifiers should be a valid uuid. warnings.warn(('Invalid uuid: %s. To ensure interoperability, '
2026-07-08 07:34:17.207 7 INFO cinder.api.openstack.wsgi [None req-72d93b4d-5f4f-4ebc-923c-26dac9957243 5a5ae0046f394fe7b4eb5705c1c1647a b1ce42c43fb248d092f5769e4399c6ff - - default default] GET http://cinder-api.openstack.svc.cluster.local:8776/v3/b1ce42c43fb248d092f5769e4399c6ff/volumes/19bf2f58-911f-46dd-8b7f-8eda87d808a6 /var/lib/openstack/lib/python3.12/site-packages/oslo_context/context.py:101: DeprecationWarning: Policy enforcement is depending on the value of is_admin. This key is deprecated. Please update your policy file to use the standard policy values. warnings.warn(
2026-07-08 07:34:17.231 7 INFO cinder.volume.api [None req-72d93b4d-5f4f-4ebc-923c-26dac9957243 5a5ae0046f394fe7b4eb5705c1c1647a b1ce42c43fb248d092f5769e4399c6ff - - default default] Volume info retrieved successfully.
2026-07-08 07:34:17.240 7 INFO cinder.api.openstack.wsgi [None req-72d93b4d-5f4f-4ebc-923c-26dac9957243 5a5ae0046f394fe7b4eb5705c1c1647a b1ce42c43fb248d092f5769e4399c6ff - - default default] http://cinder-api.openstack.svc.cluster.local:8776/v3/b1ce42c43fb248d092f5769e4399c6ff/volumes/19bf2f58-911f-46dd-8b7f-8eda87d808a6 returned with HTTP 200 [pid: 7|app: 0|req: 359/717] 10.0.0.155 () {32 vars in 775 bytes} [Wed Jul 8 07:34:17 2026] GET /v3/b1ce42c43fb248d092f5769e4399c6ff/volumes/19bf2f58-911f-46dd-8b7f-8eda87d808a6 => generated 1482 bytes in 42 msecs (HTTP/1.1 200) 7 headers in 286 bytes (1 switches on core 0) /var/lib/openstack/lib/python3.12/site-packages/pycadf/identifier.py:70: UserWarning: Invalid uuid: cinderv3. To ensure interoperability, identifiers should be a valid uuid. warnings.warn(('Invalid uuid: %s. To ensure interoperability, '
2026-07-08 07:34:17.351 8 INFO cinder.api.openstack.wsgi [req-cced7832-fe99-4618-a369-c05563d2f637 req-0023533d-019d-44e5-8bb2-71459d1f6cbf 5a5ae0046f394fe7b4eb5705c1c1647a b1ce42c43fb248d092f5769e4399c6ff - - default default] GET http://cinder-api.openstack.svc.cluster.local:8776/v3/b1ce42c43fb248d092f5769e4399c6ff/volumes/19bf2f58-911f-46dd-8b7f-8eda87d808a6 /var/lib/openstack/lib/python3.12/site-packages/oslo_context/context.py:101: DeprecationWarning: Policy enforcement is depending on the value of is_admin. This key is deprecated. Please update your policy file to use the standard policy values. warnings.warn(
2026-07-08 07:34:17.365 8 INFO cinder.volume.api [req-cced7832-fe99-4618-a369-c05563d2f637 req-0023533d-019d-44e5-8bb2-71459d1f6cbf 5a5ae0046f394fe7b4eb5705c1c1647a b1ce42c43fb248d092f5769e4399c6ff - - default default] Volume info retrieved successfully.
2026-07-08 07:34:17.371 8 INFO cinder.api.openstack.wsgi [req-cced7832-fe99-4618-a369-c05563d2f637 req-0023533d-019d-44e5-8bb2-71459d1f6cbf 5a5ae0046f394fe7b4eb5705c1c1647a b1ce42c43fb248d092f5769e4399c6ff - - default default] http://cinder-api.openstack.svc.cluster.local:8776/v3/b1ce42c43fb248d092f5769e4399c6ff/volumes/19bf2f58-911f-46dd-8b7f-8eda87d808a6 returned with HTTP 200 [pid: 8|app: 0|req: 359/718] 10.0.0.81 () {34 vars in 1027 bytes} [Wed Jul 8 07:34:17 2026] GET /v3/b1ce42c43fb248d092f5769e4399c6ff/volumes/19bf2f58-911f-46dd-8b7f-8eda87d808a6 => generated 1482 bytes in 28 msecs (HTTP/1.1 200) 7 headers in 286 bytes (1 switches on core 0) /var/lib/openstack/lib/python3.12/site-packages/pycadf/identifier.py:70: UserWarning: Invalid uuid: cinderv3. To ensure interoperability, identifiers should be a valid uuid. warnings.warn(('Invalid uuid: %s. To ensure interoperability, '
2026-07-08 07:34:19.166 7 INFO cinder.api.openstack.wsgi [req-cced7832-fe99-4618-a369-c05563d2f637 req-44b95f25-a6ae-449e-afae-c7107575c4f9 5a5ae0046f394fe7b4eb5705c1c1647a b1ce42c43fb248d092f5769e4399c6ff - - default default] GET http://cinder-api.openstack.svc.cluster.local:8776/v3/b1ce42c43fb248d092f5769e4399c6ff/volumes/19bf2f58-911f-46dd-8b7f-8eda87d808a6 /var/lib/openstack/lib/python3.12/site-packages/oslo_context/context.py:101: DeprecationWarning: Policy enforcement is depending on the value of is_admin. This key is deprecated. Please update your policy file to use the standard policy values. warnings.warn(
2026-07-08 07:34:19.187 7 INFO cinder.volume.api [req-cced7832-fe99-4618-a369-c05563d2f637 req-44b95f25-a6ae-449e-afae-c7107575c4f9 5a5ae0046f394fe7b4eb5705c1c1647a b1ce42c43fb248d092f5769e4399c6ff - - default default] Volume info retrieved successfully.
2026-07-08 07:34:19.195 7 INFO cinder.api.openstack.wsgi [req-cced7832-fe99-4618-a369-c05563d2f637 req-44b95f25-a6ae-449e-afae-c7107575c4f9 5a5ae0046f394fe7b4eb5705c1c1647a b1ce42c43fb248d092f5769e4399c6ff - - default default] http://cinder-api.openstack.svc.cluster.local:8776/v3/b1ce42c43fb248d092f5769e4399c6ff/volumes/19bf2f58-911f-46dd-8b7f-8eda87d808a6 returned with HTTP 200 [pid: 7|app: 0|req: 360/719] 10.0.0.81 () {34 vars in 1027 bytes} [Wed Jul 8 07:34:19 2026] GET /v3/b1ce42c43fb248d092f5769e4399c6ff/volumes/19bf2f58-911f-46dd-8b7f-8eda87d808a6 => generated 1482 bytes in 36 msecs (HTTP/1.1 200) 7 headers in 286 bytes (1 switches on core 0)
2026-07-08 07:34:19.203 8 INFO cinder.api.openstack.wsgi [req-cced7832-fe99-4618-a369-c05563d2f637 req-0023533d-019d-44e5-8bb2-71459d1f6cbf 5a5ae0046f394fe7b4eb5705c1c1647a b1ce42c43fb248d092f5769e4399c6ff - - default default] GET http://cinder-api.openstack.svc.cluster.local:8776/
2026-07-08 07:34:19.204 8 INFO cinder.api.openstack.wsgi [req-cced7832-fe99-4618-a369-c05563d2f637 req-0023533d-019d-44e5-8bb2-71459d1f6cbf 5a5ae0046f394fe7b4eb5705c1c1647a b1ce42c43fb248d092f5769e4399c6ff - - default default] http://cinder-api.openstack.svc.cluster.local:8776/ returned with HTTP 300 [pid: 8|app: 0|req: 360/720] 10.0.0.81 () {32 vars in 828 bytes} [Wed Jul 8 07:34:19 2026] GET / => generated 411 bytes in 2 msecs (HTTP/1.1 300) 5 headers in 169 bytes (1 switches on core 0) /var/lib/openstack/lib/python3.12/site-packages/pycadf/identifier.py:70: UserWarning: Invalid uuid: cinderv3. To ensure interoperability, identifiers should be a valid uuid. warnings.warn(('Invalid uuid: %s. To ensure interoperability, '
2026-07-08 07:34:19.217 7 INFO cinder.api.openstack.wsgi [req-cced7832-fe99-4618-a369-c05563d2f637 req-03338924-dc3b-4a39-88b0-240bf82aaa6a 5a5ae0046f394fe7b4eb5705c1c1647a b1ce42c43fb248d092f5769e4399c6ff - - default default] POST http://cinder-api.openstack.svc.cluster.local:8776/v3/b1ce42c43fb248d092f5769e4399c6ff/attachments /var/lib/openstack/lib/python3.12/site-packages/oslo_context/context.py:101: DeprecationWarning: Policy enforcement is depending on the value of is_admin. This key is deprecated. Please update your policy file to use the standard policy values. warnings.warn(
2026-07-08 07:34:19.303 7 INFO cinder.api.openstack.wsgi [req-cced7832-fe99-4618-a369-c05563d2f637 req-03338924-dc3b-4a39-88b0-240bf82aaa6a 5a5ae0046f394fe7b4eb5705c1c1647a b1ce42c43fb248d092f5769e4399c6ff - - default default] http://cinder-api.openstack.svc.cluster.local:8776/v3/b1ce42c43fb248d092f5769e4399c6ff/attachments returned with HTTP 200 [pid: 7|app: 0|req: 361/721] 10.0.0.81 () {40 vars in 1056 bytes} [Wed Jul 8 07:34:19 2026] POST /v3/b1ce42c43fb248d092f5769e4399c6ff/attachments => generated 273 bytes in 92 msecs (HTTP/1.1 200) 7 headers in 286 bytes (1 switches on core 0) /var/lib/openstack/lib/python3.12/site-packages/pycadf/identifier.py:70: UserWarning: Invalid uuid: cinderv3. To ensure interoperability, identifiers should be a valid uuid. warnings.warn(('Invalid uuid: %s. To ensure interoperability, '
2026-07-08 07:34:24.370 8 INFO cinder.api.openstack.wsgi [None req-244143d0-5f4a-437e-8e3a-1437941f1fb4 8822156475914e6299f9f12be3e8d7c0 f78f7fe1f9a746cb93186ba75041c46a - - default default] GET http://cinder-api.openstack.svc.cluster.local:8776/v3/f78f7fe1f9a746cb93186ba75041c46a/os-services
2026-07-08 07:34:24.374 8 INFO cinder.api.openstack.wsgi [None req-244143d0-5f4a-437e-8e3a-1437941f1fb4 8822156475914e6299f9f12be3e8d7c0 f78f7fe1f9a746cb93186ba75041c46a - - default default] http://cinder-api.openstack.svc.cluster.local:8776/v3/f78f7fe1f9a746cb93186ba75041c46a/os-services returned with HTTP 200 [pid: 8|app: 0|req: 361/722] 10.0.0.119 () {28 vars in 645 bytes} [Wed Jul 8 07:34:24 2026] GET /v3/f78f7fe1f9a746cb93186ba75041c46a/os-services => generated 646 bytes in 173 msecs (HTTP/1.1 200) 7 headers in 285 bytes (1 switches on core 0) /var/lib/openstack/lib/python3.12/site-packages/pycadf/identifier.py:70: UserWarning: Invalid uuid: cinderv3. To ensure interoperability, identifiers should be a valid uuid. warnings.warn(('Invalid uuid: %s. To ensure interoperability, '
2026-07-08 07:34:24.462 7 INFO cinder.api.openstack.wsgi [None req-bff3c718-c22b-4469-b3d5-58f8f09f3aac 8822156475914e6299f9f12be3e8d7c0 f78f7fe1f9a746cb93186ba75041c46a - - default default] GET http://cinder-api.openstack.svc.cluster.local:8776/v3/f78f7fe1f9a746cb93186ba75041c46a/os-quota-sets/295d50a5457742b0b40a2c8716ecc276?usage=true /var/lib/openstack/lib/python3.12/site-packages/oslo_context/context.py:101: DeprecationWarning: Policy enforcement is depending on the value of is_admin. This key is deprecated. Please update your policy file to use the standard policy values. warnings.warn(
2026-07-08 07:34:24.516 7 INFO cinder.api.openstack.wsgi [None req-bff3c718-c22b-4469-b3d5-58f8f09f3aac 8822156475914e6299f9f12be3e8d7c0 f78f7fe1f9a746cb93186ba75041c46a - - default default] http://cinder-api.openstack.svc.cluster.local:8776/v3/f78f7fe1f9a746cb93186ba75041c46a/os-quota-sets/295d50a5457742b0b40a2c8716ecc276?usage=true returned with HTTP 200 [pid: 7|app: 0|req: 362/723] 10.0.0.119 () {28 vars in 736 bytes} [Wed Jul 8 07:34:24 2026] GET /v3/f78f7fe1f9a746cb93186ba75041c46a/os-quota-sets/295d50a5457742b0b40a2c8716ecc276?usage=true => generated 847 bytes in 64 msecs (HTTP/1.1 200) 7 headers in 285 bytes (1 switches on core 0)
2026-07-08 07:34:24.529 8 INFO cinder.api.openstack.wsgi [None req-ab0737ed-3636-4e7e-905c-39b98cb5e1de 8822156475914e6299f9f12be3e8d7c0 f78f7fe1f9a746cb93186ba75041c46a - - default default] GET http://cinder-api.openstack.svc.cluster.local:8776/v3/f78f7fe1f9a746cb93186ba75041c46a/os-quota-sets/511c542930af4d60892dc06104a32eb3?usage=true
2026-07-08 07:34:24.558 8 INFO cinder.api.openstack.wsgi [None req-ab0737ed-3636-4e7e-905c-39b98cb5e1de 8822156475914e6299f9f12be3e8d7c0 f78f7fe1f9a746cb93186ba75041c46a - - default default] http://cinder-api.openstack.svc.cluster.local:8776/v3/f78f7fe1f9a746cb93186ba75041c46a/os-quota-sets/511c542930af4d60892dc06104a32eb3?usage=true returned with HTTP 200 [pid: 8|app: 0|req: 362/724] 10.0.0.119 () {28 vars in 736 bytes} [Wed Jul 8 07:34:24 2026] GET /v3/f78f7fe1f9a746cb93186ba75041c46a/os-quota-sets/511c542930af4d60892dc06104a32eb3?usage=true => generated 847 bytes in 37 msecs (HTTP/1.1 200) 7 headers in 285 bytes (1 switches on core 0)
2026-07-08 07:34:24.572 7 INFO cinder.api.openstack.wsgi [None req-7057a20f-2f9e-4905-984b-6b935f84d6b4 8822156475914e6299f9f12be3e8d7c0 f78f7fe1f9a746cb93186ba75041c46a - - default default] GET http://cinder-api.openstack.svc.cluster.local:8776/v3/f78f7fe1f9a746cb93186ba75041c46a/os-quota-sets/7112634644014a90b0f25712dd20329b?usage=true
2026-07-08 07:34:24.602 7 INFO cinder.api.openstack.wsgi [None req-7057a20f-2f9e-4905-984b-6b935f84d6b4 8822156475914e6299f9f12be3e8d7c0 f78f7fe1f9a746cb93186ba75041c46a - - default default] http://cinder-api.openstack.svc.cluster.local:8776/v3/f78f7fe1f9a746cb93186ba75041c46a/os-quota-sets/7112634644014a90b0f25712dd20329b?usage=true returned with HTTP 200 [pid: 7|app: 0|req: 363/725] 10.0.0.119 () {28 vars in 736 bytes} [Wed Jul 8 07:34:24 2026] GET /v3/f78f7fe1f9a746cb93186ba75041c46a/os-quota-sets/7112634644014a90b0f25712dd20329b?usage=true => generated 847 bytes in 39 msecs (HTTP/1.1 200) 7 headers in 285 bytes (1 switches on core 0)
2026-07-08 07:34:24.613 8 INFO cinder.api.openstack.wsgi [None req-5c00d04a-e60b-4ff4-8d4d-c9f0d533fa22 8822156475914e6299f9f12be3e8d7c0 f78f7fe1f9a746cb93186ba75041c46a - - default default] GET http://cinder-api.openstack.svc.cluster.local:8776/v3/f78f7fe1f9a746cb93186ba75041c46a/os-quota-sets/9e24cd25c94d47d0b6d64bd8f194442f?usage=true
2026-07-08 07:34:24.639 8 INFO cinder.api.openstack.wsgi [None req-5c00d04a-e60b-4ff4-8d4d-c9f0d533fa22 8822156475914e6299f9f12be3e8d7c0 f78f7fe1f9a746cb93186ba75041c46a - - default default] http://cinder-api.openstack.svc.cluster.local:8776/v3/f78f7fe1f9a746cb93186ba75041c46a/os-quota-sets/9e24cd25c94d47d0b6d64bd8f194442f?usage=true returned with HTTP 200 [pid: 8|app: 0|req: 363/726] 10.0.0.119 () {28 vars in 736 bytes} [Wed Jul 8 07:34:24 2026] GET /v3/f78f7fe1f9a746cb93186ba75041c46a/os-quota-sets/9e24cd25c94d47d0b6d64bd8f194442f?usage=true => generated 847 bytes in 33 msecs (HTTP/1.1 200) 7 headers in 285 bytes (1 switches on core 0)
2026-07-08 07:34:24.650 7 INFO cinder.api.openstack.wsgi [None req-64d62400-fee1-4292-82aa-c67e7161e39e 8822156475914e6299f9f12be3e8d7c0 f78f7fe1f9a746cb93186ba75041c46a - - default default] GET http://cinder-api.openstack.svc.cluster.local:8776/v3/f78f7fe1f9a746cb93186ba75041c46a/os-quota-sets/b1ce42c43fb248d092f5769e4399c6ff?usage=true
2026-07-08 07:34:24.678 7 INFO cinder.api.openstack.wsgi [None req-64d62400-fee1-4292-82aa-c67e7161e39e 8822156475914e6299f9f12be3e8d7c0 f78f7fe1f9a746cb93186ba75041c46a - - default default] http://cinder-api.openstack.svc.cluster.local:8776/v3/f78f7fe1f9a746cb93186ba75041c46a/os-quota-sets/b1ce42c43fb248d092f5769e4399c6ff?usage=true returned with HTTP 200 [pid: 7|app: 0|req: 364/727] 10.0.0.119 () {28 vars in 736 bytes} [Wed Jul 8 07:34:24 2026] GET /v3/f78f7fe1f9a746cb93186ba75041c46a/os-quota-sets/b1ce42c43fb248d092f5769e4399c6ff?usage=true => generated 847 bytes in 35 msecs (HTTP/1.1 200) 7 headers in 285 bytes (1 switches on core 0)
2026-07-08 07:34:24.693 8 INFO cinder.api.openstack.wsgi [None req-6881fc5d-cb58-4bc9-972e-721ffce0aeaa 8822156475914e6299f9f12be3e8d7c0 f78f7fe1f9a746cb93186ba75041c46a - - default default] GET http://cinder-api.openstack.svc.cluster.local:8776/v3/f78f7fe1f9a746cb93186ba75041c46a/os-quota-sets/d5abe51c18ec432cbe6bd5149ae5c925?usage=true
2026-07-08 07:34:24.712 8 INFO cinder.api.openstack.wsgi [None req-6881fc5d-cb58-4bc9-972e-721ffce0aeaa 8822156475914e6299f9f12be3e8d7c0 f78f7fe1f9a746cb93186ba75041c46a - - default default] http://cinder-api.openstack.svc.cluster.local:8776/v3/f78f7fe1f9a746cb93186ba75041c46a/os-quota-sets/d5abe51c18ec432cbe6bd5149ae5c925?usage=true returned with HTTP 200 [pid: 8|app: 0|req: 364/728] 10.0.0.119 () {28 vars in 736 bytes} [Wed Jul 8 07:34:24 2026] GET /v3/f78f7fe1f9a746cb93186ba75041c46a/os-quota-sets/d5abe51c18ec432cbe6bd5149ae5c925?usage=true => generated 845 bytes in 24 msecs (HTTP/1.1 200) 7 headers in 285 bytes (1 switches on core 0)
2026-07-08 07:34:24.723 7 INFO cinder.api.openstack.wsgi [None req-78625629-b6db-4b65-bc02-2e662bb82213 8822156475914e6299f9f12be3e8d7c0 f78f7fe1f9a746cb93186ba75041c46a - - default default] GET http://cinder-api.openstack.svc.cluster.local:8776/v3/f78f7fe1f9a746cb93186ba75041c46a/os-quota-sets/f78f7fe1f9a746cb93186ba75041c46a?usage=true
2026-07-08 07:34:24.756 7 INFO cinder.api.openstack.wsgi [None req-78625629-b6db-4b65-bc02-2e662bb82213 8822156475914e6299f9f12be3e8d7c0 f78f7fe1f9a746cb93186ba75041c46a - - default default] http://cinder-api.openstack.svc.cluster.local:8776/v3/f78f7fe1f9a746cb93186ba75041c46a/os-quota-sets/f78f7fe1f9a746cb93186ba75041c46a?usage=true returned with HTTP 200 [pid: 7|app: 0|req: 365/729] 10.0.0.119 () {28 vars in 736 bytes} [Wed Jul 8 07:34:24 2026] GET /v3/f78f7fe1f9a746cb93186ba75041c46a/os-quota-sets/f78f7fe1f9a746cb93186ba75041c46a?usage=true => generated 845 bytes in 40 msecs (HTTP/1.1 200) 7 headers in 285 bytes (1 switches on core 0)
2026-07-08 07:34:24.765 8 INFO cinder.api.openstack.wsgi [None req-e5cff499-6500-4082-8b6d-307a3ea25405 8822156475914e6299f9f12be3e8d7c0 f78f7fe1f9a746cb93186ba75041c46a - - default default] GET http://cinder-api.openstack.svc.cluster.local:8776/v3/f78f7fe1f9a746cb93186ba75041c46a/volumes/detail?all_tenants=true
2026-07-08 07:34:24.778 8 INFO cinder.volume.api [None req-e5cff499-6500-4082-8b6d-307a3ea25405 8822156475914e6299f9f12be3e8d7c0 f78f7fe1f9a746cb93186ba75041c46a - - default default] Get all volumes completed successfully. /var/lib/openstack/lib/python3.12/site-packages/oslo_context/context.py:101: DeprecationWarning: Policy enforcement is depending on the value of is_admin. This key is deprecated. Please update your policy file to use the standard policy values. warnings.warn(
2026-07-08 07:34:24.784 8 INFO cinder.api.openstack.wsgi [None req-e5cff499-6500-4082-8b6d-307a3ea25405 8822156475914e6299f9f12be3e8d7c0 f78f7fe1f9a746cb93186ba75041c46a - - default default] http://cinder-api.openstack.svc.cluster.local:8776/v3/f78f7fe1f9a746cb93186ba75041c46a/volumes/detail?all_tenants=true returned with HTTP 200 [pid: 8|app: 0|req: 365/730] 10.0.0.119 () {28 vars in 684 bytes} [Wed Jul 8 07:34:24 2026] GET /v3/f78f7fe1f9a746cb93186ba75041c46a/volumes/detail?all_tenants=true => generated 1649 bytes in 23 msecs (HTTP/1.1 200) 7 headers in 286 bytes (1 switches on core 0)
2026-07-08 07:34:24.797 7 INFO cinder.api.openstack.wsgi [None req-7021c994-325d-4368-8ef3-2ac0636812fd 8822156475914e6299f9f12be3e8d7c0 f78f7fe1f9a746cb93186ba75041c46a - - default default] GET http://cinder-api.openstack.svc.cluster.local:8776/v3/f78f7fe1f9a746cb93186ba75041c46a/scheduler-stats/get_pools?detail=true
2026-07-08 07:34:25.210 8 INFO cinder.api.openstack.wsgi [None req-e5cff499-6500-4082-8b6d-307a3ea25405 8822156475914e6299f9f12be3e8d7c0 f78f7fe1f9a746cb93186ba75041c46a - - default default] GET http://10.0.0.19:8776/
2026-07-08 07:34:25.211 8 INFO cinder.api.openstack.wsgi [None req-e5cff499-6500-4082-8b6d-307a3ea25405 8822156475914e6299f9f12be3e8d7c0 f78f7fe1f9a746cb93186ba75041c46a - - default default] http://10.0.0.19:8776/ returned with HTTP 300
2026-07-08 07:34:25.213 8 INFO cinder.api.openstack.wsgi [None req-e5cff499-6500-4082-8b6d-307a3ea25405 8822156475914e6299f9f12be3e8d7c0 f78f7fe1f9a746cb93186ba75041c46a - - default default] GET http://10.0.0.19:8776/
2026-07-08 07:34:25.214 8 INFO cinder.api.openstack.wsgi [None req-e5cff499-6500-4082-8b6d-307a3ea25405 8822156475914e6299f9f12be3e8d7c0 f78f7fe1f9a746cb93186ba75041c46a - - default default] http://10.0.0.19:8776/ returned with HTTP 300
2026-07-08 07:34:25.304 7 INFO cinder.api.openstack.wsgi [None req-7021c994-325d-4368-8ef3-2ac0636812fd 8822156475914e6299f9f12be3e8d7c0 f78f7fe1f9a746cb93186ba75041c46a - - default default] http://cinder-api.openstack.svc.cluster.local:8776/v3/f78f7fe1f9a746cb93186ba75041c46a/scheduler-stats/get_pools?detail=true returned with HTTP 200 [pid: 7|app: 0|req: 366/733] 10.0.0.119 () {28 vars in 696 bytes} [Wed Jul 8 07:34:24 2026] GET /v3/f78f7fe1f9a746cb93186ba75041c46a/scheduler-stats/get_pools?detail=true => generated 670 bytes in 522 msecs (HTTP/1.1 200) 7 headers in 285 bytes (1 switches on core 0) /var/lib/openstack/lib/python3.12/site-packages/pycadf/identifier.py:70: UserWarning: Invalid uuid: cinderv3. To ensure interoperability, identifiers should be a valid uuid. warnings.warn(('Invalid uuid: %s. To ensure interoperability, '
2026-07-08 07:34:25.331 8 INFO cinder.api.openstack.wsgi [None req-1b82ccd4-7bdd-44c7-ab7b-0d7ff5e65b0e 8822156475914e6299f9f12be3e8d7c0 f78f7fe1f9a746cb93186ba75041c46a - - default default] GET http://cinder-api.openstack.svc.cluster.local:8776/v3/f78f7fe1f9a746cb93186ba75041c46a/volumes/detail?all_tenants=true
2026-07-08 07:34:25.351 8 INFO cinder.volume.api [None req-1b82ccd4-7bdd-44c7-ab7b-0d7ff5e65b0e 8822156475914e6299f9f12be3e8d7c0 f78f7fe1f9a746cb93186ba75041c46a - - default default] Get all volumes completed successfully. /var/lib/openstack/lib/python3.12/site-packages/oslo_context/context.py:101: DeprecationWarning: Policy enforcement is depending on the value of is_admin. This key is deprecated. Please update your policy file to use the standard policy values. warnings.warn(
2026-07-08 07:34:25.360 8 INFO cinder.api.openstack.wsgi [None req-1b82ccd4-7bdd-44c7-ab7b-0d7ff5e65b0e 8822156475914e6299f9f12be3e8d7c0 f78f7fe1f9a746cb93186ba75041c46a - - default default] http://cinder-api.openstack.svc.cluster.local:8776/v3/f78f7fe1f9a746cb93186ba75041c46a/volumes/detail?all_tenants=true returned with HTTP 200 [pid: 8|app: 0|req: 368/734] 10.0.0.119 () {28 vars in 684 bytes} [Wed Jul 8 07:34:25 2026] GET /v3/f78f7fe1f9a746cb93186ba75041c46a/volumes/detail?all_tenants=true => generated 1649 bytes in 37 msecs (HTTP/1.1 200) 7 headers in 286 bytes (1 switches on core 0)
2026-07-08 07:34:25.372 7 INFO cinder.api.openstack.wsgi [None req-0bbc36c0-acaf-4ee4-a7e4-73b17ecae515 8822156475914e6299f9f12be3e8d7c0 f78f7fe1f9a746cb93186ba75041c46a - - default default] GET http://cinder-api.openstack.svc.cluster.local:8776/v3/f78f7fe1f9a746cb93186ba75041c46a/snapshots?all_tenants=true
2026-07-08 07:34:25.380 7 INFO cinder.volume.api [None req-0bbc36c0-acaf-4ee4-a7e4-73b17ecae515 8822156475914e6299f9f12be3e8d7c0 f78f7fe1f9a746cb93186ba75041c46a - - default default] Get all snapshots completed successfully.
2026-07-08 07:34:25.381 7 INFO cinder.api.openstack.wsgi [None req-0bbc36c0-acaf-4ee4-a7e4-73b17ecae515 8822156475914e6299f9f12be3e8d7c0 f78f7fe1f9a746cb93186ba75041c46a - - default default] http://cinder-api.openstack.svc.cluster.local:8776/v3/f78f7fe1f9a746cb93186ba75041c46a/snapshots?all_tenants=true returned with HTTP 200 [pid: 7|app: 0|req: 367/735] 10.0.0.119 () {28 vars in 674 bytes} [Wed Jul 8 07:34:25 2026] GET /v3/f78f7fe1f9a746cb93186ba75041c46a/snapshots?all_tenants=true => generated 17 bytes in 16 msecs (HTTP/1.1 200) 7 headers in 284 bytes (1 switches on core 0)
2026-07-08 07:34:25.490 8 INFO cinder.api.openstack.wsgi [None req-1b82ccd4-7bdd-44c7-ab7b-0d7ff5e65b0e 8822156475914e6299f9f12be3e8d7c0 f78f7fe1f9a746cb93186ba75041c46a - - default default] GET http://cinder-api.openstack.svc.cluster.local:8776/
2026-07-08 07:34:25.491 8 INFO cinder.api.openstack.wsgi [None req-1b82ccd4-7bdd-44c7-ab7b-0d7ff5e65b0e 8822156475914e6299f9f12be3e8d7c0 f78f7fe1f9a746cb93186ba75041c46a - - default default] http://cinder-api.openstack.svc.cluster.local:8776/ returned with HTTP 300 [pid: 8|app: 0|req: 369/736] 199.204.45.240 () {32 vars in 840 bytes} [Wed Jul 8 07:34:25 2026] GET / => generated 411 bytes in 1 msecs (HTTP/1.1 300) 5 headers in 169 bytes (1 switches on core 0)
2026-07-08 07:34:25.546 7 INFO cinder.api.openstack.wsgi [req-cced7832-fe99-4618-a369-c05563d2f637 req-94728313-81af-40f1-bf7e-080b8693a7ed 5a5ae0046f394fe7b4eb5705c1c1647a b1ce42c43fb248d092f5769e4399c6ff - - default default] GET http://cinder-api.openstack.svc.cluster.local:8776/v3/b1ce42c43fb248d092f5769e4399c6ff/volumes/19bf2f58-911f-46dd-8b7f-8eda87d808a6 /var/lib/openstack/lib/python3.12/site-packages/oslo_context/context.py:101: DeprecationWarning: Policy enforcement is depending on the value of is_admin. This key is deprecated. Please update your policy file to use the standard policy values. warnings.warn(
2026-07-08 07:34:25.585 7 INFO cinder.volume.api [req-cced7832-fe99-4618-a369-c05563d2f637 req-94728313-81af-40f1-bf7e-080b8693a7ed 5a5ae0046f394fe7b4eb5705c1c1647a b1ce42c43fb248d092f5769e4399c6ff - - default default] Volume info retrieved successfully.
2026-07-08 07:34:25.591 7 INFO cinder.api.openstack.wsgi [req-cced7832-fe99-4618-a369-c05563d2f637 req-94728313-81af-40f1-bf7e-080b8693a7ed 5a5ae0046f394fe7b4eb5705c1c1647a b1ce42c43fb248d092f5769e4399c6ff - - default default] http://cinder-api.openstack.svc.cluster.local:8776/v3/b1ce42c43fb248d092f5769e4399c6ff/volumes/19bf2f58-911f-46dd-8b7f-8eda87d808a6 returned with HTTP 200 [pid: 7|app: 0|req: 368/737] 199.204.45.240 () {36 vars in 1073 bytes} [Wed Jul 8 07:34:25 2026] GET /v3/b1ce42c43fb248d092f5769e4399c6ff/volumes/19bf2f58-911f-46dd-8b7f-8eda87d808a6 => generated 1662 bytes in 54 msecs (HTTP/1.1 200) 7 headers in 287 bytes (1 switches on core 0) /var/lib/openstack/lib/python3.12/site-packages/pycadf/identifier.py:70: UserWarning: Invalid uuid: cinderv3. To ensure interoperability, identifiers should be a valid uuid. warnings.warn(('Invalid uuid: %s. To ensure interoperability, '
2026-07-08 07:34:27.636 8 INFO cinder.api.openstack.wsgi [req-cced7832-fe99-4618-a369-c05563d2f637 req-bbfbc371-12f5-470f-96b2-c0c520e95541 5a5ae0046f394fe7b4eb5705c1c1647a b1ce42c43fb248d092f5769e4399c6ff - - default default] PUT http://cinder-api.openstack.svc.cluster.local:8776/v3/b1ce42c43fb248d092f5769e4399c6ff/attachments/9365b643-8f5e-4792-bd37-5307df14d5db /var/lib/openstack/lib/python3.12/site-packages/oslo_context/context.py:101: DeprecationWarning: Policy enforcement is depending on the value of is_admin. This key is deprecated. Please update your policy file to use the standard policy values. warnings.warn(
2026-07-08 07:34:28.694 8 INFO cinder.api.openstack.wsgi [req-cced7832-fe99-4618-a369-c05563d2f637 req-bbfbc371-12f5-470f-96b2-c0c520e95541 5a5ae0046f394fe7b4eb5705c1c1647a b1ce42c43fb248d092f5769e4399c6ff - - default default] http://cinder-api.openstack.svc.cluster.local:8776/v3/b1ce42c43fb248d092f5769e4399c6ff/attachments/9365b643-8f5e-4792-bd37-5307df14d5db returned with HTTP 200 [pid: 8|app: 0|req: 370/738] 199.204.45.240 () {40 vars in 1135 bytes} [Wed Jul 8 07:34:27 2026] PUT /v3/b1ce42c43fb248d092f5769e4399c6ff/attachments/9365b643-8f5e-4792-bd37-5307df14d5db => generated 802 bytes in 1068 msecs (HTTP/1.1 200) 7 headers in 286 bytes (1 switches on core 0) /var/lib/openstack/lib/python3.12/site-packages/pycadf/identifier.py:70: UserWarning: Invalid uuid: cinderv3. To ensure interoperability, identifiers should be a valid uuid. warnings.warn(('Invalid uuid: %s. To ensure interoperability, '
2026-07-08 07:34:29.214 7 INFO cinder.api.openstack.wsgi [req-cced7832-fe99-4618-a369-c05563d2f637 req-6efb40ff-7101-4c70-8214-2f7a30409899 5a5ae0046f394fe7b4eb5705c1c1647a b1ce42c43fb248d092f5769e4399c6ff - - default default] POST http://cinder-api.openstack.svc.cluster.local:8776/v3/b1ce42c43fb248d092f5769e4399c6ff/attachments/9365b643-8f5e-4792-bd37-5307df14d5db/action /var/lib/openstack/lib/python3.12/site-packages/oslo_context/context.py:101: DeprecationWarning: Policy enforcement is depending on the value of is_admin. This key is deprecated. Please update your policy file to use the standard policy values. warnings.warn(
2026-07-08 07:34:29.279 7 INFO cinder.api.openstack.wsgi [req-cced7832-fe99-4618-a369-c05563d2f637 req-6efb40ff-7101-4c70-8214-2f7a30409899 5a5ae0046f394fe7b4eb5705c1c1647a b1ce42c43fb248d092f5769e4399c6ff - - default default] http://cinder-api.openstack.svc.cluster.local:8776/v3/b1ce42c43fb248d092f5769e4399c6ff/attachments/9365b643-8f5e-4792-bd37-5307df14d5db/action returned with HTTP 204 [pid: 7|app: 0|req: 369/739] 199.204.45.240 () {40 vars in 1148 bytes} [Wed Jul 8 07:34:29 2026] POST /v3/b1ce42c43fb248d092f5769e4399c6ff/attachments/9365b643-8f5e-4792-bd37-5307df14d5db/action => generated 0 bytes in 74 msecs (HTTP/1.1 204) 7 headers in 292 bytes (1 switches on core 0)
2026-07-08 07:34:35.213 8 INFO cinder.api.openstack.wsgi [req-cced7832-fe99-4618-a369-c05563d2f637 req-bbfbc371-12f5-470f-96b2-c0c520e95541 5a5ae0046f394fe7b4eb5705c1c1647a b1ce42c43fb248d092f5769e4399c6ff - - default default] GET http://10.0.0.19:8776/
2026-07-08 07:34:35.214 7 INFO cinder.api.openstack.wsgi [req-cced7832-fe99-4618-a369-c05563d2f637 req-6efb40ff-7101-4c70-8214-2f7a30409899 5a5ae0046f394fe7b4eb5705c1c1647a b1ce42c43fb248d092f5769e4399c6ff - - default default] GET http://10.0.0.19:8776/
2026-07-08 07:34:35.214 8 INFO cinder.api.openstack.wsgi [req-cced7832-fe99-4618-a369-c05563d2f637 req-bbfbc371-12f5-470f-96b2-c0c520e95541 5a5ae0046f394fe7b4eb5705c1c1647a b1ce42c43fb248d092f5769e4399c6ff - - default default] http://10.0.0.19:8776/ returned with HTTP 300
2026-07-08 07:34:35.215 7 INFO cinder.api.openstack.wsgi [req-cced7832-fe99-4618-a369-c05563d2f637 req-6efb40ff-7101-4c70-8214-2f7a30409899 5a5ae0046f394fe7b4eb5705c1c1647a b1ce42c43fb248d092f5769e4399c6ff - - default default] http://10.0.0.19:8776/ returned with HTTP 300 /var/lib/openstack/lib/python3.12/site-packages/pycadf/identifier.py:70: UserWarning: Invalid uuid: cinderv3. To ensure interoperability, identifiers should be a valid uuid. warnings.warn(('Invalid uuid: %s. To ensure interoperability, '
2026-07-08 07:34:44.161 8 INFO cinder.api.openstack.wsgi [req-889a1c24-649e-4dd8-a1c6-9df072ad7e35 req-0318a935-b632-44e3-985f-2b281a938bf4 5a5ae0046f394fe7b4eb5705c1c1647a b1ce42c43fb248d092f5769e4399c6ff - - default default] DELETE http://cinder-api.openstack.svc.cluster.local:8776/v3/b1ce42c43fb248d092f5769e4399c6ff/attachments/9365b643-8f5e-4792-bd37-5307df14d5db /var/lib/openstack/lib/python3.12/site-packages/oslo_context/context.py:101: DeprecationWarning: Policy enforcement is depending on the value of is_admin. This key is deprecated. Please update your policy file to use the standard policy values. warnings.warn(
2026-07-08 07:34:44.743 8 INFO cinder.api.openstack.wsgi [req-889a1c24-649e-4dd8-a1c6-9df072ad7e35 req-0318a935-b632-44e3-985f-2b281a938bf4 5a5ae0046f394fe7b4eb5705c1c1647a b1ce42c43fb248d092f5769e4399c6ff - - default default] http://cinder-api.openstack.svc.cluster.local:8776/v3/b1ce42c43fb248d092f5769e4399c6ff/attachments/9365b643-8f5e-4792-bd37-5307df14d5db returned with HTTP 200 [pid: 8|app: 0|req: 372/742] 199.204.45.240 () {38 vars in 1103 bytes} [Wed Jul 8 07:34:44 2026] DELETE /v3/b1ce42c43fb248d092f5769e4399c6ff/attachments/9365b643-8f5e-4792-bd37-5307df14d5db => generated 19 bytes in 593 msecs (HTTP/1.1 200) 7 headers in 285 bytes (1 switches on core 0) /var/lib/openstack/lib/python3.12/site-packages/pycadf/identifier.py:70: UserWarning: Invalid uuid: cinderv3. To ensure interoperability, identifiers should be a valid uuid. warnings.warn(('Invalid uuid: %s. To ensure interoperability, '
2026-07-08 07:34:44.761 7 INFO cinder.api.openstack.wsgi [req-889a1c24-649e-4dd8-a1c6-9df072ad7e35 req-2a3a953e-ac07-492b-85e6-42ef49ad3107 5a5ae0046f394fe7b4eb5705c1c1647a b1ce42c43fb248d092f5769e4399c6ff - - default default] DELETE http://cinder-api.openstack.svc.cluster.local:8776/v3/b1ce42c43fb248d092f5769e4399c6ff/volumes/19bf2f58-911f-46dd-8b7f-8eda87d808a6
2026-07-08 07:34:44.762 7 INFO cinder.api.v3.volumes [req-889a1c24-649e-4dd8-a1c6-9df072ad7e35 req-2a3a953e-ac07-492b-85e6-42ef49ad3107 5a5ae0046f394fe7b4eb5705c1c1647a b1ce42c43fb248d092f5769e4399c6ff - - default default] Delete volume with id: 19bf2f58-911f-46dd-8b7f-8eda87d808a6 /var/lib/openstack/lib/python3.12/site-packages/oslo_context/context.py:101: DeprecationWarning: Policy enforcement is depending on the value of is_admin. This key is deprecated. Please update your policy file to use the standard policy values. warnings.warn(
2026-07-08 07:34:44.772 7 INFO cinder.volume.api [req-889a1c24-649e-4dd8-a1c6-9df072ad7e35 req-2a3a953e-ac07-492b-85e6-42ef49ad3107 5a5ae0046f394fe7b4eb5705c1c1647a b1ce42c43fb248d092f5769e4399c6ff - - default default] Volume info retrieved successfully.
2026-07-08 07:34:44.800 7 INFO cinder.volume.api [req-889a1c24-649e-4dd8-a1c6-9df072ad7e35 req-2a3a953e-ac07-492b-85e6-42ef49ad3107 5a5ae0046f394fe7b4eb5705c1c1647a b1ce42c43fb248d092f5769e4399c6ff - - default default] Delete volume request issued successfully.
2026-07-08 07:34:44.800 7 INFO cinder.api.openstack.wsgi [req-889a1c24-649e-4dd8-a1c6-9df072ad7e35 req-2a3a953e-ac07-492b-85e6-42ef49ad3107 5a5ae0046f394fe7b4eb5705c1c1647a b1ce42c43fb248d092f5769e4399c6ff - - default default] http://cinder-api.openstack.svc.cluster.local:8776/v3/b1ce42c43fb248d092f5769e4399c6ff/volumes/19bf2f58-911f-46dd-8b7f-8eda87d808a6 returned with HTTP 202 [pid: 7|app: 0|req: 371/743] 199.204.45.240 () {36 vars in 1054 bytes} [Wed Jul 8 07:34:44 2026] DELETE /v3/b1ce42c43fb248d092f5769e4399c6ff/volumes/19bf2f58-911f-46dd-8b7f-8eda87d808a6 => generated 0 bytes in 48 msecs (HTTP/1.1 202) 6 headers in 233 bytes (1 switches on core 0)
2026-07-08 07:34:45.211 8 INFO cinder.api.openstack.wsgi [req-889a1c24-649e-4dd8-a1c6-9df072ad7e35 req-0318a935-b632-44e3-985f-2b281a938bf4 5a5ae0046f394fe7b4eb5705c1c1647a b1ce42c43fb248d092f5769e4399c6ff - - default default] GET http://10.0.0.19:8776/
2026-07-08 07:34:45.211 7 INFO cinder.api.openstack.wsgi [req-889a1c24-649e-4dd8-a1c6-9df072ad7e35 req-2a3a953e-ac07-492b-85e6-42ef49ad3107 5a5ae0046f394fe7b4eb5705c1c1647a b1ce42c43fb248d092f5769e4399c6ff - - default default] GET http://10.0.0.19:8776/
2026-07-08 07:34:45.212 8 INFO cinder.api.openstack.wsgi [req-889a1c24-649e-4dd8-a1c6-9df072ad7e35 req-0318a935-b632-44e3-985f-2b281a938bf4 5a5ae0046f394fe7b4eb5705c1c1647a b1ce42c43fb248d092f5769e4399c6ff - - default default] http://10.0.0.19:8776/ returned with HTTP 300
2026-07-08 07:34:45.213 7 INFO cinder.api.openstack.wsgi [req-889a1c24-649e-4dd8-a1c6-9df072ad7e35 req-2a3a953e-ac07-492b-85e6-42ef49ad3107 5a5ae0046f394fe7b4eb5705c1c1647a b1ce42c43fb248d092f5769e4399c6ff - - default default] http://10.0.0.19:8776/ returned with HTTP 300
2026-07-08 07:34:55.210 8 INFO cinder.api.openstack.wsgi [req-889a1c24-649e-4dd8-a1c6-9df072ad7e35 req-0318a935-b632-44e3-985f-2b281a938bf4 5a5ae0046f394fe7b4eb5705c1c1647a b1ce42c43fb248d092f5769e4399c6ff - - default default] GET http://10.0.0.19:8776/
2026-07-08 07:34:55.210 7 INFO cinder.api.openstack.wsgi [req-889a1c24-649e-4dd8-a1c6-9df072ad7e35 req-2a3a953e-ac07-492b-85e6-42ef49ad3107 5a5ae0046f394fe7b4eb5705c1c1647a b1ce42c43fb248d092f5769e4399c6ff - - default default] GET http://10.0.0.19:8776/
2026-07-08 07:34:55.211 8 INFO cinder.api.openstack.wsgi [req-889a1c24-649e-4dd8-a1c6-9df072ad7e35 req-0318a935-b632-44e3-985f-2b281a938bf4 5a5ae0046f394fe7b4eb5705c1c1647a b1ce42c43fb248d092f5769e4399c6ff - - default default] http://10.0.0.19:8776/ returned with HTTP 300
2026-07-08 07:34:55.214 7 INFO cinder.api.openstack.wsgi [req-889a1c24-649e-4dd8-a1c6-9df072ad7e35 req-2a3a953e-ac07-492b-85e6-42ef49ad3107 5a5ae0046f394fe7b4eb5705c1c1647a b1ce42c43fb248d092f5769e4399c6ff - - default default] http://10.0.0.19:8776/ returned with HTTP 300 /var/lib/openstack/lib/python3.12/site-packages/pycadf/identifier.py:70: UserWarning: Invalid uuid: cinderv3. To ensure interoperability, identifiers should be a valid uuid. warnings.warn(('Invalid uuid: %s. To ensure interoperability, '
2026-07-08 07:34:58.538 8 INFO cinder.api.openstack.wsgi [req-93a48466-3824-47fa-ba83-ded9282bd41c req-03a9af22-ff7e-45fc-99ac-9fb0e285e570 5c5f7a7433084cd89bbc0f37785c4335 511c542930af4d60892dc06104a32eb3 - - default default] GET http://cinder-api.openstack.svc.cluster.local:8776/v3/511c542930af4d60892dc06104a32eb3/attachments?instance_id=e4c7260b-bef9-4d37-bbc3-1dd8de1c4a93
