Jun 26 01:36:19.000468 np0000183036 devstack@neutron-api.service[103215]: DEBUG neutron.plugins.ml2.drivers.ovn.mech_driver.ovsdb.maintenance [-] Touching Hash Ring node "98d5b4fd49155e81a9f80b2be4f9ca8e" from periodic health check thread {{(pid=103215) touch_hash_ring_node /opt/stack/neutron/neutron/plugins/ml2/drivers/ovn/mech_driver/ovsdb/maintenance.py:1419}}
Jun 26 01:36:28.039148 np0000183036 devstack@neutron-api.service[103214]: DEBUG dbcounter [-] [103214] Writing DB stats neutron:UPDATE=1,neutron:SELECT=1 {{(pid=103214) stat_writer /opt/stack/data/venv/lib/python3.12/site-packages/dbcounter.py:115}}
Jun 26 01:36:28.878599 np0000183036 devstack@neutron-api.service[103217]: DEBUG dbcounter [-] [103217] Writing DB stats neutron:UPDATE=1,neutron:SELECT=1 {{(pid=103217) stat_writer /opt/stack/data/venv/lib/python3.12/site-packages/dbcounter.py:115}}
Jun 26 01:36:28.976246 np0000183036 devstack@neutron-api.service[103216]: DEBUG dbcounter [-] [103216] Writing DB stats neutron:UPDATE=1,neutron:SELECT=1 {{(pid=103216) stat_writer /opt/stack/data/venv/lib/python3.12/site-packages/dbcounter.py:115}}
Jun 26 01:36:29.013632 np0000183036 devstack@neutron-api.service[103215]: DEBUG dbcounter [-] [103215] Writing DB stats neutron:UPDATE=1,neutron:SELECT=1 {{(pid=103215) stat_writer /opt/stack/data/venv/lib/python3.12/site-packages/dbcounter.py:115}}
Jun 26 01:36:33.026175 np0000183036 devstack@neutron-api.service[103214]: DEBUG futurist.periodics [-] Submitting periodic callback 'neutron.plugins.ml2.drivers.ovn.mech_driver.ovsdb.maintenance.HashRingHealthCheckPeriodics.touch_hash_ring_node' {{(pid=103214) _process_scheduled /opt/stack/data/venv/lib/python3.12/site-packages/futurist/periodics.py:784}}
Jun 26 01:36:33.026955 np0000183036 devstack@neutron-api.service[103214]: DEBUG neutron.plugins.ml2.drivers.ovn.mech_driver.ovsdb.maintenance [-] Touching Hash Ring node "4ed9df339bb657a19943ad44bb945213" from periodic health check thread {{(pid=103214) touch_hash_ring_node /opt/stack/neutron/neutron/plugins/ml2/drivers/ovn/mech_driver/ovsdb/maintenance.py:1419}}
Jun 26 01:36:33.868287 np0000183036 devstack@neutron-api.service[103217]: DEBUG futurist.periodics [-] Submitting periodic callback 'neutron.plugins.ml2.drivers.ovn.mech_driver.ovsdb.maintenance.HashRingHealthCheckPeriodics.touch_hash_ring_node' {{(pid=103217) _process_scheduled /opt/stack/data/venv/lib/python3.12/site-packages/futurist/periodics.py:784}}
Jun 26 01:36:33.869774 np0000183036 devstack@neutron-api.service[103217]: DEBUG neutron.plugins.ml2.drivers.ovn.mech_driver.ovsdb.maintenance [-] Touching Hash Ring node "1c69a092aee256e5a1abf61417c3b680" from periodic health check thread {{(pid=103217) touch_hash_ring_node /opt/stack/neutron/neutron/plugins/ml2/drivers/ovn/mech_driver/ovsdb/maintenance.py:1419}}
Jun 26 01:36:33.964659 np0000183036 devstack@neutron-api.service[103216]: DEBUG futurist.periodics [-] Submitting periodic callback 'neutron.plugins.ml2.drivers.ovn.mech_driver.ovsdb.maintenance.HashRingHealthCheckPeriodics.touch_hash_ring_node' {{(pid=103216) _process_scheduled /opt/stack/data/venv/lib/python3.12/site-packages/futurist/periodics.py:784}}
Jun 26 01:36:33.965425 np0000183036 devstack@neutron-api.service[103216]: DEBUG neutron.plugins.ml2.drivers.ovn.mech_driver.ovsdb.maintenance [-] Touching Hash Ring node "557c8dc94427507699efa754e471f1b8" from periodic health check thread {{(pid=103216) touch_hash_ring_node /opt/stack/neutron/neutron/plugins/ml2/drivers/ovn/mech_driver/ovsdb/maintenance.py:1419}}
Jun 26 01:36:34.000553 np0000183036 devstack@neutron-api.service[103215]: DEBUG futurist.periodics [-] Submitting periodic callback 'neutron.plugins.ml2.drivers.ovn.mech_driver.ovsdb.maintenance.HashRingHealthCheckPeriodics.touch_hash_ring_node' {{(pid=103215) _process_scheduled /opt/stack/data/venv/lib/python3.12/site-packages/futurist/periodics.py:784}}
Jun 26 01:36:34.001204 np0000183036 devstack@neutron-api.service[103215]: DEBUG neutron.plugins.ml2.drivers.ovn.mech_driver.ovsdb.maintenance [-] Touching Hash Ring node "98d5b4fd49155e81a9f80b2be4f9ca8e" from periodic health check thread {{(pid=103215) touch_hash_ring_node /opt/stack/neutron/neutron/plugins/ml2/drivers/ovn/mech_driver/ovsdb/maintenance.py:1419}}
Jun 26 01:36:43.037293 np0000183036 devstack@neutron-api.service[103214]: DEBUG dbcounter [-] [103214] Writing DB stats neutron:UPDATE=1,neutron:SELECT=1 {{(pid=103214) stat_writer /opt/stack/data/venv/lib/python3.12/site-packages/dbcounter.py:115}}
Jun 26 01:36:43.880916 np0000183036 devstack@neutron-api.service[103217]: DEBUG dbcounter [-] [103217] Writing DB stats neutron:UPDATE=1,neutron:SELECT=1 {{(pid=103217) stat_writer /opt/stack/data/venv/lib/python3.12/site-packages/dbcounter.py:115}}
Jun 26 01:36:43.976350 np0000183036 devstack@neutron-api.service[103216]: DEBUG dbcounter [-] [103216] Writing DB stats neutron:UPDATE=1,neutron:SELECT=1 {{(pid=103216) stat_writer /opt/stack/data/venv/lib/python3.12/site-packages/dbcounter.py:115}}
Jun 26 01:36:44.011824 np0000183036 devstack@neutron-api.service[103215]: DEBUG dbcounter [-] [103215] Writing DB stats neutron:UPDATE=1,neutron:SELECT=1 {{(pid=103215) stat_writer /opt/stack/data/venv/lib/python3.12/site-packages/dbcounter.py:115}}
Jun 26 01:36:48.026921 np0000183036 devstack@neutron-api.service[103214]: DEBUG futurist.periodics [-] Submitting periodic callback 'neutron.plugins.ml2.drivers.ovn.mech_driver.ovsdb.maintenance.HashRingHealthCheckPeriodics.touch_hash_ring_node' {{(pid=103214) _process_scheduled /opt/stack/data/venv/lib/python3.12/site-packages/futurist/periodics.py:784}}
Jun 26 01:36:48.027825 np0000183036 devstack@neutron-api.service[103214]: DEBUG neutron.plugins.ml2.drivers.ovn.mech_driver.ovsdb.maintenance [-] Touching Hash Ring node "4ed9df339bb657a19943ad44bb945213" from periodic health check thread {{(pid=103214) touch_hash_ring_node /opt/stack/neutron/neutron/plugins/ml2/drivers/ovn/mech_driver/ovsdb/maintenance.py:1419}}
Jun 26 01:36:48.869692 np0000183036 devstack@neutron-api.service[103217]: DEBUG futurist.periodics [-] Submitting periodic callback 'neutron.plugins.ml2.drivers.ovn.mech_driver.ovsdb.maintenance.HashRingHealthCheckPeriodics.touch_hash_ring_node' {{(pid=103217) _process_scheduled /opt/stack/data/venv/lib/python3.12/site-packages/futurist/periodics.py:784}}
Jun 26 01:36:48.870395 np0000183036 devstack@neutron-api.service[103217]: DEBUG neutron.plugins.ml2.drivers.ovn.mech_driver.ovsdb.maintenance [-] Touching Hash Ring node "1c69a092aee256e5a1abf61417c3b680" from periodic health check thread {{(pid=103217) touch_hash_ring_node /opt/stack/neutron/neutron/plugins/ml2/drivers/ovn/mech_driver/ovsdb/maintenance.py:1419}}
Jun 26 01:36:48.965522 np0000183036 devstack@neutron-api.service[103216]: DEBUG futurist.periodics [-] Submitting periodic callback 'neutron.plugins.ml2.drivers.ovn.mech_driver.ovsdb.maintenance.HashRingHealthCheckPeriodics.touch_hash_ring_node' {{(pid=103216) _process_scheduled /opt/stack/data/venv/lib/python3.12/site-packages/futurist/periodics.py:784}}
Jun 26 01:36:48.966121 np0000183036 devstack@neutron-api.service[103216]: DEBUG neutron.plugins.ml2.drivers.ovn.mech_driver.ovsdb.maintenance [-] Touching Hash Ring node "557c8dc94427507699efa754e471f1b8" from periodic health check thread {{(pid=103216) touch_hash_ring_node /opt/stack/neutron/neutron/plugins/ml2/drivers/ovn/mech_driver/ovsdb/maintenance.py:1419}}
Jun 26 01:36:49.001829 np0000183036 devstack@neutron-api.service[103215]: DEBUG futurist.periodics [-] Submitting periodic callback 'neutron.plugins.ml2.drivers.ovn.mech_driver.ovsdb.maintenance.HashRingHealthCheckPeriodics.touch_hash_ring_node' {{(pid=103215) _process_scheduled /opt/stack/data/venv/lib/python3.12/site-packages/futurist/periodics.py:784}}
Jun 26 01:36:49.002750 np0000183036 devstack@neutron-api.service[103215]: DEBUG neutron.plugins.ml2.drivers.ovn.mech_driver.ovsdb.maintenance [-] Touching Hash Ring node "98d5b4fd49155e81a9f80b2be4f9ca8e" from periodic health check thread {{(pid=103215) touch_hash_ring_node /opt/stack/neutron/neutron/plugins/ml2/drivers/ovn/mech_driver/ovsdb/maintenance.py:1419}}
Jun 26 01:36:58.039354 np0000183036 devstack@neutron-api.service[103214]: DEBUG dbcounter [-] [103214] Writing DB stats neutron:UPDATE=1,neutron:SELECT=1 {{(pid=103214) stat_writer /opt/stack/data/venv/lib/python3.12/site-packages/dbcounter.py:115}}
Jun 26 01:36:58.880563 np0000183036 devstack@neutron-api.service[103217]: DEBUG dbcounter [-] [103217] Writing DB stats neutron:UPDATE=1,neutron:SELECT=1 {{(pid=103217) stat_writer /opt/stack/data/venv/lib/python3.12/site-packages/dbcounter.py:115}}
Jun 26 01:36:58.976168 np0000183036 devstack@neutron-api.service[103216]: DEBUG dbcounter [-] [103216] Writing DB stats neutron:UPDATE=1,neutron:SELECT=1 {{(pid=103216) stat_writer /opt/stack/data/venv/lib/python3.12/site-packages/dbcounter.py:115}}
Jun 26 01:36:59.012479 np0000183036 devstack@neutron-api.service[103215]: DEBUG dbcounter [-] [103215] Writing DB stats neutron:UPDATE=1,neutron:SELECT=1 {{(pid=103215) stat_writer /opt/stack/data/venv/lib/python3.12/site-packages/dbcounter.py:115}}
Jun 26 01:37:03.027739 np0000183036 devstack@neutron-api.service[103214]: DEBUG futurist.periodics [-] Submitting periodic callback 'neutron.plugins.ml2.drivers.ovn.mech_driver.ovsdb.maintenance.HashRingHealthCheckPeriodics.touch_hash_ring_node' {{(pid=103214) _process_scheduled /opt/stack/data/venv/lib/python3.12/site-packages/futurist/periodics.py:784}}
Jun 26 01:37:03.028608 np0000183036 devstack@neutron-api.service[103214]: DEBUG neutron.plugins.ml2.drivers.ovn.mech_driver.ovsdb.maintenance [-] Touching Hash Ring node "4ed9df339bb657a19943ad44bb945213" from periodic health check thread {{(pid=103214) touch_hash_ring_node /opt/stack/neutron/neutron/plugins/ml2/drivers/ovn/mech_driver/ovsdb/maintenance.py:1419}}
Jun 26 01:37:03.870386 np0000183036 devstack@neutron-api.service[103217]: DEBUG futurist.periodics [-] Submitting periodic callback 'neutron.plugins.ml2.drivers.ovn.mech_driver.ovsdb.maintenance.HashRingHealthCheckPeriodics.touch_hash_ring_node' {{(pid=103217) _process_scheduled /opt/stack/data/venv/lib/python3.12/site-packages/futurist/periodics.py:784}}
Jun 26 01:37:03.871033 np0000183036 devstack@neutron-api.service[103217]: DEBUG neutron.plugins.ml2.drivers.ovn.mech_driver.ovsdb.maintenance [-] Touching Hash Ring node "1c69a092aee256e5a1abf61417c3b680" from periodic health check thread {{(pid=103217) touch_hash_ring_node /opt/stack/neutron/neutron/plugins/ml2/drivers/ovn/mech_driver/ovsdb/maintenance.py:1419}}
Jun 26 01:37:03.966404 np0000183036 devstack@neutron-api.service[103216]: DEBUG futurist.periodics [-] Submitting periodic callback 'neutron.plugins.ml2.drivers.ovn.mech_driver.ovsdb.maintenance.HashRingHealthCheckPeriodics.touch_hash_ring_node' {{(pid=103216) _process_scheduled /opt/stack/data/venv/lib/python3.12/site-packages/futurist/periodics.py:784}}
Jun 26 01:37:03.967474 np0000183036 devstack@neutron-api.service[103216]: DEBUG neutron.plugins.ml2.drivers.ovn.mech_driver.ovsdb.maintenance [-] Touching Hash Ring node "557c8dc94427507699efa754e471f1b8" from periodic health check thread {{(pid=103216) touch_hash_ring_node /opt/stack/neutron/neutron/plugins/ml2/drivers/ovn/mech_driver/ovsdb/maintenance.py:1419}}
Jun 26 01:37:04.002540 np0000183036 devstack@neutron-api.service[103215]: DEBUG futurist.periodics [-] Submitting periodic callback 'neutron.plugins.ml2.drivers.ovn.mech_driver.ovsdb.maintenance.HashRingHealthCheckPeriodics.touch_hash_ring_node' {{(pid=103215) _process_scheduled /opt/stack/data/venv/lib/python3.12/site-packages/futurist/periodics.py:784}}
Jun 26 01:37:04.003399 np0000183036 devstack@neutron-api.service[103215]: DEBUG neutron.plugins.ml2.drivers.ovn.mech_driver.ovsdb.maintenance [-] Touching Hash Ring node "98d5b4fd49155e81a9f80b2be4f9ca8e" from periodic health check thread {{(pid=103215) touch_hash_ring_node /opt/stack/neutron/neutron/plugins/ml2/drivers/ovn/mech_driver/ovsdb/maintenance.py:1419}}
Jun 26 01:37:13.043135 np0000183036 devstack@neutron-api.service[103214]: DEBUG dbcounter [-] [103214] Writing DB stats neutron:UPDATE=1,neutron:SELECT=1 {{(pid=103214) stat_writer /opt/stack/data/venv/lib/python3.12/site-packages/dbcounter.py:115}}
Jun 26 01:37:13.881015 np0000183036 devstack@neutron-api.service[103217]: DEBUG dbcounter [-] [103217] Writing DB stats neutron:UPDATE=1,neutron:SELECT=1 {{(pid=103217) stat_writer /opt/stack/data/venv/lib/python3.12/site-packages/dbcounter.py:115}}
Jun 26 01:37:13.978352 np0000183036 devstack@neutron-api.service[103216]: DEBUG dbcounter [-] [103216] Writing DB stats neutron:UPDATE=1,neutron:SELECT=1 {{(pid=103216) stat_writer /opt/stack/data/venv/lib/python3.12/site-packages/dbcounter.py:115}}
Jun 26 01:37:14.014250 np0000183036 devstack@neutron-api.service[103215]: DEBUG dbcounter [-] [103215] Writing DB stats neutron:UPDATE=1,neutron:SELECT=1 {{(pid=103215) stat_writer /opt/stack/data/venv/lib/python3.12/site-packages/dbcounter.py:115}}
Jun 26 01:37:18.029533 np0000183036 devstack@neutron-api.service[103214]: DEBUG futurist.periodics [-] Submitting periodic callback 'neutron.plugins.ml2.drivers.ovn.mech_driver.ovsdb.maintenance.HashRingHealthCheckPeriodics.touch_hash_ring_node' {{(pid=103214) _process_scheduled /opt/stack/data/venv/lib/python3.12/site-packages/futurist/periodics.py:784}}
Jun 26 01:37:18.030125 np0000183036 devstack@neutron-api.service[103214]: DEBUG neutron.plugins.ml2.drivers.ovn.mech_driver.ovsdb.maintenance [-] Touching Hash Ring node "4ed9df339bb657a19943ad44bb945213" from periodic health check thread {{(pid=103214) touch_hash_ring_node /opt/stack/neutron/neutron/plugins/ml2/drivers/ovn/mech_driver/ovsdb/maintenance.py:1419}}
Jun 26 01:37:18.871200 np0000183036 devstack@neutron-api.service[103217]: DEBUG futurist.periodics [-] Submitting periodic callback 'neutron.plugins.ml2.drivers.ovn.mech_driver.ovsdb.maintenance.HashRingHealthCheckPeriodics.touch_hash_ring_node' {{(pid=103217) _process_scheduled /opt/stack/data/venv/lib/python3.12/site-packages/futurist/periodics.py:784}}
Jun 26 01:37:18.872316 np0000183036 devstack@neutron-api.service[103217]: DEBUG neutron.plugins.ml2.drivers.ovn.mech_driver.ovsdb.maintenance [-] Touching Hash Ring node "1c69a092aee256e5a1abf61417c3b680" from periodic health check thread {{(pid=103217) touch_hash_ring_node /opt/stack/neutron/neutron/plugins/ml2/drivers/ovn/mech_driver/ovsdb/maintenance.py:1419}}
Jun 26 01:37:18.967647 np0000183036 devstack@neutron-api.service[103216]: DEBUG futurist.periodics [-] Submitting periodic callback 'neutron.plugins.ml2.drivers.ovn.mech_driver.ovsdb.maintenance.HashRingHealthCheckPeriodics.touch_hash_ring_node' {{(pid=103216) _process_scheduled /opt/stack/data/venv/lib/python3.12/site-packages/futurist/periodics.py:784}}
Jun 26 01:37:18.968679 np0000183036 devstack@neutron-api.service[103216]: DEBUG neutron.plugins.ml2.drivers.ovn.mech_driver.ovsdb.maintenance [-] Touching Hash Ring node "557c8dc94427507699efa754e471f1b8" from periodic health check thread {{(pid=103216) touch_hash_ring_node /opt/stack/neutron/neutron/plugins/ml2/drivers/ovn/mech_driver/ovsdb/maintenance.py:1419}}
Jun 26 01:37:19.003280 np0000183036 devstack@neutron-api.service[103215]: DEBUG futurist.periodics [-] Submitting periodic callback 'neutron.plugins.ml2.drivers.ovn.mech_driver.ovsdb.maintenance.HashRingHealthCheckPeriodics.touch_hash_ring_node' {{(pid=103215) _process_scheduled /opt/stack/data/venv/lib/python3.12/site-packages/futurist/periodics.py:784}}
Jun 26 01:37:19.005215 np0000183036 devstack@neutron-api.service[103215]: DEBUG neutron.plugins.ml2.drivers.ovn.mech_driver.ovsdb.maintenance [-] Touching Hash Ring node "98d5b4fd49155e81a9f80b2be4f9ca8e" from periodic health check thread {{(pid=103215) touch_hash_ring_node /opt/stack/neutron/neutron/plugins/ml2/drivers/ovn/mech_driver/ovsdb/maintenance.py:1419}}
Jun 26 01:37:28.041493 np0000183036 devstack@neutron-api.service[103214]: DEBUG dbcounter [-] [103214] Writing DB stats neutron:UPDATE=1,neutron:SELECT=1 {{(pid=103214) stat_writer /opt/stack/data/venv/lib/python3.12/site-packages/dbcounter.py:115}}
Jun 26 01:37:28.885151 np0000183036 devstack@neutron-api.service[103217]: DEBUG dbcounter [-] [103217] Writing DB stats neutron:UPDATE=1,neutron:SELECT=1 {{(pid=103217) stat_writer /opt/stack/data/venv/lib/python3.12/site-packages/dbcounter.py:115}}
Jun 26 01:37:28.979382 np0000183036 devstack@neutron-api.service[103216]: DEBUG dbcounter [-] [103216] Writing DB stats neutron:UPDATE=1,neutron:SELECT=1 {{(pid=103216) stat_writer /opt/stack/data/venv/lib/python3.12/site-packages/dbcounter.py:115}}
Jun 26 01:37:29.016242 np0000183036 devstack@neutron-api.service[103215]: DEBUG dbcounter [-] [103215] Writing DB stats neutron:UPDATE=1,neutron:SELECT=1 {{(pid=103215) stat_writer /opt/stack/data/venv/lib/python3.12/site-packages/dbcounter.py:115}}
Jun 26 01:37:32.418592 np0000183036 devstack@neutron-api.service[103217]: INFO neutron.pecan_wsgi.hooks.translation [None req-3d037f5e-e05b-4358-8c63-1492831ce263 admin admin] GET failed (client error): The resource could not be found.
Jun 26 01:37:32.419547 np0000183036 devstack@neutron-api.service[103217]: [pid: 103217|app: 0|req: 23/91] 199.204.45.129 () {64 vars in 1334 bytes} [Fri Jun 26 01:37:32 2026] GET /networking/v2.0/networks/admin_net => generated 111 bytes in 14 msecs (HTTP/1.1 404) 4 headers in 164 bytes (1 switches on core 0)
Jun 26 01:37:32.455206 np0000183036 devstack@neutron-api.service[103215]: [pid: 103215|app: 0|req: 23/92] 199.204.45.129 () {64 vars in 1346 bytes} [Fri Jun 26 01:37:32 2026] GET /networking/v2.0/networks?name=admin_net => generated 15 bytes in 24 msecs (HTTP/1.1 200) 4 headers in 156 bytes (1 switches on core 0)
Jun 26 01:37:32.708501 np0000183036 devstack@neutron-api.service[103216]: DEBUG neutron.api.v2.base [None req-51120ee4-9a66-4ddf-b5ee-859a97559d7c admin admin] Request body: {'network': {'admin_state_up': True, 'name': 'admin_net', 'project_id': 'b8f6cce67c254fc6b5a824e7af2dce33'}} {{(pid=103216) prepare_request_body /opt/stack/neutron/neutron/api/v2/base.py:727}}
Jun 26 01:37:32.723970 np0000183036 devstack@neutron-api.service[103216]: DEBUG neutron.pecan_wsgi.hooks.quota_enforcement [None req-51120ee4-9a66-4ddf-b5ee-859a97559d7c admin admin] Made reservation on behalf of b8f6cce67c254fc6b5a824e7af2dce33 for: {'network': 1} {{(pid=103216) before /opt/stack/neutron/neutron/pecan_wsgi/hooks/quota_enforcement.py:66}}
Jun 26 01:37:32.726181 np0000183036 devstack@neutron-api.service[103216]: DEBUG neutron_lib.callbacks.manager [None req-51120ee4-9a66-4ddf-b5ee-859a97559d7c admin admin] Publish callbacks ['neutron.plugins.ml2.plugin.SecurityGroupDbMixin._ensure_default_security_group_handler-986271'] for network (None), before_create {{(pid=103216) _notify_loop /opt/stack/data/venv/lib/python3.12/site-packages/neutron_lib/callbacks/manager.py:184}}
Jun 26 01:37:32.732711 np0000183036 devstack@neutron-api.service[103216]: DEBUG neutron_lib.callbacks.manager [None req-51120ee4-9a66-4ddf-b5ee-859a97559d7c admin admin] Publish callbacks [] for security_group (None), before_create {{(pid=103216) _notify_loop /opt/stack/data/venv/lib/python3.12/site-packages/neutron_lib/callbacks/manager.py:184}}
Jun 26 01:37:32.817035 np0000183036 devstack@neutron-api.service[103216]: DEBUG neutron_lib.callbacks.manager [None req-51120ee4-9a66-4ddf-b5ee-859a97559d7c admin admin] Publish callbacks ['neutron.plugins.ml2.drivers.ovn.mech_driver.mech_driver.OVNMechanismDriver._create_security_group_precommit-478570'] for security_group (8f80e6a5-6bcf-44d8-91ab-aa43810e4729), precommit_create {{(pid=103216) _notify_loop /opt/stack/data/venv/lib/python3.12/site-packages/neutron_lib/callbacks/manager.py:184}}
Jun 26 01:37:32.817035 np0000183036 devstack@neutron-api.service[103216]: DEBUG neutron.db.ovn_revision_numbers_db [None req-51120ee4-9a66-4ddf-b5ee-859a97559d7c admin admin] create_initial_revision uuid=8f80e6a5-6bcf-44d8-91ab-aa43810e4729, type=security_groups, rev=-1 {{(pid=103216) create_initial_revision /opt/stack/neutron/neutron/db/ovn_revision_numbers_db.py:98}}
Jun 26 01:37:32.818234 np0000183036 devstack@neutron-api.service[103216]: DEBUG neutron.db.ovn_revision_numbers_db [None req-51120ee4-9a66-4ddf-b5ee-859a97559d7c admin admin] create_initial_revision uuid=07d165df-23f5-466e-b772-98485a0793f7, type=security_group_rules, rev=-1 {{(pid=103216) create_initial_revision /opt/stack/neutron/neutron/db/ovn_revision_numbers_db.py:98}}
Jun 26 01:37:32.819049 np0000183036 devstack@neutron-api.service[103216]: DEBUG neutron.db.ovn_revision_numbers_db [None req-51120ee4-9a66-4ddf-b5ee-859a97559d7c admin admin] create_initial_revision uuid=2472ecf9-03cd-4216-b316-8f25e8d717ec, type=security_group_rules, rev=-1 {{(pid=103216) create_initial_revision /opt/stack/neutron/neutron/db/ovn_revision_numbers_db.py:98}}
Jun 26 01:37:32.821653 np0000183036 devstack@neutron-api.service[103216]: DEBUG neutron.db.ovn_revision_numbers_db [None req-51120ee4-9a66-4ddf-b5ee-859a97559d7c admin admin] create_initial_revision uuid=262dde9a-1c01-4031-bec7-9d2f5d1aa813, type=security_group_rules, rev=-1 {{(pid=103216) create_initial_revision /opt/stack/neutron/neutron/db/ovn_revision_numbers_db.py:98}}
Jun 26 01:37:32.823992 np0000183036 devstack@neutron-api.service[103216]: DEBUG neutron.db.ovn_revision_numbers_db [None req-51120ee4-9a66-4ddf-b5ee-859a97559d7c admin admin] create_initial_revision uuid=280bcf1f-dec9-4463-a3ce-3f39b1135b2f, type=security_group_rules, rev=-1 {{(pid=103216) create_initial_revision /opt/stack/neutron/neutron/db/ovn_revision_numbers_db.py:98}}
Jun 26 01:37:32.832648 np0000183036 devstack@neutron-api.service[103216]: DEBUG neutron_lib.callbacks.manager [None req-51120ee4-9a66-4ddf-b5ee-859a97559d7c admin admin] Publish callbacks ['neutron.plugins.ml2.drivers.ovn.mech_driver.mech_driver.OVNMechanismDriver._create_security_group-478544', 'neutron.plugins.ml2.ovo_rpc._ObjectChangeHandler.handle_event-32123007'] for security_group (8f80e6a5-6bcf-44d8-91ab-aa43810e4729), after_create {{(pid=103216) _notify_loop /opt/stack/data/venv/lib/python3.12/site-packages/neutron_lib/callbacks/manager.py:184}}
Jun 26 01:37:32.833169 np0000183036 devstack@neutron-api.service[103216]: DEBUG ovsdbapp.backend.ovs_idl.transaction [None req-8d2bc4ad-d4c9-418e-860c-67d8b16c06e5 None None] Running txn n=1 command(idx=0): PgAddCommand(_result=None, name=pg_8f80e6a5_6bcf_44d8_91ab_aa43810e4729, may_exist=False, columns={'acls': [], 'external_ids': {'neutron:security_group_id': '8f80e6a5-6bcf-44d8-91ab-aa43810e4729'}}) {{(pid=103216) do_commit /opt/stack/data/venv/lib/python3.12/site-packages/ovsdbapp/backend/ovs_idl/transaction.py:89}}
Jun 26 01:37:32.833538 np0000183036 devstack@neutron-api.service[103216]: DEBUG ovsdbapp.backend.ovs_idl.transaction [None req-8d2bc4ad-d4c9-418e-860c-67d8b16c06e5 None None] Running txn n=1 command(idx=1): PgAclAddCommand(_result=None, entity=pg_8f80e6a5_6bcf_44d8_91ab_aa43810e4729, direction=to-lport, priority=1002, match=outport == @pg_8f80e6a5_6bcf_44d8_91ab_aa43810e4729 && ip4 && ip4.src == $pg_8f80e6a5_6bcf_44d8_91ab_aa43810e4729_ip4, action=allow-related, log=False, may_exist=True, severity=[], name=[], meter=[], external_ids={'neutron:security_group_rule_id': '07d165df-23f5-466e-b772-98485a0793f7'}) {{(pid=103216) do_commit /opt/stack/data/venv/lib/python3.12/site-packages/ovsdbapp/backend/ovs_idl/transaction.py:89}}
Jun 26 01:37:32.833953 np0000183036 devstack@neutron-api.service[103216]: DEBUG ovsdbapp.backend.ovs_idl.transaction [None req-8d2bc4ad-d4c9-418e-860c-67d8b16c06e5 None None] Running txn n=1 command(idx=2): PgAclAddCommand(_result=None, entity=pg_8f80e6a5_6bcf_44d8_91ab_aa43810e4729, direction=to-lport, priority=1002, match=outport == @pg_8f80e6a5_6bcf_44d8_91ab_aa43810e4729 && ip6 && ip6.src == $pg_8f80e6a5_6bcf_44d8_91ab_aa43810e4729_ip6, action=allow-related, log=False, may_exist=True, severity=[], name=[], meter=[], external_ids={'neutron:security_group_rule_id': '2472ecf9-03cd-4216-b316-8f25e8d717ec'}) {{(pid=103216) do_commit /opt/stack/data/venv/lib/python3.12/site-packages/ovsdbapp/backend/ovs_idl/transaction.py:89}}
Jun 26 01:37:32.834283 np0000183036 devstack@neutron-api.service[103216]: DEBUG ovsdbapp.backend.ovs_idl.transaction [None req-8d2bc4ad-d4c9-418e-860c-67d8b16c06e5 None None] Running txn n=1 command(idx=3): PgAclAddCommand(_result=None, entity=pg_8f80e6a5_6bcf_44d8_91ab_aa43810e4729, direction=from-lport, priority=1002, match=inport == @pg_8f80e6a5_6bcf_44d8_91ab_aa43810e4729 && ip6, action=allow-related, log=False, may_exist=True, severity=[], name=[], meter=[], external_ids={'neutron:security_group_rule_id': '262dde9a-1c01-4031-bec7-9d2f5d1aa813'}) {{(pid=103216) do_commit /opt/stack/data/venv/lib/python3.12/site-packages/ovsdbapp/backend/ovs_idl/transaction.py:89}}
Jun 26 01:37:32.834608 np0000183036 devstack@neutron-api.service[103216]: DEBUG ovsdbapp.backend.ovs_idl.transaction [None req-8d2bc4ad-d4c9-418e-860c-67d8b16c06e5 None None] Running txn n=1 command(idx=4): PgAclAddCommand(_result=None, entity=pg_8f80e6a5_6bcf_44d8_91ab_aa43810e4729, direction=from-lport, priority=1002, match=inport == @pg_8f80e6a5_6bcf_44d8_91ab_aa43810e4729 && ip4, action=allow-related, log=False, may_exist=True, severity=[], name=[], meter=[], external_ids={'neutron:security_group_rule_id': '280bcf1f-dec9-4463-a3ce-3f39b1135b2f'}) {{(pid=103216) do_commit /opt/stack/data/venv/lib/python3.12/site-packages/ovsdbapp/backend/ovs_idl/transaction.py:89}}
Jun 26 01:37:32.850302 np0000183036 devstack@neutron-api.service[103215]: DEBUG neutron.common.ovn.hash_ring_manager [None req-f177b28c-e763-42a9-a871-a19f65d7ef82 None None] Hash Ring loaded. 4 active nodes. 0 offline nodes {{(pid=103215) _load_hash_ring /opt/stack/neutron/neutron/common/ovn/hash_ring_manager.py:110}}
Jun 26 01:37:32.851019 np0000183036 devstack@neutron-api.service[103215]: DEBUG neutron.plugins.ml2.drivers.ovn.mech_driver.ovsdb.ovsdb_monitor [None req-f177b28c-e763-42a9-a871-a19f65d7ef82 None None] Hash Ring: Node 98d5b4fd49155e81a9f80b2be4f9ca8e (host: np0000183036) handling event "create" for row b80658a3-2ebf-4511-a91b-3ea84c7d85ea (table: ACL) {{(pid=103215) notify /opt/stack/neutron/neutron/plugins/ml2/drivers/ovn/mech_driver/ovsdb/ovsdb_monitor.py:1015}}
Jun 26 01:37:32.851090 np0000183036 devstack@neutron-api.service[103216]: DEBUG neutron.common.ovn.hash_ring_manager [None req-8d2bc4ad-d4c9-418e-860c-67d8b16c06e5 None None] Hash Ring loaded. 4 active nodes. 0 offline nodes {{(pid=103216) _load_hash_ring /opt/stack/neutron/neutron/common/ovn/hash_ring_manager.py:110}}
Jun 26 01:37:32.851090 np0000183036 devstack@neutron-api.service[103216]: DEBUG neutron.plugins.ml2.drivers.ovn.mech_driver.ovsdb.ovsdb_monitor [None req-8d2bc4ad-d4c9-418e-860c-67d8b16c06e5 None None] Hash Ring: Node 557c8dc94427507699efa754e471f1b8 (host: np0000183036) handling event "create" for row 468f9827-28f5-4dc2-ba58-384cc2d98ef8 (table: ACL) {{(pid=103216) notify /opt/stack/neutron/neutron/plugins/ml2/drivers/ovn/mech_driver/ovsdb/ovsdb_monitor.py:1015}}
Jun 26 01:37:32.852591 np0000183036 devstack@neutron-api.service[103214]: DEBUG neutron.common.ovn.hash_ring_manager [None req-59e9d8a0-d3aa-4347-8c93-f1b4b984ca96 None None] Hash Ring loaded. 4 active nodes. 0 offline nodes {{(pid=103214) _load_hash_ring /opt/stack/neutron/neutron/common/ovn/hash_ring_manager.py:110}}
Jun 26 01:37:32.853080 np0000183036 devstack@neutron-api.service[103214]: DEBUG neutron.plugins.ml2.drivers.ovn.mech_driver.ovsdb.ovsdb_monitor [None req-59e9d8a0-d3aa-4347-8c93-f1b4b984ca96 None None] Hash Ring: Node 4ed9df339bb657a19943ad44bb945213 (host: np0000183036) handling event "create" for row 26801b17-69b4-4f15-a475-42ca808153bb (table: ACL) {{(pid=103214) notify /opt/stack/neutron/neutron/plugins/ml2/drivers/ovn/mech_driver/ovsdb/ovsdb_monitor.py:1015}}
Jun 26 01:37:32.853080 np0000183036 devstack@neutron-api.service[103214]: DEBUG neutron.plugins.ml2.drivers.ovn.mech_driver.ovsdb.ovsdb_monitor [None req-59e9d8a0-d3aa-4347-8c93-f1b4b984ca96 None None] Hash Ring: Node 4ed9df339bb657a19943ad44bb945213 (host: np0000183036) handling event "create" for row 3a881261-462f-40cc-a6e7-f2b65c85e3e9 (table: ACL) {{(pid=103214) notify /opt/stack/neutron/neutron/plugins/ml2/drivers/ovn/mech_driver/ovsdb/ovsdb_monitor.py:1015}}
Jun 26 01:37:32.853179 np0000183036 devstack@neutron-api.service[103214]: DEBUG neutron.plugins.ml2.drivers.ovn.mech_driver.ovsdb.ovsdb_monitor [None req-59e9d8a0-d3aa-4347-8c93-f1b4b984ca96 None None] Hash Ring: Node 4ed9df339bb657a19943ad44bb945213 (host: np0000183036) handling event "create" for row 2b32f15f-6186-4b23-b8fc-0c2a6a1077d6 (table: Port_Group) {{(pid=103214) notify /opt/stack/neutron/neutron/plugins/ml2/drivers/ovn/mech_driver/ovsdb/ovsdb_monitor.py:1015}}
Jun 26 01:37:32.853240 np0000183036 devstack@neutron-api.service[103217]: DEBUG neutron.common.ovn.hash_ring_manager [None req-856b35af-240c-4860-a20f-5f881939a8ed None None] Hash Ring loaded. 4 active nodes. 0 offline nodes {{(pid=103217) _load_hash_ring /opt/stack/neutron/neutron/common/ovn/hash_ring_manager.py:110}}
Jun 26 01:37:32.877577 np0000183036 devstack@neutron-api.service[103216]: INFO neutron.db.ovn_revision_numbers_db [None req-51120ee4-9a66-4ddf-b5ee-859a97559d7c admin admin] Successfully bumped revision number for resource 8f80e6a5-6bcf-44d8-91ab-aa43810e4729 (type: security_groups) to 1
Jun 26 01:37:32.894358 np0000183036 devstack@neutron-api.service[103216]: INFO neutron.db.ovn_revision_numbers_db [None req-51120ee4-9a66-4ddf-b5ee-859a97559d7c admin admin] Successfully bumped revision number for resource 07d165df-23f5-466e-b772-98485a0793f7 (type: security_group_rules) to 0
Jun 26 01:37:32.910303 np0000183036 devstack@neutron-api.service[103216]: INFO neutron.db.ovn_revision_numbers_db [None req-51120ee4-9a66-4ddf-b5ee-859a97559d7c admin admin] Successfully bumped revision number for resource 2472ecf9-03cd-4216-b316-8f25e8d717ec (type: security_group_rules) to 0
Jun 26 01:37:32.924588 np0000183036 devstack@neutron-api.service[103216]: INFO neutron.db.ovn_revision_numbers_db [None req-51120ee4-9a66-4ddf-b5ee-859a97559d7c admin admin] Successfully bumped revision number for resource 262dde9a-1c01-4031-bec7-9d2f5d1aa813 (type: security_group_rules) to 0
Jun 26 01:37:32.938443 np0000183036 devstack@neutron-api.service[103216]: INFO neutron.db.ovn_revision_numbers_db [None req-51120ee4-9a66-4ddf-b5ee-859a97559d7c admin admin] Successfully bumped revision number for resource 280bcf1f-dec9-4463-a3ce-3f39b1135b2f (type: security_group_rules) to 0
Jun 26 01:37:32.962904 np0000183036 devstack@neutron-api.service[103216]: DEBUG neutron.api.rpc.handlers.resources_rpc [None req-51120ee4-9a66-4ddf-b5ee-859a97559d7c admin admin] Pushing event updated for resources: {'SecurityGroup': ['ID=8f80e6a5-6bcf-44d8-91ab-aa43810e4729,revision_number=1']} {{(pid=103216) push /opt/stack/neutron/neutron/api/rpc/handlers/resources_rpc.py:237}}
Jun 26 01:37:32.969077 np0000183036 devstack@neutron-api.service[103216]: DEBUG ovsdbapp.backend.ovs_idl.transaction [None req-8d2bc4ad-d4c9-418e-860c-67d8b16c06e5 None None] Running txn n=1 command(idx=0): CheckLivenessCommand(_result=None) {{(pid=103216) do_commit /opt/stack/data/venv/lib/python3.12/site-packages/ovsdbapp/backend/ovs_idl/transaction.py:89}}
Jun 26 01:37:32.973965 np0000183036 devstack@neutron-api.service[103216]: DEBUG neutron.api.rpc.callbacks.version_manager [None req-51120ee4-9a66-4ddf-b5ee-859a97559d7c admin admin] Tracked resource versions report:
Jun 26 01:37:32.973965 np0000183036 devstack@neutron-api.service[103216]: pushed versions:
Jun 26 01:37:32.973965 np0000183036 devstack@neutron-api.service[103216]: { 'AddressGroup': {'1.2'},
Jun 26 01:37:32.973965 np0000183036 devstack@neutron-api.service[103216]: 'Agent': {'1.1'},
Jun 26 01:37:32.973965 np0000183036 devstack@neutron-api.service[103216]: 'ConntrackHelper': {'1.0'},
Jun 26 01:37:32.973965 np0000183036 devstack@neutron-api.service[103216]: 'LocalIPAssociation': {'1.0'},
Jun 26 01:37:32.973965 np0000183036 devstack@neutron-api.service[103216]: 'Log': {'1.0'},
Jun 26 01:37:32.973965 np0000183036 devstack@neutron-api.service[103216]: 'NDPProxy': {'1.0'},
Jun 26 01:37:32.973965 np0000183036 devstack@neutron-api.service[103216]: 'Network': {'1.3'},
Jun 26 01:37:32.973965 np0000183036 devstack@neutron-api.service[103216]: 'Port': {'1.11'},
Jun 26 01:37:32.973965 np0000183036 devstack@neutron-api.service[103216]: 'PortForwarding': {'1.3'},
Jun 26 01:37:32.973965 np0000183036 devstack@neutron-api.service[103216]: 'QosPolicy': {'1.10'},
Jun 26 01:37:32.973965 np0000183036 devstack@neutron-api.service[103216]: 'SecurityGroup': {'1.6'},
Jun 26 01:37:32.973965 np0000183036 devstack@neutron-api.service[103216]: 'SecurityGroupRule': {'1.3'},
Jun 26 01:37:32.973965 np0000183036 devstack@neutron-api.service[103216]: 'SubPort': {'1.0'},
Jun 26 01:37:32.973965 np0000183036 devstack@neutron-api.service[103216]: 'Subnet': {'1.2'},
Jun 26 01:37:32.973965 np0000183036 devstack@neutron-api.service[103216]: 'Trunk': {'1.1'}}
Jun 26 01:37:32.973965 np0000183036 devstack@neutron-api.service[103216]: consumer versions:
Jun 26 01:37:32.973965 np0000183036 devstack@neutron-api.service[103216]: { OVN Neutron agent@np0000183036: {},
Jun 26 01:37:32.973965 np0000183036 devstack@neutron-api.service[103216]: OVN Controller Gateway agent@np0000183036: {}}
Jun 26 01:37:32.973965 np0000183036 devstack@neutron-api.service[103216]: {{(pid=103216) report /opt/stack/neutron/neutron/api/rpc/callbacks/version_manager.py:183}}
Jun 26 01:37:32.977427 np0000183036 devstack@neutron-api.service[103215]: DEBUG neutron.plugins.ml2.drivers.ovn.mech_driver.ovsdb.ovsdb_monitor [None req-6b71cec9-f2e1-4957-86b4-ca0b11307ae9 None None] ChassisAgentWriteEvent : Matched Chassis_Private, update, None None {{(pid=103215) matches /opt/stack/neutron/neutron/plugins/ml2/drivers/ovn/mech_driver/ovsdb/ovsdb_monitor.py:64}}
Jun 26 01:37:32.977870 np0000183036 devstack@neutron-api.service[103217]: DEBUG neutron.plugins.ml2.drivers.ovn.mech_driver.ovsdb.ovsdb_monitor [None req-856b35af-240c-4860-a20f-5f881939a8ed None None] Hash Ring: Node 1c69a092aee256e5a1abf61417c3b680 (host: np0000183036) handling event "update" for row e7e7952b-7c60-4568-8a0c-d57cbb286680 (table: NB_Global) {{(pid=103217) notify /opt/stack/neutron/neutron/plugins/ml2/drivers/ovn/mech_driver/ovsdb/ovsdb_monitor.py:1015}}
Jun 26 01:37:32.980393 np0000183036 devstack@neutron-api.service[103214]: DEBUG neutron.plugins.ml2.drivers.ovn.mech_driver.ovsdb.ovsdb_monitor [None req-e5525dc9-a9b0-494a-954d-5c95d6f817ff None None] ChassisAgentWriteEvent : Matched Chassis_Private, update, None None {{(pid=103214) matches /opt/stack/neutron/neutron/plugins/ml2/drivers/ovn/mech_driver/ovsdb/ovsdb_monitor.py:64}}
Jun 26 01:37:32.981264 np0000183036 devstack@neutron-api.service[103217]: DEBUG neutron.plugins.ml2.drivers.ovn.mech_driver.ovsdb.ovsdb_monitor [None req-419f48e3-8151-4955-bb77-a612bee56ce0 None None] ChassisAgentWriteEvent : Matched Chassis_Private, update, None None {{(pid=103217) matches /opt/stack/neutron/neutron/plugins/ml2/drivers/ovn/mech_driver/ovsdb/ovsdb_monitor.py:64}}
Jun 26 01:37:32.982833 np0000183036 devstack@neutron-api.service[103216]: DEBUG neutron.plugins.ml2.drivers.ovn.mech_driver.ovsdb.ovsdb_monitor [None req-48f3f39f-b53d-4821-89b5-d344baf1be65 None None] ChassisAgentWriteEvent : Matched Chassis_Private, update, None None {{(pid=103216) matches /opt/stack/neutron/neutron/plugins/ml2/drivers/ovn/mech_driver/ovsdb/ovsdb_monitor.py:64}}
Jun 26 01:37:32.987439 np0000183036 devstack@neutron-api.service[103217]: DEBUG neutron.plugins.ml2.drivers.ovn.mech_driver.ovsdb.ovsdb_monitor [None req-856b35af-240c-4860-a20f-5f881939a8ed None None] Hash Ring: Node 1c69a092aee256e5a1abf61417c3b680 (host: np0000183036) handling event "update" for row e7e7952b-7c60-4568-8a0c-d57cbb286680 (table: NB_Global) {{(pid=103217) notify /opt/stack/neutron/neutron/plugins/ml2/drivers/ovn/mech_driver/ovsdb/ovsdb_monitor.py:1015}}
Jun 26 01:37:32.988283 np0000183036 devstack@neutron-api.service[103217]: DEBUG neutron.plugins.ml2.drivers.ovn.mech_driver.ovsdb.ovsdb_monitor [None req-856b35af-240c-4860-a20f-5f881939a8ed None None] Hash Ring: Node 1c69a092aee256e5a1abf61417c3b680 (host: np0000183036) handling event "update" for row e7e7952b-7c60-4568-8a0c-d57cbb286680 (table: NB_Global) {{(pid=103217) notify /opt/stack/neutron/neutron/plugins/ml2/drivers/ovn/mech_driver/ovsdb/ovsdb_monitor.py:1015}}
Jun 26 01:37:32.990220 np0000183036 devstack@neutron-api.service[103215]: DEBUG neutron.common.ovn.hash_ring_manager [None req-6b71cec9-f2e1-4957-86b4-ca0b11307ae9 None None] Hash Ring loaded. 4 active nodes. 0 offline nodes {{(pid=103215) _load_hash_ring /opt/stack/neutron/neutron/common/ovn/hash_ring_manager.py:110}}
Jun 26 01:37:32.991314 np0000183036 devstack@neutron-api.service[103214]: DEBUG neutron.common.ovn.hash_ring_manager [None req-e5525dc9-a9b0-494a-954d-5c95d6f817ff None None] Hash Ring loaded. 4 active nodes. 0 offline nodes {{(pid=103214) _load_hash_ring /opt/stack/neutron/neutron/common/ovn/hash_ring_manager.py:110}}
Jun 26 01:37:32.991777 np0000183036 devstack@neutron-api.service[103217]: DEBUG neutron.common.ovn.hash_ring_manager [None req-419f48e3-8151-4955-bb77-a612bee56ce0 None None] Hash Ring loaded. 4 active nodes. 0 offline nodes {{(pid=103217) _load_hash_ring /opt/stack/neutron/neutron/common/ovn/hash_ring_manager.py:110}}
Jun 26 01:37:32.999985 np0000183036 devstack@neutron-api.service[103216]: DEBUG neutron.common.ovn.hash_ring_manager [None req-48f3f39f-b53d-4821-89b5-d344baf1be65 None None] Hash Ring loaded. 4 active nodes. 0 offline nodes {{(pid=103216) _load_hash_ring /opt/stack/neutron/neutron/common/ovn/hash_ring_manager.py:110}}
Jun 26 01:37:32.999985 np0000183036 devstack@neutron-api.service[103216]: DEBUG neutron.plugins.ml2.drivers.ovn.mech_driver.ovsdb.ovsdb_monitor [None req-48f3f39f-b53d-4821-89b5-d344baf1be65 None None] Hash Ring: Node 557c8dc94427507699efa754e471f1b8 (host: np0000183036) handling event "update" for row d7fc2a33-1d71-4f6c-928b-75fb2a9f4f32 (table: Chassis_Private) {{(pid=103216) notify /opt/stack/neutron/neutron/plugins/ml2/drivers/ovn/mech_driver/ovsdb/ovsdb_monitor.py:1015}}
Jun 26 01:37:33.024173 np0000183036 devstack@neutron-api.service[103216]: DEBUG neutron.plugins.ml2.drivers.helpers [None req-51120ee4-9a66-4ddf-b5ee-859a97559d7c admin admin] geneve segment allocate from pool success with {'geneve_vni': 51970} {{(pid=103216) allocate_partially_specified_segment /opt/stack/neutron/neutron/plugins/ml2/drivers/helpers.py:142}}
Jun 26 01:37:33.030490 np0000183036 devstack@neutron-api.service[103214]: DEBUG futurist.periodics [-] Submitting periodic callback 'neutron.plugins.ml2.drivers.ovn.mech_driver.ovsdb.maintenance.HashRingHealthCheckPeriodics.touch_hash_ring_node' {{(pid=103214) _process_scheduled /opt/stack/data/venv/lib/python3.12/site-packages/futurist/periodics.py:784}}
Jun 26 01:37:33.030627 np0000183036 devstack@neutron-api.service[103216]: DEBUG neutron_lib.callbacks.manager [None req-51120ee4-9a66-4ddf-b5ee-859a97559d7c admin admin] Publish callbacks ['neutron.plugins.ml2.plugin.Ml2Plugin._handle_segment_change-171411'] for segment (e290fe44-94f7-4c5a-b0e2-21d03152f242), precommit_create {{(pid=103216) _notify_loop /opt/stack/data/venv/lib/python3.12/site-packages/neutron_lib/callbacks/manager.py:184}}
Jun 26 01:37:33.030780 np0000183036 devstack@neutron-api.service[103216]: INFO neutron.db.segments_db [None req-51120ee4-9a66-4ddf-b5ee-859a97559d7c admin admin] Added segment e290fe44-94f7-4c5a-b0e2-21d03152f242 of type geneve for network 8d4aecc8-aa84-488a-974d-7f1c49a0caca
Jun 26 01:37:33.031295 np0000183036 devstack@neutron-api.service[103214]: DEBUG neutron.plugins.ml2.drivers.ovn.mech_driver.ovsdb.maintenance [-] Touching Hash Ring node "4ed9df339bb657a19943ad44bb945213" from periodic health check thread {{(pid=103214) touch_hash_ring_node /opt/stack/neutron/neutron/plugins/ml2/drivers/ovn/mech_driver/ovsdb/maintenance.py:1419}}
Jun 26 01:37:33.041628 np0000183036 devstack@neutron-api.service[103216]: DEBUG neutron_lib.callbacks.manager [None req-51120ee4-9a66-4ddf-b5ee-859a97559d7c admin admin] Publish callbacks ['neutron.services.auto_allocate.db._ensure_external_network_default_value_callback-8580119169478'] for network (8d4aecc8-aa84-488a-974d-7f1c49a0caca), precommit_create {{(pid=103216) _notify_loop /opt/stack/data/venv/lib/python3.12/site-packages/neutron_lib/callbacks/manager.py:184}}
Jun 26 01:37:33.052497 np0000183036 devstack@neutron-api.service[103216]: DEBUG neutron.plugins.ml2.drivers.ovn.mech_driver.mech_driver [None req-51120ee4-9a66-4ddf-b5ee-859a97559d7c admin admin] Validating network segment with type geneve, segmentation ID 51970, physical network None {{(pid=103216) _validate_network_segments /opt/stack/neutron/neutron/plugins/ml2/drivers/ovn/mech_driver/mech_driver.py:646}}
Jun 26 01:37:33.052628 np0000183036 devstack@neutron-api.service[103216]: DEBUG neutron.db.ovn_revision_numbers_db [None req-51120ee4-9a66-4ddf-b5ee-859a97559d7c admin admin] create_initial_revision uuid=8d4aecc8-aa84-488a-974d-7f1c49a0caca, type=networks, rev=-1 {{(pid=103216) create_initial_revision /opt/stack/neutron/neutron/db/ovn_revision_numbers_db.py:98}}
Jun 26 01:37:33.061958 np0000183036 devstack@neutron-api.service[103216]: DEBUG neutron_lib.callbacks.manager [None req-51120ee4-9a66-4ddf-b5ee-859a97559d7c admin admin] Publish callbacks ['neutron.plugins.ml2.ovo_rpc._ObjectChangeHandler.handle_event-962483'] for network (8d4aecc8-aa84-488a-974d-7f1c49a0caca), after_create {{(pid=103216) _notify_loop /opt/stack/data/venv/lib/python3.12/site-packages/neutron_lib/callbacks/manager.py:184}}
Jun 26 01:37:33.080615 np0000183036 devstack@neutron-api.service[103216]: DEBUG neutron.api.rpc.handlers.resources_rpc [None req-51120ee4-9a66-4ddf-b5ee-859a97559d7c admin admin] Pushing event updated for resources: {'Network': ['ID=8d4aecc8-aa84-488a-974d-7f1c49a0caca,revision_number=1']} {{(pid=103216) push /opt/stack/neutron/neutron/api/rpc/handlers/resources_rpc.py:237}}
Jun 26 01:37:33.089469 np0000183036 devstack@neutron-api.service[103216]: DEBUG ovsdbapp.backend.ovs_idl.transaction [None req-8d2bc4ad-d4c9-418e-860c-67d8b16c06e5 None None] Running txn n=1 command(idx=0): AddNetworkCommand(_result=None, network_uuid=8d4aecc8-aa84-488a-974d-7f1c49a0caca, may_exist=True, columns={'external_ids': {'neutron:network_name': 'admin_net', 'neutron:mtu': '1372', 'neutron:revision_number': '1', 'neutron:availability_zone_hints': '', 'neutron:provnet-network-type': 'geneve'}, 'other_config': {'mcast_snoop': 'false', 'mcast_flood_unregistered': 'false', 'vlan-passthru': 'false'}}) {{(pid=103216) do_commit /opt/stack/data/venv/lib/python3.12/site-packages/ovsdbapp/backend/ovs_idl/transaction.py:89}}
Jun 26 01:37:33.097215 np0000183036 devstack@neutron-api.service[103215]: DEBUG neutron.plugins.ml2.drivers.ovn.mech_driver.ovsdb.ovsdb_monitor [None req-f177b28c-e763-42a9-a871-a19f65d7ef82 None None] Hash Ring: Node 98d5b4fd49155e81a9f80b2be4f9ca8e (host: np0000183036) handling event "create" for row 8d4aecc8-aa84-488a-974d-7f1c49a0caca (table: Logical_Switch) {{(pid=103215) notify /opt/stack/neutron/neutron/plugins/ml2/drivers/ovn/mech_driver/ovsdb/ovsdb_monitor.py:1015}}
Jun 26 01:37:33.102083 np0000183036 devstack@neutron-api.service[103215]: DEBUG neutron.plugins.ml2.drivers.ovn.mech_driver.ovsdb.ovsdb_monitor [None req-6b71cec9-f2e1-4957-86b4-ca0b11307ae9 None None] Hash Ring: Node 98d5b4fd49155e81a9f80b2be4f9ca8e (host: np0000183036) handling event "create" for row 590395b9-3255-4bea-9952-b2b6b7862bd6 (table: Datapath_Binding) {{(pid=103215) notify /opt/stack/neutron/neutron/plugins/ml2/drivers/ovn/mech_driver/ovsdb/ovsdb_monitor.py:1015}}
Jun 26 01:37:33.124850 np0000183036 devstack@neutron-api.service[103216]: INFO neutron.db.ovn_revision_numbers_db [None req-51120ee4-9a66-4ddf-b5ee-859a97559d7c admin admin] Successfully bumped revision number for resource 8d4aecc8-aa84-488a-974d-7f1c49a0caca (type: networks) to 1
Jun 26 01:37:33.140012 np0000183036 devstack@neutron-api.service[103216]: DEBUG neutron_lib.callbacks.manager [None req-51120ee4-9a66-4ddf-b5ee-859a97559d7c admin admin] Publish callbacks ['neutron.plugins.ml2.plugin.SecurityGroupDbMixin._ensure_default_security_group_handler-986271'] for port (None), before_create {{(pid=103216) _notify_loop /opt/stack/data/venv/lib/python3.12/site-packages/neutron_lib/callbacks/manager.py:184}}
Jun 26 01:37:33.212301 np0000183036 devstack@neutron-api.service[103216]: DEBUG neutron_lib.callbacks.manager [None req-51120ee4-9a66-4ddf-b5ee-859a97559d7c admin admin] Publish callbacks ['neutron.plugins.ml2.drivers.ovn.mech_driver.mech_driver.OVNMechanismDriver._validate_allowed_address_pairs-478690'] for allowed_address_pair (e61ec20d-e71f-4388-b266-598e0a96682b), before_create {{(pid=103216) _notify_loop /opt/stack/data/venv/lib/python3.12/site-packages/neutron_lib/callbacks/manager.py:184}}
Jun 26 01:37:33.212779 np0000183036 devstack@neutron-api.service[103216]: DEBUG neutron_lib.callbacks.manager [None req-51120ee4-9a66-4ddf-b5ee-859a97559d7c admin admin] Publish callbacks [] for port (e61ec20d-e71f-4388-b266-598e0a96682b), precommit_create {{(pid=103216) _notify_loop /opt/stack/data/venv/lib/python3.12/site-packages/neutron_lib/callbacks/manager.py:184}}
Jun 26 01:37:33.213065 np0000183036 devstack@neutron-api.service[103216]: DEBUG neutron.plugins.ml2.drivers.ovn.mech_driver.mech_driver [None req-51120ee4-9a66-4ddf-b5ee-859a97559d7c admin admin] No provisioning block for port e61ec20d-e71f-4388-b266-598e0a96682b since it does not have a host {{(pid=103216) _is_port_provisioning_required /opt/stack/neutron/neutron/plugins/ml2/drivers/ovn/mech_driver/mech_driver.py:899}}
Jun 26 01:37:33.213153 np0000183036 devstack@neutron-api.service[103216]: DEBUG neutron.db.ovn_revision_numbers_db [None req-51120ee4-9a66-4ddf-b5ee-859a97559d7c admin admin] create_initial_revision uuid=e61ec20d-e71f-4388-b266-598e0a96682b, type=ports, rev=-1 {{(pid=103216) create_initial_revision /opt/stack/neutron/neutron/db/ovn_revision_numbers_db.py:98}}
Jun 26 01:37:33.245203 np0000183036 devstack@neutron-api.service[103216]: DEBUG neutron_lib.callbacks.manager [None req-51120ee4-9a66-4ddf-b5ee-859a97559d7c admin admin] Publish callbacks ['neutron.plugins.ml2.ovo_rpc._ObjectChangeHandler.handle_event-32122990'] for port (e61ec20d-e71f-4388-b266-598e0a96682b), after_create {{(pid=103216) _notify_loop /opt/stack/data/venv/lib/python3.12/site-packages/neutron_lib/callbacks/manager.py:184}}
Jun 26 01:37:33.277128 np0000183036 devstack@neutron-api.service[103216]: DEBUG neutron.api.rpc.handlers.resources_rpc [None req-51120ee4-9a66-4ddf-b5ee-859a97559d7c admin admin] Pushing event updated for resources: {'Port': ['ID=e61ec20d-e71f-4388-b266-598e0a96682b,revision_number=1']} {{(pid=103216) push /opt/stack/neutron/neutron/api/rpc/handlers/resources_rpc.py:237}}
Jun 26 01:37:33.282020 np0000183036 devstack@neutron-api.service[103216]: DEBUG neutron.plugins.ml2.drivers.ovn.mech_driver.ovsdb.commands [None req-51120ee4-9a66-4ddf-b5ee-859a97559d7c admin admin] Converting tag [] to a tag_request {{(pid=103216) _tag_column_to_tag_request /opt/stack/neutron/neutron/plugins/ml2/drivers/ovn/mech_driver/ovsdb/commands.py:205}}
Jun 26 01:37:33.283181 np0000183036 devstack@neutron-api.service[103216]: DEBUG ovsdbapp.backend.ovs_idl.transaction [None req-8d2bc4ad-d4c9-418e-860c-67d8b16c06e5 None None] Running txn n=1 command(idx=0): AddLSwitchPortCommand(_result=None, lport=e61ec20d-e71f-4388-b266-598e0a96682b, lswitch=neutron-8d4aecc8-aa84-488a-974d-7f1c49a0caca, may_exist=True, network_uuid=8d4aecc8-aa84-488a-974d-7f1c49a0caca, columns={'addresses': ['fa:16:3e:a1:1b:7d'], 'external_ids': {'neutron:port_name': '', 'neutron:device_id': 'ovnmeta-8d4aecc8-aa84-488a-974d-7f1c49a0caca', 'neutron:project_id': 'b8f6cce67c254fc6b5a824e7af2dce33', 'neutron:cidrs': '', 'neutron:device_owner': 'network:distributed', 'neutron:subnet_pool_addr_scope4': '', 'neutron:subnet_pool_addr_scope6': '', 'neutron:network_name': 'neutron-8d4aecc8-aa84-488a-974d-7f1c49a0caca', 'neutron:security_group_ids': '', 'neutron:revision_number': '1', 'neutron:vnic_type': 'normal', 'neutron:port_capabilities': '', 'neutron:mtu': '1372'}, 'parent_name': [], 'enabled': True, 'options': {}, 'type': 'localport', 'port_security': [], 'dhcpv4_options': [], 'dhcpv6_options': [], 'tag_request': []}) {{(pid=103216) do_commit /opt/stack/data/venv/lib/python3.12/site-packages/ovsdbapp/backend/ovs_idl/transaction.py:89}}
Jun 26 01:37:33.284575 np0000183036 devstack@neutron-api.service[103216]: DEBUG ovsdbapp.backend.ovs_idl.transaction [None req-8d2bc4ad-d4c9-418e-860c-67d8b16c06e5 None None] Running txn n=1 command(idx=1): QoSDelCommand(_result=None, switch=neutron-8d4aecc8-aa84-488a-974d-7f1c49a0caca, conditions=[('direction', '=', 'to-lport'), ('priority', '=', 2002), ('match', '=', 'outport == "e61ec20d-e71f-4388-b266-598e0a96682b"')], if_exists=True) {{(pid=103216) do_commit /opt/stack/data/venv/lib/python3.12/site-packages/ovsdbapp/backend/ovs_idl/transaction.py:89}}
Jun 26 01:37:33.284954 np0000183036 devstack@neutron-api.service[103216]: DEBUG ovsdbapp.backend.ovs_idl.transaction [None req-8d2bc4ad-d4c9-418e-860c-67d8b16c06e5 None None] Running txn n=1 command(idx=2): QoSDelCommand(_result=None, switch=neutron-8d4aecc8-aa84-488a-974d-7f1c49a0caca, conditions=[('direction', '=', 'from-lport'), ('priority', '=', 2002), ('match', '=', 'inport == "e61ec20d-e71f-4388-b266-598e0a96682b"')], if_exists=True) {{(pid=103216) do_commit /opt/stack/data/venv/lib/python3.12/site-packages/ovsdbapp/backend/ovs_idl/transaction.py:89}}
