Mar 30 11:58:23.606756 np0000161218 devstack@neutron-api.service[102167]: DEBUG ovsdbapp.backend.ovs_idl [None req-cfbf6985-ce4a-40c8-9e47-a1a79cbdf991 None None] Created lookup_table index Logical_Router.name {{(pid=102167) autocreate_indices /opt/stack/data/venv/lib/python3.12/site-packages/ovsdbapp/backend/ovs_idl/__init__.py:87}}
Mar 30 11:58:23.606756 np0000161218 devstack@neutron-api.service[102167]: DEBUG ovsdbapp.backend.ovs_idl [None req-cfbf6985-ce4a-40c8-9e47-a1a79cbdf991 None None] Created lookup_table index Load_Balancer.name {{(pid=102167) autocreate_indices /opt/stack/data/venv/lib/python3.12/site-packages/ovsdbapp/backend/ovs_idl/__init__.py:87}}
Mar 30 11:58:23.606953 np0000161218 devstack@neutron-api.service[102167]: DEBUG ovsdbapp.backend.ovs_idl [None req-cfbf6985-ce4a-40c8-9e47-a1a79cbdf991 None None] Created schema index Copp.name {{(pid=102167) autocreate_indices /opt/stack/data/venv/lib/python3.12/site-packages/ovsdbapp/backend/ovs_idl/__init__.py:106}}
Mar 30 11:58:23.606953 np0000161218 devstack@neutron-api.service[102167]: DEBUG ovsdbapp.backend.ovs_idl [None req-cfbf6985-ce4a-40c8-9e47-a1a79cbdf991 None None] Created schema index Meter.name {{(pid=102167) autocreate_indices /opt/stack/data/venv/lib/python3.12/site-packages/ovsdbapp/backend/ovs_idl/__init__.py:106}}
Mar 30 11:58:23.607174 np0000161218 devstack@neutron-api.service[102167]: DEBUG ovsdbapp.backend.ovs_idl [None req-cfbf6985-ce4a-40c8-9e47-a1a79cbdf991 None None] Created schema index Load_Balancer_Group.name {{(pid=102167) autocreate_indices /opt/stack/data/venv/lib/python3.12/site-packages/ovsdbapp/backend/ovs_idl/__init__.py:106}}
Mar 30 11:58:23.607316 np0000161218 devstack@neutron-api.service[102167]: DEBUG ovsdbapp.backend.ovs_idl [None req-cfbf6985-ce4a-40c8-9e47-a1a79cbdf991 None None] Created schema index HA_Chassis_Group.name {{(pid=102167) autocreate_indices /opt/stack/data/venv/lib/python3.12/site-packages/ovsdbapp/backend/ovs_idl/__init__.py:106}}
Mar 30 11:58:23.607316 np0000161218 devstack@neutron-api.service[102167]: DEBUG ovsdbapp.backend.ovs_idl [None req-cfbf6985-ce4a-40c8-9e47-a1a79cbdf991 None None] Created schema index Address_Set.name {{(pid=102167) autocreate_indices /opt/stack/data/venv/lib/python3.12/site-packages/ovsdbapp/backend/ovs_idl/__init__.py:106}}
Mar 30 11:58:23.607451 np0000161218 devstack@neutron-api.service[102167]: DEBUG ovsdbapp.backend.ovs_idl [None req-cfbf6985-ce4a-40c8-9e47-a1a79cbdf991 None None] Created schema index Connection.target {{(pid=102167) autocreate_indices /opt/stack/data/venv/lib/python3.12/site-packages/ovsdbapp/backend/ovs_idl/__init__.py:106}}
Mar 30 11:58:23.607591 np0000161218 devstack@neutron-api.service[102167]: DEBUG ovsdbapp.backend.ovs_idl [None req-cfbf6985-ce4a-40c8-9e47-a1a79cbdf991 None None] Created schema index Gateway_Chassis.name {{(pid=102167) autocreate_indices /opt/stack/data/venv/lib/python3.12/site-packages/ovsdbapp/backend/ovs_idl/__init__.py:106}}
Mar 30 11:58:23.607591 np0000161218 devstack@neutron-api.service[102167]: DEBUG ovsdbapp.backend.ovs_idl [None req-cfbf6985-ce4a-40c8-9e47-a1a79cbdf991 None None] Created schema index Mirror.name {{(pid=102167) autocreate_indices /opt/stack/data/venv/lib/python3.12/site-packages/ovsdbapp/backend/ovs_idl/__init__.py:106}}
Mar 30 11:58:23.608145 np0000161218 devstack@neutron-api.service[102167]: DEBUG ovsdbapp.backend.ovs_idl [None req-cfbf6985-ce4a-40c8-9e47-a1a79cbdf991 None None] Created schema index Chassis_Template_Var.chassis {{(pid=102167) autocreate_indices /opt/stack/data/venv/lib/python3.12/site-packages/ovsdbapp/backend/ovs_idl/__init__.py:106}}
Mar 30 11:58:23.608145 np0000161218 devstack@neutron-api.service[102167]: DEBUG ovsdbapp.backend.ovs_idl [None req-cfbf6985-ce4a-40c8-9e47-a1a79cbdf991 None None] Created schema index Logical_Router_Port.name {{(pid=102167) autocreate_indices /opt/stack/data/venv/lib/python3.12/site-packages/ovsdbapp/backend/ovs_idl/__init__.py:106}}
Mar 30 11:58:23.608145 np0000161218 devstack@neutron-api.service[102167]: DEBUG ovsdbapp.backend.ovs_idl [None req-cfbf6985-ce4a-40c8-9e47-a1a79cbdf991 None None] Created schema index Port_Group.name {{(pid=102167) autocreate_indices /opt/stack/data/venv/lib/python3.12/site-packages/ovsdbapp/backend/ovs_idl/__init__.py:106}}
Mar 30 11:58:23.608616 np0000161218 devstack@neutron-api.service[102167]: DEBUG ovsdbapp.backend.ovs_idl [None req-cfbf6985-ce4a-40c8-9e47-a1a79cbdf991 None None] Created schema index Logical_Switch_Port.name {{(pid=102167) autocreate_indices /opt/stack/data/venv/lib/python3.12/site-packages/ovsdbapp/backend/ovs_idl/__init__.py:106}}
Mar 30 11:58:23.612354 np0000161218 devstack@neutron-api.service[102167]: INFO ovsdbapp.backend.ovs_idl.vlog [None req-cfbf6985-ce4a-40c8-9e47-a1a79cbdf991 None None] ssl:199.204.45.22:6641: connecting...
Mar 30 11:58:23.619307 np0000161218 devstack@neutron-api.service[102167]: INFO ovsdbapp.backend.ovs_idl.vlog [None req-cfbf6985-ce4a-40c8-9e47-a1a79cbdf991 None None] ssl:199.204.45.22:6641: connected
Mar 30 11:58:23.630561 np0000161218 devstack@neutron-api.service[102170]: DEBUG neutron.common.ovn.hash_ring_manager [None req-631052e5-7161-475a-90e0-9177bdc88570 None None] Allow caching, nodes 4>=4 {{(pid=102170) _wait_startup_before_caching /opt/stack/neutron/neutron/common/ovn/hash_ring_manager.py:65}}
Mar 30 11:58:23.634431 np0000161218 devstack@neutron-api.service[102170]: DEBUG neutron.common.ovn.hash_ring_manager [None req-631052e5-7161-475a-90e0-9177bdc88570 None None] Hash Ring loaded. 4 active nodes. 0 offline nodes {{(pid=102170) _load_hash_ring /opt/stack/neutron/neutron/common/ovn/hash_ring_manager.py:102}}
Mar 30 11:58:23.634646 np0000161218 devstack@neutron-api.service[102170]: DEBUG neutron.plugins.ml2.drivers.ovn.mech_driver.ovsdb.ovsdb_monitor [None req-631052e5-7161-475a-90e0-9177bdc88570 None None] ChassisOVNAgentWriteEvent : Matched Chassis_Private, create, None None {{(pid=102170) matches /opt/stack/neutron/neutron/plugins/ml2/drivers/ovn/mech_driver/ovsdb/ovsdb_monitor.py:64}}
Mar 30 11:58:23.634757 np0000161218 devstack@neutron-api.service[102170]: DEBUG neutron.plugins.ml2.drivers.ovn.mech_driver.ovsdb.ovsdb_monitor [None req-631052e5-7161-475a-90e0-9177bdc88570 None None] ChassisAgentWriteEvent : Matched Chassis_Private, create, None None {{(pid=102170) matches /opt/stack/neutron/neutron/plugins/ml2/drivers/ovn/mech_driver/ovsdb/ovsdb_monitor.py:64}}
Mar 30 11:58:23.635095 np0000161218 devstack@neutron-api.service[102170]: DEBUG neutron.plugins.ml2.drivers.ovn.mech_driver.ovsdb.ovsdb_monitor [None req-631052e5-7161-475a-90e0-9177bdc88570 None None] Hash Ring: Node 59cc92cdc6965b3caa1bcbcde89767e8 (host: np0000161218) handling event "create" for row 1648dab5-ee33-4e1b-a5b0-49069da3696d (table: Chassis_Private) {{(pid=102170) notify /opt/stack/neutron/neutron/plugins/ml2/drivers/ovn/mech_driver/ovsdb/ovsdb_monitor.py:912}}
Mar 30 11:58:23.637449 np0000161218 devstack@neutron-api.service[102170]: INFO neutron.plugins.ml2.drivers.ovn.mech_driver.mech_driver [None req-631052e5-7161-475a-90e0-9177bdc88570 None None] WorkerService process has finished the post initialization
Mar 30 11:58:23.638760 np0000161218 devstack@neutron-api.service[102170]: WSGI app 0 (mountpoint='') ready in 8 seconds on interpreter 0x7f8f260a3668 pid: 102170 (default app)
Mar 30 11:58:23.659625 np0000161218 devstack@neutron-api.service[102167]: DEBUG neutron.common.ovn.hash_ring_manager [None req-cfbf6985-ce4a-40c8-9e47-a1a79cbdf991 None None] Allow caching, nodes 4>=4 {{(pid=102167) _wait_startup_before_caching /opt/stack/neutron/neutron/common/ovn/hash_ring_manager.py:65}}
Mar 30 11:58:23.666065 np0000161218 devstack@neutron-api.service[102167]: DEBUG neutron.common.ovn.hash_ring_manager [None req-cfbf6985-ce4a-40c8-9e47-a1a79cbdf991 None None] Hash Ring loaded. 4 active nodes. 0 offline nodes {{(pid=102167) _load_hash_ring /opt/stack/neutron/neutron/common/ovn/hash_ring_manager.py:102}}
Mar 30 11:58:23.666366 np0000161218 devstack@neutron-api.service[102167]: DEBUG neutron.plugins.ml2.drivers.ovn.mech_driver.ovsdb.ovsdb_monitor [None req-cfbf6985-ce4a-40c8-9e47-a1a79cbdf991 None None] Hash Ring: Node 8d40e71a5a985e559be2e79b695cfba3 (host: np0000161218) handling event "create" for row 472cabef-be41-42eb-93ac-e7c961d98c5c (table: ACL) {{(pid=102167) notify /opt/stack/neutron/neutron/plugins/ml2/drivers/ovn/mech_driver/ovsdb/ovsdb_monitor.py:912}}
Mar 30 11:58:23.666674 np0000161218 devstack@neutron-api.service[102167]: DEBUG neutron.plugins.ml2.drivers.ovn.mech_driver.ovsdb.ovsdb_monitor [None req-cfbf6985-ce4a-40c8-9e47-a1a79cbdf991 None None] Hash Ring: Node 8d40e71a5a985e559be2e79b695cfba3 (host: np0000161218) handling event "create" for row f17a4b68-bdf1-405a-b98f-6408629d2278 (table: ACL) {{(pid=102167) notify /opt/stack/neutron/neutron/plugins/ml2/drivers/ovn/mech_driver/ovsdb/ovsdb_monitor.py:912}}
Mar 30 11:58:23.668240 np0000161218 devstack@neutron-api.service[102167]: INFO neutron.plugins.ml2.drivers.ovn.mech_driver.ovsdb.impl_idl_ovn [None req-cfbf6985-ce4a-40c8-9e47-a1a79cbdf991 None None] Getting OvsdbSbOvnIdl for WorkerService with retry
Mar 30 11:58:23.699079 np0000161218 devstack@neutron-api.service[102167]: DEBUG ovsdbapp.backend.ovs_idl [None req-cfbf6985-ce4a-40c8-9e47-a1a79cbdf991 None None] Created lookup_table index Chassis.name {{(pid=102167) autocreate_indices /opt/stack/data/venv/lib/python3.12/site-packages/ovsdbapp/backend/ovs_idl/__init__.py:87}}
Mar 30 11:58:23.699225 np0000161218 devstack@neutron-api.service[102167]: DEBUG ovsdbapp.backend.ovs_idl [None req-cfbf6985-ce4a-40c8-9e47-a1a79cbdf991 None None] Created lookup_table index Port_Binding.logical_port {{(pid=102167) autocreate_indices /opt/stack/data/venv/lib/python3.12/site-packages/ovsdbapp/backend/ovs_idl/__init__.py:87}}
Mar 30 11:58:23.699225 np0000161218 devstack@neutron-api.service[102167]: DEBUG ovsdbapp.backend.ovs_idl [None req-cfbf6985-ce4a-40c8-9e47-a1a79cbdf991 None None] Created schema index Chassis_Private.name {{(pid=102167) autocreate_indices /opt/stack/data/venv/lib/python3.12/site-packages/ovsdbapp/backend/ovs_idl/__init__.py:106}}
Mar 30 11:58:23.699420 np0000161218 devstack@neutron-api.service[102167]: DEBUG ovsdbapp.backend.ovs_idl [None req-cfbf6985-ce4a-40c8-9e47-a1a79cbdf991 None None] Created schema index Datapath_Binding.tunnel_key {{(pid=102167) autocreate_indices /opt/stack/data/venv/lib/python3.12/site-packages/ovsdbapp/backend/ovs_idl/__init__.py:106}}
Mar 30 11:58:23.702771 np0000161218 devstack@neutron-api.service[102167]: INFO ovsdbapp.backend.ovs_idl.vlog [None req-cfbf6985-ce4a-40c8-9e47-a1a79cbdf991 None None] ssl:199.204.45.22:6642: connecting...
Mar 30 11:58:23.709080 np0000161218 devstack@neutron-api.service[102167]: INFO ovsdbapp.backend.ovs_idl.vlog [None req-cfbf6985-ce4a-40c8-9e47-a1a79cbdf991 None None] ssl:199.204.45.22:6642: connected
Mar 30 11:58:23.741586 np0000161218 devstack@neutron-api.service[102167]: DEBUG neutron.common.ovn.hash_ring_manager [None req-cfbf6985-ce4a-40c8-9e47-a1a79cbdf991 None None] Allow caching, nodes 4>=4 {{(pid=102167) _wait_startup_before_caching /opt/stack/neutron/neutron/common/ovn/hash_ring_manager.py:65}}
Mar 30 11:58:23.745486 np0000161218 devstack@neutron-api.service[102167]: DEBUG neutron.common.ovn.hash_ring_manager [None req-cfbf6985-ce4a-40c8-9e47-a1a79cbdf991 None None] Hash Ring loaded. 4 active nodes. 0 offline nodes {{(pid=102167) _load_hash_ring /opt/stack/neutron/neutron/common/ovn/hash_ring_manager.py:102}}
Mar 30 11:58:23.745626 np0000161218 devstack@neutron-api.service[102167]: DEBUG neutron.plugins.ml2.drivers.ovn.mech_driver.ovsdb.ovsdb_monitor [None req-cfbf6985-ce4a-40c8-9e47-a1a79cbdf991 None None] ChassisAgentWriteEvent : Matched Chassis_Private, create, None None {{(pid=102167) matches /opt/stack/neutron/neutron/plugins/ml2/drivers/ovn/mech_driver/ovsdb/ovsdb_monitor.py:64}}
Mar 30 11:58:23.745777 np0000161218 devstack@neutron-api.service[102167]: DEBUG neutron.plugins.ml2.drivers.ovn.mech_driver.ovsdb.ovsdb_monitor [None req-cfbf6985-ce4a-40c8-9e47-a1a79cbdf991 None None] ChassisOVNAgentWriteEvent : Matched Chassis_Private, create, None None {{(pid=102167) matches /opt/stack/neutron/neutron/plugins/ml2/drivers/ovn/mech_driver/ovsdb/ovsdb_monitor.py:64}}
Mar 30 11:58:23.748566 np0000161218 devstack@neutron-api.service[102167]: INFO neutron.plugins.ml2.drivers.ovn.mech_driver.mech_driver [None req-cfbf6985-ce4a-40c8-9e47-a1a79cbdf991 None None] WorkerService process has finished the post initialization
Mar 30 11:58:23.750199 np0000161218 devstack@neutron-api.service[102167]: WSGI app 0 (mountpoint='') ready in 8 seconds on interpreter 0x7f8f260a3668 pid: 102167 (default app)
Mar 30 11:58:24.686841 np0000161218 devstack@neutron-api.service[102169]: DEBUG neutron.common.ovn.hash_ring_manager [-] Allow caching, nodes 4>=4 {{(pid=102169) _wait_startup_before_caching /opt/stack/neutron/neutron/common/ovn/hash_ring_manager.py:65}}
Mar 30 11:58:24.687136 np0000161218 devstack@neutron-api.service[102169]: DEBUG neutron.plugins.ml2.drivers.ovn.mech_driver.ovsdb.ovsdb_monitor [-] Hash Ring: Node 2a68eb212ce65904b9ae22109eb5528b (host: np0000161218) handling event "update" for row 542fe636-df83-4920-8777-bd1a38a7d698 (table: Connection) {{(pid=102169) notify /opt/stack/neutron/neutron/plugins/ml2/drivers/ovn/mech_driver/ovsdb/ovsdb_monitor.py:912}}
Mar 30 11:58:24.688309 np0000161218 devstack@neutron-api.service[102168]: DEBUG neutron.common.ovn.hash_ring_manager [-] Allow caching, nodes 4>=4 {{(pid=102168) _wait_startup_before_caching /opt/stack/neutron/neutron/common/ovn/hash_ring_manager.py:65}}
Mar 30 11:58:27.227582 np0000161218 devstack@neutron-api.service[102169]: DEBUG neutron.plugins.ml2.drivers.ovn.mech_driver.ovsdb.ovsdb_monitor [-] Hash Ring: Node 2a68eb212ce65904b9ae22109eb5528b (host: np0000161218) handling event "update" for row 542fe636-df83-4920-8777-bd1a38a7d698 (table: Connection) {{(pid=102169) notify /opt/stack/neutron/neutron/plugins/ml2/drivers/ovn/mech_driver/ovsdb/ovsdb_monitor.py:912}}
Mar 30 11:58:29.638965 np0000161218 devstack@neutron-api.service[102169]: DEBUG neutron.api.wsgi [None req-93cddb86-bcdc-4adf-84b6-a6f0eb5a40bd admin admin] Missing Content-Type {{(pid=102169) get_content_type /opt/stack/neutron/neutron/api/wsgi.py:85}}
Mar 30 11:58:29.639982 np0000161218 devstack@neutron-api.service[102169]: DEBUG neutron.api.wsgi [None req-93cddb86-bcdc-4adf-84b6-a6f0eb5a40bd admin admin] https://199.204.45.22/networking/v2.0/extensions returned with HTTP 200 {{(pid=102169) __call__ /opt/stack/neutron/neutron/api/wsgi.py:545}}
Mar 30 11:58:29.639982 np0000161218 devstack@neutron-api.service[102169]: [pid: 102169|app: 0|req: 2/2] 199.204.45.22 () {64 vars in 1316 bytes} [Mon Mar 30 11:58:29 2026] GET /networking/v2.0/extensions => generated 15208 bytes in 296 msecs (HTTP/1.1 200) 4 headers in 159 bytes (1 switches on core 0)
Mar 30 11:58:30.067233 np0000161218 devstack@neutron-api.service[102168]: DEBUG neutron.api.v2.base [None req-f73716d2-d241-4ecf-b8e1-65c206919c73 admin admin] Request body: {'subnetpool': {'is_default': True, 'name': 'shared-default-subnetpool-v4', 'default_prefixlen': 26, 'prefixes': ['10.1.0.0/20'], 'shared': True}} {{(pid=102168) prepare_request_body /opt/stack/neutron/neutron/api/v2/base.py:729}}
Mar 30 11:58:30.280429 np0000161218 devstack@neutron-api.service[102168]: DEBUG neutron.policy [None req-f73716d2-d241-4ecf-b8e1-65c206919c73 admin admin] Loaded default policies from ['neutron'] under neutron.policies entry points {{(pid=102168) register_rules /opt/stack/neutron/neutron/policy.py:65}}
Mar 30 11:58:30.431467 np0000161218 devstack@neutron-api.service[102168]: DEBUG neutron_lib.callbacks.manager [None req-f73716d2-d241-4ecf-b8e1-65c206919c73 admin admin] Publish callbacks ['neutron.objects.securitygroup.RbacNeutronDbObjectMixin.validate_rbac_policy_change-2193746866121', 'neutron.objects.address_group.RbacNeutronDbObjectMixin.validate_rbac_policy_change-2193746822006', 'neutron.objects.network.RbacNeutronDbObjectMixin.validate_rbac_policy_change-2193746839771', 'neutron.objects.qos.policy.RbacNeutronDbObjectMixin.validate_rbac_policy_change-2193746838562', 'neutron.objects.subnetpool.RbacNeutronDbObjectMixin.validate_rbac_policy_change-2193747056857', 'neutron.objects.address_scope.RbacNeutronDbObjectMixin.validate_rbac_policy_change-2193747057983', 'neutron.plugins.ml2.plugin.External_net_db_mixin._process_ext_policy_create-66978390', 'neutron.plugins.ml2.plugin.NeutronDbPluginV2.validate_network_rbac_policy_change-66077396'] for rbac-policy (None), before_create {{(pid=102168) _notify_loop /opt/stack/data/venv/lib/python3.12/site-packages/neutron_lib/callbacks/manager.py:184}}
Mar 30 11:58:30.479947 np0000161218 devstack@neutron-api.service[102168]: DEBUG neutron_lib.callbacks.manager [None req-f73716d2-d241-4ecf-b8e1-65c206919c73 admin admin] Publish callbacks [] for subnetpool (None), before_response {{(pid=102168) _notify_loop /opt/stack/data/venv/lib/python3.12/site-packages/neutron_lib/callbacks/manager.py:184}}
Mar 30 11:58:30.480712 np0000161218 devstack@neutron-api.service[102168]: [pid: 102168|app: 0|req: 1/3] 199.204.45.22 () {68 vars in 1360 bytes} [Mon Mar 30 11:58:29 2026] POST /networking/v2.0/subnetpools => generated 533 bytes in 523 msecs (HTTP/1.1 201) 4 headers in 162 bytes (1 switches on core 0)
Mar 30 11:58:30.818793 np0000161218 devstack@neutron-api.service[102170]: DEBUG neutron.api.v2.base [None req-311564b7-f433-474a-a4af-6a81ea349b52 admin admin] Request body: {'subnetpool': {'is_default': True, 'name': 'shared-default-subnetpool-v6', 'default_prefixlen': 64, 'prefixes': ['fd2f:9434:f723::/56'], 'shared': True}} {{(pid=102170) prepare_request_body /opt/stack/neutron/neutron/api/v2/base.py:729}}
Mar 30 11:58:30.997679 np0000161218 devstack@neutron-api.service[102170]: DEBUG neutron.policy [None req-311564b7-f433-474a-a4af-6a81ea349b52 admin admin] Loaded default policies from ['neutron'] under neutron.policies entry points {{(pid=102170) register_rules /opt/stack/neutron/neutron/policy.py:65}}
Mar 30 11:58:31.148064 np0000161218 devstack@neutron-api.service[102170]: DEBUG neutron_lib.callbacks.manager [None req-311564b7-f433-474a-a4af-6a81ea349b52 admin admin] Publish callbacks ['neutron.objects.securitygroup.RbacNeutronDbObjectMixin.validate_rbac_policy_change-2193746854229', 'neutron.objects.address_group.RbacNeutronDbObjectMixin.validate_rbac_policy_change-2193747224513', 'neutron.objects.network.RbacNeutronDbObjectMixin.validate_rbac_policy_change-2193746827394', 'neutron.objects.qos.policy.RbacNeutronDbObjectMixin.validate_rbac_policy_change-2193746822652', 'neutron.objects.subnetpool.RbacNeutronDbObjectMixin.validate_rbac_policy_change-2193747074558', 'neutron.objects.address_scope.RbacNeutronDbObjectMixin.validate_rbac_policy_change-2193747074621', 'neutron.plugins.ml2.plugin.External_net_db_mixin._process_ext_policy_create-135086', 'neutron.plugins.ml2.plugin.NeutronDbPluginV2.validate_network_rbac_policy_change-188994'] for rbac-policy (None), before_create {{(pid=102170) _notify_loop /opt/stack/data/venv/lib/python3.12/site-packages/neutron_lib/callbacks/manager.py:184}}
Mar 30 11:58:31.193087 np0000161218 devstack@neutron-api.service[102170]: DEBUG neutron_lib.callbacks.manager [None req-311564b7-f433-474a-a4af-6a81ea349b52 admin admin] Publish callbacks [] for subnetpool (None), before_response {{(pid=102170) _notify_loop /opt/stack/data/venv/lib/python3.12/site-packages/neutron_lib/callbacks/manager.py:184}}
Mar 30 11:58:31.193736 np0000161218 devstack@neutron-api.service[102170]: [pid: 102170|app: 0|req: 1/4] 199.204.45.22 () {68 vars in 1360 bytes} [Mon Mar 30 11:58:30 2026] POST /networking/v2.0/subnetpools => generated 543 bytes in 483 msecs (HTTP/1.1 201) 4 headers in 162 bytes (1 switches on core 0)
Mar 30 11:58:31.626426 np0000161218 devstack@neutron-api.service[102167]: DEBUG neutron.api.v2.base [None req-aab06e74-587b-4e0b-a836-610e5983acb6 admin admin] Request body: {'network': {'admin_state_up': True, 'name': 'private'}} {{(pid=102167) prepare_request_body /opt/stack/neutron/neutron/api/v2/base.py:729}}
Mar 30 11:58:31.660856 np0000161218 devstack@neutron-api.service[102167]: DEBUG neutron.pecan_wsgi.hooks.quota_enforcement [None req-aab06e74-587b-4e0b-a836-610e5983acb6 admin admin] Made reservation on behalf of 5b3e5807f8484e46b53da8d77f500da5 for: {'network': 1} {{(pid=102167) before /opt/stack/neutron/neutron/pecan_wsgi/hooks/quota_enforcement.py:66}}
Mar 30 11:58:31.844629 np0000161218 devstack@neutron-api.service[102167]: DEBUG neutron.policy [None req-aab06e74-587b-4e0b-a836-610e5983acb6 admin admin] Loaded default policies from ['neutron'] under neutron.policies entry points {{(pid=102167) register_rules /opt/stack/neutron/neutron/policy.py:65}}
Mar 30 11:58:31.951317 np0000161218 devstack@neutron-api.service[102167]: DEBUG neutron_lib.callbacks.manager [None req-aab06e74-587b-4e0b-a836-610e5983acb6 admin admin] Publish callbacks ['neutron.plugins.ml2.plugin.SecurityGroupDbMixin._ensure_default_security_group_handler-881166'] for network (None), before_create {{(pid=102167) _notify_loop /opt/stack/data/venv/lib/python3.12/site-packages/neutron_lib/callbacks/manager.py:184}}
Mar 30 11:58:31.970943 np0000161218 devstack@neutron-api.service[102167]: DEBUG neutron_lib.callbacks.manager [None req-aab06e74-587b-4e0b-a836-610e5983acb6 admin admin] Publish callbacks [] for security_group (None), before_create {{(pid=102167) _notify_loop /opt/stack/data/venv/lib/python3.12/site-packages/neutron_lib/callbacks/manager.py:184}}
Mar 30 11:58:32.065008 np0000161218 devstack@neutron-api.service[102167]: DEBUG neutron_lib.callbacks.manager [None req-aab06e74-587b-4e0b-a836-610e5983acb6 admin admin] Publish callbacks ['neutron.plugins.ml2.drivers.ovn.mech_driver.mech_driver.OVNMechanismDriver._create_security_group_precommit-345691'] for security_group (33957a08-3bde-4e87-ad60-705200088a4f), precommit_create {{(pid=102167) _notify_loop /opt/stack/data/venv/lib/python3.12/site-packages/neutron_lib/callbacks/manager.py:184}}
Mar 30 11:58:32.065281 np0000161218 devstack@neutron-api.service[102167]: DEBUG neutron.db.ovn_revision_numbers_db [None req-aab06e74-587b-4e0b-a836-610e5983acb6 admin admin] create_initial_revision uuid=33957a08-3bde-4e87-ad60-705200088a4f, type=security_groups, rev=-1 {{(pid=102167) create_initial_revision /opt/stack/neutron/neutron/db/ovn_revision_numbers_db.py:98}}
Mar 30 11:58:32.067483 np0000161218 devstack@neutron-api.service[102167]: DEBUG neutron.db.ovn_revision_numbers_db [None req-aab06e74-587b-4e0b-a836-610e5983acb6 admin admin] create_initial_revision uuid=383a904b-e11f-43f4-9f92-c9e4846627a5, type=security_group_rules, rev=-1 {{(pid=102167) create_initial_revision /opt/stack/neutron/neutron/db/ovn_revision_numbers_db.py:98}}
Mar 30 11:58:32.068466 np0000161218 devstack@neutron-api.service[102167]: DEBUG neutron.db.ovn_revision_numbers_db [None req-aab06e74-587b-4e0b-a836-610e5983acb6 admin admin] create_initial_revision uuid=698d12d0-991a-4d3d-bc6a-18a1d47c8c04, type=security_group_rules, rev=-1 {{(pid=102167) create_initial_revision /opt/stack/neutron/neutron/db/ovn_revision_numbers_db.py:98}}
Mar 30 11:58:32.069426 np0000161218 devstack@neutron-api.service[102167]: DEBUG neutron.db.ovn_revision_numbers_db [None req-aab06e74-587b-4e0b-a836-610e5983acb6 admin admin] create_initial_revision uuid=6e8cfa94-f765-4615-85d7-008894de3d86, type=security_group_rules, rev=-1 {{(pid=102167) create_initial_revision /opt/stack/neutron/neutron/db/ovn_revision_numbers_db.py:98}}
Mar 30 11:58:32.070427 np0000161218 devstack@neutron-api.service[102167]: DEBUG neutron.db.ovn_revision_numbers_db [None req-aab06e74-587b-4e0b-a836-610e5983acb6 admin admin] create_initial_revision uuid=73abc65e-9f5f-4cee-b4ec-42768fc1fa9e, type=security_group_rules, rev=-1 {{(pid=102167) create_initial_revision /opt/stack/neutron/neutron/db/ovn_revision_numbers_db.py:98}}
Mar 30 11:58:32.076810 np0000161218 devstack@neutron-api.service[102167]: DEBUG neutron_lib.callbacks.manager [None req-aab06e74-587b-4e0b-a836-610e5983acb6 admin admin] Publish callbacks ['neutron.plugins.ml2.drivers.ovn.mech_driver.mech_driver.OVNMechanismDriver._create_security_group-345669', 'neutron.plugins.ml2.ovo_rpc._ObjectChangeHandler.handle_event-2771415'] for security_group (33957a08-3bde-4e87-ad60-705200088a4f), after_create {{(pid=102167) _notify_loop /opt/stack/data/venv/lib/python3.12/site-packages/neutron_lib/callbacks/manager.py:184}}
Mar 30 11:58:32.076964 np0000161218 devstack@neutron-api.service[102167]: INFO neutron.plugins.ml2.drivers.ovn.mech_driver.ovsdb.extensions.qos [None req-aab06e74-587b-4e0b-a836-610e5983acb6 admin admin] Starting OVNClientQosExtension
Mar 30 11:58:32.077102 np0000161218 devstack@neutron-api.service[102167]: INFO neutron.plugins.ml2.drivers.ovn.mech_driver.ovsdb.extensions.placement [None req-aab06e74-587b-4e0b-a836-610e5983acb6 admin admin] Starting OVNClientPlacementExtension
Mar 30 11:58:32.078782 np0000161218 devstack@neutron-api.service[102167]: DEBUG ovsdbapp.backend.ovs_idl.transaction [-] Running txn n=1 command(idx=0): PgAddCommand(_result=None, name=pg_33957a08_3bde_4e87_ad60_705200088a4f, may_exist=False, columns={'acls': [], 'external_ids': {'neutron:security_group_id': '33957a08-3bde-4e87-ad60-705200088a4f'}}) {{(pid=102167) do_commit /opt/stack/data/venv/lib/python3.12/site-packages/ovsdbapp/backend/ovs_idl/transaction.py:89}}
Mar 30 11:58:32.080940 np0000161218 devstack@neutron-api.service[102167]: DEBUG ovsdbapp.backend.ovs_idl.transaction [-] Running txn n=1 command(idx=1): PgAclAddCommand(_result=None, entity=pg_33957a08_3bde_4e87_ad60_705200088a4f, direction=to-lport, priority=1002, match=outport == @pg_33957a08_3bde_4e87_ad60_705200088a4f && ip6 && ip6.src == $pg_33957a08_3bde_4e87_ad60_705200088a4f_ip6, action=allow-related, log=False, may_exist=True, severity=[], name=[], meter=[], external_ids={'neutron:security_group_rule_id': '383a904b-e11f-43f4-9f92-c9e4846627a5'}) {{(pid=102167) do_commit /opt/stack/data/venv/lib/python3.12/site-packages/ovsdbapp/backend/ovs_idl/transaction.py:89}}
Mar 30 11:58:32.081611 np0000161218 devstack@neutron-api.service[102167]: DEBUG ovsdbapp.backend.ovs_idl.transaction [-] Running txn n=1 command(idx=2): PgAclAddCommand(_result=None, entity=pg_33957a08_3bde_4e87_ad60_705200088a4f, direction=from-lport, priority=1002, match=inport == @pg_33957a08_3bde_4e87_ad60_705200088a4f && ip4, action=allow-related, log=False, may_exist=True, severity=[], name=[], meter=[], external_ids={'neutron:security_group_rule_id': '698d12d0-991a-4d3d-bc6a-18a1d47c8c04'}) {{(pid=102167) do_commit /opt/stack/data/venv/lib/python3.12/site-packages/ovsdbapp/backend/ovs_idl/transaction.py:89}}
Mar 30 11:58:32.082232 np0000161218 devstack@neutron-api.service[102167]: DEBUG ovsdbapp.backend.ovs_idl.transaction [-] Running txn n=1 command(idx=3): PgAclAddCommand(_result=None, entity=pg_33957a08_3bde_4e87_ad60_705200088a4f, direction=to-lport, priority=1002, match=outport == @pg_33957a08_3bde_4e87_ad60_705200088a4f && ip4 && ip4.src == $pg_33957a08_3bde_4e87_ad60_705200088a4f_ip4, action=allow-related, log=False, may_exist=True, severity=[], name=[], meter=[], external_ids={'neutron:security_group_rule_id': '6e8cfa94-f765-4615-85d7-008894de3d86'}) {{(pid=102167) do_commit /opt/stack/data/venv/lib/python3.12/site-packages/ovsdbapp/backend/ovs_idl/transaction.py:89}}
Mar 30 11:58:32.082759 np0000161218 devstack@neutron-api.service[102167]: DEBUG ovsdbapp.backend.ovs_idl.transaction [-] Running txn n=1 command(idx=4): PgAclAddCommand(_result=None, entity=pg_33957a08_3bde_4e87_ad60_705200088a4f, direction=from-lport, priority=1002, match=inport == @pg_33957a08_3bde_4e87_ad60_705200088a4f && ip6, action=allow-related, log=False, may_exist=True, severity=[], name=[], meter=[], external_ids={'neutron:security_group_rule_id': '73abc65e-9f5f-4cee-b4ec-42768fc1fa9e'}) {{(pid=102167) do_commit /opt/stack/data/venv/lib/python3.12/site-packages/ovsdbapp/backend/ovs_idl/transaction.py:89}}
Mar 30 11:58:32.090009 np0000161218 devstack@neutron-api.service[102167]: DEBUG neutron.plugins.ml2.drivers.ovn.mech_driver.ovsdb.ovsdb_monitor [-] Hash Ring: Node 8d40e71a5a985e559be2e79b695cfba3 (host: np0000161218) handling event "create" for row 88230586-6278-4846-b2ab-d6d51116f01c (table: ACL) {{(pid=102167) notify /opt/stack/neutron/neutron/plugins/ml2/drivers/ovn/mech_driver/ovsdb/ovsdb_monitor.py:912}}
Mar 30 11:58:32.092256 np0000161218 devstack@neutron-api.service[102168]: DEBUG neutron.plugins.ml2.drivers.ovn.mech_driver.ovsdb.ovsdb_monitor [-] Hash Ring: Node b62c3fa3906354808e51d73c4daa1d99 (host: np0000161218) handling event "create" for row 88230586-6278-4846-b2ab-d6d51116f01c (table: ACL) {{(pid=102168) notify /opt/stack/neutron/neutron/plugins/ml2/drivers/ovn/mech_driver/ovsdb/ovsdb_monitor.py:912}}
Mar 30 11:58:32.092596 np0000161218 devstack@neutron-api.service[102169]: DEBUG neutron.plugins.ml2.drivers.ovn.mech_driver.ovsdb.ovsdb_monitor [-] Hash Ring: Node 2a68eb212ce65904b9ae22109eb5528b (host: np0000161218) handling event "create" for row 3e4e1fb7-87a4-4e8a-8eaa-8e2a44147bc5 (table: ACL) {{(pid=102169) notify /opt/stack/neutron/neutron/plugins/ml2/drivers/ovn/mech_driver/ovsdb/ovsdb_monitor.py:912}}
Mar 30 11:58:32.092856 np0000161218 devstack@neutron-api.service[102168]: DEBUG neutron.plugins.ml2.drivers.ovn.mech_driver.ovsdb.ovsdb_monitor [-] Hash Ring: Node b62c3fa3906354808e51d73c4daa1d99 (host: np0000161218) handling event "create" for row afb57481-8c65-455a-aee8-3e8ff8cf72cc (table: ACL) {{(pid=102168) notify /opt/stack/neutron/neutron/plugins/ml2/drivers/ovn/mech_driver/ovsdb/ovsdb_monitor.py:912}}
Mar 30 11:58:32.092906 np0000161218 devstack@neutron-api.service[102169]: DEBUG neutron.plugins.ml2.drivers.ovn.mech_driver.ovsdb.ovsdb_monitor [-] Hash Ring: Node 2a68eb212ce65904b9ae22109eb5528b (host: np0000161218) handling event "create" for row 88230586-6278-4846-b2ab-d6d51116f01c (table: ACL) {{(pid=102169) notify /opt/stack/neutron/neutron/plugins/ml2/drivers/ovn/mech_driver/ovsdb/ovsdb_monitor.py:912}}
Mar 30 11:58:32.092951 np0000161218 devstack@neutron-api.service[102168]: DEBUG neutron.plugins.ml2.drivers.ovn.mech_driver.ovsdb.ovsdb_monitor [-] Hash Ring: Node b62c3fa3906354808e51d73c4daa1d99 (host: np0000161218) handling event "create" for row 98b5b580-8d32-4a89-814c-2694564202af (table: Port_Group) {{(pid=102168) notify /opt/stack/neutron/neutron/plugins/ml2/drivers/ovn/mech_driver/ovsdb/ovsdb_monitor.py:912}}
Mar 30 11:58:32.092995 np0000161218 devstack@neutron-api.service[102169]: DEBUG neutron.plugins.ml2.drivers.ovn.mech_driver.ovsdb.ovsdb_monitor [-] Hash Ring: Node 2a68eb212ce65904b9ae22109eb5528b (host: np0000161218) handling event "create" for row afb57481-8c65-455a-aee8-3e8ff8cf72cc (table: ACL) {{(pid=102169) notify /opt/stack/neutron/neutron/plugins/ml2/drivers/ovn/mech_driver/ovsdb/ovsdb_monitor.py:912}}
Mar 30 11:58:32.093038 np0000161218 devstack@neutron-api.service[102170]: DEBUG neutron.plugins.ml2.drivers.ovn.mech_driver.ovsdb.ovsdb_monitor [-] Hash Ring: Node 59cc92cdc6965b3caa1bcbcde89767e8 (host: np0000161218) handling event "create" for row 3e4e1fb7-87a4-4e8a-8eaa-8e2a44147bc5 (table: ACL) {{(pid=102170) notify /opt/stack/neutron/neutron/plugins/ml2/drivers/ovn/mech_driver/ovsdb/ovsdb_monitor.py:912}}
Mar 30 11:58:32.093404 np0000161218 devstack@neutron-api.service[102169]: DEBUG neutron.plugins.ml2.drivers.ovn.mech_driver.ovsdb.ovsdb_monitor [-] Hash Ring: Node 2a68eb212ce65904b9ae22109eb5528b (host: np0000161218) handling event "create" for row e8c51c84-3640-4099-a974-01cab2ed81a8 (table: ACL) {{(pid=102169) notify /opt/stack/neutron/neutron/plugins/ml2/drivers/ovn/mech_driver/ovsdb/ovsdb_monitor.py:912}}
Mar 30 11:58:32.093474 np0000161218 devstack@neutron-api.service[102170]: DEBUG neutron.plugins.ml2.drivers.ovn.mech_driver.ovsdb.ovsdb_monitor [-] Hash Ring: Node 59cc92cdc6965b3caa1bcbcde89767e8 (host: np0000161218) handling event "create" for row e8c51c84-3640-4099-a974-01cab2ed81a8 (table: ACL) {{(pid=102170) notify /opt/stack/neutron/neutron/plugins/ml2/drivers/ovn/mech_driver/ovsdb/ovsdb_monitor.py:912}}
Mar 30 11:58:32.093528 np0000161218 devstack@neutron-api.service[102169]: DEBUG neutron.plugins.ml2.drivers.ovn.mech_driver.ovsdb.ovsdb_monitor [-] Hash Ring: Node 2a68eb212ce65904b9ae22109eb5528b (host: np0000161218) handling event "create" for row 98b5b580-8d32-4a89-814c-2694564202af (table: Port_Group) {{(pid=102169) notify /opt/stack/neutron/neutron/plugins/ml2/drivers/ovn/mech_driver/ovsdb/ovsdb_monitor.py:912}}
Mar 30 11:58:32.122355 np0000161218 devstack@neutron-api.service[102167]: INFO neutron.db.ovn_revision_numbers_db [None req-aab06e74-587b-4e0b-a836-610e5983acb6 admin admin] Successfully bumped revision number for resource 33957a08-3bde-4e87-ad60-705200088a4f (type: security_groups) to 1
Mar 30 11:58:32.138535 np0000161218 devstack@neutron-api.service[102167]: INFO neutron.db.ovn_revision_numbers_db [None req-aab06e74-587b-4e0b-a836-610e5983acb6 admin admin] Successfully bumped revision number for resource 383a904b-e11f-43f4-9f92-c9e4846627a5 (type: security_group_rules) to 0
Mar 30 11:58:32.152346 np0000161218 devstack@neutron-api.service[102167]: INFO neutron.db.ovn_revision_numbers_db [None req-aab06e74-587b-4e0b-a836-610e5983acb6 admin admin] Successfully bumped revision number for resource 698d12d0-991a-4d3d-bc6a-18a1d47c8c04 (type: security_group_rules) to 0
Mar 30 11:58:32.165515 np0000161218 devstack@neutron-api.service[102167]: INFO neutron.db.ovn_revision_numbers_db [None req-aab06e74-587b-4e0b-a836-610e5983acb6 admin admin] Successfully bumped revision number for resource 6e8cfa94-f765-4615-85d7-008894de3d86 (type: security_group_rules) to 0
Mar 30 11:58:32.179390 np0000161218 devstack@neutron-api.service[102167]: INFO neutron.db.ovn_revision_numbers_db [None req-aab06e74-587b-4e0b-a836-610e5983acb6 admin admin] Successfully bumped revision number for resource 73abc65e-9f5f-4cee-b4ec-42768fc1fa9e (type: security_group_rules) to 0
Mar 30 11:58:32.206058 np0000161218 devstack@neutron-api.service[102167]: DEBUG neutron.api.rpc.handlers.resources_rpc [None req-aab06e74-587b-4e0b-a836-610e5983acb6 admin admin] Pushing event updated for resources: {'SecurityGroup': ['ID=33957a08-3bde-4e87-ad60-705200088a4f,revision_number=1']} {{(pid=102167) push /opt/stack/neutron/neutron/api/rpc/handlers/resources_rpc.py:237}}
Mar 30 11:58:32.213283 np0000161218 devstack@neutron-api.service[102167]: DEBUG ovsdbapp.backend.ovs_idl.transaction [-] Running txn n=1 command(idx=0): CheckLivenessCommand(_result=None) {{(pid=102167) do_commit /opt/stack/data/venv/lib/python3.12/site-packages/ovsdbapp/backend/ovs_idl/transaction.py:89}}
Mar 30 11:58:32.218014 np0000161218 devstack@neutron-api.service[102169]: DEBUG neutron.plugins.ml2.drivers.ovn.mech_driver.ovsdb.ovsdb_monitor [-] Hash Ring: Node 2a68eb212ce65904b9ae22109eb5528b (host: np0000161218) handling event "update" for row a70fc9ea-487d-47f9-b323-e6522046add4 (table: NB_Global) {{(pid=102169) notify /opt/stack/neutron/neutron/plugins/ml2/drivers/ovn/mech_driver/ovsdb/ovsdb_monitor.py:912}}
Mar 30 11:58:32.218319 np0000161218 devstack@neutron-api.service[102170]: DEBUG neutron.plugins.ml2.drivers.ovn.mech_driver.ovsdb.ovsdb_monitor [-] Hash Ring: Node 59cc92cdc6965b3caa1bcbcde89767e8 (host: np0000161218) handling event "update" for row a70fc9ea-487d-47f9-b323-e6522046add4 (table: NB_Global) {{(pid=102170) notify /opt/stack/neutron/neutron/plugins/ml2/drivers/ovn/mech_driver/ovsdb/ovsdb_monitor.py:912}}
Mar 30 11:58:32.219101 np0000161218 devstack@neutron-api.service[102169]: DEBUG neutron.plugins.ml2.drivers.ovn.mech_driver.ovsdb.ovsdb_monitor [-] Hash Ring: Node 2a68eb212ce65904b9ae22109eb5528b (host: np0000161218) handling event "update" for row a70fc9ea-487d-47f9-b323-e6522046add4 (table: NB_Global) {{(pid=102169) notify /opt/stack/neutron/neutron/plugins/ml2/drivers/ovn/mech_driver/ovsdb/ovsdb_monitor.py:912}}
Mar 30 11:58:32.220640 np0000161218 devstack@neutron-api.service[102167]: DEBUG neutron.api.rpc.callbacks.version_manager [None req-aab06e74-587b-4e0b-a836-610e5983acb6 admin admin] Tracked resource versions report:
Mar 30 11:58:32.220640 np0000161218 devstack@neutron-api.service[102167]: pushed versions:
Mar 30 11:58:32.220640 np0000161218 devstack@neutron-api.service[102167]: { 'AddressGroup': {'1.2'},
Mar 30 11:58:32.220640 np0000161218 devstack@neutron-api.service[102167]: 'Agent': {'1.1'},
Mar 30 11:58:32.220640 np0000161218 devstack@neutron-api.service[102167]: 'ConntrackHelper': {'1.0'},
Mar 30 11:58:32.220640 np0000161218 devstack@neutron-api.service[102167]: 'LocalIPAssociation': {'1.0'},
Mar 30 11:58:32.220640 np0000161218 devstack@neutron-api.service[102167]: 'Log': {'1.0'},
Mar 30 11:58:32.220640 np0000161218 devstack@neutron-api.service[102167]: 'NDPProxy': {'1.0'},
Mar 30 11:58:32.220640 np0000161218 devstack@neutron-api.service[102167]: 'Network': {'1.2'},
Mar 30 11:58:32.220640 np0000161218 devstack@neutron-api.service[102167]: 'Port': {'1.10'},
Mar 30 11:58:32.220640 np0000161218 devstack@neutron-api.service[102167]: 'PortForwarding': {'1.3'},
Mar 30 11:58:32.220640 np0000161218 devstack@neutron-api.service[102167]: 'QosPolicy': {'1.10'},
Mar 30 11:58:32.220640 np0000161218 devstack@neutron-api.service[102167]: 'SecurityGroup': {'1.6'},
Mar 30 11:58:32.220640 np0000161218 devstack@neutron-api.service[102167]: 'SecurityGroupRule': {'1.3'},
Mar 30 11:58:32.220640 np0000161218 devstack@neutron-api.service[102167]: 'SubPort': {'1.0'},
Mar 30 11:58:32.220640 np0000161218 devstack@neutron-api.service[102167]: 'Subnet': {'1.2'},
Mar 30 11:58:32.220640 np0000161218 devstack@neutron-api.service[102167]: 'Trunk': {'1.1'}}
Mar 30 11:58:32.220640 np0000161218 devstack@neutron-api.service[102167]: consumer versions:
Mar 30 11:58:32.220640 np0000161218 devstack@neutron-api.service[102167]: {}
Mar 30 11:58:32.220640 np0000161218 devstack@neutron-api.service[102167]: {{(pid=102167) report /opt/stack/neutron/neutron/api/rpc/callbacks/version_manager.py:183}}
Mar 30 11:58:32.222927 np0000161218 devstack@neutron-api.service[102169]: DEBUG neutron.plugins.ml2.drivers.ovn.mech_driver.ovsdb.ovsdb_monitor [-] ChassisAgentWriteEvent : Matched Chassis_Private, update, None None {{(pid=102169) matches /opt/stack/neutron/neutron/plugins/ml2/drivers/ovn/mech_driver/ovsdb/ovsdb_monitor.py:64}}
Mar 30 11:58:32.223506 np0000161218 devstack@neutron-api.service[102170]: DEBUG neutron.plugins.ml2.drivers.ovn.mech_driver.ovsdb.ovsdb_monitor [-] Hash Ring: Node 59cc92cdc6965b3caa1bcbcde89767e8 (host: np0000161218) handling event "update" for row a70fc9ea-487d-47f9-b323-e6522046add4 (table: NB_Global) {{(pid=102170) notify /opt/stack/neutron/neutron/plugins/ml2/drivers/ovn/mech_driver/ovsdb/ovsdb_monitor.py:912}}
Mar 30 11:58:32.223610 np0000161218 devstack@neutron-api.service[102168]: DEBUG neutron.plugins.ml2.drivers.ovn.mech_driver.ovsdb.ovsdb_monitor [-] ChassisAgentWriteEvent : Matched Chassis_Private, update, None None {{(pid=102168) matches /opt/stack/neutron/neutron/plugins/ml2/drivers/ovn/mech_driver/ovsdb/ovsdb_monitor.py:64}}
Mar 30 11:58:32.223703 np0000161218 devstack@neutron-api.service[102170]: DEBUG neutron.plugins.ml2.drivers.ovn.mech_driver.ovsdb.ovsdb_monitor [-] Hash Ring: Node 59cc92cdc6965b3caa1bcbcde89767e8 (host: np0000161218) handling event "update" for row a70fc9ea-487d-47f9-b323-e6522046add4 (table: NB_Global) {{(pid=102170) notify /opt/stack/neutron/neutron/plugins/ml2/drivers/ovn/mech_driver/ovsdb/ovsdb_monitor.py:912}}
Mar 30 11:58:32.225251 np0000161218 devstack@neutron-api.service[102170]: DEBUG neutron.plugins.ml2.drivers.ovn.mech_driver.ovsdb.ovsdb_monitor [-] ChassisAgentWriteEvent : Matched Chassis_Private, update, None None {{(pid=102170) matches /opt/stack/neutron/neutron/plugins/ml2/drivers/ovn/mech_driver/ovsdb/ovsdb_monitor.py:64}}
Mar 30 11:58:32.225553 np0000161218 devstack@neutron-api.service[102169]: DEBUG neutron.plugins.ml2.drivers.ovn.mech_driver.ovsdb.ovsdb_monitor [-] Hash Ring: Node 2a68eb212ce65904b9ae22109eb5528b (host: np0000161218) handling event "update" for row a70fc9ea-487d-47f9-b323-e6522046add4 (table: NB_Global) {{(pid=102169) notify /opt/stack/neutron/neutron/plugins/ml2/drivers/ovn/mech_driver/ovsdb/ovsdb_monitor.py:912}}
Mar 30 11:58:32.225814 np0000161218 devstack@neutron-api.service[102170]: DEBUG neutron.plugins.ml2.drivers.ovn.mech_driver.ovsdb.ovsdb_monitor [-] Hash Ring: Node 59cc92cdc6965b3caa1bcbcde89767e8 (host: np0000161218) handling event "update" for row 1648dab5-ee33-4e1b-a5b0-49069da3696d (table: Chassis_Private) {{(pid=102170) notify /opt/stack/neutron/neutron/plugins/ml2/drivers/ovn/mech_driver/ovsdb/ovsdb_monitor.py:912}}
Mar 30 11:58:32.227160 np0000161218 devstack@neutron-api.service[102169]: DEBUG neutron.plugins.ml2.drivers.ovn.mech_driver.ovsdb.ovsdb_monitor [-] Hash Ring: Node 2a68eb212ce65904b9ae22109eb5528b (host: np0000161218) handling event "update" for row a70fc9ea-487d-47f9-b323-e6522046add4 (table: NB_Global) {{(pid=102169) notify /opt/stack/neutron/neutron/plugins/ml2/drivers/ovn/mech_driver/ovsdb/ovsdb_monitor.py:912}}
Mar 30 11:58:32.227573 np0000161218 devstack@neutron-api.service[102170]: DEBUG neutron.plugins.ml2.drivers.ovn.mech_driver.ovsdb.ovsdb_monitor [-] Hash Ring: Node 59cc92cdc6965b3caa1bcbcde89767e8 (host: np0000161218) handling event "update" for row a70fc9ea-487d-47f9-b323-e6522046add4 (table: NB_Global) {{(pid=102170) notify /opt/stack/neutron/neutron/plugins/ml2/drivers/ovn/mech_driver/ovsdb/ovsdb_monitor.py:912}}
Mar 30 11:58:32.227654 np0000161218 devstack@neutron-api.service[102169]: DEBUG neutron.common.ovn.hash_ring_manager [-] Allow caching, nodes 4>=4 {{(pid=102169) _wait_startup_before_caching /opt/stack/neutron/neutron/common/ovn/hash_ring_manager.py:65}}
Mar 30 11:58:32.227810 np0000161218 devstack@neutron-api.service[102169]: DEBUG neutron.plugins.ml2.drivers.ovn.mech_driver.ovsdb.ovsdb_monitor [-] Hash Ring: Node 2a68eb212ce65904b9ae22109eb5528b (host: np0000161218) handling event "update" for row 1648dab5-ee33-4e1b-a5b0-49069da3696d (table: Chassis_Private) {{(pid=102169) notify /opt/stack/neutron/neutron/plugins/ml2/drivers/ovn/mech_driver/ovsdb/ovsdb_monitor.py:912}}
Mar 30 11:58:32.228681 np0000161218 devstack@neutron-api.service[102169]: DEBUG neutron.plugins.ml2.drivers.ovn.mech_driver.ovsdb.ovsdb_monitor [-] ChassisOVNAgentWriteEvent : Matched Chassis_Private, update, None None {{(pid=102169) matches /opt/stack/neutron/neutron/plugins/ml2/drivers/ovn/mech_driver/ovsdb/ovsdb_monitor.py:64}}
Mar 30 11:58:32.228909 np0000161218 devstack@neutron-api.service[102169]: DEBUG neutron.plugins.ml2.drivers.ovn.mech_driver.ovsdb.ovsdb_monitor [-] Hash Ring: Node 2a68eb212ce65904b9ae22109eb5528b (host: np0000161218) handling event "update" for row 1648dab5-ee33-4e1b-a5b0-49069da3696d (table: Chassis_Private) {{(pid=102169) notify /opt/stack/neutron/neutron/plugins/ml2/drivers/ovn/mech_driver/ovsdb/ovsdb_monitor.py:912}}
Mar 30 11:58:32.229177 np0000161218 devstack@neutron-api.service[102167]: DEBUG neutron.plugins.ml2.drivers.ovn.mech_driver.ovsdb.ovsdb_monitor [-] ChassisAgentWriteEvent : Matched Chassis_Private, update, None None {{(pid=102167) matches /opt/stack/neutron/neutron/plugins/ml2/drivers/ovn/mech_driver/ovsdb/ovsdb_monitor.py:64}}
Mar 30 11:58:32.229588 np0000161218 devstack@neutron-api.service[102170]: DEBUG neutron.plugins.ml2.drivers.ovn.mech_driver.ovsdb.ovsdb_monitor [-] ChassisOVNAgentWriteEvent : Matched Chassis_Private, update, None None {{(pid=102170) matches /opt/stack/neutron/neutron/plugins/ml2/drivers/ovn/mech_driver/ovsdb/ovsdb_monitor.py:64}}
Mar 30 11:58:32.230006 np0000161218 devstack@neutron-api.service[102170]: DEBUG neutron.plugins.ml2.drivers.ovn.mech_driver.ovsdb.ovsdb_monitor [-] Hash Ring: Node 59cc92cdc6965b3caa1bcbcde89767e8 (host: np0000161218) handling event "update" for row 1648dab5-ee33-4e1b-a5b0-49069da3696d (table: Chassis_Private) {{(pid=102170) notify /opt/stack/neutron/neutron/plugins/ml2/drivers/ovn/mech_driver/ovsdb/ovsdb_monitor.py:912}}
Mar 30 11:58:32.231139 np0000161218 devstack@neutron-api.service[102168]: DEBUG neutron.plugins.ml2.drivers.ovn.mech_driver.ovsdb.ovsdb_monitor [-] ChassisOVNAgentWriteEvent : Matched Chassis_Private, update, None None {{(pid=102168) matches /opt/stack/neutron/neutron/plugins/ml2/drivers/ovn/mech_driver/ovsdb/ovsdb_monitor.py:64}}
Mar 30 11:58:32.232785 np0000161218 devstack@neutron-api.service[102167]: DEBUG neutron.plugins.ml2.drivers.ovn.mech_driver.ovsdb.ovsdb_monitor [-] ChassisOVNAgentWriteEvent : Matched Chassis_Private, update, None None {{(pid=102167) matches /opt/stack/neutron/neutron/plugins/ml2/drivers/ovn/mech_driver/ovsdb/ovsdb_monitor.py:64}}
Mar 30 11:58:32.285363 np0000161218 devstack@neutron-api.service[102167]: DEBUG neutron.plugins.ml2.drivers.helpers [None req-aab06e74-587b-4e0b-a836-610e5983acb6 admin admin] geneve segment allocate from pool success with {'geneve_vni': 10616} {{(pid=102167) allocate_partially_specified_segment /opt/stack/neutron/neutron/plugins/ml2/drivers/helpers.py:142}}
Mar 30 11:58:32.300939 np0000161218 devstack@neutron-api.service[102167]: DEBUG neutron_lib.callbacks.manager [None req-aab06e74-587b-4e0b-a836-610e5983acb6 admin admin] Publish callbacks ['neutron.services.segments.db._add_segment_host_mapping_for_segment-8765792774094', 'neutron.plugins.ml2.plugin.Ml2Plugin._handle_segment_change-87048'] for segment (f72d49c1-82f3-4656-b5be-3fe12e83ba5f), precommit_create {{(pid=102167) _notify_loop /opt/stack/data/venv/lib/python3.12/site-packages/neutron_lib/callbacks/manager.py:184}}
Mar 30 11:58:32.301151 np0000161218 devstack@neutron-api.service[102167]: INFO neutron.db.segments_db [None req-aab06e74-587b-4e0b-a836-610e5983acb6 admin admin] Added segment f72d49c1-82f3-4656-b5be-3fe12e83ba5f of type geneve for network 018806c4-bcfb-40da-a974-c494f2cb8172
Mar 30 11:58:32.345387 np0000161218 devstack@neutron-api.service[102167]: DEBUG neutron_lib.callbacks.manager [None req-aab06e74-587b-4e0b-a836-610e5983acb6 admin admin] Publish callbacks ['neutron.services.auto_allocate.db._ensure_external_network_default_value_callback-8765791548336'] for network (018806c4-bcfb-40da-a974-c494f2cb8172), precommit_create {{(pid=102167) _notify_loop /opt/stack/data/venv/lib/python3.12/site-packages/neutron_lib/callbacks/manager.py:184}}
Mar 30 11:58:32.360804 np0000161218 devstack@neutron-api.service[102167]: DEBUG neutron.plugins.ml2.drivers.ovn.mech_driver.mech_driver [None req-aab06e74-587b-4e0b-a836-610e5983acb6 admin admin] Validating network segment with type geneve, segmentation ID 10616, physical network None {{(pid=102167) _validate_network_segments /opt/stack/neutron/neutron/plugins/ml2/drivers/ovn/mech_driver/mech_driver.py:631}}
Mar 30 11:58:32.360804 np0000161218 devstack@neutron-api.service[102167]: DEBUG neutron.db.ovn_revision_numbers_db [None req-aab06e74-587b-4e0b-a836-610e5983acb6 admin admin] create_initial_revision uuid=018806c4-bcfb-40da-a974-c494f2cb8172, type=networks, rev=-1 {{(pid=102167) create_initial_revision /opt/stack/neutron/neutron/db/ovn_revision_numbers_db.py:98}}
Mar 30 11:58:32.378106 np0000161218 devstack@neutron-api.service[102167]: DEBUG neutron_lib.callbacks.manager [None req-aab06e74-587b-4e0b-a836-610e5983acb6 admin admin] Publish callbacks ['neutron.plugins.ml2.ovo_rpc._ObjectChangeHandler.handle_event-2771271'] for network (018806c4-bcfb-40da-a974-c494f2cb8172), after_create {{(pid=102167) _notify_loop /opt/stack/data/venv/lib/python3.12/site-packages/neutron_lib/callbacks/manager.py:184}}
Mar 30 11:58:32.450280 np0000161218 devstack@neutron-api.service[102167]: DEBUG neutron.api.rpc.handlers.resources_rpc [None req-aab06e74-587b-4e0b-a836-610e5983acb6 admin admin] Pushing event updated for resources: {'Network': ['ID=018806c4-bcfb-40da-a974-c494f2cb8172,revision_number=1']} {{(pid=102167) push /opt/stack/neutron/neutron/api/rpc/handlers/resources_rpc.py:237}}
Mar 30 11:58:32.461201 np0000161218 devstack@neutron-api.service[102167]: DEBUG ovsdbapp.backend.ovs_idl.transaction [-] Running txn n=1 command(idx=0): AddNetworkCommand(_result=None, network_uuid=018806c4-bcfb-40da-a974-c494f2cb8172, may_exist=True, columns={'external_ids': {'neutron:network_name': 'private', 'neutron:mtu': '1372', 'neutron:revision_number': '1', 'neutron:availability_zone_hints': '', 'neutron:provnet-network-type': 'geneve'}, 'other_config': {'mcast_snoop': 'false', 'mcast_flood_unregistered': 'false', 'vlan-passthru': 'false'}}) {{(pid=102167) do_commit /opt/stack/data/venv/lib/python3.12/site-packages/ovsdbapp/backend/ovs_idl/transaction.py:89}}
Mar 30 11:58:32.462183 np0000161218 devstack@neutron-api.service[102167]: DEBUG neutron.common.ovn.utils [-] OVS persist_uuid supported=True {{(pid=102167) ovs_persist_uuid_supported /opt/stack/neutron/neutron/common/ovn/utils.py:1535}}
Mar 30 11:58:32.468124 np0000161218 devstack@neutron-api.service[102169]: DEBUG neutron.plugins.ml2.drivers.ovn.mech_driver.ovsdb.ovsdb_monitor [-] Hash Ring: Node 2a68eb212ce65904b9ae22109eb5528b (host: np0000161218) handling event "create" for row 018806c4-bcfb-40da-a974-c494f2cb8172 (table: Logical_Switch) {{(pid=102169) notify /opt/stack/neutron/neutron/plugins/ml2/drivers/ovn/mech_driver/ovsdb/ovsdb_monitor.py:912}}
Mar 30 11:58:32.468457 np0000161218 devstack@neutron-api.service[102168]: DEBUG neutron.plugins.ml2.drivers.ovn.mech_driver.ovsdb.ovsdb_monitor [-] Hash Ring: Node b62c3fa3906354808e51d73c4daa1d99 (host: np0000161218) handling event "create" for row 018806c4-bcfb-40da-a974-c494f2cb8172 (table: Logical_Switch) {{(pid=102168) notify /opt/stack/neutron/neutron/plugins/ml2/drivers/ovn/mech_driver/ovsdb/ovsdb_monitor.py:912}}
