Mar 30 11:58:57.332872 np0000161218 systemd[1]: Starting devstack@n-api-meta.service - Devstack devstack@n-api-meta.service...
Mar 30 11:58:57.343264 np0000161218 devstack@n-api-meta.service[107307]: [uWSGI] getting INI configuration from /etc/nova/nova-metadata-uwsgi.ini
Mar 30 11:58:57.344603 np0000161218 devstack@n-api-meta.service[107307]: open("./http_plugin.so"): No such file or directory [core/utils.c line 3709]
Mar 30 11:58:57.344603 np0000161218 devstack@n-api-meta.service[107307]: !!! UNABLE to load uWSGI plugin: ./http_plugin.so: cannot open shared object file: No such file or directory !!!
Mar 30 11:58:57.344603 np0000161218 devstack@n-api-meta.service[107307]: open("./python3_plugin.so"): No such file or directory [core/utils.c line 3709]
Mar 30 11:58:57.344603 np0000161218 devstack@n-api-meta.service[107307]: !!! UNABLE to load uWSGI plugin: ./python3_plugin.so: cannot open shared object file: No such file or directory !!!
Mar 30 11:58:57.344603 np0000161218 devstack@n-api-meta.service[107307]: *** Starting uWSGI 2.0.31 (64bit) on [Mon Mar 30 11:58:57 2026] ***
Mar 30 11:58:57.344603 np0000161218 devstack@n-api-meta.service[107307]: compiled with version: 13.3.0 on 30 March 2026 11:48:06
Mar 30 11:58:57.344603 np0000161218 devstack@n-api-meta.service[107307]: os: Linux-6.8.0-106-generic #106-Ubuntu SMP PREEMPT_DYNAMIC Fri Mar 6 07:58:08 UTC 2026
Mar 30 11:58:57.344603 np0000161218 devstack@n-api-meta.service[107307]: nodename: np0000161218
Mar 30 11:58:57.344603 np0000161218 devstack@n-api-meta.service[107307]: machine: x86_64
Mar 30 11:58:57.344603 np0000161218 devstack@n-api-meta.service[107307]: clock source: unix
Mar 30 11:58:57.344603 np0000161218 devstack@n-api-meta.service[107307]: pcre jit disabled
Mar 30 11:58:57.344603 np0000161218 devstack@n-api-meta.service[107307]: detected number of CPU cores: 16
Mar 30 11:58:57.344603 np0000161218 devstack@n-api-meta.service[107307]: current working directory: /
Mar 30 11:58:57.344603 np0000161218 devstack@n-api-meta.service[107307]: detected binary path: /opt/stack/data/venv/bin/uwsgi
Mar 30 11:58:57.344603 np0000161218 devstack@n-api-meta.service[107307]: your processes number limit is 256917
Mar 30 11:58:57.344603 np0000161218 devstack@n-api-meta.service[107307]: your memory page size is 4096 bytes
Mar 30 11:58:57.344603 np0000161218 devstack@n-api-meta.service[107307]: detected max file descriptor number: 2048
Mar 30 11:58:57.344603 np0000161218 devstack@n-api-meta.service[107307]: lock engine: pthread robust mutexes
Mar 30 11:58:57.344603 np0000161218 devstack@n-api-meta.service[107307]: thunder lock: enabled
Mar 30 11:58:57.344603 np0000161218 devstack@n-api-meta.service[107307]: uWSGI http bound on 0.0.0.0:8775 fd 5
Mar 30 11:58:57.344603 np0000161218 devstack@n-api-meta.service[107307]: uwsgi socket 0 bound to TCP address 127.0.0.1:37395 (port auto-assigned) fd 4
Mar 30 11:58:57.344603 np0000161218 devstack@n-api-meta.service[107307]: Python version: 3.12.3 (main, Mar 3 2026, 12:15:18) [GCC 13.3.0]
Mar 30 11:58:57.344603 np0000161218 devstack@n-api-meta.service[107307]: PEP 405 virtualenv detected: /opt/stack/data/venv
Mar 30 11:58:57.344603 np0000161218 devstack@n-api-meta.service[107307]: Set PythonHome to /opt/stack/data/venv
Mar 30 11:58:57.385933 np0000161218 devstack@n-api-meta.service[107307]: Python main interpreter initialized at 0x707b1a0a3668
Mar 30 11:58:57.385933 np0000161218 devstack@n-api-meta.service[107307]: python threads support enabled
Mar 30 11:58:57.385933 np0000161218 devstack@n-api-meta.service[107307]: your server socket listen backlog is limited to 100 connections
Mar 30 11:58:57.385933 np0000161218 devstack@n-api-meta.service[107307]: your mercy for graceful operations on workers is 80 seconds
Mar 30 11:58:57.386564 np0000161218 devstack@n-api-meta.service[107307]: mapped 671795 bytes (656 KB) for 4 cores
Mar 30 11:58:57.386660 np0000161218 devstack@n-api-meta.service[107307]: *** Operational MODE: preforking ***
Mar 30 11:58:57.386919 np0000161218 devstack@n-api-meta.service[107307]: *** uWSGI is running in multiple interpreter mode ***
Mar 30 11:58:57.386919 np0000161218 devstack@n-api-meta.service[107307]: spawned uWSGI master process (pid: 107307)
Mar 30 11:58:57.387122 np0000161218 systemd[1]: Started devstack@n-api-meta.service - Devstack devstack@n-api-meta.service.
Mar 30 11:58:57.387796 np0000161218 devstack@n-api-meta.service[107307]: spawned uWSGI worker 1 (pid: 107308, cores: 1)
Mar 30 11:58:57.388229 np0000161218 devstack@n-api-meta.service[107307]: spawned uWSGI worker 2 (pid: 107309, cores: 1)
Mar 30 11:58:57.388795 np0000161218 devstack@n-api-meta.service[107307]: spawned uWSGI worker 3 (pid: 107310, cores: 1)
Mar 30 11:58:57.389360 np0000161218 devstack@n-api-meta.service[107307]: spawned uWSGI worker 4 (pid: 107311, cores: 1)
Mar 30 11:58:57.389978 np0000161218 devstack@n-api-meta.service[107307]: spawned uWSGI http 1 (pid: 107312)
Mar 30 11:58:57.389978 np0000161218 devstack@n-api-meta.service[107307]: running "unix_signal:15 gracefully_kill_them_all" (master-start)...
Mar 30 11:58:57.736240 np0000161218 devstack@n-api-meta.service[107310]: Service is starting with native threading. This is currently experimental. Do not use it in production without first testing it in pre-production.
Mar 30 11:58:57.744785 np0000161218 devstack@n-api-meta.service[107309]: Service is starting with native threading. This is currently experimental. Do not use it in production without first testing it in pre-production.
Mar 30 11:58:57.750123 np0000161218 devstack@n-api-meta.service[107311]: Service is starting with native threading. This is currently experimental. Do not use it in production without first testing it in pre-production.
Mar 30 11:58:57.787885 np0000161218 devstack@n-api-meta.service[107308]: Service is starting with native threading. This is currently experimental. Do not use it in production without first testing it in pre-production.
Mar 30 11:58:59.140170 np0000161218 devstack@n-api-meta.service[107310]: INFO dbcounter [None req-63016bb3-8d23-4148-ae82-8ec25d3333ad None None] Registered counter for database nova_api
Mar 30 11:58:59.155851 np0000161218 devstack@n-api-meta.service[107310]: DEBUG oslo_db.sqlalchemy.engines [None req-63016bb3-8d23-4148-ae82-8ec25d3333ad None None] MySQL server mode set to STRICT_TRANS_TABLES,STRICT_ALL_TABLES,NO_ZERO_IN_DATE,NO_ZERO_DATE,ERROR_FOR_DIVISION_BY_ZERO,TRADITIONAL,NO_ENGINE_SUBSTITUTION {{(pid=107310) _check_effective_sql_mode /opt/stack/data/venv/lib/python3.12/site-packages/oslo_db/sqlalchemy/engines.py:325}}
Mar 30 11:58:59.168716 np0000161218 devstack@n-api-meta.service[107311]: INFO dbcounter [None req-eb405077-6c63-4d02-ba73-ec1a0305c610 None None] Registered counter for database nova_api
Mar 30 11:58:59.185316 np0000161218 devstack@n-api-meta.service[107311]: DEBUG oslo_db.sqlalchemy.engines [None req-eb405077-6c63-4d02-ba73-ec1a0305c610 None None] MySQL server mode set to STRICT_TRANS_TABLES,STRICT_ALL_TABLES,NO_ZERO_IN_DATE,NO_ZERO_DATE,ERROR_FOR_DIVISION_BY_ZERO,TRADITIONAL,NO_ENGINE_SUBSTITUTION {{(pid=107311) _check_effective_sql_mode /opt/stack/data/venv/lib/python3.12/site-packages/oslo_db/sqlalchemy/engines.py:325}}
Mar 30 11:58:59.189744 np0000161218 devstack@n-api-meta.service[107310]: DEBUG dbcounter [-] [107310] Writer thread running {{(pid=107310) stat_writer /opt/stack/data/venv/lib/python3.12/site-packages/dbcounter.py:102}}
Mar 30 11:58:59.192444 np0000161218 devstack@n-api-meta.service[107310]: DEBUG nova.context [None req-63016bb3-8d23-4148-ae82-8ec25d3333ad None None] Found 2 cells: 00000000-0000-0000-0000-000000000000(cell0),3fe355b2-367f-48af-8306-f193878873ad(cell1) {{(pid=107310) load_cells /opt/stack/nova/nova/context.py:509}}
Mar 30 11:58:59.192675 np0000161218 devstack@n-api-meta.service[107310]: INFO nova.utils [None req-63016bb3-8d23-4148-ae82-8ec25d3333ad None None] The cell worker thread pool MainProcess.cell_worker is initialized
Mar 30 11:58:59.194475 np0000161218 devstack@n-api-meta.service[107310]: DEBUG oslo_concurrency.lockutils [None req-63016bb3-8d23-4148-ae82-8ec25d3333ad None None] Acquiring lock "00000000-0000-0000-0000-000000000000" by "nova.context.set_target_cell..get_or_set_cached_cell_and_set_connections" {{(pid=107310) inner /opt/stack/data/venv/lib/python3.12/site-packages/oslo_concurrency/lockutils.py:506}}
Mar 30 11:58:59.194625 np0000161218 devstack@n-api-meta.service[107310]: DEBUG oslo_concurrency.lockutils [None req-63016bb3-8d23-4148-ae82-8ec25d3333ad None None] Lock "00000000-0000-0000-0000-000000000000" acquired by "nova.context.set_target_cell..get_or_set_cached_cell_and_set_connections" :: waited 0.000s {{(pid=107310) inner /opt/stack/data/venv/lib/python3.12/site-packages/oslo_concurrency/lockutils.py:519}}
Mar 30 11:58:59.194988 np0000161218 devstack@n-api-meta.service[107310]: DEBUG oslo_concurrency.lockutils [None req-63016bb3-8d23-4148-ae82-8ec25d3333ad None None] Lock "00000000-0000-0000-0000-000000000000" "released" by "nova.context.set_target_cell..get_or_set_cached_cell_and_set_connections" :: held 0.000s {{(pid=107310) inner /opt/stack/data/venv/lib/python3.12/site-packages/oslo_concurrency/lockutils.py:538}}
Mar 30 11:58:59.195876 np0000161218 devstack@n-api-meta.service[107310]: DEBUG oslo_concurrency.lockutils [None req-63016bb3-8d23-4148-ae82-8ec25d3333ad None None] Acquiring lock "3fe355b2-367f-48af-8306-f193878873ad" by "nova.context.set_target_cell..get_or_set_cached_cell_and_set_connections" {{(pid=107310) inner /opt/stack/data/venv/lib/python3.12/site-packages/oslo_concurrency/lockutils.py:506}}
Mar 30 11:58:59.196052 np0000161218 devstack@n-api-meta.service[107310]: DEBUG oslo_concurrency.lockutils [None req-63016bb3-8d23-4148-ae82-8ec25d3333ad None None] Lock "3fe355b2-367f-48af-8306-f193878873ad" acquired by "nova.context.set_target_cell..get_or_set_cached_cell_and_set_connections" :: waited 0.000s {{(pid=107310) inner /opt/stack/data/venv/lib/python3.12/site-packages/oslo_concurrency/lockutils.py:519}}
Mar 30 11:58:59.197014 np0000161218 devstack@n-api-meta.service[107310]: DEBUG oslo_concurrency.lockutils [None req-63016bb3-8d23-4148-ae82-8ec25d3333ad None None] Lock "3fe355b2-367f-48af-8306-f193878873ad" "released" by "nova.context.set_target_cell..get_or_set_cached_cell_and_set_connections" :: held 0.001s {{(pid=107310) inner /opt/stack/data/venv/lib/python3.12/site-packages/oslo_concurrency/lockutils.py:538}}
Mar 30 11:58:59.202886 np0000161218 devstack@n-api-meta.service[107310]: INFO dbcounter [None req-63016bb3-8d23-4148-ae82-8ec25d3333ad None None] Registered counter for database nova_cell0
Mar 30 11:58:59.206300 np0000161218 devstack@n-api-meta.service[107310]: INFO dbcounter [None req-63016bb3-8d23-4148-ae82-8ec25d3333ad None None] Registered counter for database nova_cell1
Mar 30 11:58:59.217882 np0000161218 devstack@n-api-meta.service[107310]: DEBUG oslo_db.sqlalchemy.engines [None req-63016bb3-8d23-4148-ae82-8ec25d3333ad None None] MySQL server mode set to STRICT_TRANS_TABLES,STRICT_ALL_TABLES,NO_ZERO_IN_DATE,NO_ZERO_DATE,ERROR_FOR_DIVISION_BY_ZERO,TRADITIONAL,NO_ENGINE_SUBSTITUTION {{(pid=107310) _check_effective_sql_mode /opt/stack/data/venv/lib/python3.12/site-packages/oslo_db/sqlalchemy/engines.py:325}}
Mar 30 11:58:59.220997 np0000161218 devstack@n-api-meta.service[107311]: DEBUG dbcounter [-] [107311] Writer thread running {{(pid=107311) stat_writer /opt/stack/data/venv/lib/python3.12/site-packages/dbcounter.py:102}}
Mar 30 11:58:59.224788 np0000161218 devstack@n-api-meta.service[107311]: DEBUG nova.context [None req-eb405077-6c63-4d02-ba73-ec1a0305c610 None None] Found 2 cells: 00000000-0000-0000-0000-000000000000(cell0),3fe355b2-367f-48af-8306-f193878873ad(cell1) {{(pid=107311) load_cells /opt/stack/nova/nova/context.py:509}}
Mar 30 11:58:59.224788 np0000161218 devstack@n-api-meta.service[107311]: INFO nova.utils [None req-eb405077-6c63-4d02-ba73-ec1a0305c610 None None] The cell worker thread pool MainProcess.cell_worker is initialized
Mar 30 11:58:59.224947 np0000161218 devstack@n-api-meta.service[107310]: DEBUG oslo_db.sqlalchemy.engines [None req-63016bb3-8d23-4148-ae82-8ec25d3333ad None None] MySQL server mode set to STRICT_TRANS_TABLES,STRICT_ALL_TABLES,NO_ZERO_IN_DATE,NO_ZERO_DATE,ERROR_FOR_DIVISION_BY_ZERO,TRADITIONAL,NO_ENGINE_SUBSTITUTION {{(pid=107310) _check_effective_sql_mode /opt/stack/data/venv/lib/python3.12/site-packages/oslo_db/sqlalchemy/engines.py:325}}
Mar 30 11:58:59.225874 np0000161218 devstack@n-api-meta.service[107311]: DEBUG oslo_concurrency.lockutils [None req-eb405077-6c63-4d02-ba73-ec1a0305c610 None None] Acquiring lock "00000000-0000-0000-0000-000000000000" by "nova.context.set_target_cell..get_or_set_cached_cell_and_set_connections" {{(pid=107311) inner /opt/stack/data/venv/lib/python3.12/site-packages/oslo_concurrency/lockutils.py:506}}
Mar 30 11:58:59.226098 np0000161218 devstack@n-api-meta.service[107311]: DEBUG oslo_concurrency.lockutils [None req-eb405077-6c63-4d02-ba73-ec1a0305c610 None None] Lock "00000000-0000-0000-0000-000000000000" acquired by "nova.context.set_target_cell..get_or_set_cached_cell_and_set_connections" :: waited 0.000s {{(pid=107311) inner /opt/stack/data/venv/lib/python3.12/site-packages/oslo_concurrency/lockutils.py:519}}
Mar 30 11:58:59.226636 np0000161218 devstack@n-api-meta.service[107311]: DEBUG oslo_concurrency.lockutils [None req-eb405077-6c63-4d02-ba73-ec1a0305c610 None None] Lock "00000000-0000-0000-0000-000000000000" "released" by "nova.context.set_target_cell..get_or_set_cached_cell_and_set_connections" :: held 0.001s {{(pid=107311) inner /opt/stack/data/venv/lib/python3.12/site-packages/oslo_concurrency/lockutils.py:538}}
Mar 30 11:58:59.229656 np0000161218 devstack@n-api-meta.service[107311]: DEBUG oslo_concurrency.lockutils [None req-eb405077-6c63-4d02-ba73-ec1a0305c610 None None] Acquiring lock "3fe355b2-367f-48af-8306-f193878873ad" by "nova.context.set_target_cell..get_or_set_cached_cell_and_set_connections" {{(pid=107311) inner /opt/stack/data/venv/lib/python3.12/site-packages/oslo_concurrency/lockutils.py:506}}
Mar 30 11:58:59.229656 np0000161218 devstack@n-api-meta.service[107311]: DEBUG oslo_concurrency.lockutils [None req-eb405077-6c63-4d02-ba73-ec1a0305c610 None None] Lock "3fe355b2-367f-48af-8306-f193878873ad" acquired by "nova.context.set_target_cell..get_or_set_cached_cell_and_set_connections" :: waited 0.000s {{(pid=107311) inner /opt/stack/data/venv/lib/python3.12/site-packages/oslo_concurrency/lockutils.py:519}}
Mar 30 11:58:59.229656 np0000161218 devstack@n-api-meta.service[107311]: DEBUG oslo_concurrency.lockutils [None req-eb405077-6c63-4d02-ba73-ec1a0305c610 None None] Lock "3fe355b2-367f-48af-8306-f193878873ad" "released" by "nova.context.set_target_cell..get_or_set_cached_cell_and_set_connections" :: held 0.001s {{(pid=107311) inner /opt/stack/data/venv/lib/python3.12/site-packages/oslo_concurrency/lockutils.py:538}}
Mar 30 11:58:59.232739 np0000161218 devstack@n-api-meta.service[107311]: INFO dbcounter [None req-eb405077-6c63-4d02-ba73-ec1a0305c610 None None] Registered counter for database nova_cell0
Mar 30 11:58:59.238387 np0000161218 devstack@n-api-meta.service[107311]: INFO dbcounter [None req-eb405077-6c63-4d02-ba73-ec1a0305c610 None None] Registered counter for database nova_cell1
Mar 30 11:58:59.250081 np0000161218 devstack@n-api-meta.service[107308]: INFO dbcounter [None req-e315cdb4-720a-44c7-bc8c-ce3f0d7fea90 None None] Registered counter for database nova_api
Mar 30 11:58:59.250500 np0000161218 devstack@n-api-meta.service[107309]: INFO dbcounter [None req-2b15f5de-b188-43c2-8df2-2330ef160fd5 None None] Registered counter for database nova_api
Mar 30 11:58:59.251769 np0000161218 devstack@n-api-meta.service[107311]: DEBUG oslo_db.sqlalchemy.engines [None req-eb405077-6c63-4d02-ba73-ec1a0305c610 None None] MySQL server mode set to STRICT_TRANS_TABLES,STRICT_ALL_TABLES,NO_ZERO_IN_DATE,NO_ZERO_DATE,ERROR_FOR_DIVISION_BY_ZERO,TRADITIONAL,NO_ENGINE_SUBSTITUTION {{(pid=107311) _check_effective_sql_mode /opt/stack/data/venv/lib/python3.12/site-packages/oslo_db/sqlalchemy/engines.py:325}}
Mar 30 11:58:59.256872 np0000161218 devstack@n-api-meta.service[107311]: DEBUG oslo_db.sqlalchemy.engines [None req-eb405077-6c63-4d02-ba73-ec1a0305c610 None None] MySQL server mode set to STRICT_TRANS_TABLES,STRICT_ALL_TABLES,NO_ZERO_IN_DATE,NO_ZERO_DATE,ERROR_FOR_DIVISION_BY_ZERO,TRADITIONAL,NO_ENGINE_SUBSTITUTION {{(pid=107311) _check_effective_sql_mode /opt/stack/data/venv/lib/python3.12/site-packages/oslo_db/sqlalchemy/engines.py:325}}
Mar 30 11:58:59.264133 np0000161218 devstack@n-api-meta.service[107308]: DEBUG oslo_db.sqlalchemy.engines [None req-e315cdb4-720a-44c7-bc8c-ce3f0d7fea90 None None] MySQL server mode set to STRICT_TRANS_TABLES,STRICT_ALL_TABLES,NO_ZERO_IN_DATE,NO_ZERO_DATE,ERROR_FOR_DIVISION_BY_ZERO,TRADITIONAL,NO_ENGINE_SUBSTITUTION {{(pid=107308) _check_effective_sql_mode /opt/stack/data/venv/lib/python3.12/site-packages/oslo_db/sqlalchemy/engines.py:325}}
Mar 30 11:58:59.273140 np0000161218 devstack@n-api-meta.service[107309]: DEBUG oslo_db.sqlalchemy.engines [None req-2b15f5de-b188-43c2-8df2-2330ef160fd5 None None] MySQL server mode set to STRICT_TRANS_TABLES,STRICT_ALL_TABLES,NO_ZERO_IN_DATE,NO_ZERO_DATE,ERROR_FOR_DIVISION_BY_ZERO,TRADITIONAL,NO_ENGINE_SUBSTITUTION {{(pid=107309) _check_effective_sql_mode /opt/stack/data/venv/lib/python3.12/site-packages/oslo_db/sqlalchemy/engines.py:325}}
Mar 30 11:58:59.296919 np0000161218 devstack@n-api-meta.service[107308]: DEBUG dbcounter [-] [107308] Writer thread running {{(pid=107308) stat_writer /opt/stack/data/venv/lib/python3.12/site-packages/dbcounter.py:102}}
Mar 30 11:58:59.299753 np0000161218 devstack@n-api-meta.service[107308]: DEBUG nova.context [None req-e315cdb4-720a-44c7-bc8c-ce3f0d7fea90 None None] Found 2 cells: 00000000-0000-0000-0000-000000000000(cell0),3fe355b2-367f-48af-8306-f193878873ad(cell1) {{(pid=107308) load_cells /opt/stack/nova/nova/context.py:509}}
Mar 30 11:58:59.299970 np0000161218 devstack@n-api-meta.service[107308]: INFO nova.utils [None req-e315cdb4-720a-44c7-bc8c-ce3f0d7fea90 None None] The cell worker thread pool MainProcess.cell_worker is initialized
Mar 30 11:58:59.301360 np0000161218 devstack@n-api-meta.service[107309]: DEBUG dbcounter [-] [107309] Writer thread running {{(pid=107309) stat_writer /opt/stack/data/venv/lib/python3.12/site-packages/dbcounter.py:102}}
Mar 30 11:58:59.301795 np0000161218 devstack@n-api-meta.service[107308]: DEBUG oslo_concurrency.lockutils [None req-e315cdb4-720a-44c7-bc8c-ce3f0d7fea90 None None] Acquiring lock "00000000-0000-0000-0000-000000000000" by "nova.context.set_target_cell..get_or_set_cached_cell_and_set_connections" {{(pid=107308) inner /opt/stack/data/venv/lib/python3.12/site-packages/oslo_concurrency/lockutils.py:506}}
Mar 30 11:58:59.301974 np0000161218 devstack@n-api-meta.service[107308]: DEBUG oslo_concurrency.lockutils [None req-e315cdb4-720a-44c7-bc8c-ce3f0d7fea90 None None] Lock "00000000-0000-0000-0000-000000000000" acquired by "nova.context.set_target_cell..get_or_set_cached_cell_and_set_connections" :: waited 0.000s {{(pid=107308) inner /opt/stack/data/venv/lib/python3.12/site-packages/oslo_concurrency/lockutils.py:519}}
Mar 30 11:58:59.302456 np0000161218 devstack@n-api-meta.service[107308]: DEBUG oslo_concurrency.lockutils [None req-e315cdb4-720a-44c7-bc8c-ce3f0d7fea90 None None] Lock "00000000-0000-0000-0000-000000000000" "released" by "nova.context.set_target_cell..get_or_set_cached_cell_and_set_connections" :: held 0.000s {{(pid=107308) inner /opt/stack/data/venv/lib/python3.12/site-packages/oslo_concurrency/lockutils.py:538}}
Mar 30 11:58:59.303265 np0000161218 devstack@n-api-meta.service[107308]: DEBUG oslo_concurrency.lockutils [None req-e315cdb4-720a-44c7-bc8c-ce3f0d7fea90 None None] Acquiring lock "3fe355b2-367f-48af-8306-f193878873ad" by "nova.context.set_target_cell..get_or_set_cached_cell_and_set_connections" {{(pid=107308) inner /opt/stack/data/venv/lib/python3.12/site-packages/oslo_concurrency/lockutils.py:506}}
Mar 30 11:58:59.303415 np0000161218 devstack@n-api-meta.service[107308]: DEBUG oslo_concurrency.lockutils [None req-e315cdb4-720a-44c7-bc8c-ce3f0d7fea90 None None] Lock "3fe355b2-367f-48af-8306-f193878873ad" acquired by "nova.context.set_target_cell..get_or_set_cached_cell_and_set_connections" :: waited 0.000s {{(pid=107308) inner /opt/stack/data/venv/lib/python3.12/site-packages/oslo_concurrency/lockutils.py:519}}
Mar 30 11:58:59.304342 np0000161218 devstack@n-api-meta.service[107308]: DEBUG oslo_concurrency.lockutils [None req-e315cdb4-720a-44c7-bc8c-ce3f0d7fea90 None None] Lock "3fe355b2-367f-48af-8306-f193878873ad" "released" by "nova.context.set_target_cell..get_or_set_cached_cell_and_set_connections" :: held 0.001s {{(pid=107308) inner /opt/stack/data/venv/lib/python3.12/site-packages/oslo_concurrency/lockutils.py:538}}
Mar 30 11:58:59.304484 np0000161218 devstack@n-api-meta.service[107309]: DEBUG nova.context [None req-2b15f5de-b188-43c2-8df2-2330ef160fd5 None None] Found 2 cells: 00000000-0000-0000-0000-000000000000(cell0),3fe355b2-367f-48af-8306-f193878873ad(cell1) {{(pid=107309) load_cells /opt/stack/nova/nova/context.py:509}}
Mar 30 11:58:59.304633 np0000161218 devstack@n-api-meta.service[107309]: INFO nova.utils [None req-2b15f5de-b188-43c2-8df2-2330ef160fd5 None None] The cell worker thread pool MainProcess.cell_worker is initialized
Mar 30 11:58:59.306549 np0000161218 devstack@n-api-meta.service[107309]: DEBUG oslo_concurrency.lockutils [None req-2b15f5de-b188-43c2-8df2-2330ef160fd5 None None] Acquiring lock "00000000-0000-0000-0000-000000000000" by "nova.context.set_target_cell..get_or_set_cached_cell_and_set_connections" {{(pid=107309) inner /opt/stack/data/venv/lib/python3.12/site-packages/oslo_concurrency/lockutils.py:506}}
Mar 30 11:58:59.306705 np0000161218 devstack@n-api-meta.service[107309]: DEBUG oslo_concurrency.lockutils [None req-2b15f5de-b188-43c2-8df2-2330ef160fd5 None None] Lock "00000000-0000-0000-0000-000000000000" acquired by "nova.context.set_target_cell..get_or_set_cached_cell_and_set_connections" :: waited 0.000s {{(pid=107309) inner /opt/stack/data/venv/lib/python3.12/site-packages/oslo_concurrency/lockutils.py:519}}
Mar 30 11:58:59.307259 np0000161218 devstack@n-api-meta.service[107309]: DEBUG oslo_concurrency.lockutils [None req-2b15f5de-b188-43c2-8df2-2330ef160fd5 None None] Lock "00000000-0000-0000-0000-000000000000" "released" by "nova.context.set_target_cell..get_or_set_cached_cell_and_set_connections" :: held 0.000s {{(pid=107309) inner /opt/stack/data/venv/lib/python3.12/site-packages/oslo_concurrency/lockutils.py:538}}
Mar 30 11:58:59.308349 np0000161218 devstack@n-api-meta.service[107309]: DEBUG oslo_concurrency.lockutils [None req-2b15f5de-b188-43c2-8df2-2330ef160fd5 None None] Acquiring lock "3fe355b2-367f-48af-8306-f193878873ad" by "nova.context.set_target_cell..get_or_set_cached_cell_and_set_connections" {{(pid=107309) inner /opt/stack/data/venv/lib/python3.12/site-packages/oslo_concurrency/lockutils.py:506}}
Mar 30 11:58:59.308508 np0000161218 devstack@n-api-meta.service[107308]: INFO dbcounter [None req-e315cdb4-720a-44c7-bc8c-ce3f0d7fea90 None None] Registered counter for database nova_cell0
Mar 30 11:58:59.308574 np0000161218 devstack@n-api-meta.service[107309]: DEBUG oslo_concurrency.lockutils [None req-2b15f5de-b188-43c2-8df2-2330ef160fd5 None None] Lock "3fe355b2-367f-48af-8306-f193878873ad" acquired by "nova.context.set_target_cell..get_or_set_cached_cell_and_set_connections" :: waited 0.000s {{(pid=107309) inner /opt/stack/data/venv/lib/python3.12/site-packages/oslo_concurrency/lockutils.py:519}}
Mar 30 11:58:59.309730 np0000161218 devstack@n-api-meta.service[107309]: DEBUG oslo_concurrency.lockutils [None req-2b15f5de-b188-43c2-8df2-2330ef160fd5 None None] Lock "3fe355b2-367f-48af-8306-f193878873ad" "released" by "nova.context.set_target_cell..get_or_set_cached_cell_and_set_connections" :: held 0.001s {{(pid=107309) inner /opt/stack/data/venv/lib/python3.12/site-packages/oslo_concurrency/lockutils.py:538}}
Mar 30 11:58:59.312225 np0000161218 devstack@n-api-meta.service[107309]: INFO dbcounter [None req-2b15f5de-b188-43c2-8df2-2330ef160fd5 None None] Registered counter for database nova_cell0
Mar 30 11:58:59.314493 np0000161218 devstack@n-api-meta.service[107308]: INFO dbcounter [None req-e315cdb4-720a-44c7-bc8c-ce3f0d7fea90 None None] Registered counter for database nova_cell1
Mar 30 11:58:59.317704 np0000161218 devstack@n-api-meta.service[107309]: INFO dbcounter [None req-2b15f5de-b188-43c2-8df2-2330ef160fd5 None None] Registered counter for database nova_cell1
Mar 30 11:58:59.325839 np0000161218 devstack@n-api-meta.service[107310]: DEBUG dbcounter [-] [107310] Writer thread running {{(pid=107310) stat_writer /opt/stack/data/venv/lib/python3.12/site-packages/dbcounter.py:102}}
Mar 30 11:58:59.326072 np0000161218 devstack@n-api-meta.service[107308]: DEBUG oslo_db.sqlalchemy.engines [None req-e315cdb4-720a-44c7-bc8c-ce3f0d7fea90 None None] MySQL server mode set to STRICT_TRANS_TABLES,STRICT_ALL_TABLES,NO_ZERO_IN_DATE,NO_ZERO_DATE,ERROR_FOR_DIVISION_BY_ZERO,TRADITIONAL,NO_ENGINE_SUBSTITUTION {{(pid=107308) _check_effective_sql_mode /opt/stack/data/venv/lib/python3.12/site-packages/oslo_db/sqlalchemy/engines.py:325}}
Mar 30 11:58:59.331223 np0000161218 devstack@n-api-meta.service[107310]: DEBUG dbcounter [-] [107310] Writer thread running {{(pid=107310) stat_writer /opt/stack/data/venv/lib/python3.12/site-packages/dbcounter.py:102}}
Mar 30 11:58:59.332653 np0000161218 devstack@n-api-meta.service[107308]: DEBUG oslo_db.sqlalchemy.engines [None req-e315cdb4-720a-44c7-bc8c-ce3f0d7fea90 None None] MySQL server mode set to STRICT_TRANS_TABLES,STRICT_ALL_TABLES,NO_ZERO_IN_DATE,NO_ZERO_DATE,ERROR_FOR_DIVISION_BY_ZERO,TRADITIONAL,NO_ENGINE_SUBSTITUTION {{(pid=107308) _check_effective_sql_mode /opt/stack/data/venv/lib/python3.12/site-packages/oslo_db/sqlalchemy/engines.py:325}}
Mar 30 11:58:59.335205 np0000161218 devstack@n-api-meta.service[107310]: INFO dbcounter [None req-63016bb3-8d23-4148-ae82-8ec25d3333ad None None] Registered counter for database nova_cell0
Mar 30 11:58:59.338751 np0000161218 devstack@n-api-meta.service[107309]: DEBUG oslo_db.sqlalchemy.engines [None req-2b15f5de-b188-43c2-8df2-2330ef160fd5 None None] MySQL server mode set to STRICT_TRANS_TABLES,STRICT_ALL_TABLES,NO_ZERO_IN_DATE,NO_ZERO_DATE,ERROR_FOR_DIVISION_BY_ZERO,TRADITIONAL,NO_ENGINE_SUBSTITUTION {{(pid=107309) _check_effective_sql_mode /opt/stack/data/venv/lib/python3.12/site-packages/oslo_db/sqlalchemy/engines.py:325}}
Mar 30 11:58:59.345472 np0000161218 devstack@n-api-meta.service[107309]: DEBUG oslo_db.sqlalchemy.engines [None req-2b15f5de-b188-43c2-8df2-2330ef160fd5 None None] MySQL server mode set to STRICT_TRANS_TABLES,STRICT_ALL_TABLES,NO_ZERO_IN_DATE,NO_ZERO_DATE,ERROR_FOR_DIVISION_BY_ZERO,TRADITIONAL,NO_ENGINE_SUBSTITUTION {{(pid=107309) _check_effective_sql_mode /opt/stack/data/venv/lib/python3.12/site-packages/oslo_db/sqlalchemy/engines.py:325}}
Mar 30 11:58:59.346897 np0000161218 devstack@n-api-meta.service[107310]: DEBUG oslo_db.sqlalchemy.engines [None req-63016bb3-8d23-4148-ae82-8ec25d3333ad None None] MySQL server mode set to STRICT_TRANS_TABLES,STRICT_ALL_TABLES,NO_ZERO_IN_DATE,NO_ZERO_DATE,ERROR_FOR_DIVISION_BY_ZERO,TRADITIONAL,NO_ENGINE_SUBSTITUTION {{(pid=107310) _check_effective_sql_mode /opt/stack/data/venv/lib/python3.12/site-packages/oslo_db/sqlalchemy/engines.py:325}}
Mar 30 11:58:59.355734 np0000161218 devstack@n-api-meta.service[107310]: DEBUG dbcounter [-] [107310] Writer thread running {{(pid=107310) stat_writer /opt/stack/data/venv/lib/python3.12/site-packages/dbcounter.py:102}}
Mar 30 11:58:59.405427 np0000161218 devstack@n-api-meta.service[107310]: WARNING nova.api.metadata.handler [None req-63016bb3-8d23-4148-ae82-8ec25d3333ad None None] metadata_proxy_shared_secret is not configured, the metadata information returned by the proxy cannot be trusted
Mar 30 11:58:59.405614 np0000161218 devstack@n-api-meta.service[107311]: DEBUG dbcounter [-] [107311] Writer thread running {{(pid=107311) stat_writer /opt/stack/data/venv/lib/python3.12/site-packages/dbcounter.py:102}}
Mar 30 11:58:59.405661 np0000161218 devstack@n-api-meta.service[107310]: DEBUG nova.api.openstack.wsgi_app [None req-63016bb3-8d23-4148-ae82-8ec25d3333ad None None] ******************************************************************************** {{(pid=107310) log_opt_values /opt/stack/data/venv/lib/python3.12/site-packages/oslo_config/cfg.py:2979}}
Mar 30 11:58:59.405661 np0000161218 devstack@n-api-meta.service[107310]: DEBUG nova.api.openstack.wsgi_app [None req-63016bb3-8d23-4148-ae82-8ec25d3333ad None None] Configuration options gathered from: {{(pid=107310) log_opt_values /opt/stack/data/venv/lib/python3.12/site-packages/oslo_config/cfg.py:2980}}
Mar 30 11:58:59.405661 np0000161218 devstack@n-api-meta.service[107310]: DEBUG nova.api.openstack.wsgi_app [None req-63016bb3-8d23-4148-ae82-8ec25d3333ad None None] command line args: [] {{(pid=107310) log_opt_values /opt/stack/data/venv/lib/python3.12/site-packages/oslo_config/cfg.py:2981}}
Mar 30 11:58:59.405661 np0000161218 devstack@n-api-meta.service[107310]: DEBUG nova.api.openstack.wsgi_app [None req-63016bb3-8d23-4148-ae82-8ec25d3333ad None None] config files: ['/etc/nova/api-paste.ini', '/etc/nova/nova.conf'] {{(pid=107310) log_opt_values /opt/stack/data/venv/lib/python3.12/site-packages/oslo_config/cfg.py:2982}}
Mar 30 11:58:59.405809 np0000161218 devstack@n-api-meta.service[107311]: DEBUG dbcounter [-] [107311] Writer thread running {{(pid=107311) stat_writer /opt/stack/data/venv/lib/python3.12/site-packages/dbcounter.py:102}}
Mar 30 11:58:59.405841 np0000161218 devstack@n-api-meta.service[107310]: DEBUG nova.api.openstack.wsgi_app [None req-63016bb3-8d23-4148-ae82-8ec25d3333ad None None] ================================================================================ {{(pid=107310) log_opt_values /opt/stack/data/venv/lib/python3.12/site-packages/oslo_config/cfg.py:2987}}
Mar 30 11:58:59.405841 np0000161218 devstack@n-api-meta.service[107310]: DEBUG nova.api.openstack.wsgi_app [None req-63016bb3-8d23-4148-ae82-8ec25d3333ad None None] allow_resize_to_same_host = True {{(pid=107310) log_opt_values /opt/stack/data/venv/lib/python3.12/site-packages/oslo_config/cfg.py:2995}}
Mar 30 11:58:59.405841 np0000161218 devstack@n-api-meta.service[107310]: DEBUG nova.api.openstack.wsgi_app [None req-63016bb3-8d23-4148-ae82-8ec25d3333ad None None] arq_binding_timeout = 300 {{(pid=107310) log_opt_values /opt/stack/data/venv/lib/python3.12/site-packages/oslo_config/cfg.py:2995}}
Mar 30 11:58:59.405841 np0000161218 devstack@n-api-meta.service[107310]: DEBUG nova.api.openstack.wsgi_app [None req-63016bb3-8d23-4148-ae82-8ec25d3333ad None None] block_device_allocate_retries = 60 {{(pid=107310) log_opt_values /opt/stack/data/venv/lib/python3.12/site-packages/oslo_config/cfg.py:2995}}
Mar 30 11:58:59.405841 np0000161218 devstack@n-api-meta.service[107310]: DEBUG nova.api.openstack.wsgi_app [None req-63016bb3-8d23-4148-ae82-8ec25d3333ad None None] block_device_allocate_retries_interval = 3 {{(pid=107310) log_opt_values /opt/stack/data/venv/lib/python3.12/site-packages/oslo_config/cfg.py:2995}}
Mar 30 11:58:59.406002 np0000161218 devstack@n-api-meta.service[107310]: DEBUG nova.api.openstack.wsgi_app [None req-63016bb3-8d23-4148-ae82-8ec25d3333ad None None] cell_worker_thread_pool_size = 5 {{(pid=107310) log_opt_values /opt/stack/data/venv/lib/python3.12/site-packages/oslo_config/cfg.py:2995}}
Mar 30 11:58:59.406064 np0000161218 devstack@n-api-meta.service[107310]: DEBUG nova.api.openstack.wsgi_app [None req-63016bb3-8d23-4148-ae82-8ec25d3333ad None None] cert = self.pem {{(pid=107310) log_opt_values /opt/stack/data/venv/lib/python3.12/site-packages/oslo_config/cfg.py:2995}}
Mar 30 11:58:59.406240 np0000161218 devstack@n-api-meta.service[107310]: DEBUG nova.api.openstack.wsgi_app [None req-63016bb3-8d23-4148-ae82-8ec25d3333ad None None] compute_driver = libvirt.LibvirtDriver {{(pid=107310) log_opt_values /opt/stack/data/venv/lib/python3.12/site-packages/oslo_config/cfg.py:2995}}
Mar 30 11:58:59.406426 np0000161218 devstack@n-api-meta.service[107310]: DEBUG nova.api.openstack.wsgi_app [None req-63016bb3-8d23-4148-ae82-8ec25d3333ad None None] compute_monitors = [] {{(pid=107310) log_opt_values /opt/stack/data/venv/lib/python3.12/site-packages/oslo_config/cfg.py:2995}}
Mar 30 11:58:59.406595 np0000161218 devstack@n-api-meta.service[107310]: DEBUG nova.api.openstack.wsgi_app [None req-63016bb3-8d23-4148-ae82-8ec25d3333ad None None] config_dir = [] {{(pid=107310) log_opt_values /opt/stack/data/venv/lib/python3.12/site-packages/oslo_config/cfg.py:2995}}
Mar 30 11:58:59.406756 np0000161218 devstack@n-api-meta.service[107310]: DEBUG nova.api.openstack.wsgi_app [None req-63016bb3-8d23-4148-ae82-8ec25d3333ad None None] config_drive_format = iso9660 {{(pid=107310) log_opt_values /opt/stack/data/venv/lib/python3.12/site-packages/oslo_config/cfg.py:2995}}
Mar 30 11:58:59.406888 np0000161218 devstack@n-api-meta.service[107310]: DEBUG nova.api.openstack.wsgi_app [None req-63016bb3-8d23-4148-ae82-8ec25d3333ad None None] config_file = ['/etc/nova/api-paste.ini', '/etc/nova/nova.conf'] {{(pid=107310) log_opt_values /opt/stack/data/venv/lib/python3.12/site-packages/oslo_config/cfg.py:2995}}
Mar 30 11:58:59.407042 np0000161218 devstack@n-api-meta.service[107310]: DEBUG nova.api.openstack.wsgi_app [None req-63016bb3-8d23-4148-ae82-8ec25d3333ad None None] config_source = [] {{(pid=107310) log_opt_values /opt/stack/data/venv/lib/python3.12/site-packages/oslo_config/cfg.py:2995}}
Mar 30 11:58:59.407207 np0000161218 devstack@n-api-meta.service[107310]: DEBUG nova.api.openstack.wsgi_app [None req-63016bb3-8d23-4148-ae82-8ec25d3333ad None None] console_host = np0000161218 {{(pid=107310) log_opt_values /opt/stack/data/venv/lib/python3.12/site-packages/oslo_config/cfg.py:2995}}
Mar 30 11:58:59.407461 np0000161218 devstack@n-api-meta.service[107310]: DEBUG nova.api.openstack.wsgi_app [None req-63016bb3-8d23-4148-ae82-8ec25d3333ad None None] control_exchange = nova {{(pid=107310) log_opt_values /opt/stack/data/venv/lib/python3.12/site-packages/oslo_config/cfg.py:2995}}
Mar 30 11:58:59.407617 np0000161218 devstack@n-api-meta.service[107310]: DEBUG nova.api.openstack.wsgi_app [None req-63016bb3-8d23-4148-ae82-8ec25d3333ad None None] cpu_allocation_ratio = None {{(pid=107310) log_opt_values /opt/stack/data/venv/lib/python3.12/site-packages/oslo_config/cfg.py:2995}}
Mar 30 11:58:59.407756 np0000161218 devstack@n-api-meta.service[107310]: DEBUG nova.api.openstack.wsgi_app [None req-63016bb3-8d23-4148-ae82-8ec25d3333ad None None] daemon = False {{(pid=107310) log_opt_values /opt/stack/data/venv/lib/python3.12/site-packages/oslo_config/cfg.py:2995}}
Mar 30 11:58:59.407887 np0000161218 devstack@n-api-meta.service[107310]: DEBUG nova.api.openstack.wsgi_app [None req-63016bb3-8d23-4148-ae82-8ec25d3333ad None None] debug = True {{(pid=107310) log_opt_values /opt/stack/data/venv/lib/python3.12/site-packages/oslo_config/cfg.py:2995}}
Mar 30 11:58:59.408011 np0000161218 devstack@n-api-meta.service[107310]: DEBUG nova.api.openstack.wsgi_app [None req-63016bb3-8d23-4148-ae82-8ec25d3333ad None None] default_access_ip_network_name = None {{(pid=107310) log_opt_values /opt/stack/data/venv/lib/python3.12/site-packages/oslo_config/cfg.py:2995}}
Mar 30 11:58:59.408145 np0000161218 devstack@n-api-meta.service[107310]: DEBUG nova.api.openstack.wsgi_app [None req-63016bb3-8d23-4148-ae82-8ec25d3333ad None None] default_availability_zone = nova {{(pid=107310) log_opt_values /opt/stack/data/venv/lib/python3.12/site-packages/oslo_config/cfg.py:2995}}
Mar 30 11:58:59.408335 np0000161218 devstack@n-api-meta.service[107310]: DEBUG nova.api.openstack.wsgi_app [None req-63016bb3-8d23-4148-ae82-8ec25d3333ad None None] default_ephemeral_format = ext4 {{(pid=107310) log_opt_values /opt/stack/data/venv/lib/python3.12/site-packages/oslo_config/cfg.py:2995}}
Mar 30 11:58:59.408476 np0000161218 devstack@n-api-meta.service[107310]: DEBUG nova.api.openstack.wsgi_app [None req-63016bb3-8d23-4148-ae82-8ec25d3333ad None None] default_green_pool_size = 1000 {{(pid=107310) log_opt_values /opt/stack/data/venv/lib/python3.12/site-packages/oslo_config/cfg.py:2995}}
Mar 30 11:58:59.408681 np0000161218 devstack@n-api-meta.service[107310]: DEBUG nova.api.openstack.wsgi_app [None req-63016bb3-8d23-4148-ae82-8ec25d3333ad None None] default_log_levels = ['amqp=WARN', 'boto=WARN', 'sqlalchemy=WARN', 'suds=INFO', 'oslo.messaging=INFO', 'oslo_messaging=INFO', 'iso8601=WARN', 'requests.packages.urllib3.connectionpool=WARN', 'urllib3.connectionpool=WARN', 'websocket=WARN', 'requests.packages.urllib3.util.retry=WARN', 'urllib3.util.retry=WARN', 'keystonemiddleware=WARN', 'routes.middleware=WARN', 'stevedore=WARN', 'taskflow=WARN', 'keystoneauth=WARN', 'oslo.cache=INFO', 'oslo_policy=INFO', 'dogpile.core.dogpile=INFO', 'glanceclient=WARN', 'oslo.privsep.daemon=INFO'] {{(pid=107310) log_opt_values /opt/stack/data/venv/lib/python3.12/site-packages/oslo_config/cfg.py:2995}}
Mar 30 11:58:59.408810 np0000161218 devstack@n-api-meta.service[107310]: DEBUG nova.api.openstack.wsgi_app [None req-63016bb3-8d23-4148-ae82-8ec25d3333ad None None] default_schedule_zone = None {{(pid=107310) log_opt_values /opt/stack/data/venv/lib/python3.12/site-packages/oslo_config/cfg.py:2995}}
Mar 30 11:58:59.408935 np0000161218 devstack@n-api-meta.service[107310]: DEBUG nova.api.openstack.wsgi_app [None req-63016bb3-8d23-4148-ae82-8ec25d3333ad None None] default_thread_pool_size = 10 {{(pid=107310) log_opt_values /opt/stack/data/venv/lib/python3.12/site-packages/oslo_config/cfg.py:2995}}
Mar 30 11:58:59.409058 np0000161218 devstack@n-api-meta.service[107310]: DEBUG nova.api.openstack.wsgi_app [None req-63016bb3-8d23-4148-ae82-8ec25d3333ad None None] disk_allocation_ratio = None {{(pid=107310) log_opt_values /opt/stack/data/venv/lib/python3.12/site-packages/oslo_config/cfg.py:2995}}
Mar 30 11:58:59.409184 np0000161218 devstack@n-api-meta.service[107310]: DEBUG nova.api.openstack.wsgi_app [None req-63016bb3-8d23-4148-ae82-8ec25d3333ad None None] enable_new_services = True {{(pid=107310) log_opt_values /opt/stack/data/venv/lib/python3.12/site-packages/oslo_config/cfg.py:2995}}
Mar 30 11:58:59.409383 np0000161218 devstack@n-api-meta.service[107310]: DEBUG nova.api.openstack.wsgi_app [None req-63016bb3-8d23-4148-ae82-8ec25d3333ad None None] flat_injected = False {{(pid=107310) log_opt_values /opt/stack/data/venv/lib/python3.12/site-packages/oslo_config/cfg.py:2995}}
Mar 30 11:58:59.409484 np0000161218 devstack@n-api-meta.service[107310]: DEBUG nova.api.openstack.wsgi_app [None req-63016bb3-8d23-4148-ae82-8ec25d3333ad None None] force_config_drive = False {{(pid=107310) log_opt_values /opt/stack/data/venv/lib/python3.12/site-packages/oslo_config/cfg.py:2995}}
Mar 30 11:58:59.409581 np0000161218 devstack@n-api-meta.service[107310]: DEBUG nova.api.openstack.wsgi_app [None req-63016bb3-8d23-4148-ae82-8ec25d3333ad None None] force_raw_images = True {{(pid=107310) log_opt_values /opt/stack/data/venv/lib/python3.12/site-packages/oslo_config/cfg.py:2995}}
Mar 30 11:58:59.409714 np0000161218 devstack@n-api-meta.service[107310]: DEBUG nova.api.openstack.wsgi_app [None req-63016bb3-8d23-4148-ae82-8ec25d3333ad None None] graceful_shutdown_timeout = 5 {{(pid=107310) log_opt_values /opt/stack/data/venv/lib/python3.12/site-packages/oslo_config/cfg.py:2995}}
Mar 30 11:58:59.409841 np0000161218 devstack@n-api-meta.service[107310]: DEBUG nova.api.openstack.wsgi_app [None req-63016bb3-8d23-4148-ae82-8ec25d3333ad None None] heal_instance_info_cache_interval = -1 {{(pid=107310) log_opt_values /opt/stack/data/venv/lib/python3.12/site-packages/oslo_config/cfg.py:2995}}
Mar 30 11:58:59.410019 np0000161218 devstack@n-api-meta.service[107310]: DEBUG nova.api.openstack.wsgi_app [None req-63016bb3-8d23-4148-ae82-8ec25d3333ad None None] host = np0000161218 {{(pid=107310) log_opt_values /opt/stack/data/venv/lib/python3.12/site-packages/oslo_config/cfg.py:2995}}
Mar 30 11:58:59.410152 np0000161218 devstack@n-api-meta.service[107310]: DEBUG nova.api.openstack.wsgi_app [None req-63016bb3-8d23-4148-ae82-8ec25d3333ad None None] initial_cpu_allocation_ratio = 4.0 {{(pid=107310) log_opt_values /opt/stack/data/venv/lib/python3.12/site-packages/oslo_config/cfg.py:2995}}
Mar 30 11:58:59.410308 np0000161218 devstack@n-api-meta.service[107310]: DEBUG nova.api.openstack.wsgi_app [None req-63016bb3-8d23-4148-ae82-8ec25d3333ad None None] initial_disk_allocation_ratio = 1.0 {{(pid=107310) log_opt_values /opt/stack/data/venv/lib/python3.12/site-packages/oslo_config/cfg.py:2995}}
Mar 30 11:58:59.410434 np0000161218 devstack@n-api-meta.service[107310]: DEBUG nova.api.openstack.wsgi_app [None req-63016bb3-8d23-4148-ae82-8ec25d3333ad None None] initial_ram_allocation_ratio = 1.0 {{(pid=107310) log_opt_values /opt/stack/data/venv/lib/python3.12/site-packages/oslo_config/cfg.py:2995}}
Mar 30 11:58:59.410859 np0000161218 devstack@n-api-meta.service[107310]: DEBUG nova.api.openstack.wsgi_app [None req-63016bb3-8d23-4148-ae82-8ec25d3333ad None None] injected_network_template = /opt/stack/nova/nova/virt/interfaces.template {{(pid=107310) log_opt_values /opt/stack/data/venv/lib/python3.12/site-packages/oslo_config/cfg.py:2995}}
Mar 30 11:58:59.410859 np0000161218 devstack@n-api-meta.service[107310]: DEBUG nova.api.openstack.wsgi_app [None req-63016bb3-8d23-4148-ae82-8ec25d3333ad None None] instance_build_timeout = 0 {{(pid=107310) log_opt_values /opt/stack/data/venv/lib/python3.12/site-packages/oslo_config/cfg.py:2995}}
Mar 30 11:58:59.410859 np0000161218 devstack@n-api-meta.service[107310]: DEBUG nova.api.openstack.wsgi_app [None req-63016bb3-8d23-4148-ae82-8ec25d3333ad None None] instance_delete_interval = 300 {{(pid=107310) log_opt_values /opt/stack/data/venv/lib/python3.12/site-packages/oslo_config/cfg.py:2995}}
Mar 30 11:58:59.410972 np0000161218 devstack@n-api-meta.service[107310]: DEBUG nova.api.openstack.wsgi_app [None req-63016bb3-8d23-4148-ae82-8ec25d3333ad None None] instance_format = [instance: %(uuid)s] {{(pid=107310) log_opt_values /opt/stack/data/venv/lib/python3.12/site-packages/oslo_config/cfg.py:2995}}
Mar 30 11:58:59.411108 np0000161218 devstack@n-api-meta.service[107310]: DEBUG nova.api.openstack.wsgi_app [None req-63016bb3-8d23-4148-ae82-8ec25d3333ad None None] instance_name_template = instance-%08x {{(pid=107310) log_opt_values /opt/stack/data/venv/lib/python3.12/site-packages/oslo_config/cfg.py:2995}}
Mar 30 11:58:59.411232 np0000161218 devstack@n-api-meta.service[107310]: DEBUG nova.api.openstack.wsgi_app [None req-63016bb3-8d23-4148-ae82-8ec25d3333ad None None] instance_usage_audit = False {{(pid=107310) log_opt_values /opt/stack/data/venv/lib/python3.12/site-packages/oslo_config/cfg.py:2995}}
Mar 30 11:58:59.411390 np0000161218 devstack@n-api-meta.service[107310]: DEBUG nova.api.openstack.wsgi_app [None req-63016bb3-8d23-4148-ae82-8ec25d3333ad None None] instance_usage_audit_period = month {{(pid=107310) log_opt_values /opt/stack/data/venv/lib/python3.12/site-packages/oslo_config/cfg.py:2995}}
Mar 30 11:58:59.411521 np0000161218 devstack@n-api-meta.service[107310]: DEBUG nova.api.openstack.wsgi_app [None req-63016bb3-8d23-4148-ae82-8ec25d3333ad None None] instance_uuid_format = [instance: %(uuid)s] {{(pid=107310) log_opt_values /opt/stack/data/venv/lib/python3.12/site-packages/oslo_config/cfg.py:2995}}
Mar 30 11:58:59.411654 np0000161218 devstack@n-api-meta.service[107310]: DEBUG nova.api.openstack.wsgi_app [None req-63016bb3-8d23-4148-ae82-8ec25d3333ad None None] instances_path = /opt/stack/data/nova/instances {{(pid=107310) log_opt_values /opt/stack/data/venv/lib/python3.12/site-packages/oslo_config/cfg.py:2995}}
Mar 30 11:58:59.411783 np0000161218 devstack@n-api-meta.service[107310]: DEBUG nova.api.openstack.wsgi_app [None req-63016bb3-8d23-4148-ae82-8ec25d3333ad None None] internal_service_availability_zone = internal {{(pid=107310) log_opt_values /opt/stack/data/venv/lib/python3.12/site-packages/oslo_config/cfg.py:2995}}
Mar 30 11:58:59.411904 np0000161218 devstack@n-api-meta.service[107310]: DEBUG nova.api.openstack.wsgi_app [None req-63016bb3-8d23-4148-ae82-8ec25d3333ad None None] key = None {{(pid=107310) log_opt_values /opt/stack/data/venv/lib/python3.12/site-packages/oslo_config/cfg.py:2995}}
Mar 30 11:58:59.411939 np0000161218 devstack@n-api-meta.service[107311]: INFO dbcounter [None req-eb405077-6c63-4d02-ba73-ec1a0305c610 None None] Registered counter for database nova_cell0
Mar 30 11:58:59.412041 np0000161218 devstack@n-api-meta.service[107310]: DEBUG nova.api.openstack.wsgi_app [None req-63016bb3-8d23-4148-ae82-8ec25d3333ad None None] live_migration_retry_count = 30 {{(pid=107310) log_opt_values /opt/stack/data/venv/lib/python3.12/site-packages/oslo_config/cfg.py:2995}}
Mar 30 11:58:59.412163 np0000161218 devstack@n-api-meta.service[107310]: DEBUG nova.api.openstack.wsgi_app [None req-63016bb3-8d23-4148-ae82-8ec25d3333ad None None] log_color = False {{(pid=107310) log_opt_values /opt/stack/data/venv/lib/python3.12/site-packages/oslo_config/cfg.py:2995}}
Mar 30 11:58:59.412335 np0000161218 devstack@n-api-meta.service[107310]: DEBUG nova.api.openstack.wsgi_app [None req-63016bb3-8d23-4148-ae82-8ec25d3333ad None None] log_config_append = None {{(pid=107310) log_opt_values /opt/stack/data/venv/lib/python3.12/site-packages/oslo_config/cfg.py:2995}}
Mar 30 11:58:59.412484 np0000161218 devstack@n-api-meta.service[107310]: DEBUG nova.api.openstack.wsgi_app [None req-63016bb3-8d23-4148-ae82-8ec25d3333ad None None] log_date_format = %Y-%m-%d %H:%M:%S {{(pid=107310) log_opt_values /opt/stack/data/venv/lib/python3.12/site-packages/oslo_config/cfg.py:2995}}
Mar 30 11:58:59.412606 np0000161218 devstack@n-api-meta.service[107310]: DEBUG nova.api.openstack.wsgi_app [None req-63016bb3-8d23-4148-ae82-8ec25d3333ad None None] log_dir = None {{(pid=107310) log_opt_values /opt/stack/data/venv/lib/python3.12/site-packages/oslo_config/cfg.py:2995}}
Mar 30 11:58:59.412743 np0000161218 devstack@n-api-meta.service[107310]: DEBUG nova.api.openstack.wsgi_app [None req-63016bb3-8d23-4148-ae82-8ec25d3333ad None None] log_file = None {{(pid=107310) log_opt_values /opt/stack/data/venv/lib/python3.12/site-packages/oslo_config/cfg.py:2995}}
Mar 30 11:58:59.412866 np0000161218 devstack@n-api-meta.service[107310]: DEBUG nova.api.openstack.wsgi_app [None req-63016bb3-8d23-4148-ae82-8ec25d3333ad None None] log_options = True {{(pid=107310) log_opt_values /opt/stack/data/venv/lib/python3.12/site-packages/oslo_config/cfg.py:2995}}
Mar 30 11:58:59.412991 np0000161218 devstack@n-api-meta.service[107310]: DEBUG nova.api.openstack.wsgi_app [None req-63016bb3-8d23-4148-ae82-8ec25d3333ad None None] log_rotate_interval = 1 {{(pid=107310) log_opt_values /opt/stack/data/venv/lib/python3.12/site-packages/oslo_config/cfg.py:2995}}
Mar 30 11:58:59.413131 np0000161218 devstack@n-api-meta.service[107310]: DEBUG nova.api.openstack.wsgi_app [None req-63016bb3-8d23-4148-ae82-8ec25d3333ad None None] log_rotate_interval_type = days {{(pid=107310) log_opt_values /opt/stack/data/venv/lib/python3.12/site-packages/oslo_config/cfg.py:2995}}
Mar 30 11:58:59.413258 np0000161218 devstack@n-api-meta.service[107310]: DEBUG nova.api.openstack.wsgi_app [None req-63016bb3-8d23-4148-ae82-8ec25d3333ad None None] log_rotation_type = none {{(pid=107310) log_opt_values /opt/stack/data/venv/lib/python3.12/site-packages/oslo_config/cfg.py:2995}}
Mar 30 11:58:59.413379 np0000161218 devstack@n-api-meta.service[107310]: DEBUG nova.api.openstack.wsgi_app [None req-63016bb3-8d23-4148-ae82-8ec25d3333ad None None] logging_context_format_string = %(color)s%(levelname)s %(name)s [%(global_request_id)s %(request_id)s %(project_name)s %(user_name)s%(color)s] %(instance)s%(color)s%(message)s {{(pid=107310) log_opt_values /opt/stack/data/venv/lib/python3.12/site-packages/oslo_config/cfg.py:2995}}
Mar 30 11:58:59.413481 np0000161218 devstack@n-api-meta.service[107310]: DEBUG nova.api.openstack.wsgi_app [None req-63016bb3-8d23-4148-ae82-8ec25d3333ad None None] logging_debug_format_suffix = {{(pid=%(process)d) %(funcName)s %(pathname)s:%(lineno)d}} {{(pid=107310) log_opt_values /opt/stack/data/venv/lib/python3.12/site-packages/oslo_config/cfg.py:2995}}
Mar 30 11:58:59.413624 np0000161218 devstack@n-api-meta.service[107310]: DEBUG nova.api.openstack.wsgi_app [None req-63016bb3-8d23-4148-ae82-8ec25d3333ad None None] logging_default_format_string = %(color)s%(levelname)s %(name)s [-%(color)s] %(instance)s%(color)s%(message)s {{(pid=107310) log_opt_values /opt/stack/data/venv/lib/python3.12/site-packages/oslo_config/cfg.py:2995}}
Mar 30 11:58:59.413750 np0000161218 devstack@n-api-meta.service[107310]: DEBUG nova.api.openstack.wsgi_app [None req-63016bb3-8d23-4148-ae82-8ec25d3333ad None None] logging_exception_prefix = ERROR %(name)s %(instance)s {{(pid=107310) log_opt_values /opt/stack/data/venv/lib/python3.12/site-packages/oslo_config/cfg.py:2995}}
Mar 30 11:58:59.413849 np0000161218 devstack@n-api-meta.service[107310]: DEBUG nova.api.openstack.wsgi_app [None req-63016bb3-8d23-4148-ae82-8ec25d3333ad None None] logging_user_identity_format = %(user)s %(project)s %(domain)s %(system_scope)s %(user_domain)s %(project_domain)s {{(pid=107310) log_opt_values /opt/stack/data/venv/lib/python3.12/site-packages/oslo_config/cfg.py:2995}}
Mar 30 11:58:59.413980 np0000161218 devstack@n-api-meta.service[107310]: DEBUG nova.api.openstack.wsgi_app [None req-63016bb3-8d23-4148-ae82-8ec25d3333ad None None] long_rpc_timeout = 1800 {{(pid=107310) log_opt_values /opt/stack/data/venv/lib/python3.12/site-packages/oslo_config/cfg.py:2995}}
