2026-07-07 04:48:59.594 8 INFO placement.requestlog [None req-88ce5a81-27ac-474b-9894-ebb4374cf01a 3ea0a39635114086bda3cf1522cc0494 1f66e9477f4a452f96ebceff078cafb8 - - eba47cdcf001454d92b9bf2f241a4b09 eba47cdcf001454d92b9bf2f241a4b09] 10.0.0.218 "DELETE /resource_providers/c0e6ca03-190e-40be-97a1-6fdece24366c" status: 404 len: 246 microversion: 1.1 [pid: 8|app: 0|req: 473/944] 10.0.0.218 () {34 vars in 824 bytes} [Tue Jul 7 04:48:59 2026] DELETE /resource_providers/c0e6ca03-190e-40be-97a1-6fdece24366c => generated 246 bytes in 9 msecs (HTTP/1.1 404) 6 headers in 231 bytes (1 switches on core 0)
2026-07-07 04:49:00.048 7 INFO placement.requestlog [None req-39681245-35fd-434c-8c17-1259e539c96a 3ea0a39635114086bda3cf1522cc0494 1f66e9477f4a452f96ebceff078cafb8 - - eba47cdcf001454d92b9bf2f241a4b09 eba47cdcf001454d92b9bf2f241a4b09] 10.0.0.218 "GET /resource_providers/35886ba8-0b22-48dd-8e68-302a54f1940b/aggregates" status: 404 len: 235 microversion: 1.1 [pid: 7|app: 0|req: 472/945] 10.0.0.218 () {32 vars in 824 bytes} [Tue Jul 7 04:49:00 2026] GET /resource_providers/35886ba8-0b22-48dd-8e68-302a54f1940b/aggregates => generated 235 bytes in 9 msecs (HTTP/1.1 404) 5 headers in 202 bytes (1 switches on core 0)
2026-07-07 04:49:00.050 8 INFO placement.requestlog [None req-56e568b1-4671-4b84-a0b9-da4c417d88e6 3ea0a39635114086bda3cf1522cc0494 1f66e9477f4a452f96ebceff078cafb8 - - eba47cdcf001454d92b9bf2f241a4b09 eba47cdcf001454d92b9bf2f241a4b09] 10.0.0.218 "GET /resource_providers/35886ba8-0b22-48dd-8e68-302a54f1940b/aggregates" status: 404 len: 235 microversion: 1.1 [pid: 8|app: 0|req: 474/946] 10.0.0.218 () {32 vars in 824 bytes} [Tue Jul 7 04:49:00 2026] GET /resource_providers/35886ba8-0b22-48dd-8e68-302a54f1940b/aggregates => generated 235 bytes in 11 msecs (HTTP/1.1 404) 5 headers in 202 bytes (1 switches on core 0)
2026-07-07 04:49:00.076 8 INFO placement.requestlog [None req-9031236b-a86f-452c-bccc-40ac65c2940b 3ea0a39635114086bda3cf1522cc0494 1f66e9477f4a452f96ebceff078cafb8 - - eba47cdcf001454d92b9bf2f241a4b09 eba47cdcf001454d92b9bf2f241a4b09] 10.0.0.218 "DELETE /resource_providers/35886ba8-0b22-48dd-8e68-302a54f1940b" status: 404 len: 246 microversion: 1.1 [pid: 8|app: 0|req: 475/947] 10.0.0.218 () {34 vars in 824 bytes} [Tue Jul 7 04:49:00 2026] DELETE /resource_providers/35886ba8-0b22-48dd-8e68-302a54f1940b => generated 246 bytes in 15 msecs (HTTP/1.1 404) 6 headers in 231 bytes (1 switches on core 0)
2026-07-07 04:49:00.081 7 INFO placement.requestlog [None req-37c814f1-14e7-42d6-9e66-e1689d1b6c04 3ea0a39635114086bda3cf1522cc0494 1f66e9477f4a452f96ebceff078cafb8 - - eba47cdcf001454d92b9bf2f241a4b09 eba47cdcf001454d92b9bf2f241a4b09] 10.0.0.218 "DELETE /resource_providers/35886ba8-0b22-48dd-8e68-302a54f1940b" status: 404 len: 246 microversion: 1.1 [pid: 7|app: 0|req: 473/948] 10.0.0.218 () {34 vars in 824 bytes} [Tue Jul 7 04:49:00 2026] DELETE /resource_providers/35886ba8-0b22-48dd-8e68-302a54f1940b => generated 246 bytes in 20 msecs (HTTP/1.1 404) 6 headers in 231 bytes (1 switches on core 0)
2026-07-07 04:49:04.403 7 INFO placement.requestlog [None req-b3121597-bd18-42db-8b69-007b61a2ee53 3ea0a39635114086bda3cf1522cc0494 1f66e9477f4a452f96ebceff078cafb8 - - eba47cdcf001454d92b9bf2f241a4b09 eba47cdcf001454d92b9bf2f241a4b09] 10.0.0.218 "GET /resource_providers/6902b186-61f9-4d3a-928e-aeb655dd8790/aggregates" status: 404 len: 235 microversion: 1.1 [pid: 7|app: 0|req: 474/949] 10.0.0.218 () {32 vars in 824 bytes} [Tue Jul 7 04:49:04 2026] GET /resource_providers/6902b186-61f9-4d3a-928e-aeb655dd8790/aggregates => generated 235 bytes in 12 msecs (HTTP/1.1 404) 5 headers in 202 bytes (1 switches on core 0)
2026-07-07 04:49:04.407 8 INFO placement.requestlog [None req-fb0b44bb-987f-4fc3-b8f1-0ddb31c04fea 3ea0a39635114086bda3cf1522cc0494 1f66e9477f4a452f96ebceff078cafb8 - - eba47cdcf001454d92b9bf2f241a4b09 eba47cdcf001454d92b9bf2f241a4b09] 10.0.0.218 "GET /resource_providers/6902b186-61f9-4d3a-928e-aeb655dd8790/aggregates" status: 404 len: 235 microversion: 1.1 [pid: 8|app: 0|req: 476/950] 10.0.0.218 () {32 vars in 824 bytes} [Tue Jul 7 04:49:04 2026] GET /resource_providers/6902b186-61f9-4d3a-928e-aeb655dd8790/aggregates => generated 235 bytes in 17 msecs (HTTP/1.1 404) 5 headers in 202 bytes (1 switches on core 0)
2026-07-07 04:49:04.422 7 INFO placement.requestlog [None req-c0e75b8d-dec9-4ea2-a70b-9bd8ba711e19 3ea0a39635114086bda3cf1522cc0494 1f66e9477f4a452f96ebceff078cafb8 - - eba47cdcf001454d92b9bf2f241a4b09 eba47cdcf001454d92b9bf2f241a4b09] 10.0.0.218 "DELETE /resource_providers/6902b186-61f9-4d3a-928e-aeb655dd8790" status: 404 len: 246 microversion: 1.1 [pid: 7|app: 0|req: 475/951] 10.0.0.218 () {34 vars in 824 bytes} [Tue Jul 7 04:49:04 2026] DELETE /resource_providers/6902b186-61f9-4d3a-928e-aeb655dd8790 => generated 246 bytes in 11 msecs (HTTP/1.1 404) 6 headers in 231 bytes (1 switches on core 0)
2026-07-07 04:49:04.427 8 INFO placement.requestlog [None req-3ad797e6-9923-4c75-abbd-76a84a51a9c2 3ea0a39635114086bda3cf1522cc0494 1f66e9477f4a452f96ebceff078cafb8 - - eba47cdcf001454d92b9bf2f241a4b09 eba47cdcf001454d92b9bf2f241a4b09] 10.0.0.218 "DELETE /resource_providers/6902b186-61f9-4d3a-928e-aeb655dd8790" status: 404 len: 246 microversion: 1.1 [pid: 8|app: 0|req: 477/952] 10.0.0.218 () {34 vars in 824 bytes} [Tue Jul 7 04:49:04 2026] DELETE /resource_providers/6902b186-61f9-4d3a-928e-aeb655dd8790 => generated 246 bytes in 10 msecs (HTTP/1.1 404) 6 headers in 231 bytes (1 switches on core 0)
2026-07-07 04:49:06.280 8 INFO placement.requestlog [None req-583cc7a3-94a9-4009-bd21-52b0b4a24400 3ea0a39635114086bda3cf1522cc0494 1f66e9477f4a452f96ebceff078cafb8 - - eba47cdcf001454d92b9bf2f241a4b09 eba47cdcf001454d92b9bf2f241a4b09] 10.0.0.218 "GET /resource_providers/87a4fc48-c8ff-469f-9246-66d0ca10e561/aggregates" status: 404 len: 235 microversion: 1.1 [pid: 8|app: 0|req: 478/953] 10.0.0.218 () {32 vars in 824 bytes} [Tue Jul 7 04:49:06 2026] GET /resource_providers/87a4fc48-c8ff-469f-9246-66d0ca10e561/aggregates => generated 235 bytes in 11 msecs (HTTP/1.1 404) 5 headers in 202 bytes (1 switches on core 0)
2026-07-07 04:49:06.284 7 INFO placement.requestlog [None req-80222db0-5f6d-4caf-98f4-64468dff78b0 3ea0a39635114086bda3cf1522cc0494 1f66e9477f4a452f96ebceff078cafb8 - - eba47cdcf001454d92b9bf2f241a4b09 eba47cdcf001454d92b9bf2f241a4b09] 10.0.0.218 "GET /resource_providers/87a4fc48-c8ff-469f-9246-66d0ca10e561/aggregates" status: 404 len: 235 microversion: 1.1 [pid: 7|app: 0|req: 476/954] 10.0.0.218 () {32 vars in 824 bytes} [Tue Jul 7 04:49:06 2026] GET /resource_providers/87a4fc48-c8ff-469f-9246-66d0ca10e561/aggregates => generated 235 bytes in 15 msecs (HTTP/1.1 404) 5 headers in 202 bytes (1 switches on core 0)
2026-07-07 04:49:06.320 8 INFO placement.requestlog [None req-699994b5-5828-4b34-b9b8-b6dafb6dc258 3ea0a39635114086bda3cf1522cc0494 1f66e9477f4a452f96ebceff078cafb8 - - eba47cdcf001454d92b9bf2f241a4b09 eba47cdcf001454d92b9bf2f241a4b09] 10.0.0.218 "DELETE /resource_providers/87a4fc48-c8ff-469f-9246-66d0ca10e561" status: 404 len: 246 microversion: 1.1 [pid: 8|app: 0|req: 479/955] 10.0.0.218 () {34 vars in 824 bytes} [Tue Jul 7 04:49:06 2026] DELETE /resource_providers/87a4fc48-c8ff-469f-9246-66d0ca10e561 => generated 246 bytes in 10 msecs (HTTP/1.1 404) 6 headers in 231 bytes (1 switches on core 0)
2026-07-07 04:49:06.328 7 INFO placement.requestlog [None req-27b662ef-b734-4e8b-b63b-c38c568ac5a4 3ea0a39635114086bda3cf1522cc0494 1f66e9477f4a452f96ebceff078cafb8 - - eba47cdcf001454d92b9bf2f241a4b09 eba47cdcf001454d92b9bf2f241a4b09] 10.0.0.218 "DELETE /resource_providers/87a4fc48-c8ff-469f-9246-66d0ca10e561" status: 404 len: 246 microversion: 1.1 [pid: 7|app: 0|req: 477/956] 10.0.0.218 () {34 vars in 824 bytes} [Tue Jul 7 04:49:06 2026] DELETE /resource_providers/87a4fc48-c8ff-469f-9246-66d0ca10e561 => generated 246 bytes in 16 msecs (HTTP/1.1 404) 6 headers in 231 bytes (1 switches on core 0)
2026-07-07 04:49:07.711 7 INFO placement.requestlog [None req-8219dbbd-4c40-460a-9dba-3e18f76d2704 - - - - - -] 10.0.0.39 "GET /" status: 200 len: 136 microversion: 1.0
2026-07-07 04:49:07.712 8 INFO placement.requestlog [None req-55a33e40-373b-4921-b762-2690015bf82e - - - - - -] 10.0.0.39 "GET /" status: 200 len: 136 microversion: 1.0
2026-07-07 04:49:07.930 7 INFO placement.requestlog [None req-e5291d50-d841-4021-b988-2de323a9f8e3 3ea0a39635114086bda3cf1522cc0494 1f66e9477f4a452f96ebceff078cafb8 - - eba47cdcf001454d92b9bf2f241a4b09 eba47cdcf001454d92b9bf2f241a4b09] 10.0.0.218 "GET /resource_providers/b06d4d27-c2d1-4bbb-b2b2-c4c85290d91c/aggregates" status: 404 len: 235 microversion: 1.1 [pid: 7|app: 0|req: 479/959] 10.0.0.218 () {32 vars in 824 bytes} [Tue Jul 7 04:49:07 2026] GET /resource_providers/b06d4d27-c2d1-4bbb-b2b2-c4c85290d91c/aggregates => generated 235 bytes in 11 msecs (HTTP/1.1 404) 5 headers in 202 bytes (1 switches on core 0)
2026-07-07 04:49:07.938 8 INFO placement.requestlog [None req-ab9dc94c-15e7-43c9-bc1e-b31c9adf84aa 3ea0a39635114086bda3cf1522cc0494 1f66e9477f4a452f96ebceff078cafb8 - - eba47cdcf001454d92b9bf2f241a4b09 eba47cdcf001454d92b9bf2f241a4b09] 10.0.0.218 "GET /resource_providers/b06d4d27-c2d1-4bbb-b2b2-c4c85290d91c/aggregates" status: 404 len: 235 microversion: 1.1 [pid: 8|app: 0|req: 481/960] 10.0.0.218 () {32 vars in 824 bytes} [Tue Jul 7 04:49:07 2026] GET /resource_providers/b06d4d27-c2d1-4bbb-b2b2-c4c85290d91c/aggregates => generated 235 bytes in 15 msecs (HTTP/1.1 404) 5 headers in 202 bytes (1 switches on core 0)
2026-07-07 04:49:07.954 7 INFO placement.requestlog [None req-b2a076da-f613-4375-9a9a-646e7e7ed656 3ea0a39635114086bda3cf1522cc0494 1f66e9477f4a452f96ebceff078cafb8 - - eba47cdcf001454d92b9bf2f241a4b09 eba47cdcf001454d92b9bf2f241a4b09] 10.0.0.218 "DELETE /resource_providers/b06d4d27-c2d1-4bbb-b2b2-c4c85290d91c" status: 404 len: 246 microversion: 1.1 [pid: 7|app: 0|req: 480/961] 10.0.0.218 () {34 vars in 824 bytes} [Tue Jul 7 04:49:07 2026] DELETE /resource_providers/b06d4d27-c2d1-4bbb-b2b2-c4c85290d91c => generated 246 bytes in 9 msecs (HTTP/1.1 404) 6 headers in 231 bytes (1 switches on core 0)
2026-07-07 04:49:07.965 8 INFO placement.requestlog [None req-4ea6ca03-bbcf-462f-8d00-f66c1a2730fb 3ea0a39635114086bda3cf1522cc0494 1f66e9477f4a452f96ebceff078cafb8 - - eba47cdcf001454d92b9bf2f241a4b09 eba47cdcf001454d92b9bf2f241a4b09] 10.0.0.218 "DELETE /resource_providers/b06d4d27-c2d1-4bbb-b2b2-c4c85290d91c" status: 404 len: 246 microversion: 1.1 [pid: 8|app: 0|req: 482/962] 10.0.0.218 () {34 vars in 824 bytes} [Tue Jul 7 04:49:07 2026] DELETE /resource_providers/b06d4d27-c2d1-4bbb-b2b2-c4c85290d91c => generated 246 bytes in 18 msecs (HTTP/1.1 404) 6 headers in 231 bytes (1 switches on core 0)
2026-07-07 04:49:10.776 7 INFO placement.requestlog [None req-04cc4c16-a767-445f-919e-25be23864b35 3ea0a39635114086bda3cf1522cc0494 1f66e9477f4a452f96ebceff078cafb8 - - eba47cdcf001454d92b9bf2f241a4b09 eba47cdcf001454d92b9bf2f241a4b09] 10.0.0.218 "GET /resource_providers/fa560912-69af-4dd5-8d40-e36da551b776/aggregates" status: 404 len: 235 microversion: 1.1
2026-07-07 04:49:10.776 8 INFO placement.requestlog [None req-c96786ed-b667-4452-bf39-1d80e384db0e 3ea0a39635114086bda3cf1522cc0494 1f66e9477f4a452f96ebceff078cafb8 - - eba47cdcf001454d92b9bf2f241a4b09 eba47cdcf001454d92b9bf2f241a4b09] 10.0.0.218 "GET /resource_providers/fa560912-69af-4dd5-8d40-e36da551b776/aggregates" status: 404 len: 235 microversion: 1.1 [pid: 8|app: 0|req: 483/963] 10.0.0.218 () {32 vars in 824 bytes} [Tue Jul 7 04:49:10 2026] GET /resource_providers/fa560912-69af-4dd5-8d40-e36da551b776/aggregates => generated 235 bytes in 11 msecs (HTTP/1.1 404) 5 headers in 202 bytes (1 switches on core 0) [pid: 7|app: 0|req: 481/964] 10.0.0.218 () {32 vars in 824 bytes} [Tue Jul 7 04:49:10 2026] GET /resource_providers/fa560912-69af-4dd5-8d40-e36da551b776/aggregates => generated 235 bytes in 12 msecs (HTTP/1.1 404) 5 headers in 202 bytes (1 switches on core 0)
2026-07-07 04:49:11.015 8 INFO placement.requestlog [None req-40b02313-1e36-418a-9562-4a78bee47b63 3ea0a39635114086bda3cf1522cc0494 1f66e9477f4a452f96ebceff078cafb8 - - eba47cdcf001454d92b9bf2f241a4b09 eba47cdcf001454d92b9bf2f241a4b09] 10.0.0.218 "DELETE /resource_providers/fa560912-69af-4dd5-8d40-e36da551b776" status: 404 len: 246 microversion: 1.1 [pid: 8|app: 0|req: 484/965] 10.0.0.218 () {34 vars in 824 bytes} [Tue Jul 7 04:49:11 2026] DELETE /resource_providers/fa560912-69af-4dd5-8d40-e36da551b776 => generated 246 bytes in 11 msecs (HTTP/1.1 404) 6 headers in 231 bytes (1 switches on core 0)
2026-07-07 04:49:11.017 7 INFO placement.requestlog [None req-af0f78ce-7091-4f90-9197-8ba1a0fa854e 3ea0a39635114086bda3cf1522cc0494 1f66e9477f4a452f96ebceff078cafb8 - - eba47cdcf001454d92b9bf2f241a4b09 eba47cdcf001454d92b9bf2f241a4b09] 10.0.0.218 "DELETE /resource_providers/fa560912-69af-4dd5-8d40-e36da551b776" status: 404 len: 246 microversion: 1.1 [pid: 7|app: 0|req: 482/966] 10.0.0.218 () {34 vars in 824 bytes} [Tue Jul 7 04:49:11 2026] DELETE /resource_providers/fa560912-69af-4dd5-8d40-e36da551b776 => generated 246 bytes in 12 msecs (HTTP/1.1 404) 6 headers in 231 bytes (1 switches on core 0)
2026-07-07 04:49:17.712 8 INFO placement.requestlog [None req-92a54a9f-87c9-4ff4-bcef-576bd215c02b - - - - - -] 10.0.0.39 "GET /" status: 200 len: 136 microversion: 1.0
2026-07-07 04:49:17.712 7 INFO placement.requestlog [None req-a90a016e-d5eb-4828-a52b-ce83f013303a - - - - - -] 10.0.0.39 "GET /" status: 200 len: 136 microversion: 1.0
2026-07-07 04:49:17.850 7 INFO placement.requestlog [None req-d5c148e8-4ba8-4c66-a9dd-04f7ce94d1a9 3ea0a39635114086bda3cf1522cc0494 1f66e9477f4a452f96ebceff078cafb8 - - eba47cdcf001454d92b9bf2f241a4b09 eba47cdcf001454d92b9bf2f241a4b09] 10.0.0.218 "GET /resource_providers/d2200b05-48e1-4b5c-9346-d8182015d435/aggregates" status: 404 len: 235 microversion: 1.1 [pid: 7|app: 0|req: 484/969] 10.0.0.218 () {32 vars in 824 bytes} [Tue Jul 7 04:49:17 2026] GET /resource_providers/d2200b05-48e1-4b5c-9346-d8182015d435/aggregates => generated 235 bytes in 11 msecs (HTTP/1.1 404) 5 headers in 202 bytes (1 switches on core 0)
2026-07-07 04:49:17.858 8 INFO placement.requestlog [None req-dafe1306-f239-4e53-b5a4-17a0ef43cd94 3ea0a39635114086bda3cf1522cc0494 1f66e9477f4a452f96ebceff078cafb8 - - eba47cdcf001454d92b9bf2f241a4b09 eba47cdcf001454d92b9bf2f241a4b09] 10.0.0.218 "GET /resource_providers/d2200b05-48e1-4b5c-9346-d8182015d435/aggregates" status: 404 len: 235 microversion: 1.1 [pid: 8|app: 0|req: 486/970] 10.0.0.218 () {32 vars in 824 bytes} [Tue Jul 7 04:49:17 2026] GET /resource_providers/d2200b05-48e1-4b5c-9346-d8182015d435/aggregates => generated 235 bytes in 19 msecs (HTTP/1.1 404) 5 headers in 202 bytes (1 switches on core 0)
2026-07-07 04:49:17.883 7 INFO placement.requestlog [None req-ddbe1312-2793-4d8c-8295-4bb92bc01f41 3ea0a39635114086bda3cf1522cc0494 1f66e9477f4a452f96ebceff078cafb8 - - eba47cdcf001454d92b9bf2f241a4b09 eba47cdcf001454d92b9bf2f241a4b09] 10.0.0.218 "DELETE /resource_providers/d2200b05-48e1-4b5c-9346-d8182015d435" status: 404 len: 246 microversion: 1.1 [pid: 7|app: 0|req: 485/971] 10.0.0.218 () {34 vars in 824 bytes} [Tue Jul 7 04:49:17 2026] DELETE /resource_providers/d2200b05-48e1-4b5c-9346-d8182015d435 => generated 246 bytes in 10 msecs (HTTP/1.1 404) 6 headers in 231 bytes (1 switches on core 0)
2026-07-07 04:49:17.887 8 INFO placement.requestlog [None req-48fd1125-9a1d-4368-96e6-278aa8eee7df 3ea0a39635114086bda3cf1522cc0494 1f66e9477f4a452f96ebceff078cafb8 - - eba47cdcf001454d92b9bf2f241a4b09 eba47cdcf001454d92b9bf2f241a4b09] 10.0.0.218 "DELETE /resource_providers/d2200b05-48e1-4b5c-9346-d8182015d435" status: 404 len: 246 microversion: 1.1 [pid: 8|app: 0|req: 487/972] 10.0.0.218 () {34 vars in 824 bytes} [Tue Jul 7 04:49:17 2026] DELETE /resource_providers/d2200b05-48e1-4b5c-9346-d8182015d435 => generated 246 bytes in 15 msecs (HTTP/1.1 404) 6 headers in 231 bytes (1 switches on core 0)
2026-07-07 04:49:27.711 8 INFO placement.requestlog [None req-cdf221db-615f-484a-b29e-7da96339f394 - - - - - -] 10.0.0.39 "GET /" status: 200 len: 136 microversion: 1.0
2026-07-07 04:49:27.713 7 INFO placement.requestlog [None req-280ed3b1-9627-4d7e-b331-01d9e92b41b1 - - - - - -] 10.0.0.39 "GET /" status: 200 len: 136 microversion: 1.0
2026-07-07 04:49:34.489 7 INFO placement.requestlog [None req-4a49b57f-c8dd-478e-a44d-b59380a0cba5 3ea0a39635114086bda3cf1522cc0494 1f66e9477f4a452f96ebceff078cafb8 - - eba47cdcf001454d92b9bf2f241a4b09 eba47cdcf001454d92b9bf2f241a4b09] 10.0.0.218 "GET /resource_providers/aebf3ea4-136f-4658-a1f0-437e5f05a2c2/aggregates" status: 404 len: 235 microversion: 1.1 [pid: 7|app: 0|req: 487/975] 10.0.0.218 () {32 vars in 824 bytes} [Tue Jul 7 04:49:34 2026] GET /resource_providers/aebf3ea4-136f-4658-a1f0-437e5f05a2c2/aggregates => generated 235 bytes in 13 msecs (HTTP/1.1 404) 5 headers in 202 bytes (1 switches on core 0)
2026-07-07 04:49:34.490 8 INFO placement.requestlog [None req-38792eee-0f20-4bc9-b7de-daa0d1afbe62 3ea0a39635114086bda3cf1522cc0494 1f66e9477f4a452f96ebceff078cafb8 - - eba47cdcf001454d92b9bf2f241a4b09 eba47cdcf001454d92b9bf2f241a4b09] 10.0.0.218 "GET /resource_providers/aebf3ea4-136f-4658-a1f0-437e5f05a2c2/aggregates" status: 404 len: 235 microversion: 1.1 [pid: 8|app: 0|req: 489/976] 10.0.0.218 () {32 vars in 824 bytes} [Tue Jul 7 04:49:34 2026] GET /resource_providers/aebf3ea4-136f-4658-a1f0-437e5f05a2c2/aggregates => generated 235 bytes in 13 msecs (HTTP/1.1 404) 5 headers in 202 bytes (1 switches on core 0)
2026-07-07 04:49:34.520 7 INFO placement.requestlog [None req-13a537b5-458c-4fa0-a4c0-04f38e191164 3ea0a39635114086bda3cf1522cc0494 1f66e9477f4a452f96ebceff078cafb8 - - eba47cdcf001454d92b9bf2f241a4b09 eba47cdcf001454d92b9bf2f241a4b09] 10.0.0.218 "DELETE /resource_providers/aebf3ea4-136f-4658-a1f0-437e5f05a2c2" status: 404 len: 246 microversion: 1.1
2026-07-07 04:49:34.520 8 INFO placement.requestlog [None req-cb754ddd-0a3f-4497-8dcc-007e91064043 3ea0a39635114086bda3cf1522cc0494 1f66e9477f4a452f96ebceff078cafb8 - - eba47cdcf001454d92b9bf2f241a4b09 eba47cdcf001454d92b9bf2f241a4b09] 10.0.0.218 "DELETE /resource_providers/aebf3ea4-136f-4658-a1f0-437e5f05a2c2" status: 404 len: 246 microversion: 1.1 [pid: 7|app: 0|req: 488/977] 10.0.0.218 () {34 vars in 824 bytes} [Tue Jul 7 04:49:34 2026] DELETE /resource_providers/aebf3ea4-136f-4658-a1f0-437e5f05a2c2 => generated 246 bytes in 14 msecs (HTTP/1.1 404) 6 headers in 231 bytes (1 switches on core 0) [pid: 8|app: 0|req: 490/978] 10.0.0.218 () {34 vars in 824 bytes} [Tue Jul 7 04:49:34 2026] DELETE /resource_providers/aebf3ea4-136f-4658-a1f0-437e5f05a2c2 => generated 246 bytes in 15 msecs (HTTP/1.1 404) 6 headers in 231 bytes (1 switches on core 0)
2026-07-07 04:49:37.711 8 INFO placement.requestlog [None req-b995a213-faff-48ba-98e8-9025d6184ed9 - - - - - -] 10.0.0.39 "GET /" status: 200 len: 136 microversion: 1.0
2026-07-07 04:49:37.713 7 INFO placement.requestlog [None req-12cab3a1-3ae9-4d75-ad8e-abd1daf6c602 - - - - - -] 10.0.0.39 "GET /" status: 200 len: 136 microversion: 1.0
2026-07-07 04:49:41.382 8 INFO placement.requestlog [None req-5030c923-e99f-4b2f-8260-c7f4daa91a6c 3ea0a39635114086bda3cf1522cc0494 1f66e9477f4a452f96ebceff078cafb8 - - eba47cdcf001454d92b9bf2f241a4b09 eba47cdcf001454d92b9bf2f241a4b09] 10.0.0.218 "GET /resource_providers/42756ca1-acaf-4bf2-bcaa-e0edc1a358f0/aggregates" status: 404 len: 235 microversion: 1.1 [pid: 8|app: 0|req: 492/981] 10.0.0.218 () {32 vars in 824 bytes} [Tue Jul 7 04:49:41 2026] GET /resource_providers/42756ca1-acaf-4bf2-bcaa-e0edc1a358f0/aggregates => generated 235 bytes in 11 msecs (HTTP/1.1 404) 5 headers in 202 bytes (1 switches on core 0)
2026-07-07 04:49:41.383 7 INFO placement.requestlog [None req-e3a54df3-28c8-4419-b4a6-47cc4dafd6ca 3ea0a39635114086bda3cf1522cc0494 1f66e9477f4a452f96ebceff078cafb8 - - eba47cdcf001454d92b9bf2f241a4b09 eba47cdcf001454d92b9bf2f241a4b09] 10.0.0.218 "GET /resource_providers/42756ca1-acaf-4bf2-bcaa-e0edc1a358f0/aggregates" status: 404 len: 235 microversion: 1.1 [pid: 7|app: 0|req: 490/982] 10.0.0.218 () {32 vars in 824 bytes} [Tue Jul 7 04:49:41 2026] GET /resource_providers/42756ca1-acaf-4bf2-bcaa-e0edc1a358f0/aggregates => generated 235 bytes in 12 msecs (HTTP/1.1 404) 5 headers in 202 bytes (1 switches on core 0)
2026-07-07 04:49:41.396 8 INFO placement.requestlog [None req-6c748774-bf01-48e4-8d6e-f6cc4390c5f4 3ea0a39635114086bda3cf1522cc0494 1f66e9477f4a452f96ebceff078cafb8 - - eba47cdcf001454d92b9bf2f241a4b09 eba47cdcf001454d92b9bf2f241a4b09] 10.0.0.218 "DELETE /resource_providers/42756ca1-acaf-4bf2-bcaa-e0edc1a358f0" status: 404 len: 246 microversion: 1.1 [pid: 8|app: 0|req: 493/983] 10.0.0.218 () {34 vars in 824 bytes} [Tue Jul 7 04:49:41 2026] DELETE /resource_providers/42756ca1-acaf-4bf2-bcaa-e0edc1a358f0 => generated 246 bytes in 8 msecs (HTTP/1.1 404) 6 headers in 231 bytes (1 switches on core 0)
2026-07-07 04:49:41.401 7 INFO placement.requestlog [None req-36484d9b-8198-4187-96ef-fac2b5574ddb 3ea0a39635114086bda3cf1522cc0494 1f66e9477f4a452f96ebceff078cafb8 - - eba47cdcf001454d92b9bf2f241a4b09 eba47cdcf001454d92b9bf2f241a4b09] 10.0.0.218 "DELETE /resource_providers/42756ca1-acaf-4bf2-bcaa-e0edc1a358f0" status: 404 len: 246 microversion: 1.1 [pid: 7|app: 0|req: 491/984] 10.0.0.218 () {34 vars in 824 bytes} [Tue Jul 7 04:49:41 2026] DELETE /resource_providers/42756ca1-acaf-4bf2-bcaa-e0edc1a358f0 => generated 246 bytes in 8 msecs (HTTP/1.1 404) 6 headers in 231 bytes (1 switches on core 0)
2026-07-07 04:49:42.451 8 INFO placement.requestlog [req-9c873ce4-e190-4a57-9e1e-6a2509cc5566 req-14d5dd40-af50-4bfa-97d7-53bbbd571d2a d56fc08c305c468b9f1a8a277039c7de 1f66e9477f4a452f96ebceff078cafb8 - - eba47cdcf001454d92b9bf2f241a4b09 eba47cdcf001454d92b9bf2f241a4b09] 10.0.0.247 "GET /allocation_candidates?limit=1000&resources=DISK_GB%3A1%2CMEMORY_MB%3A512%2CVCPU%3A1&root_required=%21COMPUTE_STATUS_DISABLED" status: 200 len: 2147 microversion: 1.36 [pid: 8|app: 0|req: 494/985] 10.0.0.247 () {34 vars in 1011 bytes} [Tue Jul 7 04:49:42 2026] GET /allocation_candidates?limit=1000&resources=DISK_GB%3A1%2CMEMORY_MB%3A512%2CVCPU%3A1&root_required=%21COMPUTE_STATUS_DISABLED => generated 2147 bytes in 46 msecs (HTTP/1.1 200) 8 headers in 297 bytes (1 switches on core 0)
2026-07-07 04:49:42.486 7 INFO placement.requestlog [req-9c873ce4-e190-4a57-9e1e-6a2509cc5566 req-401665d0-f148-4df0-a0a5-0c178ac4d977 d56fc08c305c468b9f1a8a277039c7de 1f66e9477f4a452f96ebceff078cafb8 - - eba47cdcf001454d92b9bf2f241a4b09 eba47cdcf001454d92b9bf2f241a4b09] 10.0.0.247 "GET /allocations/a65e02e7-8041-4e5a-a96e-d805be364c6a" status: 200 len: 19 microversion: 1.28 [pid: 7|app: 0|req: 492/986] 10.0.0.247 () {34 vars in 860 bytes} [Tue Jul 7 04:49:42 2026] GET /allocations/a65e02e7-8041-4e5a-a96e-d805be364c6a => generated 19 bytes in 16 msecs (HTTP/1.1 200) 8 headers in 295 bytes (1 switches on core 0)
2026-07-07 04:49:42.553 8 INFO placement.requestlog [req-9c873ce4-e190-4a57-9e1e-6a2509cc5566 req-491d1f3b-01d4-488c-8b51-ba3580178b0a d56fc08c305c468b9f1a8a277039c7de 1f66e9477f4a452f96ebceff078cafb8 - - eba47cdcf001454d92b9bf2f241a4b09 eba47cdcf001454d92b9bf2f241a4b09] 10.0.0.247 "PUT /allocations/a65e02e7-8041-4e5a-a96e-d805be364c6a" status: 204 len: 0 microversion: 1.36 [pid: 8|app: 0|req: 495/987] 10.0.0.247 () {38 vars in 913 bytes} [Tue Jul 7 04:49:42 2026] PUT /allocations/a65e02e7-8041-4e5a-a96e-d805be364c6a => generated 0 bytes in 57 msecs (HTTP/1.1 204) 5 headers in 199 bytes (1 switches on core 0)
2026-07-07 04:49:42.821 7 INFO placement.requestlog [req-9c873ce4-e190-4a57-9e1e-6a2509cc5566 req-ee69d936-e1ee-4460-a5f9-d51d3c48cf52 d56fc08c305c468b9f1a8a277039c7de 1f66e9477f4a452f96ebceff078cafb8 - - eba47cdcf001454d92b9bf2f241a4b09 eba47cdcf001454d92b9bf2f241a4b09] 199.204.45.95 "GET /allocations/a65e02e7-8041-4e5a-a96e-d805be364c6a" status: 200 len: 258 microversion: 1.28 [pid: 7|app: 0|req: 493/988] 199.204.45.95 () {34 vars in 861 bytes} [Tue Jul 7 04:49:42 2026] GET /allocations/a65e02e7-8041-4e5a-a96e-d805be364c6a => generated 258 bytes in 21 msecs (HTTP/1.1 200) 8 headers in 296 bytes (1 switches on core 0)
2026-07-07 04:49:42.926 8 INFO placement.requestlog [req-9c873ce4-e190-4a57-9e1e-6a2509cc5566 req-f257c975-7503-4d95-839e-f3df27679347 d56fc08c305c468b9f1a8a277039c7de 1f66e9477f4a452f96ebceff078cafb8 - - eba47cdcf001454d92b9bf2f241a4b09 eba47cdcf001454d92b9bf2f241a4b09] 199.204.45.95 "GET /resource_providers/cb8bd004-e6a4-4f7f-a066-57031f3047a9/allocations" status: 200 len: 153 microversion: 1.0 [pid: 8|app: 0|req: 496/989] 199.204.45.95 () {32 vars in 855 bytes} [Tue Jul 7 04:49:42 2026] GET /resource_providers/cb8bd004-e6a4-4f7f-a066-57031f3047a9/allocations => generated 153 bytes in 23 msecs (HTTP/1.1 200) 6 headers in 224 bytes (1 switches on core 0)
2026-07-07 04:49:42.948 7 INFO placement.requestlog [req-9c873ce4-e190-4a57-9e1e-6a2509cc5566 req-2cfb5578-b972-4217-8e7f-f0637730655b d56fc08c305c468b9f1a8a277039c7de 1f66e9477f4a452f96ebceff078cafb8 - - eba47cdcf001454d92b9bf2f241a4b09 eba47cdcf001454d92b9bf2f241a4b09] 199.204.45.95 "GET /allocations/a65e02e7-8041-4e5a-a96e-d805be364c6a" status: 200 len: 258 microversion: 1.28 [pid: 7|app: 0|req: 494/990] 199.204.45.95 () {34 vars in 861 bytes} [Tue Jul 7 04:49:42 2026] GET /allocations/a65e02e7-8041-4e5a-a96e-d805be364c6a => generated 258 bytes in 14 msecs (HTTP/1.1 200) 8 headers in 296 bytes (1 switches on core 0)
2026-07-07 04:49:43.418 8 INFO placement.requestlog [None req-e49caa19-b5db-47ee-b408-ff75986492de 3ea0a39635114086bda3cf1522cc0494 1f66e9477f4a452f96ebceff078cafb8 - - eba47cdcf001454d92b9bf2f241a4b09 eba47cdcf001454d92b9bf2f241a4b09] 10.0.0.218 "GET /resource_providers/1d198161-3ae7-4b05-94e7-49d44c30d44d/aggregates" status: 404 len: 235 microversion: 1.1 [pid: 8|app: 0|req: 497/991] 10.0.0.218 () {32 vars in 824 bytes} [Tue Jul 7 04:49:43 2026] GET /resource_providers/1d198161-3ae7-4b05-94e7-49d44c30d44d/aggregates => generated 235 bytes in 14 msecs (HTTP/1.1 404) 5 headers in 202 bytes (1 switches on core 0)
2026-07-07 04:49:43.425 7 INFO placement.requestlog [None req-cf2c80d2-31d7-4bfb-97c5-a20ab6f9b464 3ea0a39635114086bda3cf1522cc0494 1f66e9477f4a452f96ebceff078cafb8 - - eba47cdcf001454d92b9bf2f241a4b09 eba47cdcf001454d92b9bf2f241a4b09] 10.0.0.218 "GET /resource_providers/1d198161-3ae7-4b05-94e7-49d44c30d44d/aggregates" status: 404 len: 235 microversion: 1.1 [pid: 7|app: 0|req: 495/992] 10.0.0.218 () {32 vars in 824 bytes} [Tue Jul 7 04:49:43 2026] GET /resource_providers/1d198161-3ae7-4b05-94e7-49d44c30d44d/aggregates => generated 235 bytes in 12 msecs (HTTP/1.1 404) 5 headers in 202 bytes (1 switches on core 0)
2026-07-07 04:49:43.436 8 INFO placement.requestlog [None req-c75b9449-34e1-4d4d-acab-53291b5e4bad 3ea0a39635114086bda3cf1522cc0494 1f66e9477f4a452f96ebceff078cafb8 - - eba47cdcf001454d92b9bf2f241a4b09 eba47cdcf001454d92b9bf2f241a4b09] 10.0.0.218 "DELETE /resource_providers/1d198161-3ae7-4b05-94e7-49d44c30d44d" status: 404 len: 246 microversion: 1.1 [pid: 8|app: 0|req: 498/993] 10.0.0.218 () {34 vars in 824 bytes} [Tue Jul 7 04:49:43 2026] DELETE /resource_providers/1d198161-3ae7-4b05-94e7-49d44c30d44d => generated 246 bytes in 8 msecs (HTTP/1.1 404) 6 headers in 231 bytes (1 switches on core 0)
2026-07-07 04:49:43.444 7 INFO placement.requestlog [None req-10a36a52-aaba-4bc5-9b2d-2963e19c39c4 3ea0a39635114086bda3cf1522cc0494 1f66e9477f4a452f96ebceff078cafb8 - - eba47cdcf001454d92b9bf2f241a4b09 eba47cdcf001454d92b9bf2f241a4b09] 10.0.0.218 "DELETE /resource_providers/1d198161-3ae7-4b05-94e7-49d44c30d44d" status: 404 len: 246 microversion: 1.1 [pid: 7|app: 0|req: 496/994] 10.0.0.218 () {34 vars in 824 bytes} [Tue Jul 7 04:49:43 2026] DELETE /resource_providers/1d198161-3ae7-4b05-94e7-49d44c30d44d => generated 246 bytes in 10 msecs (HTTP/1.1 404) 6 headers in 231 bytes (1 switches on core 0)
2026-07-07 04:49:47.713 8 INFO placement.requestlog [None req-976b13d9-2569-4a83-81a3-787b4aa82a52 - - - - - -] 10.0.0.39 "GET /" status: 200 len: 136 microversion: 1.0
2026-07-07 04:49:47.713 7 INFO placement.requestlog [None req-ff28cfca-b9af-4d49-84c6-4645300df72b - - - - - -] 10.0.0.39 "GET /" status: 200 len: 136 microversion: 1.0
2026-07-07 04:49:57.541 8 INFO placement.requestlog [req-5edee84e-22e5-45b8-935b-82c14176d9cc req-8514bbe9-041f-4903-a302-a15750deaa3c d56fc08c305c468b9f1a8a277039c7de 1f66e9477f4a452f96ebceff078cafb8 - - eba47cdcf001454d92b9bf2f241a4b09 eba47cdcf001454d92b9bf2f241a4b09] 199.204.45.95 "GET /resource_providers/cb8bd004-e6a4-4f7f-a066-57031f3047a9/allocations" status: 200 len: 153 microversion: 1.0 [pid: 8|app: 0|req: 500/997] 199.204.45.95 () {32 vars in 855 bytes} [Tue Jul 7 04:49:57 2026] GET /resource_providers/cb8bd004-e6a4-4f7f-a066-57031f3047a9/allocations => generated 153 bytes in 21 msecs (HTTP/1.1 200) 6 headers in 224 bytes (1 switches on core 0)
2026-07-07 04:49:57.567 7 INFO placement.requestlog [req-5edee84e-22e5-45b8-935b-82c14176d9cc req-172709a3-315b-431f-9459-1a3da9d9c71b d56fc08c305c468b9f1a8a277039c7de 1f66e9477f4a452f96ebceff078cafb8 - - eba47cdcf001454d92b9bf2f241a4b09 eba47cdcf001454d92b9bf2f241a4b09] 199.204.45.95 "GET /resource_providers/cb8bd004-e6a4-4f7f-a066-57031f3047a9/allocations" status: 200 len: 153 microversion: 1.0 [pid: 7|app: 0|req: 498/998] 199.204.45.95 () {32 vars in 855 bytes} [Tue Jul 7 04:49:57 2026] GET /resource_providers/cb8bd004-e6a4-4f7f-a066-57031f3047a9/allocations => generated 153 bytes in 16 msecs (HTTP/1.1 200) 6 headers in 224 bytes (1 switches on core 0)
2026-07-07 04:49:57.594 8 INFO placement.requestlog [req-5edee84e-22e5-45b8-935b-82c14176d9cc req-8b84cd5b-8655-4a1b-891f-0e2b1ecaf71f d56fc08c305c468b9f1a8a277039c7de 1f66e9477f4a452f96ebceff078cafb8 - - eba47cdcf001454d92b9bf2f241a4b09 eba47cdcf001454d92b9bf2f241a4b09] 199.204.45.95 "GET /allocations/a65e02e7-8041-4e5a-a96e-d805be364c6a" status: 200 len: 258 microversion: 1.28 [pid: 8|app: 0|req: 501/999] 199.204.45.95 () {34 vars in 861 bytes} [Tue Jul 7 04:49:57 2026] GET /allocations/a65e02e7-8041-4e5a-a96e-d805be364c6a => generated 258 bytes in 18 msecs (HTTP/1.1 200) 8 headers in 296 bytes (1 switches on core 0)
2026-07-07 04:49:57.712 7 INFO placement.requestlog [None req-ace619b2-36e9-465d-a836-4631219ff1a9 - - - - - -] 10.0.0.39 "GET /" status: 200 len: 136 microversion: 1.0
2026-07-07 04:49:57.713 8 INFO placement.requestlog [None req-74cc1461-b669-4dc1-85df-5cee83a0f563 - - - - - -] 10.0.0.39 "GET /" status: 200 len: 136 microversion: 1.0
2026-07-07 04:50:07.554 7 INFO placement.requestlog [req-d4e6aa3f-cf5d-4536-a93b-be63ac2d3036 req-880b399a-bb4d-486b-a75d-67d0f5571392 d56fc08c305c468b9f1a8a277039c7de 1f66e9477f4a452f96ebceff078cafb8 - - eba47cdcf001454d92b9bf2f241a4b09 eba47cdcf001454d92b9bf2f241a4b09] 199.204.45.95 "GET /resource_providers/cb8bd004-e6a4-4f7f-a066-57031f3047a9/allocations" status: 200 len: 153 microversion: 1.0 [pid: 7|app: 0|req: 500/1002] 199.204.45.95 () {32 vars in 855 bytes} [Tue Jul 7 04:50:07 2026] GET /resource_providers/cb8bd004-e6a4-4f7f-a066-57031f3047a9/allocations => generated 153 bytes in 14 msecs (HTTP/1.1 200) 6 headers in 224 bytes (1 switches on core 0)
2026-07-07 04:50:07.578 8 INFO placement.requestlog [req-d4e6aa3f-cf5d-4536-a93b-be63ac2d3036 req-4102cc66-fddc-43e7-8d99-c71a6312ccbd d56fc08c305c468b9f1a8a277039c7de 1f66e9477f4a452f96ebceff078cafb8 - - eba47cdcf001454d92b9bf2f241a4b09 eba47cdcf001454d92b9bf2f241a4b09] 199.204.45.95 "GET /allocations/a65e02e7-8041-4e5a-a96e-d805be364c6a" status: 200 len: 258 microversion: 1.28 [pid: 8|app: 0|req: 503/1003] 199.204.45.95 () {34 vars in 861 bytes} [Tue Jul 7 04:50:07 2026] GET /allocations/a65e02e7-8041-4e5a-a96e-d805be364c6a => generated 258 bytes in 14 msecs (HTTP/1.1 200) 8 headers in 296 bytes (1 switches on core 0)
2026-07-07 04:50:07.651 7 INFO placement.requestlog [req-d4e6aa3f-cf5d-4536-a93b-be63ac2d3036 req-778c6328-daaa-4591-a891-89b3b012fde9 d56fc08c305c468b9f1a8a277039c7de 1f66e9477f4a452f96ebceff078cafb8 - - eba47cdcf001454d92b9bf2f241a4b09 eba47cdcf001454d92b9bf2f241a4b09] 199.204.45.95 "DELETE /allocations/a65e02e7-8041-4e5a-a96e-d805be364c6a" status: 204 len: 0 microversion: 1.0 [pid: 7|app: 0|req: 501/1004] 199.204.45.95 () {34 vars in 839 bytes} [Tue Jul 7 04:50:07 2026] DELETE /allocations/a65e02e7-8041-4e5a-a96e-d805be364c6a => generated 0 bytes in 23 msecs (HTTP/1.1 204) 5 headers in 198 bytes (1 switches on core 0)
2026-07-07 04:50:07.712 7 INFO placement.requestlog [None req-7cc9f9b0-a871-4693-8bdf-9a50279985d4 - - - - - -] 10.0.0.39 "GET /" status: 200 len: 136 microversion: 1.0
2026-07-07 04:50:07.713 8 INFO placement.requestlog [None req-4c096242-346a-44d9-b5b2-8795af855f0d - - - - - -] 10.0.0.39 "GET /" status: 200 len: 136 microversion: 1.0
2026-07-07 04:50:09.783 7 INFO placement.requestlog [req-ed4f7ba1-afbe-41c6-bab7-81904a5e8d1a req-ffe2c208-bb4e-4d45-b360-98dd3586f899 d56fc08c305c468b9f1a8a277039c7de 1f66e9477f4a452f96ebceff078cafb8 - - eba47cdcf001454d92b9bf2f241a4b09 eba47cdcf001454d92b9bf2f241a4b09] 10.0.0.247 "GET /allocation_candidates?limit=1000&resources=DISK_GB%3A1%2CMEMORY_MB%3A512%2CVCPU%3A1&root_required=%21COMPUTE_STATUS_DISABLED" status: 200 len: 2147 microversion: 1.36 [pid: 7|app: 0|req: 503/1007] 10.0.0.247 () {34 vars in 1011 bytes} [Tue Jul 7 04:50:09 2026] GET /allocation_candidates?limit=1000&resources=DISK_GB%3A1%2CMEMORY_MB%3A512%2CVCPU%3A1&root_required=%21COMPUTE_STATUS_DISABLED => generated 2147 bytes in 45 msecs (HTTP/1.1 200) 8 headers in 297 bytes (1 switches on core 0)
2026-07-07 04:50:09.822 8 INFO placement.requestlog [req-ed4f7ba1-afbe-41c6-bab7-81904a5e8d1a req-3a75c863-0d6b-4f76-b8a2-775aef660ba7 d56fc08c305c468b9f1a8a277039c7de 1f66e9477f4a452f96ebceff078cafb8 - - eba47cdcf001454d92b9bf2f241a4b09 eba47cdcf001454d92b9bf2f241a4b09] 10.0.0.247 "GET /allocations/750cbdf1-fbfb-45bb-8869-c1711ab52f69" status: 200 len: 19 microversion: 1.28 [pid: 8|app: 0|req: 505/1008] 10.0.0.247 () {34 vars in 860 bytes} [Tue Jul 7 04:50:09 2026] GET /allocations/750cbdf1-fbfb-45bb-8869-c1711ab52f69 => generated 19 bytes in 21 msecs (HTTP/1.1 200) 8 headers in 295 bytes (1 switches on core 0)
2026-07-07 04:50:09.924 7 INFO placement.requestlog [req-ed4f7ba1-afbe-41c6-bab7-81904a5e8d1a req-ec22b944-7043-487a-89d6-d67c6c94f94e d56fc08c305c468b9f1a8a277039c7de 1f66e9477f4a452f96ebceff078cafb8 - - eba47cdcf001454d92b9bf2f241a4b09 eba47cdcf001454d92b9bf2f241a4b09] 10.0.0.247 "PUT /allocations/750cbdf1-fbfb-45bb-8869-c1711ab52f69" status: 204 len: 0 microversion: 1.36 [pid: 7|app: 0|req: 504/1009] 10.0.0.247 () {38 vars in 913 bytes} [Tue Jul 7 04:50:09 2026] PUT /allocations/750cbdf1-fbfb-45bb-8869-c1711ab52f69 => generated 0 bytes in 96 msecs (HTTP/1.1 204) 5 headers in 199 bytes (1 switches on core 0)
2026-07-07 04:50:10.168 8 INFO placement.requestlog [req-ed4f7ba1-afbe-41c6-bab7-81904a5e8d1a req-d337345f-8f89-485e-abc0-9e6ebce33160 d56fc08c305c468b9f1a8a277039c7de 1f66e9477f4a452f96ebceff078cafb8 - - eba47cdcf001454d92b9bf2f241a4b09 eba47cdcf001454d92b9bf2f241a4b09] 199.204.45.95 "GET /allocations/750cbdf1-fbfb-45bb-8869-c1711ab52f69" status: 200 len: 258 microversion: 1.28 [pid: 8|app: 0|req: 506/1010] 199.204.45.95 () {34 vars in 861 bytes} [Tue Jul 7 04:50:10 2026] GET /allocations/750cbdf1-fbfb-45bb-8869-c1711ab52f69 => generated 258 bytes in 17 msecs (HTTP/1.1 200) 8 headers in 296 bytes (1 switches on core 0)
2026-07-07 04:50:10.274 7 INFO placement.requestlog [req-ed4f7ba1-afbe-41c6-bab7-81904a5e8d1a req-d0eafe4f-9336-4cce-a82a-875675f14021 d56fc08c305c468b9f1a8a277039c7de 1f66e9477f4a452f96ebceff078cafb8 - - eba47cdcf001454d92b9bf2f241a4b09 eba47cdcf001454d92b9bf2f241a4b09] 199.204.45.95 "GET /resource_providers/cb8bd004-e6a4-4f7f-a066-57031f3047a9/allocations" status: 200 len: 153 microversion: 1.0 [pid: 7|app: 0|req: 505/1011] 199.204.45.95 () {32 vars in 855 bytes} [Tue Jul 7 04:50:10 2026] GET /resource_providers/cb8bd004-e6a4-4f7f-a066-57031f3047a9/allocations => generated 153 bytes in 17 msecs (HTTP/1.1 200) 6 headers in 224 bytes (1 switches on core 0)
2026-07-07 04:50:10.301 8 INFO placement.requestlog [req-ed4f7ba1-afbe-41c6-bab7-81904a5e8d1a req-d51de6fb-eb20-451f-8499-4aed82f524bc d56fc08c305c468b9f1a8a277039c7de 1f66e9477f4a452f96ebceff078cafb8 - - eba47cdcf001454d92b9bf2f241a4b09 eba47cdcf001454d92b9bf2f241a4b09] 199.204.45.95 "GET /allocations/750cbdf1-fbfb-45bb-8869-c1711ab52f69" status: 200 len: 258 microversion: 1.28 [pid: 8|app: 0|req: 507/1012] 199.204.45.95 () {34 vars in 861 bytes} [Tue Jul 7 04:50:10 2026] GET /allocations/750cbdf1-fbfb-45bb-8869-c1711ab52f69 => generated 258 bytes in 18 msecs (HTTP/1.1 200) 8 headers in 296 bytes (1 switches on core 0)
2026-07-07 04:50:12.265 7 INFO placement.requestlog [None req-3c47a363-43c8-40be-a256-9f91fe5cbb82 3ea0a39635114086bda3cf1522cc0494 1f66e9477f4a452f96ebceff078cafb8 - - eba47cdcf001454d92b9bf2f241a4b09 eba47cdcf001454d92b9bf2f241a4b09] 10.0.0.218 "GET /resource_providers/02e2b0bb-c499-44a4-abcd-f2c2569404fd/aggregates" status: 404 len: 235 microversion: 1.1 [pid: 7|app: 0|req: 506/1013] 10.0.0.218 () {32 vars in 824 bytes} [Tue Jul 7 04:50:12 2026] GET /resource_providers/02e2b0bb-c499-44a4-abcd-f2c2569404fd/aggregates => generated 235 bytes in 10 msecs (HTTP/1.1 404) 5 headers in 202 bytes (1 switches on core 0)
2026-07-07 04:50:12.272 8 INFO placement.requestlog [None req-5b3660f8-1e4c-46fc-8fbd-d011e57fc035 3ea0a39635114086bda3cf1522cc0494 1f66e9477f4a452f96ebceff078cafb8 - - eba47cdcf001454d92b9bf2f241a4b09 eba47cdcf001454d92b9bf2f241a4b09] 10.0.0.218 "GET /resource_providers/02e2b0bb-c499-44a4-abcd-f2c2569404fd/aggregates" status: 404 len: 235 microversion: 1.1 [pid: 8|app: 0|req: 508/1014] 10.0.0.218 () {32 vars in 824 bytes} [Tue Jul 7 04:50:12 2026] GET /resource_providers/02e2b0bb-c499-44a4-abcd-f2c2569404fd/aggregates => generated 235 bytes in 13 msecs (HTTP/1.1 404) 5 headers in 202 bytes (1 switches on core 0)
2026-07-07 04:50:12.286 7 INFO placement.requestlog [None req-82a629d1-2e57-416f-9d97-7b07d92b1286 3ea0a39635114086bda3cf1522cc0494 1f66e9477f4a452f96ebceff078cafb8 - - eba47cdcf001454d92b9bf2f241a4b09 eba47cdcf001454d92b9bf2f241a4b09] 10.0.0.218 "DELETE /resource_providers/02e2b0bb-c499-44a4-abcd-f2c2569404fd" status: 404 len: 246 microversion: 1.1 [pid: 7|app: 0|req: 507/1015] 10.0.0.218 () {34 vars in 824 bytes} [Tue Jul 7 04:50:12 2026] DELETE /resource_providers/02e2b0bb-c499-44a4-abcd-f2c2569404fd => generated 246 bytes in 9 msecs (HTTP/1.1 404) 6 headers in 231 bytes (1 switches on core 0)
2026-07-07 04:50:12.293 8 INFO placement.requestlog [None req-1eb7a6fa-f4e3-4249-98df-7f053ed825db 3ea0a39635114086bda3cf1522cc0494 1f66e9477f4a452f96ebceff078cafb8 - - eba47cdcf001454d92b9bf2f241a4b09 eba47cdcf001454d92b9bf2f241a4b09] 10.0.0.218 "DELETE /resource_providers/02e2b0bb-c499-44a4-abcd-f2c2569404fd" status: 404 len: 246 microversion: 1.1 [pid: 8|app: 0|req: 509/1016] 10.0.0.218 () {34 vars in 824 bytes} [Tue Jul 7 04:50:12 2026] DELETE /resource_providers/02e2b0bb-c499-44a4-abcd-f2c2569404fd => generated 246 bytes in 7 msecs (HTTP/1.1 404) 6 headers in 231 bytes (1 switches on core 0)
2026-07-07 04:50:15.020 7 INFO placement.requestlog [None req-9cbbdf3c-8982-46ca-9db1-30143289be06 3ea0a39635114086bda3cf1522cc0494 1f66e9477f4a452f96ebceff078cafb8 - - eba47cdcf001454d92b9bf2f241a4b09 eba47cdcf001454d92b9bf2f241a4b09] 10.0.0.218 "GET /resource_providers/0c1d02c1-3dcf-4947-abd1-94c7c4f8c901/aggregates" status: 404 len: 235 microversion: 1.1 [pid: 7|app: 0|req: 508/1017] 10.0.0.218 () {32 vars in 824 bytes} [Tue Jul 7 04:50:15 2026] GET /resource_providers/0c1d02c1-3dcf-4947-abd1-94c7c4f8c901/aggregates => generated 235 bytes in 11 msecs (HTTP/1.1 404) 5 headers in 202 bytes (1 switches on core 0)
2026-07-07 04:50:15.022 8 INFO placement.requestlog [None req-7aebe843-00db-401f-a285-7f95ce8593ca 3ea0a39635114086bda3cf1522cc0494 1f66e9477f4a452f96ebceff078cafb8 - - eba47cdcf001454d92b9bf2f241a4b09 eba47cdcf001454d92b9bf2f241a4b09] 10.0.0.218 "GET /resource_providers/0c1d02c1-3dcf-4947-abd1-94c7c4f8c901/aggregates" status: 404 len: 235 microversion: 1.1 [pid: 8|app: 0|req: 510/1018] 10.0.0.218 () {32 vars in 824 bytes} [Tue Jul 7 04:50:15 2026] GET /resource_providers/0c1d02c1-3dcf-4947-abd1-94c7c4f8c901/aggregates => generated 235 bytes in 13 msecs (HTTP/1.1 404) 5 headers in 202 bytes (1 switches on core 0)
2026-07-07 04:50:15.051 7 INFO placement.requestlog [None req-0cae0999-6126-4986-bcbb-4c0f2ca788fa 3ea0a39635114086bda3cf1522cc0494 1f66e9477f4a452f96ebceff078cafb8 - - eba47cdcf001454d92b9bf2f241a4b09 eba47cdcf001454d92b9bf2f241a4b09] 10.0.0.218 "DELETE /resource_providers/0c1d02c1-3dcf-4947-abd1-94c7c4f8c901" status: 404 len: 246 microversion: 1.1 [pid: 7|app: 0|req: 509/1019] 10.0.0.218 () {34 vars in 824 bytes} [Tue Jul 7 04:50:15 2026] DELETE /resource_providers/0c1d02c1-3dcf-4947-abd1-94c7c4f8c901 => generated 246 bytes in 8 msecs (HTTP/1.1 404) 6 headers in 231 bytes (1 switches on core 0)
2026-07-07 04:50:15.055 8 INFO placement.requestlog [None req-e70d1ee2-2261-4bd3-9ec6-0b7f8d6f0e36 3ea0a39635114086bda3cf1522cc0494 1f66e9477f4a452f96ebceff078cafb8 - - eba47cdcf001454d92b9bf2f241a4b09 eba47cdcf001454d92b9bf2f241a4b09] 10.0.0.218 "DELETE /resource_providers/0c1d02c1-3dcf-4947-abd1-94c7c4f8c901" status: 404 len: 246 microversion: 1.1 [pid: 8|app: 0|req: 511/1020] 10.0.0.218 () {34 vars in 824 bytes} [Tue Jul 7 04:50:15 2026] DELETE /resource_providers/0c1d02c1-3dcf-4947-abd1-94c7c4f8c901 => generated 246 bytes in 11 msecs (HTTP/1.1 404) 6 headers in 231 bytes (1 switches on core 0)
2026-07-07 04:50:17.712 7 INFO placement.requestlog [None req-a6d957c5-a278-46e8-baf8-d54d533306e9 - - - - - -] 10.0.0.39 "GET /" status: 200 len: 136 microversion: 1.0
2026-07-07 04:50:17.713 8 INFO placement.requestlog [None req-9419118a-9d75-463b-bfd7-89f626ae6d54 - - - - - -] 10.0.0.39 "GET /" status: 200 len: 136 microversion: 1.0
2026-07-07 04:50:22.267 7 INFO placement.requestlog [req-01bec771-26f5-43a1-aa1f-fed83bfd3276 req-20b8f5da-c0e8-4243-9a36-87f404766014 d56fc08c305c468b9f1a8a277039c7de 1f66e9477f4a452f96ebceff078cafb8 - - eba47cdcf001454d92b9bf2f241a4b09 eba47cdcf001454d92b9bf2f241a4b09] 10.0.0.247 "GET /allocation_candidates?limit=1000&resources=DISK_GB%3A1%2CMEMORY_MB%3A512%2CVCPU%3A1&root_required=%21COMPUTE_STATUS_DISABLED" status: 200 len: 2149 microversion: 1.36 [pid: 7|app: 0|req: 511/1023] 10.0.0.247 () {34 vars in 1011 bytes} [Tue Jul 7 04:50:22 2026] GET /allocation_candidates?limit=1000&resources=DISK_GB%3A1%2CMEMORY_MB%3A512%2CVCPU%3A1&root_required=%21COMPUTE_STATUS_DISABLED => generated 2149 bytes in 45 msecs (HTTP/1.1 200) 8 headers in 297 bytes (1 switches on core 0)
2026-07-07 04:50:22.298 8 INFO placement.requestlog [req-01bec771-26f5-43a1-aa1f-fed83bfd3276 req-e0eacee2-57c2-4a96-981e-ff21d3517265 d56fc08c305c468b9f1a8a277039c7de 1f66e9477f4a452f96ebceff078cafb8 - - eba47cdcf001454d92b9bf2f241a4b09 eba47cdcf001454d92b9bf2f241a4b09] 10.0.0.247 "GET /allocations/01940f2b-390a-40f5-a4e4-1f87828b9a3f" status: 200 len: 19 microversion: 1.28 [pid: 8|app: 0|req: 513/1024] 10.0.0.247 () {34 vars in 860 bytes} [Tue Jul 7 04:50:22 2026] GET /allocations/01940f2b-390a-40f5-a4e4-1f87828b9a3f => generated 19 bytes in 13 msecs (HTTP/1.1 200) 8 headers in 295 bytes (1 switches on core 0)
2026-07-07 04:50:22.368 7 INFO placement.requestlog [req-01bec771-26f5-43a1-aa1f-fed83bfd3276 req-ebf2cf94-824a-441a-8a1f-0baf3ab18d41 d56fc08c305c468b9f1a8a277039c7de 1f66e9477f4a452f96ebceff078cafb8 - - eba47cdcf001454d92b9bf2f241a4b09 eba47cdcf001454d92b9bf2f241a4b09] 10.0.0.247 "PUT /allocations/01940f2b-390a-40f5-a4e4-1f87828b9a3f" status: 204 len: 0 microversion: 1.36 [pid: 7|app: 0|req: 512/1025] 10.0.0.247 () {38 vars in 913 bytes} [Tue Jul 7 04:50:22 2026] PUT /allocations/01940f2b-390a-40f5-a4e4-1f87828b9a3f => generated 0 bytes in 63 msecs (HTTP/1.1 204) 5 headers in 199 bytes (1 switches on core 0)
2026-07-07 04:50:22.635 8 INFO placement.requestlog [req-01bec771-26f5-43a1-aa1f-fed83bfd3276 req-4117dfa6-fc0a-4d6c-911d-3877921b4361 d56fc08c305c468b9f1a8a277039c7de 1f66e9477f4a452f96ebceff078cafb8 - - eba47cdcf001454d92b9bf2f241a4b09 eba47cdcf001454d92b9bf2f241a4b09] 199.204.45.95 "GET /allocations/01940f2b-390a-40f5-a4e4-1f87828b9a3f" status: 200 len: 258 microversion: 1.28 [pid: 8|app: 0|req: 514/1026] 199.204.45.95 () {34 vars in 861 bytes} [Tue Jul 7 04:50:22 2026] GET /allocations/01940f2b-390a-40f5-a4e4-1f87828b9a3f => generated 258 bytes in 16 msecs (HTTP/1.1 200) 8 headers in 296 bytes (1 switches on core 0)
2026-07-07 04:50:22.750 7 INFO placement.requestlog [req-01bec771-26f5-43a1-aa1f-fed83bfd3276 req-615aa4a5-4c32-41c6-aa31-2ab781ef146b d56fc08c305c468b9f1a8a277039c7de 1f66e9477f4a452f96ebceff078cafb8 - - eba47cdcf001454d92b9bf2f241a4b09 eba47cdcf001454d92b9bf2f241a4b09] 199.204.45.95 "GET /resource_providers/cb8bd004-e6a4-4f7f-a066-57031f3047a9/allocations" status: 200 len: 253 microversion: 1.0 [pid: 7|app: 0|req: 513/1027] 199.204.45.95 () {32 vars in 855 bytes} [Tue Jul 7 04:50:22 2026] GET /resource_providers/cb8bd004-e6a4-4f7f-a066-57031f3047a9/allocations => generated 253 bytes in 23 msecs (HTTP/1.1 200) 6 headers in 224 bytes (1 switches on core 0)
2026-07-07 04:50:22.775 8 INFO placement.requestlog [req-01bec771-26f5-43a1-aa1f-fed83bfd3276 req-c1afd67f-fabc-4cf3-bbf7-632f76c0e97e d56fc08c305c468b9f1a8a277039c7de 1f66e9477f4a452f96ebceff078cafb8 - - eba47cdcf001454d92b9bf2f241a4b09 eba47cdcf001454d92b9bf2f241a4b09] 199.204.45.95 "GET /allocations/01940f2b-390a-40f5-a4e4-1f87828b9a3f" status: 200 len: 258 microversion: 1.28 [pid: 8|app: 0|req: 515/1028] 199.204.45.95 () {34 vars in 861 bytes} [Tue Jul 7 04:50:22 2026] GET /allocations/01940f2b-390a-40f5-a4e4-1f87828b9a3f => generated 258 bytes in 17 msecs (HTTP/1.1 200) 8 headers in 296 bytes (1 switches on core 0)
2026-07-07 04:50:22.795 7 INFO placement.requestlog [req-01bec771-26f5-43a1-aa1f-fed83bfd3276 req-34810671-f58e-496c-8aa4-c26403063f21 d56fc08c305c468b9f1a8a277039c7de 1f66e9477f4a452f96ebceff078cafb8 - - eba47cdcf001454d92b9bf2f241a4b09 eba47cdcf001454d92b9bf2f241a4b09] 199.204.45.95 "GET /allocations/750cbdf1-fbfb-45bb-8869-c1711ab52f69" status: 200 len: 258 microversion: 1.28 [pid: 7|app: 0|req: 514/1029] 199.204.45.95 () {34 vars in 861 bytes} [Tue Jul 7 04:50:22 2026] GET /allocations/750cbdf1-fbfb-45bb-8869-c1711ab52f69 => generated 258 bytes in 15 msecs (HTTP/1.1 200) 8 headers in 296 bytes (1 switches on core 0)
2026-07-07 04:50:27.711 8 INFO placement.requestlog [None req-0bf6a771-b3b7-497c-b254-4a563e390a5d - - - - - -] 10.0.0.39 "GET /" status: 200 len: 136 microversion: 1.0
2026-07-07 04:50:27.712 7 INFO placement.requestlog [None req-10c8219f-93d0-47c9-b84f-697181cd713b - - - - - -] 10.0.0.39 "GET /" status: 200 len: 136 microversion: 1.0
2026-07-07 04:50:28.592 7 INFO placement.requestlog [None req-3ca0f482-ec98-4b5b-9584-d0157ecf73ab 3ea0a39635114086bda3cf1522cc0494 1f66e9477f4a452f96ebceff078cafb8 - - eba47cdcf001454d92b9bf2f241a4b09 eba47cdcf001454d92b9bf2f241a4b09] 10.0.0.218 "GET /resource_providers/05e6b6a3-9148-4f3e-bf22-0479a3854f2e/aggregates" status: 404 len: 235 microversion: 1.1 [pid: 7|app: 0|req: 516/1032] 10.0.0.218 () {32 vars in 824 bytes} [Tue Jul 7 04:50:28 2026] GET /resource_providers/05e6b6a3-9148-4f3e-bf22-0479a3854f2e/aggregates => generated 235 bytes in 12 msecs (HTTP/1.1 404) 5 headers in 202 bytes (1 switches on core 0)
2026-07-07 04:50:28.592 8 INFO placement.requestlog [None req-dba402df-be7f-4d09-864a-c6c33369d8ec 3ea0a39635114086bda3cf1522cc0494 1f66e9477f4a452f96ebceff078cafb8 - - eba47cdcf001454d92b9bf2f241a4b09 eba47cdcf001454d92b9bf2f241a4b09] 10.0.0.218 "GET /resource_providers/05e6b6a3-9148-4f3e-bf22-0479a3854f2e/aggregates" status: 404 len: 235 microversion: 1.1 [pid: 8|app: 0|req: 517/1033] 10.0.0.218 () {32 vars in 824 bytes} [Tue Jul 7 04:50:28 2026] GET /resource_providers/05e6b6a3-9148-4f3e-bf22-0479a3854f2e/aggregates => generated 235 bytes in 14 msecs (HTTP/1.1 404) 5 headers in 202 bytes (1 switches on core 0)
2026-07-07 04:50:28.628 7 INFO placement.requestlog [None req-6b2c2fb4-3561-466b-ae0c-85732b479832 3ea0a39635114086bda3cf1522cc0494 1f66e9477f4a452f96ebceff078cafb8 - - eba47cdcf001454d92b9bf2f241a4b09 eba47cdcf001454d92b9bf2f241a4b09] 10.0.0.218 "DELETE /resource_providers/05e6b6a3-9148-4f3e-bf22-0479a3854f2e" status: 404 len: 246 microversion: 1.1 [pid: 7|app: 0|req: 517/1034] 10.0.0.218 () {34 vars in 824 bytes} [Tue Jul 7 04:50:28 2026] DELETE /resource_providers/05e6b6a3-9148-4f3e-bf22-0479a3854f2e => generated 246 bytes in 12 msecs (HTTP/1.1 404) 6 headers in 231 bytes (1 switches on core 0)
2026-07-07 04:50:28.636 8 INFO placement.requestlog [None req-35346fa0-036a-4ca3-9914-75733c96c804 3ea0a39635114086bda3cf1522cc0494 1f66e9477f4a452f96ebceff078cafb8 - - eba47cdcf001454d92b9bf2f241a4b09 eba47cdcf001454d92b9bf2f241a4b09] 10.0.0.218 "DELETE /resource_providers/05e6b6a3-9148-4f3e-bf22-0479a3854f2e" status: 404 len: 246 microversion: 1.1 [pid: 8|app: 0|req: 518/1035] 10.0.0.218 () {34 vars in 824 bytes} [Tue Jul 7 04:50:28 2026] DELETE /resource_providers/05e6b6a3-9148-4f3e-bf22-0479a3854f2e => generated 246 bytes in 19 msecs (HTTP/1.1 404) 6 headers in 231 bytes (1 switches on core 0)
2026-07-07 04:50:29.254 8 INFO placement.requestlog [None req-4b5dba1e-2bef-4df6-95a1-f7740bbbd071 3ea0a39635114086bda3cf1522cc0494 1f66e9477f4a452f96ebceff078cafb8 - - eba47cdcf001454d92b9bf2f241a4b09 eba47cdcf001454d92b9bf2f241a4b09] 10.0.0.218 "GET /resource_providers/0a2f922a-0e18-478f-ab69-c3ebb9e1c647/aggregates" status: 404 len: 235 microversion: 1.1 [pid: 8|app: 0|req: 519/1036] 10.0.0.218 () {32 vars in 824 bytes} [Tue Jul 7 04:50:29 2026] GET /resource_providers/0a2f922a-0e18-478f-ab69-c3ebb9e1c647/aggregates => generated 235 bytes in 11 msecs (HTTP/1.1 404) 5 headers in 202 bytes (1 switches on core 0)
