2026-07-07 04:50:29.257 7 INFO placement.requestlog [None req-e5f87849-c73e-4527-95ac-901a4fa6cdfc 3ea0a39635114086bda3cf1522cc0494 1f66e9477f4a452f96ebceff078cafb8 - - eba47cdcf001454d92b9bf2f241a4b09 eba47cdcf001454d92b9bf2f241a4b09] 10.0.0.218 "GET /resource_providers/0a2f922a-0e18-478f-ab69-c3ebb9e1c647/aggregates" status: 404 len: 235 microversion: 1.1 [pid: 7|app: 0|req: 518/1037] 10.0.0.218 () {32 vars in 824 bytes} [Tue Jul 7 04:50:29 2026] GET /resource_providers/0a2f922a-0e18-478f-ab69-c3ebb9e1c647/aggregates => generated 235 bytes in 23 msecs (HTTP/1.1 404) 5 headers in 202 bytes (1 switches on core 0)
2026-07-07 04:50:29.289 8 INFO placement.requestlog [None req-46a5bed0-4672-4c7e-8594-c895ba60b121 3ea0a39635114086bda3cf1522cc0494 1f66e9477f4a452f96ebceff078cafb8 - - eba47cdcf001454d92b9bf2f241a4b09 eba47cdcf001454d92b9bf2f241a4b09] 10.0.0.218 "DELETE /resource_providers/0a2f922a-0e18-478f-ab69-c3ebb9e1c647" status: 404 len: 246 microversion: 1.1 [pid: 8|app: 0|req: 520/1038] 10.0.0.218 () {34 vars in 824 bytes} [Tue Jul 7 04:50:29 2026] DELETE /resource_providers/0a2f922a-0e18-478f-ab69-c3ebb9e1c647 => generated 246 bytes in 14 msecs (HTTP/1.1 404) 6 headers in 231 bytes (1 switches on core 0)
2026-07-07 04:50:29.293 7 INFO placement.requestlog [None req-475b1de9-7e0b-4f35-a34d-72b68038e147 3ea0a39635114086bda3cf1522cc0494 1f66e9477f4a452f96ebceff078cafb8 - - eba47cdcf001454d92b9bf2f241a4b09 eba47cdcf001454d92b9bf2f241a4b09] 10.0.0.218 "DELETE /resource_providers/0a2f922a-0e18-478f-ab69-c3ebb9e1c647" status: 404 len: 246 microversion: 1.1 [pid: 7|app: 0|req: 519/1039] 10.0.0.218 () {34 vars in 824 bytes} [Tue Jul 7 04:50:29 2026] DELETE /resource_providers/0a2f922a-0e18-478f-ab69-c3ebb9e1c647 => generated 246 bytes in 17 msecs (HTTP/1.1 404) 6 headers in 231 bytes (1 switches on core 0)
2026-07-07 04:50:30.653 8 INFO placement.requestlog [None req-bb449292-9938-4421-801a-937b78c0cf54 3ea0a39635114086bda3cf1522cc0494 1f66e9477f4a452f96ebceff078cafb8 - - eba47cdcf001454d92b9bf2f241a4b09 eba47cdcf001454d92b9bf2f241a4b09] 10.0.0.218 "GET /resource_providers/c298f5c6-fd40-4604-889a-6a9aaca78470/aggregates" status: 404 len: 235 microversion: 1.1 [pid: 8|app: 0|req: 521/1040] 10.0.0.218 () {32 vars in 824 bytes} [Tue Jul 7 04:50:30 2026] GET /resource_providers/c298f5c6-fd40-4604-889a-6a9aaca78470/aggregates => generated 235 bytes in 15 msecs (HTTP/1.1 404) 5 headers in 202 bytes (1 switches on core 0)
2026-07-07 04:50:30.664 7 INFO placement.requestlog [None req-dcdd6e6c-d8e2-4009-a131-59a8c03a75cd 3ea0a39635114086bda3cf1522cc0494 1f66e9477f4a452f96ebceff078cafb8 - - eba47cdcf001454d92b9bf2f241a4b09 eba47cdcf001454d92b9bf2f241a4b09] 10.0.0.218 "GET /resource_providers/c298f5c6-fd40-4604-889a-6a9aaca78470/aggregates" status: 404 len: 235 microversion: 1.1 [pid: 7|app: 0|req: 520/1041] 10.0.0.218 () {32 vars in 824 bytes} [Tue Jul 7 04:50:30 2026] GET /resource_providers/c298f5c6-fd40-4604-889a-6a9aaca78470/aggregates => generated 235 bytes in 11 msecs (HTTP/1.1 404) 5 headers in 202 bytes (1 switches on core 0)
2026-07-07 04:50:30.677 8 INFO placement.requestlog [None req-de61f4f9-440f-4937-8d48-5ea11b90b1b3 3ea0a39635114086bda3cf1522cc0494 1f66e9477f4a452f96ebceff078cafb8 - - eba47cdcf001454d92b9bf2f241a4b09 eba47cdcf001454d92b9bf2f241a4b09] 10.0.0.218 "DELETE /resource_providers/c298f5c6-fd40-4604-889a-6a9aaca78470" status: 404 len: 246 microversion: 1.1 [pid: 8|app: 0|req: 522/1042] 10.0.0.218 () {34 vars in 824 bytes} [Tue Jul 7 04:50:30 2026] DELETE /resource_providers/c298f5c6-fd40-4604-889a-6a9aaca78470 => generated 246 bytes in 10 msecs (HTTP/1.1 404) 6 headers in 231 bytes (1 switches on core 0)
2026-07-07 04:50:30.679 7 INFO placement.requestlog [None req-5a2da052-5266-4491-8bbd-d376c46b6c04 3ea0a39635114086bda3cf1522cc0494 1f66e9477f4a452f96ebceff078cafb8 - - eba47cdcf001454d92b9bf2f241a4b09 eba47cdcf001454d92b9bf2f241a4b09] 10.0.0.218 "DELETE /resource_providers/c298f5c6-fd40-4604-889a-6a9aaca78470" status: 404 len: 246 microversion: 1.1 [pid: 7|app: 0|req: 521/1043] 10.0.0.218 () {34 vars in 824 bytes} [Tue Jul 7 04:50:30 2026] DELETE /resource_providers/c298f5c6-fd40-4604-889a-6a9aaca78470 => generated 246 bytes in 7 msecs (HTTP/1.1 404) 6 headers in 231 bytes (1 switches on core 0)
2026-07-07 04:50:31.313 8 INFO placement.requestlog [None req-4ffd33d5-f6e5-47f3-b9c3-4aada5881026 3ea0a39635114086bda3cf1522cc0494 1f66e9477f4a452f96ebceff078cafb8 - - eba47cdcf001454d92b9bf2f241a4b09 eba47cdcf001454d92b9bf2f241a4b09] 10.0.0.218 "GET /resource_providers/afc2d6e5-3ffa-4f62-ba28-b9c742db4715/aggregates" status: 404 len: 235 microversion: 1.1 [pid: 8|app: 0|req: 523/1044] 10.0.0.218 () {32 vars in 824 bytes} [Tue Jul 7 04:50:31 2026] GET /resource_providers/afc2d6e5-3ffa-4f62-ba28-b9c742db4715/aggregates => generated 235 bytes in 14 msecs (HTTP/1.1 404) 5 headers in 202 bytes (1 switches on core 0)
2026-07-07 04:50:31.319 7 INFO placement.requestlog [None req-4c3cbdbc-0fc4-4c90-8505-7a507eede1bc 3ea0a39635114086bda3cf1522cc0494 1f66e9477f4a452f96ebceff078cafb8 - - eba47cdcf001454d92b9bf2f241a4b09 eba47cdcf001454d92b9bf2f241a4b09] 10.0.0.218 "GET /resource_providers/afc2d6e5-3ffa-4f62-ba28-b9c742db4715/aggregates" status: 404 len: 235 microversion: 1.1 [pid: 7|app: 0|req: 522/1045] 10.0.0.218 () {32 vars in 824 bytes} [Tue Jul 7 04:50:31 2026] GET /resource_providers/afc2d6e5-3ffa-4f62-ba28-b9c742db4715/aggregates => generated 235 bytes in 15 msecs (HTTP/1.1 404) 5 headers in 202 bytes (1 switches on core 0)
2026-07-07 04:50:31.333 8 INFO placement.requestlog [None req-6afca51a-83e5-4cee-85cf-7144718e2945 3ea0a39635114086bda3cf1522cc0494 1f66e9477f4a452f96ebceff078cafb8 - - eba47cdcf001454d92b9bf2f241a4b09 eba47cdcf001454d92b9bf2f241a4b09] 10.0.0.218 "DELETE /resource_providers/afc2d6e5-3ffa-4f62-ba28-b9c742db4715" status: 404 len: 246 microversion: 1.1 [pid: 8|app: 0|req: 524/1046] 10.0.0.218 () {34 vars in 824 bytes} [Tue Jul 7 04:50:31 2026] DELETE /resource_providers/afc2d6e5-3ffa-4f62-ba28-b9c742db4715 => generated 246 bytes in 11 msecs (HTTP/1.1 404) 6 headers in 231 bytes (1 switches on core 0)
2026-07-07 04:50:31.339 7 INFO placement.requestlog [None req-b988b107-be5a-4b55-a8bb-6862b84495a6 3ea0a39635114086bda3cf1522cc0494 1f66e9477f4a452f96ebceff078cafb8 - - eba47cdcf001454d92b9bf2f241a4b09 eba47cdcf001454d92b9bf2f241a4b09] 10.0.0.218 "DELETE /resource_providers/afc2d6e5-3ffa-4f62-ba28-b9c742db4715" status: 404 len: 246 microversion: 1.1 [pid: 7|app: 0|req: 523/1047] 10.0.0.218 () {34 vars in 824 bytes} [Tue Jul 7 04:50:31 2026] DELETE /resource_providers/afc2d6e5-3ffa-4f62-ba28-b9c742db4715 => generated 246 bytes in 12 msecs (HTTP/1.1 404) 6 headers in 231 bytes (1 switches on core 0)
2026-07-07 04:50:34.577 8 INFO placement.requestlog [None req-8bb2d754-414b-49d7-adfe-f24f4238f852 3ea0a39635114086bda3cf1522cc0494 1f66e9477f4a452f96ebceff078cafb8 - - eba47cdcf001454d92b9bf2f241a4b09 eba47cdcf001454d92b9bf2f241a4b09] 10.0.0.218 "GET /resource_providers/b61e1779-6aeb-4edf-a8e4-86ac9ae7c7c9/aggregates" status: 404 len: 235 microversion: 1.1 [pid: 8|app: 0|req: 525/1048] 10.0.0.218 () {32 vars in 824 bytes} [Tue Jul 7 04:50:34 2026] GET /resource_providers/b61e1779-6aeb-4edf-a8e4-86ac9ae7c7c9/aggregates => generated 235 bytes in 11 msecs (HTTP/1.1 404) 5 headers in 202 bytes (1 switches on core 0)
2026-07-07 04:50:34.579 7 INFO placement.requestlog [None req-7ab2a844-0afd-477d-8211-c74afda89553 3ea0a39635114086bda3cf1522cc0494 1f66e9477f4a452f96ebceff078cafb8 - - eba47cdcf001454d92b9bf2f241a4b09 eba47cdcf001454d92b9bf2f241a4b09] 10.0.0.218 "GET /resource_providers/b61e1779-6aeb-4edf-a8e4-86ac9ae7c7c9/aggregates" status: 404 len: 235 microversion: 1.1 [pid: 7|app: 0|req: 524/1049] 10.0.0.218 () {32 vars in 824 bytes} [Tue Jul 7 04:50:34 2026] GET /resource_providers/b61e1779-6aeb-4edf-a8e4-86ac9ae7c7c9/aggregates => generated 235 bytes in 13 msecs (HTTP/1.1 404) 5 headers in 202 bytes (1 switches on core 0)
2026-07-07 04:50:34.604 8 INFO placement.requestlog [None req-7b8c5a14-c10e-4662-bba3-1cdece35c52d 3ea0a39635114086bda3cf1522cc0494 1f66e9477f4a452f96ebceff078cafb8 - - eba47cdcf001454d92b9bf2f241a4b09 eba47cdcf001454d92b9bf2f241a4b09] 10.0.0.218 "DELETE /resource_providers/b61e1779-6aeb-4edf-a8e4-86ac9ae7c7c9" status: 404 len: 246 microversion: 1.1 [pid: 8|app: 0|req: 526/1050] 10.0.0.218 () {34 vars in 824 bytes} [Tue Jul 7 04:50:34 2026] DELETE /resource_providers/b61e1779-6aeb-4edf-a8e4-86ac9ae7c7c9 => generated 246 bytes in 12 msecs (HTTP/1.1 404) 6 headers in 231 bytes (1 switches on core 0)
2026-07-07 04:50:34.609 7 INFO placement.requestlog [None req-62cae272-b746-4ca7-aa05-d8d62d935946 3ea0a39635114086bda3cf1522cc0494 1f66e9477f4a452f96ebceff078cafb8 - - eba47cdcf001454d92b9bf2f241a4b09 eba47cdcf001454d92b9bf2f241a4b09] 10.0.0.218 "DELETE /resource_providers/b61e1779-6aeb-4edf-a8e4-86ac9ae7c7c9" status: 404 len: 246 microversion: 1.1 [pid: 7|app: 0|req: 525/1051] 10.0.0.218 () {34 vars in 824 bytes} [Tue Jul 7 04:50:34 2026] DELETE /resource_providers/b61e1779-6aeb-4edf-a8e4-86ac9ae7c7c9 => generated 246 bytes in 9 msecs (HTTP/1.1 404) 6 headers in 231 bytes (1 switches on core 0)
2026-07-07 04:50:37.711 7 INFO placement.requestlog [None req-a8deba2f-985e-4221-b92e-07f51a827dbf - - - - - -] 10.0.0.39 "GET /" status: 200 len: 136 microversion: 1.0
2026-07-07 04:50:37.712 8 INFO placement.requestlog [None req-09441dfa-3a36-49c7-a829-6fc02eab5104 - - - - - -] 10.0.0.39 "GET /" status: 200 len: 136 microversion: 1.0
2026-07-07 04:50:47.712 7 INFO placement.requestlog [None req-3f8dd4c8-8e0c-4bf7-a385-e1637e17ea09 - - - - - -] 10.0.0.39 "GET /" status: 200 len: 136 microversion: 1.0
2026-07-07 04:50:47.713 8 INFO placement.requestlog [None req-3549b822-e4f5-4d32-9bda-83367e3d8c34 - - - - - -] 10.0.0.39 "GET /" status: 200 len: 136 microversion: 1.0
2026-07-07 04:50:52.639 8 INFO placement.requestlog [None req-8e33bfc4-d174-4878-ab15-dfff2d0e5298 3ea0a39635114086bda3cf1522cc0494 1f66e9477f4a452f96ebceff078cafb8 - - eba47cdcf001454d92b9bf2f241a4b09 eba47cdcf001454d92b9bf2f241a4b09] 10.0.0.218 "GET /resource_providers/fa006b81-cd49-4169-a238-25a6f3af75bf/aggregates" status: 404 len: 235 microversion: 1.1 [pid: 8|app: 0|req: 529/1056] 10.0.0.218 () {32 vars in 824 bytes} [Tue Jul 7 04:50:52 2026] GET /resource_providers/fa006b81-cd49-4169-a238-25a6f3af75bf/aggregates => generated 235 bytes in 13 msecs (HTTP/1.1 404) 5 headers in 202 bytes (1 switches on core 0)
2026-07-07 04:50:52.663 7 INFO placement.requestlog [None req-79c5ad1b-bce8-4f27-b104-eabb854d8635 3ea0a39635114086bda3cf1522cc0494 1f66e9477f4a452f96ebceff078cafb8 - - eba47cdcf001454d92b9bf2f241a4b09 eba47cdcf001454d92b9bf2f241a4b09] 10.0.0.218 "GET /resource_providers/fa006b81-cd49-4169-a238-25a6f3af75bf/aggregates" status: 404 len: 235 microversion: 1.1 [pid: 7|app: 0|req: 528/1057] 10.0.0.218 () {32 vars in 824 bytes} [Tue Jul 7 04:50:52 2026] GET /resource_providers/fa006b81-cd49-4169-a238-25a6f3af75bf/aggregates => generated 235 bytes in 41 msecs (HTTP/1.1 404) 5 headers in 202 bytes (1 switches on core 0)
2026-07-07 04:50:52.671 8 INFO placement.requestlog [None req-9570d50c-b76f-45ac-ad01-7071d46e622c 3ea0a39635114086bda3cf1522cc0494 1f66e9477f4a452f96ebceff078cafb8 - - eba47cdcf001454d92b9bf2f241a4b09 eba47cdcf001454d92b9bf2f241a4b09] 10.0.0.218 "DELETE /resource_providers/fa006b81-cd49-4169-a238-25a6f3af75bf" status: 404 len: 246 microversion: 1.1 [pid: 8|app: 0|req: 530/1058] 10.0.0.218 () {34 vars in 824 bytes} [Tue Jul 7 04:50:52 2026] DELETE /resource_providers/fa006b81-cd49-4169-a238-25a6f3af75bf => generated 246 bytes in 21 msecs (HTTP/1.1 404) 6 headers in 231 bytes (1 switches on core 0)
2026-07-07 04:50:52.690 7 INFO placement.requestlog [None req-71db839d-7ded-4c67-b0b6-34a758406d47 3ea0a39635114086bda3cf1522cc0494 1f66e9477f4a452f96ebceff078cafb8 - - eba47cdcf001454d92b9bf2f241a4b09 eba47cdcf001454d92b9bf2f241a4b09] 10.0.0.218 "DELETE /resource_providers/fa006b81-cd49-4169-a238-25a6f3af75bf" status: 404 len: 246 microversion: 1.1 [pid: 7|app: 0|req: 529/1059] 10.0.0.218 () {34 vars in 824 bytes} [Tue Jul 7 04:50:52 2026] DELETE /resource_providers/fa006b81-cd49-4169-a238-25a6f3af75bf => generated 246 bytes in 20 msecs (HTTP/1.1 404) 6 headers in 231 bytes (1 switches on core 0)
2026-07-07 04:50:53.085 8 INFO placement.requestlog [None req-bd9aec5d-6b90-4adc-a142-3113160c9267 3ea0a39635114086bda3cf1522cc0494 1f66e9477f4a452f96ebceff078cafb8 - - eba47cdcf001454d92b9bf2f241a4b09 eba47cdcf001454d92b9bf2f241a4b09] 10.0.0.218 "GET /resource_providers/2ae81db9-65f0-4ab2-9fb8-9ff70b612022/aggregates" status: 404 len: 235 microversion: 1.1 [pid: 8|app: 0|req: 531/1060] 10.0.0.218 () {32 vars in 824 bytes} [Tue Jul 7 04:50:53 2026] GET /resource_providers/2ae81db9-65f0-4ab2-9fb8-9ff70b612022/aggregates => generated 235 bytes in 13 msecs (HTTP/1.1 404) 5 headers in 202 bytes (1 switches on core 0)
2026-07-07 04:50:53.088 7 INFO placement.requestlog [None req-0b82d00f-07c7-4cf4-8150-669c60418c76 3ea0a39635114086bda3cf1522cc0494 1f66e9477f4a452f96ebceff078cafb8 - - eba47cdcf001454d92b9bf2f241a4b09 eba47cdcf001454d92b9bf2f241a4b09] 10.0.0.218 "GET /resource_providers/2ae81db9-65f0-4ab2-9fb8-9ff70b612022/aggregates" status: 404 len: 235 microversion: 1.1 [pid: 7|app: 0|req: 530/1061] 10.0.0.218 () {32 vars in 824 bytes} [Tue Jul 7 04:50:53 2026] GET /resource_providers/2ae81db9-65f0-4ab2-9fb8-9ff70b612022/aggregates => generated 235 bytes in 16 msecs (HTTP/1.1 404) 5 headers in 202 bytes (1 switches on core 0)
2026-07-07 04:50:53.112 8 INFO placement.requestlog [None req-f1d3b1bc-4476-4d68-8ec5-e3f4b2fd58a1 3ea0a39635114086bda3cf1522cc0494 1f66e9477f4a452f96ebceff078cafb8 - - eba47cdcf001454d92b9bf2f241a4b09 eba47cdcf001454d92b9bf2f241a4b09] 10.0.0.218 "DELETE /resource_providers/2ae81db9-65f0-4ab2-9fb8-9ff70b612022" status: 404 len: 246 microversion: 1.1
2026-07-07 04:50:53.112 7 INFO placement.requestlog [None req-732eab45-c128-4818-ada4-7436a7a993c7 3ea0a39635114086bda3cf1522cc0494 1f66e9477f4a452f96ebceff078cafb8 - - eba47cdcf001454d92b9bf2f241a4b09 eba47cdcf001454d92b9bf2f241a4b09] 10.0.0.218 "DELETE /resource_providers/2ae81db9-65f0-4ab2-9fb8-9ff70b612022" status: 404 len: 246 microversion: 1.1 [pid: 8|app: 0|req: 532/1062] 10.0.0.218 () {34 vars in 824 bytes} [Tue Jul 7 04:50:53 2026] DELETE /resource_providers/2ae81db9-65f0-4ab2-9fb8-9ff70b612022 => generated 246 bytes in 12 msecs (HTTP/1.1 404) 6 headers in 231 bytes (1 switches on core 0) [pid: 7|app: 0|req: 531/1063] 10.0.0.218 () {34 vars in 824 bytes} [Tue Jul 7 04:50:53 2026] DELETE /resource_providers/2ae81db9-65f0-4ab2-9fb8-9ff70b612022 => generated 246 bytes in 12 msecs (HTTP/1.1 404) 6 headers in 231 bytes (1 switches on core 0)
2026-07-07 04:50:54.690 8 INFO placement.requestlog [None req-df815d50-9278-4e84-98ff-b397c23b1c8e 3ea0a39635114086bda3cf1522cc0494 1f66e9477f4a452f96ebceff078cafb8 - - eba47cdcf001454d92b9bf2f241a4b09 eba47cdcf001454d92b9bf2f241a4b09] 10.0.0.218 "GET /resource_providers/7bdfd96f-a54e-4b68-9d96-06cec96b09fc/aggregates" status: 404 len: 235 microversion: 1.1 [pid: 8|app: 0|req: 533/1064] 10.0.0.218 () {32 vars in 824 bytes} [Tue Jul 7 04:50:54 2026] GET /resource_providers/7bdfd96f-a54e-4b68-9d96-06cec96b09fc/aggregates => generated 235 bytes in 9 msecs (HTTP/1.1 404) 5 headers in 202 bytes (1 switches on core 0)
2026-07-07 04:50:54.715 7 INFO placement.requestlog [None req-dabf8918-845f-4eb9-91da-53ed07b532d1 3ea0a39635114086bda3cf1522cc0494 1f66e9477f4a452f96ebceff078cafb8 - - eba47cdcf001454d92b9bf2f241a4b09 eba47cdcf001454d92b9bf2f241a4b09] 10.0.0.218 "GET /resource_providers/7bdfd96f-a54e-4b68-9d96-06cec96b09fc/aggregates" status: 404 len: 235 microversion: 1.1 [pid: 7|app: 0|req: 532/1065] 10.0.0.218 () {32 vars in 824 bytes} [Tue Jul 7 04:50:54 2026] GET /resource_providers/7bdfd96f-a54e-4b68-9d96-06cec96b09fc/aggregates => generated 235 bytes in 9 msecs (HTTP/1.1 404) 5 headers in 202 bytes (1 switches on core 0)
2026-07-07 04:50:54.719 8 INFO placement.requestlog [None req-8503144d-9030-4c17-991d-be04fe9bc232 3ea0a39635114086bda3cf1522cc0494 1f66e9477f4a452f96ebceff078cafb8 - - eba47cdcf001454d92b9bf2f241a4b09 eba47cdcf001454d92b9bf2f241a4b09] 10.0.0.218 "DELETE /resource_providers/7bdfd96f-a54e-4b68-9d96-06cec96b09fc" status: 404 len: 246 microversion: 1.1 [pid: 8|app: 0|req: 534/1066] 10.0.0.218 () {34 vars in 824 bytes} [Tue Jul 7 04:50:54 2026] DELETE /resource_providers/7bdfd96f-a54e-4b68-9d96-06cec96b09fc => generated 246 bytes in 13 msecs (HTTP/1.1 404) 6 headers in 231 bytes (1 switches on core 0)
2026-07-07 04:50:54.734 7 INFO placement.requestlog [None req-6d97949e-b4b9-4ccb-9e99-8a4dcd422c9d 3ea0a39635114086bda3cf1522cc0494 1f66e9477f4a452f96ebceff078cafb8 - - eba47cdcf001454d92b9bf2f241a4b09 eba47cdcf001454d92b9bf2f241a4b09] 10.0.0.218 "DELETE /resource_providers/7bdfd96f-a54e-4b68-9d96-06cec96b09fc" status: 404 len: 246 microversion: 1.1 [pid: 7|app: 0|req: 533/1067] 10.0.0.218 () {34 vars in 824 bytes} [Tue Jul 7 04:50:54 2026] DELETE /resource_providers/7bdfd96f-a54e-4b68-9d96-06cec96b09fc => generated 246 bytes in 11 msecs (HTTP/1.1 404) 6 headers in 231 bytes (1 switches on core 0)
2026-07-07 04:50:54.740 8 INFO placement.requestlog [None req-5678b050-250e-43db-9ee4-c1b137f0b553 3ea0a39635114086bda3cf1522cc0494 1f66e9477f4a452f96ebceff078cafb8 - - eba47cdcf001454d92b9bf2f241a4b09 eba47cdcf001454d92b9bf2f241a4b09] 10.0.0.218 "GET /resource_providers/38d66108-1489-4783-bd7d-3651a004cbf1/aggregates" status: 404 len: 235 microversion: 1.1 [pid: 8|app: 0|req: 535/1068] 10.0.0.218 () {32 vars in 824 bytes} [Tue Jul 7 04:50:54 2026] GET /resource_providers/38d66108-1489-4783-bd7d-3651a004cbf1/aggregates => generated 235 bytes in 12 msecs (HTTP/1.1 404) 5 headers in 202 bytes (1 switches on core 0)
2026-07-07 04:50:54.751 7 INFO placement.requestlog [None req-abae62e1-753e-4274-ac34-f0e8a363edce 3ea0a39635114086bda3cf1522cc0494 1f66e9477f4a452f96ebceff078cafb8 - - eba47cdcf001454d92b9bf2f241a4b09 eba47cdcf001454d92b9bf2f241a4b09] 10.0.0.218 "GET /resource_providers/38d66108-1489-4783-bd7d-3651a004cbf1/aggregates" status: 404 len: 235 microversion: 1.1 [pid: 7|app: 0|req: 534/1069] 10.0.0.218 () {32 vars in 824 bytes} [Tue Jul 7 04:50:54 2026] GET /resource_providers/38d66108-1489-4783-bd7d-3651a004cbf1/aggregates => generated 235 bytes in 11 msecs (HTTP/1.1 404) 5 headers in 202 bytes (1 switches on core 0)
2026-07-07 04:50:54.759 8 INFO placement.requestlog [None req-aa1296fd-aeed-402e-8192-e9e92f747286 3ea0a39635114086bda3cf1522cc0494 1f66e9477f4a452f96ebceff078cafb8 - - eba47cdcf001454d92b9bf2f241a4b09 eba47cdcf001454d92b9bf2f241a4b09] 10.0.0.218 "DELETE /resource_providers/38d66108-1489-4783-bd7d-3651a004cbf1" status: 404 len: 246 microversion: 1.1 [pid: 8|app: 0|req: 536/1070] 10.0.0.218 () {34 vars in 824 bytes} [Tue Jul 7 04:50:54 2026] DELETE /resource_providers/38d66108-1489-4783-bd7d-3651a004cbf1 => generated 246 bytes in 12 msecs (HTTP/1.1 404) 6 headers in 231 bytes (1 switches on core 0)
2026-07-07 04:50:54.766 7 INFO placement.requestlog [None req-69db04d4-cae2-4ff7-aa2c-bff19ab43724 3ea0a39635114086bda3cf1522cc0494 1f66e9477f4a452f96ebceff078cafb8 - - eba47cdcf001454d92b9bf2f241a4b09 eba47cdcf001454d92b9bf2f241a4b09] 10.0.0.218 "DELETE /resource_providers/38d66108-1489-4783-bd7d-3651a004cbf1" status: 404 len: 246 microversion: 1.1 [pid: 7|app: 0|req: 535/1071] 10.0.0.218 () {34 vars in 824 bytes} [Tue Jul 7 04:50:54 2026] DELETE /resource_providers/38d66108-1489-4783-bd7d-3651a004cbf1 => generated 246 bytes in 10 msecs (HTTP/1.1 404) 6 headers in 231 bytes (1 switches on core 0)
2026-07-07 04:50:55.137 8 INFO placement.requestlog [None req-93fc6c62-6a69-4ffe-be56-9ed4b20f90ce 3ea0a39635114086bda3cf1522cc0494 1f66e9477f4a452f96ebceff078cafb8 - - eba47cdcf001454d92b9bf2f241a4b09 eba47cdcf001454d92b9bf2f241a4b09] 10.0.0.218 "GET /resource_providers/2134e21f-88ac-4eb3-b25e-239609f20d7c/aggregates" status: 404 len: 235 microversion: 1.1 [pid: 8|app: 0|req: 537/1072] 10.0.0.218 () {32 vars in 824 bytes} [Tue Jul 7 04:50:55 2026] GET /resource_providers/2134e21f-88ac-4eb3-b25e-239609f20d7c/aggregates => generated 235 bytes in 14 msecs (HTTP/1.1 404) 5 headers in 202 bytes (1 switches on core 0)
2026-07-07 04:50:55.144 7 INFO placement.requestlog [None req-47188113-f1d9-47b2-b5dc-467eb788e89f 3ea0a39635114086bda3cf1522cc0494 1f66e9477f4a452f96ebceff078cafb8 - - eba47cdcf001454d92b9bf2f241a4b09 eba47cdcf001454d92b9bf2f241a4b09] 10.0.0.218 "GET /resource_providers/2134e21f-88ac-4eb3-b25e-239609f20d7c/aggregates" status: 404 len: 235 microversion: 1.1 [pid: 7|app: 0|req: 536/1073] 10.0.0.218 () {32 vars in 824 bytes} [Tue Jul 7 04:50:55 2026] GET /resource_providers/2134e21f-88ac-4eb3-b25e-239609f20d7c/aggregates => generated 235 bytes in 15 msecs (HTTP/1.1 404) 5 headers in 202 bytes (1 switches on core 0)
2026-07-07 04:50:55.153 8 INFO placement.requestlog [None req-8032a222-acd2-409c-bbf6-bcc0fc8a038d 3ea0a39635114086bda3cf1522cc0494 1f66e9477f4a452f96ebceff078cafb8 - - eba47cdcf001454d92b9bf2f241a4b09 eba47cdcf001454d92b9bf2f241a4b09] 10.0.0.218 "DELETE /resource_providers/2134e21f-88ac-4eb3-b25e-239609f20d7c" status: 404 len: 246 microversion: 1.1 [pid: 8|app: 0|req: 538/1074] 10.0.0.218 () {34 vars in 824 bytes} [Tue Jul 7 04:50:55 2026] DELETE /resource_providers/2134e21f-88ac-4eb3-b25e-239609f20d7c => generated 246 bytes in 8 msecs (HTTP/1.1 404) 6 headers in 231 bytes (1 switches on core 0)
2026-07-07 04:50:55.157 7 INFO placement.requestlog [None req-91199d65-8059-4f12-a478-0eac066b167f 3ea0a39635114086bda3cf1522cc0494 1f66e9477f4a452f96ebceff078cafb8 - - eba47cdcf001454d92b9bf2f241a4b09 eba47cdcf001454d92b9bf2f241a4b09] 10.0.0.218 "DELETE /resource_providers/2134e21f-88ac-4eb3-b25e-239609f20d7c" status: 404 len: 246 microversion: 1.1 [pid: 7|app: 0|req: 537/1075] 10.0.0.218 () {34 vars in 824 bytes} [Tue Jul 7 04:50:55 2026] DELETE /resource_providers/2134e21f-88ac-4eb3-b25e-239609f20d7c => generated 246 bytes in 7 msecs (HTTP/1.1 404) 6 headers in 231 bytes (1 switches on core 0)
2026-07-07 04:50:57.712 8 INFO placement.requestlog [None req-30ed0e4c-f5b5-48fa-bfae-1c7f428594a9 - - - - - -] 10.0.0.39 "GET /" status: 200 len: 136 microversion: 1.0
2026-07-07 04:50:57.713 7 INFO placement.requestlog [None req-5b87faa3-819b-4581-876a-e4971f75786d - - - - - -] 10.0.0.39 "GET /" status: 200 len: 136 microversion: 1.0
2026-07-07 04:50:58.687 8 INFO placement.requestlog [req-46c22e10-fbce-41d6-983f-da94a4593b2e req-7e1eac60-83e1-45d7-ba15-5495dce52132 d56fc08c305c468b9f1a8a277039c7de 1f66e9477f4a452f96ebceff078cafb8 - - eba47cdcf001454d92b9bf2f241a4b09 eba47cdcf001454d92b9bf2f241a4b09] 199.204.45.95 "GET /resource_providers/cb8bd004-e6a4-4f7f-a066-57031f3047a9/allocations" status: 200 len: 253 microversion: 1.0 [pid: 8|app: 0|req: 540/1078] 199.204.45.95 () {32 vars in 855 bytes} [Tue Jul 7 04:50:58 2026] GET /resource_providers/cb8bd004-e6a4-4f7f-a066-57031f3047a9/allocations => generated 253 bytes in 17 msecs (HTTP/1.1 200) 6 headers in 224 bytes (1 switches on core 0)
2026-07-07 04:50:58.716 7 INFO placement.requestlog [req-46c22e10-fbce-41d6-983f-da94a4593b2e req-c27b68c0-a080-46d5-a95e-805bed5e467a d56fc08c305c468b9f1a8a277039c7de 1f66e9477f4a452f96ebceff078cafb8 - - eba47cdcf001454d92b9bf2f241a4b09 eba47cdcf001454d92b9bf2f241a4b09] 199.204.45.95 "GET /resource_providers/cb8bd004-e6a4-4f7f-a066-57031f3047a9/allocations" status: 200 len: 253 microversion: 1.0 [pid: 7|app: 0|req: 539/1079] 199.204.45.95 () {32 vars in 855 bytes} [Tue Jul 7 04:50:58 2026] GET /resource_providers/cb8bd004-e6a4-4f7f-a066-57031f3047a9/allocations => generated 253 bytes in 19 msecs (HTTP/1.1 200) 6 headers in 224 bytes (1 switches on core 0)
2026-07-07 04:50:58.742 8 INFO placement.requestlog [req-46c22e10-fbce-41d6-983f-da94a4593b2e req-152db00e-c865-44f8-9abd-20d65c8320c9 d56fc08c305c468b9f1a8a277039c7de 1f66e9477f4a452f96ebceff078cafb8 - - eba47cdcf001454d92b9bf2f241a4b09 eba47cdcf001454d92b9bf2f241a4b09] 199.204.45.95 "GET /allocations/01940f2b-390a-40f5-a4e4-1f87828b9a3f" status: 200 len: 258 microversion: 1.28 [pid: 8|app: 0|req: 541/1080] 199.204.45.95 () {34 vars in 861 bytes} [Tue Jul 7 04:50:58 2026] GET /allocations/01940f2b-390a-40f5-a4e4-1f87828b9a3f => generated 258 bytes in 18 msecs (HTTP/1.1 200) 8 headers in 296 bytes (1 switches on core 0)
2026-07-07 04:50:58.765 7 INFO placement.requestlog [req-46c22e10-fbce-41d6-983f-da94a4593b2e req-fc13cbc0-e839-4f58-85fd-74176cba065b d56fc08c305c468b9f1a8a277039c7de 1f66e9477f4a452f96ebceff078cafb8 - - eba47cdcf001454d92b9bf2f241a4b09 eba47cdcf001454d92b9bf2f241a4b09] 199.204.45.95 "GET /allocations/750cbdf1-fbfb-45bb-8869-c1711ab52f69" status: 200 len: 258 microversion: 1.28 [pid: 7|app: 0|req: 540/1081] 199.204.45.95 () {34 vars in 861 bytes} [Tue Jul 7 04:50:58 2026] GET /allocations/750cbdf1-fbfb-45bb-8869-c1711ab52f69 => generated 258 bytes in 16 msecs (HTTP/1.1 200) 8 headers in 296 bytes (1 switches on core 0)
2026-07-07 04:51:00.677 8 INFO placement.requestlog [req-8bab82c3-f3b3-42e5-b86d-6331f31939a4 req-83fa43c4-7cc0-4057-9793-575fff2b633c d56fc08c305c468b9f1a8a277039c7de 1f66e9477f4a452f96ebceff078cafb8 - - eba47cdcf001454d92b9bf2f241a4b09 eba47cdcf001454d92b9bf2f241a4b09] 10.0.0.247 "GET /allocation_candidates?limit=1000&resources=MEMORY_MB%3A2048%2CVCPU%3A2&root_required=%21COMPUTE_STATUS_DISABLED" status: 200 len: 2137 microversion: 1.36 [pid: 8|app: 0|req: 542/1082] 10.0.0.247 () {34 vars in 985 bytes} [Tue Jul 7 04:51:00 2026] GET /allocation_candidates?limit=1000&resources=MEMORY_MB%3A2048%2CVCPU%3A2&root_required=%21COMPUTE_STATUS_DISABLED => generated 2137 bytes in 49 msecs (HTTP/1.1 200) 8 headers in 297 bytes (1 switches on core 0)
2026-07-07 04:51:00.723 7 INFO placement.requestlog [req-8bab82c3-f3b3-42e5-b86d-6331f31939a4 req-fc84f4ed-9b76-4685-b130-9690f7613936 d56fc08c305c468b9f1a8a277039c7de 1f66e9477f4a452f96ebceff078cafb8 - - eba47cdcf001454d92b9bf2f241a4b09 eba47cdcf001454d92b9bf2f241a4b09] 10.0.0.247 "GET /allocations/64810451-3b11-4369-93b1-b007bf07688e" status: 200 len: 19 microversion: 1.28 [pid: 7|app: 0|req: 541/1083] 10.0.0.247 () {34 vars in 860 bytes} [Tue Jul 7 04:51:00 2026] GET /allocations/64810451-3b11-4369-93b1-b007bf07688e => generated 19 bytes in 22 msecs (HTTP/1.1 200) 8 headers in 295 bytes (1 switches on core 0)
2026-07-07 04:51:00.785 8 INFO placement.requestlog [req-8bab82c3-f3b3-42e5-b86d-6331f31939a4 req-a6533d40-eb10-4dac-a609-901065612c37 d56fc08c305c468b9f1a8a277039c7de 1f66e9477f4a452f96ebceff078cafb8 - - eba47cdcf001454d92b9bf2f241a4b09 eba47cdcf001454d92b9bf2f241a4b09] 10.0.0.247 "PUT /allocations/64810451-3b11-4369-93b1-b007bf07688e" status: 204 len: 0 microversion: 1.36 [pid: 8|app: 0|req: 543/1084] 10.0.0.247 () {38 vars in 913 bytes} [Tue Jul 7 04:51:00 2026] PUT /allocations/64810451-3b11-4369-93b1-b007bf07688e => generated 0 bytes in 54 msecs (HTTP/1.1 204) 5 headers in 199 bytes (1 switches on core 0)
2026-07-07 04:51:01.094 7 INFO placement.requestlog [req-8bab82c3-f3b3-42e5-b86d-6331f31939a4 req-0b42ecc3-54fb-48b3-8f36-5ddcdc92f24d d56fc08c305c468b9f1a8a277039c7de 1f66e9477f4a452f96ebceff078cafb8 - - eba47cdcf001454d92b9bf2f241a4b09 eba47cdcf001454d92b9bf2f241a4b09] 199.204.45.95 "GET /allocations/64810451-3b11-4369-93b1-b007bf07688e" status: 200 len: 245 microversion: 1.28 [pid: 7|app: 0|req: 542/1085] 199.204.45.95 () {34 vars in 861 bytes} [Tue Jul 7 04:51:01 2026] GET /allocations/64810451-3b11-4369-93b1-b007bf07688e => generated 245 bytes in 19 msecs (HTTP/1.1 200) 8 headers in 296 bytes (1 switches on core 0)
2026-07-07 04:51:01.221 8 INFO placement.requestlog [req-8bab82c3-f3b3-42e5-b86d-6331f31939a4 req-352d7e41-7f83-4c2a-abad-2df72c3c004b d56fc08c305c468b9f1a8a277039c7de 1f66e9477f4a452f96ebceff078cafb8 - - eba47cdcf001454d92b9bf2f241a4b09 eba47cdcf001454d92b9bf2f241a4b09] 199.204.45.95 "GET /resource_providers/cb8bd004-e6a4-4f7f-a066-57031f3047a9/allocations" status: 200 len: 340 microversion: 1.0 [pid: 8|app: 0|req: 544/1086] 199.204.45.95 () {32 vars in 855 bytes} [Tue Jul 7 04:51:01 2026] GET /resource_providers/cb8bd004-e6a4-4f7f-a066-57031f3047a9/allocations => generated 340 bytes in 18 msecs (HTTP/1.1 200) 6 headers in 224 bytes (1 switches on core 0)
2026-07-07 04:51:01.250 7 INFO placement.requestlog [req-8bab82c3-f3b3-42e5-b86d-6331f31939a4 req-f5dc7891-aedc-4fd4-95e0-4497b25c7c97 d56fc08c305c468b9f1a8a277039c7de 1f66e9477f4a452f96ebceff078cafb8 - - eba47cdcf001454d92b9bf2f241a4b09 eba47cdcf001454d92b9bf2f241a4b09] 199.204.45.95 "GET /allocations/01940f2b-390a-40f5-a4e4-1f87828b9a3f" status: 200 len: 258 microversion: 1.28 [pid: 7|app: 0|req: 543/1087] 199.204.45.95 () {34 vars in 861 bytes} [Tue Jul 7 04:51:01 2026] GET /allocations/01940f2b-390a-40f5-a4e4-1f87828b9a3f => generated 258 bytes in 19 msecs (HTTP/1.1 200) 8 headers in 296 bytes (1 switches on core 0)
2026-07-07 04:51:01.268 8 INFO placement.requestlog [req-8bab82c3-f3b3-42e5-b86d-6331f31939a4 req-8e723b7b-d07e-4782-9df0-6b5d00be07eb d56fc08c305c468b9f1a8a277039c7de 1f66e9477f4a452f96ebceff078cafb8 - - eba47cdcf001454d92b9bf2f241a4b09 eba47cdcf001454d92b9bf2f241a4b09] 199.204.45.95 "GET /allocations/750cbdf1-fbfb-45bb-8869-c1711ab52f69" status: 200 len: 258 microversion: 1.28 [pid: 8|app: 0|req: 545/1088] 199.204.45.95 () {34 vars in 861 bytes} [Tue Jul 7 04:51:01 2026] GET /allocations/750cbdf1-fbfb-45bb-8869-c1711ab52f69 => generated 258 bytes in 13 msecs (HTTP/1.1 200) 8 headers in 296 bytes (1 switches on core 0)
2026-07-07 04:51:01.290 7 INFO placement.requestlog [req-8bab82c3-f3b3-42e5-b86d-6331f31939a4 req-b3537440-28b9-41c8-8025-0d1ada72fc85 d56fc08c305c468b9f1a8a277039c7de 1f66e9477f4a452f96ebceff078cafb8 - - eba47cdcf001454d92b9bf2f241a4b09 eba47cdcf001454d92b9bf2f241a4b09] 199.204.45.95 "GET /allocations/64810451-3b11-4369-93b1-b007bf07688e" status: 200 len: 245 microversion: 1.28 [pid: 7|app: 0|req: 544/1089] 199.204.45.95 () {34 vars in 861 bytes} [Tue Jul 7 04:51:01 2026] GET /allocations/64810451-3b11-4369-93b1-b007bf07688e => generated 245 bytes in 13 msecs (HTTP/1.1 200) 8 headers in 296 bytes (1 switches on core 0)
2026-07-07 04:51:07.712 8 INFO placement.requestlog [None req-de4c6cd5-72d8-4307-ade0-92cdaa5a5c37 - - - - - -] 10.0.0.39 "GET /" status: 200 len: 136 microversion: 1.0
2026-07-07 04:51:07.712 7 INFO placement.requestlog [None req-a12837a6-96a3-4501-88ad-503e9ba9a825 - - - - - -] 10.0.0.39 "GET /" status: 200 len: 136 microversion: 1.0
2026-07-07 04:51:17.712 7 INFO placement.requestlog [None req-0a62025e-f606-4628-a086-aaf97487819a - - - - - -] 10.0.0.39 "GET /" status: 200 len: 136 microversion: 1.0
2026-07-07 04:51:17.712 8 INFO placement.requestlog [None req-26096a7e-988d-4404-8674-26ab3d8f133e - - - - - -] 10.0.0.39 "GET /" status: 200 len: 136 microversion: 1.0
2026-07-07 04:51:27.805 8 INFO placement.requestlog [None req-f4c14747-899d-4c69-a000-8fd77829f83c 3ea0a39635114086bda3cf1522cc0494 1f66e9477f4a452f96ebceff078cafb8 - - eba47cdcf001454d92b9bf2f241a4b09 eba47cdcf001454d92b9bf2f241a4b09] 10.0.0.218 "GET /resource_providers/f57b7473-0926-47fb-a4a0-a0c90ddba0af/aggregates" status: 404 len: 235 microversion: 1.1 [pid: 8|app: 0|req: 548/1094] 10.0.0.218 () {32 vars in 824 bytes} [Tue Jul 7 04:51:27 2026] GET /resource_providers/f57b7473-0926-47fb-a4a0-a0c90ddba0af/aggregates => generated 235 bytes in 119 msecs (HTTP/1.1 404) 5 headers in 202 bytes (1 switches on core 0)
2026-07-07 04:51:27.806 8 INFO placement.requestlog [None req-c2e5bb87-fc01-4b99-a224-dc296dcf877f - - - - - -] 10.0.0.39 "GET /" status: 200 len: 136 microversion: 1.0
2026-07-07 04:51:27.807 8 INFO placement.requestlog [None req-7bd582e4-03d1-4659-b690-9c60dae1f0df - - - - - -] 10.0.0.39 "GET /" status: 200 len: 136 microversion: 1.0
2026-07-07 04:51:27.822 8 INFO placement.requestlog [None req-b6e30619-e1f5-46a2-9dd7-cdbdd10de3ea 3ea0a39635114086bda3cf1522cc0494 1f66e9477f4a452f96ebceff078cafb8 - - eba47cdcf001454d92b9bf2f241a4b09 eba47cdcf001454d92b9bf2f241a4b09] 10.0.0.218 "DELETE /resource_providers/f57b7473-0926-47fb-a4a0-a0c90ddba0af" status: 404 len: 246 microversion: 1.1 [pid: 8|app: 0|req: 551/1097] 10.0.0.218 () {34 vars in 824 bytes} [Tue Jul 7 04:51:27 2026] DELETE /resource_providers/f57b7473-0926-47fb-a4a0-a0c90ddba0af => generated 246 bytes in 9 msecs (HTTP/1.1 404) 6 headers in 231 bytes (1 switches on core 0)
2026-07-07 04:51:27.832 7 INFO placement.requestlog [None req-49b9a554-cc5d-40e2-a2af-7744034bb7a2 3ea0a39635114086bda3cf1522cc0494 1f66e9477f4a452f96ebceff078cafb8 - - eba47cdcf001454d92b9bf2f241a4b09 eba47cdcf001454d92b9bf2f241a4b09] 10.0.0.218 "GET /resource_providers/f57b7473-0926-47fb-a4a0-a0c90ddba0af/aggregates" status: 404 len: 235 microversion: 1.1 [pid: 7|app: 0|req: 547/1098] 10.0.0.218 () {32 vars in 824 bytes} [Tue Jul 7 04:51:27 2026] GET /resource_providers/f57b7473-0926-47fb-a4a0-a0c90ddba0af/aggregates => generated 235 bytes in 146 msecs (HTTP/1.1 404) 5 headers in 202 bytes (1 switches on core 0)
2026-07-07 04:51:27.851 8 INFO placement.requestlog [None req-d5c4b63e-8e1a-49a6-b974-aa12a342543a 3ea0a39635114086bda3cf1522cc0494 1f66e9477f4a452f96ebceff078cafb8 - - eba47cdcf001454d92b9bf2f241a4b09 eba47cdcf001454d92b9bf2f241a4b09] 10.0.0.218 "DELETE /resource_providers/f57b7473-0926-47fb-a4a0-a0c90ddba0af" status: 404 len: 246 microversion: 1.1 [pid: 8|app: 0|req: 552/1099] 10.0.0.218 () {34 vars in 824 bytes} [Tue Jul 7 04:51:27 2026] DELETE /resource_providers/f57b7473-0926-47fb-a4a0-a0c90ddba0af => generated 246 bytes in 9 msecs (HTTP/1.1 404) 6 headers in 231 bytes (1 switches on core 0)
2026-07-07 04:51:28.199 7 INFO placement.requestlog [None req-fd0f6bf1-691f-4407-9ac5-3c10a3bff45e 3ea0a39635114086bda3cf1522cc0494 1f66e9477f4a452f96ebceff078cafb8 - - eba47cdcf001454d92b9bf2f241a4b09 eba47cdcf001454d92b9bf2f241a4b09] 10.0.0.218 "GET /resource_providers/f8a8265f-15a8-4f5e-944b-ef0c6f100711/aggregates" status: 404 len: 235 microversion: 1.1 [pid: 7|app: 0|req: 548/1100] 10.0.0.218 () {32 vars in 824 bytes} [Tue Jul 7 04:51:28 2026] GET /resource_providers/f8a8265f-15a8-4f5e-944b-ef0c6f100711/aggregates => generated 235 bytes in 65 msecs (HTTP/1.1 404) 5 headers in 202 bytes (1 switches on core 0)
2026-07-07 04:51:28.214 8 INFO placement.requestlog [None req-ad97f2ac-7677-4bae-b854-ebb6467ef626 3ea0a39635114086bda3cf1522cc0494 1f66e9477f4a452f96ebceff078cafb8 - - eba47cdcf001454d92b9bf2f241a4b09 eba47cdcf001454d92b9bf2f241a4b09] 10.0.0.218 "GET /resource_providers/f8a8265f-15a8-4f5e-944b-ef0c6f100711/aggregates" status: 404 len: 235 microversion: 1.1 [pid: 8|app: 0|req: 553/1101] 10.0.0.218 () {32 vars in 824 bytes} [Tue Jul 7 04:51:28 2026] GET /resource_providers/f8a8265f-15a8-4f5e-944b-ef0c6f100711/aggregates => generated 235 bytes in 75 msecs (HTTP/1.1 404) 5 headers in 202 bytes (1 switches on core 0)
2026-07-07 04:51:28.219 7 INFO placement.requestlog [None req-eb348465-81e3-48f1-b082-682cfb95588d 3ea0a39635114086bda3cf1522cc0494 1f66e9477f4a452f96ebceff078cafb8 - - eba47cdcf001454d92b9bf2f241a4b09 eba47cdcf001454d92b9bf2f241a4b09] 10.0.0.218 "DELETE /resource_providers/f8a8265f-15a8-4f5e-944b-ef0c6f100711" status: 404 len: 246 microversion: 1.1 [pid: 7|app: 0|req: 549/1102] 10.0.0.218 () {34 vars in 824 bytes} [Tue Jul 7 04:51:28 2026] DELETE /resource_providers/f8a8265f-15a8-4f5e-944b-ef0c6f100711 => generated 246 bytes in 12 msecs (HTTP/1.1 404) 6 headers in 231 bytes (1 switches on core 0)
2026-07-07 04:51:28.236 8 INFO placement.requestlog [None req-066f37b8-7588-4623-986c-114582abeebb 3ea0a39635114086bda3cf1522cc0494 1f66e9477f4a452f96ebceff078cafb8 - - eba47cdcf001454d92b9bf2f241a4b09 eba47cdcf001454d92b9bf2f241a4b09] 10.0.0.218 "DELETE /resource_providers/f8a8265f-15a8-4f5e-944b-ef0c6f100711" status: 404 len: 246 microversion: 1.1 [pid: 8|app: 0|req: 554/1103] 10.0.0.218 () {34 vars in 824 bytes} [Tue Jul 7 04:51:28 2026] DELETE /resource_providers/f8a8265f-15a8-4f5e-944b-ef0c6f100711 => generated 246 bytes in 12 msecs (HTTP/1.1 404) 6 headers in 231 bytes (1 switches on core 0)
2026-07-07 04:51:29.853 7 INFO placement.requestlog [None req-8eeea8a3-1e18-4ee1-96b7-d10456d33050 3ea0a39635114086bda3cf1522cc0494 1f66e9477f4a452f96ebceff078cafb8 - - eba47cdcf001454d92b9bf2f241a4b09 eba47cdcf001454d92b9bf2f241a4b09] 10.0.0.218 "GET /resource_providers/4eb82ea9-9f2e-4edf-b1e8-9a7202ad5213/aggregates" status: 404 len: 235 microversion: 1.1 [pid: 7|app: 0|req: 550/1104] 10.0.0.218 () {32 vars in 824 bytes} [Tue Jul 7 04:51:29 2026] GET /resource_providers/4eb82ea9-9f2e-4edf-b1e8-9a7202ad5213/aggregates => generated 235 bytes in 21 msecs (HTTP/1.1 404) 5 headers in 202 bytes (1 switches on core 0)
2026-07-07 04:51:29.880 8 INFO placement.requestlog [None req-0f0d5cb4-5308-4af6-aa06-7328e2c57301 3ea0a39635114086bda3cf1522cc0494 1f66e9477f4a452f96ebceff078cafb8 - - eba47cdcf001454d92b9bf2f241a4b09 eba47cdcf001454d92b9bf2f241a4b09] 10.0.0.218 "GET /resource_providers/4eb82ea9-9f2e-4edf-b1e8-9a7202ad5213/aggregates" status: 404 len: 235 microversion: 1.1 [pid: 8|app: 0|req: 555/1105] 10.0.0.218 () {32 vars in 824 bytes} [Tue Jul 7 04:51:29 2026] GET /resource_providers/4eb82ea9-9f2e-4edf-b1e8-9a7202ad5213/aggregates => generated 235 bytes in 14 msecs (HTTP/1.1 404) 5 headers in 202 bytes (1 switches on core 0)
2026-07-07 04:51:29.883 7 INFO placement.requestlog [None req-84765cdd-2f71-475b-83c4-ec96739678d6 3ea0a39635114086bda3cf1522cc0494 1f66e9477f4a452f96ebceff078cafb8 - - eba47cdcf001454d92b9bf2f241a4b09 eba47cdcf001454d92b9bf2f241a4b09] 10.0.0.218 "DELETE /resource_providers/4eb82ea9-9f2e-4edf-b1e8-9a7202ad5213" status: 404 len: 246 microversion: 1.1 [pid: 7|app: 0|req: 551/1106] 10.0.0.218 () {34 vars in 824 bytes} [Tue Jul 7 04:51:29 2026] DELETE /resource_providers/4eb82ea9-9f2e-4edf-b1e8-9a7202ad5213 => generated 246 bytes in 19 msecs (HTTP/1.1 404) 6 headers in 231 bytes (1 switches on core 0)
2026-07-07 04:51:29.908 8 INFO placement.requestlog [None req-24d36519-eb11-41f3-b6c9-7cb5f4cedcab 3ea0a39635114086bda3cf1522cc0494 1f66e9477f4a452f96ebceff078cafb8 - - eba47cdcf001454d92b9bf2f241a4b09 eba47cdcf001454d92b9bf2f241a4b09] 10.0.0.218 "DELETE /resource_providers/4eb82ea9-9f2e-4edf-b1e8-9a7202ad5213" status: 404 len: 246 microversion: 1.1 [pid: 8|app: 0|req: 556/1107] 10.0.0.218 () {34 vars in 824 bytes} [Tue Jul 7 04:51:29 2026] DELETE /resource_providers/4eb82ea9-9f2e-4edf-b1e8-9a7202ad5213 => generated 246 bytes in 14 msecs (HTTP/1.1 404) 6 headers in 231 bytes (1 switches on core 0)
2026-07-07 04:51:29.913 7 INFO placement.requestlog [None req-3af15ccf-ba9b-4fa7-a46e-c8e03e315ed6 3ea0a39635114086bda3cf1522cc0494 1f66e9477f4a452f96ebceff078cafb8 - - eba47cdcf001454d92b9bf2f241a4b09 eba47cdcf001454d92b9bf2f241a4b09] 10.0.0.218 "GET /resource_providers/815ce1b6-de3d-4899-9cb5-e606243c184e/aggregates" status: 404 len: 235 microversion: 1.1 [pid: 7|app: 0|req: 552/1108] 10.0.0.218 () {32 vars in 824 bytes} [Tue Jul 7 04:51:29 2026] GET /resource_providers/815ce1b6-de3d-4899-9cb5-e606243c184e/aggregates => generated 235 bytes in 20 msecs (HTTP/1.1 404) 5 headers in 202 bytes (1 switches on core 0)
2026-07-07 04:51:29.923 8 INFO placement.requestlog [None req-1106bf97-85b1-4e06-af99-e9b54e713620 3ea0a39635114086bda3cf1522cc0494 1f66e9477f4a452f96ebceff078cafb8 - - eba47cdcf001454d92b9bf2f241a4b09 eba47cdcf001454d92b9bf2f241a4b09] 10.0.0.218 "GET /resource_providers/815ce1b6-de3d-4899-9cb5-e606243c184e/aggregates" status: 404 len: 235 microversion: 1.1 [pid: 8|app: 0|req: 557/1109] 10.0.0.218 () {32 vars in 824 bytes} [Tue Jul 7 04:51:29 2026] GET /resource_providers/815ce1b6-de3d-4899-9cb5-e606243c184e/aggregates => generated 235 bytes in 9 msecs (HTTP/1.1 404) 5 headers in 202 bytes (1 switches on core 0)
2026-07-07 04:51:29.932 7 INFO placement.requestlog [None req-6c5b2276-3475-4ce0-bb42-a99931495ab1 3ea0a39635114086bda3cf1522cc0494 1f66e9477f4a452f96ebceff078cafb8 - - eba47cdcf001454d92b9bf2f241a4b09 eba47cdcf001454d92b9bf2f241a4b09] 10.0.0.218 "DELETE /resource_providers/815ce1b6-de3d-4899-9cb5-e606243c184e" status: 404 len: 246 microversion: 1.1 [pid: 7|app: 0|req: 553/1110] 10.0.0.218 () {34 vars in 824 bytes} [Tue Jul 7 04:51:29 2026] DELETE /resource_providers/815ce1b6-de3d-4899-9cb5-e606243c184e => generated 246 bytes in 12 msecs (HTTP/1.1 404) 6 headers in 231 bytes (1 switches on core 0)
2026-07-07 04:51:29.938 8 INFO placement.requestlog [None req-3a3b3bb0-d69a-4c16-a3f3-14d134c81329 3ea0a39635114086bda3cf1522cc0494 1f66e9477f4a452f96ebceff078cafb8 - - eba47cdcf001454d92b9bf2f241a4b09 eba47cdcf001454d92b9bf2f241a4b09] 10.0.0.218 "DELETE /resource_providers/815ce1b6-de3d-4899-9cb5-e606243c184e" status: 404 len: 246 microversion: 1.1 [pid: 8|app: 0|req: 558/1111] 10.0.0.218 () {34 vars in 824 bytes} [Tue Jul 7 04:51:29 2026] DELETE /resource_providers/815ce1b6-de3d-4899-9cb5-e606243c184e => generated 246 bytes in 9 msecs (HTTP/1.1 404) 6 headers in 231 bytes (1 switches on core 0)
2026-07-07 04:51:30.244 7 INFO placement.requestlog [None req-ff7121ca-6cf2-47e6-b6be-c561c8953684 3ea0a39635114086bda3cf1522cc0494 1f66e9477f4a452f96ebceff078cafb8 - - eba47cdcf001454d92b9bf2f241a4b09 eba47cdcf001454d92b9bf2f241a4b09] 10.0.0.218 "GET /resource_providers/84e01830-b805-4990-b1fb-713689bfe026/aggregates" status: 404 len: 235 microversion: 1.1 [pid: 7|app: 0|req: 554/1112] 10.0.0.218 () {32 vars in 824 bytes} [Tue Jul 7 04:51:30 2026] GET /resource_providers/84e01830-b805-4990-b1fb-713689bfe026/aggregates => generated 235 bytes in 10 msecs (HTTP/1.1 404) 5 headers in 202 bytes (1 switches on core 0)
2026-07-07 04:51:30.253 8 INFO placement.requestlog [None req-3267b8d2-ab76-406d-9b73-2fb5b2b64365 3ea0a39635114086bda3cf1522cc0494 1f66e9477f4a452f96ebceff078cafb8 - - eba47cdcf001454d92b9bf2f241a4b09 eba47cdcf001454d92b9bf2f241a4b09] 10.0.0.218 "GET /resource_providers/84e01830-b805-4990-b1fb-713689bfe026/aggregates" status: 404 len: 235 microversion: 1.1 [pid: 8|app: 0|req: 559/1113] 10.0.0.218 () {32 vars in 824 bytes} [Tue Jul 7 04:51:30 2026] GET /resource_providers/84e01830-b805-4990-b1fb-713689bfe026/aggregates => generated 235 bytes in 12 msecs (HTTP/1.1 404) 5 headers in 202 bytes (1 switches on core 0)
2026-07-07 04:51:30.258 7 INFO placement.requestlog [None req-c554ca14-0c06-4aa6-9ea3-eb25b65350a5 3ea0a39635114086bda3cf1522cc0494 1f66e9477f4a452f96ebceff078cafb8 - - eba47cdcf001454d92b9bf2f241a4b09 eba47cdcf001454d92b9bf2f241a4b09] 10.0.0.218 "DELETE /resource_providers/84e01830-b805-4990-b1fb-713689bfe026" status: 404 len: 246 microversion: 1.1 [pid: 7|app: 0|req: 555/1114] 10.0.0.218 () {34 vars in 824 bytes} [Tue Jul 7 04:51:30 2026] DELETE /resource_providers/84e01830-b805-4990-b1fb-713689bfe026 => generated 246 bytes in 8 msecs (HTTP/1.1 404) 6 headers in 231 bytes (1 switches on core 0)
2026-07-07 04:51:30.266 8 INFO placement.requestlog [None req-8d06efa9-a033-4890-ab07-3ac0a6d9acaa 3ea0a39635114086bda3cf1522cc0494 1f66e9477f4a452f96ebceff078cafb8 - - eba47cdcf001454d92b9bf2f241a4b09 eba47cdcf001454d92b9bf2f241a4b09] 10.0.0.218 "DELETE /resource_providers/84e01830-b805-4990-b1fb-713689bfe026" status: 404 len: 246 microversion: 1.1 [pid: 8|app: 0|req: 560/1115] 10.0.0.218 () {34 vars in 824 bytes} [Tue Jul 7 04:51:30 2026] DELETE /resource_providers/84e01830-b805-4990-b1fb-713689bfe026 => generated 246 bytes in 7 msecs (HTTP/1.1 404) 6 headers in 231 bytes (1 switches on core 0)
2026-07-07 04:51:37.712 8 INFO placement.requestlog [None req-4444de36-139e-4c59-b621-c175a9398877 - - - - - -] 10.0.0.39 "GET /" status: 200 len: 136 microversion: 1.0
2026-07-07 04:51:37.713 7 INFO placement.requestlog [None req-bd574ba7-83fb-4d52-8522-53959177d94e - - - - - -] 10.0.0.39 "GET /" status: 200 len: 136 microversion: 1.0
2026-07-07 04:51:47.712 8 INFO placement.requestlog [None req-d63e578d-2819-4928-adca-aca12d9b7155 - - - - - -] 10.0.0.39 "GET /" status: 200 len: 136 microversion: 1.0
2026-07-07 04:51:47.712 7 INFO placement.requestlog [None req-bda4fb4d-e9d6-44cd-8716-08b01ac18fb4 - - - - - -] 10.0.0.39 "GET /" status: 200 len: 136 microversion: 1.0
2026-07-07 04:51:57.712 8 INFO placement.requestlog [None req-286d8156-54c2-443a-8b8e-a3878cf3ad30 - - - - - -] 10.0.0.39 "GET /" status: 200 len: 136 microversion: 1.0
2026-07-07 04:51:57.713 7 INFO placement.requestlog [None req-541317a3-1913-4cd4-aad2-e89c3964a2af - - - - - -] 10.0.0.39 "GET /" status: 200 len: 136 microversion: 1.0
2026-07-07 04:52:00.694 8 INFO placement.requestlog [req-0d8a944f-84e8-4037-a516-30615d8f18e5 req-56a1a093-91b6-4f8d-966e-6c6995ea9997 d56fc08c305c468b9f1a8a277039c7de 1f66e9477f4a452f96ebceff078cafb8 - - eba47cdcf001454d92b9bf2f241a4b09 eba47cdcf001454d92b9bf2f241a4b09] 199.204.45.95 "GET /resource_providers/cb8bd004-e6a4-4f7f-a066-57031f3047a9/allocations" status: 200 len: 340 microversion: 1.0 [pid: 8|app: 0|req: 564/1122] 199.204.45.95 () {32 vars in 855 bytes} [Tue Jul 7 04:52:00 2026] GET /resource_providers/cb8bd004-e6a4-4f7f-a066-57031f3047a9/allocations => generated 340 bytes in 18 msecs (HTTP/1.1 200) 6 headers in 224 bytes (1 switches on core 0)
2026-07-07 04:52:00.725 7 INFO placement.requestlog [req-0d8a944f-84e8-4037-a516-30615d8f18e5 req-ce6503f4-e333-47c2-892e-9bd20f06a103 d56fc08c305c468b9f1a8a277039c7de 1f66e9477f4a452f96ebceff078cafb8 - - eba47cdcf001454d92b9bf2f241a4b09 eba47cdcf001454d92b9bf2f241a4b09] 199.204.45.95 "GET /resource_providers/cb8bd004-e6a4-4f7f-a066-57031f3047a9/allocations" status: 200 len: 340 microversion: 1.0 [pid: 7|app: 0|req: 559/1123] 199.204.45.95 () {32 vars in 855 bytes} [Tue Jul 7 04:52:00 2026] GET /resource_providers/cb8bd004-e6a4-4f7f-a066-57031f3047a9/allocations => generated 340 bytes in 21 msecs (HTTP/1.1 200) 6 headers in 224 bytes (1 switches on core 0)
2026-07-07 04:52:00.747 8 INFO placement.requestlog [req-0d8a944f-84e8-4037-a516-30615d8f18e5 req-c4a00271-be7c-413f-b67b-e3045826b765 d56fc08c305c468b9f1a8a277039c7de 1f66e9477f4a452f96ebceff078cafb8 - - eba47cdcf001454d92b9bf2f241a4b09 eba47cdcf001454d92b9bf2f241a4b09] 199.204.45.95 "GET /allocations/01940f2b-390a-40f5-a4e4-1f87828b9a3f" status: 200 len: 258 microversion: 1.28 [pid: 8|app: 0|req: 565/1124] 199.204.45.95 () {34 vars in 861 bytes} [Tue Jul 7 04:52:00 2026] GET /allocations/01940f2b-390a-40f5-a4e4-1f87828b9a3f => generated 258 bytes in 13 msecs (HTTP/1.1 200) 8 headers in 296 bytes (1 switches on core 0)
2026-07-07 04:52:00.769 7 INFO placement.requestlog [req-0d8a944f-84e8-4037-a516-30615d8f18e5 req-3d2690ad-9ef2-464d-8449-961215723115 d56fc08c305c468b9f1a8a277039c7de 1f66e9477f4a452f96ebceff078cafb8 - - eba47cdcf001454d92b9bf2f241a4b09 eba47cdcf001454d92b9bf2f241a4b09] 199.204.45.95 "GET /allocations/750cbdf1-fbfb-45bb-8869-c1711ab52f69" status: 200 len: 258 microversion: 1.28 [pid: 7|app: 0|req: 560/1125] 199.204.45.95 () {34 vars in 861 bytes} [Tue Jul 7 04:52:00 2026] GET /allocations/750cbdf1-fbfb-45bb-8869-c1711ab52f69 => generated 258 bytes in 14 msecs (HTTP/1.1 200) 8 headers in 296 bytes (1 switches on core 0)
2026-07-07 04:52:00.790 8 INFO placement.requestlog [req-0d8a944f-84e8-4037-a516-30615d8f18e5 req-dc704241-c7f9-4e00-b36e-5679481e901f d56fc08c305c468b9f1a8a277039c7de 1f66e9477f4a452f96ebceff078cafb8 - - eba47cdcf001454d92b9bf2f241a4b09 eba47cdcf001454d92b9bf2f241a4b09] 199.204.45.95 "GET /allocations/64810451-3b11-4369-93b1-b007bf07688e" status: 200 len: 245 microversion: 1.28 [pid: 8|app: 0|req: 566/1126] 199.204.45.95 () {34 vars in 861 bytes} [Tue Jul 7 04:52:00 2026] GET /allocations/64810451-3b11-4369-93b1-b007bf07688e => generated 245 bytes in 14 msecs (HTTP/1.1 200) 8 headers in 296 bytes (1 switches on core 0)
2026-07-07 04:52:07.711 7 INFO placement.requestlog [None req-b2f4c041-e5fa-4c48-9fd4-8e130bbf64ff - - - - - -] 10.0.0.39 "GET /" status: 200 len: 136 microversion: 1.0
2026-07-07 04:52:07.711 8 INFO placement.requestlog [None req-55ea6615-9ed2-480f-84f7-7b639c235c5f - - - - - -] 10.0.0.39 "GET /" status: 200 len: 136 microversion: 1.0
2026-07-07 04:52:17.712 7 INFO placement.requestlog [None req-45a56dfc-cd23-4904-9633-7c6c43eef51f - - - - - -] 10.0.0.39 "GET /" status: 200 len: 136 microversion: 1.0
2026-07-07 04:52:17.712 8 INFO placement.requestlog [None req-3a37c4c9-bd52-4103-9fdf-666af96013ba - - - - - -] 10.0.0.39 "GET /" status: 200 len: 136 microversion: 1.0
2026-07-07 04:52:27.711 7 INFO placement.requestlog [None req-c8ec1b80-6624-49ff-9063-8ca1c826592e - - - - - -] 10.0.0.39 "GET /" status: 200 len: 136 microversion: 1.0
2026-07-07 04:52:27.711 8 INFO placement.requestlog [None req-eb79b3a8-0e86-4c4a-ba89-42521f55d184 - - - - - -] 10.0.0.39 "GET /" status: 200 len: 136 microversion: 1.0
2026-07-07 04:52:37.711 7 INFO placement.requestlog [None req-70bb7f7d-cf93-4eb4-a37c-3b952873afd2 - - - - - -] 10.0.0.39 "GET /" status: 200 len: 136 microversion: 1.0
2026-07-07 04:52:37.711 8 INFO placement.requestlog [None req-407b0c42-2996-4105-8b01-046451686935 - - - - - -] 10.0.0.39 "GET /" status: 200 len: 136 microversion: 1.0
2026-07-07 04:52:47.712 8 INFO placement.requestlog [None req-e87a0991-8a3e-4582-a54c-ab01b15db4d8 - - - - - -] 10.0.0.39 "GET /" status: 200 len: 136 microversion: 1.0
2026-07-07 04:52:47.712 7 INFO placement.requestlog [None req-4dd6b223-7809-4728-9474-6670965b5ec2 - - - - - -] 10.0.0.39 "GET /" status: 200 len: 136 microversion: 1.0
