2026-07-07 04:49:54.805 9 INFO neutron.db.ovn_revision_numbers_db [None req-9391ac35-ce95-4743-9e33-183e8d9439b2 7216d0b82d6040dc834b75e9c75385ac 74d31879eaf849daa66e2287d7953d08 - - default default] Successfully bumped revision number for resource 62a68e6c-27ba-4d8a-90c1-a461b50d7659 (type: subnets) to 0
2026-07-07 04:49:54.827 9 INFO neutron.wsgi [None req-9391ac35-ce95-4743-9e33-183e8d9439b2 7216d0b82d6040dc834b75e9c75385ac 74d31879eaf849daa66e2287d7953d08 - - default default] 10.0.0.19 "POST /v2.0/subnets HTTP/1.1" status: 201 len: 906 time: 0.3256874
2026-07-07 04:49:54.959 9 INFO neutron.db.segments_db [None req-8091bd54-158b-4fcc-a3f9-32398643c9fd 7216d0b82d6040dc834b75e9c75385ac 74d31879eaf849daa66e2287d7953d08 - - default default] Added segment 07e905ce-2a6f-406f-b9cf-baeea63a43b5 of type geneve for network 17516e9f-bc28-4f04-ba02-ed59f669572e
2026-07-07 04:49:55.097 9 INFO neutron.db.ovn_revision_numbers_db [None req-8091bd54-158b-4fcc-a3f9-32398643c9fd 7216d0b82d6040dc834b75e9c75385ac 74d31879eaf849daa66e2287d7953d08 - - default default] Successfully bumped revision number for resource 17516e9f-bc28-4f04-ba02-ed59f669572e (type: networks) to 1
2026-07-07 04:49:55.268 9 WARNING neutron.scheduler.dhcp_agent_scheduler [None req-8091bd54-158b-4fcc-a3f9-32398643c9fd 7216d0b82d6040dc834b75e9c75385ac 74d31879eaf849daa66e2287d7953d08 - - default default] No more DHCP agents
2026-07-07 04:49:55.271 9 WARNING neutron.api.rpc.agentnotifiers.dhcp_rpc_agent_api [None req-8091bd54-158b-4fcc-a3f9-32398643c9fd 7216d0b82d6040dc834b75e9c75385ac 74d31879eaf849daa66e2287d7953d08 - - default default] Unable to schedule network 17516e9f-bc28-4f04-ba02-ed59f669572e: no agents available; will retry on subsequent port and subnet creation events.
2026-07-07 04:49:55.343 9 INFO neutron.db.ovn_revision_numbers_db [None req-8091bd54-158b-4fcc-a3f9-32398643c9fd 7216d0b82d6040dc834b75e9c75385ac 74d31879eaf849daa66e2287d7953d08 - - default default] Successfully bumped revision number for resource 542ff2b0-572b-4411-a942-89759423a532 (type: ports) to 1
2026-07-07 04:49:55.364 9 INFO neutron.wsgi [None req-8091bd54-158b-4fcc-a3f9-32398643c9fd 7216d0b82d6040dc834b75e9c75385ac 74d31879eaf849daa66e2287d7953d08 - - default default] 10.0.0.19 "POST /v2.0/networks HTTP/1.1" status: 201 len: 837 time: 0.5285048
2026-07-07 04:49:55.604 9 WARNING neutron.scheduler.dhcp_agent_scheduler [None req-501f3413-ab15-42f9-bd5f-8c4d9695a939 7216d0b82d6040dc834b75e9c75385ac 74d31879eaf849daa66e2287d7953d08 - - default default] No more DHCP agents
2026-07-07 04:49:55.606 9 WARNING neutron.api.rpc.agentnotifiers.dhcp_rpc_agent_api [None req-501f3413-ab15-42f9-bd5f-8c4d9695a939 7216d0b82d6040dc834b75e9c75385ac 74d31879eaf849daa66e2287d7953d08 - - default default] Unable to schedule network 17516e9f-bc28-4f04-ba02-ed59f669572e: no agents available; will retry on subsequent port and subnet creation events.
2026-07-07 04:49:56.095 9 INFO neutron.db.ovn_revision_numbers_db [None req-501f3413-ab15-42f9-bd5f-8c4d9695a939 7216d0b82d6040dc834b75e9c75385ac 74d31879eaf849daa66e2287d7953d08 - - default default] Successfully bumped revision number for resource 542ff2b0-572b-4411-a942-89759423a532 (type: ports) to 2
2026-07-07 04:49:56.133 9 INFO neutron.db.ovn_revision_numbers_db [None req-501f3413-ab15-42f9-bd5f-8c4d9695a939 7216d0b82d6040dc834b75e9c75385ac 74d31879eaf849daa66e2287d7953d08 - - default default] Successfully bumped revision number for resource 059be439-69db-4347-afbb-29827b0a3f40 (type: subnets) to 0
2026-07-07 04:49:56.150 9 INFO neutron.wsgi [None req-501f3413-ab15-42f9-bd5f-8c4d9695a939 7216d0b82d6040dc834b75e9c75385ac 74d31879eaf849daa66e2287d7953d08 - - default default] 10.0.0.19 "POST /v2.0/subnets HTTP/1.1" status: 201 len: 830 time: 0.7792292
2026-07-07 04:49:56.416 9 WARNING neutron.scheduler.dhcp_agent_scheduler [None req-57b407f9-9696-40c3-9066-ad3c6708e273 7216d0b82d6040dc834b75e9c75385ac 74d31879eaf849daa66e2287d7953d08 - - default default] No more DHCP agents
2026-07-07 04:49:56.418 9 WARNING neutron.api.rpc.agentnotifiers.dhcp_rpc_agent_api [None req-57b407f9-9696-40c3-9066-ad3c6708e273 7216d0b82d6040dc834b75e9c75385ac 74d31879eaf849daa66e2287d7953d08 - - default default] Unable to schedule network 17516e9f-bc28-4f04-ba02-ed59f669572e: no agents available; will retry on subsequent port and subnet creation events.
2026-07-07 04:49:56.453 9 INFO neutron.db.ovn_revision_numbers_db [None req-57b407f9-9696-40c3-9066-ad3c6708e273 7216d0b82d6040dc834b75e9c75385ac 74d31879eaf849daa66e2287d7953d08 - - default default] Successfully bumped revision number for resource c09f8264-fc61-4aca-9a4d-fab88874a0d1 (type: subnets) to 0
2026-07-07 04:49:56.465 9 INFO neutron.wsgi [None req-57b407f9-9696-40c3-9066-ad3c6708e273 7216d0b82d6040dc834b75e9c75385ac 74d31879eaf849daa66e2287d7953d08 - - default default] 10.0.0.19 "POST /v2.0/subnets HTTP/1.1" status: 201 len: 900 time: 0.3100023
2026-07-07 04:49:56.555 9 INFO neutron.db.segments_db [None req-590a9d6c-8a5b-4b80-b125-9f86f0470052 7216d0b82d6040dc834b75e9c75385ac 74d31879eaf849daa66e2287d7953d08 - - default default] Added segment 6b0879ce-f7ef-4a8b-bdae-ad7e1f179610 of type geneve for network 5812203b-918d-4289-ac0d-0678c55be82d
2026-07-07 04:49:56.740 9 INFO neutron.db.ovn_revision_numbers_db [None req-590a9d6c-8a5b-4b80-b125-9f86f0470052 7216d0b82d6040dc834b75e9c75385ac 74d31879eaf849daa66e2287d7953d08 - - default default] Successfully bumped revision number for resource 5812203b-918d-4289-ac0d-0678c55be82d (type: networks) to 1
2026-07-07 04:49:56.957 9 WARNING neutron.scheduler.dhcp_agent_scheduler [None req-590a9d6c-8a5b-4b80-b125-9f86f0470052 7216d0b82d6040dc834b75e9c75385ac 74d31879eaf849daa66e2287d7953d08 - - default default] No more DHCP agents
2026-07-07 04:49:56.960 9 WARNING neutron.api.rpc.agentnotifiers.dhcp_rpc_agent_api [None req-590a9d6c-8a5b-4b80-b125-9f86f0470052 7216d0b82d6040dc834b75e9c75385ac 74d31879eaf849daa66e2287d7953d08 - - default default] Unable to schedule network 5812203b-918d-4289-ac0d-0678c55be82d: no agents available; will retry on subsequent port and subnet creation events.
2026-07-07 04:49:57.055 9 INFO neutron.db.ovn_revision_numbers_db [None req-590a9d6c-8a5b-4b80-b125-9f86f0470052 7216d0b82d6040dc834b75e9c75385ac 74d31879eaf849daa66e2287d7953d08 - - default default] Successfully bumped revision number for resource 2ee1a4ae-9ec3-408d-bab2-ceaa4d9dd34c (type: ports) to 1
2026-07-07 04:49:57.078 9 INFO neutron.wsgi [None req-590a9d6c-8a5b-4b80-b125-9f86f0470052 7216d0b82d6040dc834b75e9c75385ac 74d31879eaf849daa66e2287d7953d08 - - default default] 10.0.0.19 "POST /v2.0/networks HTTP/1.1" status: 201 len: 837 time: 0.6069739
2026-07-07 04:49:57.317 10 WARNING neutron.scheduler.dhcp_agent_scheduler [None req-cb0beed5-14a8-45a7-a446-ba08a7490b94 7216d0b82d6040dc834b75e9c75385ac 74d31879eaf849daa66e2287d7953d08 - - default default] No more DHCP agents
2026-07-07 04:49:57.320 10 WARNING neutron.api.rpc.agentnotifiers.dhcp_rpc_agent_api [None req-cb0beed5-14a8-45a7-a446-ba08a7490b94 7216d0b82d6040dc834b75e9c75385ac 74d31879eaf849daa66e2287d7953d08 - - default default] Unable to schedule network 5812203b-918d-4289-ac0d-0678c55be82d: no agents available; will retry on subsequent port and subnet creation events.
2026-07-07 04:49:57.767 10 INFO neutron.db.ovn_revision_numbers_db [None req-cb0beed5-14a8-45a7-a446-ba08a7490b94 7216d0b82d6040dc834b75e9c75385ac 74d31879eaf849daa66e2287d7953d08 - - default default] Successfully bumped revision number for resource 2ee1a4ae-9ec3-408d-bab2-ceaa4d9dd34c (type: ports) to 2
2026-07-07 04:49:57.800 10 INFO neutron.db.ovn_revision_numbers_db [None req-cb0beed5-14a8-45a7-a446-ba08a7490b94 7216d0b82d6040dc834b75e9c75385ac 74d31879eaf849daa66e2287d7953d08 - - default default] Successfully bumped revision number for resource 1b876bef-9de7-4baf-90ec-867279a57fac (type: subnets) to 0
2026-07-07 04:49:57.819 10 INFO neutron.wsgi [None req-cb0beed5-14a8-45a7-a446-ba08a7490b94 7216d0b82d6040dc834b75e9c75385ac 74d31879eaf849daa66e2287d7953d08 - - default default] 10.0.0.19 "POST /v2.0/subnets HTTP/1.1" status: 201 len: 830 time: 0.7356076
2026-07-07 04:49:58.139 9 WARNING neutron.scheduler.dhcp_agent_scheduler [None req-4142d5d3-8f89-42bf-b438-0e66695b5eda 7216d0b82d6040dc834b75e9c75385ac 74d31879eaf849daa66e2287d7953d08 - - default default] No more DHCP agents
2026-07-07 04:49:58.142 9 WARNING neutron.api.rpc.agentnotifiers.dhcp_rpc_agent_api [None req-4142d5d3-8f89-42bf-b438-0e66695b5eda 7216d0b82d6040dc834b75e9c75385ac 74d31879eaf849daa66e2287d7953d08 - - default default] Unable to schedule network 5812203b-918d-4289-ac0d-0678c55be82d: no agents available; will retry on subsequent port and subnet creation events.
2026-07-07 04:49:58.183 9 INFO neutron.db.ovn_revision_numbers_db [None req-4142d5d3-8f89-42bf-b438-0e66695b5eda 7216d0b82d6040dc834b75e9c75385ac 74d31879eaf849daa66e2287d7953d08 - - default default] Successfully bumped revision number for resource a3012bd1-3d6f-49f0-8798-0496617d227e (type: subnets) to 0
2026-07-07 04:49:58.199 9 INFO neutron.wsgi [None req-4142d5d3-8f89-42bf-b438-0e66695b5eda 7216d0b82d6040dc834b75e9c75385ac 74d31879eaf849daa66e2287d7953d08 - - default default] 10.0.0.19 "POST /v2.0/subnets HTTP/1.1" status: 201 len: 904 time: 0.3754997
2026-07-07 04:49:58.659 9 WARNING neutron.scheduler.dhcp_agent_scheduler [None req-16f2ca39-ffb8-4f12-96b4-35923735d71f 7216d0b82d6040dc834b75e9c75385ac 74d31879eaf849daa66e2287d7953d08 - - default default] No more DHCP agents
2026-07-07 04:49:58.662 9 WARNING neutron.api.rpc.agentnotifiers.dhcp_rpc_agent_api [None req-16f2ca39-ffb8-4f12-96b4-35923735d71f 7216d0b82d6040dc834b75e9c75385ac 74d31879eaf849daa66e2287d7953d08 - - default default] Unable to schedule network d1b2684a-7d75-4a0a-b8e8-bbf022f08fd9: no agents available; will retry on subsequent port and subnet creation events.
2026-07-07 04:49:58.816 9 INFO neutron.db.ovn_revision_numbers_db [None req-16f2ca39-ffb8-4f12-96b4-35923735d71f 7216d0b82d6040dc834b75e9c75385ac 74d31879eaf849daa66e2287d7953d08 - - default default] Successfully bumped revision number for resource 11b01ba6-d7ca-4cc6-b654-b535ae425405 (type: ports) to 1
2026-07-07 04:49:59.708 10 INFO neutron.plugins.ml2.drivers.ovn.mech_driver.mech_driver [None req-bd58489d-bbb0-4062-a0f1-0a7f46828024 - - - - - -] OVN reports status up for port: 11b01ba6-d7ca-4cc6-b654-b535ae425405
2026-07-07 04:49:59.716 10 INFO neutron.plugins.ml2.plugin [None req-bd58489d-bbb0-4062-a0f1-0a7f46828024 - - - - - -] Attempt 1 to provision port 11b01ba6-d7ca-4cc6-b654-b535ae425405
2026-07-07 04:49:59.723 9 INFO neutron.plugins.ml2.drivers.ovn.mech_driver.ovsdb.ovsdb_monitor [None req-1065df3d-70b5-4bfa-97c5-0a7965733f6a - - - - - -] Router e4963843-cc8c-45c7-b0d8-4e62dbda0686 is bound to host instance
2026-07-07 04:49:59.748 9 INFO neutron.db.ovn_revision_numbers_db [None req-16f2ca39-ffb8-4f12-96b4-35923735d71f 7216d0b82d6040dc834b75e9c75385ac 74d31879eaf849daa66e2287d7953d08 - - default default] Successfully bumped revision number for resource 11b01ba6-d7ca-4cc6-b654-b535ae425405 (type: router_ports) to 1
2026-07-07 04:49:59.841 9 INFO neutron.db.ovn_revision_numbers_db [None req-16f2ca39-ffb8-4f12-96b4-35923735d71f 7216d0b82d6040dc834b75e9c75385ac 74d31879eaf849daa66e2287d7953d08 - - default default] Successfully bumped revision number for resource e4963843-cc8c-45c7-b0d8-4e62dbda0686 (type: routers) to 2
2026-07-07 04:49:59.858 9 INFO neutron.wsgi [None req-16f2ca39-ffb8-4f12-96b4-35923735d71f 7216d0b82d6040dc834b75e9c75385ac 74d31879eaf849daa66e2287d7953d08 - - default default] 10.0.0.19 "POST /v2.0/routers HTTP/1.1" status: 201 len: 865 time: 1.6535845
2026-07-07 04:50:00.370 9 INFO neutron.db.ovn_revision_numbers_db [None req-1065df3d-70b5-4bfa-97c5-0a7965733f6a - - - - - -] Successfully bumped revision number for resource 11b01ba6-d7ca-4cc6-b654-b535ae425405 (type: ports) to 1
2026-07-07 04:50:00.476 9 WARNING neutron.scheduler.dhcp_agent_scheduler [None req-cd676f4e-5673-4c21-9115-f47119bc7de6 7216d0b82d6040dc834b75e9c75385ac 74d31879eaf849daa66e2287d7953d08 - - default default] No more DHCP agents
2026-07-07 04:50:00.480 9 WARNING neutron.api.rpc.agentnotifiers.dhcp_rpc_agent_api [None req-cd676f4e-5673-4c21-9115-f47119bc7de6 7216d0b82d6040dc834b75e9c75385ac 74d31879eaf849daa66e2287d7953d08 - - default default] Unable to schedule network 75647f02-0dff-4c5d-bac4-aebcfb52a36c: no agents available; will retry on subsequent port and subnet creation events.
2026-07-07 04:50:00.743 9 INFO neutron.db.ovn_revision_numbers_db [None req-cd676f4e-5673-4c21-9115-f47119bc7de6 7216d0b82d6040dc834b75e9c75385ac 74d31879eaf849daa66e2287d7953d08 - - default default] Successfully bumped revision number for resource 2ded19f9-8489-47d6-9478-b61947716d35 (type: ports) to 1
2026-07-07 04:50:00.752 9 INFO neutron.db.ovn_revision_numbers_db [None req-1065df3d-70b5-4bfa-97c5-0a7965733f6a - - - - - -] Successfully bumped revision number for resource 11b01ba6-d7ca-4cc6-b654-b535ae425405 (type: router_ports) to 3
2026-07-07 04:50:01.017 9 INFO neutron.db.ovn_revision_numbers_db [None req-1065df3d-70b5-4bfa-97c5-0a7965733f6a - - - - - -] Successfully bumped revision number for resource 11b01ba6-d7ca-4cc6-b654-b535ae425405 (type: ports) to 2
2026-07-07 04:50:01.646 9 INFO neutron.plugins.ml2.drivers.ovn.mech_driver.mech_driver [None req-4e5bc2ae-3706-428d-bd8a-a74b8e2d2cf6 - - - - - -] OVN reports status up for port: 2ded19f9-8489-47d6-9478-b61947716d35
2026-07-07 04:50:01.653 9 INFO neutron.db.ovn_revision_numbers_db [None req-1065df3d-70b5-4bfa-97c5-0a7965733f6a - - - - - -] Successfully bumped revision number for resource 11b01ba6-d7ca-4cc6-b654-b535ae425405 (type: ports) to 4
2026-07-07 04:50:01.659 9 INFO neutron.plugins.ml2.plugin [None req-4e5bc2ae-3706-428d-bd8a-a74b8e2d2cf6 - - - - - -] Attempt 1 to provision port 2ded19f9-8489-47d6-9478-b61947716d35
2026-07-07 04:50:01.670 9 INFO neutron.db.ovn_revision_numbers_db [None req-cd676f4e-5673-4c21-9115-f47119bc7de6 7216d0b82d6040dc834b75e9c75385ac 74d31879eaf849daa66e2287d7953d08 - - default default] Successfully bumped revision number for resource 2ded19f9-8489-47d6-9478-b61947716d35 (type: router_ports) to 1
2026-07-07 04:50:01.997 9 INFO neutron.db.ovn_revision_numbers_db [None req-cd676f4e-5673-4c21-9115-f47119bc7de6 7216d0b82d6040dc834b75e9c75385ac 74d31879eaf849daa66e2287d7953d08 - - default default] Successfully bumped revision number for resource 2ded19f9-8489-47d6-9478-b61947716d35 (type: ports) to 1
2026-07-07 04:50:02.139 9 WARNING neutron.scheduler.dhcp_agent_scheduler [None req-cd676f4e-5673-4c21-9115-f47119bc7de6 7216d0b82d6040dc834b75e9c75385ac 74d31879eaf849daa66e2287d7953d08 - - default default] No more DHCP agents
2026-07-07 04:50:02.142 9 WARNING neutron.api.rpc.agentnotifiers.dhcp_rpc_agent_api [None req-cd676f4e-5673-4c21-9115-f47119bc7de6 7216d0b82d6040dc834b75e9c75385ac 74d31879eaf849daa66e2287d7953d08 - - default default] Unable to schedule network 75647f02-0dff-4c5d-bac4-aebcfb52a36c: no agents available; will retry on subsequent port and subnet creation events.
2026-07-07 04:50:02.170 9 INFO neutron.db.ovn_revision_numbers_db [None req-1065df3d-70b5-4bfa-97c5-0a7965733f6a - - - - - -] Successfully bumped revision number for resource 11b01ba6-d7ca-4cc6-b654-b535ae425405 (type: router_ports) to 4
2026-07-07 04:50:02.197 9 INFO neutron.db.ovn_revision_numbers_db [None req-4e5bc2ae-3706-428d-bd8a-a74b8e2d2cf6 - - - - - -] Successfully bumped revision number for resource 2ded19f9-8489-47d6-9478-b61947716d35 (type: ports) to 2
2026-07-07 04:50:02.378 9 INFO neutron.db.ovn_revision_numbers_db [None req-4e5bc2ae-3706-428d-bd8a-a74b8e2d2cf6 - - - - - -] Successfully bumped revision number for resource 2ded19f9-8489-47d6-9478-b61947716d35 (type: router_ports) to 2
2026-07-07 04:50:02.535 9 INFO neutron.db.ovn_revision_numbers_db [None req-cd676f4e-5673-4c21-9115-f47119bc7de6 7216d0b82d6040dc834b75e9c75385ac 74d31879eaf849daa66e2287d7953d08 - - default default] Successfully bumped revision number for resource 2ded19f9-8489-47d6-9478-b61947716d35 (type: router_ports) to 2
2026-07-07 04:50:02.538 9 INFO neutron.wsgi [None req-cd676f4e-5673-4c21-9115-f47119bc7de6 7216d0b82d6040dc834b75e9c75385ac 74d31879eaf849daa66e2287d7953d08 - - default default] 10.0.0.19 "PUT /v2.0/routers/e4963843-cc8c-45c7-b0d8-4e62dbda0686/add_router_interface HTTP/1.1" status: 200 len: 503 time: 2.6756926
2026-07-07 04:50:03.104 9 WARNING neutron.scheduler.dhcp_agent_scheduler [None req-b203ae2b-bc3b-47f0-bdc4-7eeb923544b2 7216d0b82d6040dc834b75e9c75385ac 74d31879eaf849daa66e2287d7953d08 - - default default] No more DHCP agents
2026-07-07 04:50:03.107 9 WARNING neutron.api.rpc.agentnotifiers.dhcp_rpc_agent_api [None req-b203ae2b-bc3b-47f0-bdc4-7eeb923544b2 7216d0b82d6040dc834b75e9c75385ac 74d31879eaf849daa66e2287d7953d08 - - default default] Unable to schedule network 17516e9f-bc28-4f04-ba02-ed59f669572e: no agents available; will retry on subsequent port and subnet creation events.
2026-07-07 04:50:03.264 9 INFO neutron.db.ovn_revision_numbers_db [None req-b203ae2b-bc3b-47f0-bdc4-7eeb923544b2 7216d0b82d6040dc834b75e9c75385ac 74d31879eaf849daa66e2287d7953d08 - - default default] Successfully bumped revision number for resource 4550e4ad-30c9-477b-8f72-350f585260e6 (type: ports) to 1
2026-07-07 04:50:03.502 9 INFO neutron.wsgi [req-d2c986d2-fe09-4b50-898f-77637f927f6b req-e97ce9a4-8fd2-45b6-9201-3e022d46158a 1043432b62494b4e8852bb44af6929db e91b5fa3fcbf43698f4b2eeec35a1622 - - default default] 10.0.0.129 "GET /v2.0/ports?device_id=a65e02e7-8041-4e5a-a96e-d805be364c6a HTTP/1.1" status: 200 len: 1210 time: 0.1074362
2026-07-07 04:50:03.568 9 INFO neutron.wsgi [req-d2c986d2-fe09-4b50-898f-77637f927f6b req-c2fbd70d-21c4-488d-8ec0-916e52be8b82 1043432b62494b4e8852bb44af6929db e91b5fa3fcbf43698f4b2eeec35a1622 - - default default] 10.0.0.129 "GET /v2.0/security-groups?id=3a1b9da3-5353-4a70-8856-2dcf190e674b&id=e437877b-2ebf-465f-baa6-43623030138a&fields=id&fields=name HTTP/1.1" status: 200 len: 403 time: 0.0548916
2026-07-07 04:50:03.726 10 INFO neutron.wsgi [None req-6f0c7016-235f-4660-a40d-18189ef70c2f 59a08bdcee94456ebf58f6cd5739cc52 a4c3756bdb904ea3b3c7aec115649137 - - default default] 10.0.0.19 "GET /v2.0/ports?device_id=a65e02e7-8041-4e5a-a96e-d805be364c6a HTTP/1.1" status: 200 len: 1443 time: 0.1307929
2026-07-07 04:50:03.808 10 INFO neutron.wsgi [None req-34fe3225-98a7-45fb-8f34-793aa7532dc5 1043432b62494b4e8852bb44af6929db e91b5fa3fcbf43698f4b2eeec35a1622 - - default default] 10.0.0.19 "GET /v2.0/floatingips?floating_network_id=d1b2684a-7d75-4a0a-b8e8-bbf022f08fd9&port_id=3d84ad96-ca5f-4b52-8127-27fea46585d9 HTTP/1.1" status: 200 len: 1054 time: 0.0770111
2026-07-07 04:50:03.972 9 INFO neutron.wsgi [req-6ce23fa7-4cba-49de-a36f-5b0a03eb191b req-4256e3b1-70ef-4b57-b488-d81ba60b6c77 3ea0a39635114086bda3cf1522cc0494 1f66e9477f4a452f96ebceff078cafb8 - - eba47cdcf001454d92b9bf2f241a4b09 eba47cdcf001454d92b9bf2f241a4b09] 199.204.45.95 "GET /v2.0/ports?device_id=a65e02e7-8041-4e5a-a96e-d805be364c6a&fields=binding%3Ahost_id&fields=binding%3Avif_type HTTP/1.1" status: 200 len: 265 time: 0.3516016
2026-07-07 04:50:04.063 9 INFO neutron.wsgi [req-6ce23fa7-4cba-49de-a36f-5b0a03eb191b req-74c2cd53-3f59-48e3-a181-8b3e4f0a918b 3ea0a39635114086bda3cf1522cc0494 1f66e9477f4a452f96ebceff078cafb8 - - eba47cdcf001454d92b9bf2f241a4b09 eba47cdcf001454d92b9bf2f241a4b09] 199.204.45.95 "GET /v2.0/ports?tenant_id=e91b5fa3fcbf43698f4b2eeec35a1622&device_id=a65e02e7-8041-4e5a-a96e-d805be364c6a HTTP/1.1" status: 200 len: 1448 time: 0.0439942
2026-07-07 04:50:04.148 9 INFO neutron.wsgi [req-89323a46-fae2-4b1f-9140-56aace45e75f req-60aef738-c54b-4ce5-9f8f-cacfcb7a43fc 3ea0a39635114086bda3cf1522cc0494 1f66e9477f4a452f96ebceff078cafb8 - - eba47cdcf001454d92b9bf2f241a4b09 eba47cdcf001454d92b9bf2f241a4b09] 10.0.0.96 "GET /v2.0/ports?device_id=a65e02e7-8041-4e5a-a96e-d805be364c6a HTTP/1.1" status: 200 len: 1448 time: 0.0548775
2026-07-07 04:50:04.185 9 INFO neutron.wsgi [req-6ce23fa7-4cba-49de-a36f-5b0a03eb191b req-783c151c-41ea-4172-b7f6-53395c3e45a3 3ea0a39635114086bda3cf1522cc0494 1f66e9477f4a452f96ebceff078cafb8 - - eba47cdcf001454d92b9bf2f241a4b09 eba47cdcf001454d92b9bf2f241a4b09] 199.204.45.95 "GET /v2.0/networks?id=6173c2a1-7ad2-4b2d-a258-643418bb2b91 HTTP/1.1" status: 200 len: 970 time: 0.1056144
2026-07-07 04:50:04.244 9 INFO neutron.wsgi [req-89323a46-fae2-4b1f-9140-56aace45e75f req-96a2bbf0-ed10-4466-80ba-7e5074825a87 3ea0a39635114086bda3cf1522cc0494 1f66e9477f4a452f96ebceff078cafb8 - - eba47cdcf001454d92b9bf2f241a4b09 eba47cdcf001454d92b9bf2f241a4b09] 10.0.0.96 "GET /v2.0/security-groups?id=e437877b-2ebf-465f-baa6-43623030138a&id=3a1b9da3-5353-4a70-8856-2dcf190e674b&fields=id&fields=name HTTP/1.1" status: 200 len: 403 time: 0.0863113
2026-07-07 04:50:04.258 9 INFO neutron.wsgi [req-6ce23fa7-4cba-49de-a36f-5b0a03eb191b req-e0aa3757-b7e2-4a20-8897-26d454384222 3ea0a39635114086bda3cf1522cc0494 1f66e9477f4a452f96ebceff078cafb8 - - eba47cdcf001454d92b9bf2f241a4b09 eba47cdcf001454d92b9bf2f241a4b09] 199.204.45.95 "GET /v2.0/floatingips?fixed_ip_address=10.100.0.8&port_id=3d84ad96-ca5f-4b52-8127-27fea46585d9 HTTP/1.1" status: 200 len: 1059 time: 0.0586891
2026-07-07 04:50:04.321 9 INFO neutron.wsgi [req-6ce23fa7-4cba-49de-a36f-5b0a03eb191b req-9ffbcdb5-61b5-4549-973d-77173cde24ba 3ea0a39635114086bda3cf1522cc0494 1f66e9477f4a452f96ebceff078cafb8 - - eba47cdcf001454d92b9bf2f241a4b09 eba47cdcf001454d92b9bf2f241a4b09] 199.204.45.95 "GET /v2.0/subnets?id=71eaaa94-68fa-4342-aa1f-5d066126eb6f HTTP/1.1" status: 200 len: 865 time: 0.0556815
2026-07-07 04:50:04.354 9 INFO neutron.wsgi [req-6ce23fa7-4cba-49de-a36f-5b0a03eb191b req-31f65914-f101-4022-8e28-87a1e19e6d4f 3ea0a39635114086bda3cf1522cc0494 1f66e9477f4a452f96ebceff078cafb8 - - eba47cdcf001454d92b9bf2f241a4b09 eba47cdcf001454d92b9bf2f241a4b09] 199.204.45.95 "GET /v2.0/ports?network_id=6173c2a1-7ad2-4b2d-a258-643418bb2b91&device_owner=network%3Adhcp HTTP/1.1" status: 200 len: 210 time: 0.0244269
2026-07-07 04:50:04.354 9 INFO neutron.db.ovn_revision_numbers_db [None req-b203ae2b-bc3b-47f0-bdc4-7eeb923544b2 7216d0b82d6040dc834b75e9c75385ac 74d31879eaf849daa66e2287d7953d08 - - default default] Successfully bumped revision number for resource 4550e4ad-30c9-477b-8f72-350f585260e6 (type: router_ports) to 1
2026-07-07 04:50:04.446 9 INFO neutron.wsgi [req-6ce23fa7-4cba-49de-a36f-5b0a03eb191b req-f698b9b7-863d-4273-a70d-36ee3e66c629 3ea0a39635114086bda3cf1522cc0494 1f66e9477f4a452f96ebceff078cafb8 - - eba47cdcf001454d92b9bf2f241a4b09 eba47cdcf001454d92b9bf2f241a4b09] 199.204.45.95 "GET /v2.0/networks/6173c2a1-7ad2-4b2d-a258-643418bb2b91?fields=segments HTTP/1.1" status: 200 len: 212 time: 0.0818543
2026-07-07 04:50:04.534 9 INFO neutron.wsgi [req-6ce23fa7-4cba-49de-a36f-5b0a03eb191b req-c5dd5f89-f814-42a3-a0d0-abf82b4b9234 3ea0a39635114086bda3cf1522cc0494 1f66e9477f4a452f96ebceff078cafb8 - - eba47cdcf001454d92b9bf2f241a4b09 eba47cdcf001454d92b9bf2f241a4b09] 199.204.45.95 "GET /v2.0/networks/6173c2a1-7ad2-4b2d-a258-643418bb2b91?fields=provider%3Aphysical_network&fields=provider%3Anetwork_type HTTP/1.1" status: 200 len: 277 time: 0.0794685
2026-07-07 04:50:04.573 9 INFO neutron.db.ovn_revision_numbers_db [None req-b203ae2b-bc3b-47f0-bdc4-7eeb923544b2 7216d0b82d6040dc834b75e9c75385ac 74d31879eaf849daa66e2287d7953d08 - - default default] Successfully bumped revision number for resource 4550e4ad-30c9-477b-8f72-350f585260e6 (type: ports) to 1
2026-07-07 04:50:04.637 9 WARNING neutron.scheduler.dhcp_agent_scheduler [None req-b203ae2b-bc3b-47f0-bdc4-7eeb923544b2 7216d0b82d6040dc834b75e9c75385ac 74d31879eaf849daa66e2287d7953d08 - - default default] No more DHCP agents
2026-07-07 04:50:04.638 9 WARNING neutron.api.rpc.agentnotifiers.dhcp_rpc_agent_api [None req-b203ae2b-bc3b-47f0-bdc4-7eeb923544b2 7216d0b82d6040dc834b75e9c75385ac 74d31879eaf849daa66e2287d7953d08 - - default default] Unable to schedule network 17516e9f-bc28-4f04-ba02-ed59f669572e: no agents available; will retry on subsequent port and subnet creation events.
2026-07-07 04:50:04.998 9 INFO neutron.db.ovn_revision_numbers_db [None req-b203ae2b-bc3b-47f0-bdc4-7eeb923544b2 7216d0b82d6040dc834b75e9c75385ac 74d31879eaf849daa66e2287d7953d08 - - default default] Successfully bumped revision number for resource 4550e4ad-30c9-477b-8f72-350f585260e6 (type: router_ports) to 1
2026-07-07 04:50:05.001 9 INFO neutron.wsgi [None req-b203ae2b-bc3b-47f0-bdc4-7eeb923544b2 7216d0b82d6040dc834b75e9c75385ac 74d31879eaf849daa66e2287d7953d08 - - default default] 10.0.0.19 "PUT /v2.0/routers/e4963843-cc8c-45c7-b0d8-4e62dbda0686/add_router_interface HTTP/1.1" status: 200 len: 503 time: 2.4563928
2026-07-07 04:50:05.531 9 WARNING neutron.scheduler.dhcp_agent_scheduler [None req-f3c075d6-7aa0-4f56-a9df-6162c1b8b764 7216d0b82d6040dc834b75e9c75385ac 74d31879eaf849daa66e2287d7953d08 - - default default] No more DHCP agents
2026-07-07 04:50:05.534 9 WARNING neutron.api.rpc.agentnotifiers.dhcp_rpc_agent_api [None req-f3c075d6-7aa0-4f56-a9df-6162c1b8b764 7216d0b82d6040dc834b75e9c75385ac 74d31879eaf849daa66e2287d7953d08 - - default default] Unable to schedule network 5812203b-918d-4289-ac0d-0678c55be82d: no agents available; will retry on subsequent port and subnet creation events.
2026-07-07 04:50:05.717 9 INFO neutron.db.ovn_revision_numbers_db [None req-f3c075d6-7aa0-4f56-a9df-6162c1b8b764 7216d0b82d6040dc834b75e9c75385ac 74d31879eaf849daa66e2287d7953d08 - - default default] Successfully bumped revision number for resource 166afcc4-9525-4e53-ab8d-d36fb872fcd1 (type: ports) to 1
2026-07-07 04:50:05.888 9 INFO neutron.wsgi [-] 10.0.0.39 "GET / HTTP/1.1" status: 200 len: 247 time: 0.0012720
2026-07-07 04:50:05.889 10 INFO neutron.wsgi [-] 10.0.0.39 "GET / HTTP/1.1" status: 200 len: 247 time: 0.0017974
2026-07-07 04:50:06.237 9 INFO neutron.db.ovn_revision_numbers_db [None req-f3c075d6-7aa0-4f56-a9df-6162c1b8b764 7216d0b82d6040dc834b75e9c75385ac 74d31879eaf849daa66e2287d7953d08 - - default default] Successfully bumped revision number for resource 166afcc4-9525-4e53-ab8d-d36fb872fcd1 (type: router_ports) to 1
2026-07-07 04:50:06.334 9 INFO neutron.wsgi [req-95825208-591e-48f7-bf3b-f0bd2f23d654 req-2cdabb5e-5abb-4f21-a120-618a19ccc22b 1043432b62494b4e8852bb44af6929db e91b5fa3fcbf43698f4b2eeec35a1622 - - default default] 10.0.0.129 "GET /v2.0/ports?device_id=a65e02e7-8041-4e5a-a96e-d805be364c6a HTTP/1.1" status: 200 len: 1210 time: 0.0450706
2026-07-07 04:50:06.399 9 INFO neutron.wsgi [req-95825208-591e-48f7-bf3b-f0bd2f23d654 req-e2ba7859-5d5f-4de7-8411-e1b70fff02fd 1043432b62494b4e8852bb44af6929db e91b5fa3fcbf43698f4b2eeec35a1622 - - default default] 10.0.0.129 "GET /v2.0/security-groups?id=3a1b9da3-5353-4a70-8856-2dcf190e674b&id=e437877b-2ebf-465f-baa6-43623030138a&fields=id&fields=name HTTP/1.1" status: 200 len: 403 time: 0.0545743
2026-07-07 04:50:06.430 9 INFO neutron.db.ovn_revision_numbers_db [None req-f3c075d6-7aa0-4f56-a9df-6162c1b8b764 7216d0b82d6040dc834b75e9c75385ac 74d31879eaf849daa66e2287d7953d08 - - default default] Successfully bumped revision number for resource 166afcc4-9525-4e53-ab8d-d36fb872fcd1 (type: ports) to 1
2026-07-07 04:50:06.486 9 WARNING neutron.scheduler.dhcp_agent_scheduler [None req-f3c075d6-7aa0-4f56-a9df-6162c1b8b764 7216d0b82d6040dc834b75e9c75385ac 74d31879eaf849daa66e2287d7953d08 - - default default] No more DHCP agents
2026-07-07 04:50:06.487 9 WARNING neutron.api.rpc.agentnotifiers.dhcp_rpc_agent_api [None req-f3c075d6-7aa0-4f56-a9df-6162c1b8b764 7216d0b82d6040dc834b75e9c75385ac 74d31879eaf849daa66e2287d7953d08 - - default default] Unable to schedule network 5812203b-918d-4289-ac0d-0678c55be82d: no agents available; will retry on subsequent port and subnet creation events.
2026-07-07 04:50:06.644 9 INFO neutron.wsgi [req-d4e6aa3f-cf5d-4536-a93b-be63ac2d3036 req-df370b29-468a-478f-9e09-9f8050237ebf 1043432b62494b4e8852bb44af6929db e91b5fa3fcbf43698f4b2eeec35a1622 - - default default] 199.204.45.95 "GET /v2.0/ports?device_id=a65e02e7-8041-4e5a-a96e-d805be364c6a HTTP/1.1" status: 200 len: 1210 time: 0.0376506
2026-07-07 04:50:06.853 9 INFO neutron.db.ovn_revision_numbers_db [None req-f3c075d6-7aa0-4f56-a9df-6162c1b8b764 7216d0b82d6040dc834b75e9c75385ac 74d31879eaf849daa66e2287d7953d08 - - default default] Successfully bumped revision number for resource 166afcc4-9525-4e53-ab8d-d36fb872fcd1 (type: router_ports) to 1
2026-07-07 04:50:06.856 9 INFO neutron.wsgi [None req-f3c075d6-7aa0-4f56-a9df-6162c1b8b764 7216d0b82d6040dc834b75e9c75385ac 74d31879eaf849daa66e2287d7953d08 - - default default] 10.0.0.19 "PUT /v2.0/routers/e4963843-cc8c-45c7-b0d8-4e62dbda0686/add_router_interface HTTP/1.1" status: 200 len: 503 time: 1.8397188
2026-07-07 04:50:07.037 10 INFO neutron.db.ovn_revision_numbers_db [None req-f4b3f657-84d0-419d-933e-2bb6f06c3810 7216d0b82d6040dc834b75e9c75385ac 74d31879eaf849daa66e2287d7953d08 - - default default] Successfully bumped revision number for resource c7e0e732-a1cf-4a52-b335-18c3fe2a02ab (type: security_groups) to 1
2026-07-07 04:50:07.051 10 INFO neutron.db.ovn_revision_numbers_db [None req-f4b3f657-84d0-419d-933e-2bb6f06c3810 7216d0b82d6040dc834b75e9c75385ac 74d31879eaf849daa66e2287d7953d08 - - default default] Successfully bumped revision number for resource 2e5b8f07-1676-4351-bd4b-c40acebcb2b6 (type: security_group_rules) to 0
2026-07-07 04:50:07.066 10 INFO neutron.db.ovn_revision_numbers_db [None req-f4b3f657-84d0-419d-933e-2bb6f06c3810 7216d0b82d6040dc834b75e9c75385ac 74d31879eaf849daa66e2287d7953d08 - - default default] Successfully bumped revision number for resource 4af24f8f-5517-431c-8428-4d9e14343af0 (type: security_group_rules) to 0
2026-07-07 04:50:07.086 10 INFO neutron.wsgi [None req-f4b3f657-84d0-419d-933e-2bb6f06c3810 7216d0b82d6040dc834b75e9c75385ac 74d31879eaf849daa66e2287d7953d08 - - default default] 10.0.0.19 "POST /v2.0/security-groups HTTP/1.1" status: 201 len: 1766 time: 0.1626997
2026-07-07 04:50:07.234 10 INFO neutron.db.ovn_revision_numbers_db [None req-acfde536-a238-4f7e-a8a3-1d2d4145a85d 7216d0b82d6040dc834b75e9c75385ac 74d31879eaf849daa66e2287d7953d08 - - default default] Successfully bumped revision number for resource 7a95deec-bdec-4782-83d2-9f9f5bb8e098 (type: security_group_rules) to 0
2026-07-07 04:50:07.246 9 INFO neutron.db.l3_db [req-d4e6aa3f-cf5d-4536-a93b-be63ac2d3036 req-2dcec62a-478d-48db-aa6e-2a692f8c677c 1043432b62494b4e8852bb44af6929db e91b5fa3fcbf43698f4b2eeec35a1622 - - default default] Floating IP df7c66cb-908c-44e1-bf50-69f55d1ed5f4 disassociated. External IP: 10.96.250.219, port: 3d84ad96-ca5f-4b52-8127-27fea46585d9.
2026-07-07 04:50:07.265 10 INFO neutron.wsgi [None req-acfde536-a238-4f7e-a8a3-1d2d4145a85d 7216d0b82d6040dc834b75e9c75385ac 74d31879eaf849daa66e2287d7953d08 - - default default] 10.0.0.19 "POST /v2.0/security-group-rules HTTP/1.1" status: 201 len: 764 time: 0.1743443
2026-07-07 04:50:07.372 10 INFO neutron.db.ovn_revision_numbers_db [None req-5f4fb52c-089d-4379-a3a0-1078f15c0fe2 7216d0b82d6040dc834b75e9c75385ac 74d31879eaf849daa66e2287d7953d08 - - default default] Successfully bumped revision number for resource b92150c5-bebd-4172-aa43-35071a970514 (type: security_group_rules) to 0
2026-07-07 04:50:07.405 10 INFO neutron.wsgi [None req-5f4fb52c-089d-4379-a3a0-1078f15c0fe2 7216d0b82d6040dc834b75e9c75385ac 74d31879eaf849daa66e2287d7953d08 - - default default] 10.0.0.19 "POST /v2.0/security-group-rules HTTP/1.1" status: 201 len: 764 time: 0.1355197
2026-07-07 04:50:07.422 9 INFO neutron.wsgi [req-d4e6aa3f-cf5d-4536-a93b-be63ac2d3036 req-2dcec62a-478d-48db-aa6e-2a692f8c677c 1043432b62494b4e8852bb44af6929db e91b5fa3fcbf43698f4b2eeec35a1622 - - default default] 199.204.45.95 "DELETE /v2.0/ports/3d84ad96-ca5f-4b52-8127-27fea46585d9 HTTP/1.1" status: 204 len: 173 time: 0.7721548
2026-07-07 04:50:07.463 9 INFO neutron.notifiers.nova [-] Nova event matching ['req-41377df8-68fc-4cb7-a6f7-eb60fb9df5ce'] response: {'server_uuid': 'a65e02e7-8041-4e5a-a96e-d805be364c6a', 'name': 'network-vif-deleted', 'tag': '3d84ad96-ca5f-4b52-8127-27fea46585d9', 'status': 'completed', 'code': 200}
2026-07-07 04:50:07.489 9 INFO neutron.wsgi [req-aeccaee5-681d-4062-a14a-7d631e7caa55 req-b3b8a853-0856-42cd-9f44-ee2fb6e63062 1043432b62494b4e8852bb44af6929db e91b5fa3fcbf43698f4b2eeec35a1622 - - default default] 10.0.0.129 "GET /v2.0/ports?device_id=a65e02e7-8041-4e5a-a96e-d805be364c6a HTTP/1.1" status: 200 len: 210 time: 0.0213809
2026-07-07 04:50:07.556 10 INFO neutron.db.ovn_revision_numbers_db [None req-66c0ccb3-f6b5-45bc-b476-331fc2b9abf2 7216d0b82d6040dc834b75e9c75385ac 74d31879eaf849daa66e2287d7953d08 - - default default] Successfully bumped revision number for resource ef5c7571-e209-485f-8b59-3f12db1ed481 (type: security_group_rules) to 0
2026-07-07 04:50:07.582 10 INFO neutron.wsgi [None req-66c0ccb3-f6b5-45bc-b476-331fc2b9abf2 7216d0b82d6040dc834b75e9c75385ac 74d31879eaf849daa66e2287d7953d08 - - default default] 10.0.0.19 "POST /v2.0/security-group-rules HTTP/1.1" status: 201 len: 766 time: 0.1713204
2026-07-07 04:50:07.691 10 INFO neutron.db.ovn_revision_numbers_db [None req-5c49c460-b3b1-41f3-a09a-d3b39a9ec84c 7216d0b82d6040dc834b75e9c75385ac 74d31879eaf849daa66e2287d7953d08 - - default default] Successfully bumped revision number for resource 32d11128-b089-42ca-a63a-5b1fcd80f6b9 (type: security_group_rules) to 0
2026-07-07 04:50:07.700 9 WARNING neutron.plugins.ml2.drivers.ovn.mech_driver.ovsdb.ovn_client [None req-4e5bc2ae-3706-428d-bd8a-a74b8e2d2cf6 - - - - - -] No hosting information found for port 2ded19f9-8489-47d6-9478-b61947716d35: RuntimeError: No hosting information found for port 2ded19f9-8489-47d6-9478-b61947716d35
2026-07-07 04:50:07.701 9 INFO neutron.plugins.ml2.drivers.ovn.mech_driver.mech_driver [None req-4e5bc2ae-3706-428d-bd8a-a74b8e2d2cf6 - - - - - -] OVN reports status up for port: 4550e4ad-30c9-477b-8f72-350f585260e6
2026-07-07 04:50:07.706 9 INFO neutron.plugins.ml2.plugin [None req-4e5bc2ae-3706-428d-bd8a-a74b8e2d2cf6 - - - - - -] Attempt 1 to provision port 4550e4ad-30c9-477b-8f72-350f585260e6
2026-07-07 04:50:07.718 10 INFO neutron.wsgi [None req-5c49c460-b3b1-41f3-a09a-d3b39a9ec84c 7216d0b82d6040dc834b75e9c75385ac 74d31879eaf849daa66e2287d7953d08 - - default default] 10.0.0.19 "POST /v2.0/security-group-rules HTTP/1.1" status: 201 len: 768 time: 0.1311870
2026-07-07 04:50:07.858 10 INFO neutron.db.ovn_revision_numbers_db [None req-cbaa4e27-de54-4aa3-8de6-4da78056ea01 7216d0b82d6040dc834b75e9c75385ac 74d31879eaf849daa66e2287d7953d08 - - default default] Successfully bumped revision number for resource a4f180f2-983a-4753-9f64-3920b08da6f6 (type: security_group_rules) to 0
2026-07-07 04:50:07.894 10 INFO neutron.wsgi [None req-cbaa4e27-de54-4aa3-8de6-4da78056ea01 7216d0b82d6040dc834b75e9c75385ac 74d31879eaf849daa66e2287d7953d08 - - default default] 10.0.0.19 "POST /v2.0/security-group-rules HTTP/1.1" status: 201 len: 768 time: 0.1725879
2026-07-07 04:50:07.986 9 INFO neutron.db.ovn_revision_numbers_db [None req-4e5bc2ae-3706-428d-bd8a-a74b8e2d2cf6 - - - - - -] Successfully bumped revision number for resource 4550e4ad-30c9-477b-8f72-350f585260e6 (type: ports) to 2
2026-07-07 04:50:08.033 10 INFO neutron.db.ovn_revision_numbers_db [None req-9a6cfd2c-0ae6-44fc-b40f-f5ebc476fca5 7216d0b82d6040dc834b75e9c75385ac 74d31879eaf849daa66e2287d7953d08 - - default default] Successfully bumped revision number for resource 5a8ec60b-67e8-49cc-99cc-06f9811344ca (type: security_group_rules) to 0
2026-07-07 04:50:08.056 10 INFO neutron.wsgi [None req-9a6cfd2c-0ae6-44fc-b40f-f5ebc476fca5 7216d0b82d6040dc834b75e9c75385ac 74d31879eaf849daa66e2287d7953d08 - - default default] 10.0.0.19 "POST /v2.0/security-group-rules HTTP/1.1" status: 201 len: 764 time: 0.1548471
2026-07-07 04:50:08.113 9 INFO neutron.db.ovn_revision_numbers_db [None req-4e5bc2ae-3706-428d-bd8a-a74b8e2d2cf6 - - - - - -] Successfully bumped revision number for resource 4550e4ad-30c9-477b-8f72-350f585260e6 (type: router_ports) to 2
2026-07-07 04:50:08.188 10 INFO neutron.db.ovn_revision_numbers_db [None req-e29d7706-75f8-4691-a02e-eabebe44d253 7216d0b82d6040dc834b75e9c75385ac 74d31879eaf849daa66e2287d7953d08 - - default default] Successfully bumped revision number for resource 7d47eb73-c8ae-44d8-8bf1-a8a2dfcece82 (type: security_group_rules) to 0
2026-07-07 04:50:08.208 10 INFO neutron.wsgi [None req-e29d7706-75f8-4691-a02e-eabebe44d253 7216d0b82d6040dc834b75e9c75385ac 74d31879eaf849daa66e2287d7953d08 - - default default] 10.0.0.19 "POST /v2.0/security-group-rules HTTP/1.1" status: 201 len: 764 time: 0.1464419
2026-07-07 04:50:08.336 10 INFO neutron.db.ovn_revision_numbers_db [None req-17ff39f5-6b25-44ac-a7c2-42615a8ec17d 7216d0b82d6040dc834b75e9c75385ac 74d31879eaf849daa66e2287d7953d08 - - default default] Successfully bumped revision number for resource cc509a01-7f08-442e-852a-d41931894099 (type: security_group_rules) to 0
2026-07-07 04:50:08.359 10 INFO neutron.wsgi [None req-17ff39f5-6b25-44ac-a7c2-42615a8ec17d 7216d0b82d6040dc834b75e9c75385ac 74d31879eaf849daa66e2287d7953d08 - - default default] 10.0.0.19 "POST /v2.0/security-group-rules HTTP/1.1" status: 201 len: 764 time: 0.1462843
2026-07-07 04:50:08.489 10 INFO neutron.db.ovn_revision_numbers_db [None req-ca9025e9-4977-4e75-a0f3-017731f409d2 7216d0b82d6040dc834b75e9c75385ac 74d31879eaf849daa66e2287d7953d08 - - default default] Successfully bumped revision number for resource ee49197f-f3bd-4061-9ff5-5e620349c49f (type: security_group_rules) to 0
2026-07-07 04:50:08.518 10 INFO neutron.wsgi [None req-ca9025e9-4977-4e75-a0f3-017731f409d2 7216d0b82d6040dc834b75e9c75385ac 74d31879eaf849daa66e2287d7953d08 - - default default] 10.0.0.19 "POST /v2.0/security-group-rules HTTP/1.1" status: 201 len: 766 time: 0.1546097
2026-07-07 04:50:08.670 10 INFO neutron.db.ovn_revision_numbers_db [None req-6ec590e6-61e3-4cac-81b3-c14fdb502b07 7216d0b82d6040dc834b75e9c75385ac 74d31879eaf849daa66e2287d7953d08 - - default default] Successfully bumped revision number for resource 05e2bc81-2edf-4b1d-984e-21cee433676c (type: security_group_rules) to 0
2026-07-07 04:50:08.704 10 INFO neutron.wsgi [None req-6ec590e6-61e3-4cac-81b3-c14fdb502b07 7216d0b82d6040dc834b75e9c75385ac 74d31879eaf849daa66e2287d7953d08 - - default default] 10.0.0.19 "POST /v2.0/security-group-rules HTTP/1.1" status: 201 len: 768 time: 0.1808081
2026-07-07 04:50:08.783 10 INFO neutron.wsgi [None req-80289ab8-8074-4af9-82f2-68ebfbf37c4d 1043432b62494b4e8852bb44af6929db e91b5fa3fcbf43698f4b2eeec35a1622 - - default default] 10.0.0.19 "DELETE /v2.0/security-groups/3a1b9da3-5353-4a70-8856-2dcf190e674b HTTP/1.1" status: 204 len: 168 time: 0.1593111
2026-07-07 04:50:08.800 9 INFO neutron.api.v2.resource [None req-3f6d1af1-b31b-4618-8e83-4ff41af819f5 1043432b62494b4e8852bb44af6929db e91b5fa3fcbf43698f4b2eeec35a1622 - - default default] show failed (client error): The resource could not be found.
2026-07-07 04:50:08.801 9 INFO neutron.wsgi [None req-3f6d1af1-b31b-4618-8e83-4ff41af819f5 1043432b62494b4e8852bb44af6929db e91b5fa3fcbf43698f4b2eeec35a1622 - - default default] 10.0.0.19 "GET /v2.0/security-groups/3a1b9da3-5353-4a70-8856-2dcf190e674b HTTP/1.1" status: 404 len: 347 time: 0.0128489
2026-07-07 04:50:08.877 10 INFO neutron.db.ovn_revision_numbers_db [None req-009709b6-afa9-4471-8740-0cdfa4c47bf4 7216d0b82d6040dc834b75e9c75385ac 74d31879eaf849daa66e2287d7953d08 - - default default] Successfully bumped revision number for resource 3ef75cae-3208-4736-949c-f2ad5e6abf81 (type: security_group_rules) to 0
2026-07-07 04:50:08.901 10 INFO neutron.wsgi [None req-009709b6-afa9-4471-8740-0cdfa4c47bf4 7216d0b82d6040dc834b75e9c75385ac 74d31879eaf849daa66e2287d7953d08 - - default default] 10.0.0.19 "POST /v2.0/security-group-rules HTTP/1.1" status: 201 len: 764 time: 0.1922681
2026-07-07 04:50:09.164 9 INFO neutron.wsgi [req-ed4f7ba1-afbe-41c6-bab7-81904a5e8d1a req-c90acf9e-3555-4673-8e21-2c292a1928e9 7216d0b82d6040dc834b75e9c75385ac 74d31879eaf849daa66e2287d7953d08 - - default default] 10.0.0.129 "GET /v2.0/security-groups?name=tempest-lb_member_SG-1321576382&fields=id&tenant_id=74d31879eaf849daa66e2287d7953d08 HTTP/1.1" status: 200 len: 267 time: 0.0649652
2026-07-07 04:50:09.205 9 INFO neutron.wsgi [None req-ccf8c199-428d-4cbe-9bc5-9bf8ce82a418 1043432b62494b4e8852bb44af6929db e91b5fa3fcbf43698f4b2eeec35a1622 - - default default] 10.0.0.19 "DELETE /v2.0/floatingips/df7c66cb-908c-44e1-bf50-69f55d1ed5f4 HTTP/1.1" status: 204 len: 168 time: 0.3997223
2026-07-07 04:50:09.251 9 INFO neutron.wsgi [req-ed4f7ba1-afbe-41c6-bab7-81904a5e8d1a req-8506f045-4fc1-46de-bfd4-8a349c01df09 7216d0b82d6040dc834b75e9c75385ac 74d31879eaf849daa66e2287d7953d08 - - default default] 10.0.0.129 "GET /v2.0/networks?id=17516e9f-bc28-4f04-ba02-ed59f669572e HTTP/1.1" status: 200 len: 904 time: 0.0772932
2026-07-07 04:50:09.270 9 INFO neutron.wsgi [req-ed4f7ba1-afbe-41c6-bab7-81904a5e8d1a req-230cb4a2-2c67-4d54-98e0-af13df29d907 7216d0b82d6040dc834b75e9c75385ac 74d31879eaf849daa66e2287d7953d08 - - default default] 10.0.0.129 "GET /v2.0/quotas/74d31879eaf849daa66e2287d7953d08 HTTP/1.1" status: 200 len: 386 time: 0.0095525
2026-07-07 04:50:09.354 10 INFO neutron.wsgi [None req-0544bbd7-9be3-4217-baa5-550f1d30683c 1043432b62494b4e8852bb44af6929db e91b5fa3fcbf43698f4b2eeec35a1622 - - default default] 10.0.0.19 "DELETE /v2.0/security-groups/e437877b-2ebf-465f-baa6-43623030138a HTTP/1.1" status: 204 len: 168 time: 0.1421788
2026-07-07 04:50:09.475 9 INFO neutron.wsgi [req-ed4f7ba1-afbe-41c6-bab7-81904a5e8d1a req-02defe5e-8b20-4b90-ac5f-9c102a3b9104 7216d0b82d6040dc834b75e9c75385ac 74d31879eaf849daa66e2287d7953d08 - - default default] 10.0.0.129 "GET /v2.0/ports?tenant_id=74d31879eaf849daa66e2287d7953d08&fields=id HTTP/1.1" status: 200 len: 486 time: 0.2007751
2026-07-07 04:50:09.541 9 INFO neutron.wsgi [req-ed4f7ba1-afbe-41c6-bab7-81904a5e8d1a req-1d16de1a-4171-4a0b-98e7-ed189f926603 3ea0a39635114086bda3cf1522cc0494 1f66e9477f4a452f96ebceff078cafb8 - - eba47cdcf001454d92b9bf2f241a4b09 eba47cdcf001454d92b9bf2f241a4b09] 10.0.0.129 "GET /v2.0/networks/17516e9f-bc28-4f04-ba02-ed59f669572e?fields=segments HTTP/1.1" status: 200 len: 212 time: 0.0539353
2026-07-07 04:50:09.618 9 INFO neutron.wsgi [req-ed4f7ba1-afbe-41c6-bab7-81904a5e8d1a req-41160a7f-ac7a-4b76-bcc3-052aff6aaaf2 3ea0a39635114086bda3cf1522cc0494 1f66e9477f4a452f96ebceff078cafb8 - - eba47cdcf001454d92b9bf2f241a4b09 eba47cdcf001454d92b9bf2f241a4b09] 10.0.0.129 "GET /v2.0/networks/17516e9f-bc28-4f04-ba02-ed59f669572e?fields=provider%3Aphysical_network&fields=provider%3Anetwork_type HTTP/1.1" status: 200 len: 277 time: 0.0688043
2026-07-07 04:50:09.763 9 INFO neutron.wsgi [req-e8f92277-f169-4907-bd0d-e3f8ccdb741d req-b2ab2ee6-00ca-4e05-a093-8a392c576be5 7216d0b82d6040dc834b75e9c75385ac 74d31879eaf849daa66e2287d7953d08 - - default default] 10.0.0.129 "GET /v2.0/ports?device_id=750cbdf1-fbfb-45bb-8869-c1711ab52f69 HTTP/1.1" status: 200 len: 210 time: 0.0158648
2026-07-07 04:50:10.510 9 INFO neutron.wsgi [req-ed4f7ba1-afbe-41c6-bab7-81904a5e8d1a req-91d5f9a4-a37d-4f9a-9555-26039e26bb4a 7216d0b82d6040dc834b75e9c75385ac 74d31879eaf849daa66e2287d7953d08 - - default default] 199.204.45.95 "GET /v2.0/networks?id=17516e9f-bc28-4f04-ba02-ed59f669572e HTTP/1.1" status: 200 len: 904 time: 0.0903623
2026-07-07 04:50:10.571 9 INFO neutron.wsgi [req-ed4f7ba1-afbe-41c6-bab7-81904a5e8d1a req-4088a372-7e29-465f-b73d-6b38e447a257 7216d0b82d6040dc834b75e9c75385ac 74d31879eaf849daa66e2287d7953d08 - - default default] 199.204.45.95 "GET /v2.0/security-groups?fields=id&fields=name&tenant_id=74d31879eaf849daa66e2287d7953d08 HTTP/1.1" status: 200 len: 378 time: 0.0511587
2026-07-07 04:50:10.809 10 INFO neutron.wsgi [None req-4efb749f-0ea4-4d8a-bca1-93911e3ed98b 1ca593f1ddd74c7eabab8676647af840 164fa6fa12f64f1fac166893e00fa288 - - default default] 10.0.0.119 "GET /v2.0/floatingips HTTP/1.1" status: 200 len: 193 time: 0.0854843
2026-07-07 04:50:10.892 10 INFO neutron.wsgi [None req-5b2f81d0-f40e-4e8d-9f04-3b1641662f33 1ca593f1ddd74c7eabab8676647af840 164fa6fa12f64f1fac166893e00fa288 - - default default] 10.0.0.19 "PUT /v2.0/routers/02a4a63d-65f4-428e-a0f7-d60725959fef/remove_router_interface HTTP/1.1" status: 200 len: 503 time: 1.4953418
2026-07-07 04:50:10.912 10 INFO neutron.wsgi [None req-ed4689da-512a-43ae-8ee1-e59f9d17983c 1ca593f1ddd74c7eabab8676647af840 164fa6fa12f64f1fac166893e00fa288 - - default default] 10.0.0.119 "GET /v2.0/subnets HTTP/1.1" status: 200 len: 6799 time: 0.1016245 /var/lib/openstack/lib/python3.10/site-packages/pycadf/identifier.py:71: UserWarning: Invalid uuid: neutron. To ensure interoperability, identifiers should be a valid uuid. warnings.warn(('Invalid uuid: %s. To ensure interoperability, '
2026-07-07 04:50:10.998 10 INFO neutron.wsgi [None req-c82770d5-be12-492b-8dc8-768a22951fca 1ca593f1ddd74c7eabab8676647af840 164fa6fa12f64f1fac166893e00fa288 - - default default] 10.0.0.119 "GET /v2.0/security-groups HTTP/1.1" status: 200 len: 33084 time: 0.0804958
2026-07-07 04:50:11.023 10 INFO neutron.wsgi [None req-830605ea-8c21-44dc-9c03-a4c30499a747 1ca593f1ddd74c7eabab8676647af840 164fa6fa12f64f1fac166893e00fa288 - - default default] 10.0.0.119 "GET /v2.0/network-ip-availabilities HTTP/1.1" status: 200 len: 4300 time: 0.0158749
2026-07-07 04:50:11.043 9 WARNING neutron.scheduler.dhcp_agent_scheduler [req-ed4f7ba1-afbe-41c6-bab7-81904a5e8d1a req-453cce7b-1165-4ca4-872f-1a76e821719d 7216d0b82d6040dc834b75e9c75385ac 74d31879eaf849daa66e2287d7953d08 - - default default] No more DHCP agents
2026-07-07 04:50:11.048 9 WARNING neutron.api.rpc.agentnotifiers.dhcp_rpc_agent_api [req-ed4f7ba1-afbe-41c6-bab7-81904a5e8d1a req-453cce7b-1165-4ca4-872f-1a76e821719d 7216d0b82d6040dc834b75e9c75385ac 74d31879eaf849daa66e2287d7953d08 - - default default] Unable to schedule network 17516e9f-bc28-4f04-ba02-ed59f669572e: no agents available; will retry on subsequent port and subnet creation events.
2026-07-07 04:50:11.105 10 INFO neutron.wsgi [None req-97f1bea0-35e2-4940-9b1c-5d7f76247eb3 1ca593f1ddd74c7eabab8676647af840 164fa6fa12f64f1fac166893e00fa288 - - default default] 10.0.0.119 "GET /v2.0/networks HTTP/1.1" status: 200 len: 6234 time: 0.0812213
2026-07-07 04:50:11.155 10 INFO neutron.wsgi [None req-d98cf6ff-0c5e-4aa4-bfae-54be7d55d76b 1ca593f1ddd74c7eabab8676647af840 164fa6fa12f64f1fac166893e00fa288 - - default default] 10.0.0.119 "GET /v2.0/ports HTTP/1.1" status: 200 len: 19417 time: 0.0467992
2026-07-07 04:50:11.205 10 INFO neutron.wsgi [None req-fafd5c4b-8292-4221-a726-748b5b5fc226 1ca593f1ddd74c7eabab8676647af840 164fa6fa12f64f1fac166893e00fa288 - - default default] 10.0.0.119 "GET /v2.0/subnets HTTP/1.1" status: 200 len: 6799 time: 0.0407276
2026-07-07 04:50:11.235 10 INFO neutron.wsgi [None req-e9d5d970-2845-4dc1-ad6c-63cb67e8878c 1ca593f1ddd74c7eabab8676647af840 164fa6fa12f64f1fac166893e00fa288 - - default default] 10.0.0.119 "GET /v2.0/subnetpools HTTP/1.1" status: 200 len: 193 time: 0.0258319
2026-07-07 04:50:11.276 9 INFO neutron.db.ovn_revision_numbers_db [req-ed4f7ba1-afbe-41c6-bab7-81904a5e8d1a req-453cce7b-1165-4ca4-872f-1a76e821719d 7216d0b82d6040dc834b75e9c75385ac 74d31879eaf849daa66e2287d7953d08 - - default default] Successfully bumped revision number for resource f59caf7a-2f49-43ee-963c-167793d3b2b7 (type: ports) to 1
2026-07-07 04:50:11.314 9 INFO neutron.wsgi [req-ed4f7ba1-afbe-41c6-bab7-81904a5e8d1a req-453cce7b-1165-4ca4-872f-1a76e821719d 7216d0b82d6040dc834b75e9c75385ac 74d31879eaf849daa66e2287d7953d08 - - default default] 199.204.45.95 "POST /v2.0/ports HTTP/1.1" status: 201 len: 1380 time: 0.7395806 /var/lib/openstack/lib/python3.10/site-packages/pycadf/identifier.py:71: UserWarning: Invalid uuid: neutron. To ensure interoperability, identifiers should be a valid uuid. warnings.warn(('Invalid uuid: %s. To ensure interoperability, '
2026-07-07 04:50:11.346 10 INFO neutron.wsgi [None req-977b9bc3-d46f-478f-b174-a312065bdb55 1ca593f1ddd74c7eabab8676647af840 164fa6fa12f64f1fac166893e00fa288 - - default default] 10.0.0.119 "GET /v2.0/routers HTTP/1.1" status: 200 len: 2010 time: 0.1102426
2026-07-07 04:50:11.357 10 INFO neutron.wsgi [None req-b030231b-edaf-4b8f-b358-aa1372f1486a 1ca593f1ddd74c7eabab8676647af840 164fa6fa12f64f1fac166893e00fa288 - - default default] 10.0.0.119 "GET /v2.0/agents?binary=ovn-controller HTTP/1.1" status: 200 len: 591 time: 0.0105441
2026-07-07 04:50:11.367 10 INFO neutron.wsgi [None req-78eb6567-cd0d-4853-868e-3b579620d93d 1ca593f1ddd74c7eabab8676647af840 164fa6fa12f64f1fac166893e00fa288 - - default default] 10.0.0.119 "GET /v2.0/agents HTTP/1.1" status: 200 len: 997 time: 0.0088766
2026-07-07 04:50:11.695 9 INFO neutron.wsgi [None req-d3133056-32e7-4e6c-b016-000c9410f417 1ca593f1ddd74c7eabab8676647af840 164fa6fa12f64f1fac166893e00fa288 - - default default] 10.0.0.19 "DELETE /v2.0/routers/02a4a63d-65f4-428e-a0f7-d60725959fef HTTP/1.1" status: 204 len: 168 time: 0.7989807
2026-07-07 04:50:11.879 9 INFO neutron.db.ovn_revision_numbers_db [req-ed4f7ba1-afbe-41c6-bab7-81904a5e8d1a req-bff6547d-062c-4b73-b421-e458b98ef83b 3ea0a39635114086bda3cf1522cc0494 1f66e9477f4a452f96ebceff078cafb8 - - eba47cdcf001454d92b9bf2f241a4b09 eba47cdcf001454d92b9bf2f241a4b09] Successfully bumped revision number for resource f59caf7a-2f49-43ee-963c-167793d3b2b7 (type: ports) to 2
2026-07-07 04:50:11.924 10 INFO neutron.wsgi [None req-ed13cc2b-97ac-46cf-be21-12d242528f81 1ca593f1ddd74c7eabab8676647af840 164fa6fa12f64f1fac166893e00fa288 - - default default] 10.0.0.19 "DELETE /v2.0/subnets/71eaaa94-68fa-4342-aa1f-5d066126eb6f HTTP/1.1" status: 204 len: 168 time: 0.2242517
