2026-07-07 04:49:05.991 10 WARNING neutron.scheduler.dhcp_agent_scheduler [None req-87ed0fe5-4b96-4090-8fc9-9d88b7c117fd b15f36a49e454323a0bcd15b31f7af48 3950db7e13244519a5a9b6243653eb1f - - default default] No more DHCP agents
2026-07-07 04:49:05.994 10 WARNING neutron.api.rpc.agentnotifiers.dhcp_rpc_agent_api [None req-87ed0fe5-4b96-4090-8fc9-9d88b7c117fd b15f36a49e454323a0bcd15b31f7af48 3950db7e13244519a5a9b6243653eb1f - - default default] Unable to schedule network d1b2684a-7d75-4a0a-b8e8-bbf022f08fd9: no agents available; will retry on subsequent port and subnet creation events.
2026-07-07 04:49:06.002 9 INFO neutron.db.ovn_revision_numbers_db [None req-ef31f078-0dbc-4e75-b993-06333da338ca 1ca593f1ddd74c7eabab8676647af840 164fa6fa12f64f1fac166893e00fa288 - - default default] Successfully bumped revision number for resource 6dce3022-45af-4ffc-829a-62548fcad7e4 (type: security_group_rules) to 0
2026-07-07 04:49:06.049 9 INFO neutron.db.ovn_revision_numbers_db [None req-ef31f078-0dbc-4e75-b993-06333da338ca 1ca593f1ddd74c7eabab8676647af840 164fa6fa12f64f1fac166893e00fa288 - - default default] Successfully bumped revision number for resource 8bbff8f6-ae69-440c-a493-2cc0ec8db6d6 (type: security_group_rules) to 0
2026-07-07 04:49:06.068 9 WARNING neutron.scheduler.dhcp_agent_scheduler [None req-7c39f210-b795-4935-afea-8538b01fffd8 eb2f7948fb674e36b122ed53cb11139d 94eb11a373414a228f2a70c35ecb1386 - - default default] No more DHCP agents
2026-07-07 04:49:06.078 9 WARNING neutron.api.rpc.agentnotifiers.dhcp_rpc_agent_api [None req-7c39f210-b795-4935-afea-8538b01fffd8 eb2f7948fb674e36b122ed53cb11139d 94eb11a373414a228f2a70c35ecb1386 - - default default] Unable to schedule network 7f11c64e-d59b-4f44-8e79-96af6973f110: no agents available; will retry on subsequent port and subnet creation events.
2026-07-07 04:49:06.090 9 INFO neutron.wsgi [None req-ef31f078-0dbc-4e75-b993-06333da338ca 1ca593f1ddd74c7eabab8676647af840 164fa6fa12f64f1fac166893e00fa288 - - default default] 10.0.0.19 "GET /v2.0/security-groups?tenant_id=b5c094a8452f428c93bc26460aa3a24c&name=default HTTP/1.1" status: 200 len: 2996 time: 0.4028378
2026-07-07 04:49:06.183 9 INFO neutron.db.ovn_revision_numbers_db [None req-7c39f210-b795-4935-afea-8538b01fffd8 eb2f7948fb674e36b122ed53cb11139d 94eb11a373414a228f2a70c35ecb1386 - - default default] Successfully bumped revision number for resource 01da71f9-2671-42d5-b8a2-1fbd591fde70 (type: ports) to 1
2026-07-07 04:49:06.219 9 INFO neutron.wsgi [None req-7c39f210-b795-4935-afea-8538b01fffd8 eb2f7948fb674e36b122ed53cb11139d 94eb11a373414a228f2a70c35ecb1386 - - default default] 10.0.0.19 "POST /v2.0/ports HTTP/1.1" status: 201 len: 942 time: 0.5268273
2026-07-07 04:49:06.280 10 INFO neutron.wsgi [None req-576b856a-e130-490c-be27-66b5a96287cb eb2f7948fb674e36b122ed53cb11139d 94eb11a373414a228f2a70c35ecb1386 - - default default] 10.0.0.19 "PUT /v2.0/ports/01da71f9-2671-42d5-b8a2-1fbd591fde70/tags HTTP/1.1" status: 200 len: 218 time: 0.0574312
2026-07-07 04:49:06.293 9 INFO neutron.services.segments.plugin [-] Segment 87a4fc48-c8ff-469f-9246-66d0ca10e561 resource provider aggregate not found
2026-07-07 04:49:06.303 9 INFO neutron.services.segments.plugin [-] Segment 87a4fc48-c8ff-469f-9246-66d0ca10e561 resource provider aggregate not found
2026-07-07 04:49:06.322 9 INFO neutron.services.segments.plugin [-] Segment 87a4fc48-c8ff-469f-9246-66d0ca10e561 resource provider not found; error: Placement Client Error (4xx): {"errors": [{"status": 404, "title": "Not Found", "detail": "The resource could not be found.\n\n No resource provider with uuid 87a4fc48-c8ff-469f-9246-66d0ca10e561 found for delete ", "request_id": "req-699994b5-5828-4b34-b9b8-b6dafb6dc258"}]}
2026-07-07 04:49:06.330 9 INFO neutron.services.segments.plugin [-] Segment 87a4fc48-c8ff-469f-9246-66d0ca10e561 resource provider not found; error: Placement Client Error (4xx): {"errors": [{"status": 404, "title": "Not Found", "detail": "The resource could not be found.\n\n No resource provider with uuid 87a4fc48-c8ff-469f-9246-66d0ca10e561 found for delete ", "request_id": "req-27b662ef-b734-4e8b-b63b-c38c568ac5a4"}]}
2026-07-07 04:49:06.349 9 INFO neutron.wsgi [None req-8c242d0c-453c-4024-a8bc-baf8d802a794 48c92ce379d9401e853d364f7cab7921 901fe8598fc04fa1b27cc4954fd64e89 - - default default] 10.0.0.19 "DELETE /v2.0/networks/59d30706-0d1b-4d57-aba9-5ca9931b89fb HTTP/1.1" status: 204 len: 168 time: 0.5768056 /var/lib/openstack/lib/python3.10/site-packages/pycadf/identifier.py:71: UserWarning: Invalid uuid: neutron. To ensure interoperability, identifiers should be a valid uuid. warnings.warn(('Invalid uuid: %s. To ensure interoperability, '
2026-07-07 04:49:06.373 10 INFO neutron.wsgi [None req-18b84183-0bac-499f-b363-5ba89c53fc56 eb2f7948fb674e36b122ed53cb11139d 94eb11a373414a228f2a70c35ecb1386 - - default default] 10.0.0.19 "GET /v2.0/ports/01da71f9-2671-42d5-b8a2-1fbd591fde70/tags HTTP/1.1" status: 200 len: 218 time: 0.0844862
2026-07-07 04:49:06.421 10 INFO neutron.db.ovn_revision_numbers_db [None req-87ed0fe5-4b96-4090-8fc9-9d88b7c117fd b15f36a49e454323a0bcd15b31f7af48 3950db7e13244519a5a9b6243653eb1f - - default default] Successfully bumped revision number for resource 42813f6c-f3f9-4f3b-bafc-7b6749843644 (type: floatingips) to 0
2026-07-07 04:49:06.428 9 INFO neutron.wsgi [None req-34ecd560-cd72-44f3-80cb-57515bc72e1a eb2f7948fb674e36b122ed53cb11139d 94eb11a373414a228f2a70c35ecb1386 - - default default] 10.0.0.19 "PUT /v2.0/ports/01da71f9-2671-42d5-b8a2-1fbd591fde70/tags/green HTTP/1.1" status: 201 len: 201 time: 0.0500739
2026-07-07 04:49:06.440 10 INFO neutron.wsgi [None req-87ed0fe5-4b96-4090-8fc9-9d88b7c117fd b15f36a49e454323a0bcd15b31f7af48 3950db7e13244519a5a9b6243653eb1f - - default default] 10.0.0.19 "POST /v2.0/floatingips HTTP/1.1" status: 201 len: 751 time: 0.7585826
2026-07-07 04:49:06.458 10 INFO neutron.wsgi [None req-3e866cde-e95f-4ec4-9d2e-bb8960f0d484 1ca593f1ddd74c7eabab8676647af840 164fa6fa12f64f1fac166893e00fa288 - - default default] 10.0.0.19 "DELETE /v2.0/security-groups/50dd3c01-b8c8-4f27-8c3d-2cdcf8bfb4ea HTTP/1.1" status: 204 len: 168 time: 0.3546247
2026-07-07 04:49:06.473 9 INFO neutron.wsgi [None req-c1c8f3e7-4e54-4109-b033-240eb33fd6fb eb2f7948fb674e36b122ed53cb11139d 94eb11a373414a228f2a70c35ecb1386 - - default default] 10.0.0.19 "GET /v2.0/ports/01da71f9-2671-42d5-b8a2-1fbd591fde70/tags HTTP/1.1" status: 200 len: 227 time: 0.0375402
2026-07-07 04:49:06.478 9 INFO neutron.db.segments_db [None req-8b98e780-f3bb-4ac7-8b39-835b5a2c73f6 48c92ce379d9401e853d364f7cab7921 901fe8598fc04fa1b27cc4954fd64e89 - - default default] Added segment fa560912-69af-4dd5-8d40-e36da551b776 of type geneve for network 8d1ec6bf-8790-4f56-8f1a-a2f2858f6863
2026-07-07 04:49:06.517 10 INFO neutron.wsgi [None req-4529a522-08e5-4fa0-8205-ba1c96ca0ae5 eb2f7948fb674e36b122ed53cb11139d 94eb11a373414a228f2a70c35ecb1386 - - default default] 10.0.0.19 "PUT /v2.0/ports/01da71f9-2671-42d5-b8a2-1fbd591fde70/tags/red HTTP/1.1" status: 201 len: 201 time: 0.0397203
2026-07-07 04:49:06.560 9 INFO neutron.wsgi [None req-3251a433-0881-4508-92fc-1e6481969393 eb2f7948fb674e36b122ed53cb11139d 94eb11a373414a228f2a70c35ecb1386 - - default default] 10.0.0.19 "GET /v2.0/ports/01da71f9-2671-42d5-b8a2-1fbd591fde70/tags HTTP/1.1" status: 200 len: 227 time: 0.0381155
2026-07-07 04:49:06.632 9 INFO neutron.wsgi [None req-4740284b-b298-467a-b5de-5d5e82892d6e eb2f7948fb674e36b122ed53cb11139d 94eb11a373414a228f2a70c35ecb1386 - - default default] 10.0.0.19 "PUT /v2.0/ports/01da71f9-2671-42d5-b8a2-1fbd591fde70/tags/black.or.white HTTP/1.1" status: 201 len: 201 time: 0.0672684
2026-07-07 04:49:06.641 9 INFO neutron.db.ovn_revision_numbers_db [None req-8b98e780-f3bb-4ac7-8b39-835b5a2c73f6 48c92ce379d9401e853d364f7cab7921 901fe8598fc04fa1b27cc4954fd64e89 - - default default] Successfully bumped revision number for resource 8d1ec6bf-8790-4f56-8f1a-a2f2858f6863 (type: networks) to 1
2026-07-07 04:49:06.670 9 INFO neutron.wsgi [None req-c54bbd08-9fba-47da-9277-3679c9996c7c eb2f7948fb674e36b122ed53cb11139d 94eb11a373414a228f2a70c35ecb1386 - - default default] 10.0.0.19 "GET /v2.0/ports/01da71f9-2671-42d5-b8a2-1fbd591fde70/tags HTTP/1.1" status: 200 len: 245 time: 0.0331199
2026-07-07 04:49:06.717 10 WARNING neutron.scheduler.dhcp_agent_scheduler [None req-6e9843d7-6dd4-4152-83d2-bb602ca6dd96 b15f36a49e454323a0bcd15b31f7af48 3950db7e13244519a5a9b6243653eb1f - - default default] No more DHCP agents
2026-07-07 04:49:06.718 10 WARNING neutron.api.rpc.agentnotifiers.dhcp_rpc_agent_api [None req-6e9843d7-6dd4-4152-83d2-bb602ca6dd96 b15f36a49e454323a0bcd15b31f7af48 3950db7e13244519a5a9b6243653eb1f - - default default] Unable to schedule network d1b2684a-7d75-4a0a-b8e8-bbf022f08fd9: no agents available; will retry on subsequent port and subnet creation events.
2026-07-07 04:49:06.733 9 INFO neutron.wsgi [None req-72d4833f-b5ad-4d95-93f7-f932a6b14c4c eb2f7948fb674e36b122ed53cb11139d 94eb11a373414a228f2a70c35ecb1386 - - default default] 10.0.0.19 "PUT /v2.0/ports/01da71f9-2671-42d5-b8a2-1fbd591fde70/tags HTTP/1.1" status: 200 len: 230 time: 0.0579791
2026-07-07 04:49:06.772 10 INFO neutron.wsgi [None req-a351ab3a-d14c-4117-84b6-e581d468e24c eb2f7948fb674e36b122ed53cb11139d 94eb11a373414a228f2a70c35ecb1386 - - default default] 10.0.0.19 "GET /v2.0/ports/01da71f9-2671-42d5-b8a2-1fbd591fde70/tags HTTP/1.1" status: 200 len: 230 time: 0.0301178
2026-07-07 04:49:06.811 10 INFO neutron.wsgi [None req-de3db253-decd-4811-acdf-f56d9a38c9c9 eb2f7948fb674e36b122ed53cb11139d 94eb11a373414a228f2a70c35ecb1386 - - default default] 10.0.0.19 "GET /v2.0/ports/01da71f9-2671-42d5-b8a2-1fbd591fde70/tags/red HTTP/1.1" status: 204 len: 168 time: 0.0356290
2026-07-07 04:49:06.838 9 WARNING neutron.scheduler.dhcp_agent_scheduler [None req-8b98e780-f3bb-4ac7-8b39-835b5a2c73f6 48c92ce379d9401e853d364f7cab7921 901fe8598fc04fa1b27cc4954fd64e89 - - default default] No more DHCP agents
2026-07-07 04:49:06.841 9 WARNING neutron.api.rpc.agentnotifiers.dhcp_rpc_agent_api [None req-8b98e780-f3bb-4ac7-8b39-835b5a2c73f6 48c92ce379d9401e853d364f7cab7921 901fe8598fc04fa1b27cc4954fd64e89 - - default default] Unable to schedule network 8d1ec6bf-8790-4f56-8f1a-a2f2858f6863: no agents available; will retry on subsequent port and subnet creation events.
2026-07-07 04:49:06.869 10 INFO neutron.api.v2.resource [None req-5af822ec-bfdf-4441-ae96-c5f7a7c6fffd eb2f7948fb674e36b122ed53cb11139d 94eb11a373414a228f2a70c35ecb1386 - - default default] show failed (client error): The resource could not be found.
2026-07-07 04:49:06.870 10 INFO neutron.wsgi [None req-5af822ec-bfdf-4441-ae96-c5f7a7c6fffd eb2f7948fb674e36b122ed53cb11139d 94eb11a373414a228f2a70c35ecb1386 - - default default] 10.0.0.19 "GET /v2.0/ports/01da71f9-2671-42d5-b8a2-1fbd591fde70/tags/green HTTP/1.1" status: 404 len: 299 time: 0.0512252
2026-07-07 04:49:06.938 10 INFO neutron.wsgi [None req-32a21702-1074-4674-8bf3-e1a4b78f78a4 eb2f7948fb674e36b122ed53cb11139d 94eb11a373414a228f2a70c35ecb1386 - - default default] 10.0.0.19 "DELETE /v2.0/ports/01da71f9-2671-42d5-b8a2-1fbd591fde70/tags/red HTTP/1.1" status: 204 len: 168 time: 0.0578620
2026-07-07 04:49:06.940 9 INFO neutron.db.ovn_revision_numbers_db [None req-8b98e780-f3bb-4ac7-8b39-835b5a2c73f6 48c92ce379d9401e853d364f7cab7921 901fe8598fc04fa1b27cc4954fd64e89 - - default default] Successfully bumped revision number for resource 4691c847-5868-4b88-9782-4f72d915adf1 (type: ports) to 1
2026-07-07 04:49:06.971 9 INFO neutron.wsgi [None req-8b98e780-f3bb-4ac7-8b39-835b5a2c73f6 48c92ce379d9401e853d364f7cab7921 901fe8598fc04fa1b27cc4954fd64e89 - - default default] 10.0.0.19 "POST /v2.0/networks HTTP/1.1" status: 201 len: 833 time: 0.6147230
2026-07-07 04:49:06.981 9 INFO neutron.wsgi [None req-374bb499-4d76-4a82-95c9-8525f939f750 eb2f7948fb674e36b122ed53cb11139d 94eb11a373414a228f2a70c35ecb1386 - - default default] 10.0.0.19 "GET /v2.0/ports/01da71f9-2671-42d5-b8a2-1fbd591fde70/tags HTTP/1.1" status: 200 len: 223 time: 0.0314653
2026-07-07 04:49:07.013 9 INFO neutron.api.v2.resource [None req-ee810c98-084e-46b6-b219-d1d41b7090a5 eb2f7948fb674e36b122ed53cb11139d 94eb11a373414a228f2a70c35ecb1386 - - default default] delete failed (client error): The resource could not be found.
2026-07-07 04:49:07.014 9 INFO neutron.wsgi [None req-ee810c98-084e-46b6-b219-d1d41b7090a5 eb2f7948fb674e36b122ed53cb11139d 94eb11a373414a228f2a70c35ecb1386 - - default default] 10.0.0.19 "DELETE /v2.0/ports/01da71f9-2671-42d5-b8a2-1fbd591fde70/tags/green HTTP/1.1" status: 404 len: 299 time: 0.0293584
2026-07-07 04:49:07.056 9 INFO neutron.wsgi [None req-e2263760-0d33-4b41-90fc-718acdf06e32 eb2f7948fb674e36b122ed53cb11139d 94eb11a373414a228f2a70c35ecb1386 - - default default] 10.0.0.19 "DELETE /v2.0/ports/01da71f9-2671-42d5-b8a2-1fbd591fde70/tags HTTP/1.1" status: 204 len: 168 time: 0.0370696
2026-07-07 04:49:07.090 9 INFO neutron.wsgi [None req-f46a4cfd-1452-4a3f-b169-a897ebcf792b eb2f7948fb674e36b122ed53cb11139d 94eb11a373414a228f2a70c35ecb1386 - - default default] 10.0.0.19 "GET /v2.0/ports/01da71f9-2671-42d5-b8a2-1fbd591fde70/tags HTTP/1.1" status: 200 len: 205 time: 0.0287442
2026-07-07 04:49:07.140 10 INFO neutron.db.ovn_revision_numbers_db [None req-6e9843d7-6dd4-4152-83d2-bb602ca6dd96 b15f36a49e454323a0bcd15b31f7af48 3950db7e13244519a5a9b6243653eb1f - - default default] Successfully bumped revision number for resource 86838440-c288-47b0-8bfb-45d5b3d91c90 (type: floatingips) to 0
2026-07-07 04:49:07.156 10 INFO neutron.wsgi [None req-6e9843d7-6dd4-4152-83d2-bb602ca6dd96 b15f36a49e454323a0bcd15b31f7af48 3950db7e13244519a5a9b6243653eb1f - - default default] 10.0.0.19 "POST /v2.0/floatingips HTTP/1.1" status: 201 len: 751 time: 0.7090156
2026-07-07 04:49:07.198 10 INFO neutron.wsgi [None req-1b89499a-5824-4c8c-b980-7edf617bc9e5 b15f36a49e454323a0bcd15b31f7af48 3950db7e13244519a5a9b6243653eb1f - - default default] 10.0.0.19 "PUT /v2.0/floatingips/08ec7a90-41aa-44b9-bc2f-6574cf6fe011/tags HTTP/1.1" status: 200 len: 210 time: 0.0378358
2026-07-07 04:49:07.245 10 INFO neutron.wsgi [None req-65d388a2-3895-484b-8eb8-8098b32f8702 b15f36a49e454323a0bcd15b31f7af48 3950db7e13244519a5a9b6243653eb1f - - default default] 10.0.0.19 "PUT /v2.0/floatingips/2cc22a27-5b31-4172-822e-ac95634d7a8a/tags HTTP/1.1" status: 200 len: 218 time: 0.0413096
2026-07-07 04:49:07.265 10 WARNING neutron.scheduler.dhcp_agent_scheduler [None req-266fa19d-913f-4680-8829-2eac52edd10f 48c92ce379d9401e853d364f7cab7921 901fe8598fc04fa1b27cc4954fd64e89 - - default default] No more DHCP agents
2026-07-07 04:49:07.266 10 WARNING neutron.api.rpc.agentnotifiers.dhcp_rpc_agent_api [None req-266fa19d-913f-4680-8829-2eac52edd10f 48c92ce379d9401e853d364f7cab7921 901fe8598fc04fa1b27cc4954fd64e89 - - default default] Unable to schedule network 8d1ec6bf-8790-4f56-8f1a-a2f2858f6863: no agents available; will retry on subsequent port and subnet creation events.
2026-07-07 04:49:07.292 9 INFO neutron.wsgi [None req-ddad91b0-6688-4c4e-bc19-35346b0eac8f b15f36a49e454323a0bcd15b31f7af48 3950db7e13244519a5a9b6243653eb1f - - default default] 10.0.0.19 "PUT /v2.0/floatingips/e4d3d095-b5b0-465e-8074-b8945d95902e/tags HTTP/1.1" status: 200 len: 227 time: 0.0427895
2026-07-07 04:49:07.295 10 INFO neutron.db.ovn_revision_numbers_db [None req-266fa19d-913f-4680-8829-2eac52edd10f 48c92ce379d9401e853d364f7cab7921 901fe8598fc04fa1b27cc4954fd64e89 - - default default] Successfully bumped revision number for resource ad8b42d3-c4cd-4403-b98b-33b466fc8890 (type: subnets) to 0
2026-07-07 04:49:07.325 10 INFO neutron.wsgi [None req-266fa19d-913f-4680-8829-2eac52edd10f 48c92ce379d9401e853d364f7cab7921 901fe8598fc04fa1b27cc4954fd64e89 - - default default] 10.0.0.19 "POST /v2.0/subnets HTTP/1.1" status: 201 len: 821 time: 0.3432529
2026-07-07 04:49:07.338 9 INFO neutron.wsgi [None req-24b6deea-8556-4693-b4fb-790a7b029f5d eb2f7948fb674e36b122ed53cb11139d 94eb11a373414a228f2a70c35ecb1386 - - default default] 10.0.0.19 "DELETE /v2.0/ports/01da71f9-2671-42d5-b8a2-1fbd591fde70 HTTP/1.1" status: 204 len: 168 time: 0.2428968
2026-07-07 04:49:07.338 10 INFO neutron.wsgi [None req-3eb301c3-b91d-4f8f-b392-92c9de523efe b15f36a49e454323a0bcd15b31f7af48 3950db7e13244519a5a9b6243653eb1f - - default default] 10.0.0.19 "PUT /v2.0/floatingips/42813f6c-f3f9-4f3b-bafc-7b6749843644/tags HTTP/1.1" status: 200 len: 212 time: 0.0400214
2026-07-07 04:49:07.383 9 INFO neutron.wsgi [None req-84a9867f-7c0e-4ec4-8cc6-966ee981f312 b15f36a49e454323a0bcd15b31f7af48 3950db7e13244519a5a9b6243653eb1f - - default default] 10.0.0.19 "GET /v2.0/floatingips?tags=red HTTP/1.1" status: 200 len: 1866 time: 0.0402000
2026-07-07 04:49:07.433 9 INFO neutron.wsgi [None req-033c8575-b75e-4435-95e7-0a43ec242c13 b15f36a49e454323a0bcd15b31f7af48 3950db7e13244519a5a9b6243653eb1f - - default default] 10.0.0.19 "GET /v2.0/floatingips?tags=red%2Cblue HTTP/1.1" status: 200 len: 1323 time: 0.0450757
2026-07-07 04:49:07.485 9 INFO neutron.wsgi [None req-30483ddc-ec8c-4020-b263-228ed2bedd49 b15f36a49e454323a0bcd15b31f7af48 3950db7e13244519a5a9b6243653eb1f - - default default] 10.0.0.19 "GET /v2.0/floatingips?tags-any=blue HTTP/1.1" status: 200 len: 1323 time: 0.0468986
2026-07-07 04:49:07.519 9 INFO neutron.wsgi [None req-05b3ba2b-fb80-4dda-b8f5-da29a4481394 b15f36a49e454323a0bcd15b31f7af48 3950db7e13244519a5a9b6243653eb1f - - default default] 10.0.0.19 "GET /v2.0/floatingips?tags-any=red%2Cblue HTTP/1.1" status: 200 len: 1866 time: 0.0286455
2026-07-07 04:49:07.561 9 INFO neutron.wsgi [None req-f84d7cd8-84a0-401a-9dfb-161e3c8d55b4 b15f36a49e454323a0bcd15b31f7af48 3950db7e13244519a5a9b6243653eb1f - - default default] 10.0.0.19 "GET /v2.0/floatingips?not-tags=red HTTP/1.1" status: 200 len: 1295 time: 0.0375247
2026-07-07 04:49:07.606 9 INFO neutron.wsgi [None req-c08fa720-c171-4cfb-9cfc-cfdea78fb905 b15f36a49e454323a0bcd15b31f7af48 3950db7e13244519a5a9b6243653eb1f - - default default] 10.0.0.19 "GET /v2.0/floatingips?not-tags=red%2Cblue HTTP/1.1" status: 200 len: 1838 time: 0.0395269
2026-07-07 04:49:07.646 9 INFO neutron.wsgi [None req-0f2d32e9-3085-461f-aefe-326196a0dcdb b15f36a49e454323a0bcd15b31f7af48 3950db7e13244519a5a9b6243653eb1f - - default default] 10.0.0.19 "GET /v2.0/floatingips?not-tags-any=blue HTTP/1.1" status: 200 len: 1838 time: 0.0356417
2026-07-07 04:49:07.667 10 INFO neutron.db.ovn_revision_numbers_db [None req-fd259e9f-b270-4224-8e0b-ac9646cab2ce 48c92ce379d9401e853d364f7cab7921 901fe8598fc04fa1b27cc4954fd64e89 - - default default] Successfully bumped revision number for resource 7749aa6e-23b3-4ae5-a47f-5880cde36eab (type: routers) to 1
2026-07-07 04:49:07.691 10 INFO neutron.wsgi [None req-fd259e9f-b270-4224-8e0b-ac9646cab2ce 48c92ce379d9401e853d364f7cab7921 901fe8598fc04fa1b27cc4954fd64e89 - - default default] 10.0.0.19 "POST /v2.0/routers HTTP/1.1" status: 201 len: 691 time: 0.3613007
2026-07-07 04:49:07.695 9 INFO neutron.wsgi [None req-2233b085-5732-496e-8a0b-03562d713bd1 b15f36a49e454323a0bcd15b31f7af48 3950db7e13244519a5a9b6243653eb1f - - default default] 10.0.0.19 "GET /v2.0/floatingips?not-tags-any=red%2Cblue HTTP/1.1" status: 200 len: 1295 time: 0.0428040
2026-07-07 04:49:07.935 10 INFO neutron.services.segments.plugin [-] Segment b06d4d27-c2d1-4bbb-b2b2-c4c85290d91c resource provider aggregate not found
2026-07-07 04:49:07.941 10 INFO neutron.services.segments.plugin [-] Segment b06d4d27-c2d1-4bbb-b2b2-c4c85290d91c resource provider aggregate not found
2026-07-07 04:49:07.955 10 INFO neutron.services.segments.plugin [-] Segment b06d4d27-c2d1-4bbb-b2b2-c4c85290d91c resource provider not found; error: Placement Client Error (4xx): {"errors": [{"status": 404, "title": "Not Found", "detail": "The resource could not be found.\n\n No resource provider with uuid b06d4d27-c2d1-4bbb-b2b2-c4c85290d91c found for delete ", "request_id": "req-b2a076da-f613-4375-9a9a-646e7e7ed656"}]}
2026-07-07 04:49:07.966 10 INFO neutron.services.segments.plugin [-] Segment b06d4d27-c2d1-4bbb-b2b2-c4c85290d91c resource provider not found; error: Placement Client Error (4xx): {"errors": [{"status": 404, "title": "Not Found", "detail": "The resource could not be found.\n\n No resource provider with uuid b06d4d27-c2d1-4bbb-b2b2-c4c85290d91c found for delete ", "request_id": "req-4ea6ca03-bbcf-462f-8d00-f66c1a2730fb"}]}
2026-07-07 04:49:07.977 10 INFO neutron.wsgi [None req-5e19c181-7cfb-402e-8933-92860f88c8c2 eb2f7948fb674e36b122ed53cb11139d 94eb11a373414a228f2a70c35ecb1386 - - default default] 10.0.0.19 "DELETE /v2.0/networks/7f11c64e-d59b-4f44-8e79-96af6973f110 HTTP/1.1" status: 204 len: 168 time: 0.6334243
2026-07-07 04:49:08.433 9 INFO neutron.wsgi [None req-561c7dbb-abb8-4ae8-a416-c93ce74a3e41 b15f36a49e454323a0bcd15b31f7af48 3950db7e13244519a5a9b6243653eb1f - - default default] 10.0.0.19 "DELETE /v2.0/floatingips/08ec7a90-41aa-44b9-bc2f-6574cf6fe011 HTTP/1.1" status: 204 len: 168 time: 0.7314727
2026-07-07 04:49:08.442 9 WARNING neutron.scheduler.dhcp_agent_scheduler [None req-6a35c6a9-f990-4cce-81fa-430aa3c241c8 48c92ce379d9401e853d364f7cab7921 901fe8598fc04fa1b27cc4954fd64e89 - - default default] No more DHCP agents
2026-07-07 04:49:08.443 9 WARNING neutron.api.rpc.agentnotifiers.dhcp_rpc_agent_api [None req-6a35c6a9-f990-4cce-81fa-430aa3c241c8 48c92ce379d9401e853d364f7cab7921 901fe8598fc04fa1b27cc4954fd64e89 - - default default] Unable to schedule network 8d1ec6bf-8790-4f56-8f1a-a2f2858f6863: no agents available; will retry on subsequent port and subnet creation events.
2026-07-07 04:49:08.545 9 INFO neutron.db.ovn_revision_numbers_db [None req-6a35c6a9-f990-4cce-81fa-430aa3c241c8 48c92ce379d9401e853d364f7cab7921 901fe8598fc04fa1b27cc4954fd64e89 - - default default] Successfully bumped revision number for resource 9692df44-314d-45fd-a88a-db4cb79c40c9 (type: ports) to 1
2026-07-07 04:49:08.700 10 WARNING neutron.plugins.ml2.drivers.ovn.mech_driver.ovsdb.ovn_client [None req-bd58489d-bbb0-4062-a0f1-0a7f46828024 - - - - - -] No port found with ID a6019494-c43b-4af0-a9c3-ef1bf341a8a9: RuntimeError: No port found with ID a6019494-c43b-4af0-a9c3-ef1bf341a8a9
2026-07-07 04:49:08.805 10 INFO neutron.wsgi [None req-c455f2d8-fb64-497e-a118-54462743c128 b15f36a49e454323a0bcd15b31f7af48 3950db7e13244519a5a9b6243653eb1f - - default default] 10.0.0.19 "DELETE /v2.0/floatingips/2cc22a27-5b31-4172-822e-ac95634d7a8a HTTP/1.1" status: 204 len: 168 time: 0.3620138
2026-07-07 04:49:08.904 10 INFO neutron.plugins.ml2.drivers.ovn.mech_driver.mech_driver [None req-bd58489d-bbb0-4062-a0f1-0a7f46828024 - - - - - -] OVN reports status up for port: 9692df44-314d-45fd-a88a-db4cb79c40c9
2026-07-07 04:49:08.911 10 INFO neutron.wsgi [None req-cecdc98e-9728-417d-918d-6797146f0fb0 1ca593f1ddd74c7eabab8676647af840 164fa6fa12f64f1fac166893e00fa288 - - default default] 10.0.0.19 "GET /v2.0/security-groups?tenant_id=94eb11a373414a228f2a70c35ecb1386&name=default HTTP/1.1" status: 200 len: 2996 time: 0.2666624
2026-07-07 04:49:08.915 9 INFO neutron.db.ovn_revision_numbers_db [None req-6a35c6a9-f990-4cce-81fa-430aa3c241c8 48c92ce379d9401e853d364f7cab7921 901fe8598fc04fa1b27cc4954fd64e89 - - default default] Successfully bumped revision number for resource 9692df44-314d-45fd-a88a-db4cb79c40c9 (type: router_ports) to 1
2026-07-07 04:49:08.917 10 INFO neutron.plugins.ml2.plugin [None req-bd58489d-bbb0-4062-a0f1-0a7f46828024 - - - - - -] Attempt 1 to provision port 9692df44-314d-45fd-a88a-db4cb79c40c9
2026-07-07 04:49:09.015 9 INFO neutron.db.ovn_revision_numbers_db [None req-6a35c6a9-f990-4cce-81fa-430aa3c241c8 48c92ce379d9401e853d364f7cab7921 901fe8598fc04fa1b27cc4954fd64e89 - - default default] Successfully bumped revision number for resource 9692df44-314d-45fd-a88a-db4cb79c40c9 (type: ports) to 1
2026-07-07 04:49:09.078 9 WARNING neutron.scheduler.dhcp_agent_scheduler [None req-6a35c6a9-f990-4cce-81fa-430aa3c241c8 48c92ce379d9401e853d364f7cab7921 901fe8598fc04fa1b27cc4954fd64e89 - - default default] No more DHCP agents
2026-07-07 04:49:09.079 9 WARNING neutron.api.rpc.agentnotifiers.dhcp_rpc_agent_api [None req-6a35c6a9-f990-4cce-81fa-430aa3c241c8 48c92ce379d9401e853d364f7cab7921 901fe8598fc04fa1b27cc4954fd64e89 - - default default] Unable to schedule network 8d1ec6bf-8790-4f56-8f1a-a2f2858f6863: no agents available; will retry on subsequent port and subnet creation events.
2026-07-07 04:49:09.270 9 INFO neutron.db.ovn_revision_numbers_db [None req-6a35c6a9-f990-4cce-81fa-430aa3c241c8 48c92ce379d9401e853d364f7cab7921 901fe8598fc04fa1b27cc4954fd64e89 - - default default] Successfully bumped revision number for resource 9692df44-314d-45fd-a88a-db4cb79c40c9 (type: router_ports) to 1
2026-07-07 04:49:09.273 9 INFO neutron.wsgi [None req-6a35c6a9-f990-4cce-81fa-430aa3c241c8 48c92ce379d9401e853d364f7cab7921 901fe8598fc04fa1b27cc4954fd64e89 - - default default] 10.0.0.19 "PUT /v2.0/routers/7749aa6e-23b3-4ae5-a47f-5880cde36eab/add_router_interface HTTP/1.1" status: 200 len: 503 time: 1.5767999
2026-07-07 04:49:09.299 10 INFO neutron.wsgi [None req-36f5e511-13e6-4ea1-87ed-788fdec2e93f 1ca593f1ddd74c7eabab8676647af840 164fa6fa12f64f1fac166893e00fa288 - - default default] 10.0.0.19 "DELETE /v2.0/security-groups/132a8ab0-446a-4ce6-b136-281c86edfd21 HTTP/1.1" status: 204 len: 168 time: 0.3812265
2026-07-07 04:49:09.322 10 INFO neutron.wsgi [None req-350a6eac-89f8-4258-b2a1-8ed6bb92fd85 b15f36a49e454323a0bcd15b31f7af48 3950db7e13244519a5a9b6243653eb1f - - default default] 10.0.0.19 "DELETE /v2.0/floatingips/e4d3d095-b5b0-465e-8074-b8945d95902e HTTP/1.1" status: 204 len: 168 time: 0.5104005
2026-07-07 04:49:09.362 9 INFO neutron.wsgi [None req-691ea371-66ac-41e8-9b3c-857e5fc97b24 48c92ce379d9401e853d364f7cab7921 901fe8598fc04fa1b27cc4954fd64e89 - - default default] 10.0.0.19 "GET /v2.0/ports/9692df44-314d-45fd-a88a-db4cb79c40c9 HTTP/1.1" status: 200 len: 1141 time: 0.0838056
2026-07-07 04:49:09.376 10 INFO neutron.db.ovn_revision_numbers_db [None req-bd58489d-bbb0-4062-a0f1-0a7f46828024 - - - - - -] Successfully bumped revision number for resource 9692df44-314d-45fd-a88a-db4cb79c40c9 (type: ports) to 2
2026-07-07 04:49:09.399 9 INFO neutron.wsgi [None req-df4add36-f42a-4954-9797-994aa4e2e114 48c92ce379d9401e853d364f7cab7921 901fe8598fc04fa1b27cc4954fd64e89 - - default default] 10.0.0.19 "GET /v2.0/ports/9692df44-314d-45fd-a88a-db4cb79c40c9 HTTP/1.1" status: 200 len: 1141 time: 0.0317781
2026-07-07 04:49:09.548 10 INFO neutron.db.ovn_revision_numbers_db [None req-bd58489d-bbb0-4062-a0f1-0a7f46828024 - - - - - -] Successfully bumped revision number for resource 9692df44-314d-45fd-a88a-db4cb79c40c9 (type: router_ports) to 2
2026-07-07 04:49:09.579 9 INFO neutron.db.ovn_revision_numbers_db [None req-5282792f-216b-4c47-a592-19ac3f35b748 1ca593f1ddd74c7eabab8676647af840 164fa6fa12f64f1fac166893e00fa288 - - default default] Successfully bumped revision number for resource c925e9d9-0765-4ceb-8ccd-5151fb474f4a (type: security_groups) to 1
2026-07-07 04:49:09.599 9 INFO neutron.db.ovn_revision_numbers_db [None req-5282792f-216b-4c47-a592-19ac3f35b748 1ca593f1ddd74c7eabab8676647af840 164fa6fa12f64f1fac166893e00fa288 - - default default] Successfully bumped revision number for resource 0d8a3e61-cd75-44b1-b640-414e3fec2757 (type: security_group_rules) to 0
2026-07-07 04:49:09.619 9 INFO neutron.db.ovn_revision_numbers_db [None req-5282792f-216b-4c47-a592-19ac3f35b748 1ca593f1ddd74c7eabab8676647af840 164fa6fa12f64f1fac166893e00fa288 - - default default] Successfully bumped revision number for resource 5fb6d459-b720-4b9c-b400-8f3b80a684c9 (type: security_group_rules) to 0
2026-07-07 04:49:09.636 9 INFO neutron.db.ovn_revision_numbers_db [None req-5282792f-216b-4c47-a592-19ac3f35b748 1ca593f1ddd74c7eabab8676647af840 164fa6fa12f64f1fac166893e00fa288 - - default default] Successfully bumped revision number for resource 69564f7d-908e-4839-8f1c-c972874d19fa (type: security_group_rules) to 0
2026-07-07 04:49:09.662 9 INFO neutron.db.ovn_revision_numbers_db [None req-5282792f-216b-4c47-a592-19ac3f35b748 1ca593f1ddd74c7eabab8676647af840 164fa6fa12f64f1fac166893e00fa288 - - default default] Successfully bumped revision number for resource 926ae482-6f3d-45c7-8958-63bbf7d0108c (type: security_group_rules) to 0
2026-07-07 04:49:09.689 9 INFO neutron.wsgi [None req-5282792f-216b-4c47-a592-19ac3f35b748 1ca593f1ddd74c7eabab8676647af840 164fa6fa12f64f1fac166893e00fa288 - - default default] 10.0.0.19 "GET /v2.0/security-groups?tenant_id=bcbd82d324f441f1aa2bfd0398cfd95e&name=default HTTP/1.1" status: 200 len: 2996 time: 0.2878752
2026-07-07 04:49:09.696 10 INFO neutron.wsgi [None req-c1356039-59b6-4295-9bf9-44781841dd18 b15f36a49e454323a0bcd15b31f7af48 3950db7e13244519a5a9b6243653eb1f - - default default] 10.0.0.19 "DELETE /v2.0/floatingips/42813f6c-f3f9-4f3b-bafc-7b6749843644 HTTP/1.1" status: 204 len: 168 time: 0.3648605
2026-07-07 04:49:09.985 10 INFO neutron.wsgi [None req-d6914075-3a39-4f83-acf3-7e67ed605655 b15f36a49e454323a0bcd15b31f7af48 3950db7e13244519a5a9b6243653eb1f - - default default] 10.0.0.19 "DELETE /v2.0/floatingips/86838440-c288-47b0-8bfb-45d5b3d91c90 HTTP/1.1" status: 204 len: 168 time: 0.2855606
2026-07-07 04:49:10.015 9 INFO neutron.wsgi [None req-fd2f36d5-745a-4146-98ad-d1bcff6c7761 1ca593f1ddd74c7eabab8676647af840 164fa6fa12f64f1fac166893e00fa288 - - default default] 10.0.0.19 "DELETE /v2.0/security-groups/c925e9d9-0765-4ceb-8ccd-5151fb474f4a HTTP/1.1" status: 204 len: 168 time: 0.3202260
2026-07-07 04:49:10.019 9 INFO neutron.wsgi [None req-ee5b3aa5-d98f-45f6-a113-735ac75a442b 48c92ce379d9401e853d364f7cab7921 901fe8598fc04fa1b27cc4954fd64e89 - - default default] 10.0.0.19 "PUT /v2.0/routers/7749aa6e-23b3-4ae5-a47f-5880cde36eab/remove_router_interface HTTP/1.1" status: 200 len: 503 time: 0.6106472
2026-07-07 04:49:10.039 10 INFO neutron.wsgi [None req-3b3051d5-ff12-4e1e-89f4-1402a43ba797 48c92ce379d9401e853d364f7cab7921 901fe8598fc04fa1b27cc4954fd64e89 - - default default] 10.0.0.19 "GET /v2.0/ports?device_id=7749aa6e-23b3-4ae5-a47f-5880cde36eab HTTP/1.1" status: 200 len: 205 time: 0.0157218
2026-07-07 04:49:10.246 10 INFO neutron.wsgi [None req-c6739d5d-02e9-4c1d-925e-52c3e9db9929 48c92ce379d9401e853d364f7cab7921 901fe8598fc04fa1b27cc4954fd64e89 - - default default] 10.0.0.19 "DELETE /v2.0/routers/7749aa6e-23b3-4ae5-a47f-5880cde36eab HTTP/1.1" status: 204 len: 168 time: 0.2023823
2026-07-07 04:49:10.410 10 INFO neutron.wsgi [None req-16c6c861-93a9-4256-b49a-eb4f7a9965e0 48c92ce379d9401e853d364f7cab7921 901fe8598fc04fa1b27cc4954fd64e89 - - default default] 10.0.0.19 "DELETE /v2.0/subnets/ad8b42d3-c4cd-4403-b98b-33b466fc8890 HTTP/1.1" status: 204 len: 168 time: 0.1604590 /var/lib/openstack/lib/python3.10/site-packages/pycadf/identifier.py:71: UserWarning: Invalid uuid: neutron. To ensure interoperability, identifiers should be a valid uuid. warnings.warn(('Invalid uuid: %s. To ensure interoperability, '
2026-07-07 04:49:10.992 10 INFO neutron.services.segments.plugin [-] Segment fa560912-69af-4dd5-8d40-e36da551b776 resource provider aggregate not found
2026-07-07 04:49:10.996 10 INFO neutron.services.segments.plugin [-] Segment fa560912-69af-4dd5-8d40-e36da551b776 resource provider aggregate not found
2026-07-07 04:49:11.009 9 INFO neutron.db.ovn_revision_numbers_db [None req-75bc7361-f586-4ff1-8d73-4e96f6061c0b 1ca593f1ddd74c7eabab8676647af840 164fa6fa12f64f1fac166893e00fa288 - - default default] Successfully bumped revision number for resource d6346946-e3be-4613-8e2a-c1de9b102fb7 (type: security_groups) to 1
2026-07-07 04:49:11.018 10 INFO neutron.services.segments.plugin [-] Segment fa560912-69af-4dd5-8d40-e36da551b776 resource provider not found; error: Placement Client Error (4xx): {"errors": [{"status": 404, "title": "Not Found", "detail": "The resource could not be found.\n\n No resource provider with uuid fa560912-69af-4dd5-8d40-e36da551b776 found for delete ", "request_id": "req-40b02313-1e36-418a-9562-4a78bee47b63"}]}
2026-07-07 04:49:11.019 10 INFO neutron.services.segments.plugin [-] Segment fa560912-69af-4dd5-8d40-e36da551b776 resource provider not found; error: Placement Client Error (4xx): {"errors": [{"status": 404, "title": "Not Found", "detail": "The resource could not be found.\n\n No resource provider with uuid fa560912-69af-4dd5-8d40-e36da551b776 found for delete ", "request_id": "req-af0f78ce-7091-4f90-9197-8ba1a0fa854e"}]}
2026-07-07 04:49:11.028 9 INFO neutron.db.ovn_revision_numbers_db [None req-75bc7361-f586-4ff1-8d73-4e96f6061c0b 1ca593f1ddd74c7eabab8676647af840 164fa6fa12f64f1fac166893e00fa288 - - default default] Successfully bumped revision number for resource 0283f4ac-2c08-4622-8e34-8556e395e33b (type: security_group_rules) to 0
2026-07-07 04:49:11.044 10 INFO neutron.wsgi [None req-514adc48-79d0-4d33-adf9-1dd3fb1186de 1ca593f1ddd74c7eabab8676647af840 164fa6fa12f64f1fac166893e00fa288 - - default default] 10.0.0.119 "GET /v2.0/networks HTTP/1.1" status: 200 len: 3058 time: 0.4234612
2026-07-07 04:49:11.046 9 INFO neutron.db.ovn_revision_numbers_db [None req-75bc7361-f586-4ff1-8d73-4e96f6061c0b 1ca593f1ddd74c7eabab8676647af840 164fa6fa12f64f1fac166893e00fa288 - - default default] Successfully bumped revision number for resource 188410f1-1b54-4698-bd5b-c0643783ede3 (type: security_group_rules) to 0
2026-07-07 04:49:11.063 9 INFO neutron.db.ovn_revision_numbers_db [None req-75bc7361-f586-4ff1-8d73-4e96f6061c0b 1ca593f1ddd74c7eabab8676647af840 164fa6fa12f64f1fac166893e00fa288 - - default default] Successfully bumped revision number for resource b1d3b9b9-436d-41fa-8878-88a10777c398 (type: security_group_rules) to 0
2026-07-07 04:49:11.069 10 INFO neutron.wsgi [None req-016ef20a-6789-439b-8691-1f0d66896c76 48c92ce379d9401e853d364f7cab7921 901fe8598fc04fa1b27cc4954fd64e89 - - default default] 10.0.0.19 "DELETE /v2.0/networks/8d1ec6bf-8790-4f56-8f1a-a2f2858f6863 HTTP/1.1" status: 204 len: 168 time: 0.6539831
2026-07-07 04:49:11.083 9 INFO neutron.db.ovn_revision_numbers_db [None req-75bc7361-f586-4ff1-8d73-4e96f6061c0b 1ca593f1ddd74c7eabab8676647af840 164fa6fa12f64f1fac166893e00fa288 - - default default] Successfully bumped revision number for resource cde4701b-1978-4e4d-be3d-abcb41b1d21b (type: security_group_rules) to 0
2026-07-07 04:49:11.093 10 INFO neutron.wsgi [None req-04d1a3e5-de98-4bb9-b98a-1110b1566dfb 1ca593f1ddd74c7eabab8676647af840 164fa6fa12f64f1fac166893e00fa288 - - default default] 10.0.0.119 "GET /v2.0/routers HTTP/1.1" status: 200 len: 189 time: 0.0463836
2026-07-07 04:49:11.108 10 INFO neutron.wsgi [None req-dba4904c-74e5-4853-80da-11ac3a6f0ab2 1ca593f1ddd74c7eabab8676647af840 164fa6fa12f64f1fac166893e00fa288 - - default default] 10.0.0.119 "GET /v2.0/agents?binary=ovn-controller HTTP/1.1" status: 200 len: 591 time: 0.0138590
2026-07-07 04:49:11.108 9 INFO neutron.wsgi [None req-75bc7361-f586-4ff1-8d73-4e96f6061c0b 1ca593f1ddd74c7eabab8676647af840 164fa6fa12f64f1fac166893e00fa288 - - default default] 10.0.0.19 "GET /v2.0/security-groups?tenant_id=3950db7e13244519a5a9b6243653eb1f&name=default HTTP/1.1" status: 200 len: 2996 time: 0.2729967
2026-07-07 04:49:11.146 10 INFO neutron.wsgi [None req-181de6fc-080c-4c64-8761-e7932d06a826 1ca593f1ddd74c7eabab8676647af840 164fa6fa12f64f1fac166893e00fa288 - - default default] 10.0.0.119 "GET /v2.0/floatingips HTTP/1.1" status: 200 len: 193 time: 0.0358074
2026-07-07 04:49:11.225 10 INFO neutron.wsgi [None req-d813ae27-cd8e-4696-aa46-51e2956c0a6d 1ca593f1ddd74c7eabab8676647af840 164fa6fa12f64f1fac166893e00fa288 - - default default] 10.0.0.119 "GET /v2.0/security-groups HTTP/1.1" status: 200 len: 22359 time: 0.0766866
2026-07-07 04:49:11.298 10 INFO neutron.wsgi [None req-39837f23-d731-47fd-bf4c-bb88c7c0f222 1ca593f1ddd74c7eabab8676647af840 164fa6fa12f64f1fac166893e00fa288 - - default default] 10.0.0.119 "GET /v2.0/subnets HTTP/1.1" status: 200 len: 1437 time: 0.0646443
2026-07-07 04:49:11.313 10 INFO neutron.wsgi [None req-67b9d67f-11c7-4041-9b19-5da097f7d2b0 1ca593f1ddd74c7eabab8676647af840 164fa6fa12f64f1fac166893e00fa288 - - default default] 10.0.0.119 "GET /v2.0/agents HTTP/1.1" status: 200 len: 997 time: 0.0142143
2026-07-07 04:49:11.347 10 INFO neutron.wsgi [None req-40e5f119-3b74-4233-a2e3-14b0e4fa44a8 1ca593f1ddd74c7eabab8676647af840 164fa6fa12f64f1fac166893e00fa288 - - default default] 10.0.0.119 "GET /v2.0/subnets HTTP/1.1" status: 200 len: 1437 time: 0.0330939
2026-07-07 04:49:11.360 10 INFO neutron.wsgi [None req-770b959a-be26-4662-a92f-773e116390cc 1ca593f1ddd74c7eabab8676647af840 164fa6fa12f64f1fac166893e00fa288 - - default default] 10.0.0.119 "GET /v2.0/subnetpools HTTP/1.1" status: 200 len: 193 time: 0.0112436
2026-07-07 04:49:11.402 10 INFO neutron.wsgi [None req-2f3d97fb-1f42-4930-aa75-74fc4978ebf4 1ca593f1ddd74c7eabab8676647af840 164fa6fa12f64f1fac166893e00fa288 - - default default] 10.0.0.119 "GET /v2.0/ports HTTP/1.1" status: 200 len: 5347 time: 0.0408838
2026-07-07 04:49:11.422 10 INFO neutron.wsgi [None req-0e9f0851-279a-487d-8e45-75fca4c5e471 1ca593f1ddd74c7eabab8676647af840 164fa6fa12f64f1fac166893e00fa288 - - default default] 10.0.0.119 "GET /v2.0/network-ip-availabilities HTTP/1.1" status: 200 len: 1280 time: 0.0139890
2026-07-07 04:49:11.478 10 INFO neutron.wsgi [None req-c513fd77-8d6b-4fbf-aebf-c12694ebd323 1ca593f1ddd74c7eabab8676647af840 164fa6fa12f64f1fac166893e00fa288 - - default default] 10.0.0.19 "DELETE /v2.0/security-groups/d6346946-e3be-4613-8e2a-c1de9b102fb7 HTTP/1.1" status: 204 len: 168 time: 0.3618801
2026-07-07 04:49:11.602 9 WARNING neutron.scheduler.dhcp_agent_scheduler [None req-0215632b-1aad-4d8c-9844-b4ad53f453c5 48c92ce379d9401e853d364f7cab7921 901fe8598fc04fa1b27cc4954fd64e89 - - default default] No more DHCP agents
2026-07-07 04:49:11.604 9 WARNING neutron.api.rpc.agentnotifiers.dhcp_rpc_agent_api [None req-0215632b-1aad-4d8c-9844-b4ad53f453c5 48c92ce379d9401e853d364f7cab7921 901fe8598fc04fa1b27cc4954fd64e89 - - default default] Unable to schedule network d1b2684a-7d75-4a0a-b8e8-bbf022f08fd9: no agents available; will retry on subsequent port and subnet creation events.
2026-07-07 04:49:11.745 10 INFO neutron.db.ovn_revision_numbers_db [None req-ad552151-2811-4f77-acdd-a85931b0717e 1ca593f1ddd74c7eabab8676647af840 164fa6fa12f64f1fac166893e00fa288 - - default default] Successfully bumped revision number for resource 0d4a3379-d334-4d27-9236-8c05bcd75bf6 (type: security_groups) to 1
2026-07-07 04:49:11.759 10 INFO neutron.db.ovn_revision_numbers_db [None req-ad552151-2811-4f77-acdd-a85931b0717e 1ca593f1ddd74c7eabab8676647af840 164fa6fa12f64f1fac166893e00fa288 - - default default] Successfully bumped revision number for resource 036cad82-eff1-4a2b-888a-10f766416282 (type: security_group_rules) to 0
2026-07-07 04:49:11.765 9 INFO neutron.db.ovn_revision_numbers_db [None req-0215632b-1aad-4d8c-9844-b4ad53f453c5 48c92ce379d9401e853d364f7cab7921 901fe8598fc04fa1b27cc4954fd64e89 - - default default] Successfully bumped revision number for resource 69f34a73-f84f-4b48-a47f-c8fae71cc0f4 (type: ports) to 1
2026-07-07 04:49:11.773 10 INFO neutron.db.ovn_revision_numbers_db [None req-ad552151-2811-4f77-acdd-a85931b0717e 1ca593f1ddd74c7eabab8676647af840 164fa6fa12f64f1fac166893e00fa288 - - default default] Successfully bumped revision number for resource 4f1a35ec-e22a-4ac5-9f6a-eaf0cdcb6dfd (type: security_group_rules) to 0
2026-07-07 04:49:11.787 10 INFO neutron.db.ovn_revision_numbers_db [None req-ad552151-2811-4f77-acdd-a85931b0717e 1ca593f1ddd74c7eabab8676647af840 164fa6fa12f64f1fac166893e00fa288 - - default default] Successfully bumped revision number for resource 6437dc24-9001-4c6a-bdf2-3e83fa0192e6 (type: security_group_rules) to 0
2026-07-07 04:49:11.801 10 INFO neutron.db.ovn_revision_numbers_db [None req-ad552151-2811-4f77-acdd-a85931b0717e 1ca593f1ddd74c7eabab8676647af840 164fa6fa12f64f1fac166893e00fa288 - - default default] Successfully bumped revision number for resource eef89f47-f69b-484a-8faa-6fcfd52d9338 (type: security_group_rules) to 0
2026-07-07 04:49:11.828 10 INFO neutron.wsgi [None req-ad552151-2811-4f77-acdd-a85931b0717e 1ca593f1ddd74c7eabab8676647af840 164fa6fa12f64f1fac166893e00fa288 - - default default] 10.0.0.19 "GET /v2.0/security-groups?tenant_id=bed9f474b9904a61b85a7e0b03a5655d&name=default HTTP/1.1" status: 200 len: 2996 time: 0.1880324
2026-07-07 04:49:12.023 10 INFO neutron.wsgi [None req-0130b888-e3fa-4e29-813b-f57b9587a2f5 1ca593f1ddd74c7eabab8676647af840 164fa6fa12f64f1fac166893e00fa288 - - default default] 10.0.0.19 "DELETE /v2.0/security-groups/0d4a3379-d334-4d27-9236-8c05bcd75bf6 HTTP/1.1" status: 204 len: 168 time: 0.1897695
2026-07-07 04:49:12.224 10 INFO neutron.db.ovn_revision_numbers_db [None req-c91a200c-33b6-4eab-b5f3-ab43de47c45a 1ca593f1ddd74c7eabab8676647af840 164fa6fa12f64f1fac166893e00fa288 - - default default] Successfully bumped revision number for resource bde04656-461d-4ccd-bbe8-0c38883e7d99 (type: security_groups) to 1
2026-07-07 04:49:12.239 10 INFO neutron.db.ovn_revision_numbers_db [None req-c91a200c-33b6-4eab-b5f3-ab43de47c45a 1ca593f1ddd74c7eabab8676647af840 164fa6fa12f64f1fac166893e00fa288 - - default default] Successfully bumped revision number for resource 376fafba-1281-488a-862f-c6c1c25e6a7d (type: security_group_rules) to 0
2026-07-07 04:49:12.253 10 INFO neutron.db.ovn_revision_numbers_db [None req-c91a200c-33b6-4eab-b5f3-ab43de47c45a 1ca593f1ddd74c7eabab8676647af840 164fa6fa12f64f1fac166893e00fa288 - - default default] Successfully bumped revision number for resource 95bbd2eb-c8ad-4e1d-a32f-7d65af2c3c08 (type: security_group_rules) to 0
2026-07-07 04:49:12.267 10 INFO neutron.db.ovn_revision_numbers_db [None req-c91a200c-33b6-4eab-b5f3-ab43de47c45a 1ca593f1ddd74c7eabab8676647af840 164fa6fa12f64f1fac166893e00fa288 - - default default] Successfully bumped revision number for resource bcf048cf-3f97-4975-837e-a1733d4b8faa (type: security_group_rules) to 0
2026-07-07 04:49:12.279 10 INFO neutron.db.ovn_revision_numbers_db [None req-c91a200c-33b6-4eab-b5f3-ab43de47c45a 1ca593f1ddd74c7eabab8676647af840 164fa6fa12f64f1fac166893e00fa288 - - default default] Successfully bumped revision number for resource f0402f75-175f-4fc7-a114-ac9cebbb8d63 (type: security_group_rules) to 0
2026-07-07 04:49:12.304 10 INFO neutron.wsgi [None req-c91a200c-33b6-4eab-b5f3-ab43de47c45a 1ca593f1ddd74c7eabab8676647af840 164fa6fa12f64f1fac166893e00fa288 - - default default] 10.0.0.19 "GET /v2.0/security-groups?tenant_id=9e6128e7695d42d8bb7e96b2294772f6&name=default HTTP/1.1" status: 200 len: 2996 time: 0.1810801
2026-07-07 04:49:12.504 10 INFO neutron.wsgi [None req-52faaeab-1344-4566-b5e6-9d7a4092bcde 1ca593f1ddd74c7eabab8676647af840 164fa6fa12f64f1fac166893e00fa288 - - default default] 10.0.0.19 "DELETE /v2.0/security-groups/bde04656-461d-4ccd-bbe8-0c38883e7d99 HTTP/1.1" status: 204 len: 168 time: 0.1962867
2026-07-07 04:49:12.641 9 INFO neutron.db.ovn_revision_numbers_db [None req-0215632b-1aad-4d8c-9844-b4ad53f453c5 48c92ce379d9401e853d364f7cab7921 901fe8598fc04fa1b27cc4954fd64e89 - - default default] Successfully bumped revision number for resource 69f34a73-f84f-4b48-a47f-c8fae71cc0f4 (type: router_ports) to 1
2026-07-07 04:49:12.724 9 INFO neutron.db.ovn_revision_numbers_db [None req-0215632b-1aad-4d8c-9844-b4ad53f453c5 48c92ce379d9401e853d364f7cab7921 901fe8598fc04fa1b27cc4954fd64e89 - - default default] Successfully bumped revision number for resource 3e643c73-bbc5-4946-b223-d99db0783171 (type: routers) to 2
2026-07-07 04:49:12.737 9 INFO neutron.wsgi [None req-0215632b-1aad-4d8c-9844-b4ad53f453c5 48c92ce379d9401e853d364f7cab7921 901fe8598fc04fa1b27cc4954fd64e89 - - default default] 10.0.0.19 "POST /v2.0/routers HTTP/1.1" status: 201 len: 871 time: 1.6617517
2026-07-07 04:49:12.803 9 INFO neutron.wsgi [None req-add84950-bcb9-4de3-8191-600adb62dacf 48c92ce379d9401e853d364f7cab7921 901fe8598fc04fa1b27cc4954fd64e89 - - default default] 10.0.0.19 "GET /v2.0/routers/3e643c73-bbc5-4946-b223-d99db0783171 HTTP/1.1" status: 200 len: 872 time: 0.0602365
2026-07-07 04:49:12.886 9 INFO neutron.wsgi [None req-92184dfb-7ca8-4622-9c38-cde45d36199d 48c92ce379d9401e853d364f7cab7921 901fe8598fc04fa1b27cc4954fd64e89 - - default default] 10.0.0.19 "GET /v2.0/routers HTTP/1.1" status: 200 len: 875 time: 0.0741477
2026-07-07 04:49:13.329 9 INFO neutron.db.ovn_revision_numbers_db [None req-7eff5124-e206-4a83-b8ca-cdbcbddeb3bb 48c92ce379d9401e853d364f7cab7921 901fe8598fc04fa1b27cc4954fd64e89 - - default default] Successfully bumped revision number for resource 3e643c73-bbc5-4946-b223-d99db0783171 (type: routers) to 3
2026-07-07 04:49:13.333 9 INFO neutron.wsgi [None req-7eff5124-e206-4a83-b8ca-cdbcbddeb3bb 48c92ce379d9401e853d364f7cab7921 901fe8598fc04fa1b27cc4954fd64e89 - - default default] 10.0.0.19 "PUT /v2.0/routers/3e643c73-bbc5-4946-b223-d99db0783171 HTTP/1.1" status: 200 len: 879 time: 0.4352994
2026-07-07 04:49:13.405 9 INFO neutron.wsgi [None req-b22833fe-5bce-4c52-ac9c-3e51c4c07d8d 48c92ce379d9401e853d364f7cab7921 901fe8598fc04fa1b27cc4954fd64e89 - - default default] 10.0.0.19 "GET /v2.0/routers/3e643c73-bbc5-4946-b223-d99db0783171 HTTP/1.1" status: 200 len: 879 time: 0.0673907
2026-07-07 04:49:13.432 9 INFO neutron.wsgi [None req-b3dad423-ddb6-4a2e-ab2a-9b6949596c17 48c92ce379d9401e853d364f7cab7921 901fe8598fc04fa1b27cc4954fd64e89 - - default default] 10.0.0.19 "GET /v2.0/ports?device_id=3e643c73-bbc5-4946-b223-d99db0783171 HTTP/1.1" status: 200 len: 205 time: 0.0189345
2026-07-07 04:49:13.510 10 INFO neutron.db.ovn_revision_numbers_db [None req-fdfd020e-e9a8-4c15-8d40-f3bd4da347c9 bc14e782ce2b40fabad52652c3fc0463 71691744bac946d8b9e1fa501191762a - - default default] Successfully bumped revision number for resource acf56a82-65e6-4dd3-af80-ad58ee5726e8 (type: security_groups) to 1
2026-07-07 04:49:13.536 10 INFO neutron.db.ovn_revision_numbers_db [None req-fdfd020e-e9a8-4c15-8d40-f3bd4da347c9 bc14e782ce2b40fabad52652c3fc0463 71691744bac946d8b9e1fa501191762a - - default default] Successfully bumped revision number for resource 5e380af8-ee3b-416b-86b5-e2d4c55982db (type: security_group_rules) to 0
2026-07-07 04:49:13.555 10 INFO neutron.db.ovn_revision_numbers_db [None req-fdfd020e-e9a8-4c15-8d40-f3bd4da347c9 bc14e782ce2b40fabad52652c3fc0463 71691744bac946d8b9e1fa501191762a - - default default] Successfully bumped revision number for resource 9b184344-767a-49ab-ae5c-f05b5492909a (type: security_group_rules) to 0
2026-07-07 04:49:13.568 10 INFO neutron.db.ovn_revision_numbers_db [None req-fdfd020e-e9a8-4c15-8d40-f3bd4da347c9 bc14e782ce2b40fabad52652c3fc0463 71691744bac946d8b9e1fa501191762a - - default default] Successfully bumped revision number for resource b509cfb2-f0bc-47c2-b11d-9fd329900512 (type: security_group_rules) to 0
2026-07-07 04:49:13.601 10 INFO neutron.db.ovn_revision_numbers_db [None req-fdfd020e-e9a8-4c15-8d40-f3bd4da347c9 bc14e782ce2b40fabad52652c3fc0463 71691744bac946d8b9e1fa501191762a - - default default] Successfully bumped revision number for resource e812245d-5e1b-4461-b8d4-a04288e6fa60 (type: security_group_rules) to 0
2026-07-07 04:49:13.674 10 INFO neutron.db.ovn_revision_numbers_db [None req-fdfd020e-e9a8-4c15-8d40-f3bd4da347c9 bc14e782ce2b40fabad52652c3fc0463 71691744bac946d8b9e1fa501191762a - - default default] Successfully bumped revision number for resource 93bc1b6a-e93e-43c5-9fba-9cb75f083165 (type: security_groups) to 1
2026-07-07 04:49:13.686 10 INFO neutron.db.ovn_revision_numbers_db [None req-fdfd020e-e9a8-4c15-8d40-f3bd4da347c9 bc14e782ce2b40fabad52652c3fc0463 71691744bac946d8b9e1fa501191762a - - default default] Successfully bumped revision number for resource 646fb4cc-fa2d-4f52-9219-4814871702d4 (type: security_group_rules) to 0
2026-07-07 04:49:13.699 10 INFO neutron.db.ovn_revision_numbers_db [None req-fdfd020e-e9a8-4c15-8d40-f3bd4da347c9 bc14e782ce2b40fabad52652c3fc0463 71691744bac946d8b9e1fa501191762a - - default default] Successfully bumped revision number for resource ec801069-97f7-4e76-b8ea-602778ffafd6 (type: security_group_rules) to 0
2026-07-07 04:49:13.722 10 INFO neutron.wsgi [None req-fdfd020e-e9a8-4c15-8d40-f3bd4da347c9 bc14e782ce2b40fabad52652c3fc0463 71691744bac946d8b9e1fa501191762a - - default default] 10.0.0.19 "POST /v2.0/security-groups HTTP/1.1" status: 201 len: 1737 time: 0.4737837
2026-07-07 04:49:13.766 10 INFO neutron.wsgi [None req-6552e8ca-b259-47ca-8e3a-a9505b2ffe9e bc14e782ce2b40fabad52652c3fc0463 71691744bac946d8b9e1fa501191762a - - default default] 10.0.0.19 "PUT /v2.0/security-groups/93bc1b6a-e93e-43c5-9fba-9cb75f083165/tags HTTP/1.1" status: 200 len: 218 time: 0.0331793
2026-07-07 04:49:13.787 10 INFO neutron.wsgi [None req-b57b0f40-6ea0-49dd-83f8-3fce55ad1bd4 bc14e782ce2b40fabad52652c3fc0463 71691744bac946d8b9e1fa501191762a - - default default] 10.0.0.19 "GET /v2.0/security-groups/93bc1b6a-e93e-43c5-9fba-9cb75f083165/tags HTTP/1.1" status: 200 len: 218 time: 0.0163660
2026-07-07 04:49:13.832 10 INFO neutron.wsgi [None req-04207c45-f159-432c-af8e-4cf1d64fe789 bc14e782ce2b40fabad52652c3fc0463 71691744bac946d8b9e1fa501191762a - - default default] 10.0.0.19 "PUT /v2.0/security-groups/93bc1b6a-e93e-43c5-9fba-9cb75f083165/tags/green HTTP/1.1" status: 201 len: 201 time: 0.0370009
2026-07-07 04:49:13.860 10 INFO neutron.wsgi [None req-65570cd1-0215-4042-b8ea-81353de6ceb2 bc14e782ce2b40fabad52652c3fc0463 71691744bac946d8b9e1fa501191762a - - default default] 10.0.0.19 "GET /v2.0/security-groups/93bc1b6a-e93e-43c5-9fba-9cb75f083165/tags HTTP/1.1" status: 200 len: 227 time: 0.0195532
2026-07-07 04:49:13.892 10 INFO neutron.wsgi [None req-2b8db155-8ea2-41f0-917b-89c125fb27ed bc14e782ce2b40fabad52652c3fc0463 71691744bac946d8b9e1fa501191762a - - default default] 10.0.0.19 "PUT /v2.0/security-groups/93bc1b6a-e93e-43c5-9fba-9cb75f083165/tags/red HTTP/1.1" status: 201 len: 201 time: 0.0266206
