2026-07-07 04:47:43.776 9 INFO neutron.wsgi [None req-bb45ad27-e218-4659-9677-2c9c01cab395 a95b9e60bca042d3bdf9dcd42dc205e2 8dfee278ac48403aa96e1d75322454da - - default default] 10.0.0.19 "GET /v2.0/floatingips/ebcb4d41-0c73-410a-a1af-0584c608d01a HTTP/1.1" status: 200 len: 1051 time: 0.0588331
2026-07-07 04:47:43.807 10 INFO neutron.wsgi [req-1a89dd4d-b61b-4460-a5b8-11cfdad3d826 req-522613e1-30e8-4eda-b323-97bb06f83916 3ea0a39635114086bda3cf1522cc0494 1f66e9477f4a452f96ebceff078cafb8 - - eba47cdcf001454d92b9bf2f241a4b09 eba47cdcf001454d92b9bf2f241a4b09] 199.204.45.95 "GET /v2.0/ports?tenant_id=8dfee278ac48403aa96e1d75322454da&device_id=2f90f277-114e-477e-934a-7c93c287fe19 HTTP/1.1" status: 200 len: 1409 time: 0.0425127
2026-07-07 04:47:43.821 9 INFO neutron.db.ovn_revision_numbers_db [None req-17291764-0ef6-4014-9cba-7df65f7e9d29 1ca593f1ddd74c7eabab8676647af840 164fa6fa12f64f1fac166893e00fa288 - - default default] Successfully bumped revision number for resource 042457d8-7b3d-44d3-95eb-36a4061b873b (type: security_groups) to 1
2026-07-07 04:47:43.838 9 INFO neutron.db.ovn_revision_numbers_db [None req-17291764-0ef6-4014-9cba-7df65f7e9d29 1ca593f1ddd74c7eabab8676647af840 164fa6fa12f64f1fac166893e00fa288 - - default default] Successfully bumped revision number for resource 3159233d-c698-4792-9053-f63dc9c1d70a (type: security_group_rules) to 0
2026-07-07 04:47:43.853 9 INFO neutron.db.ovn_revision_numbers_db [None req-17291764-0ef6-4014-9cba-7df65f7e9d29 1ca593f1ddd74c7eabab8676647af840 164fa6fa12f64f1fac166893e00fa288 - - default default] Successfully bumped revision number for resource a5cc33b8-29f9-4ba5-aebe-d9439fc5d64e (type: security_group_rules) to 0
2026-07-07 04:47:43.873 9 INFO neutron.db.ovn_revision_numbers_db [None req-17291764-0ef6-4014-9cba-7df65f7e9d29 1ca593f1ddd74c7eabab8676647af840 164fa6fa12f64f1fac166893e00fa288 - - default default] Successfully bumped revision number for resource bee777db-019f-4860-859c-dba35b39f0cd (type: security_group_rules) to 0
2026-07-07 04:47:43.874 10 INFO neutron.wsgi [req-1a89dd4d-b61b-4460-a5b8-11cfdad3d826 req-f37954e6-8d1c-4a34-a307-f6dd9b628044 3ea0a39635114086bda3cf1522cc0494 1f66e9477f4a452f96ebceff078cafb8 - - eba47cdcf001454d92b9bf2f241a4b09 eba47cdcf001454d92b9bf2f241a4b09] 199.204.45.95 "GET /v2.0/networks?id=ba311541-2d90-4537-83c7-a2f2a01b28a6 HTTP/1.1" status: 200 len: 959 time: 0.0611701
2026-07-07 04:47:43.886 9 INFO neutron.db.ovn_revision_numbers_db [None req-17291764-0ef6-4014-9cba-7df65f7e9d29 1ca593f1ddd74c7eabab8676647af840 164fa6fa12f64f1fac166893e00fa288 - - default default] Successfully bumped revision number for resource d1d478d0-5ff3-41eb-a161-a00483259b26 (type: security_group_rules) to 0
2026-07-07 04:47:43.922 9 INFO neutron.wsgi [None req-17291764-0ef6-4014-9cba-7df65f7e9d29 1ca593f1ddd74c7eabab8676647af840 164fa6fa12f64f1fac166893e00fa288 - - default default] 10.0.0.19 "GET /v2.0/security-groups?tenant_id=f845fb40432749b0be63ca1b07d16238&name=default HTTP/1.1" status: 200 len: 2996 time: 0.2579892
2026-07-07 04:47:43.925 10 INFO neutron.wsgi [req-1a89dd4d-b61b-4460-a5b8-11cfdad3d826 req-0fb2755b-9036-4daf-87d6-4161e63785d4 3ea0a39635114086bda3cf1522cc0494 1f66e9477f4a452f96ebceff078cafb8 - - eba47cdcf001454d92b9bf2f241a4b09 eba47cdcf001454d92b9bf2f241a4b09] 199.204.45.95 "GET /v2.0/floatingips?fixed_ip_address=10.100.0.4&port_id=49eaad67-ea65-42f2-a8ae-785265f94129 HTTP/1.1" status: 200 len: 1059 time: 0.0451374
2026-07-07 04:47:43.983 10 INFO neutron.wsgi [req-1a89dd4d-b61b-4460-a5b8-11cfdad3d826 req-4d68ee10-a68e-4738-a7f9-23c27bed8f52 3ea0a39635114086bda3cf1522cc0494 1f66e9477f4a452f96ebceff078cafb8 - - eba47cdcf001454d92b9bf2f241a4b09 eba47cdcf001454d92b9bf2f241a4b09] 199.204.45.95 "GET /v2.0/subnets?id=aa7936a5-e9db-48b9-be65-4c5d091d1737 HTTP/1.1" status: 200 len: 853 time: 0.0497553
2026-07-07 04:47:44.026 10 INFO neutron.wsgi [req-1a89dd4d-b61b-4460-a5b8-11cfdad3d826 req-8c540606-ca95-442c-847d-74375d230ca6 3ea0a39635114086bda3cf1522cc0494 1f66e9477f4a452f96ebceff078cafb8 - - eba47cdcf001454d92b9bf2f241a4b09 eba47cdcf001454d92b9bf2f241a4b09] 199.204.45.95 "GET /v2.0/ports?network_id=ba311541-2d90-4537-83c7-a2f2a01b28a6&device_owner=network%3Adhcp HTTP/1.1" status: 200 len: 210 time: 0.0313551
2026-07-07 04:47:44.098 10 INFO neutron.wsgi [req-1a89dd4d-b61b-4460-a5b8-11cfdad3d826 req-78f8b46a-db73-4723-8427-0f97e29de3f2 3ea0a39635114086bda3cf1522cc0494 1f66e9477f4a452f96ebceff078cafb8 - - eba47cdcf001454d92b9bf2f241a4b09 eba47cdcf001454d92b9bf2f241a4b09] 199.204.45.95 "GET /v2.0/networks/ba311541-2d90-4537-83c7-a2f2a01b28a6?fields=segments HTTP/1.1" status: 200 len: 212 time: 0.0638437
2026-07-07 04:47:44.170 10 INFO neutron.wsgi [req-1a89dd4d-b61b-4460-a5b8-11cfdad3d826 req-b4f76a44-bb89-4946-a1a5-2c4b88d815e6 3ea0a39635114086bda3cf1522cc0494 1f66e9477f4a452f96ebceff078cafb8 - - eba47cdcf001454d92b9bf2f241a4b09 eba47cdcf001454d92b9bf2f241a4b09] 199.204.45.95 "GET /v2.0/networks/ba311541-2d90-4537-83c7-a2f2a01b28a6?fields=provider%3Aphysical_network&fields=provider%3Anetwork_type HTTP/1.1" status: 200 len: 277 time: 0.0644386
2026-07-07 04:47:44.208 10 INFO neutron.wsgi [None req-d2fda9e4-6606-4548-b24d-b0972fb4a918 1ca593f1ddd74c7eabab8676647af840 164fa6fa12f64f1fac166893e00fa288 - - default default] 10.0.0.19 "DELETE /v2.0/security-groups/042457d8-7b3d-44d3-95eb-36a4061b873b HTTP/1.1" status: 204 len: 168 time: 0.2791381
2026-07-07 04:47:46.051 9 INFO neutron.wsgi [req-7712044d-4411-48cc-9581-e07ca8a89b67 req-5151c524-e2cc-4af0-8aa4-739f98d04e5f 8aa031469cad4a22baed0c5a19088c91 44d05c3aa522446f8d49a065a59b1d88 - - default default] 10.0.0.129 "GET /v2.0/ports?device_id=2d3d2566-7673-4141-830c-0ed1ca17916d HTTP/1.1" status: 200 len: 1174 time: 0.1216424
2026-07-07 04:47:46.109 9 INFO neutron.wsgi [req-7712044d-4411-48cc-9581-e07ca8a89b67 req-e9d35e20-512a-421c-8ea9-7f51aade9901 8aa031469cad4a22baed0c5a19088c91 44d05c3aa522446f8d49a065a59b1d88 - - default default] 10.0.0.129 "GET /v2.0/security-groups?id=d74095fd-eed3-4b3e-b276-9bb855837338&fields=id&fields=name HTTP/1.1" status: 200 len: 311 time: 0.0507839
2026-07-07 04:47:46.227 9 INFO neutron.wsgi [req-e2810c3c-45e9-4e83-aa8e-03aac0c34e22 req-51c60994-080d-4910-a852-c84773ec14fa 8aa031469cad4a22baed0c5a19088c91 44d05c3aa522446f8d49a065a59b1d88 - - default default] 10.0.0.129 "GET /v2.0/ports?device_id=2d3d2566-7673-4141-830c-0ed1ca17916d HTTP/1.1" status: 200 len: 1174 time: 0.0535884
2026-07-07 04:47:46.281 9 INFO neutron.wsgi [req-e2810c3c-45e9-4e83-aa8e-03aac0c34e22 req-2d8e5925-9528-472a-9098-defeac64908f 8aa031469cad4a22baed0c5a19088c91 44d05c3aa522446f8d49a065a59b1d88 - - default default] 10.0.0.129 "GET /v2.0/security-groups?id=d74095fd-eed3-4b3e-b276-9bb855837338&fields=id&fields=name HTTP/1.1" status: 200 len: 311 time: 0.0453734
2026-07-07 04:47:46.639 9 INFO neutron.wsgi [req-882bd5ec-6adf-4ec3-8f73-121dc46720fc req-2aaec27b-923d-42ad-a810-03bd07443da3 8aa031469cad4a22baed0c5a19088c91 44d05c3aa522446f8d49a065a59b1d88 - - default default] 10.0.0.129 "GET /v2.0/ports?device_id=2d3d2566-7673-4141-830c-0ed1ca17916d HTTP/1.1" status: 200 len: 1174 time: 0.0648530
2026-07-07 04:47:46.689 9 INFO neutron.wsgi [req-882bd5ec-6adf-4ec3-8f73-121dc46720fc req-9d207fa8-0618-403d-a3d4-d806470c9a70 8aa031469cad4a22baed0c5a19088c91 44d05c3aa522446f8d49a065a59b1d88 - - default default] 10.0.0.129 "GET /v2.0/security-groups?id=d74095fd-eed3-4b3e-b276-9bb855837338&fields=id&fields=name HTTP/1.1" status: 200 len: 311 time: 0.0415606
2026-07-07 04:47:46.706 10 INFO neutron.wsgi [req-1882d1ca-28c8-416c-938c-3cd079278fb2 req-e5b35c14-301b-43fe-9fea-20810be5e066 3ea0a39635114086bda3cf1522cc0494 1f66e9477f4a452f96ebceff078cafb8 - - eba47cdcf001454d92b9bf2f241a4b09 eba47cdcf001454d92b9bf2f241a4b09] 199.204.45.95 "GET /v2.0/ports?tenant_id=44d05c3aa522446f8d49a065a59b1d88&device_id=2d3d2566-7673-4141-830c-0ed1ca17916d HTTP/1.1" status: 200 len: 1413 time: 0.0534687
2026-07-07 04:47:46.797 10 INFO neutron.wsgi [req-1882d1ca-28c8-416c-938c-3cd079278fb2 req-cd98d471-72ad-4e86-8c53-fa1d1ca25ee3 3ea0a39635114086bda3cf1522cc0494 1f66e9477f4a452f96ebceff078cafb8 - - eba47cdcf001454d92b9bf2f241a4b09 eba47cdcf001454d92b9bf2f241a4b09] 199.204.45.95 "GET /v2.0/networks?id=6e344861-dda7-4d08-9c0e-8e74379ca08f HTTP/1.1" status: 200 len: 973 time: 0.0820124
2026-07-07 04:47:46.863 10 INFO neutron.wsgi [req-1882d1ca-28c8-416c-938c-3cd079278fb2 req-a416cd69-4398-43bf-982f-41cc73a74a83 3ea0a39635114086bda3cf1522cc0494 1f66e9477f4a452f96ebceff078cafb8 - - eba47cdcf001454d92b9bf2f241a4b09 eba47cdcf001454d92b9bf2f241a4b09] 199.204.45.95 "GET /v2.0/floatingips?fixed_ip_address=10.100.0.14&port_id=a258282a-5780-41d7-8f13-5c335507306c HTTP/1.1" status: 200 len: 1060 time: 0.0556943
2026-07-07 04:47:46.917 10 INFO neutron.wsgi [req-1882d1ca-28c8-416c-938c-3cd079278fb2 req-17393bfc-696c-4222-8538-d0c36deddbc0 3ea0a39635114086bda3cf1522cc0494 1f66e9477f4a452f96ebceff078cafb8 - - eba47cdcf001454d92b9bf2f241a4b09 eba47cdcf001454d92b9bf2f241a4b09] 199.204.45.95 "GET /v2.0/subnets?id=846fa0a6-a514-45aa-b5d8-52e156e63c36 HTTP/1.1" status: 200 len: 868 time: 0.0429332
2026-07-07 04:47:46.959 10 INFO neutron.wsgi [req-1882d1ca-28c8-416c-938c-3cd079278fb2 req-b67043d9-82f2-4341-829f-46a79609f214 3ea0a39635114086bda3cf1522cc0494 1f66e9477f4a452f96ebceff078cafb8 - - eba47cdcf001454d92b9bf2f241a4b09 eba47cdcf001454d92b9bf2f241a4b09] 199.204.45.95 "GET /v2.0/ports?network_id=6e344861-dda7-4d08-9c0e-8e74379ca08f&device_owner=network%3Adhcp HTTP/1.1" status: 200 len: 210 time: 0.0310528
2026-07-07 04:47:47.040 10 INFO neutron.wsgi [req-1882d1ca-28c8-416c-938c-3cd079278fb2 req-96a53cd4-d6f5-4e43-9de7-00a358737036 3ea0a39635114086bda3cf1522cc0494 1f66e9477f4a452f96ebceff078cafb8 - - eba47cdcf001454d92b9bf2f241a4b09 eba47cdcf001454d92b9bf2f241a4b09] 199.204.45.95 "GET /v2.0/networks/6e344861-dda7-4d08-9c0e-8e74379ca08f?fields=segments HTTP/1.1" status: 200 len: 212 time: 0.0746546
2026-07-07 04:47:47.117 10 INFO neutron.wsgi [req-1882d1ca-28c8-416c-938c-3cd079278fb2 req-f236ca21-bc85-435f-a327-32b6b910cc35 3ea0a39635114086bda3cf1522cc0494 1f66e9477f4a452f96ebceff078cafb8 - - eba47cdcf001454d92b9bf2f241a4b09 eba47cdcf001454d92b9bf2f241a4b09] 199.204.45.95 "GET /v2.0/networks/6e344861-dda7-4d08-9c0e-8e74379ca08f?fields=provider%3Aphysical_network&fields=provider%3Anetwork_type HTTP/1.1" status: 200 len: 277 time: 0.0694606
2026-07-07 04:47:47.157 9 INFO neutron.db.ovn_revision_numbers_db [None req-a3e5f290-8b2a-491b-93cd-e796f9000523 1ca593f1ddd74c7eabab8676647af840 164fa6fa12f64f1fac166893e00fa288 - - default default] Successfully bumped revision number for resource e0cc00c5-c583-473b-941f-a84a06c9f1d2 (type: security_groups) to 1
2026-07-07 04:47:47.170 9 INFO neutron.db.ovn_revision_numbers_db [None req-a3e5f290-8b2a-491b-93cd-e796f9000523 1ca593f1ddd74c7eabab8676647af840 164fa6fa12f64f1fac166893e00fa288 - - default default] Successfully bumped revision number for resource 2c91a0fd-458b-44a7-80c4-4b5ae2de4513 (type: security_group_rules) to 0
2026-07-07 04:47:47.185 9 INFO neutron.db.ovn_revision_numbers_db [None req-a3e5f290-8b2a-491b-93cd-e796f9000523 1ca593f1ddd74c7eabab8676647af840 164fa6fa12f64f1fac166893e00fa288 - - default default] Successfully bumped revision number for resource 98b896ec-bd4e-466f-b22d-f29acdf7f57b (type: security_group_rules) to 0
2026-07-07 04:47:47.202 9 INFO neutron.db.ovn_revision_numbers_db [None req-a3e5f290-8b2a-491b-93cd-e796f9000523 1ca593f1ddd74c7eabab8676647af840 164fa6fa12f64f1fac166893e00fa288 - - default default] Successfully bumped revision number for resource a25ce560-b48a-4d46-bce2-92820053dc47 (type: security_group_rules) to 0
2026-07-07 04:47:47.219 9 INFO neutron.db.ovn_revision_numbers_db [None req-a3e5f290-8b2a-491b-93cd-e796f9000523 1ca593f1ddd74c7eabab8676647af840 164fa6fa12f64f1fac166893e00fa288 - - default default] Successfully bumped revision number for resource ea40ab95-67f1-4d4a-8d4d-69b8dd26eabd (type: security_group_rules) to 0
2026-07-07 04:47:47.247 9 INFO neutron.wsgi [None req-a3e5f290-8b2a-491b-93cd-e796f9000523 1ca593f1ddd74c7eabab8676647af840 164fa6fa12f64f1fac166893e00fa288 - - default default] 10.0.0.19 "GET /v2.0/security-groups?tenant_id=cab63e4028e941d18d0a506964d7bc74&name=default HTTP/1.1" status: 200 len: 2996 time: 0.4729395
2026-07-07 04:47:47.369 10 INFO neutron.plugins.ml2.drivers.ovn.mech_driver.mech_driver [None req-bd58489d-bbb0-4062-a0f1-0a7f46828024 - - - - - -] OVN reports status down for port: a258282a-5780-41d7-8f13-5c335507306c
2026-07-07 04:47:47.464 9 INFO neutron.wsgi [None req-f79fd592-51cd-4102-9ffd-7ba0d052c0c8 1ca593f1ddd74c7eabab8676647af840 164fa6fa12f64f1fac166893e00fa288 - - default default] 10.0.0.19 "DELETE /v2.0/security-groups/e0cc00c5-c583-473b-941f-a84a06c9f1d2 HTTP/1.1" status: 204 len: 168 time: 0.2091141
2026-07-07 04:47:47.533 10 INFO neutron.notifiers.nova [-] Nova event matching ['req-0ad814ef-bcde-4c0d-8290-2bf42e4da87d'] response: {'server_uuid': '2d3d2566-7673-4141-830c-0ed1ca17916d', 'name': 'network-vif-unplugged', 'status': 'completed', 'tag': 'a258282a-5780-41d7-8f13-5c335507306c', 'code': 200}
2026-07-07 04:47:47.724 10 INFO neutron.db.ovn_revision_numbers_db [None req-bd58489d-bbb0-4062-a0f1-0a7f46828024 - - - - - -] Successfully bumped revision number for resource a258282a-5780-41d7-8f13-5c335507306c (type: ports) to 5
2026-07-07 04:47:47.802 9 INFO neutron.wsgi [req-be12e123-4999-4f7a-aa41-46df6ed60d38 req-923adf1e-9014-401b-b5db-8976c7bc0fdb 8aa031469cad4a22baed0c5a19088c91 44d05c3aa522446f8d49a065a59b1d88 - - default default] 10.0.0.129 "GET /v2.0/ports?device_id=2d3d2566-7673-4141-830c-0ed1ca17916d HTTP/1.1" status: 200 len: 1172 time: 0.0441632
2026-07-07 04:47:47.872 9 INFO neutron.wsgi [req-be12e123-4999-4f7a-aa41-46df6ed60d38 req-ff903979-cabd-42f4-805b-b2d20fb996c4 8aa031469cad4a22baed0c5a19088c91 44d05c3aa522446f8d49a065a59b1d88 - - default default] 10.0.0.129 "GET /v2.0/security-groups?id=d74095fd-eed3-4b3e-b276-9bb855837338&fields=id&fields=name HTTP/1.1" status: 200 len: 311 time: 0.0608242
2026-07-07 04:47:47.937 9 INFO neutron.db.ovn_revision_numbers_db [None req-637ea5f4-32a8-41cc-8241-c751492a4dfa 1ca593f1ddd74c7eabab8676647af840 164fa6fa12f64f1fac166893e00fa288 - - default default] Successfully bumped revision number for resource ea141ab1-ec2b-4160-8e74-a1b30c1c41ab (type: security_groups) to 1
2026-07-07 04:47:47.954 9 INFO neutron.db.ovn_revision_numbers_db [None req-637ea5f4-32a8-41cc-8241-c751492a4dfa 1ca593f1ddd74c7eabab8676647af840 164fa6fa12f64f1fac166893e00fa288 - - default default] Successfully bumped revision number for resource 0491c81a-efb0-4b88-a15c-029298bd4356 (type: security_group_rules) to 0
2026-07-07 04:47:47.971 9 INFO neutron.db.ovn_revision_numbers_db [None req-637ea5f4-32a8-41cc-8241-c751492a4dfa 1ca593f1ddd74c7eabab8676647af840 164fa6fa12f64f1fac166893e00fa288 - - default default] Successfully bumped revision number for resource 118ff868-d877-4742-ac49-654243aa9d42 (type: security_group_rules) to 0
2026-07-07 04:47:47.995 9 INFO neutron.db.ovn_revision_numbers_db [None req-637ea5f4-32a8-41cc-8241-c751492a4dfa 1ca593f1ddd74c7eabab8676647af840 164fa6fa12f64f1fac166893e00fa288 - - default default] Successfully bumped revision number for resource 29b1dd1a-14d7-47b5-ab9c-44e5eefa4569 (type: security_group_rules) to 0
2026-07-07 04:47:48.016 9 INFO neutron.db.ovn_revision_numbers_db [None req-637ea5f4-32a8-41cc-8241-c751492a4dfa 1ca593f1ddd74c7eabab8676647af840 164fa6fa12f64f1fac166893e00fa288 - - default default] Successfully bumped revision number for resource ccb7fe32-71f7-43f9-b7fa-a0182e78ddcb (type: security_group_rules) to 0
2026-07-07 04:47:48.042 10 INFO neutron.plugins.ml2.drivers.ovn.mech_driver.mech_driver [None req-bd58489d-bbb0-4062-a0f1-0a7f46828024 - - - - - -] OVN reports status up for port: a258282a-5780-41d7-8f13-5c335507306c
2026-07-07 04:47:48.049 9 INFO neutron.wsgi [None req-637ea5f4-32a8-41cc-8241-c751492a4dfa 1ca593f1ddd74c7eabab8676647af840 164fa6fa12f64f1fac166893e00fa288 - - default default] 10.0.0.19 "GET /v2.0/security-groups?tenant_id=5c607f30e3d845a185be91bc818f181e&name=default HTTP/1.1" status: 200 len: 2996 time: 0.4770679
2026-07-07 04:47:48.054 10 INFO neutron.plugins.ml2.plugin [None req-bd58489d-bbb0-4062-a0f1-0a7f46828024 - - - - - -] Attempt 1 to provision port a258282a-5780-41d7-8f13-5c335507306c
2026-07-07 04:47:48.274 9 INFO neutron.wsgi [None req-b002d0c5-d026-4239-8a98-b740d4bf2e1f 1ca593f1ddd74c7eabab8676647af840 164fa6fa12f64f1fac166893e00fa288 - - default default] 10.0.0.19 "DELETE /v2.0/security-groups/ea141ab1-ec2b-4160-8e74-a1b30c1c41ab HTTP/1.1" status: 204 len: 168 time: 0.2195039
2026-07-07 04:47:48.355 10 INFO neutron.db.ovn_revision_numbers_db [None req-bd58489d-bbb0-4062-a0f1-0a7f46828024 - - - - - -] Successfully bumped revision number for resource a258282a-5780-41d7-8f13-5c335507306c (type: ports) to 6
2026-07-07 04:47:48.530 9 INFO neutron.db.ovn_revision_numbers_db [None req-e0e1ac23-7081-4dd9-a0db-d20d24b2c2ed 1ca593f1ddd74c7eabab8676647af840 164fa6fa12f64f1fac166893e00fa288 - - default default] Successfully bumped revision number for resource 12e673ed-2e94-42de-a193-35d87071d7e9 (type: security_groups) to 1
2026-07-07 04:47:48.545 9 INFO neutron.db.ovn_revision_numbers_db [None req-e0e1ac23-7081-4dd9-a0db-d20d24b2c2ed 1ca593f1ddd74c7eabab8676647af840 164fa6fa12f64f1fac166893e00fa288 - - default default] Successfully bumped revision number for resource 486975dd-a917-42cf-b01e-17520a19217c (type: security_group_rules) to 0
2026-07-07 04:47:48.562 9 INFO neutron.db.ovn_revision_numbers_db [None req-e0e1ac23-7081-4dd9-a0db-d20d24b2c2ed 1ca593f1ddd74c7eabab8676647af840 164fa6fa12f64f1fac166893e00fa288 - - default default] Successfully bumped revision number for resource 65e877f1-e248-4bc7-9241-5b8926b5924a (type: security_group_rules) to 0
2026-07-07 04:47:48.575 9 INFO neutron.db.ovn_revision_numbers_db [None req-e0e1ac23-7081-4dd9-a0db-d20d24b2c2ed 1ca593f1ddd74c7eabab8676647af840 164fa6fa12f64f1fac166893e00fa288 - - default default] Successfully bumped revision number for resource 788cd5f0-90e4-4c9e-ae45-fb1aeae554a1 (type: security_group_rules) to 0
2026-07-07 04:47:48.589 9 INFO neutron.db.ovn_revision_numbers_db [None req-e0e1ac23-7081-4dd9-a0db-d20d24b2c2ed 1ca593f1ddd74c7eabab8676647af840 164fa6fa12f64f1fac166893e00fa288 - - default default] Successfully bumped revision number for resource 7b2312d6-f299-4a4e-9652-51fd5c991da3 (type: security_group_rules) to 0
2026-07-07 04:47:48.612 9 INFO neutron.wsgi [None req-e0e1ac23-7081-4dd9-a0db-d20d24b2c2ed 1ca593f1ddd74c7eabab8676647af840 164fa6fa12f64f1fac166893e00fa288 - - default default] 10.0.0.19 "GET /v2.0/security-groups?tenant_id=784d13d0ecd447b0888349b4c60c303f&name=default HTTP/1.1" status: 200 len: 2996 time: 0.2092071
2026-07-07 04:47:48.807 9 INFO neutron.wsgi [None req-5ac1079e-e107-467f-80db-a9d2a678e023 1ca593f1ddd74c7eabab8676647af840 164fa6fa12f64f1fac166893e00fa288 - - default default] 10.0.0.19 "DELETE /v2.0/security-groups/12e673ed-2e94-42de-a193-35d87071d7e9 HTTP/1.1" status: 204 len: 168 time: 0.1867142
2026-07-07 04:47:48.983 9 INFO neutron.wsgi [req-443be13a-d2d1-453c-9f50-55a9fa25b185 req-d93afe9a-d413-470a-b8ac-7ef2d34b09d0 8aa031469cad4a22baed0c5a19088c91 44d05c3aa522446f8d49a065a59b1d88 - - default default] 10.0.0.129 "GET /v2.0/ports?device_id=2d3d2566-7673-4141-830c-0ed1ca17916d HTTP/1.1" status: 200 len: 1174 time: 0.0372570
2026-07-07 04:47:49.025 9 INFO neutron.wsgi [req-443be13a-d2d1-453c-9f50-55a9fa25b185 req-35448e81-d970-44cb-bf5e-1658e52f2c64 8aa031469cad4a22baed0c5a19088c91 44d05c3aa522446f8d49a065a59b1d88 - - default default] 10.0.0.129 "GET /v2.0/security-groups?id=d74095fd-eed3-4b3e-b276-9bb855837338&fields=id&fields=name HTTP/1.1" status: 200 len: 311 time: 0.0360608
2026-07-07 04:47:49.583 10 INFO neutron.notifiers.nova [-] Nova event matching ['req-e982c116-c494-4a8d-be73-852e70147a86'] response: {'server_uuid': '2d3d2566-7673-4141-830c-0ed1ca17916d', 'name': 'network-vif-plugged', 'status': 'completed', 'tag': 'a258282a-5780-41d7-8f13-5c335507306c', 'code': 200}
2026-07-07 04:47:49.584 10 INFO neutron.notifiers.nova [-] Nova event matching ['req-e982c116-c494-4a8d-be73-852e70147a86'] response: {'server_uuid': '2d3d2566-7673-4141-830c-0ed1ca17916d', 'name': 'network-vif-plugged', 'status': 'completed', 'tag': 'a258282a-5780-41d7-8f13-5c335507306c', 'code': 200}
2026-07-07 04:47:49.584 10 INFO neutron.notifiers.nova [-] Nova event matching ['req-e982c116-c494-4a8d-be73-852e70147a86'] response: {'server_uuid': '2d3d2566-7673-4141-830c-0ed1ca17916d', 'name': 'network-vif-plugged', 'status': 'completed', 'tag': 'a258282a-5780-41d7-8f13-5c335507306c', 'code': 200}
2026-07-07 04:47:50.292 9 INFO neutron.db.ovn_revision_numbers_db [None req-fcff0195-8c93-4a2d-a654-3f7d10564e1c 1ca593f1ddd74c7eabab8676647af840 164fa6fa12f64f1fac166893e00fa288 - - default default] Successfully bumped revision number for resource f9b782ff-2fde-43c6-a0f4-529a2ea8dba3 (type: security_groups) to 1
2026-07-07 04:47:50.307 9 INFO neutron.db.ovn_revision_numbers_db [None req-fcff0195-8c93-4a2d-a654-3f7d10564e1c 1ca593f1ddd74c7eabab8676647af840 164fa6fa12f64f1fac166893e00fa288 - - default default] Successfully bumped revision number for resource af71cef9-e739-4941-8515-800b0c2efed1 (type: security_group_rules) to 0
2026-07-07 04:47:50.320 9 INFO neutron.db.ovn_revision_numbers_db [None req-fcff0195-8c93-4a2d-a654-3f7d10564e1c 1ca593f1ddd74c7eabab8676647af840 164fa6fa12f64f1fac166893e00fa288 - - default default] Successfully bumped revision number for resource b08a98d3-b6e2-41b8-bf91-7312c89b7180 (type: security_group_rules) to 0
2026-07-07 04:47:50.352 9 INFO neutron.db.ovn_revision_numbers_db [None req-fcff0195-8c93-4a2d-a654-3f7d10564e1c 1ca593f1ddd74c7eabab8676647af840 164fa6fa12f64f1fac166893e00fa288 - - default default] Successfully bumped revision number for resource c3d98652-8be9-44b2-b3e9-e7556f6f1dbe (type: security_group_rules) to 0
2026-07-07 04:47:50.373 9 INFO neutron.db.ovn_revision_numbers_db [None req-fcff0195-8c93-4a2d-a654-3f7d10564e1c 1ca593f1ddd74c7eabab8676647af840 164fa6fa12f64f1fac166893e00fa288 - - default default] Successfully bumped revision number for resource ec875c78-81dc-4658-9c57-c7273161ff46 (type: security_group_rules) to 0
2026-07-07 04:47:50.401 9 INFO neutron.wsgi [None req-fcff0195-8c93-4a2d-a654-3f7d10564e1c 1ca593f1ddd74c7eabab8676647af840 164fa6fa12f64f1fac166893e00fa288 - - default default] 10.0.0.19 "GET /v2.0/security-groups?tenant_id=30c0d4f6871444f7a171b687030acb26&name=default HTTP/1.1" status: 200 len: 2996 time: 0.4744732
2026-07-07 04:47:50.596 9 INFO neutron.wsgi [None req-ede80f84-395b-46d0-9a3d-7b075f858f96 1ca593f1ddd74c7eabab8676647af840 164fa6fa12f64f1fac166893e00fa288 - - default default] 10.0.0.19 "DELETE /v2.0/security-groups/f9b782ff-2fde-43c6-a0f4-529a2ea8dba3 HTTP/1.1" status: 204 len: 168 time: 0.1852436
2026-07-07 04:47:50.889 9 INFO neutron.wsgi [-] 10.0.0.39 "GET / HTTP/1.1" status: 200 len: 247 time: 0.0016894
2026-07-07 04:47:50.893 9 INFO neutron.wsgi [-] 10.0.0.39 "GET / HTTP/1.1" status: 200 len: 247 time: 0.0036659
2026-07-07 04:47:52.462 9 INFO neutron.db.ovn_revision_numbers_db [None req-d9e7a0ec-595b-4c8f-b1dc-15c7e7b625cb 1ca593f1ddd74c7eabab8676647af840 164fa6fa12f64f1fac166893e00fa288 - - default default] Successfully bumped revision number for resource de1c291b-2d7e-413e-998c-c7c6a8047be3 (type: security_groups) to 1
2026-07-07 04:47:52.479 9 INFO neutron.db.ovn_revision_numbers_db [None req-d9e7a0ec-595b-4c8f-b1dc-15c7e7b625cb 1ca593f1ddd74c7eabab8676647af840 164fa6fa12f64f1fac166893e00fa288 - - default default] Successfully bumped revision number for resource 27aecadb-a017-4212-90e4-9b50a58d4bf0 (type: security_group_rules) to 0
2026-07-07 04:47:52.499 9 INFO neutron.db.ovn_revision_numbers_db [None req-d9e7a0ec-595b-4c8f-b1dc-15c7e7b625cb 1ca593f1ddd74c7eabab8676647af840 164fa6fa12f64f1fac166893e00fa288 - - default default] Successfully bumped revision number for resource 54bf0a4c-a59f-4726-b65c-a47dcdcfaf82 (type: security_group_rules) to 0
2026-07-07 04:47:52.512 9 INFO neutron.db.ovn_revision_numbers_db [None req-d9e7a0ec-595b-4c8f-b1dc-15c7e7b625cb 1ca593f1ddd74c7eabab8676647af840 164fa6fa12f64f1fac166893e00fa288 - - default default] Successfully bumped revision number for resource 67952d16-eb29-41ee-b4d9-c529d0a3ee82 (type: security_group_rules) to 0
2026-07-07 04:47:52.537 9 INFO neutron.db.ovn_revision_numbers_db [None req-d9e7a0ec-595b-4c8f-b1dc-15c7e7b625cb 1ca593f1ddd74c7eabab8676647af840 164fa6fa12f64f1fac166893e00fa288 - - default default] Successfully bumped revision number for resource a3d7d64d-328d-4ef7-b89e-54286a7865b1 (type: security_group_rules) to 0
2026-07-07 04:47:52.565 9 INFO neutron.wsgi [None req-d9e7a0ec-595b-4c8f-b1dc-15c7e7b625cb 1ca593f1ddd74c7eabab8676647af840 164fa6fa12f64f1fac166893e00fa288 - - default default] 10.0.0.19 "GET /v2.0/security-groups?tenant_id=c5a4ab9c1f8a4acb92760fa916917e57&name=default HTTP/1.1" status: 200 len: 2996 time: 0.3564608
2026-07-07 04:47:52.688 9 INFO neutron.db.ovn_revision_numbers_db [None req-1ec6e51c-164e-4e13-99ef-ce03bdd9990f 1e9a18f91883444badfe3417cc959719 a4e76de70c0043deacfec0537f4c2947 - - default default] Successfully bumped revision number for resource 6c853d98-d084-4fa4-aef5-0e0df63591e4 (type: security_groups) to 1
2026-07-07 04:47:52.709 9 INFO neutron.db.ovn_revision_numbers_db [None req-1ec6e51c-164e-4e13-99ef-ce03bdd9990f 1e9a18f91883444badfe3417cc959719 a4e76de70c0043deacfec0537f4c2947 - - default default] Successfully bumped revision number for resource 24201c02-3ac1-45e9-9f58-c1cf038851b8 (type: security_group_rules) to 0
2026-07-07 04:47:52.733 9 INFO neutron.db.ovn_revision_numbers_db [None req-1ec6e51c-164e-4e13-99ef-ce03bdd9990f 1e9a18f91883444badfe3417cc959719 a4e76de70c0043deacfec0537f4c2947 - - default default] Successfully bumped revision number for resource 646bdea8-514c-45f5-aa17-1f31c8216d10 (type: security_group_rules) to 0
2026-07-07 04:47:52.754 9 INFO neutron.db.ovn_revision_numbers_db [None req-1ec6e51c-164e-4e13-99ef-ce03bdd9990f 1e9a18f91883444badfe3417cc959719 a4e76de70c0043deacfec0537f4c2947 - - default default] Successfully bumped revision number for resource c929b9d6-79db-4ca4-a4bc-e662d306f038 (type: security_group_rules) to 0
2026-07-07 04:47:52.775 9 INFO neutron.db.ovn_revision_numbers_db [None req-1ec6e51c-164e-4e13-99ef-ce03bdd9990f 1e9a18f91883444badfe3417cc959719 a4e76de70c0043deacfec0537f4c2947 - - default default] Successfully bumped revision number for resource ce319845-d049-43ad-a0e0-203bcccee994 (type: security_group_rules) to 0
2026-07-07 04:47:52.837 9 INFO neutron.wsgi [None req-76a8266d-957c-4a22-93a4-86cfe760a82c 1ca593f1ddd74c7eabab8676647af840 164fa6fa12f64f1fac166893e00fa288 - - default default] 10.0.0.19 "DELETE /v2.0/security-groups/de1c291b-2d7e-413e-998c-c7c6a8047be3 HTTP/1.1" status: 204 len: 168 time: 0.2665012
2026-07-07 04:47:52.857 9 INFO neutron.db.segments_db [None req-1ec6e51c-164e-4e13-99ef-ce03bdd9990f 1e9a18f91883444badfe3417cc959719 a4e76de70c0043deacfec0537f4c2947 - - default default] Added segment c0bc9428-723b-4026-bfd3-48806fde8f06 of type geneve for network 9a385730-7201-48b1-98b3-205ab916ddc7
2026-07-07 04:47:53.005 9 INFO neutron.db.segments_db [None req-1ec6e51c-164e-4e13-99ef-ce03bdd9990f 1e9a18f91883444badfe3417cc959719 a4e76de70c0043deacfec0537f4c2947 - - default default] Added segment c779d988-a088-48ba-aaab-0d9a85f7b673 of type geneve for network 89440d58-09fd-48ca-9172-16443389148d
2026-07-07 04:47:53.144 9 INFO neutron.db.ovn_revision_numbers_db [None req-1ec6e51c-164e-4e13-99ef-ce03bdd9990f 1e9a18f91883444badfe3417cc959719 a4e76de70c0043deacfec0537f4c2947 - - default default] Successfully bumped revision number for resource 9a385730-7201-48b1-98b3-205ab916ddc7 (type: networks) to 1
2026-07-07 04:47:53.327 9 WARNING neutron.scheduler.dhcp_agent_scheduler [None req-1ec6e51c-164e-4e13-99ef-ce03bdd9990f 1e9a18f91883444badfe3417cc959719 a4e76de70c0043deacfec0537f4c2947 - - default default] No more DHCP agents
2026-07-07 04:47:53.330 9 WARNING neutron.api.rpc.agentnotifiers.dhcp_rpc_agent_api [None req-1ec6e51c-164e-4e13-99ef-ce03bdd9990f 1e9a18f91883444badfe3417cc959719 a4e76de70c0043deacfec0537f4c2947 - - default default] Unable to schedule network 9a385730-7201-48b1-98b3-205ab916ddc7: no agents available; will retry on subsequent port and subnet creation events.
2026-07-07 04:47:53.424 9 INFO neutron.db.ovn_revision_numbers_db [None req-1ec6e51c-164e-4e13-99ef-ce03bdd9990f 1e9a18f91883444badfe3417cc959719 a4e76de70c0043deacfec0537f4c2947 - - default default] Successfully bumped revision number for resource 637fedbe-a345-4946-aa85-77610e4d68a2 (type: ports) to 1
2026-07-07 04:47:53.514 9 INFO neutron.db.ovn_revision_numbers_db [None req-1ec6e51c-164e-4e13-99ef-ce03bdd9990f 1e9a18f91883444badfe3417cc959719 a4e76de70c0043deacfec0537f4c2947 - - default default] Successfully bumped revision number for resource 89440d58-09fd-48ca-9172-16443389148d (type: networks) to 1
2026-07-07 04:47:53.707 9 WARNING neutron.scheduler.dhcp_agent_scheduler [None req-1ec6e51c-164e-4e13-99ef-ce03bdd9990f 1e9a18f91883444badfe3417cc959719 a4e76de70c0043deacfec0537f4c2947 - - default default] No more DHCP agents
2026-07-07 04:47:53.710 9 WARNING neutron.api.rpc.agentnotifiers.dhcp_rpc_agent_api [None req-1ec6e51c-164e-4e13-99ef-ce03bdd9990f 1e9a18f91883444badfe3417cc959719 a4e76de70c0043deacfec0537f4c2947 - - default default] Unable to schedule network 89440d58-09fd-48ca-9172-16443389148d: no agents available; will retry on subsequent port and subnet creation events.
2026-07-07 04:47:53.798 9 INFO neutron.db.ovn_revision_numbers_db [None req-1ec6e51c-164e-4e13-99ef-ce03bdd9990f 1e9a18f91883444badfe3417cc959719 a4e76de70c0043deacfec0537f4c2947 - - default default] Successfully bumped revision number for resource 29b5e478-c7bf-47ea-93c9-b5dbec16b941 (type: ports) to 1
2026-07-07 04:47:53.833 9 INFO neutron.wsgi [None req-1ec6e51c-164e-4e13-99ef-ce03bdd9990f 1e9a18f91883444badfe3417cc959719 a4e76de70c0043deacfec0537f4c2947 - - default default] 10.0.0.19 "POST /v2.0/networks HTTP/1.1" status: 201 len: 1444 time: 1.3638279 /var/lib/openstack/lib/python3.10/site-packages/pycadf/identifier.py:71: UserWarning: Invalid uuid: neutron. To ensure interoperability, identifiers should be a valid uuid. warnings.warn(('Invalid uuid: %s. To ensure interoperability, '
2026-07-07 04:47:53.916 9 INFO neutron.wsgi [req-785035ce-4b16-4fec-9ac6-386fbe0737f7 req-c2c30ace-6bf2-4c8f-9ad2-f7a0ee0d7044 3ea0a39635114086bda3cf1522cc0494 1f66e9477f4a452f96ebceff078cafb8 - - eba47cdcf001454d92b9bf2f241a4b09 eba47cdcf001454d92b9bf2f241a4b09] 10.0.0.96 "GET /v2.0/ports?device_id=2f90f277-114e-477e-934a-7c93c287fe19 HTTP/1.1" status: 200 len: 1409 time: 0.0555232
2026-07-07 04:47:53.965 10 INFO neutron.wsgi [None req-51f1b068-464b-4b76-b355-ec8fe8671a58 1e9a18f91883444badfe3417cc959719 a4e76de70c0043deacfec0537f4c2947 - - default default] 10.0.0.19 "GET /v2.0/networks HTTP/1.1" status: 200 len: 2050 time: 0.1248653
2026-07-07 04:47:53.969 9 INFO neutron.wsgi [req-785035ce-4b16-4fec-9ac6-386fbe0737f7 req-6e2f6c10-ac5a-44e4-9766-62f0f4b40f10 3ea0a39635114086bda3cf1522cc0494 1f66e9477f4a452f96ebceff078cafb8 - - eba47cdcf001454d92b9bf2f241a4b09 eba47cdcf001454d92b9bf2f241a4b09] 10.0.0.96 "GET /v2.0/security-groups?id=678bac4c-8e93-447a-b0b8-34ece0ab808b&fields=id&fields=name HTTP/1.1" status: 200 len: 313 time: 0.0430048
2026-07-07 04:47:54.418 9 INFO neutron.services.segments.plugin [-] Segment c0bc9428-723b-4026-bfd3-48806fde8f06 resource provider aggregate not found
2026-07-07 04:47:54.426 9 INFO neutron.services.segments.plugin [-] Segment c0bc9428-723b-4026-bfd3-48806fde8f06 resource provider aggregate not found
2026-07-07 04:47:54.450 9 INFO neutron.services.segments.plugin [-] Segment c0bc9428-723b-4026-bfd3-48806fde8f06 resource provider not found; error: Placement Client Error (4xx): {"errors": [{"status": 404, "title": "Not Found", "detail": "The resource could not be found.\n\n No resource provider with uuid c0bc9428-723b-4026-bfd3-48806fde8f06 found for delete ", "request_id": "req-1ac018a7-80d3-4be9-b1fb-faa0e6628366"}]}
2026-07-07 04:47:54.470 9 INFO neutron.wsgi [None req-a4ce8d84-40ee-4eae-9aca-b9b7ca4e4288 1e9a18f91883444badfe3417cc959719 a4e76de70c0043deacfec0537f4c2947 - - default default] 10.0.0.19 "DELETE /v2.0/networks/9a385730-7201-48b1-98b3-205ab916ddc7 HTTP/1.1" status: 204 len: 168 time: 0.4991267
2026-07-07 04:47:54.472 9 INFO neutron.services.segments.plugin [-] Segment c0bc9428-723b-4026-bfd3-48806fde8f06 resource provider not found; error: Placement Client Error (4xx): {"errors": [{"status": 404, "title": "Not Found", "detail": "The resource could not be found.\n\n No resource provider with uuid c0bc9428-723b-4026-bfd3-48806fde8f06 found for delete ", "request_id": "req-6da970c3-a912-48d7-a165-6bb466305d92"}]}
2026-07-07 04:47:54.895 10 INFO neutron.services.segments.plugin [-] Segment c779d988-a088-48ba-aaab-0d9a85f7b673 resource provider aggregate not found
2026-07-07 04:47:54.900 10 INFO neutron.services.segments.plugin [-] Segment c779d988-a088-48ba-aaab-0d9a85f7b673 resource provider aggregate not found
2026-07-07 04:47:54.921 10 INFO neutron.services.segments.plugin [-] Segment c779d988-a088-48ba-aaab-0d9a85f7b673 resource provider not found; error: Placement Client Error (4xx): {"errors": [{"status": 404, "title": "Not Found", "detail": "The resource could not be found.\n\n No resource provider with uuid c779d988-a088-48ba-aaab-0d9a85f7b673 found for delete ", "request_id": "req-f89e372b-9f45-4382-b460-cc7a49c2f537"}]}
2026-07-07 04:47:54.927 10 INFO neutron.services.segments.plugin [-] Segment c779d988-a088-48ba-aaab-0d9a85f7b673 resource provider not found; error: Placement Client Error (4xx): {"errors": [{"status": 404, "title": "Not Found", "detail": "The resource could not be found.\n\n No resource provider with uuid c779d988-a088-48ba-aaab-0d9a85f7b673 found for delete ", "request_id": "req-581a5a86-6fc9-44f1-8ece-5e7329567193"}]}
2026-07-07 04:47:54.940 10 INFO neutron.wsgi [None req-38a8ca43-f9c9-41e1-8224-49d6950ad3a0 1e9a18f91883444badfe3417cc959719 a4e76de70c0043deacfec0537f4c2947 - - default default] 10.0.0.19 "DELETE /v2.0/networks/89440d58-09fd-48ca-9172-16443389148d HTTP/1.1" status: 204 len: 168 time: 0.4656012
2026-07-07 04:47:55.019 9 INFO neutron.wsgi [None req-9f1baece-119c-41a0-ac93-00ddf5b628da 1e9a18f91883444badfe3417cc959719 a4e76de70c0043deacfec0537f4c2947 - - default default] 10.0.0.19 "GET /v2.0/networks HTTP/1.1" status: 200 len: 845 time: 0.0746348
2026-07-07 04:47:55.076 10 INFO neutron.db.ovn_revision_numbers_db [None req-f8138139-2e8a-445b-8b3a-8bb38f427cf0 1ca593f1ddd74c7eabab8676647af840 164fa6fa12f64f1fac166893e00fa288 - - default default] Successfully bumped revision number for resource 14611b05-25e8-4189-a6d2-8ab001557335 (type: security_groups) to 1
2026-07-07 04:47:55.089 10 INFO neutron.db.ovn_revision_numbers_db [None req-f8138139-2e8a-445b-8b3a-8bb38f427cf0 1ca593f1ddd74c7eabab8676647af840 164fa6fa12f64f1fac166893e00fa288 - - default default] Successfully bumped revision number for resource 1077f3ec-6d82-4666-a690-e4cf076b03ad (type: security_group_rules) to 0
2026-07-07 04:47:55.120 9 INFO neutron.db.segments_db [None req-11794383-7d67-4e5d-9427-bb5ee8c652c1 1e9a18f91883444badfe3417cc959719 a4e76de70c0043deacfec0537f4c2947 - - default default] Added segment a9c8985b-a714-4603-a647-ee7681a8954c of type geneve for network b881eb20-1023-4fd4-8819-d1e4eb2994d0
2026-07-07 04:47:55.121 10 INFO neutron.db.ovn_revision_numbers_db [None req-f8138139-2e8a-445b-8b3a-8bb38f427cf0 1ca593f1ddd74c7eabab8676647af840 164fa6fa12f64f1fac166893e00fa288 - - default default] Successfully bumped revision number for resource 3824f4ad-b514-4872-ad47-f93b22c102b7 (type: security_group_rules) to 0
2026-07-07 04:47:55.139 10 INFO neutron.db.ovn_revision_numbers_db [None req-f8138139-2e8a-445b-8b3a-8bb38f427cf0 1ca593f1ddd74c7eabab8676647af840 164fa6fa12f64f1fac166893e00fa288 - - default default] Successfully bumped revision number for resource 907fe2ba-ce55-4e40-a198-effcdc2be30d (type: security_group_rules) to 0
2026-07-07 04:47:55.153 10 INFO neutron.db.ovn_revision_numbers_db [None req-f8138139-2e8a-445b-8b3a-8bb38f427cf0 1ca593f1ddd74c7eabab8676647af840 164fa6fa12f64f1fac166893e00fa288 - - default default] Successfully bumped revision number for resource c57fabc5-8429-4bb1-bb31-e777cb071b94 (type: security_group_rules) to 0
2026-07-07 04:47:55.217 10 INFO neutron.db.segments_db [None req-f8138139-2e8a-445b-8b3a-8bb38f427cf0 1ca593f1ddd74c7eabab8676647af840 164fa6fa12f64f1fac166893e00fa288 - - default default] Added segment 31be1b93-5b1f-46ee-9b9c-17d361d36c14 of type geneve for network 182c3488-5cfe-4af8-bf9e-d3820502fa70
2026-07-07 04:47:55.274 9 INFO neutron.db.ovn_revision_numbers_db [None req-11794383-7d67-4e5d-9427-bb5ee8c652c1 1e9a18f91883444badfe3417cc959719 a4e76de70c0043deacfec0537f4c2947 - - default default] Successfully bumped revision number for resource b881eb20-1023-4fd4-8819-d1e4eb2994d0 (type: networks) to 1
2026-07-07 04:47:55.367 10 INFO neutron.db.ovn_revision_numbers_db [None req-f8138139-2e8a-445b-8b3a-8bb38f427cf0 1ca593f1ddd74c7eabab8676647af840 164fa6fa12f64f1fac166893e00fa288 - - default default] Successfully bumped revision number for resource 182c3488-5cfe-4af8-bf9e-d3820502fa70 (type: networks) to 1
2026-07-07 04:47:55.436 9 WARNING neutron.scheduler.dhcp_agent_scheduler [None req-11794383-7d67-4e5d-9427-bb5ee8c652c1 1e9a18f91883444badfe3417cc959719 a4e76de70c0043deacfec0537f4c2947 - - default default] No more DHCP agents
2026-07-07 04:47:55.438 9 WARNING neutron.api.rpc.agentnotifiers.dhcp_rpc_agent_api [None req-11794383-7d67-4e5d-9427-bb5ee8c652c1 1e9a18f91883444badfe3417cc959719 a4e76de70c0043deacfec0537f4c2947 - - default default] Unable to schedule network b881eb20-1023-4fd4-8819-d1e4eb2994d0: no agents available; will retry on subsequent port and subnet creation events.
2026-07-07 04:47:55.523 9 INFO neutron.db.ovn_revision_numbers_db [None req-11794383-7d67-4e5d-9427-bb5ee8c652c1 1e9a18f91883444badfe3417cc959719 a4e76de70c0043deacfec0537f4c2947 - - default default] Successfully bumped revision number for resource ccee80f8-8d31-4c47-8c2d-fc701afd967b (type: ports) to 1
2026-07-07 04:47:55.549 10 WARNING neutron.scheduler.dhcp_agent_scheduler [None req-f8138139-2e8a-445b-8b3a-8bb38f427cf0 1ca593f1ddd74c7eabab8676647af840 164fa6fa12f64f1fac166893e00fa288 - - default default] No more DHCP agents
2026-07-07 04:47:55.551 9 INFO neutron.wsgi [None req-11794383-7d67-4e5d-9427-bb5ee8c652c1 1e9a18f91883444badfe3417cc959719 a4e76de70c0043deacfec0537f4c2947 - - default default] 10.0.0.19 "POST /v2.0/networks HTTP/1.1" status: 201 len: 849 time: 0.5247259
2026-07-07 04:47:55.552 10 WARNING neutron.api.rpc.agentnotifiers.dhcp_rpc_agent_api [None req-f8138139-2e8a-445b-8b3a-8bb38f427cf0 1ca593f1ddd74c7eabab8676647af840 164fa6fa12f64f1fac166893e00fa288 - - default default] Unable to schedule network 182c3488-5cfe-4af8-bf9e-d3820502fa70: no agents available; will retry on subsequent port and subnet creation events.
2026-07-07 04:47:55.638 10 INFO neutron.db.ovn_revision_numbers_db [None req-f8138139-2e8a-445b-8b3a-8bb38f427cf0 1ca593f1ddd74c7eabab8676647af840 164fa6fa12f64f1fac166893e00fa288 - - default default] Successfully bumped revision number for resource b27ade1b-602f-4d42-bf44-0bc8a2e4bbb0 (type: ports) to 1
2026-07-07 04:47:55.648 9 INFO neutron.db.segments_db [None req-05989691-948d-4709-a932-7e0aa74fa400 1e9a18f91883444badfe3417cc959719 a4e76de70c0043deacfec0537f4c2947 - - default default] Added segment f001a4aa-e92d-4ced-8702-714aa625ef26 of type geneve for network 923de587-df59-4f39-a3ea-5b80e3143d47
2026-07-07 04:47:55.662 10 INFO neutron.wsgi [None req-f8138139-2e8a-445b-8b3a-8bb38f427cf0 1ca593f1ddd74c7eabab8676647af840 164fa6fa12f64f1fac166893e00fa288 - - default default] 10.0.0.19 "POST /v2.0/networks HTTP/1.1" status: 201 len: 943 time: 0.9293721
2026-07-07 04:47:55.795 9 INFO neutron.db.ovn_revision_numbers_db [None req-05989691-948d-4709-a932-7e0aa74fa400 1e9a18f91883444badfe3417cc959719 a4e76de70c0043deacfec0537f4c2947 - - default default] Successfully bumped revision number for resource 923de587-df59-4f39-a3ea-5b80e3143d47 (type: networks) to 1
2026-07-07 04:47:55.849 10 WARNING neutron.scheduler.dhcp_agent_scheduler [None req-722585aa-7552-4515-81f6-f4f4e45a0c18 1ca593f1ddd74c7eabab8676647af840 164fa6fa12f64f1fac166893e00fa288 - - default default] No more DHCP agents
2026-07-07 04:47:55.853 10 WARNING neutron.api.rpc.agentnotifiers.dhcp_rpc_agent_api [None req-722585aa-7552-4515-81f6-f4f4e45a0c18 1ca593f1ddd74c7eabab8676647af840 164fa6fa12f64f1fac166893e00fa288 - - default default] Unable to schedule network 182c3488-5cfe-4af8-bf9e-d3820502fa70: no agents available; will retry on subsequent port and subnet creation events.
2026-07-07 04:47:55.962 9 WARNING neutron.scheduler.dhcp_agent_scheduler [None req-05989691-948d-4709-a932-7e0aa74fa400 1e9a18f91883444badfe3417cc959719 a4e76de70c0043deacfec0537f4c2947 - - default default] No more DHCP agents
2026-07-07 04:47:56.214 9 WARNING neutron.api.rpc.agentnotifiers.dhcp_rpc_agent_api [None req-05989691-948d-4709-a932-7e0aa74fa400 1e9a18f91883444badfe3417cc959719 a4e76de70c0043deacfec0537f4c2947 - - default default] Unable to schedule network 923de587-df59-4f39-a3ea-5b80e3143d47: no agents available; will retry on subsequent port and subnet creation events.
2026-07-07 04:47:56.304 9 INFO neutron.db.ovn_revision_numbers_db [None req-05989691-948d-4709-a932-7e0aa74fa400 1e9a18f91883444badfe3417cc959719 a4e76de70c0043deacfec0537f4c2947 - - default default] Successfully bumped revision number for resource adac33ca-709b-470b-9272-7ed8c8440b2a (type: ports) to 1
2026-07-07 04:47:56.325 9 INFO neutron.wsgi [None req-05989691-948d-4709-a932-7e0aa74fa400 1e9a18f91883444badfe3417cc959719 a4e76de70c0043deacfec0537f4c2947 - - default default] 10.0.0.19 "POST /v2.0/networks HTTP/1.1" status: 201 len: 849 time: 0.7699587
2026-07-07 04:47:56.416 10 INFO neutron.db.ovn_revision_numbers_db [None req-722585aa-7552-4515-81f6-f4f4e45a0c18 1ca593f1ddd74c7eabab8676647af840 164fa6fa12f64f1fac166893e00fa288 - - default default] Successfully bumped revision number for resource b27ade1b-602f-4d42-bf44-0bc8a2e4bbb0 (type: ports) to 2
2026-07-07 04:47:56.463 10 INFO neutron.db.ovn_revision_numbers_db [None req-722585aa-7552-4515-81f6-f4f4e45a0c18 1ca593f1ddd74c7eabab8676647af840 164fa6fa12f64f1fac166893e00fa288 - - default default] Successfully bumped revision number for resource 6d85aea6-d331-4e4a-b40c-9e89a789b91a (type: subnets) to 0
2026-07-07 04:47:56.475 10 INFO neutron.wsgi [None req-722585aa-7552-4515-81f6-f4f4e45a0c18 1ca593f1ddd74c7eabab8676647af840 164fa6fa12f64f1fac166893e00fa288 - - default default] 10.0.0.19 "POST /v2.0/subnets HTTP/1.1" status: 201 len: 863 time: 0.8040419
2026-07-07 04:47:56.758 10 INFO neutron.wsgi [None req-26d0fb4c-b031-473c-b102-834ac3a07ce5 4cb874f795ce470e927b9a2098b86598 8799b96e9ec24e90a306a1817e1b9512 - - default default] 10.0.0.19 "GET /v2.0/ports?project_id=8dfee278ac48403aa96e1d75322454da&network_id=ba311541-2d90-4537-83c7-a2f2a01b28a6 HTTP/1.1" status: 200 len: 3510 time: 0.0650451
2026-07-07 04:47:56.976 9 WARNING neutron.scheduler.dhcp_agent_scheduler [None req-4fd1fed8-14fb-405f-8318-000dc6520b3a 1e9a18f91883444badfe3417cc959719 a4e76de70c0043deacfec0537f4c2947 - - default default] No more DHCP agents
2026-07-07 04:47:56.978 9 WARNING neutron.api.rpc.agentnotifiers.dhcp_rpc_agent_api [None req-4fd1fed8-14fb-405f-8318-000dc6520b3a 1e9a18f91883444badfe3417cc959719 a4e76de70c0043deacfec0537f4c2947 - - default default] Unable to schedule network b881eb20-1023-4fd4-8819-d1e4eb2994d0: no agents available; will retry on subsequent port and subnet creation events.
2026-07-07 04:47:57.004 10 INFO neutron.wsgi [None req-e018679a-cdb1-47da-8c10-2075c71649d7 4cb874f795ce470e927b9a2098b86598 8799b96e9ec24e90a306a1817e1b9512 - - default default] 10.0.0.19 "GET /v2.0/subnets?network_id=d1b2684a-7d75-4a0a-b8e8-bbf022f08fd9 HTTP/1.1" status: 200 len: 838 time: 0.0408275
2026-07-07 04:47:57.031 10 WARNING neutron.scheduler.dhcp_agent_scheduler [None req-d6e69676-aa18-4bfc-98df-9e00969b0741 1ca593f1ddd74c7eabab8676647af840 164fa6fa12f64f1fac166893e00fa288 - - default default] No more DHCP agents
2026-07-07 04:47:57.033 10 WARNING neutron.api.rpc.agentnotifiers.dhcp_rpc_agent_api [None req-d6e69676-aa18-4bfc-98df-9e00969b0741 1ca593f1ddd74c7eabab8676647af840 164fa6fa12f64f1fac166893e00fa288 - - default default] Unable to schedule network d1b2684a-7d75-4a0a-b8e8-bbf022f08fd9: no agents available; will retry on subsequent port and subnet creation events.
2026-07-07 04:47:57.080 9 INFO neutron.db.ovn_revision_numbers_db [None req-4fd1fed8-14fb-405f-8318-000dc6520b3a 1e9a18f91883444badfe3417cc959719 a4e76de70c0043deacfec0537f4c2947 - - default default] Successfully bumped revision number for resource c4823c47-803b-44bf-9c4e-d3edf73d34d2 (type: ports) to 1
2026-07-07 04:47:57.109 9 WARNING neutron.scheduler.dhcp_agent_scheduler [None req-4fd1fed8-14fb-405f-8318-000dc6520b3a 1e9a18f91883444badfe3417cc959719 a4e76de70c0043deacfec0537f4c2947 - - default default] No more DHCP agents
2026-07-07 04:47:57.113 9 WARNING neutron.api.rpc.agentnotifiers.dhcp_rpc_agent_api [None req-4fd1fed8-14fb-405f-8318-000dc6520b3a 1e9a18f91883444badfe3417cc959719 a4e76de70c0043deacfec0537f4c2947 - - default default] Unable to schedule network 923de587-df59-4f39-a3ea-5b80e3143d47: no agents available; will retry on subsequent port and subnet creation events.
2026-07-07 04:47:57.166 10 INFO neutron.db.ovn_revision_numbers_db [None req-d6e69676-aa18-4bfc-98df-9e00969b0741 1ca593f1ddd74c7eabab8676647af840 164fa6fa12f64f1fac166893e00fa288 - - default default] Successfully bumped revision number for resource 0aa12b70-5219-46f0-901b-87a0dc1339f2 (type: ports) to 1
2026-07-07 04:47:57.191 9 INFO neutron.db.ovn_revision_numbers_db [None req-4fd1fed8-14fb-405f-8318-000dc6520b3a 1e9a18f91883444badfe3417cc959719 a4e76de70c0043deacfec0537f4c2947 - - default default] Successfully bumped revision number for resource dd2626bc-754f-423d-bcce-673c7cd4593a (type: ports) to 1
2026-07-07 04:47:57.214 9 INFO neutron.wsgi [None req-4fd1fed8-14fb-405f-8318-000dc6520b3a 1e9a18f91883444badfe3417cc959719 a4e76de70c0043deacfec0537f4c2947 - - default default] 10.0.0.19 "POST /v2.0/ports HTTP/1.1" status: 201 len: 1704 time: 0.8832462 /var/lib/openstack/lib/python3.10/site-packages/pycadf/identifier.py:71: UserWarning: Invalid uuid: neutron. To ensure interoperability, identifiers should be a valid uuid. warnings.warn(('Invalid uuid: %s. To ensure interoperability, '
2026-07-07 04:47:57.335 9 INFO neutron.wsgi [None req-abfa932e-5454-4cd3-976f-37db026b90d5 1e9a18f91883444badfe3417cc959719 a4e76de70c0043deacfec0537f4c2947 - - default default] 10.0.0.19 "GET /v2.0/ports HTTP/1.1" status: 200 len: 3211 time: 0.1147389
2026-07-07 04:47:57.344 10 INFO neutron.db.l3_db [None req-d30b15be-a004-411f-b1c2-61085cbaca24 a95b9e60bca042d3bdf9dcd42dc205e2 8dfee278ac48403aa96e1d75322454da - - default default] Floating IP ebcb4d41-0c73-410a-a1af-0584c608d01a disassociated. External IP: 10.96.250.211, port: 49eaad67-ea65-42f2-a8ae-785265f94129.
2026-07-07 04:47:57.447 10 INFO neutron.db.ovn_revision_numbers_db [None req-d30b15be-a004-411f-b1c2-61085cbaca24 a95b9e60bca042d3bdf9dcd42dc205e2 8dfee278ac48403aa96e1d75322454da - - default default] Successfully bumped revision number for resource ebcb4d41-0c73-410a-a1af-0584c608d01a (type: floatingips) to 2
2026-07-07 04:47:57.567 9 INFO neutron.wsgi [None req-5aba9fc4-0a77-43b1-a000-d9ea954328d6 1e9a18f91883444badfe3417cc959719 a4e76de70c0043deacfec0537f4c2947 - - default default] 10.0.0.19 "DELETE /v2.0/ports/c4823c47-803b-44bf-9c4e-d3edf73d34d2 HTTP/1.1" status: 204 len: 168 time: 0.2268214
2026-07-07 04:47:57.813 9 INFO neutron.wsgi [None req-8d8569c1-e720-4e57-8e7e-b64a0e7c557d 1e9a18f91883444badfe3417cc959719 a4e76de70c0043deacfec0537f4c2947 - - default default] 10.0.0.19 "DELETE /v2.0/ports/dd2626bc-754f-423d-bcce-673c7cd4593a HTTP/1.1" status: 204 len: 168 time: 0.2401993
2026-07-07 04:47:57.870 9 INFO neutron.wsgi [None req-3e549405-901b-432e-992f-a599853008c6 1e9a18f91883444badfe3417cc959719 a4e76de70c0043deacfec0537f4c2947 - - default default] 10.0.0.19 "GET /v2.0/ports HTTP/1.1" status: 200 len: 1718 time: 0.0496960
2026-07-07 04:47:57.965 9 INFO neutron.db.segments_db [None req-21cf2906-5f8c-4e6d-8496-85cb29b4d369 1e9a18f91883444badfe3417cc959719 a4e76de70c0043deacfec0537f4c2947 - - default default] Added segment e988468e-083a-44cf-8228-9c5339848d44 of type geneve for network ec45e710-684e-4ab8-9ffb-bb02b9a357e8
2026-07-07 04:47:58.001 10 INFO neutron.wsgi [None req-d30b15be-a004-411f-b1c2-61085cbaca24 a95b9e60bca042d3bdf9dcd42dc205e2 8dfee278ac48403aa96e1d75322454da - - default default] 10.0.0.19 "PUT /v2.0/floatingips/ebcb4d41-0c73-410a-a1af-0584c608d01a HTTP/1.1" status: 200 len: 748 time: 0.8209729
2026-07-07 04:47:58.071 9 INFO neutron.wsgi [None req-bfcfee03-d4d4-4998-95ae-5848d1e9cc0b a95b9e60bca042d3bdf9dcd42dc205e2 8dfee278ac48403aa96e1d75322454da - - default default] 10.0.0.19 "GET /v2.0/floatingips/ebcb4d41-0c73-410a-a1af-0584c608d01a HTTP/1.1" status: 200 len: 746 time: 0.0655127
