2026-07-07 04:46:15.872 9 INFO neutron.wsgi [req-32153e0c-0e63-4be6-afde-855b9a0d4224 req-483ea12b-3f04-4a2d-906f-99f0011ec5a4 159069800259453ba740703cd9059ed0 e337f32851fc4c29a637419915426a94 - - default default] 10.0.0.129 "GET /v2.0/security-groups/a913ee85-e256-458d-9b82-f2f9ff3f6e11 HTTP/1.1" status: 404 len: 352 time: 0.0340667 /var/lib/openstack/lib/python3.10/site-packages/pycadf/identifier.py:71: UserWarning: Invalid uuid: neutron. To ensure interoperability, identifiers should be a valid uuid. warnings.warn(('Invalid uuid: %s. To ensure interoperability, '
2026-07-07 04:46:15.968 9 INFO neutron.wsgi [req-99e1777d-eb56-49c2-84db-c4927f622d12 req-939491b4-349d-42dc-8e21-0c5d904fa3bc 159069800259453ba740703cd9059ed0 e337f32851fc4c29a637419915426a94 - - default default] 10.0.0.129 "GET /v2.0/security-groups/820235e7-8b44-47b3-90da-5f8ce2f54fd1 HTTP/1.1" status: 200 len: 1818 time: 0.0619946
2026-07-07 04:46:15.989 9 INFO neutron.db.ovn_revision_numbers_db [None req-1e8a4e20-454b-4fd3-a36e-347f058627fb 0b76989d49f04920a92c6ec3b7e621c4 019939d1fb314051830f98661b83c2af - - default default] Successfully bumped revision number for resource 19e868a2-2408-4525-9f2f-ae1d4a84abfc (type: ports) to 1
2026-07-07 04:46:16.103 9 INFO neutron.db.ovn_revision_numbers_db [req-61ce833b-c793-4351-8807-0b3c9e6a4988 req-ff6de3b2-5fb3-4222-bf5a-c2a6f2cf4706 a9d60fe09b1944578f32c5f2cabd938f 7c8d4a9e4bb34442833ed3fd01844da5 - - default default] Successfully bumped revision number for resource 034ae10b-746d-411d-98a8-42b90308e1f1 (type: ports) to 1
2026-07-07 04:46:16.130 9 INFO neutron.db.ovn_revision_numbers_db [None req-1e8a4e20-454b-4fd3-a36e-347f058627fb 0b76989d49f04920a92c6ec3b7e621c4 019939d1fb314051830f98661b83c2af - - default default] Successfully bumped revision number for resource 054e25ba-d20e-46bd-9648-a00ee004bfd1 (type: networks) to 1
2026-07-07 04:46:16.135 9 INFO neutron.wsgi [req-61ce833b-c793-4351-8807-0b3c9e6a4988 req-ff6de3b2-5fb3-4222-bf5a-c2a6f2cf4706 a9d60fe09b1944578f32c5f2cabd938f 7c8d4a9e4bb34442833ed3fd01844da5 - - default default] 199.204.45.95 "POST /v2.0/ports HTTP/1.1" status: 201 len: 1162 time: 1.1636488
2026-07-07 04:46:16.149 9 INFO neutron.wsgi [req-61ce833b-c793-4351-8807-0b3c9e6a4988 req-bda4fc0e-ddd5-44b4-94a4-5e90598faa0b a9d60fe09b1944578f32c5f2cabd938f 7c8d4a9e4bb34442833ed3fd01844da5 - - default default] 199.204.45.95 "GET /v2.0/extensions HTTP/1.1" status: 200 len: 16525 time: 0.0068512
2026-07-07 04:46:16.197 9 INFO neutron.wsgi [req-99e1777d-eb56-49c2-84db-c4927f622d12 req-4fbf72d5-24ea-4d2f-96b1-5baa59e47e18 159069800259453ba740703cd9059ed0 e337f32851fc4c29a637419915426a94 - - default default] 10.0.0.129 "DELETE /v2.0/security-groups/820235e7-8b44-47b3-90da-5f8ce2f54fd1 HTTP/1.1" status: 204 len: 173 time: 0.2229671
2026-07-07 04:46:16.224 10 INFO neutron.wsgi [None req-48193123-cb19-4ec8-a884-a4d8d99dada8 1ca593f1ddd74c7eabab8676647af840 164fa6fa12f64f1fac166893e00fa288 - - default default] 10.0.0.19 "DELETE /v2.0/routers/60d551c6-a610-472c-92b3-f2893cc64806 HTTP/1.1" status: 204 len: 168 time: 0.8133626
2026-07-07 04:46:16.248 9 INFO neutron.api.v2.resource [req-bb42aa3c-bc38-4102-9c91-f2e0aefb0476 req-97702ae3-2220-4b88-ba91-d3a83d609e4c 159069800259453ba740703cd9059ed0 e337f32851fc4c29a637419915426a94 - - default default] show failed (client error): The resource could not be found.
2026-07-07 04:46:16.249 9 INFO neutron.wsgi [req-bb42aa3c-bc38-4102-9c91-f2e0aefb0476 req-97702ae3-2220-4b88-ba91-d3a83d609e4c 159069800259453ba740703cd9059ed0 e337f32851fc4c29a637419915426a94 - - default default] 10.0.0.129 "GET /v2.0/security-groups/820235e7-8b44-47b3-90da-5f8ce2f54fd1 HTTP/1.1" status: 404 len: 352 time: 0.0315585
2026-07-07 04:46:16.315 9 INFO neutron.wsgi [req-97686e10-6783-466b-b52a-02e6d634406a req-1b5ea607-f7ec-4910-919d-8e1ad7c7b3b1 159069800259453ba740703cd9059ed0 e337f32851fc4c29a637419915426a94 - - default default] 10.0.0.129 "GET /v2.0/security-groups/3bb73f7e-2ac8-4015-8b26-329934524156 HTTP/1.1" status: 200 len: 1817 time: 0.0374889
2026-07-07 04:46:16.335 9 WARNING neutron.scheduler.dhcp_agent_scheduler [None req-1e8a4e20-454b-4fd3-a36e-347f058627fb 0b76989d49f04920a92c6ec3b7e621c4 019939d1fb314051830f98661b83c2af - - default default] No more DHCP agents
2026-07-07 04:46:16.339 9 WARNING neutron.api.rpc.agentnotifiers.dhcp_rpc_agent_api [None req-1e8a4e20-454b-4fd3-a36e-347f058627fb 0b76989d49f04920a92c6ec3b7e621c4 019939d1fb314051830f98661b83c2af - - default default] Unable to schedule network 054e25ba-d20e-46bd-9648-a00ee004bfd1: no agents available; will retry on subsequent port and subnet creation events.
2026-07-07 04:46:16.427 9 INFO neutron.db.ovn_revision_numbers_db [None req-1e8a4e20-454b-4fd3-a36e-347f058627fb 0b76989d49f04920a92c6ec3b7e621c4 019939d1fb314051830f98661b83c2af - - default default] Successfully bumped revision number for resource 1804f0a3-73da-4cbf-8273-2370c3b94936 (type: ports) to 1
2026-07-07 04:46:16.452 9 INFO neutron.wsgi [None req-1e8a4e20-454b-4fd3-a36e-347f058627fb 0b76989d49f04920a92c6ec3b7e621c4 019939d1fb314051830f98661b83c2af - - default default] 10.0.0.19 "POST /v2.0/networks HTTP/1.1" status: 201 len: 1445 time: 2.2255981
2026-07-07 04:46:16.466 9 INFO neutron.wsgi [req-97686e10-6783-466b-b52a-02e6d634406a req-19f7563d-56f6-4c2e-92e5-228edbdcd8c4 159069800259453ba740703cd9059ed0 e337f32851fc4c29a637419915426a94 - - default default] 10.0.0.129 "DELETE /v2.0/security-groups/3bb73f7e-2ac8-4015-8b26-329934524156 HTTP/1.1" status: 204 len: 173 time: 0.1421506
2026-07-07 04:46:16.525 9 INFO neutron.api.v2.resource [req-cd6af510-a41c-4870-8493-979debe11c89 req-1fe3ca86-191b-4073-9e6c-6a20a61935fb 159069800259453ba740703cd9059ed0 e337f32851fc4c29a637419915426a94 - - default default] show failed (client error): The resource could not be found.
2026-07-07 04:46:16.526 9 INFO neutron.wsgi [req-cd6af510-a41c-4870-8493-979debe11c89 req-1fe3ca86-191b-4073-9e6c-6a20a61935fb 159069800259453ba740703cd9059ed0 e337f32851fc4c29a637419915426a94 - - default default] 10.0.0.129 "GET /v2.0/security-groups/3bb73f7e-2ac8-4015-8b26-329934524156 HTTP/1.1" status: 404 len: 352 time: 0.0264919
2026-07-07 04:46:16.564 10 INFO neutron.wsgi [None req-e047602b-c924-4735-a5bd-913767ab5fc5 0b76989d49f04920a92c6ec3b7e621c4 019939d1fb314051830f98661b83c2af - - default default] 10.0.0.19 "GET /v2.0/networks HTTP/1.1" status: 200 len: 2051 time: 0.1088095
2026-07-07 04:46:16.580 10 INFO neutron.wsgi [None req-30e5f5b8-e287-4958-a82b-56c54c6d4783 1ca593f1ddd74c7eabab8676647af840 164fa6fa12f64f1fac166893e00fa288 - - default default] 10.0.0.19 "DELETE /v2.0/subnets/28df94de-2c6d-4287-a599-17fd13ed2b65 HTTP/1.1" status: 204 len: 168 time: 0.3506405
2026-07-07 04:46:16.619 9 INFO neutron.wsgi [req-80a4edb8-3d8f-4d13-aa7a-298886a18336 req-c26372cb-03b6-4f30-9e20-13e9f8419b6c 159069800259453ba740703cd9059ed0 e337f32851fc4c29a637419915426a94 - - default default] 10.0.0.129 "GET /v2.0/security-groups?tenant_id=e337f32851fc4c29a637419915426a94 HTTP/1.1" status: 200 len: 2997 time: 0.0672901
2026-07-07 04:46:16.688 9 INFO neutron.wsgi [req-80a4edb8-3d8f-4d13-aa7a-298886a18336 req-74b83bf6-dbc9-41c5-9051-3ae64d2d57ef 159069800259453ba740703cd9059ed0 e337f32851fc4c29a637419915426a94 - - default default] 10.0.0.129 "GET /v2.0/security-groups/cf0c3970-c9ad-40a2-b289-d9b845c39ee2 HTTP/1.1" status: 200 len: 2994 time: 0.0577655
2026-07-07 04:46:16.774 9 INFO neutron.wsgi [req-80a4edb8-3d8f-4d13-aa7a-298886a18336 req-cf84bc14-fc3b-4309-8df2-ae40079ff3c5 159069800259453ba740703cd9059ed0 e337f32851fc4c29a637419915426a94 - - default default] 10.0.0.129 "GET /v2.0/security-groups/cf0c3970-c9ad-40a2-b289-d9b845c39ee2 HTTP/1.1" status: 200 len: 2994 time: 0.0772302
2026-07-07 04:46:16.781 9 INFO neutron.wsgi [req-613b4460-807b-4c92-b5e4-70343a14a0fb req-632cedbd-73b6-40aa-8f5b-25a5076c7c2b a9d60fe09b1944578f32c5f2cabd938f 7c8d4a9e4bb34442833ed3fd01844da5 - - default default] 10.0.0.129 "GET /v2.0/ports?device_id=fd240e9c-b64e-47f1-87db-beb5121bd264 HTTP/1.1" status: 200 len: 1160 time: 0.0522714
2026-07-07 04:46:16.935 9 INFO neutron.api.v2.resource [req-a9443ba2-14a8-408d-8a7f-844d8ac104b8 req-d6f40936-37e7-4566-a09b-101e64b12b8c 159069800259453ba740703cd9059ed0 e337f32851fc4c29a637419915426a94 - - default default] show failed (client error): The resource could not be found.
2026-07-07 04:46:16.936 9 INFO neutron.wsgi [req-a9443ba2-14a8-408d-8a7f-844d8ac104b8 req-d6f40936-37e7-4566-a09b-101e64b12b8c 159069800259453ba740703cd9059ed0 e337f32851fc4c29a637419915426a94 - - default default] 10.0.0.129 "GET /v2.0/security-groups/3bb73f7e-2ac8-4015-8b26-329934524156 HTTP/1.1" status: 404 len: 352 time: 0.0325518
2026-07-07 04:46:16.998 9 INFO neutron.api.v2.resource [req-b2a596df-b1bc-4068-83c9-00f1cf241bed req-b675bfa2-91dc-438c-8ee9-4f6b848e236d 159069800259453ba740703cd9059ed0 e337f32851fc4c29a637419915426a94 - - default default] show failed (client error): The resource could not be found.
2026-07-07 04:46:16.999 9 INFO neutron.wsgi [req-b2a596df-b1bc-4068-83c9-00f1cf241bed req-b675bfa2-91dc-438c-8ee9-4f6b848e236d 159069800259453ba740703cd9059ed0 e337f32851fc4c29a637419915426a94 - - default default] 10.0.0.129 "GET /v2.0/security-groups/820235e7-8b44-47b3-90da-5f8ce2f54fd1 HTTP/1.1" status: 404 len: 352 time: 0.0410757
2026-07-07 04:46:17.014 9 INFO neutron.wsgi [req-613b4460-807b-4c92-b5e4-70343a14a0fb req-90654a60-0b24-4a7d-a575-cbdb72c5fdd6 a9d60fe09b1944578f32c5f2cabd938f 7c8d4a9e4bb34442833ed3fd01844da5 - - default default] 10.0.0.129 "GET /v2.0/security-groups?id=50d33cc3-278a-4caf-a458-06d2d005e335&fields=id&fields=name HTTP/1.1" status: 200 len: 311 time: 0.2240534
2026-07-07 04:46:17.032 10 INFO neutron.wsgi [None req-f561b7c5-21db-421b-b6f9-d6a9fa87d460 1ca593f1ddd74c7eabab8676647af840 164fa6fa12f64f1fac166893e00fa288 - - default default] 10.0.0.19 "DELETE /v2.0/networks/0a3fa481-4602-4d66-9e9b-fd218ed87eb7 HTTP/1.1" status: 204 len: 168 time: 0.4480405
2026-07-07 04:46:17.066 9 INFO neutron.api.v2.resource [req-0bff92c5-b6d0-4276-8429-bc1331d019a1 req-9c30ce71-48a2-4346-970e-18cf731b2e80 159069800259453ba740703cd9059ed0 e337f32851fc4c29a637419915426a94 - - default default] show failed (client error): The resource could not be found.
2026-07-07 04:46:17.067 9 INFO neutron.wsgi [req-0bff92c5-b6d0-4276-8429-bc1331d019a1 req-9c30ce71-48a2-4346-970e-18cf731b2e80 159069800259453ba740703cd9059ed0 e337f32851fc4c29a637419915426a94 - - default default] 10.0.0.129 "GET /v2.0/security-groups/a913ee85-e256-458d-9b82-f2f9ff3f6e11 HTTP/1.1" status: 404 len: 352 time: 0.0226908
2026-07-07 04:46:17.248 9 INFO neutron.db.ovn_revision_numbers_db [req-61ce833b-c793-4351-8807-0b3c9e6a4988 req-e4081278-2bb8-45d4-a5c7-7eb410fcc453 3ea0a39635114086bda3cf1522cc0494 1f66e9477f4a452f96ebceff078cafb8 - - eba47cdcf001454d92b9bf2f241a4b09 eba47cdcf001454d92b9bf2f241a4b09] Successfully bumped revision number for resource 034ae10b-746d-411d-98a8-42b90308e1f1 (type: ports) to 2 /var/lib/openstack/lib/python3.10/site-packages/pycadf/identifier.py:71: UserWarning: Invalid uuid: neutron. To ensure interoperability, identifiers should be a valid uuid. warnings.warn(('Invalid uuid: %s. To ensure interoperability, '
2026-07-07 04:46:17.397 9 INFO neutron.wsgi [None req-c4df8f4d-8181-42ad-9260-1812b8c997f2 1ca593f1ddd74c7eabab8676647af840 164fa6fa12f64f1fac166893e00fa288 - - default default] 10.0.0.19 "GET /v2.0/security-groups?tenant_id=7b34e5405d6a471bbe4c9632b47cf6f4&name=default HTTP/1.1" status: 200 len: 2992 time: 0.0882933
2026-07-07 04:46:17.437 9 INFO neutron.wsgi [None req-3c585598-cd1b-46ad-b06a-5c405d515203 0b76989d49f04920a92c6ec3b7e621c4 019939d1fb314051830f98661b83c2af - - default default] 10.0.0.19 "DELETE /v2.0/networks/4418a7ed-c027-43ac-9bc4-c07ef23bd87f HTTP/1.1" status: 204 len: 168 time: 0.8671775
2026-07-07 04:46:17.592 10 INFO neutron.services.segments.plugin [-] Segment d9ef5281-7068-4f30-9137-859dad9adbed resource provider aggregate not found
2026-07-07 04:46:17.598 10 INFO neutron.services.segments.plugin [-] Segment d9ef5281-7068-4f30-9137-859dad9adbed resource provider aggregate not found
2026-07-07 04:46:17.618 10 INFO neutron.services.segments.plugin [-] Segment d9ef5281-7068-4f30-9137-859dad9adbed resource provider not found; error: Placement Client Error (4xx): {"errors": [{"status": 404, "title": "Not Found", "detail": "The resource could not be found.\n\n No resource provider with uuid d9ef5281-7068-4f30-9137-859dad9adbed found for delete ", "request_id": "req-30a08f82-7b41-4b1b-807f-f0c6c2def556"}]}
2026-07-07 04:46:17.623 9 INFO neutron.db.ovn_revision_numbers_db [req-61ce833b-c793-4351-8807-0b3c9e6a4988 req-e4081278-2bb8-45d4-a5c7-7eb410fcc453 3ea0a39635114086bda3cf1522cc0494 1f66e9477f4a452f96ebceff078cafb8 - - eba47cdcf001454d92b9bf2f241a4b09 eba47cdcf001454d92b9bf2f241a4b09] Successfully bumped revision number for resource 034ae10b-746d-411d-98a8-42b90308e1f1 (type: ports) to 2
2026-07-07 04:46:17.624 10 INFO neutron.services.segments.plugin [-] Segment d9ef5281-7068-4f30-9137-859dad9adbed resource provider not found; error: Placement Client Error (4xx): {"errors": [{"status": 404, "title": "Not Found", "detail": "The resource could not be found.\n\n No resource provider with uuid d9ef5281-7068-4f30-9137-859dad9adbed found for delete ", "request_id": "req-32bcc254-ebc5-4acf-b94e-ec380c48a87d"}]}
2026-07-07 04:46:17.642 9 INFO neutron.wsgi [req-61ce833b-c793-4351-8807-0b3c9e6a4988 req-e4081278-2bb8-45d4-a5c7-7eb410fcc453 3ea0a39635114086bda3cf1522cc0494 1f66e9477f4a452f96ebceff078cafb8 - - eba47cdcf001454d92b9bf2f241a4b09 eba47cdcf001454d92b9bf2f241a4b09] 199.204.45.95 "PUT /v2.0/ports/034ae10b-746d-411d-98a8-42b90308e1f1 HTTP/1.1" status: 200 len: 1380 time: 1.1753523 /var/lib/openstack/lib/python3.10/site-packages/pycadf/identifier.py:71: UserWarning: Invalid uuid: neutron. To ensure interoperability, identifiers should be a valid uuid. warnings.warn(('Invalid uuid: %s. To ensure interoperability, '
2026-07-07 04:46:17.729 9 INFO neutron.wsgi [req-61ce833b-c793-4351-8807-0b3c9e6a4988 req-37f1fb29-d13d-49f4-b074-4fb1960b21d4 3ea0a39635114086bda3cf1522cc0494 1f66e9477f4a452f96ebceff078cafb8 - - eba47cdcf001454d92b9bf2f241a4b09 eba47cdcf001454d92b9bf2f241a4b09] 199.204.45.95 "GET /v2.0/ports?tenant_id=7c8d4a9e4bb34442833ed3fd01844da5&device_id=fd240e9c-b64e-47f1-87db-beb5121bd264 HTTP/1.1" status: 200 len: 1411 time: 0.0465283
2026-07-07 04:46:17.732 9 INFO neutron.services.segments.plugin [-] Segment 970e7d61-ea8c-4111-a2e6-9b909914db4a resource provider aggregate not found
2026-07-07 04:46:17.742 9 INFO neutron.services.segments.plugin [-] Segment 970e7d61-ea8c-4111-a2e6-9b909914db4a resource provider aggregate not found
2026-07-07 04:46:17.756 9 INFO neutron.wsgi [None req-0979a976-8796-4626-a983-d53971175fda 1ca593f1ddd74c7eabab8676647af840 164fa6fa12f64f1fac166893e00fa288 - - default default] 10.0.0.19 "DELETE /v2.0/security-groups/5a9cccfa-9308-4e75-bf99-c2ff2d442467 HTTP/1.1" status: 204 len: 168 time: 0.3505769
2026-07-07 04:46:17.764 9 INFO neutron.services.segments.plugin [-] Segment 970e7d61-ea8c-4111-a2e6-9b909914db4a resource provider not found; error: Placement Client Error (4xx): {"errors": [{"status": 404, "title": "Not Found", "detail": "The resource could not be found.\n\n No resource provider with uuid 970e7d61-ea8c-4111-a2e6-9b909914db4a found for delete ", "request_id": "req-186b0cd5-d600-47a7-8e1d-e6e915c7e61a"}]}
2026-07-07 04:46:17.764 9 INFO neutron.services.segments.plugin [-] Segment 970e7d61-ea8c-4111-a2e6-9b909914db4a resource provider not found; error: Placement Client Error (4xx): {"errors": [{"status": 404, "title": "Not Found", "detail": "The resource could not be found.\n\n No resource provider with uuid 970e7d61-ea8c-4111-a2e6-9b909914db4a found for delete ", "request_id": "req-f688ab35-49db-4db4-bd7b-470d84effa4e"}]}
2026-07-07 04:46:17.779 9 INFO neutron.wsgi [req-61ce833b-c793-4351-8807-0b3c9e6a4988 req-566bbf02-8640-45e9-bb52-3f69cbc1316d 3ea0a39635114086bda3cf1522cc0494 1f66e9477f4a452f96ebceff078cafb8 - - eba47cdcf001454d92b9bf2f241a4b09 eba47cdcf001454d92b9bf2f241a4b09] 199.204.45.95 "GET /v2.0/floatingips?fixed_ip_address=10.100.0.13&port_id=034ae10b-746d-411d-98a8-42b90308e1f1 HTTP/1.1" status: 200 len: 217 time: 0.0326495
2026-07-07 04:46:17.828 9 INFO neutron.wsgi [req-61ce833b-c793-4351-8807-0b3c9e6a4988 req-9c3cc534-78cc-4b27-97dd-5ab9d5b91dbc 3ea0a39635114086bda3cf1522cc0494 1f66e9477f4a452f96ebceff078cafb8 - - eba47cdcf001454d92b9bf2f241a4b09 eba47cdcf001454d92b9bf2f241a4b09] 199.204.45.95 "GET /v2.0/subnets?id=a9163b64-5dbb-4b7f-9ef9-1956754f6142 HTTP/1.1" status: 200 len: 877 time: 0.0413916
2026-07-07 04:46:17.873 9 INFO neutron.wsgi [req-61ce833b-c793-4351-8807-0b3c9e6a4988 req-ef680136-d14e-44b3-8329-dc60715ac35b 3ea0a39635114086bda3cf1522cc0494 1f66e9477f4a452f96ebceff078cafb8 - - eba47cdcf001454d92b9bf2f241a4b09 eba47cdcf001454d92b9bf2f241a4b09] 199.204.45.95 "GET /v2.0/ports?network_id=4b0eb128-2a01-49dc-aeb8-62941a0f8df6&device_owner=network%3Adhcp HTTP/1.1" status: 200 len: 210 time: 0.0341308
2026-07-07 04:46:17.967 9 INFO neutron.wsgi [req-61ce833b-c793-4351-8807-0b3c9e6a4988 req-16b09413-1806-49a6-84a0-b203ff628f26 3ea0a39635114086bda3cf1522cc0494 1f66e9477f4a452f96ebceff078cafb8 - - eba47cdcf001454d92b9bf2f241a4b09 eba47cdcf001454d92b9bf2f241a4b09] 199.204.45.95 "GET /v2.0/networks/4b0eb128-2a01-49dc-aeb8-62941a0f8df6?fields=segments HTTP/1.1" status: 200 len: 212 time: 0.0680890
2026-07-07 04:46:18.057 9 INFO neutron.wsgi [req-61ce833b-c793-4351-8807-0b3c9e6a4988 req-acd51041-33e2-4d2d-943a-4af039a74cac 3ea0a39635114086bda3cf1522cc0494 1f66e9477f4a452f96ebceff078cafb8 - - eba47cdcf001454d92b9bf2f241a4b09 eba47cdcf001454d92b9bf2f241a4b09] 199.204.45.95 "GET /v2.0/networks/4b0eb128-2a01-49dc-aeb8-62941a0f8df6?fields=provider%3Aphysical_network&fields=provider%3Anetwork_type HTTP/1.1" status: 200 len: 277 time: 0.0770466
2026-07-07 04:46:18.063 10 INFO neutron.wsgi [None req-89425c0a-ef2d-459f-ab15-94adcb6a4096 0b76989d49f04920a92c6ec3b7e621c4 019939d1fb314051830f98661b83c2af - - default default] 10.0.0.19 "DELETE /v2.0/networks/054e25ba-d20e-46bd-9648-a00ee004bfd1 HTTP/1.1" status: 204 len: 168 time: 0.6210752
2026-07-07 04:46:18.176 9 INFO neutron.wsgi [req-a085222e-c0fc-4611-948f-57d49d53fbff req-b53fc970-db2e-4424-90b2-e6f3a6f4f891 a9d60fe09b1944578f32c5f2cabd938f 7c8d4a9e4bb34442833ed3fd01844da5 - - default default] 10.0.0.129 "GET /v2.0/ports?device_id=fd240e9c-b64e-47f1-87db-beb5121bd264 HTTP/1.1" status: 200 len: 1172 time: 0.0915365
2026-07-07 04:46:18.223 9 INFO neutron.wsgi [req-a085222e-c0fc-4611-948f-57d49d53fbff req-952bfe2f-d0eb-4d59-9476-f3bd039710cc a9d60fe09b1944578f32c5f2cabd938f 7c8d4a9e4bb34442833ed3fd01844da5 - - default default] 10.0.0.129 "GET /v2.0/security-groups?id=50d33cc3-278a-4caf-a458-06d2d005e335&fields=id&fields=name HTTP/1.1" status: 200 len: 311 time: 0.0370986
2026-07-07 04:46:18.292 10 INFO neutron.wsgi [None req-d9eca3d8-b41c-4e46-916f-810174056595 0b76989d49f04920a92c6ec3b7e621c4 019939d1fb314051830f98661b83c2af - - default default] 10.0.0.19 "GET /v2.0/networks HTTP/1.1" status: 200 len: 845 time: 0.2218518
2026-07-07 04:46:18.369 9 INFO neutron.notifiers.nova [-] Nova event matching ['req-bd233009-1660-4bb2-a963-2fc6bc210561'] response: {'name': 'network-changed', 'server_uuid': 'fd240e9c-b64e-47f1-87db-beb5121bd264', 'tag': '034ae10b-746d-411d-98a8-42b90308e1f1', 'status': 'completed', 'code': 200}
2026-07-07 04:46:18.394 9 INFO neutron.db.segments_db [None req-f07aa3fe-397a-4d48-a8d3-a090deaedcc6 0b76989d49f04920a92c6ec3b7e621c4 019939d1fb314051830f98661b83c2af - - default default] Added segment a2450694-6328-4228-b915-726645ba6dc7 of type geneve for network 3ac74871-c691-4f4f-b803-492e49e4cbdf
2026-07-07 04:46:18.426 9 INFO neutron.wsgi [req-1ee72336-1762-4a5f-9da3-6ef4af93edae req-c40e42a9-bf12-45c9-8a00-c849abbe2b59 3ea0a39635114086bda3cf1522cc0494 1f66e9477f4a452f96ebceff078cafb8 - - eba47cdcf001454d92b9bf2f241a4b09 eba47cdcf001454d92b9bf2f241a4b09] 199.204.45.95 "GET /v2.0/ports?tenant_id=7c8d4a9e4bb34442833ed3fd01844da5&device_id=fd240e9c-b64e-47f1-87db-beb5121bd264 HTTP/1.1" status: 200 len: 1411 time: 0.0424044
2026-07-07 04:46:18.512 10 INFO neutron.wsgi [None req-92ae38b6-276d-415d-a5d9-d0e067830390 1ca593f1ddd74c7eabab8676647af840 164fa6fa12f64f1fac166893e00fa288 - - default default] 10.0.0.19 "PUT /v2.0/routers/6ee0ecaa-d728-4f15-b0e1-588a9f63c65c/remove_router_interface HTTP/1.1" status: 200 len: 503 time: 1.4352150
2026-07-07 04:46:18.518 9 INFO neutron.wsgi [req-1ee72336-1762-4a5f-9da3-6ef4af93edae req-d8d7a7e3-e543-4542-a3b7-3bef28268cc1 3ea0a39635114086bda3cf1522cc0494 1f66e9477f4a452f96ebceff078cafb8 - - eba47cdcf001454d92b9bf2f241a4b09 eba47cdcf001454d92b9bf2f241a4b09] 199.204.45.95 "GET /v2.0/networks?id=4b0eb128-2a01-49dc-aeb8-62941a0f8df6 HTTP/1.1" status: 200 len: 982 time: 0.0835726 /var/lib/openstack/lib/python3.10/site-packages/pycadf/identifier.py:71: UserWarning: Invalid uuid: neutron. To ensure interoperability, identifiers should be a valid uuid. warnings.warn(('Invalid uuid: %s. To ensure interoperability, '
2026-07-07 04:46:18.564 9 INFO neutron.wsgi [req-1ee72336-1762-4a5f-9da3-6ef4af93edae req-a32b0260-972c-41af-80d8-cc6a968f55c6 3ea0a39635114086bda3cf1522cc0494 1f66e9477f4a452f96ebceff078cafb8 - - eba47cdcf001454d92b9bf2f241a4b09 eba47cdcf001454d92b9bf2f241a4b09] 199.204.45.95 "GET /v2.0/floatingips?fixed_ip_address=10.100.0.13&port_id=034ae10b-746d-411d-98a8-42b90308e1f1 HTTP/1.1" status: 200 len: 217 time: 0.0406544
2026-07-07 04:46:18.607 9 INFO neutron.db.ovn_revision_numbers_db [None req-f07aa3fe-397a-4d48-a8d3-a090deaedcc6 0b76989d49f04920a92c6ec3b7e621c4 019939d1fb314051830f98661b83c2af - - default default] Successfully bumped revision number for resource 3ac74871-c691-4f4f-b803-492e49e4cbdf (type: networks) to 1
2026-07-07 04:46:18.618 9 INFO neutron.wsgi [req-1ee72336-1762-4a5f-9da3-6ef4af93edae req-371b4ed0-b0ad-45d4-a6fc-8c1cc92a345a 3ea0a39635114086bda3cf1522cc0494 1f66e9477f4a452f96ebceff078cafb8 - - eba47cdcf001454d92b9bf2f241a4b09 eba47cdcf001454d92b9bf2f241a4b09] 199.204.45.95 "GET /v2.0/subnets?id=a9163b64-5dbb-4b7f-9ef9-1956754f6142 HTTP/1.1" status: 200 len: 877 time: 0.0472379
2026-07-07 04:46:18.647 9 INFO neutron.wsgi [req-1ee72336-1762-4a5f-9da3-6ef4af93edae req-90f81a14-6881-4b58-9c8d-fd37fa7e1ae9 3ea0a39635114086bda3cf1522cc0494 1f66e9477f4a452f96ebceff078cafb8 - - eba47cdcf001454d92b9bf2f241a4b09 eba47cdcf001454d92b9bf2f241a4b09] 199.204.45.95 "GET /v2.0/ports?network_id=4b0eb128-2a01-49dc-aeb8-62941a0f8df6&device_owner=network%3Adhcp HTTP/1.1" status: 200 len: 210 time: 0.0199926
2026-07-07 04:46:18.864 9 INFO neutron.wsgi [req-1ee72336-1762-4a5f-9da3-6ef4af93edae req-6b02f1da-28f5-480c-8c8c-078bb0c58016 3ea0a39635114086bda3cf1522cc0494 1f66e9477f4a452f96ebceff078cafb8 - - eba47cdcf001454d92b9bf2f241a4b09 eba47cdcf001454d92b9bf2f241a4b09] 199.204.45.95 "GET /v2.0/networks/4b0eb128-2a01-49dc-aeb8-62941a0f8df6?fields=segments HTTP/1.1" status: 200 len: 212 time: 0.2093503
2026-07-07 04:46:18.943 9 INFO neutron.wsgi [req-1ee72336-1762-4a5f-9da3-6ef4af93edae req-00fa79da-4066-4365-8b6f-bcd8fceea56e 3ea0a39635114086bda3cf1522cc0494 1f66e9477f4a452f96ebceff078cafb8 - - eba47cdcf001454d92b9bf2f241a4b09 eba47cdcf001454d92b9bf2f241a4b09] 199.204.45.95 "GET /v2.0/networks/4b0eb128-2a01-49dc-aeb8-62941a0f8df6?fields=provider%3Aphysical_network&fields=provider%3Anetwork_type HTTP/1.1" status: 200 len: 277 time: 0.0743234
2026-07-07 04:46:18.948 9 WARNING neutron.scheduler.dhcp_agent_scheduler [None req-f07aa3fe-397a-4d48-a8d3-a090deaedcc6 0b76989d49f04920a92c6ec3b7e621c4 019939d1fb314051830f98661b83c2af - - default default] No more DHCP agents
2026-07-07 04:46:18.950 9 WARNING neutron.api.rpc.agentnotifiers.dhcp_rpc_agent_api [None req-f07aa3fe-397a-4d48-a8d3-a090deaedcc6 0b76989d49f04920a92c6ec3b7e621c4 019939d1fb314051830f98661b83c2af - - default default] Unable to schedule network 3ac74871-c691-4f4f-b803-492e49e4cbdf: no agents available; will retry on subsequent port and subnet creation events.
2026-07-07 04:46:19.019 9 INFO neutron.db.ovn_revision_numbers_db [None req-f07aa3fe-397a-4d48-a8d3-a090deaedcc6 0b76989d49f04920a92c6ec3b7e621c4 019939d1fb314051830f98661b83c2af - - default default] Successfully bumped revision number for resource 78fac274-4f8a-45aa-8c61-453ad59e4a32 (type: ports) to 1
2026-07-07 04:46:19.040 9 INFO neutron.wsgi [None req-f07aa3fe-397a-4d48-a8d3-a090deaedcc6 0b76989d49f04920a92c6ec3b7e621c4 019939d1fb314051830f98661b83c2af - - default default] 10.0.0.19 "POST /v2.0/networks HTTP/1.1" status: 201 len: 850 time: 0.7397099
2026-07-07 04:46:19.123 9 INFO neutron.db.segments_db [None req-c70ae0b8-b643-4c57-a19f-fe83152614eb 0b76989d49f04920a92c6ec3b7e621c4 019939d1fb314051830f98661b83c2af - - default default] Added segment fc1a5116-ecd9-4b77-944a-004a20132eb2 of type geneve for network 918e3ae2-3182-492d-bed2-2646bbcf2cdc
2026-07-07 04:46:19.158 10 INFO neutron.wsgi [None req-8970fbc9-1f88-489f-b1db-d1a85d26a9d7 1ca593f1ddd74c7eabab8676647af840 164fa6fa12f64f1fac166893e00fa288 - - default default] 10.0.0.19 "DELETE /v2.0/routers/6ee0ecaa-d728-4f15-b0e1-588a9f63c65c HTTP/1.1" status: 204 len: 168 time: 0.6396759
2026-07-07 04:46:19.347 9 INFO neutron.db.ovn_revision_numbers_db [None req-c70ae0b8-b643-4c57-a19f-fe83152614eb 0b76989d49f04920a92c6ec3b7e621c4 019939d1fb314051830f98661b83c2af - - default default] Successfully bumped revision number for resource 918e3ae2-3182-492d-bed2-2646bbcf2cdc (type: networks) to 1
2026-07-07 04:46:19.374 9 INFO neutron.wsgi [req-14e8c108-e0a4-43f3-b18c-ffcfa9bd226b req-bef5ea33-0336-4147-85a5-03974d6af0d0 a9d60fe09b1944578f32c5f2cabd938f 7c8d4a9e4bb34442833ed3fd01844da5 - - default default] 10.0.0.129 "GET /v2.0/ports?device_id=fd240e9c-b64e-47f1-87db-beb5121bd264 HTTP/1.1" status: 200 len: 1172 time: 0.0642881
2026-07-07 04:46:19.445 9 INFO neutron.wsgi [req-14e8c108-e0a4-43f3-b18c-ffcfa9bd226b req-9bccbd63-368c-442d-90ee-8f524fae595e a9d60fe09b1944578f32c5f2cabd938f 7c8d4a9e4bb34442833ed3fd01844da5 - - default default] 10.0.0.129 "GET /v2.0/security-groups?id=50d33cc3-278a-4caf-a458-06d2d005e335&fields=id&fields=name HTTP/1.1" status: 200 len: 311 time: 0.0631397
2026-07-07 04:46:19.506 9 INFO neutron.wsgi [None req-ab1c505c-4c71-4d7d-a24b-f4b6315a8e73 1ca593f1ddd74c7eabab8676647af840 164fa6fa12f64f1fac166893e00fa288 - - default default] 10.0.0.19 "DELETE /v2.0/subnets/ba89fdc1-20d2-4b04-8806-4a843ee849f3 HTTP/1.1" status: 204 len: 168 time: 0.3375714
2026-07-07 04:46:19.617 9 WARNING neutron.scheduler.dhcp_agent_scheduler [None req-c70ae0b8-b643-4c57-a19f-fe83152614eb 0b76989d49f04920a92c6ec3b7e621c4 019939d1fb314051830f98661b83c2af - - default default] No more DHCP agents
2026-07-07 04:46:19.628 9 WARNING neutron.api.rpc.agentnotifiers.dhcp_rpc_agent_api [None req-c70ae0b8-b643-4c57-a19f-fe83152614eb 0b76989d49f04920a92c6ec3b7e621c4 019939d1fb314051830f98661b83c2af - - default default] Unable to schedule network 918e3ae2-3182-492d-bed2-2646bbcf2cdc: no agents available; will retry on subsequent port and subnet creation events.
2026-07-07 04:46:19.639 10 INFO neutron.services.segments.plugin [-] Segment 2683a55f-ff29-4ebd-bb91-635f15d9d8ad resource provider aggregate not found
2026-07-07 04:46:19.645 10 INFO neutron.services.segments.plugin [-] Segment 2683a55f-ff29-4ebd-bb91-635f15d9d8ad resource provider aggregate not found
2026-07-07 04:46:19.663 10 INFO neutron.services.segments.plugin [-] Segment 2683a55f-ff29-4ebd-bb91-635f15d9d8ad resource provider not found; error: Placement Client Error (4xx): {"errors": [{"status": 404, "title": "Not Found", "detail": "The resource could not be found.\n\n No resource provider with uuid 2683a55f-ff29-4ebd-bb91-635f15d9d8ad found for delete ", "request_id": "req-d16a69d4-f2cc-44d0-87af-6d2f25b2db93"}]}
2026-07-07 04:46:19.664 10 INFO neutron.services.segments.plugin [-] Segment 2683a55f-ff29-4ebd-bb91-635f15d9d8ad resource provider not found; error: Placement Client Error (4xx): {"errors": [{"status": 404, "title": "Not Found", "detail": "The resource could not be found.\n\n No resource provider with uuid 2683a55f-ff29-4ebd-bb91-635f15d9d8ad found for delete ", "request_id": "req-8c29cbfa-32a3-4e53-84aa-77d29c2f1f0c"}]}
2026-07-07 04:46:19.752 9 INFO neutron.db.ovn_revision_numbers_db [None req-c70ae0b8-b643-4c57-a19f-fe83152614eb 0b76989d49f04920a92c6ec3b7e621c4 019939d1fb314051830f98661b83c2af - - default default] Successfully bumped revision number for resource d1b43b20-b9c2-443e-b3c2-2a5f780676bf (type: ports) to 1
2026-07-07 04:46:19.772 9 INFO neutron.wsgi [None req-c70ae0b8-b643-4c57-a19f-fe83152614eb 0b76989d49f04920a92c6ec3b7e621c4 019939d1fb314051830f98661b83c2af - - default default] 10.0.0.19 "POST /v2.0/networks HTTP/1.1" status: 201 len: 852 time: 0.7273893
2026-07-07 04:46:20.021 9 INFO neutron.services.segments.plugin [-] Segment 0ce6cce4-1e38-4358-8f70-3124b325a913 resource provider aggregate not found
2026-07-07 04:46:20.035 9 INFO neutron.services.segments.plugin [-] Segment 0ce6cce4-1e38-4358-8f70-3124b325a913 resource provider aggregate not found
2026-07-07 04:46:20.043 9 INFO neutron.services.segments.plugin [-] Segment 0ce6cce4-1e38-4358-8f70-3124b325a913 resource provider not found; error: Placement Client Error (4xx): {"errors": [{"status": 404, "title": "Not Found", "detail": "The resource could not be found.\n\n No resource provider with uuid 0ce6cce4-1e38-4358-8f70-3124b325a913 found for delete ", "request_id": "req-6454c6af-80b5-4876-9c51-6d42591c1956"}]}
2026-07-07 04:46:20.060 9 INFO neutron.services.segments.plugin [-] Segment 0ce6cce4-1e38-4358-8f70-3124b325a913 resource provider not found; error: Placement Client Error (4xx): {"errors": [{"status": 404, "title": "Not Found", "detail": "The resource could not be found.\n\n No resource provider with uuid 0ce6cce4-1e38-4358-8f70-3124b325a913 found for delete ", "request_id": "req-7e9a3351-5184-46c3-b47e-7fb2fdc8e6ff"}]}
2026-07-07 04:46:20.118 9 INFO neutron.wsgi [None req-fa4d85b6-45a1-4c94-90de-d140606c15cc 1ca593f1ddd74c7eabab8676647af840 164fa6fa12f64f1fac166893e00fa288 - - default default] 10.0.0.19 "DELETE /v2.0/networks/5d4bce5e-4bc3-4c50-8d5a-751531632b2b HTTP/1.1" status: 204 len: 168 time: 0.6060419
2026-07-07 04:46:20.118 9 INFO neutron.db.ovn_revision_numbers_db [None req-f3ffa1d7-ccfd-4ad6-9f41-41866c30aec3 1ca593f1ddd74c7eabab8676647af840 164fa6fa12f64f1fac166893e00fa288 - - default default] Successfully bumped revision number for resource b1d5d331-9347-488b-862b-631c4fa0e992 (type: security_groups) to 1
2026-07-07 04:46:20.148 9 INFO neutron.db.ovn_revision_numbers_db [None req-f3ffa1d7-ccfd-4ad6-9f41-41866c30aec3 1ca593f1ddd74c7eabab8676647af840 164fa6fa12f64f1fac166893e00fa288 - - default default] Successfully bumped revision number for resource 4637038a-9a99-40df-b16c-78c2342d5bb8 (type: security_group_rules) to 0
2026-07-07 04:46:20.184 9 INFO neutron.db.ovn_revision_numbers_db [None req-f3ffa1d7-ccfd-4ad6-9f41-41866c30aec3 1ca593f1ddd74c7eabab8676647af840 164fa6fa12f64f1fac166893e00fa288 - - default default] Successfully bumped revision number for resource 82c16e33-b44a-4a31-b7e8-3335e64e8ce5 (type: security_group_rules) to 0
2026-07-07 04:46:20.210 9 INFO neutron.db.ovn_revision_numbers_db [None req-f3ffa1d7-ccfd-4ad6-9f41-41866c30aec3 1ca593f1ddd74c7eabab8676647af840 164fa6fa12f64f1fac166893e00fa288 - - default default] Successfully bumped revision number for resource 9448effe-734a-4b73-b164-b2cd6a9ed93c (type: security_group_rules) to 0
2026-07-07 04:46:20.226 9 INFO neutron.db.ovn_revision_numbers_db [None req-f3ffa1d7-ccfd-4ad6-9f41-41866c30aec3 1ca593f1ddd74c7eabab8676647af840 164fa6fa12f64f1fac166893e00fa288 - - default default] Successfully bumped revision number for resource 9628fb10-c48a-4995-9f3c-00b9c1732b20 (type: security_group_rules) to 0
2026-07-07 04:46:20.286 9 INFO neutron.db.segments_db [None req-f3ffa1d7-ccfd-4ad6-9f41-41866c30aec3 1ca593f1ddd74c7eabab8676647af840 164fa6fa12f64f1fac166893e00fa288 - - default default] Added segment 8e0480d9-1424-4683-9778-abad435c5f16 of type geneve for network 1ea1bb2d-4fa3-4fd6-8439-406b185225ab
2026-07-07 04:46:20.316 10 INFO neutron.wsgi [None req-df6dd0e9-c8cb-4b88-ba43-d3f6a0d17407 1ca593f1ddd74c7eabab8676647af840 164fa6fa12f64f1fac166893e00fa288 - - default default] 10.0.0.19 "GET /v2.0/security-groups?tenant_id=e337f32851fc4c29a637419915426a94&name=default HTTP/1.1" status: 200 len: 2992 time: 0.0399752
2026-07-07 04:46:20.447 9 INFO neutron.db.ovn_revision_numbers_db [None req-f3ffa1d7-ccfd-4ad6-9f41-41866c30aec3 1ca593f1ddd74c7eabab8676647af840 164fa6fa12f64f1fac166893e00fa288 - - default default] Successfully bumped revision number for resource 1ea1bb2d-4fa3-4fd6-8439-406b185225ab (type: networks) to 1
2026-07-07 04:46:20.484 9 WARNING neutron.scheduler.dhcp_agent_scheduler [None req-fcc0b076-41db-49e5-9bf6-6087ffba8ca8 0b76989d49f04920a92c6ec3b7e621c4 019939d1fb314051830f98661b83c2af - - default default] No more DHCP agents
2026-07-07 04:46:20.493 9 WARNING neutron.api.rpc.agentnotifiers.dhcp_rpc_agent_api [None req-fcc0b076-41db-49e5-9bf6-6087ffba8ca8 0b76989d49f04920a92c6ec3b7e621c4 019939d1fb314051830f98661b83c2af - - default default] Unable to schedule network 3ac74871-c691-4f4f-b803-492e49e4cbdf: no agents available; will retry on subsequent port and subnet creation events. /var/lib/openstack/lib/python3.10/site-packages/pycadf/identifier.py:71: UserWarning: Invalid uuid: neutron. To ensure interoperability, identifiers should be a valid uuid. warnings.warn(('Invalid uuid: %s. To ensure interoperability, '
2026-07-07 04:46:20.548 10 INFO neutron.wsgi [None req-af23c60a-b288-4e0e-a1fb-9cd9876f346a 1ca593f1ddd74c7eabab8676647af840 164fa6fa12f64f1fac166893e00fa288 - - default default] 10.0.0.19 "DELETE /v2.0/security-groups/cf0c3970-c9ad-40a2-b289-d9b845c39ee2 HTTP/1.1" status: 204 len: 168 time: 0.2278528
2026-07-07 04:46:20.579 9 INFO neutron.wsgi [req-958ec336-3836-4d2b-86c6-0fc73b2fe3bc req-0b85f7a3-2cc5-4a14-9950-f88b660586a5 a9d60fe09b1944578f32c5f2cabd938f 7c8d4a9e4bb34442833ed3fd01844da5 - - default default] 10.0.0.129 "GET /v2.0/ports?device_id=fd240e9c-b64e-47f1-87db-beb5121bd264 HTTP/1.1" status: 200 len: 1172 time: 0.0582299
2026-07-07 04:46:20.632 9 INFO neutron.db.ovn_revision_numbers_db [None req-fcc0b076-41db-49e5-9bf6-6087ffba8ca8 0b76989d49f04920a92c6ec3b7e621c4 019939d1fb314051830f98661b83c2af - - default default] Successfully bumped revision number for resource 7062d7f1-0eb4-4b39-8c5d-0b9826209d05 (type: ports) to 1
2026-07-07 04:46:20.654 9 INFO neutron.wsgi [req-958ec336-3836-4d2b-86c6-0fc73b2fe3bc req-c3a9dd5b-820d-49e9-bde8-32b168f17119 a9d60fe09b1944578f32c5f2cabd938f 7c8d4a9e4bb34442833ed3fd01844da5 - - default default] 10.0.0.129 "GET /v2.0/security-groups?id=50d33cc3-278a-4caf-a458-06d2d005e335&fields=id&fields=name HTTP/1.1" status: 200 len: 311 time: 0.0603907
2026-07-07 04:46:20.677 9 WARNING neutron.scheduler.dhcp_agent_scheduler [None req-fcc0b076-41db-49e5-9bf6-6087ffba8ca8 0b76989d49f04920a92c6ec3b7e621c4 019939d1fb314051830f98661b83c2af - - default default] No more DHCP agents
2026-07-07 04:46:20.681 9 WARNING neutron.api.rpc.agentnotifiers.dhcp_rpc_agent_api [None req-fcc0b076-41db-49e5-9bf6-6087ffba8ca8 0b76989d49f04920a92c6ec3b7e621c4 019939d1fb314051830f98661b83c2af - - default default] Unable to schedule network 918e3ae2-3182-492d-bed2-2646bbcf2cdc: no agents available; will retry on subsequent port and subnet creation events.
2026-07-07 04:46:20.713 9 WARNING neutron.scheduler.dhcp_agent_scheduler [None req-f3ffa1d7-ccfd-4ad6-9f41-41866c30aec3 1ca593f1ddd74c7eabab8676647af840 164fa6fa12f64f1fac166893e00fa288 - - default default] No more DHCP agents
2026-07-07 04:46:20.723 9 WARNING neutron.api.rpc.agentnotifiers.dhcp_rpc_agent_api [None req-f3ffa1d7-ccfd-4ad6-9f41-41866c30aec3 1ca593f1ddd74c7eabab8676647af840 164fa6fa12f64f1fac166893e00fa288 - - default default] Unable to schedule network 1ea1bb2d-4fa3-4fd6-8439-406b185225ab: no agents available; will retry on subsequent port and subnet creation events.
2026-07-07 04:46:20.829 9 INFO neutron.db.ovn_revision_numbers_db [None req-fcc0b076-41db-49e5-9bf6-6087ffba8ca8 0b76989d49f04920a92c6ec3b7e621c4 019939d1fb314051830f98661b83c2af - - default default] Successfully bumped revision number for resource 98700038-678d-4a74-8454-6387b117bb65 (type: ports) to 1
2026-07-07 04:46:20.872 9 INFO neutron.wsgi [None req-fcc0b076-41db-49e5-9bf6-6087ffba8ca8 0b76989d49f04920a92c6ec3b7e621c4 019939d1fb314051830f98661b83c2af - - default default] 10.0.0.19 "POST /v2.0/ports HTTP/1.1" status: 201 len: 1705 time: 1.0939333
2026-07-07 04:46:20.873 9 INFO neutron.db.ovn_revision_numbers_db [None req-f3ffa1d7-ccfd-4ad6-9f41-41866c30aec3 1ca593f1ddd74c7eabab8676647af840 164fa6fa12f64f1fac166893e00fa288 - - default default] Successfully bumped revision number for resource f0a41dda-24cb-4a30-b173-b2eb8002554a (type: ports) to 1 /var/lib/openstack/lib/python3.10/site-packages/pycadf/identifier.py:71: UserWarning: Invalid uuid: neutron. To ensure interoperability, identifiers should be a valid uuid. warnings.warn(('Invalid uuid: %s. To ensure interoperability, '
2026-07-07 04:46:20.889 10 INFO neutron.wsgi [-] 10.0.0.39 "GET / HTTP/1.1" status: 200 len: 247 time: 0.0019779
2026-07-07 04:46:20.892 10 INFO neutron.wsgi [-] 10.0.0.39 "GET / HTTP/1.1" status: 200 len: 247 time: 0.0017223
2026-07-07 04:46:20.924 9 INFO neutron.wsgi [None req-f3ffa1d7-ccfd-4ad6-9f41-41866c30aec3 1ca593f1ddd74c7eabab8676647af840 164fa6fa12f64f1fac166893e00fa288 - - default default] 10.0.0.19 "POST /v2.0/networks HTTP/1.1" status: 201 len: 947 time: 1.3004096
2026-07-07 04:46:21.032 9 INFO neutron.wsgi [None req-36b5f6f3-ed42-40a1-a099-eb964e46a8ae 0b76989d49f04920a92c6ec3b7e621c4 019939d1fb314051830f98661b83c2af - - default default] 10.0.0.19 "GET /v2.0/ports HTTP/1.1" status: 200 len: 3212 time: 0.1537139
2026-07-07 04:46:21.187 10 WARNING neutron.scheduler.dhcp_agent_scheduler [None req-a4c0672f-54d8-4511-a469-701d13a5ea6f 1ca593f1ddd74c7eabab8676647af840 164fa6fa12f64f1fac166893e00fa288 - - default default] No more DHCP agents
2026-07-07 04:46:21.193 10 WARNING neutron.api.rpc.agentnotifiers.dhcp_rpc_agent_api [None req-a4c0672f-54d8-4511-a469-701d13a5ea6f 1ca593f1ddd74c7eabab8676647af840 164fa6fa12f64f1fac166893e00fa288 - - default default] Unable to schedule network 1ea1bb2d-4fa3-4fd6-8439-406b185225ab: no agents available; will retry on subsequent port and subnet creation events.
2026-07-07 04:46:21.233 10 WARNING neutron.plugins.ml2.drivers.ovn.mech_driver.ovsdb.ovn_client [None req-bd58489d-bbb0-4062-a0f1-0a7f46828024 - - - - - -] No port found with ID 20673046-02a3-430e-9fde-59bf96ecb288: RuntimeError: No port found with ID 20673046-02a3-430e-9fde-59bf96ecb288
2026-07-07 04:46:21.234 10 INFO neutron.plugins.ml2.drivers.ovn.mech_driver.mech_driver [None req-bd58489d-bbb0-4062-a0f1-0a7f46828024 - - - - - -] OVN reports status up for port: 034ae10b-746d-411d-98a8-42b90308e1f1
2026-07-07 04:46:21.277 10 INFO neutron.plugins.ml2.plugin [None req-bd58489d-bbb0-4062-a0f1-0a7f46828024 - - - - - -] Attempt 1 to provision port 034ae10b-746d-411d-98a8-42b90308e1f1
2026-07-07 04:46:21.483 10 INFO neutron.wsgi [None req-f482d2f2-0835-4656-bdd9-1d14c6a57868 0b76989d49f04920a92c6ec3b7e621c4 019939d1fb314051830f98661b83c2af - - default default] 10.0.0.19 "DELETE /v2.0/ports/7062d7f1-0eb4-4b39-8c5d-0b9826209d05 HTTP/1.1" status: 204 len: 168 time: 0.4400802
2026-07-07 04:46:21.692 10 INFO neutron.db.ovn_revision_numbers_db [None req-bd58489d-bbb0-4062-a0f1-0a7f46828024 - - - - - -] Successfully bumped revision number for resource 034ae10b-746d-411d-98a8-42b90308e1f1 (type: ports) to 4
2026-07-07 04:46:21.759 9 INFO neutron.wsgi [req-c8071bad-df5d-4e45-9335-159af4bf31be req-7a13bc9a-29ce-4ef4-a00a-a1ddc329b43a a9d60fe09b1944578f32c5f2cabd938f 7c8d4a9e4bb34442833ed3fd01844da5 - - default default] 10.0.0.129 "GET /v2.0/ports?device_id=fd240e9c-b64e-47f1-87db-beb5121bd264 HTTP/1.1" status: 200 len: 1174 time: 0.0382769
2026-07-07 04:46:21.816 9 INFO neutron.wsgi [req-c8071bad-df5d-4e45-9335-159af4bf31be req-7d845d25-f7a4-41ed-97ee-a6084f8ae295 a9d60fe09b1944578f32c5f2cabd938f 7c8d4a9e4bb34442833ed3fd01844da5 - - default default] 10.0.0.129 "GET /v2.0/security-groups?id=50d33cc3-278a-4caf-a458-06d2d005e335&fields=id&fields=name HTTP/1.1" status: 200 len: 311 time: 0.0491393
2026-07-07 04:46:21.930 9 INFO neutron.wsgi [None req-6c09500c-0256-4c49-a28b-de99e03a4fa8 0b76989d49f04920a92c6ec3b7e621c4 019939d1fb314051830f98661b83c2af - - default default] 10.0.0.19 "DELETE /v2.0/ports/98700038-678d-4a74-8454-6387b117bb65 HTTP/1.1" status: 204 len: 168 time: 0.4403741
2026-07-07 04:46:21.976 9 INFO neutron.wsgi [None req-7826da0a-deb1-4982-a583-868456bdd204 0b76989d49f04920a92c6ec3b7e621c4 019939d1fb314051830f98661b83c2af - - default default] 10.0.0.19 "GET /v2.0/ports HTTP/1.1" status: 200 len: 1718 time: 0.0401919
2026-07-07 04:46:22.030 10 INFO neutron.db.ovn_revision_numbers_db [None req-a4c0672f-54d8-4511-a469-701d13a5ea6f 1ca593f1ddd74c7eabab8676647af840 164fa6fa12f64f1fac166893e00fa288 - - default default] Successfully bumped revision number for resource f0a41dda-24cb-4a30-b173-b2eb8002554a (type: ports) to 2
2026-07-07 04:46:22.068 10 INFO neutron.notifiers.nova [-] Nova event matching ['req-a6a25eee-4140-424d-92d9-bcbc05f09f6d'] response: {'server_uuid': 'fd240e9c-b64e-47f1-87db-beb5121bd264', 'name': 'network-vif-plugged', 'status': 'completed', 'tag': '034ae10b-746d-411d-98a8-42b90308e1f1', 'code': 200}
2026-07-07 04:46:22.088 9 INFO neutron.db.segments_db [None req-dd768707-7181-435b-a6d7-c148b7484351 0b76989d49f04920a92c6ec3b7e621c4 019939d1fb314051830f98661b83c2af - - default default] Added segment 10e61c82-0e16-4e37-8952-8fa0f5910258 of type geneve for network d82a4cac-09f6-4d49-a59d-dc2a996a0cb9
2026-07-07 04:46:22.123 10 INFO neutron.db.ovn_revision_numbers_db [None req-a4c0672f-54d8-4511-a469-701d13a5ea6f 1ca593f1ddd74c7eabab8676647af840 164fa6fa12f64f1fac166893e00fa288 - - default default] Successfully bumped revision number for resource 4295855d-6658-48b0-ad66-8902f377deaa (type: subnets) to 0
2026-07-07 04:46:22.140 10 INFO neutron.wsgi [None req-a4c0672f-54d8-4511-a469-701d13a5ea6f 1ca593f1ddd74c7eabab8676647af840 164fa6fa12f64f1fac166893e00fa288 - - default default] 10.0.0.19 "POST /v2.0/subnets HTTP/1.1" status: 201 len: 867 time: 1.2114394 /var/lib/openstack/lib/python3.10/site-packages/pycadf/identifier.py:71: UserWarning: Invalid uuid: neutron. To ensure interoperability, identifiers should be a valid uuid. warnings.warn(('Invalid uuid: %s. To ensure interoperability, '
2026-07-07 04:46:22.296 9 INFO neutron.db.ovn_revision_numbers_db [None req-dd768707-7181-435b-a6d7-c148b7484351 0b76989d49f04920a92c6ec3b7e621c4 019939d1fb314051830f98661b83c2af - - default default] Successfully bumped revision number for resource d82a4cac-09f6-4d49-a59d-dc2a996a0cb9 (type: networks) to 1
2026-07-07 04:46:22.495 9 WARNING neutron.scheduler.dhcp_agent_scheduler [None req-dd768707-7181-435b-a6d7-c148b7484351 0b76989d49f04920a92c6ec3b7e621c4 019939d1fb314051830f98661b83c2af - - default default] No more DHCP agents
2026-07-07 04:46:22.499 9 WARNING neutron.api.rpc.agentnotifiers.dhcp_rpc_agent_api [None req-dd768707-7181-435b-a6d7-c148b7484351 0b76989d49f04920a92c6ec3b7e621c4 019939d1fb314051830f98661b83c2af - - default default] Unable to schedule network d82a4cac-09f6-4d49-a59d-dc2a996a0cb9: no agents available; will retry on subsequent port and subnet creation events.
2026-07-07 04:46:22.589 9 INFO neutron.db.ovn_revision_numbers_db [None req-dd768707-7181-435b-a6d7-c148b7484351 0b76989d49f04920a92c6ec3b7e621c4 019939d1fb314051830f98661b83c2af - - default default] Successfully bumped revision number for resource dd03dc19-a6ed-4a4c-841f-29f431a944dd (type: ports) to 1
2026-07-07 04:46:22.611 9 INFO neutron.wsgi [None req-dd768707-7181-435b-a6d7-c148b7484351 0b76989d49f04920a92c6ec3b7e621c4 019939d1fb314051830f98661b83c2af - - default default] 10.0.0.19 "POST /v2.0/networks HTTP/1.1" status: 201 len: 853 time: 0.6256220
2026-07-07 04:46:22.659 10 WARNING neutron.scheduler.dhcp_agent_scheduler [None req-c5c60ddf-9fea-4df2-bf77-87ab11491fe1 1ca593f1ddd74c7eabab8676647af840 164fa6fa12f64f1fac166893e00fa288 - - default default] No more DHCP agents
2026-07-07 04:46:22.661 10 WARNING neutron.api.rpc.agentnotifiers.dhcp_rpc_agent_api [None req-c5c60ddf-9fea-4df2-bf77-87ab11491fe1 1ca593f1ddd74c7eabab8676647af840 164fa6fa12f64f1fac166893e00fa288 - - default default] Unable to schedule network d1b2684a-7d75-4a0a-b8e8-bbf022f08fd9: no agents available; will retry on subsequent port and subnet creation events.
2026-07-07 04:46:22.698 9 INFO neutron.db.ovn_revision_numbers_db [None req-3455f03f-5834-4e64-a103-c33e89253048 1ca593f1ddd74c7eabab8676647af840 164fa6fa12f64f1fac166893e00fa288 - - default default] Successfully bumped revision number for resource 94ffe580-fe06-4601-9583-97ea861648c8 (type: security_groups) to 1
2026-07-07 04:46:22.702 9 INFO neutron.db.segments_db [None req-e141f4e7-147a-4fe6-92b8-776d4f1f2f28 0b76989d49f04920a92c6ec3b7e621c4 019939d1fb314051830f98661b83c2af - - default default] Added segment d6af3471-1416-4df2-96ef-b762afdd43b7 of type geneve for network f7633c26-4e9c-4f09-a00b-9397059c3c1b
2026-07-07 04:46:22.721 9 INFO neutron.db.ovn_revision_numbers_db [None req-3455f03f-5834-4e64-a103-c33e89253048 1ca593f1ddd74c7eabab8676647af840 164fa6fa12f64f1fac166893e00fa288 - - default default] Successfully bumped revision number for resource 388b0182-7d7f-4dc0-abbe-efd102c947b8 (type: security_group_rules) to 0
2026-07-07 04:46:22.744 9 INFO neutron.db.ovn_revision_numbers_db [None req-3455f03f-5834-4e64-a103-c33e89253048 1ca593f1ddd74c7eabab8676647af840 164fa6fa12f64f1fac166893e00fa288 - - default default] Successfully bumped revision number for resource b8ffbf3d-2df3-4e21-93cf-d6ef315e7947 (type: security_group_rules) to 0
2026-07-07 04:46:22.769 9 INFO neutron.db.ovn_revision_numbers_db [None req-3455f03f-5834-4e64-a103-c33e89253048 1ca593f1ddd74c7eabab8676647af840 164fa6fa12f64f1fac166893e00fa288 - - default default] Successfully bumped revision number for resource c4905e39-9222-4d69-ab97-83d33103c659 (type: security_group_rules) to 0
2026-07-07 04:46:22.798 9 INFO neutron.db.ovn_revision_numbers_db [None req-3455f03f-5834-4e64-a103-c33e89253048 1ca593f1ddd74c7eabab8676647af840 164fa6fa12f64f1fac166893e00fa288 - - default default] Successfully bumped revision number for resource cca8a509-df6d-4bbf-8d81-403e1718b04c (type: security_group_rules) to 0
2026-07-07 04:46:22.809 10 INFO neutron.db.ovn_revision_numbers_db [None req-c5c60ddf-9fea-4df2-bf77-87ab11491fe1 1ca593f1ddd74c7eabab8676647af840 164fa6fa12f64f1fac166893e00fa288 - - default default] Successfully bumped revision number for resource db3ffc3b-4e94-4453-90eb-80c2d44b7e34 (type: ports) to 1
2026-07-07 04:46:22.872 9 INFO neutron.db.segments_db [None req-3455f03f-5834-4e64-a103-c33e89253048 1ca593f1ddd74c7eabab8676647af840 164fa6fa12f64f1fac166893e00fa288 - - default default] Added segment 8bbec259-fc2c-4f53-bb69-b139b8da561a of type geneve for network 9c7f8ae8-e749-4cd4-aff1-58186c255f89
2026-07-07 04:46:22.900 9 INFO neutron.db.ovn_revision_numbers_db [None req-e141f4e7-147a-4fe6-92b8-776d4f1f2f28 0b76989d49f04920a92c6ec3b7e621c4 019939d1fb314051830f98661b83c2af - - default default] Successfully bumped revision number for resource f7633c26-4e9c-4f09-a00b-9397059c3c1b (type: networks) to 1
2026-07-07 04:46:22.942 9 INFO neutron.wsgi [req-453866fa-83af-439e-8b27-a4f691e3f6ba req-4c7929b7-2b8c-4ed2-aaff-ee1217f9af7d a9d60fe09b1944578f32c5f2cabd938f 7c8d4a9e4bb34442833ed3fd01844da5 - - default default] 10.0.0.129 "GET /v2.0/ports?device_id=fd240e9c-b64e-47f1-87db-beb5121bd264 HTTP/1.1" status: 200 len: 1174 time: 0.0559285
2026-07-07 04:46:23.034 9 INFO neutron.wsgi [req-453866fa-83af-439e-8b27-a4f691e3f6ba req-368f33a9-6882-4e3c-9b63-e7fb90e25c8c a9d60fe09b1944578f32c5f2cabd938f 7c8d4a9e4bb34442833ed3fd01844da5 - - default default] 10.0.0.129 "GET /v2.0/security-groups?id=50d33cc3-278a-4caf-a458-06d2d005e335&fields=id&fields=name HTTP/1.1" status: 200 len: 311 time: 0.0809255
2026-07-07 04:46:23.088 9 INFO neutron.db.ovn_revision_numbers_db [None req-3455f03f-5834-4e64-a103-c33e89253048 1ca593f1ddd74c7eabab8676647af840 164fa6fa12f64f1fac166893e00fa288 - - default default] Successfully bumped revision number for resource 9c7f8ae8-e749-4cd4-aff1-58186c255f89 (type: networks) to 1
2026-07-07 04:46:23.155 9 INFO neutron.wsgi [req-ef5ca9a1-21f3-405c-a06e-d5e020ea9291 req-3f8c6d8a-3bbb-4024-a922-36d11c64fe72 a9d60fe09b1944578f32c5f2cabd938f 7c8d4a9e4bb34442833ed3fd01844da5 - - default default] 10.0.0.129 "GET /v2.0/ports?device_id=fd240e9c-b64e-47f1-87db-beb5121bd264 HTTP/1.1" status: 200 len: 1174 time: 0.0400341
2026-07-07 04:46:23.190 9 WARNING neutron.scheduler.dhcp_agent_scheduler [None req-e141f4e7-147a-4fe6-92b8-776d4f1f2f28 0b76989d49f04920a92c6ec3b7e621c4 019939d1fb314051830f98661b83c2af - - default default] No more DHCP agents
2026-07-07 04:46:23.194 9 WARNING neutron.api.rpc.agentnotifiers.dhcp_rpc_agent_api [None req-e141f4e7-147a-4fe6-92b8-776d4f1f2f28 0b76989d49f04920a92c6ec3b7e621c4 019939d1fb314051830f98661b83c2af - - default default] Unable to schedule network f7633c26-4e9c-4f09-a00b-9397059c3c1b: no agents available; will retry on subsequent port and subnet creation events.
2026-07-07 04:46:23.296 9 INFO neutron.db.ovn_revision_numbers_db [None req-e141f4e7-147a-4fe6-92b8-776d4f1f2f28 0b76989d49f04920a92c6ec3b7e621c4 019939d1fb314051830f98661b83c2af - - default default] Successfully bumped revision number for resource 21808cf7-721e-4d53-b084-419c267bcfe1 (type: ports) to 1
