2026-07-07 04:50:50.185 9 INFO neutron.wsgi [None req-ee297835-50aa-4302-92c4-146bf6154520 7cfc055645e147658189e349954127c2 61cfc0d4fc9a46be942bef03bf77112c - - default default] 10.0.0.19 "POST /v2.0/ports HTTP/1.1" status: 201 len: 942 time: 0.7015898 /var/lib/openstack/lib/python3.10/site-packages/pycadf/identifier.py:71: UserWarning: Invalid uuid: neutron. To ensure interoperability, identifiers should be a valid uuid. warnings.warn(('Invalid uuid: %s. To ensure interoperability, '
2026-07-07 04:50:50.240 9 INFO neutron.wsgi [None req-28bc71f3-171f-41c4-90f4-c5d30185d071 7cfc055645e147658189e349954127c2 61cfc0d4fc9a46be942bef03bf77112c - - default default] 10.0.0.19 "PUT /v2.0/ports/7961a8cd-84d1-4d8d-979a-598ab1e4eec3/tags HTTP/1.1" status: 200 len: 210 time: 0.0500858
2026-07-07 04:50:50.287 9 INFO neutron.wsgi [None req-dc8a40c7-3e31-4cae-a44b-2bc2392a2546 7cfc055645e147658189e349954127c2 61cfc0d4fc9a46be942bef03bf77112c - - default default] 10.0.0.19 "PUT /v2.0/ports/8ba84a9c-8866-495a-8ee6-a18a603f887d/tags HTTP/1.1" status: 200 len: 218 time: 0.0416896
2026-07-07 04:50:50.337 9 INFO neutron.wsgi [None req-bec752fd-ee7b-49f9-a98c-8fdeed4e9dfc 7cfc055645e147658189e349954127c2 61cfc0d4fc9a46be942bef03bf77112c - - default default] 10.0.0.19 "PUT /v2.0/ports/45859966-8f11-436e-a05a-60e1e193354a/tags HTTP/1.1" status: 200 len: 227 time: 0.0448680
2026-07-07 04:50:50.380 9 INFO neutron.wsgi [None req-2693b4d0-e7fd-44a7-8bd4-b0d96b53d5e6 7cfc055645e147658189e349954127c2 61cfc0d4fc9a46be942bef03bf77112c - - default default] 10.0.0.19 "PUT /v2.0/ports/8dc7a9e7-e19a-4e76-aa6d-bea13b61e4ca/tags HTTP/1.1" status: 200 len: 212 time: 0.0387456
2026-07-07 04:50:50.550 9 INFO neutron.wsgi [None req-1b4a6a9d-ae26-468d-ac7e-1b47f62a8bcf 7cfc055645e147658189e349954127c2 61cfc0d4fc9a46be942bef03bf77112c - - default default] 10.0.0.19 "GET /v2.0/ports?tags=red HTTP/1.1" status: 200 len: 2448 time: 0.1639457
2026-07-07 04:50:50.604 9 INFO neutron.wsgi [None req-d529c402-d2b6-45c0-8428-f3ab115db291 7cfc055645e147658189e349954127c2 61cfc0d4fc9a46be942bef03bf77112c - - default default] 10.0.0.19 "GET /v2.0/ports?tags=red%2Cblue HTTP/1.1" status: 200 len: 1708 time: 0.0499909
2026-07-07 04:50:50.655 9 INFO neutron.wsgi [None req-5b391a0d-a3eb-46ff-83f9-a5f5b040c386 7cfc055645e147658189e349954127c2 61cfc0d4fc9a46be942bef03bf77112c - - default default] 10.0.0.19 "GET /v2.0/ports?tags-any=blue HTTP/1.1" status: 200 len: 1708 time: 0.0468032
2026-07-07 04:50:50.704 9 INFO neutron.wsgi [None req-f7e675d2-08fb-4177-9644-eccdf8aa3ea9 7cfc055645e147658189e349954127c2 61cfc0d4fc9a46be942bef03bf77112c - - default default] 10.0.0.19 "GET /v2.0/ports?tags-any=red%2Cblue HTTP/1.1" status: 200 len: 2448 time: 0.0438790
2026-07-07 04:50:50.859 9 INFO neutron.wsgi [None req-c78bcd3f-08ee-46c8-8ee2-d6d9b632a9e4 7cfc055645e147658189e349954127c2 61cfc0d4fc9a46be942bef03bf77112c - - default default] 10.0.0.19 "GET /v2.0/ports?not-tags=red HTTP/1.1" status: 200 len: 5463 time: 0.1497569
2026-07-07 04:50:50.888 9 INFO neutron.wsgi [-] 10.0.0.39 "GET / HTTP/1.1" status: 200 len: 247 time: 0.0011082
2026-07-07 04:50:50.891 10 INFO neutron.wsgi [-] 10.0.0.39 "GET / HTTP/1.1" status: 200 len: 247 time: 0.0038891
2026-07-07 04:50:50.959 9 INFO neutron.wsgi [None req-5d72b8c6-9de5-424c-a523-e296611ce8c6 7cfc055645e147658189e349954127c2 61cfc0d4fc9a46be942bef03bf77112c - - default default] 10.0.0.19 "GET /v2.0/ports?not-tags=red%2Cblue HTTP/1.1" status: 200 len: 6203 time: 0.0949211
2026-07-07 04:50:51.041 9 INFO neutron.wsgi [None req-9e099670-9317-45a8-8c46-eea2e242c27a 7cfc055645e147658189e349954127c2 61cfc0d4fc9a46be942bef03bf77112c - - default default] 10.0.0.19 "GET /v2.0/ports?not-tags-any=blue HTTP/1.1" status: 200 len: 6203 time: 0.0783989
2026-07-07 04:50:51.104 9 INFO neutron.wsgi [None req-c24a5ba9-3668-42c9-bbcb-8be1f03a037b 7cfc055645e147658189e349954127c2 61cfc0d4fc9a46be942bef03bf77112c - - default default] 10.0.0.19 "GET /v2.0/ports?not-tags-any=red%2Cblue HTTP/1.1" status: 200 len: 5463 time: 0.0566127 /var/lib/openstack/lib/python3.10/site-packages/pycadf/identifier.py:71: UserWarning: Invalid uuid: neutron. To ensure interoperability, identifiers should be a valid uuid. warnings.warn(('Invalid uuid: %s. To ensure interoperability, '
2026-07-07 04:50:51.277 10 INFO neutron.wsgi [None req-c695d473-f62a-47dd-8f7e-3cebc9cd8885 1ca593f1ddd74c7eabab8676647af840 164fa6fa12f64f1fac166893e00fa288 - - default default] 199.204.45.95 "GET /v2.0/extensions/security-group HTTP/1.1" status: 200 len: 369 time: 0.0564415
2026-07-07 04:50:51.287 10 INFO neutron.wsgi [None req-0bdc8fd8-6a0b-44ab-ab1b-4c262440ea27 1ca593f1ddd74c7eabab8676647af840 164fa6fa12f64f1fac166893e00fa288 - - default default] 199.204.45.95 "GET /v2.0/extensions/dns-integration HTTP/1.1" status: 200 len: 371 time: 0.0047765
2026-07-07 04:50:51.294 10 INFO neutron.wsgi [None req-bfc393ae-84fc-4702-b75c-463acfdc12be 1ca593f1ddd74c7eabab8676647af840 164fa6fa12f64f1fac166893e00fa288 - - default default] 199.204.45.95 "GET /v2.0/extensions/qos HTTP/1.1" status: 200 len: 365 time: 0.0034471
2026-07-07 04:50:51.304 10 INFO neutron.wsgi [None req-cf3c2cef-c925-4188-ad57-e5c0178426d2 1ca593f1ddd74c7eabab8676647af840 164fa6fa12f64f1fac166893e00fa288 - - default default] 199.204.45.95 "GET /v2.0/extensions/allowed-address-pairs HTTP/1.1" status: 200 len: 383 time: 0.0049808
2026-07-07 04:50:51.348 10 INFO neutron.wsgi [None req-a4e50473-26c9-46a3-a6ab-a01125e1ed8e 1ca593f1ddd74c7eabab8676647af840 164fa6fa12f64f1fac166893e00fa288 - - default default] 199.204.45.95 "GET /v2.0/ports/bcd01945-b19d-4997-9049-b5dbd760c277 HTTP/1.1" status: 200 len: 1332 time: 0.0387108
2026-07-07 04:50:51.349 9 INFO neutron.wsgi [None req-e4646348-a0ba-402d-a0be-a1da43ace021 7cfc055645e147658189e349954127c2 61cfc0d4fc9a46be942bef03bf77112c - - default default] 10.0.0.19 "DELETE /v2.0/ports/7961a8cd-84d1-4d8d-979a-598ab1e4eec3 HTTP/1.1" status: 204 len: 168 time: 0.2375393
2026-07-07 04:50:51.457 10 INFO neutron.wsgi [None req-c27c1059-bb53-49db-86b8-eae38abe6d24 1ca593f1ddd74c7eabab8676647af840 164fa6fa12f64f1fac166893e00fa288 - - default default] 199.204.45.95 "GET /v2.0/extensions/security-group HTTP/1.1" status: 200 len: 369 time: 0.0079045
2026-07-07 04:50:51.466 10 INFO neutron.wsgi [None req-db173366-9cb3-4604-9b17-885f19617b6b 1ca593f1ddd74c7eabab8676647af840 164fa6fa12f64f1fac166893e00fa288 - - default default] 199.204.45.95 "GET /v2.0/extensions/dns-integration HTTP/1.1" status: 200 len: 371 time: 0.0051768
2026-07-07 04:50:51.478 10 INFO neutron.wsgi [None req-774a33c1-f3ab-4f0d-b6af-6f6eab0a5df8 1ca593f1ddd74c7eabab8676647af840 164fa6fa12f64f1fac166893e00fa288 - - default default] 199.204.45.95 "GET /v2.0/extensions/qos HTTP/1.1" status: 200 len: 365 time: 0.0064826
2026-07-07 04:50:51.488 10 INFO neutron.wsgi [None req-70c310d9-3dbe-48aa-b2b1-92d42382210b 1ca593f1ddd74c7eabab8676647af840 164fa6fa12f64f1fac166893e00fa288 - - default default] 199.204.45.95 "GET /v2.0/extensions/allowed-address-pairs HTTP/1.1" status: 200 len: 383 time: 0.0059872
2026-07-07 04:50:51.523 10 INFO neutron.wsgi [None req-2a995bf0-32ec-4e10-b19a-3a9ca0212cd2 1ca593f1ddd74c7eabab8676647af840 164fa6fa12f64f1fac166893e00fa288 - - default default] 199.204.45.95 "GET /v2.0/security-groups?name=lb-2a7204e2-a081-4c94-8572-36a81c177065 HTTP/1.1" status: 200 len: 221 time: 0.0278940
2026-07-07 04:50:51.628 9 INFO neutron.wsgi [None req-9ecd8729-7822-47b4-9b47-dd52ed5eb490 7cfc055645e147658189e349954127c2 61cfc0d4fc9a46be942bef03bf77112c - - default default] 10.0.0.19 "DELETE /v2.0/ports/8ba84a9c-8866-495a-8ee6-a18a603f887d HTTP/1.1" status: 204 len: 168 time: 0.2734659
2026-07-07 04:50:51.635 10 INFO neutron.db.ovn_revision_numbers_db [None req-0df83658-ce74-43c9-afc7-090cbdf69f53 1ca593f1ddd74c7eabab8676647af840 164fa6fa12f64f1fac166893e00fa288 - - default default] Successfully bumped revision number for resource 533a7214-7b99-4575-b958-a5a1a2680396 (type: security_groups) to 1
2026-07-07 04:50:51.661 10 INFO neutron.db.ovn_revision_numbers_db [None req-0df83658-ce74-43c9-afc7-090cbdf69f53 1ca593f1ddd74c7eabab8676647af840 164fa6fa12f64f1fac166893e00fa288 - - default default] Successfully bumped revision number for resource 2c0e7664-1452-4870-9d5e-694310569b70 (type: security_group_rules) to 0
2026-07-07 04:50:51.677 10 INFO neutron.db.ovn_revision_numbers_db [None req-0df83658-ce74-43c9-afc7-090cbdf69f53 1ca593f1ddd74c7eabab8676647af840 164fa6fa12f64f1fac166893e00fa288 - - default default] Successfully bumped revision number for resource b4f95deb-ee55-4217-963d-3a7607b8a9ca (type: security_group_rules) to 0
2026-07-07 04:50:51.698 10 INFO neutron.wsgi [None req-0df83658-ce74-43c9-afc7-090cbdf69f53 1ca593f1ddd74c7eabab8676647af840 164fa6fa12f64f1fac166893e00fa288 - - default default] 199.204.45.95 "POST /v2.0/security-groups HTTP/1.1" status: 201 len: 1779 time: 0.1683121
2026-07-07 04:50:51.738 10 INFO neutron.wsgi [None req-92330cdc-49aa-4c28-83a8-6c87aaeb09b9 1ca593f1ddd74c7eabab8676647af840 164fa6fa12f64f1fac166893e00fa288 - - default default] 199.204.45.95 "GET /v2.0/security-group-rules?security_group_id=533a7214-7b99-4575-b958-a5a1a2680396 HTTP/1.1" status: 200 len: 1318 time: 0.0358856
2026-07-07 04:50:51.863 9 INFO neutron.wsgi [None req-fbfb7ba2-02ef-4624-8d0d-56b8c440e63a 7cfc055645e147658189e349954127c2 61cfc0d4fc9a46be942bef03bf77112c - - default default] 10.0.0.19 "DELETE /v2.0/ports/45859966-8f11-436e-a05a-60e1e193354a HTTP/1.1" status: 204 len: 168 time: 0.2303388
2026-07-07 04:50:52.100 9 INFO neutron.wsgi [None req-92d3e808-2dbf-4d0e-9a73-752a963b7ef3 7cfc055645e147658189e349954127c2 61cfc0d4fc9a46be942bef03bf77112c - - default default] 10.0.0.19 "DELETE /v2.0/ports/8dc7a9e7-e19a-4e76-aa6d-bea13b61e4ca HTTP/1.1" status: 204 len: 168 time: 0.2320306
2026-07-07 04:50:52.106 10 INFO neutron.db.ovn_revision_numbers_db [None req-fcbd7e93-a59c-4147-8226-83d518ac22bd 1ca593f1ddd74c7eabab8676647af840 164fa6fa12f64f1fac166893e00fa288 - - default default] Successfully bumped revision number for resource bcd01945-b19d-4997-9049-b5dbd760c277 (type: ports) to 2
2026-07-07 04:50:52.116 10 INFO neutron.wsgi [None req-fcbd7e93-a59c-4147-8226-83d518ac22bd 1ca593f1ddd74c7eabab8676647af840 164fa6fa12f64f1fac166893e00fa288 - - default default] 199.204.45.95 "PUT /v2.0/ports/bcd01945-b19d-4997-9049-b5dbd760c277 HTTP/1.1" status: 200 len: 1332 time: 0.3709886 /var/lib/openstack/lib/python3.10/site-packages/pycadf/identifier.py:71: UserWarning: Invalid uuid: neutron. To ensure interoperability, identifiers should be a valid uuid. warnings.warn(('Invalid uuid: %s. To ensure interoperability, '
2026-07-07 04:50:52.135 10 INFO neutron.wsgi [None req-ef3f0382-08e7-48e1-97f6-db6d9d5cccb3 1ca593f1ddd74c7eabab8676647af840 164fa6fa12f64f1fac166893e00fa288 - - default default] 199.204.45.95 "GET /v2.0/extensions/security-group HTTP/1.1" status: 200 len: 369 time: 0.0073519
2026-07-07 04:50:52.144 10 INFO neutron.wsgi [None req-02eda194-eb6b-4d14-8f65-0e0e91826779 1ca593f1ddd74c7eabab8676647af840 164fa6fa12f64f1fac166893e00fa288 - - default default] 199.204.45.95 "GET /v2.0/extensions/dns-integration HTTP/1.1" status: 200 len: 371 time: 0.0036678
2026-07-07 04:50:52.152 10 INFO neutron.wsgi [None req-7a28da26-0b4b-4315-ac91-9318fd16ff56 1ca593f1ddd74c7eabab8676647af840 164fa6fa12f64f1fac166893e00fa288 - - default default] 199.204.45.95 "GET /v2.0/extensions/qos HTTP/1.1" status: 200 len: 365 time: 0.0041573
2026-07-07 04:50:52.163 10 INFO neutron.wsgi [None req-9ef1f227-67e4-4489-884b-1e31b6643d42 1ca593f1ddd74c7eabab8676647af840 164fa6fa12f64f1fac166893e00fa288 - - default default] 199.204.45.95 "GET /v2.0/extensions/allowed-address-pairs HTTP/1.1" status: 200 len: 383 time: 0.0052447
2026-07-07 04:50:52.202 10 INFO neutron.wsgi [None req-c55d9029-a629-464d-a472-22a1758756e0 1ca593f1ddd74c7eabab8676647af840 164fa6fa12f64f1fac166893e00fa288 - - default default] 199.204.45.95 "GET /v2.0/subnets/4822f5bd-0c48-47cb-a86a-a490ce8c40f4 HTTP/1.1" status: 200 len: 850 time: 0.0331793
2026-07-07 04:50:52.316 9 INFO neutron.wsgi [None req-7a174e74-3114-478b-842b-f507421621d7 7cfc055645e147658189e349954127c2 61cfc0d4fc9a46be942bef03bf77112c - - default default] 10.0.0.19 "DELETE /v2.0/ports/a4721cb1-6c86-465e-bae3-9d271e66a83f HTTP/1.1" status: 204 len: 168 time: 0.2117820
2026-07-07 04:50:52.642 9 INFO neutron.services.segments.plugin [-] Segment fa006b81-cd49-4169-a238-25a6f3af75bf resource provider aggregate not found
2026-07-07 04:50:52.664 9 INFO neutron.services.segments.plugin [-] Segment fa006b81-cd49-4169-a238-25a6f3af75bf resource provider aggregate not found
2026-07-07 04:50:52.673 9 INFO neutron.services.segments.plugin [-] Segment fa006b81-cd49-4169-a238-25a6f3af75bf resource provider not found; error: Placement Client Error (4xx): {"errors": [{"status": 404, "title": "Not Found", "detail": "The resource could not be found.\n\n No resource provider with uuid fa006b81-cd49-4169-a238-25a6f3af75bf found for delete ", "request_id": "req-9570d50c-b76f-45ac-ad01-7071d46e622c"}]}
2026-07-07 04:50:52.692 9 INFO neutron.services.segments.plugin [-] Segment fa006b81-cd49-4169-a238-25a6f3af75bf resource provider not found; error: Placement Client Error (4xx): {"errors": [{"status": 404, "title": "Not Found", "detail": "The resource could not be found.\n\n No resource provider with uuid fa006b81-cd49-4169-a238-25a6f3af75bf found for delete ", "request_id": "req-71db839d-7ded-4c67-b0b6-34a758406d47"}]}
2026-07-07 04:50:52.713 9 INFO neutron.wsgi [None req-257212b3-5374-4b8e-8532-7fdf8a1fd1a9 7cfc055645e147658189e349954127c2 61cfc0d4fc9a46be942bef03bf77112c - - default default] 10.0.0.19 "DELETE /v2.0/networks/bfd4361d-2d88-4ff0-90f7-c90f9531808c HTTP/1.1" status: 204 len: 168 time: 0.3913672
2026-07-07 04:50:53.091 10 INFO neutron.services.segments.plugin [-] Segment 2ae81db9-65f0-4ab2-9fb8-9ff70b612022 resource provider aggregate not found
2026-07-07 04:50:53.095 10 INFO neutron.services.segments.plugin [-] Segment 2ae81db9-65f0-4ab2-9fb8-9ff70b612022 resource provider aggregate not found
2026-07-07 04:50:53.114 10 INFO neutron.services.segments.plugin [-] Segment 2ae81db9-65f0-4ab2-9fb8-9ff70b612022 resource provider not found; error: Placement Client Error (4xx): {"errors": [{"status": 404, "title": "Not Found", "detail": "The resource could not be found.\n\n No resource provider with uuid 2ae81db9-65f0-4ab2-9fb8-9ff70b612022 found for delete ", "request_id": "req-f1d3b1bc-4476-4d68-8ec5-e3f4b2fd58a1"}]}
2026-07-07 04:50:53.115 10 INFO neutron.services.segments.plugin [-] Segment 2ae81db9-65f0-4ab2-9fb8-9ff70b612022 resource provider not found; error: Placement Client Error (4xx): {"errors": [{"status": 404, "title": "Not Found", "detail": "The resource could not be found.\n\n No resource provider with uuid 2ae81db9-65f0-4ab2-9fb8-9ff70b612022 found for delete ", "request_id": "req-732eab45-c128-4818-ada4-7436a7a993c7"}]}
2026-07-07 04:50:53.135 10 INFO neutron.wsgi [None req-0a31ef6d-c668-49a7-9018-b52c59553a27 7cfc055645e147658189e349954127c2 61cfc0d4fc9a46be942bef03bf77112c - - default default] 10.0.0.19 "DELETE /v2.0/networks/ecdf7899-0fd3-473d-a1f8-3d47dc734015 HTTP/1.1" status: 204 len: 168 time: 0.4163349
2026-07-07 04:50:53.504 9 INFO neutron.wsgi [None req-b3582970-c17b-4b8f-abda-37db3d98daf4 7cfc055645e147658189e349954127c2 61cfc0d4fc9a46be942bef03bf77112c - - default default] 10.0.0.19 "DELETE /v2.0/networks/c938232d-a3f2-435b-8755-304e736aad6a HTTP/1.1" status: 204 len: 168 time: 0.3635161
2026-07-07 04:50:54.119 10 INFO neutron.wsgi [None req-4c0e011a-82c8-4611-8042-cb8b7756a1bd 7cfc055645e147658189e349954127c2 61cfc0d4fc9a46be942bef03bf77112c - - default default] 10.0.0.19 "DELETE /v2.0/networks/64a5f670-11a3-4155-840c-e8201e14b1d3 HTTP/1.1" status: 204 len: 168 time: 0.6100972
2026-07-07 04:50:54.510 9 INFO neutron.wsgi [None req-23757863-1b94-4037-a1b9-dc0bb4ce3038 7cfc055645e147658189e349954127c2 61cfc0d4fc9a46be942bef03bf77112c - - default default] 10.0.0.19 "DELETE /v2.0/networks/e53d3374-f432-4089-a7c3-69a700caac08 HTTP/1.1" status: 204 len: 168 time: 0.3855228
2026-07-07 04:50:54.692 9 INFO neutron.services.segments.plugin [-] Segment 7bdfd96f-a54e-4b68-9d96-06cec96b09fc resource provider aggregate not found
2026-07-07 04:50:54.717 9 INFO neutron.services.segments.plugin [-] Segment 7bdfd96f-a54e-4b68-9d96-06cec96b09fc resource provider aggregate not found
2026-07-07 04:50:54.724 9 INFO neutron.services.segments.plugin [-] Segment 7bdfd96f-a54e-4b68-9d96-06cec96b09fc resource provider not found; error: Placement Client Error (4xx): {"errors": [{"status": 404, "title": "Not Found", "detail": "The resource could not be found.\n\n No resource provider with uuid 7bdfd96f-a54e-4b68-9d96-06cec96b09fc found for delete ", "request_id": "req-8503144d-9030-4c17-991d-be04fe9bc232"}]}
2026-07-07 04:50:54.735 9 INFO neutron.services.segments.plugin [-] Segment 7bdfd96f-a54e-4b68-9d96-06cec96b09fc resource provider not found; error: Placement Client Error (4xx): {"errors": [{"status": 404, "title": "Not Found", "detail": "The resource could not be found.\n\n No resource provider with uuid 7bdfd96f-a54e-4b68-9d96-06cec96b09fc found for delete ", "request_id": "req-6d97949e-b4b9-4ccb-9e99-8a4dcd422c9d"}]}
2026-07-07 04:50:54.741 9 INFO neutron.services.segments.plugin [-] Segment 38d66108-1489-4783-bd7d-3651a004cbf1 resource provider aggregate not found
2026-07-07 04:50:54.752 9 INFO neutron.services.segments.plugin [-] Segment 38d66108-1489-4783-bd7d-3651a004cbf1 resource provider aggregate not found
2026-07-07 04:50:54.760 9 INFO neutron.services.segments.plugin [-] Segment 38d66108-1489-4783-bd7d-3651a004cbf1 resource provider not found; error: Placement Client Error (4xx): {"errors": [{"status": 404, "title": "Not Found", "detail": "The resource could not be found.\n\n No resource provider with uuid 38d66108-1489-4783-bd7d-3651a004cbf1 found for delete ", "request_id": "req-aa1296fd-aeed-402e-8192-e9e92f747286"}]}
2026-07-07 04:50:54.768 9 INFO neutron.services.segments.plugin [-] Segment 38d66108-1489-4783-bd7d-3651a004cbf1 resource provider not found; error: Placement Client Error (4xx): {"errors": [{"status": 404, "title": "Not Found", "detail": "The resource could not be found.\n\n No resource provider with uuid 38d66108-1489-4783-bd7d-3651a004cbf1 found for delete ", "request_id": "req-69db04d4-cae2-4ff7-aa2c-bff19ab43724"}]}
2026-07-07 04:50:55.139 10 INFO neutron.services.segments.plugin [-] Segment 2134e21f-88ac-4eb3-b25e-239609f20d7c resource provider aggregate not found
2026-07-07 04:50:55.146 10 INFO neutron.services.segments.plugin [-] Segment 2134e21f-88ac-4eb3-b25e-239609f20d7c resource provider aggregate not found
2026-07-07 04:50:55.154 10 INFO neutron.services.segments.plugin [-] Segment 2134e21f-88ac-4eb3-b25e-239609f20d7c resource provider not found; error: Placement Client Error (4xx): {"errors": [{"status": 404, "title": "Not Found", "detail": "The resource could not be found.\n\n No resource provider with uuid 2134e21f-88ac-4eb3-b25e-239609f20d7c found for delete ", "request_id": "req-8032a222-acd2-409c-bbf6-bcc0fc8a038d"}]}
2026-07-07 04:50:55.158 10 INFO neutron.services.segments.plugin [-] Segment 2134e21f-88ac-4eb3-b25e-239609f20d7c resource provider not found; error: Placement Client Error (4xx): {"errors": [{"status": 404, "title": "Not Found", "detail": "The resource could not be found.\n\n No resource provider with uuid 2134e21f-88ac-4eb3-b25e-239609f20d7c found for delete ", "request_id": "req-91199d65-8059-4f12-a478-0eac066b167f"}]}
2026-07-07 04:50:55.539 9 INFO neutron.wsgi [None req-1e91277d-d1a7-490d-a5d5-e0d73619204f 1ca593f1ddd74c7eabab8676647af840 164fa6fa12f64f1fac166893e00fa288 - - default default] 10.0.0.19 "GET /v2.0/security-groups?tenant_id=61cfc0d4fc9a46be942bef03bf77112c&name=default HTTP/1.1" status: 200 len: 3000 time: 0.1790798
2026-07-07 04:50:55.722 9 INFO neutron.wsgi [None req-ab42ce4f-58cc-4365-9e5b-0947b1b32cbb 1ca593f1ddd74c7eabab8676647af840 164fa6fa12f64f1fac166893e00fa288 - - default default] 10.0.0.19 "DELETE /v2.0/security-groups/af98372a-c035-4de0-ae84-5b873e0becae HTTP/1.1" status: 204 len: 168 time: 0.1768131
2026-07-07 04:50:55.921 9 INFO neutron.db.ovn_revision_numbers_db [None req-c4b1df80-a794-4cbc-a9dc-804c46284300 1ca593f1ddd74c7eabab8676647af840 164fa6fa12f64f1fac166893e00fa288 - - default default] Successfully bumped revision number for resource d9f910c9-5f40-49e9-be9f-df360b0a50e4 (type: security_groups) to 1
2026-07-07 04:50:55.943 9 INFO neutron.db.ovn_revision_numbers_db [None req-c4b1df80-a794-4cbc-a9dc-804c46284300 1ca593f1ddd74c7eabab8676647af840 164fa6fa12f64f1fac166893e00fa288 - - default default] Successfully bumped revision number for resource 1ccc88ac-dd1f-47f8-ad40-d16388a6e2b4 (type: security_group_rules) to 0
2026-07-07 04:50:55.959 9 INFO neutron.db.ovn_revision_numbers_db [None req-c4b1df80-a794-4cbc-a9dc-804c46284300 1ca593f1ddd74c7eabab8676647af840 164fa6fa12f64f1fac166893e00fa288 - - default default] Successfully bumped revision number for resource 4f1d1159-ecfa-4259-9155-0cbc45cff3da (type: security_group_rules) to 0
2026-07-07 04:50:55.975 9 INFO neutron.db.ovn_revision_numbers_db [None req-c4b1df80-a794-4cbc-a9dc-804c46284300 1ca593f1ddd74c7eabab8676647af840 164fa6fa12f64f1fac166893e00fa288 - - default default] Successfully bumped revision number for resource d1d57a71-fe8f-41a9-8db5-1e377dcba285 (type: security_group_rules) to 0
2026-07-07 04:50:55.987 9 INFO neutron.db.ovn_revision_numbers_db [None req-c4b1df80-a794-4cbc-a9dc-804c46284300 1ca593f1ddd74c7eabab8676647af840 164fa6fa12f64f1fac166893e00fa288 - - default default] Successfully bumped revision number for resource d88fe31c-8688-4120-bb98-55307320bfca (type: security_group_rules) to 0
2026-07-07 04:50:56.007 9 INFO neutron.wsgi [None req-c4b1df80-a794-4cbc-a9dc-804c46284300 1ca593f1ddd74c7eabab8676647af840 164fa6fa12f64f1fac166893e00fa288 - - default default] 10.0.0.19 "GET /v2.0/security-groups?tenant_id=08b63a738d4b4d97a31a8755f502afdd&name=default HTTP/1.1" status: 200 len: 3000 time: 0.1980653
2026-07-07 04:50:56.195 10 INFO neutron.wsgi [None req-7e6d6872-095b-444c-aaff-7d3f2b0c9f6d 1ca593f1ddd74c7eabab8676647af840 164fa6fa12f64f1fac166893e00fa288 - - default default] 10.0.0.19 "DELETE /v2.0/security-groups/d9f910c9-5f40-49e9-be9f-df360b0a50e4 HTTP/1.1" status: 204 len: 168 time: 0.1815805
2026-07-07 04:50:56.435 9 INFO neutron.db.ovn_revision_numbers_db [None req-9599ce50-cb84-48da-bc0c-2d7af5de5495 1ca593f1ddd74c7eabab8676647af840 164fa6fa12f64f1fac166893e00fa288 - - default default] Successfully bumped revision number for resource 3501887f-328d-444d-8e27-d327643782bb (type: security_groups) to 1
2026-07-07 04:50:56.449 9 INFO neutron.db.ovn_revision_numbers_db [None req-9599ce50-cb84-48da-bc0c-2d7af5de5495 1ca593f1ddd74c7eabab8676647af840 164fa6fa12f64f1fac166893e00fa288 - - default default] Successfully bumped revision number for resource 47ff47c2-7828-42c5-969e-5bca48cb9af8 (type: security_group_rules) to 0
2026-07-07 04:50:56.468 9 INFO neutron.db.ovn_revision_numbers_db [None req-9599ce50-cb84-48da-bc0c-2d7af5de5495 1ca593f1ddd74c7eabab8676647af840 164fa6fa12f64f1fac166893e00fa288 - - default default] Successfully bumped revision number for resource 6132baef-3288-43dc-938c-4d42ee5727d4 (type: security_group_rules) to 0
2026-07-07 04:50:56.482 9 INFO neutron.db.ovn_revision_numbers_db [None req-9599ce50-cb84-48da-bc0c-2d7af5de5495 1ca593f1ddd74c7eabab8676647af840 164fa6fa12f64f1fac166893e00fa288 - - default default] Successfully bumped revision number for resource dfac30db-2edf-4f46-a28d-9c2c0ccb27d6 (type: security_group_rules) to 0
2026-07-07 04:50:56.497 9 INFO neutron.db.ovn_revision_numbers_db [None req-9599ce50-cb84-48da-bc0c-2d7af5de5495 1ca593f1ddd74c7eabab8676647af840 164fa6fa12f64f1fac166893e00fa288 - - default default] Successfully bumped revision number for resource e714c395-8c87-46bd-9d64-26c7047fdac3 (type: security_group_rules) to 0
2026-07-07 04:50:56.521 9 INFO neutron.wsgi [None req-9599ce50-cb84-48da-bc0c-2d7af5de5495 1ca593f1ddd74c7eabab8676647af840 164fa6fa12f64f1fac166893e00fa288 - - default default] 10.0.0.19 "GET /v2.0/security-groups?tenant_id=af4604767b7e434394268d1744e99bbc&name=default HTTP/1.1" status: 200 len: 3000 time: 0.1938114
2026-07-07 04:50:56.716 9 INFO neutron.wsgi [None req-79bc6c67-0d4b-48b0-9e0b-47deeb5eb82e 1ca593f1ddd74c7eabab8676647af840 164fa6fa12f64f1fac166893e00fa288 - - default default] 10.0.0.19 "DELETE /v2.0/security-groups/3501887f-328d-444d-8e27-d327643782bb HTTP/1.1" status: 204 len: 168 time: 0.1888070
2026-07-07 04:51:00.009 9 INFO neutron.wsgi [req-8bab82c3-f3b3-42e5-b86d-6331f31939a4 req-38c0fbbe-60e3-4468-b044-2c9254f2ca44 1ca593f1ddd74c7eabab8676647af840 164fa6fa12f64f1fac166893e00fa288 - - default default] 10.0.0.129 "GET /v2.0/security-groups?id=7fdd2f0b-ce30-48d4-a032-d547314c5a12&fields=id HTTP/1.1" status: 200 len: 267 time: 0.0352645
2026-07-07 04:51:00.075 9 INFO neutron.wsgi [req-8bab82c3-f3b3-42e5-b86d-6331f31939a4 req-604e36c7-5267-4c3d-b743-bfca9080c1b5 1ca593f1ddd74c7eabab8676647af840 164fa6fa12f64f1fac166893e00fa288 - - default default] 10.0.0.129 "GET /v2.0/networks?id=3b36a8c3-6e9a-498d-808f-f7b7434df32a HTTP/1.1" status: 200 len: 936 time: 0.0574892
2026-07-07 04:51:00.093 9 INFO neutron.wsgi [req-8bab82c3-f3b3-42e5-b86d-6331f31939a4 req-15ca4f38-f1b4-4f01-977a-395705af7067 1ca593f1ddd74c7eabab8676647af840 164fa6fa12f64f1fac166893e00fa288 - - default default] 10.0.0.129 "GET /v2.0/quotas/164fa6fa12f64f1fac166893e00fa288 HTTP/1.1" status: 200 len: 385 time: 0.0097628
2026-07-07 04:51:00.174 9 INFO neutron.wsgi [req-8bab82c3-f3b3-42e5-b86d-6331f31939a4 req-49656ffe-31e6-47e7-b278-b42b597570c7 1ca593f1ddd74c7eabab8676647af840 164fa6fa12f64f1fac166893e00fa288 - - default default] 10.0.0.129 "GET /v2.0/ports?tenant_id=164fa6fa12f64f1fac166893e00fa288&fields=id HTTP/1.1" status: 200 len: 348 time: 0.0747411
2026-07-07 04:51:00.248 9 INFO neutron.wsgi [req-8bab82c3-f3b3-42e5-b86d-6331f31939a4 req-4249e47b-2d58-4b28-b4ec-b7f58e2c73d7 3ea0a39635114086bda3cf1522cc0494 1f66e9477f4a452f96ebceff078cafb8 - - eba47cdcf001454d92b9bf2f241a4b09 eba47cdcf001454d92b9bf2f241a4b09] 10.0.0.129 "GET /v2.0/networks/3b36a8c3-6e9a-498d-808f-f7b7434df32a?fields=segments HTTP/1.1" status: 200 len: 212 time: 0.0631690
2026-07-07 04:51:00.331 9 INFO neutron.wsgi [req-8bab82c3-f3b3-42e5-b86d-6331f31939a4 req-85969f9c-999f-4aaa-9abc-88786aa08309 3ea0a39635114086bda3cf1522cc0494 1f66e9477f4a452f96ebceff078cafb8 - - eba47cdcf001454d92b9bf2f241a4b09 eba47cdcf001454d92b9bf2f241a4b09] 10.0.0.129 "GET /v2.0/networks/3b36a8c3-6e9a-498d-808f-f7b7434df32a?fields=provider%3Aphysical_network&fields=provider%3Anetwork_type HTTP/1.1" status: 200 len: 277 time: 0.0734270
2026-07-07 04:51:00.685 9 INFO neutron.wsgi [req-9acb51d6-3d4a-47df-96ad-f21aeb7d9420 req-58fd1333-ddc8-4328-9f1f-b942c9ffdf43 1ca593f1ddd74c7eabab8676647af840 164fa6fa12f64f1fac166893e00fa288 - - default default] 10.0.0.129 "GET /v2.0/ports?device_id=64810451-3b11-4369-93b1-b007bf07688e HTTP/1.1" status: 200 len: 210 time: 0.0188117
2026-07-07 04:51:00.755 9 INFO neutron.wsgi [req-532c3ecd-9717-4dac-ab53-c69bdff05355 req-d3d799f8-eb05-492d-973f-62ee7cb97e4a 1ca593f1ddd74c7eabab8676647af840 164fa6fa12f64f1fac166893e00fa288 - - default default] 10.0.0.129 "GET /v2.0/ports?device_id=64810451-3b11-4369-93b1-b007bf07688e HTTP/1.1" status: 200 len: 210 time: 0.0211477
2026-07-07 04:51:01.275 10 INFO neutron.db.ovn_revision_numbers_db [None req-1913752b-74c2-44a1-a89a-b044befb9a4f 302c52a680e34066b8f61bb792cb77ae db2c24c08c3645a0add9b2aeb1142b46 - - default default] Successfully bumped revision number for resource c7b48495-511e-4e33-ad9f-b6185c0b1089 (type: routers) to 1
2026-07-07 04:51:01.289 10 INFO neutron.wsgi [None req-1913752b-74c2-44a1-a89a-b044befb9a4f 302c52a680e34066b8f61bb792cb77ae db2c24c08c3645a0add9b2aeb1142b46 - - default default] 10.0.0.19 "POST /v2.0/routers HTTP/1.1" status: 201 len: 654 time: 0.3250189
2026-07-07 04:51:01.474 10 INFO neutron.db.ovn_revision_numbers_db [None req-61c35096-6764-4bfd-8caf-9488deeb2c6e 302c52a680e34066b8f61bb792cb77ae db2c24c08c3645a0add9b2aeb1142b46 - - default default] Successfully bumped revision number for resource 2b931fc6-1063-408f-bf2c-8f51e92ff802 (type: routers) to 1
2026-07-07 04:51:01.487 10 INFO neutron.wsgi [req-8bab82c3-f3b3-42e5-b86d-6331f31939a4 req-2d6acc55-670b-46fd-9e25-071067d12f1a 1ca593f1ddd74c7eabab8676647af840 164fa6fa12f64f1fac166893e00fa288 - - default default] 199.204.45.95 "GET /v2.0/networks?id=3b36a8c3-6e9a-498d-808f-f7b7434df32a HTTP/1.1" status: 200 len: 936 time: 0.0795772
2026-07-07 04:51:01.490 10 INFO neutron.wsgi [None req-61c35096-6764-4bfd-8caf-9488deeb2c6e 302c52a680e34066b8f61bb792cb77ae db2c24c08c3645a0add9b2aeb1142b46 - - default default] 10.0.0.19 "POST /v2.0/routers HTTP/1.1" status: 201 len: 654 time: 0.1946886
2026-07-07 04:51:01.536 10 INFO neutron.wsgi [req-8bab82c3-f3b3-42e5-b86d-6331f31939a4 req-f3aad582-b6e3-42ee-aabe-3a2d9671c676 1ca593f1ddd74c7eabab8676647af840 164fa6fa12f64f1fac166893e00fa288 - - default default] 199.204.45.95 "GET /v2.0/security-groups?fields=id&fields=name&tenant_id=164fa6fa12f64f1fac166893e00fa288 HTTP/1.1" status: 200 len: 542 time: 0.0456972
2026-07-07 04:51:01.686 10 INFO neutron.db.ovn_revision_numbers_db [None req-d48aee7f-f964-4075-93d3-0b84f03d806d 302c52a680e34066b8f61bb792cb77ae db2c24c08c3645a0add9b2aeb1142b46 - - default default] Successfully bumped revision number for resource 922077a1-5dfa-47dc-8315-d5abf1121ce7 (type: routers) to 1
2026-07-07 04:51:01.709 10 INFO neutron.wsgi [None req-d48aee7f-f964-4075-93d3-0b84f03d806d 302c52a680e34066b8f61bb792cb77ae db2c24c08c3645a0add9b2aeb1142b46 - - default default] 10.0.0.19 "POST /v2.0/routers HTTP/1.1" status: 201 len: 654 time: 0.2133589
2026-07-07 04:51:01.853 10 WARNING neutron.scheduler.dhcp_agent_scheduler [req-8bab82c3-f3b3-42e5-b86d-6331f31939a4 req-eb5b98b2-ce92-40a7-bbd4-3d195f4bfb80 1ca593f1ddd74c7eabab8676647af840 164fa6fa12f64f1fac166893e00fa288 - - default default] No more DHCP agents
2026-07-07 04:51:01.855 10 WARNING neutron.api.rpc.agentnotifiers.dhcp_rpc_agent_api [req-8bab82c3-f3b3-42e5-b86d-6331f31939a4 req-eb5b98b2-ce92-40a7-bbd4-3d195f4bfb80 1ca593f1ddd74c7eabab8676647af840 164fa6fa12f64f1fac166893e00fa288 - - default default] Unable to schedule network 3b36a8c3-6e9a-498d-808f-f7b7434df32a: no agents available; will retry on subsequent port and subnet creation events.
2026-07-07 04:51:01.948 9 INFO neutron.db.ovn_revision_numbers_db [None req-6e5ff4a2-dc24-41cc-9707-5f641df02181 302c52a680e34066b8f61bb792cb77ae db2c24c08c3645a0add9b2aeb1142b46 - - default default] Successfully bumped revision number for resource 6d460c4f-28a6-4408-be02-4c895a5fdae1 (type: routers) to 1
2026-07-07 04:51:01.962 9 INFO neutron.wsgi [None req-6e5ff4a2-dc24-41cc-9707-5f641df02181 302c52a680e34066b8f61bb792cb77ae db2c24c08c3645a0add9b2aeb1142b46 - - default default] 10.0.0.19 "POST /v2.0/routers HTTP/1.1" status: 201 len: 654 time: 0.2476847
2026-07-07 04:51:02.033 10 INFO neutron.db.ovn_revision_numbers_db [req-8bab82c3-f3b3-42e5-b86d-6331f31939a4 req-eb5b98b2-ce92-40a7-bbd4-3d195f4bfb80 1ca593f1ddd74c7eabab8676647af840 164fa6fa12f64f1fac166893e00fa288 - - default default] Successfully bumped revision number for resource 0ab8954f-5dfd-4627-984e-d998a11038f6 (type: ports) to 1
2026-07-07 04:51:02.053 10 INFO neutron.wsgi [req-8bab82c3-f3b3-42e5-b86d-6331f31939a4 req-eb5b98b2-ce92-40a7-bbd4-3d195f4bfb80 1ca593f1ddd74c7eabab8676647af840 164fa6fa12f64f1fac166893e00fa288 - - default default] 199.204.45.95 "POST /v2.0/ports HTTP/1.1" status: 201 len: 1287 time: 0.5124066 /var/lib/openstack/lib/python3.10/site-packages/pycadf/identifier.py:71: UserWarning: Invalid uuid: neutron. To ensure interoperability, identifiers should be a valid uuid. warnings.warn(('Invalid uuid: %s. To ensure interoperability, '
2026-07-07 04:51:02.133 9 INFO neutron.db.ovn_revision_numbers_db [None req-52aa286b-1a4b-41d4-8d94-33dfaced4f3e 302c52a680e34066b8f61bb792cb77ae db2c24c08c3645a0add9b2aeb1142b46 - - default default] Successfully bumped revision number for resource 506ea42e-cd9d-4a51-9e06-242cf0e8ef87 (type: routers) to 1
2026-07-07 04:51:02.146 9 INFO neutron.wsgi [None req-52aa286b-1a4b-41d4-8d94-33dfaced4f3e 302c52a680e34066b8f61bb792cb77ae db2c24c08c3645a0add9b2aeb1142b46 - - default default] 10.0.0.19 "POST /v2.0/routers HTTP/1.1" status: 201 len: 654 time: 0.1784754
2026-07-07 04:51:02.476 9 INFO neutron.wsgi [None req-7f2f3441-fbaf-4c8a-aa6e-491e3dfd50c1 302c52a680e34066b8f61bb792cb77ae db2c24c08c3645a0add9b2aeb1142b46 - - default default] 10.0.0.19 "PUT /v2.0/routers/c7b48495-511e-4e33-ad9f-b6185c0b1089/tags HTTP/1.1" status: 200 len: 210 time: 0.3231280
2026-07-07 04:51:02.487 10 INFO neutron.db.ovn_revision_numbers_db [req-8bab82c3-f3b3-42e5-b86d-6331f31939a4 req-4c032855-c28b-4715-adb9-4bc21e7da228 3ea0a39635114086bda3cf1522cc0494 1f66e9477f4a452f96ebceff078cafb8 - - eba47cdcf001454d92b9bf2f241a4b09 eba47cdcf001454d92b9bf2f241a4b09] Successfully bumped revision number for resource 0ab8954f-5dfd-4627-984e-d998a11038f6 (type: ports) to 2
2026-07-07 04:51:02.529 9 INFO neutron.wsgi [None req-c00c0d70-b317-434b-9a13-aadc2d1abed5 302c52a680e34066b8f61bb792cb77ae db2c24c08c3645a0add9b2aeb1142b46 - - default default] 10.0.0.19 "PUT /v2.0/routers/2b931fc6-1063-408f-bf2c-8f51e92ff802/tags HTTP/1.1" status: 200 len: 218 time: 0.0480905
2026-07-07 04:51:02.587 9 INFO neutron.wsgi [None req-656a7cad-c023-443b-8a52-3af8b249e3ca 302c52a680e34066b8f61bb792cb77ae db2c24c08c3645a0add9b2aeb1142b46 - - default default] 10.0.0.19 "PUT /v2.0/routers/922077a1-5dfa-47dc-8315-d5abf1121ce7/tags HTTP/1.1" status: 200 len: 227 time: 0.0533266
2026-07-07 04:51:02.648 9 INFO neutron.wsgi [None req-8c9aa1ec-19d4-40e0-b513-bfd9a1381952 302c52a680e34066b8f61bb792cb77ae db2c24c08c3645a0add9b2aeb1142b46 - - default default] 10.0.0.19 "PUT /v2.0/routers/6d460c4f-28a6-4408-be02-4c895a5fdae1/tags HTTP/1.1" status: 200 len: 212 time: 0.0533409
2026-07-07 04:51:02.701 10 INFO neutron.db.ovn_revision_numbers_db [req-8bab82c3-f3b3-42e5-b86d-6331f31939a4 req-4c032855-c28b-4715-adb9-4bc21e7da228 3ea0a39635114086bda3cf1522cc0494 1f66e9477f4a452f96ebceff078cafb8 - - eba47cdcf001454d92b9bf2f241a4b09 eba47cdcf001454d92b9bf2f241a4b09] Successfully bumped revision number for resource 0ab8954f-5dfd-4627-984e-d998a11038f6 (type: ports) to 2
2026-07-07 04:51:02.722 10 INFO neutron.wsgi [req-8bab82c3-f3b3-42e5-b86d-6331f31939a4 req-4c032855-c28b-4715-adb9-4bc21e7da228 3ea0a39635114086bda3cf1522cc0494 1f66e9477f4a452f96ebceff078cafb8 - - eba47cdcf001454d92b9bf2f241a4b09 eba47cdcf001454d92b9bf2f241a4b09] 199.204.45.95 "PUT /v2.0/ports/0ab8954f-5dfd-4627-984e-d998a11038f6 HTTP/1.1" status: 200 len: 1384 time: 0.6633401
2026-07-07 04:51:02.726 9 INFO neutron.wsgi [None req-ad34ddba-43a5-4728-9c69-b15f97936553 302c52a680e34066b8f61bb792cb77ae db2c24c08c3645a0add9b2aeb1142b46 - - default default] 10.0.0.19 "GET /v2.0/routers?tags=red HTTP/1.1" status: 200 len: 1601 time: 0.0692029 /var/lib/openstack/lib/python3.10/site-packages/pycadf/identifier.py:71: UserWarning: Invalid uuid: neutron. To ensure interoperability, identifiers should be a valid uuid. warnings.warn(('Invalid uuid: %s. To ensure interoperability, '
2026-07-07 04:51:02.768 10 INFO neutron.notifiers.nova [-] Nova event matching ['req-80338a7d-db03-4842-9071-6d661e613819'] response: {'name': 'network-changed', 'server_uuid': '64810451-3b11-4369-93b1-b007bf07688e', 'tag': '0ab8954f-5dfd-4627-984e-d998a11038f6', 'status': 'completed', 'code': 200}
2026-07-07 04:51:02.794 10 INFO neutron.wsgi [req-8bab82c3-f3b3-42e5-b86d-6331f31939a4 req-1ea0061f-66b2-4519-a58c-921886ed692a 3ea0a39635114086bda3cf1522cc0494 1f66e9477f4a452f96ebceff078cafb8 - - eba47cdcf001454d92b9bf2f241a4b09 eba47cdcf001454d92b9bf2f241a4b09] 199.204.45.95 "GET /v2.0/ports?tenant_id=164fa6fa12f64f1fac166893e00fa288&device_id=64810451-3b11-4369-93b1-b007bf07688e HTTP/1.1" status: 200 len: 1415 time: 0.0382662
2026-07-07 04:51:02.797 9 INFO neutron.wsgi [None req-2a356f70-2eb4-4455-bd14-6034fb01f111 302c52a680e34066b8f61bb792cb77ae db2c24c08c3645a0add9b2aeb1142b46 - - default default] 10.0.0.19 "GET /v2.0/routers?tags=red%2Cblue HTTP/1.1" status: 200 len: 1144 time: 0.0672097
2026-07-07 04:51:02.833 10 INFO neutron.wsgi [req-8bab82c3-f3b3-42e5-b86d-6331f31939a4 req-f283dc90-4653-4c7e-b5a7-b8a0a9b218cb 3ea0a39635114086bda3cf1522cc0494 1f66e9477f4a452f96ebceff078cafb8 - - eba47cdcf001454d92b9bf2f241a4b09 eba47cdcf001454d92b9bf2f241a4b09] 199.204.45.95 "GET /v2.0/floatingips?fixed_ip_address=172.24.0.130&port_id=0ab8954f-5dfd-4627-984e-d998a11038f6 HTTP/1.1" status: 200 len: 217 time: 0.0279505
2026-07-07 04:51:02.881 9 INFO neutron.wsgi [None req-569704bd-4c5d-4489-95d9-5a2fc7bb7c70 302c52a680e34066b8f61bb792cb77ae db2c24c08c3645a0add9b2aeb1142b46 - - default default] 10.0.0.19 "GET /v2.0/routers?tags-any=blue HTTP/1.1" status: 200 len: 1144 time: 0.0738659
2026-07-07 04:51:02.884 10 INFO neutron.wsgi [req-8bab82c3-f3b3-42e5-b86d-6331f31939a4 req-6cb24392-4ee0-4231-8c7e-5917c723f58c 3ea0a39635114086bda3cf1522cc0494 1f66e9477f4a452f96ebceff078cafb8 - - eba47cdcf001454d92b9bf2f241a4b09 eba47cdcf001454d92b9bf2f241a4b09] 199.204.45.95 "GET /v2.0/subnets?id=9012645b-5ac0-465b-bc7e-52da47f4e043 HTTP/1.1" status: 200 len: 829 time: 0.0418506
2026-07-07 04:51:02.913 10 INFO neutron.wsgi [req-8bab82c3-f3b3-42e5-b86d-6331f31939a4 req-e8ecb553-1c4a-4672-bc51-ef897ac1432a 3ea0a39635114086bda3cf1522cc0494 1f66e9477f4a452f96ebceff078cafb8 - - eba47cdcf001454d92b9bf2f241a4b09 eba47cdcf001454d92b9bf2f241a4b09] 199.204.45.95 "GET /v2.0/ports?network_id=3b36a8c3-6e9a-498d-808f-f7b7434df32a&device_owner=network%3Adhcp HTTP/1.1" status: 200 len: 210 time: 0.0217414
2026-07-07 04:51:02.952 9 INFO neutron.wsgi [None req-b2e46d54-d30e-4426-b9fc-fd30badc3a70 302c52a680e34066b8f61bb792cb77ae db2c24c08c3645a0add9b2aeb1142b46 - - default default] 10.0.0.19 "GET /v2.0/routers?tags-any=red%2Cblue HTTP/1.1" status: 200 len: 1601 time: 0.0640445
2026-07-07 04:51:02.972 9 INFO neutron.wsgi [req-ce3b0a58-2954-4f66-b188-26b37e2c20b2 req-14c4db73-c745-4ee5-a41c-2b068676d624 1ca593f1ddd74c7eabab8676647af840 164fa6fa12f64f1fac166893e00fa288 - - default default] 10.0.0.129 "GET /v2.0/ports?device_id=64810451-3b11-4369-93b1-b007bf07688e HTTP/1.1" status: 200 len: 1415 time: 0.0582161
2026-07-07 04:51:02.989 10 INFO neutron.wsgi [req-8bab82c3-f3b3-42e5-b86d-6331f31939a4 req-892c96d6-54bd-4c2c-bfdd-f0f28bfe68d5 3ea0a39635114086bda3cf1522cc0494 1f66e9477f4a452f96ebceff078cafb8 - - eba47cdcf001454d92b9bf2f241a4b09 eba47cdcf001454d92b9bf2f241a4b09] 199.204.45.95 "GET /v2.0/networks/3b36a8c3-6e9a-498d-808f-f7b7434df32a?fields=segments HTTP/1.1" status: 200 len: 212 time: 0.0685527
2026-07-07 04:51:03.031 9 INFO neutron.wsgi [None req-045c419c-8a54-4aa8-b3c7-f990aa609570 302c52a680e34066b8f61bb792cb77ae db2c24c08c3645a0add9b2aeb1142b46 - - default default] 10.0.0.19 "GET /v2.0/routers?not-tags=red HTTP/1.1" status: 200 len: 1116 time: 0.0743139
2026-07-07 04:51:03.045 9 INFO neutron.wsgi [req-ce3b0a58-2954-4f66-b188-26b37e2c20b2 req-3efddbf2-478d-44ee-93ef-650c21418817 1ca593f1ddd74c7eabab8676647af840 164fa6fa12f64f1fac166893e00fa288 - - default default] 10.0.0.129 "GET /v2.0/security-groups?id=7fdd2f0b-ce30-48d4-a032-d547314c5a12&fields=id&fields=name HTTP/1.1" status: 200 len: 294 time: 0.0595043
2026-07-07 04:51:03.125 10 INFO neutron.wsgi [None req-97630a4a-b1f3-460f-9c41-d534725f8c71 302c52a680e34066b8f61bb792cb77ae db2c24c08c3645a0add9b2aeb1142b46 - - default default] 10.0.0.19 "GET /v2.0/routers?not-tags=red%2Cblue HTTP/1.1" status: 200 len: 1573 time: 0.0893722
2026-07-07 04:51:03.127 10 INFO neutron.wsgi [req-8bab82c3-f3b3-42e5-b86d-6331f31939a4 req-c42977df-0e06-463e-af51-2c259b58ddbd 3ea0a39635114086bda3cf1522cc0494 1f66e9477f4a452f96ebceff078cafb8 - - eba47cdcf001454d92b9bf2f241a4b09 eba47cdcf001454d92b9bf2f241a4b09] 199.204.45.95 "GET /v2.0/networks/3b36a8c3-6e9a-498d-808f-f7b7434df32a?fields=provider%3Aphysical_network&fields=provider%3Anetwork_type HTTP/1.1" status: 200 len: 277 time: 0.1324031
2026-07-07 04:51:03.170 9 INFO neutron.wsgi [req-d0fe65bc-4e1e-4965-9140-06baf9320332 req-eb3972ce-79eb-47bc-9c61-16665690291b 1ca593f1ddd74c7eabab8676647af840 164fa6fa12f64f1fac166893e00fa288 - - default default] 10.0.0.129 "GET /v2.0/ports?device_id=64810451-3b11-4369-93b1-b007bf07688e HTTP/1.1" status: 200 len: 1415 time: 0.0361021
2026-07-07 04:51:03.239 10 INFO neutron.wsgi [None req-05a6734e-0989-4570-8ce5-a45a5b7fe8a6 302c52a680e34066b8f61bb792cb77ae db2c24c08c3645a0add9b2aeb1142b46 - - default default] 10.0.0.19 "GET /v2.0/routers?not-tags-any=blue HTTP/1.1" status: 200 len: 1573 time: 0.1091740
2026-07-07 04:51:03.251 10 INFO neutron.wsgi [req-3e44938e-b833-422e-a3ed-640f08534176 req-533d0215-41ee-42e8-99e6-cc7600109d88 3ea0a39635114086bda3cf1522cc0494 1f66e9477f4a452f96ebceff078cafb8 - - eba47cdcf001454d92b9bf2f241a4b09 eba47cdcf001454d92b9bf2f241a4b09] 199.204.45.95 "GET /v2.0/ports?tenant_id=164fa6fa12f64f1fac166893e00fa288&device_id=64810451-3b11-4369-93b1-b007bf07688e HTTP/1.1" status: 200 len: 1415 time: 0.0529275
2026-07-07 04:51:03.313 10 INFO neutron.wsgi [req-3e44938e-b833-422e-a3ed-640f08534176 req-92eca07f-c89e-4a8f-8b90-ad3db83ba32b 3ea0a39635114086bda3cf1522cc0494 1f66e9477f4a452f96ebceff078cafb8 - - eba47cdcf001454d92b9bf2f241a4b09 eba47cdcf001454d92b9bf2f241a4b09] 199.204.45.95 "GET /v2.0/networks?id=3b36a8c3-6e9a-498d-808f-f7b7434df32a HTTP/1.1" status: 200 len: 936 time: 0.0574377
2026-07-07 04:51:03.318 9 INFO neutron.wsgi [None req-5ce60670-bc6f-42ce-813b-c829903c9eb9 302c52a680e34066b8f61bb792cb77ae db2c24c08c3645a0add9b2aeb1142b46 - - default default] 10.0.0.19 "GET /v2.0/routers?not-tags-any=red%2Cblue HTTP/1.1" status: 200 len: 1116 time: 0.0715363
2026-07-07 04:51:03.343 10 INFO neutron.wsgi [req-3e44938e-b833-422e-a3ed-640f08534176 req-39cb7d4d-d9e8-4638-9bd9-b34f86094136 3ea0a39635114086bda3cf1522cc0494 1f66e9477f4a452f96ebceff078cafb8 - - eba47cdcf001454d92b9bf2f241a4b09 eba47cdcf001454d92b9bf2f241a4b09] 199.204.45.95 "GET /v2.0/floatingips?fixed_ip_address=172.24.0.130&port_id=0ab8954f-5dfd-4627-984e-d998a11038f6 HTTP/1.1" status: 200 len: 217 time: 0.0225720
2026-07-07 04:51:03.373 9 INFO neutron.wsgi [None req-1e2dabb8-e43d-47e2-b0d7-c965170f60ba 302c52a680e34066b8f61bb792cb77ae db2c24c08c3645a0add9b2aeb1142b46 - - default default] 10.0.0.19 "GET /v2.0/routers/c7b48495-511e-4e33-ad9f-b6185c0b1089 HTTP/1.1" status: 200 len: 660 time: 0.0442085
2026-07-07 04:51:03.398 10 INFO neutron.wsgi [req-3e44938e-b833-422e-a3ed-640f08534176 req-5d7b50f0-bbe0-4020-ae70-d309e3e69e41 3ea0a39635114086bda3cf1522cc0494 1f66e9477f4a452f96ebceff078cafb8 - - eba47cdcf001454d92b9bf2f241a4b09 eba47cdcf001454d92b9bf2f241a4b09] 199.204.45.95 "GET /v2.0/subnets?id=9012645b-5ac0-465b-bc7e-52da47f4e043 HTTP/1.1" status: 200 len: 829 time: 0.0498266
2026-07-07 04:51:03.427 10 INFO neutron.wsgi [req-3e44938e-b833-422e-a3ed-640f08534176 req-d9d927c8-a36d-4b3f-ad04-ff89e717b78d 3ea0a39635114086bda3cf1522cc0494 1f66e9477f4a452f96ebceff078cafb8 - - eba47cdcf001454d92b9bf2f241a4b09 eba47cdcf001454d92b9bf2f241a4b09] 199.204.45.95 "GET /v2.0/ports?network_id=3b36a8c3-6e9a-498d-808f-f7b7434df32a&device_owner=network%3Adhcp HTTP/1.1" status: 200 len: 210 time: 0.0231159
2026-07-07 04:51:03.491 10 INFO neutron.wsgi [req-3e44938e-b833-422e-a3ed-640f08534176 req-63e758e8-b144-42d0-8223-12b4a9e952e7 3ea0a39635114086bda3cf1522cc0494 1f66e9477f4a452f96ebceff078cafb8 - - eba47cdcf001454d92b9bf2f241a4b09 eba47cdcf001454d92b9bf2f241a4b09] 199.204.45.95 "GET /v2.0/networks/3b36a8c3-6e9a-498d-808f-f7b7434df32a?fields=segments HTTP/1.1" status: 200 len: 212 time: 0.0589757
2026-07-07 04:51:03.498 9 INFO neutron.wsgi [req-b43e22e0-6b30-4801-a449-5b0dc8baa669 req-95d86e0a-6cfe-4c1f-87b8-955f4a84b018 3ea0a39635114086bda3cf1522cc0494 1f66e9477f4a452f96ebceff078cafb8 - - eba47cdcf001454d92b9bf2f241a4b09 eba47cdcf001454d92b9bf2f241a4b09] 199.204.45.95 "GET /v2.0/ports?device_id=64810451-3b11-4369-93b1-b007bf07688e HTTP/1.1" status: 200 len: 1415 time: 0.0504849
2026-07-07 04:51:03.570 10 INFO neutron.wsgi [req-3e44938e-b833-422e-a3ed-640f08534176 req-c2a61d18-617b-4a07-9f3f-73d4954001bc 3ea0a39635114086bda3cf1522cc0494 1f66e9477f4a452f96ebceff078cafb8 - - eba47cdcf001454d92b9bf2f241a4b09 eba47cdcf001454d92b9bf2f241a4b09] 199.204.45.95 "GET /v2.0/networks/3b36a8c3-6e9a-498d-808f-f7b7434df32a?fields=provider%3Aphysical_network&fields=provider%3Anetwork_type HTTP/1.1" status: 200 len: 277 time: 0.0657396
2026-07-07 04:51:03.592 9 INFO neutron.wsgi [req-b43e22e0-6b30-4801-a449-5b0dc8baa669 req-f2260d8d-b53d-4ef1-b2ef-de58feedd485 3ea0a39635114086bda3cf1522cc0494 1f66e9477f4a452f96ebceff078cafb8 - - eba47cdcf001454d92b9bf2f241a4b09 eba47cdcf001454d92b9bf2f241a4b09] 199.204.45.95 "GET /v2.0/security-groups?id=7fdd2f0b-ce30-48d4-a032-d547314c5a12&fields=id&fields=name HTTP/1.1" status: 200 len: 294 time: 0.0817530
2026-07-07 04:51:03.714 10 INFO neutron.plugins.ml2.drivers.ovn.mech_driver.mech_driver [None req-bd58489d-bbb0-4062-a0f1-0a7f46828024 - - - - - -] OVN reports status up for port: 0ab8954f-5dfd-4627-984e-d998a11038f6
2026-07-07 04:51:03.740 9 INFO neutron.wsgi [req-4a969b7f-c179-440b-96f0-a9cf5175906c req-9d75c25a-6420-4d4b-b224-778c45fb8f5e 3ea0a39635114086bda3cf1522cc0494 1f66e9477f4a452f96ebceff078cafb8 - - eba47cdcf001454d92b9bf2f241a4b09 eba47cdcf001454d92b9bf2f241a4b09] 199.204.45.95 "GET /v2.0/ports?device_id=750cbdf1-fbfb-45bb-8869-c1711ab52f69&fields=binding%3Ahost_id&fields=binding%3Avif_type HTTP/1.1" status: 200 len: 265 time: 0.0554605
2026-07-07 04:51:03.767 10 INFO neutron.plugins.ml2.plugin [None req-bd58489d-bbb0-4062-a0f1-0a7f46828024 - - - - - -] Attempt 1 to provision port 0ab8954f-5dfd-4627-984e-d998a11038f6
2026-07-07 04:51:03.860 9 INFO neutron.wsgi [req-4a969b7f-c179-440b-96f0-a9cf5175906c req-6dd558cc-7610-4956-aa1d-dc7a8604f419 3ea0a39635114086bda3cf1522cc0494 1f66e9477f4a452f96ebceff078cafb8 - - eba47cdcf001454d92b9bf2f241a4b09 eba47cdcf001454d92b9bf2f241a4b09] 199.204.45.95 "GET /v2.0/ports?tenant_id=74d31879eaf849daa66e2287d7953d08&device_id=750cbdf1-fbfb-45bb-8869-c1711ab52f69 HTTP/1.1" status: 200 len: 1630 time: 0.0611496
2026-07-07 04:51:04.079 10 INFO neutron.db.ovn_revision_numbers_db [None req-bd58489d-bbb0-4062-a0f1-0a7f46828024 - - - - - -] Successfully bumped revision number for resource 0ab8954f-5dfd-4627-984e-d998a11038f6 (type: ports) to 4
2026-07-07 04:51:04.193 9 INFO neutron.wsgi [req-4a969b7f-c179-440b-96f0-a9cf5175906c req-b9bcf74c-b7b1-4c66-98b3-40841ae4e67b 3ea0a39635114086bda3cf1522cc0494 1f66e9477f4a452f96ebceff078cafb8 - - eba47cdcf001454d92b9bf2f241a4b09 eba47cdcf001454d92b9bf2f241a4b09] 199.204.45.95 "GET /v2.0/networks?id=17516e9f-bc28-4f04-ba02-ed59f669572e HTTP/1.1" status: 200 len: 1003 time: 0.3061330
2026-07-07 04:51:04.224 9 INFO neutron.db.ovn_revision_numbers_db [None req-4a9e4086-d2b6-4ba9-833d-97452d13d45a 302c52a680e34066b8f61bb792cb77ae db2c24c08c3645a0add9b2aeb1142b46 - - default default] Successfully bumped revision number for resource c7b48495-511e-4e33-ad9f-b6185c0b1089 (type: routers) to 2
2026-07-07 04:51:04.227 9 INFO neutron.wsgi [None req-4a9e4086-d2b6-4ba9-833d-97452d13d45a 302c52a680e34066b8f61bb792cb77ae db2c24c08c3645a0add9b2aeb1142b46 - - default default] 10.0.0.19 "PUT /v2.0/routers/c7b48495-511e-4e33-ad9f-b6185c0b1089 HTTP/1.1" status: 200 len: 660 time: 0.8475583
2026-07-07 04:51:04.246 9 INFO neutron.wsgi [req-4a969b7f-c179-440b-96f0-a9cf5175906c req-1a4cef25-ab7b-4272-9318-950c4184d2c0 3ea0a39635114086bda3cf1522cc0494 1f66e9477f4a452f96ebceff078cafb8 - - eba47cdcf001454d92b9bf2f241a4b09 eba47cdcf001454d92b9bf2f241a4b09] 199.204.45.95 "GET /v2.0/floatingips?fixed_ip_address=10.2.1.41&port_id=f59caf7a-2f49-43ee-963c-167793d3b2b7 HTTP/1.1" status: 200 len: 1058 time: 0.0468731
2026-07-07 04:51:04.252 9 INFO neutron.wsgi [None req-6cbdda4a-f4e2-40e1-8eda-02ce8919bf5f 302c52a680e34066b8f61bb792cb77ae db2c24c08c3645a0add9b2aeb1142b46 - - default default] 10.0.0.19 "GET /v2.0/ports?device_id=c7b48495-511e-4e33-ad9f-b6185c0b1089 HTTP/1.1" status: 200 len: 205 time: 0.0203421
2026-07-07 04:51:04.272 9 INFO neutron.wsgi [req-4a969b7f-c179-440b-96f0-a9cf5175906c req-72771aa8-6f2c-445f-8b85-102af9876305 3ea0a39635114086bda3cf1522cc0494 1f66e9477f4a452f96ebceff078cafb8 - - eba47cdcf001454d92b9bf2f241a4b09 eba47cdcf001454d92b9bf2f241a4b09] 199.204.45.95 "GET /v2.0/floatingips?fixed_ip_address=fd7b%3Af9f7%3Afff%3A4eca%3A%3A3b&port_id=f59caf7a-2f49-43ee-963c-167793d3b2b7 HTTP/1.1" status: 200 len: 217 time: 0.0191112
2026-07-07 04:51:04.338 9 INFO neutron.wsgi [req-4a969b7f-c179-440b-96f0-a9cf5175906c req-9f22498c-0f8f-4e2e-bff6-ccb18b07abf8 3ea0a39635114086bda3cf1522cc0494 1f66e9477f4a452f96ebceff078cafb8 - - eba47cdcf001454d92b9bf2f241a4b09 eba47cdcf001454d92b9bf2f241a4b09] 199.204.45.95 "GET /v2.0/subnets?id=c09f8264-fc61-4aca-9a4d-fab88874a0d1&id=059be439-69db-4347-afbb-29827b0a3f40 HTTP/1.1" status: 200 len: 1561 time: 0.0548222
2026-07-07 04:51:04.388 9 INFO neutron.wsgi [req-4a969b7f-c179-440b-96f0-a9cf5175906c req-fd838aad-1e9c-424c-9a83-9cb185aed331 3ea0a39635114086bda3cf1522cc0494 1f66e9477f4a452f96ebceff078cafb8 - - eba47cdcf001454d92b9bf2f241a4b09 eba47cdcf001454d92b9bf2f241a4b09] 199.204.45.95 "GET /v2.0/ports?network_id=17516e9f-bc28-4f04-ba02-ed59f669572e&device_owner=network%3Adhcp HTTP/1.1" status: 200 len: 210 time: 0.0338583
