2026-07-07 04:42:10.763 10 INFO neutron.wsgi [None req-1efa8eed-d0d9-4c96-9504-c23b25885f7b 1ca593f1ddd74c7eabab8676647af840 164fa6fa12f64f1fac166893e00fa288 - - default default] 10.0.0.119 "GET /v2.0/security-groups HTTP/1.1" status: 200 len: 16799 time: 0.1009538
2026-07-07 04:42:10.793 10 INFO neutron.wsgi [None req-e08dc586-2303-44c5-a931-dca68408fc26 1ca593f1ddd74c7eabab8676647af840 164fa6fa12f64f1fac166893e00fa288 - - default default] 10.0.0.119 "GET /v2.0/routers HTTP/1.1" status: 200 len: 189 time: 0.0215495
2026-07-07 04:42:10.801 10 INFO neutron.wsgi [None req-89605a94-fcd9-428c-a049-da6fcde56d96 1ca593f1ddd74c7eabab8676647af840 164fa6fa12f64f1fac166893e00fa288 - - default default] 10.0.0.119 "GET /v2.0/agents?binary=ovn-controller HTTP/1.1" status: 200 len: 591 time: 0.0079777
2026-07-07 04:42:10.827 10 INFO neutron.wsgi [None req-fc5cb226-535d-4399-a650-fb918af5a4b9 1ca593f1ddd74c7eabab8676647af840 164fa6fa12f64f1fac166893e00fa288 - - default default] 10.0.0.119 "GET /v2.0/subnets HTTP/1.1" status: 200 len: 1437 time: 0.0249600
2026-07-07 04:42:10.879 10 INFO neutron.wsgi [None req-0bac8268-652e-42ab-b881-7b66a46d078c 1ca593f1ddd74c7eabab8676647af840 164fa6fa12f64f1fac166893e00fa288 - - default default] 10.0.0.119 "GET /v2.0/subnets HTTP/1.1" status: 200 len: 1437 time: 0.0502927
2026-07-07 04:42:10.889 10 INFO neutron.wsgi [None req-be173a06-31f3-469e-a07c-77d37cf2edb5 1ca593f1ddd74c7eabab8676647af840 164fa6fa12f64f1fac166893e00fa288 - - default default] 10.0.0.119 "GET /v2.0/subnetpools HTTP/1.1" status: 200 len: 193 time: 0.0098567
2026-07-07 04:42:10.898 10 INFO neutron.wsgi [None req-0513b46a-3ed6-4616-b89b-69764d811d8a 1ca593f1ddd74c7eabab8676647af840 164fa6fa12f64f1fac166893e00fa288 - - default default] 10.0.0.119 "GET /v2.0/network-ip-availabilities HTTP/1.1" status: 200 len: 1280 time: 0.0078375
2026-07-07 04:42:10.917 10 INFO neutron.wsgi [None req-5af5233e-b76a-434d-8d7b-5b92af9b4566 1ca593f1ddd74c7eabab8676647af840 164fa6fa12f64f1fac166893e00fa288 - - default default] 10.0.0.119 "GET /v2.0/floatingips HTTP/1.1" status: 200 len: 193 time: 0.0181541
2026-07-07 04:42:10.947 10 INFO neutron.wsgi [None req-5d1ee47a-0d8c-4df4-a601-50e6abd00f5e 1ca593f1ddd74c7eabab8676647af840 164fa6fa12f64f1fac166893e00fa288 - - default default] 10.0.0.119 "GET /v2.0/ports HTTP/1.1" status: 200 len: 5347 time: 0.0290747
2026-07-07 04:42:20.890 9 INFO neutron.wsgi [-] 10.0.0.39 "GET / HTTP/1.1" status: 200 len: 247 time: 0.0019045
2026-07-07 04:42:20.894 9 INFO neutron.wsgi [-] 10.0.0.39 "GET / HTTP/1.1" status: 200 len: 247 time: 0.0036719
2026-07-07 04:42:35.889 10 INFO neutron.wsgi [-] 10.0.0.39 "GET / HTTP/1.1" status: 200 len: 247 time: 0.0023320
2026-07-07 04:42:35.890 9 INFO neutron.wsgi [-] 10.0.0.39 "GET / HTTP/1.1" status: 200 len: 247 time: 0.0026600
2026-07-07 04:42:47.094 10 INFO neutron.wsgi [None req-7101f8f1-a3d5-4f3f-8e2c-9dcc2d915755 1ca593f1ddd74c7eabab8676647af840 164fa6fa12f64f1fac166893e00fa288 - - default default] 199.204.45.95,10.0.0.39 "GET /v2.0/networks HTTP/1.1" status: 200 len: 2349 time: 0.1278534
2026-07-07 04:42:47.996 10 INFO neutron.wsgi [None req-c1af625f-c85f-4397-9825-eefb2cdb291f 1ca593f1ddd74c7eabab8676647af840 164fa6fa12f64f1fac166893e00fa288 - - default default] 199.204.45.95,10.0.0.39 "GET /v2.0/subnets HTTP/1.1" status: 200 len: 1437 time: 0.0722439
2026-07-07 04:42:48.062 10 INFO neutron.wsgi [None req-2922afd6-73a1-44fe-b846-931294f30d54 1ca593f1ddd74c7eabab8676647af840 164fa6fa12f64f1fac166893e00fa288 - - default default] 199.204.45.95,10.0.0.39 "GET /v2.0/networks HTTP/1.1" status: 200 len: 2349 time: 0.0586996
2026-07-07 04:42:49.087 10 INFO neutron.wsgi [None req-bd28aeeb-85a9-43ff-bf98-b47d7241a042 1ca593f1ddd74c7eabab8676647af840 164fa6fa12f64f1fac166893e00fa288 - - default default] 199.204.45.95,10.0.0.39 "GET /v2.0/security-groups?tenant_id=164fa6fa12f64f1fac166893e00fa288 HTTP/1.1" status: 200 len: 10157 time: 0.0838137
2026-07-07 04:42:50.103 10 INFO neutron.wsgi [None req-67cf3447-b87c-44d5-9bcd-83fceb79cc3a 1ca593f1ddd74c7eabab8676647af840 164fa6fa12f64f1fac166893e00fa288 - - default default] 199.204.45.95,10.0.0.39 "GET /v2.0/security-groups?tenant_id=164fa6fa12f64f1fac166893e00fa288 HTTP/1.1" status: 200 len: 10157 time: 0.0751987
2026-07-07 04:42:50.891 10 INFO neutron.wsgi [-] 10.0.0.39 "GET / HTTP/1.1" status: 200 len: 247 time: 0.0027635
2026-07-07 04:42:50.891 9 INFO neutron.wsgi [-] 10.0.0.39 "GET / HTTP/1.1" status: 200 len: 247 time: 0.0039384
2026-07-07 04:42:50.958 10 INFO neutron.wsgi [None req-d0aebbef-37a1-4b4a-be32-a2f46aeece81 1ca593f1ddd74c7eabab8676647af840 164fa6fa12f64f1fac166893e00fa288 - - default default] 199.204.45.95,10.0.0.39 "GET /v2.0/security-groups?tenant_id=164fa6fa12f64f1fac166893e00fa288 HTTP/1.1" status: 200 len: 10157 time: 0.0937846
2026-07-07 04:42:51.833 9 INFO neutron.wsgi [None req-9e62c51e-d8ed-433f-b443-829df35c192b 1ca593f1ddd74c7eabab8676647af840 164fa6fa12f64f1fac166893e00fa288 - - default default] 199.204.45.95,10.0.0.39 "GET /v2.0/security-groups?tenant_id=164fa6fa12f64f1fac166893e00fa288 HTTP/1.1" status: 200 len: 10157 time: 0.0883114
2026-07-07 04:42:52.676 9 INFO neutron.wsgi [None req-181c39b8-ab23-4056-8a5a-afae74d8f419 1ca593f1ddd74c7eabab8676647af840 164fa6fa12f64f1fac166893e00fa288 - - default default] 199.204.45.95,10.0.0.39 "GET /v2.0/security-groups?tenant_id=164fa6fa12f64f1fac166893e00fa288 HTTP/1.1" status: 200 len: 10157 time: 0.0896425
2026-07-07 04:42:53.562 10 INFO neutron.wsgi [None req-0c40997b-7432-434b-9a68-8a1ee48af4f1 1ca593f1ddd74c7eabab8676647af840 164fa6fa12f64f1fac166893e00fa288 - - default default] 199.204.45.95,10.0.0.39 "GET /v2.0/security-groups?tenant_id=164fa6fa12f64f1fac166893e00fa288 HTTP/1.1" status: 200 len: 10157 time: 0.0817630
2026-07-07 04:42:54.644 9 INFO neutron.wsgi [None req-cf068f4e-ee42-41c6-a1a0-1a0980891b60 1ca593f1ddd74c7eabab8676647af840 164fa6fa12f64f1fac166893e00fa288 - - default default] 199.204.45.95,10.0.0.39 "GET /v2.0/security-groups HTTP/1.1" status: 200 len: 16799 time: 0.0836499
2026-07-07 04:42:54.720 9 INFO neutron.wsgi [None req-1e0c3632-0502-4d1d-b04b-5c18722cb8da 1ca593f1ddd74c7eabab8676647af840 164fa6fa12f64f1fac166893e00fa288 - - default default] 199.204.45.95,10.0.0.39 "GET /v2.0/ports HTTP/1.1" status: 200 len: 5347 time: 0.0667150
2026-07-07 04:43:00.938 10 INFO neutron.pecan_wsgi.hooks.translation [None req-1be3cf40-a289-4704-84d7-89a9f367a1ff 1ca593f1ddd74c7eabab8676647af840 164fa6fa12f64f1fac166893e00fa288 - - default default] GET failed (client error): The resource could not be found.
2026-07-07 04:43:00.939 10 INFO neutron.wsgi [None req-1be3cf40-a289-4704-84d7-89a9f367a1ff 1ca593f1ddd74c7eabab8676647af840 164fa6fa12f64f1fac166893e00fa288 - - default default] 199.204.45.95,10.0.0.39 "GET /v2.0/ports/octavia-health-manager-port-instance HTTP/1.1" status: 404 len: 314 time: 0.0688615
2026-07-07 04:43:00.977 10 INFO neutron.wsgi [None req-002fabed-99c6-423a-9d4e-ee9787ec87c1 1ca593f1ddd74c7eabab8676647af840 164fa6fa12f64f1fac166893e00fa288 - - default default] 199.204.45.95,10.0.0.39 "GET /v2.0/ports?name=octavia-health-manager-port-instance HTTP/1.1" status: 200 len: 1395 time: 0.0333707
2026-07-07 04:43:02.358 9 INFO neutron.wsgi [None req-40d270af-834d-453e-be46-6f80e0d90d14 1ca593f1ddd74c7eabab8676647af840 164fa6fa12f64f1fac166893e00fa288 - - default default] 199.204.45.95,10.0.0.39 "GET /v2.0/ports HTTP/1.1" status: 200 len: 5347 time: 0.0771809
2026-07-07 04:43:03.336 10 INFO neutron.wsgi [None req-75813aee-9931-4a96-9121-865665f2f469 1ca593f1ddd74c7eabab8676647af840 164fa6fa12f64f1fac166893e00fa288 - - default default] 199.204.45.95,10.0.0.39 "GET /v2.0/security-groups?tenant_id=164fa6fa12f64f1fac166893e00fa288 HTTP/1.1" status: 200 len: 10157 time: 0.0864859
2026-07-07 04:43:04.226 10 INFO neutron.wsgi [None req-2a1545eb-868b-4cd8-afe8-086a18ef8fd0 1ca593f1ddd74c7eabab8676647af840 164fa6fa12f64f1fac166893e00fa288 - - default default] 199.204.45.95,10.0.0.39 "GET /v2.0/security-groups?tenant_id=164fa6fa12f64f1fac166893e00fa288 HTTP/1.1" status: 200 len: 10157 time: 0.0647540
2026-07-07 04:43:05.079 10 INFO neutron.wsgi [None req-6db25661-e5e4-4acd-b46c-f8ef5f8e75c1 1ca593f1ddd74c7eabab8676647af840 164fa6fa12f64f1fac166893e00fa288 - - default default] 199.204.45.95,10.0.0.39 "GET /v2.0/security-groups?tenant_id=164fa6fa12f64f1fac166893e00fa288 HTTP/1.1" status: 200 len: 10157 time: 0.0874584
2026-07-07 04:43:05.889 9 INFO neutron.wsgi [-] 10.0.0.39 "GET / HTTP/1.1" status: 200 len: 247 time: 0.0020957
2026-07-07 04:43:05.889 10 INFO neutron.wsgi [-] 10.0.0.39 "GET / HTTP/1.1" status: 200 len: 247 time: 0.0024786
2026-07-07 04:43:10.665 10 INFO neutron.wsgi [None req-405c815b-104c-439e-a8c7-29a4881c5d52 1ca593f1ddd74c7eabab8676647af840 164fa6fa12f64f1fac166893e00fa288 - - default default] 10.0.0.119 "GET /v2.0/networks HTTP/1.1" status: 200 len: 2349 time: 0.1103477
2026-07-07 04:43:10.690 10 INFO neutron.wsgi [None req-a7169a08-24f4-4aaf-a6fc-f99da8864606 1ca593f1ddd74c7eabab8676647af840 164fa6fa12f64f1fac166893e00fa288 - - default default] 10.0.0.119 "GET /v2.0/routers HTTP/1.1" status: 200 len: 189 time: 0.0212982
2026-07-07 04:43:10.716 10 INFO neutron.wsgi [None req-327aa4ce-1163-4707-87fa-d3d611b080c7 1ca593f1ddd74c7eabab8676647af840 164fa6fa12f64f1fac166893e00fa288 - - default default] 10.0.0.119 "GET /v2.0/agents?binary=ovn-controller HTTP/1.1" status: 200 len: 591 time: 0.0251303
2026-07-07 04:43:10.752 10 INFO neutron.wsgi [None req-4189e285-2d3c-491d-a757-80c6fa8d4adf 1ca593f1ddd74c7eabab8676647af840 164fa6fa12f64f1fac166893e00fa288 - - default default] 10.0.0.119 "GET /v2.0/subnets HTTP/1.1" status: 200 len: 1437 time: 0.0335598
2026-07-07 04:43:10.761 10 INFO neutron.wsgi [None req-6e9bdac2-a163-4166-bcd9-b1d756e9f39f 1ca593f1ddd74c7eabab8676647af840 164fa6fa12f64f1fac166893e00fa288 - - default default] 10.0.0.119 "GET /v2.0/subnetpools HTTP/1.1" status: 200 len: 193 time: 0.0084176
2026-07-07 04:43:10.783 10 INFO neutron.wsgi [None req-c411e8d9-0f7a-4345-947d-c8dda42f2706 1ca593f1ddd74c7eabab8676647af840 164fa6fa12f64f1fac166893e00fa288 - - default default] 10.0.0.119 "GET /v2.0/floatingips HTTP/1.1" status: 200 len: 193 time: 0.0209227
2026-07-07 04:43:10.829 10 INFO neutron.wsgi [None req-32f27047-30ba-427e-ac88-6d753a50d77e 1ca593f1ddd74c7eabab8676647af840 164fa6fa12f64f1fac166893e00fa288 - - default default] 10.0.0.119 "GET /v2.0/security-groups HTTP/1.1" status: 200 len: 16799 time: 0.0446754
2026-07-07 04:43:10.874 10 INFO neutron.wsgi [None req-af45ed1b-a153-49b7-9616-30cd541ebf14 1ca593f1ddd74c7eabab8676647af840 164fa6fa12f64f1fac166893e00fa288 - - default default] 10.0.0.119 "GET /v2.0/ports HTTP/1.1" status: 200 len: 5347 time: 0.0387714
2026-07-07 04:43:10.908 10 INFO neutron.wsgi [None req-03cc9305-69c6-40a4-bdb0-432c9f60f79b 1ca593f1ddd74c7eabab8676647af840 164fa6fa12f64f1fac166893e00fa288 - - default default] 10.0.0.119 "GET /v2.0/subnets HTTP/1.1" status: 200 len: 1437 time: 0.0313928
2026-07-07 04:43:10.919 10 INFO neutron.wsgi [None req-edc17168-0b95-4f98-b075-bd91ab337209 1ca593f1ddd74c7eabab8676647af840 164fa6fa12f64f1fac166893e00fa288 - - default default] 10.0.0.119 "GET /v2.0/agents HTTP/1.1" status: 200 len: 997 time: 0.0097561
2026-07-07 04:43:10.929 10 INFO neutron.wsgi [None req-28ac67a4-057c-454a-9210-cec9a0bf635f 1ca593f1ddd74c7eabab8676647af840 164fa6fa12f64f1fac166893e00fa288 - - default default] 10.0.0.119 "GET /v2.0/network-ip-availabilities HTTP/1.1" status: 200 len: 1280 time: 0.0094068
2026-07-07 04:43:15.848 9 INFO neutron.wsgi [None req-52f035e0-159e-43f8-9869-fee9ce8ef64c 1ca593f1ddd74c7eabab8676647af840 164fa6fa12f64f1fac166893e00fa288 - - default default] 199.204.45.95,10.0.0.39 "GET /v2.0/quotas/164fa6fa12f64f1fac166893e00fa288 HTTP/1.1" status: 200 len: 361 time: 0.0171385
2026-07-07 04:43:20.891 10 INFO neutron.wsgi [-] 10.0.0.39 "GET / HTTP/1.1" status: 200 len: 247 time: 0.0037258
2026-07-07 04:43:20.894 10 INFO neutron.wsgi [-] 10.0.0.39 "GET / HTTP/1.1" status: 200 len: 247 time: 0.0019274
2026-07-07 04:43:35.889 9 INFO neutron.wsgi [-] 10.0.0.39 "GET / HTTP/1.1" status: 200 len: 247 time: 0.0017164
2026-07-07 04:43:35.890 10 INFO neutron.wsgi [-] 10.0.0.39 "GET / HTTP/1.1" status: 200 len: 247 time: 0.0026863
2026-07-07 04:43:50.890 10 INFO neutron.wsgi [-] 10.0.0.39 "GET / HTTP/1.1" status: 200 len: 247 time: 0.0021253
2026-07-07 04:43:50.894 9 INFO neutron.wsgi [-] 10.0.0.39 "GET / HTTP/1.1" status: 200 len: 247 time: 0.0031116
2026-07-07 04:44:05.347 10 INFO neutron.wsgi [None req-0ca6e1f4-35e7-427e-981e-803368e19099 1ca593f1ddd74c7eabab8676647af840 164fa6fa12f64f1fac166893e00fa288 - - default default] 199.204.45.95,10.0.0.39 "GET /v2.0/security-groups?tenant_id=1f66e9477f4a452f96ebceff078cafb8 HTTP/1.1" status: 200 len: 6838 time: 0.0710862
2026-07-07 04:44:05.889 10 INFO neutron.wsgi [-] 10.0.0.39 "GET / HTTP/1.1" status: 200 len: 247 time: 0.0017185
2026-07-07 04:44:05.889 9 INFO neutron.wsgi [-] 10.0.0.39 "GET / HTTP/1.1" status: 200 len: 247 time: 0.0017111
2026-07-07 04:44:06.314 9 INFO neutron.wsgi [None req-76c8fe79-c2de-4138-a99a-eab45cbd2e81 1ca593f1ddd74c7eabab8676647af840 164fa6fa12f64f1fac166893e00fa288 - - default default] 199.204.45.95,10.0.0.39 "GET /v2.0/security-groups?tenant_id=1f66e9477f4a452f96ebceff078cafb8 HTTP/1.1" status: 200 len: 6838 time: 0.0833147
2026-07-07 04:44:07.167 10 INFO neutron.wsgi [None req-11e8bd88-57ef-46c3-9855-156f502965fe 1ca593f1ddd74c7eabab8676647af840 164fa6fa12f64f1fac166893e00fa288 - - default default] 199.204.45.95,10.0.0.39 "GET /v2.0/security-groups?tenant_id=1f66e9477f4a452f96ebceff078cafb8 HTTP/1.1" status: 200 len: 6838 time: 0.0769758
2026-07-07 04:44:08.046 10 INFO neutron.wsgi [None req-5b5c7e28-453b-40b4-9a91-275b92d6fb56 1ca593f1ddd74c7eabab8676647af840 164fa6fa12f64f1fac166893e00fa288 - - default default] 199.204.45.95,10.0.0.39 "GET /v2.0/security-groups?tenant_id=1f66e9477f4a452f96ebceff078cafb8 HTTP/1.1" status: 200 len: 6838 time: 0.0803308
2026-07-07 04:44:08.998 9 INFO neutron.wsgi [None req-1d1d828f-36a4-4460-9031-44b3254d96f2 1ca593f1ddd74c7eabab8676647af840 164fa6fa12f64f1fac166893e00fa288 - - default default] 199.204.45.95,10.0.0.39 "GET /v2.0/security-groups?tenant_id=1f66e9477f4a452f96ebceff078cafb8 HTTP/1.1" status: 200 len: 6838 time: 0.0815539
2026-07-07 04:44:10.621 10 INFO neutron.wsgi [None req-f3a5d57e-34b0-4e1d-a44c-e78e98b44008 1ca593f1ddd74c7eabab8676647af840 164fa6fa12f64f1fac166893e00fa288 - - default default] 10.0.0.119 "GET /v2.0/subnets HTTP/1.1" status: 200 len: 1437 time: 0.0720773
2026-07-07 04:44:10.635 10 INFO neutron.wsgi [None req-1986e40d-c90f-4eaa-b3f0-04a5cb428375 1ca593f1ddd74c7eabab8676647af840 164fa6fa12f64f1fac166893e00fa288 - - default default] 10.0.0.119 "GET /v2.0/subnetpools HTTP/1.1" status: 200 len: 193 time: 0.0111742
2026-07-07 04:44:10.687 10 INFO neutron.wsgi [None req-12ba58f1-e096-4325-af71-2c645214eb8d 1ca593f1ddd74c7eabab8676647af840 164fa6fa12f64f1fac166893e00fa288 - - default default] 10.0.0.119 "GET /v2.0/security-groups HTTP/1.1" status: 200 len: 16799 time: 0.0508001
2026-07-07 04:44:10.729 10 INFO neutron.wsgi [None req-2d75188d-2bde-4df6-b689-935a34018f15 1ca593f1ddd74c7eabab8676647af840 164fa6fa12f64f1fac166893e00fa288 - - default default] 10.0.0.119 "GET /v2.0/subnets HTTP/1.1" status: 200 len: 1437 time: 0.0340636
2026-07-07 04:44:10.741 10 INFO neutron.wsgi [None req-a82be533-b830-4a91-a499-62795573566e 1ca593f1ddd74c7eabab8676647af840 164fa6fa12f64f1fac166893e00fa288 - - default default] 10.0.0.119 "GET /v2.0/network-ip-availabilities HTTP/1.1" status: 200 len: 1280 time: 0.0104601
2026-07-07 04:44:10.769 10 INFO neutron.wsgi [None req-39633350-1e39-44c7-816c-3c9f638b78d9 1ca593f1ddd74c7eabab8676647af840 164fa6fa12f64f1fac166893e00fa288 - - default default] 10.0.0.119 "GET /v2.0/ports HTTP/1.1" status: 200 len: 5347 time: 0.0262642
2026-07-07 04:44:10.800 10 INFO neutron.wsgi [None req-7cb200f6-785e-4236-a076-14b856dca52f 1ca593f1ddd74c7eabab8676647af840 164fa6fa12f64f1fac166893e00fa288 - - default default] 10.0.0.119 "GET /v2.0/agents HTTP/1.1" status: 200 len: 997 time: 0.0282481
2026-07-07 04:44:10.826 10 INFO neutron.wsgi [None req-c6d51d2f-4fd3-4c7c-b917-a26bc9c87c90 1ca593f1ddd74c7eabab8676647af840 164fa6fa12f64f1fac166893e00fa288 - - default default] 10.0.0.119 "GET /v2.0/floatingips HTTP/1.1" status: 200 len: 193 time: 0.0211687
2026-07-07 04:44:10.889 10 INFO neutron.wsgi [None req-14444984-25fe-4d37-a0a8-5482f0a3e7a4 1ca593f1ddd74c7eabab8676647af840 164fa6fa12f64f1fac166893e00fa288 - - default default] 10.0.0.119 "GET /v2.0/networks HTTP/1.1" status: 200 len: 2349 time: 0.0622387
2026-07-07 04:44:10.913 10 INFO neutron.wsgi [None req-e0b98f1a-ae60-416c-a67c-e4bbd717569e 1ca593f1ddd74c7eabab8676647af840 164fa6fa12f64f1fac166893e00fa288 - - default default] 10.0.0.119 "GET /v2.0/routers HTTP/1.1" status: 200 len: 189 time: 0.0221169
2026-07-07 04:44:10.927 10 INFO neutron.wsgi [None req-ecdff1f0-af94-4e8a-bbdd-6bb79e3f974e 1ca593f1ddd74c7eabab8676647af840 164fa6fa12f64f1fac166893e00fa288 - - default default] 10.0.0.119 "GET /v2.0/agents?binary=ovn-controller HTTP/1.1" status: 200 len: 591 time: 0.0130270
2026-07-07 04:44:16.247 10 INFO neutron.wsgi [None req-63f6d06c-b202-4a81-88c6-48aa55d657b6 1ca593f1ddd74c7eabab8676647af840 164fa6fa12f64f1fac166893e00fa288 - - default default] 199.204.45.95,10.0.0.39 "GET /v2.0/quotas/1f66e9477f4a452f96ebceff078cafb8 HTTP/1.1" status: 200 len: 361 time: 0.0107303
2026-07-07 04:44:20.890 9 INFO neutron.wsgi [-] 10.0.0.39 "GET / HTTP/1.1" status: 200 len: 247 time: 0.0023708
2026-07-07 04:44:20.890 10 INFO neutron.wsgi [-] 10.0.0.39 "GET / HTTP/1.1" status: 200 len: 247 time: 0.0026107
2026-07-07 04:44:35.890 9 INFO neutron.wsgi [-] 10.0.0.39 "GET / HTTP/1.1" status: 200 len: 247 time: 0.0017562
2026-07-07 04:44:35.891 10 INFO neutron.wsgi [-] 10.0.0.39 "GET / HTTP/1.1" status: 200 len: 247 time: 0.0028222
2026-07-07 04:44:50.889 10 INFO neutron.wsgi [-] 10.0.0.39 "GET / HTTP/1.1" status: 200 len: 247 time: 0.0019779
2026-07-07 04:44:50.890 9 INFO neutron.wsgi [-] 10.0.0.39 "GET / HTTP/1.1" status: 200 len: 247 time: 0.0034361
2026-07-07 04:45:05.891 9 INFO neutron.wsgi [-] 10.0.0.39 "GET / HTTP/1.1" status: 200 len: 247 time: 0.0032575
2026-07-07 04:45:05.893 10 INFO neutron.wsgi [-] 10.0.0.39 "GET / HTTP/1.1" status: 200 len: 247 time: 0.0048485
2026-07-07 04:45:08.837 10 INFO neutron.wsgi [None req-85a825fc-bcd0-42f7-8d4c-692e315f557b 1ca593f1ddd74c7eabab8676647af840 164fa6fa12f64f1fac166893e00fa288 - - default default] 199.204.45.95,10.0.0.39 "GET /v2.0/networks HTTP/1.1" status: 200 len: 2349 time: 0.1159739
2026-07-07 04:45:10.653 10 INFO neutron.wsgi [None req-3f4c89e3-76fd-4f74-9898-bfc828810cdc 1ca593f1ddd74c7eabab8676647af840 164fa6fa12f64f1fac166893e00fa288 - - default default] 10.0.0.119 "GET /v2.0/subnets HTTP/1.1" status: 200 len: 1437 time: 0.1035433
2026-07-07 04:45:10.727 10 INFO neutron.wsgi [None req-b29645f2-505e-4617-be55-2e5bc87140ff 1ca593f1ddd74c7eabab8676647af840 164fa6fa12f64f1fac166893e00fa288 - - default default] 10.0.0.119 "GET /v2.0/networks HTTP/1.1" status: 200 len: 2349 time: 0.0730491
2026-07-07 04:45:10.766 10 INFO neutron.wsgi [None req-59bb8a6e-fa81-459c-a9d3-b657d29da9ac 1ca593f1ddd74c7eabab8676647af840 164fa6fa12f64f1fac166893e00fa288 - - default default] 10.0.0.119 "GET /v2.0/subnets HTTP/1.1" status: 200 len: 1437 time: 0.0352933
2026-07-07 04:45:10.784 10 INFO neutron.wsgi [None req-58f1e4ba-ad58-4749-aa38-ff376e1cd37a 1ca593f1ddd74c7eabab8676647af840 164fa6fa12f64f1fac166893e00fa288 - - default default] 10.0.0.119 "GET /v2.0/subnetpools HTTP/1.1" status: 200 len: 193 time: 0.0155694
2026-07-07 04:45:10.840 10 INFO neutron.wsgi [None req-47028b5c-5e5f-494c-8e2e-2bd065a9ce30 1ca593f1ddd74c7eabab8676647af840 164fa6fa12f64f1fac166893e00fa288 - - default default] 10.0.0.119 "GET /v2.0/security-groups HTTP/1.1" status: 200 len: 16799 time: 0.0558035
2026-07-07 04:45:10.884 10 INFO neutron.wsgi [None req-a09cbc98-b017-443c-afd8-90e1a8f864d7 1ca593f1ddd74c7eabab8676647af840 164fa6fa12f64f1fac166893e00fa288 - - default default] 10.0.0.119 "GET /v2.0/ports HTTP/1.1" status: 200 len: 5347 time: 0.0338919
2026-07-07 04:45:10.918 10 INFO neutron.wsgi [None req-ad5b03ac-734e-4ab8-a173-48fdc5efc040 1ca593f1ddd74c7eabab8676647af840 164fa6fa12f64f1fac166893e00fa288 - - default default] 10.0.0.119 "GET /v2.0/agents HTTP/1.1" status: 200 len: 997 time: 0.0307512
2026-07-07 04:45:10.931 10 INFO neutron.wsgi [None req-427e58ee-579d-412f-8edd-9a68ce1498e0 1ca593f1ddd74c7eabab8676647af840 164fa6fa12f64f1fac166893e00fa288 - - default default] 10.0.0.119 "GET /v2.0/network-ip-availabilities HTTP/1.1" status: 200 len: 1280 time: 0.0100219
2026-07-07 04:45:10.953 10 INFO neutron.wsgi [None req-ff0dcce9-9eb4-4598-a759-a24fe53fc994 1ca593f1ddd74c7eabab8676647af840 164fa6fa12f64f1fac166893e00fa288 - - default default] 10.0.0.119 "GET /v2.0/floatingips HTTP/1.1" status: 200 len: 193 time: 0.0211589
2026-07-07 04:45:10.973 10 INFO neutron.wsgi [None req-d63d5f45-0574-4ebc-85b4-a9e320948b14 1ca593f1ddd74c7eabab8676647af840 164fa6fa12f64f1fac166893e00fa288 - - default default] 10.0.0.119 "GET /v2.0/routers HTTP/1.1" status: 200 len: 189 time: 0.0182524
2026-07-07 04:45:10.983 10 INFO neutron.wsgi [None req-e806a792-b272-43c2-9df0-36c7ba46407b 1ca593f1ddd74c7eabab8676647af840 164fa6fa12f64f1fac166893e00fa288 - - default default] 10.0.0.119 "GET /v2.0/agents?binary=ovn-controller HTTP/1.1" status: 200 len: 591 time: 0.0099473
2026-07-07 04:45:20.892 9 INFO neutron.wsgi [-] 10.0.0.39 "GET / HTTP/1.1" status: 200 len: 247 time: 0.0053508
2026-07-07 04:45:20.895 9 INFO neutron.wsgi [-] 10.0.0.39 "GET / HTTP/1.1" status: 200 len: 247 time: 0.0015457
2026-07-07 04:45:35.890 9 INFO neutron.wsgi [-] 10.0.0.39 "GET / HTTP/1.1" status: 200 len: 247 time: 0.0020747
2026-07-07 04:45:35.891 10 INFO neutron.wsgi [-] 10.0.0.39 "GET / HTTP/1.1" status: 200 len: 247 time: 0.0031290 /var/lib/openstack/lib/python3.10/site-packages/pycadf/identifier.py:71: UserWarning: Invalid uuid: neutron. To ensure interoperability, identifiers should be a valid uuid. warnings.warn(('Invalid uuid: %s. To ensure interoperability, '
2026-07-07 04:45:49.282 9 INFO neutron.wsgi [None req-3a58e918-e8f8-4c3f-ab77-58e14caaee2b 1ca593f1ddd74c7eabab8676647af840 164fa6fa12f64f1fac166893e00fa288 - - default default] 10.0.0.19 "GET /v2.0/networks HTTP/1.1" status: 200 len: 2368 time: 0.2152905
2026-07-07 04:45:50.455 10 INFO neutron.wsgi [None req-6ebd63d6-d45e-40dc-b4e4-b5465aea9b0b 1ca593f1ddd74c7eabab8676647af840 164fa6fa12f64f1fac166893e00fa288 - - default default] 10.0.0.19 "GET /v2.0/floatingips HTTP/1.1" status: 200 len: 212 time: 0.0218174
2026-07-07 04:45:50.480 10 INFO neutron.wsgi [None req-5d2a1fea-4e60-494d-9cda-2ae86b022d3b 1ca593f1ddd74c7eabab8676647af840 164fa6fa12f64f1fac166893e00fa288 - - default default] 10.0.0.19 "GET /v2.0/routers HTTP/1.1" status: 200 len: 208 time: 0.0199311
2026-07-07 04:45:50.512 10 INFO neutron.wsgi [None req-4ec45bec-5c2a-46a6-807a-054a9f18b220 1ca593f1ddd74c7eabab8676647af840 164fa6fa12f64f1fac166893e00fa288 - - default default] 10.0.0.19 "GET /v2.0/ports HTTP/1.1" status: 200 len: 5366 time: 0.0280697
2026-07-07 04:45:50.543 10 INFO neutron.wsgi [None req-95fdc1fd-fee6-40ed-a473-434a454c6569 1ca593f1ddd74c7eabab8676647af840 164fa6fa12f64f1fac166893e00fa288 - - default default] 10.0.0.19 "GET /v2.0/subnets HTTP/1.1" status: 200 len: 1456 time: 0.0265911
2026-07-07 04:45:50.601 10 INFO neutron.wsgi [None req-c06170f8-3495-469a-bfd7-429311a38422 1ca593f1ddd74c7eabab8676647af840 164fa6fa12f64f1fac166893e00fa288 - - default default] 10.0.0.19 "GET /v2.0/networks HTTP/1.1" status: 200 len: 2368 time: 0.0532339
2026-07-07 04:45:50.646 10 INFO neutron.wsgi [None req-80d96221-0f0a-408e-a75e-0495d75261fb 1ca593f1ddd74c7eabab8676647af840 164fa6fa12f64f1fac166893e00fa288 - - default default] 10.0.0.19 "GET /v2.0/security-groups HTTP/1.1" status: 200 len: 16818 time: 0.0406752
2026-07-07 04:45:50.660 10 INFO neutron.wsgi [None req-658a95f2-63b7-4ea6-b8fd-d0eabcce4e85 1ca593f1ddd74c7eabab8676647af840 164fa6fa12f64f1fac166893e00fa288 - - default default] 10.0.0.19 "GET /v2.0/subnetpools HTTP/1.1" status: 200 len: 212 time: 0.0086665
2026-07-07 04:45:50.890 10 INFO neutron.wsgi [-] 10.0.0.39 "GET / HTTP/1.1" status: 200 len: 247 time: 0.0026069
2026-07-07 04:45:50.893 10 INFO neutron.wsgi [-] 10.0.0.39 "GET / HTTP/1.1" status: 200 len: 247 time: 0.0016389
2026-07-07 04:46:01.634 10 INFO neutron.db.ovn_revision_numbers_db [None req-305de6a7-1bdd-4173-b75a-fb22ae942026 1ca593f1ddd74c7eabab8676647af840 164fa6fa12f64f1fac166893e00fa288 - - default default] Successfully bumped revision number for resource 18945227-b1d9-422c-9f6a-c461615d0eb8 (type: security_groups) to 1
2026-07-07 04:46:01.638 10 INFO neutron.db.ovn_revision_numbers_db [None req-9fa332b0-7d22-4054-8acc-c5a19ebc55cd 1ca593f1ddd74c7eabab8676647af840 164fa6fa12f64f1fac166893e00fa288 - - default default] Successfully bumped revision number for resource 5a9cccfa-9308-4e75-bf99-c2ff2d442467 (type: security_groups) to 1
2026-07-07 04:46:01.648 10 INFO neutron.db.ovn_revision_numbers_db [None req-305de6a7-1bdd-4173-b75a-fb22ae942026 1ca593f1ddd74c7eabab8676647af840 164fa6fa12f64f1fac166893e00fa288 - - default default] Successfully bumped revision number for resource 87214cf2-c81b-49b7-8a70-4b4b5f9b6bd9 (type: security_group_rules) to 0
2026-07-07 04:46:01.653 10 INFO neutron.db.ovn_revision_numbers_db [None req-9fa332b0-7d22-4054-8acc-c5a19ebc55cd 1ca593f1ddd74c7eabab8676647af840 164fa6fa12f64f1fac166893e00fa288 - - default default] Successfully bumped revision number for resource 334f4e19-fc1b-483f-94d9-89973f05c0f9 (type: security_group_rules) to 0
2026-07-07 04:46:01.663 10 INFO neutron.db.ovn_revision_numbers_db [None req-305de6a7-1bdd-4173-b75a-fb22ae942026 1ca593f1ddd74c7eabab8676647af840 164fa6fa12f64f1fac166893e00fa288 - - default default] Successfully bumped revision number for resource 9c4a6700-96d5-4a68-9fe1-d019b49c6403 (type: security_group_rules) to 0
2026-07-07 04:46:01.669 10 INFO neutron.db.ovn_revision_numbers_db [None req-9fa332b0-7d22-4054-8acc-c5a19ebc55cd 1ca593f1ddd74c7eabab8676647af840 164fa6fa12f64f1fac166893e00fa288 - - default default] Successfully bumped revision number for resource 9f58aca0-cff3-40e7-978b-77617d936c77 (type: security_group_rules) to 0
2026-07-07 04:46:01.678 10 INFO neutron.db.ovn_revision_numbers_db [None req-305de6a7-1bdd-4173-b75a-fb22ae942026 1ca593f1ddd74c7eabab8676647af840 164fa6fa12f64f1fac166893e00fa288 - - default default] Successfully bumped revision number for resource cb029c44-4a75-4a9d-88e5-ec5f36e778a9 (type: security_group_rules) to 0
2026-07-07 04:46:01.682 10 INFO neutron.db.ovn_revision_numbers_db [None req-9fa332b0-7d22-4054-8acc-c5a19ebc55cd 1ca593f1ddd74c7eabab8676647af840 164fa6fa12f64f1fac166893e00fa288 - - default default] Successfully bumped revision number for resource ca01ea1d-7538-465e-9b52-238e480a8ba6 (type: security_group_rules) to 0
2026-07-07 04:46:01.693 10 INFO neutron.db.ovn_revision_numbers_db [None req-305de6a7-1bdd-4173-b75a-fb22ae942026 1ca593f1ddd74c7eabab8676647af840 164fa6fa12f64f1fac166893e00fa288 - - default default] Successfully bumped revision number for resource e777ad3d-4356-4e19-8e6f-a90ab4ccae22 (type: security_group_rules) to 0
2026-07-07 04:46:01.700 10 INFO neutron.db.ovn_revision_numbers_db [None req-9fa332b0-7d22-4054-8acc-c5a19ebc55cd 1ca593f1ddd74c7eabab8676647af840 164fa6fa12f64f1fac166893e00fa288 - - default default] Successfully bumped revision number for resource ee7788e7-2b60-4fc3-a4fc-1c1c88b1e272 (type: security_group_rules) to 0
2026-07-07 04:46:01.740 10 INFO neutron.db.segments_db [None req-305de6a7-1bdd-4173-b75a-fb22ae942026 1ca593f1ddd74c7eabab8676647af840 164fa6fa12f64f1fac166893e00fa288 - - default default] Added segment 91f331e7-8f1c-4227-b755-d1d656f4bff8 of type geneve for network 4b0eb128-2a01-49dc-aeb8-62941a0f8df6
2026-07-07 04:46:01.762 10 INFO neutron.db.segments_db [None req-9fa332b0-7d22-4054-8acc-c5a19ebc55cd 1ca593f1ddd74c7eabab8676647af840 164fa6fa12f64f1fac166893e00fa288 - - default default] Added segment d9ef5281-7068-4f30-9137-859dad9adbed of type geneve for network 0a3fa481-4602-4d66-9e9b-fd218ed87eb7
2026-07-07 04:46:01.954 10 INFO neutron.db.ovn_revision_numbers_db [None req-305de6a7-1bdd-4173-b75a-fb22ae942026 1ca593f1ddd74c7eabab8676647af840 164fa6fa12f64f1fac166893e00fa288 - - default default] Successfully bumped revision number for resource 4b0eb128-2a01-49dc-aeb8-62941a0f8df6 (type: networks) to 1
2026-07-07 04:46:01.971 10 INFO neutron.db.ovn_revision_numbers_db [None req-9fa332b0-7d22-4054-8acc-c5a19ebc55cd 1ca593f1ddd74c7eabab8676647af840 164fa6fa12f64f1fac166893e00fa288 - - default default] Successfully bumped revision number for resource 0a3fa481-4602-4d66-9e9b-fd218ed87eb7 (type: networks) to 1
2026-07-07 04:46:02.193 10 WARNING neutron.scheduler.dhcp_agent_scheduler [None req-305de6a7-1bdd-4173-b75a-fb22ae942026 1ca593f1ddd74c7eabab8676647af840 164fa6fa12f64f1fac166893e00fa288 - - default default] No more DHCP agents
2026-07-07 04:46:02.196 10 WARNING neutron.api.rpc.agentnotifiers.dhcp_rpc_agent_api [None req-305de6a7-1bdd-4173-b75a-fb22ae942026 1ca593f1ddd74c7eabab8676647af840 164fa6fa12f64f1fac166893e00fa288 - - default default] Unable to schedule network 4b0eb128-2a01-49dc-aeb8-62941a0f8df6: no agents available; will retry on subsequent port and subnet creation events.
2026-07-07 04:46:02.199 10 WARNING neutron.scheduler.dhcp_agent_scheduler [None req-9fa332b0-7d22-4054-8acc-c5a19ebc55cd 1ca593f1ddd74c7eabab8676647af840 164fa6fa12f64f1fac166893e00fa288 - - default default] No more DHCP agents
2026-07-07 04:46:02.205 10 WARNING neutron.api.rpc.agentnotifiers.dhcp_rpc_agent_api [None req-9fa332b0-7d22-4054-8acc-c5a19ebc55cd 1ca593f1ddd74c7eabab8676647af840 164fa6fa12f64f1fac166893e00fa288 - - default default] Unable to schedule network 0a3fa481-4602-4d66-9e9b-fd218ed87eb7: no agents available; will retry on subsequent port and subnet creation events.
2026-07-07 04:46:02.307 10 INFO neutron.db.ovn_revision_numbers_db [None req-305de6a7-1bdd-4173-b75a-fb22ae942026 1ca593f1ddd74c7eabab8676647af840 164fa6fa12f64f1fac166893e00fa288 - - default default] Successfully bumped revision number for resource 1bd5c518-c95e-43e1-bc66-f8e49afc9990 (type: ports) to 1
2026-07-07 04:46:02.313 10 INFO neutron.db.ovn_revision_numbers_db [None req-9fa332b0-7d22-4054-8acc-c5a19ebc55cd 1ca593f1ddd74c7eabab8676647af840 164fa6fa12f64f1fac166893e00fa288 - - default default] Successfully bumped revision number for resource 857b0a7f-91ff-449e-8977-a753dbd0a028 (type: ports) to 1
2026-07-07 04:46:02.325 10 INFO neutron.wsgi [None req-305de6a7-1bdd-4173-b75a-fb22ae942026 1ca593f1ddd74c7eabab8676647af840 164fa6fa12f64f1fac166893e00fa288 - - default default] 10.0.0.19 "POST /v2.0/networks HTTP/1.1" status: 201 len: 954 time: 0.9417427
2026-07-07 04:46:02.338 10 INFO neutron.wsgi [None req-9fa332b0-7d22-4054-8acc-c5a19ebc55cd 1ca593f1ddd74c7eabab8676647af840 164fa6fa12f64f1fac166893e00fa288 - - default default] 10.0.0.19 "POST /v2.0/networks HTTP/1.1" status: 201 len: 951 time: 0.9230554
2026-07-07 04:46:02.491 10 WARNING neutron.scheduler.dhcp_agent_scheduler [None req-4e8cab2c-9dbe-40cb-9a24-fbfdcfaa7d0f 1ca593f1ddd74c7eabab8676647af840 164fa6fa12f64f1fac166893e00fa288 - - default default] No more DHCP agents
2026-07-07 04:46:02.494 10 WARNING neutron.api.rpc.agentnotifiers.dhcp_rpc_agent_api [None req-4e8cab2c-9dbe-40cb-9a24-fbfdcfaa7d0f 1ca593f1ddd74c7eabab8676647af840 164fa6fa12f64f1fac166893e00fa288 - - default default] Unable to schedule network 4b0eb128-2a01-49dc-aeb8-62941a0f8df6: no agents available; will retry on subsequent port and subnet creation events.
2026-07-07 04:46:02.541 9 WARNING neutron.scheduler.dhcp_agent_scheduler [None req-ebaa216e-2615-4af0-8ba2-ab1266a19ac5 1ca593f1ddd74c7eabab8676647af840 164fa6fa12f64f1fac166893e00fa288 - - default default] No more DHCP agents
2026-07-07 04:46:02.544 9 WARNING neutron.api.rpc.agentnotifiers.dhcp_rpc_agent_api [None req-ebaa216e-2615-4af0-8ba2-ab1266a19ac5 1ca593f1ddd74c7eabab8676647af840 164fa6fa12f64f1fac166893e00fa288 - - default default] Unable to schedule network 0a3fa481-4602-4d66-9e9b-fd218ed87eb7: no agents available; will retry on subsequent port and subnet creation events.
2026-07-07 04:46:02.716 9 INFO neutron.db.ovn_revision_numbers_db [None req-72d3252f-c748-4881-8887-a52e6b9ce8b4 1ca593f1ddd74c7eabab8676647af840 164fa6fa12f64f1fac166893e00fa288 - - default default] Successfully bumped revision number for resource af10e495-c26a-4e98-af61-d07d5e7a518a (type: security_groups) to 1
2026-07-07 04:46:02.746 9 INFO neutron.db.ovn_revision_numbers_db [None req-72d3252f-c748-4881-8887-a52e6b9ce8b4 1ca593f1ddd74c7eabab8676647af840 164fa6fa12f64f1fac166893e00fa288 - - default default] Successfully bumped revision number for resource 086e6168-101b-47bb-98ff-f39a97806950 (type: security_group_rules) to 0
2026-07-07 04:46:02.776 9 INFO neutron.db.ovn_revision_numbers_db [None req-72d3252f-c748-4881-8887-a52e6b9ce8b4 1ca593f1ddd74c7eabab8676647af840 164fa6fa12f64f1fac166893e00fa288 - - default default] Successfully bumped revision number for resource 16bf3465-4228-4daf-a69e-60acf528cdc4 (type: security_group_rules) to 0
2026-07-07 04:46:02.795 9 INFO neutron.db.ovn_revision_numbers_db [None req-72d3252f-c748-4881-8887-a52e6b9ce8b4 1ca593f1ddd74c7eabab8676647af840 164fa6fa12f64f1fac166893e00fa288 - - default default] Successfully bumped revision number for resource 75e76989-3f98-4c37-ac83-fd86c126a74a (type: security_group_rules) to 0
2026-07-07 04:46:02.834 9 INFO neutron.db.ovn_revision_numbers_db [None req-72d3252f-c748-4881-8887-a52e6b9ce8b4 1ca593f1ddd74c7eabab8676647af840 164fa6fa12f64f1fac166893e00fa288 - - default default] Successfully bumped revision number for resource cf605edd-7caf-4fd1-8194-3eed206d24a9 (type: security_group_rules) to 0
2026-07-07 04:46:02.875 9 INFO neutron.wsgi [None req-72d3252f-c748-4881-8887-a52e6b9ce8b4 1ca593f1ddd74c7eabab8676647af840 164fa6fa12f64f1fac166893e00fa288 - - default default] 10.0.0.19 "GET /v2.0/security-groups?tenant_id=916805f6790146b4bf501e5aaed50463&name=default HTTP/1.1" status: 200 len: 2992 time: 0.6360490
2026-07-07 04:46:03.036 10 INFO neutron.db.ovn_revision_numbers_db [None req-4e8cab2c-9dbe-40cb-9a24-fbfdcfaa7d0f 1ca593f1ddd74c7eabab8676647af840 164fa6fa12f64f1fac166893e00fa288 - - default default] Successfully bumped revision number for resource 1bd5c518-c95e-43e1-bc66-f8e49afc9990 (type: ports) to 2
2026-07-07 04:46:03.072 10 INFO neutron.db.ovn_revision_numbers_db [None req-4e8cab2c-9dbe-40cb-9a24-fbfdcfaa7d0f 1ca593f1ddd74c7eabab8676647af840 164fa6fa12f64f1fac166893e00fa288 - - default default] Successfully bumped revision number for resource a9163b64-5dbb-4b7f-9ef9-1956754f6142 (type: subnets) to 0
2026-07-07 04:46:03.092 10 INFO neutron.wsgi [None req-4e8cab2c-9dbe-40cb-9a24-fbfdcfaa7d0f 1ca593f1ddd74c7eabab8676647af840 164fa6fa12f64f1fac166893e00fa288 - - default default] 10.0.0.19 "POST /v2.0/subnets HTTP/1.1" status: 201 len: 874 time: 0.7618988
2026-07-07 04:46:03.205 9 INFO neutron.db.ovn_revision_numbers_db [None req-ebaa216e-2615-4af0-8ba2-ab1266a19ac5 1ca593f1ddd74c7eabab8676647af840 164fa6fa12f64f1fac166893e00fa288 - - default default] Successfully bumped revision number for resource 857b0a7f-91ff-449e-8977-a753dbd0a028 (type: ports) to 2
2026-07-07 04:46:03.207 10 INFO neutron.wsgi [None req-e9b95694-b9be-4ddb-bf2c-aadafb645577 1ca593f1ddd74c7eabab8676647af840 164fa6fa12f64f1fac166893e00fa288 - - default default] 10.0.0.19 "DELETE /v2.0/security-groups/af10e495-c26a-4e98-af61-d07d5e7a518a HTTP/1.1" status: 204 len: 168 time: 0.3273776
2026-07-07 04:46:03.246 9 INFO neutron.db.ovn_revision_numbers_db [None req-ebaa216e-2615-4af0-8ba2-ab1266a19ac5 1ca593f1ddd74c7eabab8676647af840 164fa6fa12f64f1fac166893e00fa288 - - default default] Successfully bumped revision number for resource 28df94de-2c6d-4287-a599-17fd13ed2b65 (type: subnets) to 0
2026-07-07 04:46:03.263 9 INFO neutron.wsgi [None req-ebaa216e-2615-4af0-8ba2-ab1266a19ac5 1ca593f1ddd74c7eabab8676647af840 164fa6fa12f64f1fac166893e00fa288 - - default default] 10.0.0.19 "POST /v2.0/subnets HTTP/1.1" status: 201 len: 871 time: 0.9189284
2026-07-07 04:46:03.791 10 WARNING neutron.scheduler.dhcp_agent_scheduler [None req-ac654035-2754-4440-bad2-9547505fa0a3 1ca593f1ddd74c7eabab8676647af840 164fa6fa12f64f1fac166893e00fa288 - - default default] No more DHCP agents
2026-07-07 04:46:03.794 10 WARNING neutron.api.rpc.agentnotifiers.dhcp_rpc_agent_api [None req-ac654035-2754-4440-bad2-9547505fa0a3 1ca593f1ddd74c7eabab8676647af840 164fa6fa12f64f1fac166893e00fa288 - - default default] Unable to schedule network d1b2684a-7d75-4a0a-b8e8-bbf022f08fd9: no agents available; will retry on subsequent port and subnet creation events.
2026-07-07 04:46:03.966 10 WARNING neutron.scheduler.dhcp_agent_scheduler [None req-d754882a-3dff-4f11-b99e-c5bcd97099ee 1ca593f1ddd74c7eabab8676647af840 164fa6fa12f64f1fac166893e00fa288 - - default default] No more DHCP agents
2026-07-07 04:46:03.968 10 WARNING neutron.api.rpc.agentnotifiers.dhcp_rpc_agent_api [None req-d754882a-3dff-4f11-b99e-c5bcd97099ee 1ca593f1ddd74c7eabab8676647af840 164fa6fa12f64f1fac166893e00fa288 - - default default] Unable to schedule network d1b2684a-7d75-4a0a-b8e8-bbf022f08fd9: no agents available; will retry on subsequent port and subnet creation events.
2026-07-07 04:46:04.010 10 INFO neutron.db.ovn_revision_numbers_db [None req-ac654035-2754-4440-bad2-9547505fa0a3 1ca593f1ddd74c7eabab8676647af840 164fa6fa12f64f1fac166893e00fa288 - - default default] Successfully bumped revision number for resource 2376f635-a568-4e7f-93ac-c9976695db6e (type: ports) to 1
2026-07-07 04:46:04.179 10 INFO neutron.db.ovn_revision_numbers_db [None req-d754882a-3dff-4f11-b99e-c5bcd97099ee 1ca593f1ddd74c7eabab8676647af840 164fa6fa12f64f1fac166893e00fa288 - - default default] Successfully bumped revision number for resource 03e96d68-8305-41e7-ae43-d47bc13577e4 (type: ports) to 1
2026-07-07 04:46:04.470 10 INFO neutron.plugins.ml2.drivers.ovn.mech_driver.ovsdb.extensions.qos [None req-ac654035-2754-4440-bad2-9547505fa0a3 1ca593f1ddd74c7eabab8676647af840 164fa6fa12f64f1fac166893e00fa288 - - default default] Starting OVNClientQosExtension
2026-07-07 04:46:04.598 9 INFO neutron.db.ovn_revision_numbers_db [None req-74430c57-ff56-4cc3-9d1d-e4eb6eb26b6a 1ca593f1ddd74c7eabab8676647af840 164fa6fa12f64f1fac166893e00fa288 - - default default] Successfully bumped revision number for resource 93b4cab8-2a31-42ef-bccf-294c970385a3 (type: security_groups) to 1
2026-07-07 04:46:04.629 9 INFO neutron.db.ovn_revision_numbers_db [None req-74430c57-ff56-4cc3-9d1d-e4eb6eb26b6a 1ca593f1ddd74c7eabab8676647af840 164fa6fa12f64f1fac166893e00fa288 - - default default] Successfully bumped revision number for resource 0d332861-d7e5-4d61-bb70-55f9f686c692 (type: security_group_rules) to 0
2026-07-07 04:46:04.654 9 INFO neutron.db.ovn_revision_numbers_db [None req-74430c57-ff56-4cc3-9d1d-e4eb6eb26b6a 1ca593f1ddd74c7eabab8676647af840 164fa6fa12f64f1fac166893e00fa288 - - default default] Successfully bumped revision number for resource 4192cdc3-77b4-4f14-8ebb-8200a9e6445d (type: security_group_rules) to 0
2026-07-07 04:46:04.669 9 INFO neutron.db.ovn_revision_numbers_db [None req-74430c57-ff56-4cc3-9d1d-e4eb6eb26b6a 1ca593f1ddd74c7eabab8676647af840 164fa6fa12f64f1fac166893e00fa288 - - default default] Successfully bumped revision number for resource 61ac4504-6003-460b-96b1-004f0bdb1ab5 (type: security_group_rules) to 0
2026-07-07 04:46:04.682 9 INFO neutron.db.ovn_revision_numbers_db [None req-74430c57-ff56-4cc3-9d1d-e4eb6eb26b6a 1ca593f1ddd74c7eabab8676647af840 164fa6fa12f64f1fac166893e00fa288 - - default default] Successfully bumped revision number for resource 9a3bc1a4-1ea3-45df-95d6-017c9dbec497 (type: security_group_rules) to 0
2026-07-07 04:46:04.708 9 INFO neutron.wsgi [None req-74430c57-ff56-4cc3-9d1d-e4eb6eb26b6a 1ca593f1ddd74c7eabab8676647af840 164fa6fa12f64f1fac166893e00fa288 - - default default] 10.0.0.19 "GET /v2.0/security-groups?tenant_id=de0ef7b27b4a4c71b9c134a7ecb8452d&name=default HTTP/1.1" status: 200 len: 2992 time: 0.4335351
2026-07-07 04:46:04.916 10 INFO neutron.plugins.ml2.drivers.ovn.mech_driver.mech_driver [None req-bd58489d-bbb0-4062-a0f1-0a7f46828024 - - - - - -] OVN reports status up for port: 2376f635-a568-4e7f-93ac-c9976695db6e
2026-07-07 04:46:04.936 9 INFO neutron.plugins.ml2.drivers.ovn.mech_driver.ovsdb.ovsdb_monitor [-] Router cf3206fb-fa1f-42c0-8de0-5fde6e103553 is bound to host instance
2026-07-07 04:46:04.936 10 INFO neutron.plugins.ml2.plugin [None req-bd58489d-bbb0-4062-a0f1-0a7f46828024 - - - - - -] Attempt 1 to provision port 2376f635-a568-4e7f-93ac-c9976695db6e
2026-07-07 04:46:04.980 10 INFO neutron.db.ovn_revision_numbers_db [None req-ac654035-2754-4440-bad2-9547505fa0a3 1ca593f1ddd74c7eabab8676647af840 164fa6fa12f64f1fac166893e00fa288 - - default default] Successfully bumped revision number for resource 2376f635-a568-4e7f-93ac-c9976695db6e (type: router_ports) to 1
2026-07-07 04:46:05.084 9 INFO neutron.wsgi [None req-0c2b0f60-3dc8-4e13-a623-ba53d893d10b 1ca593f1ddd74c7eabab8676647af840 164fa6fa12f64f1fac166893e00fa288 - - default default] 10.0.0.19 "DELETE /v2.0/security-groups/93b4cab8-2a31-42ef-bccf-294c970385a3 HTTP/1.1" status: 204 len: 168 time: 0.3697162
2026-07-07 04:46:05.180 10 INFO neutron.db.ovn_revision_numbers_db [None req-ac654035-2754-4440-bad2-9547505fa0a3 1ca593f1ddd74c7eabab8676647af840 164fa6fa12f64f1fac166893e00fa288 - - default default] Successfully bumped revision number for resource cf3206fb-fa1f-42c0-8de0-5fde6e103553 (type: routers) to 2
2026-07-07 04:46:05.205 10 INFO neutron.wsgi [None req-ac654035-2754-4440-bad2-9547505fa0a3 1ca593f1ddd74c7eabab8676647af840 164fa6fa12f64f1fac166893e00fa288 - - default default] 10.0.0.19 "POST /v2.0/routers HTTP/1.1" status: 201 len: 885 time: 2.1068020
2026-07-07 04:46:05.206 9 INFO neutron.plugins.ml2.drivers.ovn.mech_driver.mech_driver [None req-4e5bc2ae-3706-428d-bd8a-a74b8e2d2cf6 - - - - - -] OVN reports status up for port: 03e96d68-8305-41e7-ae43-d47bc13577e4
2026-07-07 04:46:05.216 9 INFO neutron.plugins.ml2.drivers.ovn.mech_driver.ovsdb.extensions.qos [None req-1065df3d-70b5-4bfa-97c5-0a7965733f6a - - - - - -] Starting OVNClientQosExtension
2026-07-07 04:46:05.244 9 INFO neutron.plugins.ml2.plugin [None req-4e5bc2ae-3706-428d-bd8a-a74b8e2d2cf6 - - - - - -] Attempt 1 to provision port 03e96d68-8305-41e7-ae43-d47bc13577e4
2026-07-07 04:46:05.283 10 INFO neutron.db.ovn_revision_numbers_db [None req-d754882a-3dff-4f11-b99e-c5bcd97099ee 1ca593f1ddd74c7eabab8676647af840 164fa6fa12f64f1fac166893e00fa288 - - default default] Successfully bumped revision number for resource 03e96d68-8305-41e7-ae43-d47bc13577e4 (type: router_ports) to 1
2026-07-07 04:46:05.423 10 INFO neutron.db.ovn_revision_numbers_db [None req-d754882a-3dff-4f11-b99e-c5bcd97099ee 1ca593f1ddd74c7eabab8676647af840 164fa6fa12f64f1fac166893e00fa288 - - default default] Successfully bumped revision number for resource 60d551c6-a610-472c-92b3-f2893cc64806 (type: routers) to 2
2026-07-07 04:46:05.451 10 INFO neutron.wsgi [None req-d754882a-3dff-4f11-b99e-c5bcd97099ee 1ca593f1ddd74c7eabab8676647af840 164fa6fa12f64f1fac166893e00fa288 - - default default] 10.0.0.19 "POST /v2.0/routers HTTP/1.1" status: 201 len: 882 time: 2.1834331
2026-07-07 04:46:05.545 10 INFO neutron.db.ovn_revision_numbers_db [None req-6ecc5e35-a2ab-4cf6-8150-1c1c0567448c 1ca593f1ddd74c7eabab8676647af840 164fa6fa12f64f1fac166893e00fa288 - - default default] Successfully bumped revision number for resource cbd3f0a7-e3b6-48ff-af3b-495a0b0b7716 (type: security_groups) to 1
2026-07-07 04:46:05.602 10 INFO neutron.db.ovn_revision_numbers_db [None req-6ecc5e35-a2ab-4cf6-8150-1c1c0567448c 1ca593f1ddd74c7eabab8676647af840 164fa6fa12f64f1fac166893e00fa288 - - default default] Successfully bumped revision number for resource 83f08217-b71a-4787-97f6-b9bfa456935a (type: security_group_rules) to 0
2026-07-07 04:46:05.657 10 INFO neutron.db.ovn_revision_numbers_db [None req-6ecc5e35-a2ab-4cf6-8150-1c1c0567448c 1ca593f1ddd74c7eabab8676647af840 164fa6fa12f64f1fac166893e00fa288 - - default default] Successfully bumped revision number for resource 8b93eb11-05ce-4438-bddd-5bb341250e1f (type: security_group_rules) to 0
2026-07-07 04:46:05.690 10 INFO neutron.db.ovn_revision_numbers_db [None req-6ecc5e35-a2ab-4cf6-8150-1c1c0567448c 1ca593f1ddd74c7eabab8676647af840 164fa6fa12f64f1fac166893e00fa288 - - default default] Successfully bumped revision number for resource 98967d8c-9f67-44cb-bfb8-127673bb8964 (type: security_group_rules) to 0
2026-07-07 04:46:05.690 9 INFO neutron.db.ovn_revision_numbers_db [None req-1065df3d-70b5-4bfa-97c5-0a7965733f6a - - - - - -] Successfully bumped revision number for resource 2376f635-a568-4e7f-93ac-c9976695db6e (type: ports) to 1
2026-07-07 04:46:05.741 10 INFO neutron.db.ovn_revision_numbers_db [None req-6ecc5e35-a2ab-4cf6-8150-1c1c0567448c 1ca593f1ddd74c7eabab8676647af840 164fa6fa12f64f1fac166893e00fa288 - - default default] Successfully bumped revision number for resource b3a208de-4296-4ece-bea4-89cc80f2ed66 (type: security_group_rules) to 0
2026-07-07 04:46:05.786 10 INFO neutron.db.ovn_revision_numbers_db [None req-baf9b71f-1efa-4a58-b118-773c8a3b381d 1ca593f1ddd74c7eabab8676647af840 164fa6fa12f64f1fac166893e00fa288 - - default default] Successfully bumped revision number for resource cf0c3970-c9ad-40a2-b289-d9b845c39ee2 (type: security_groups) to 1
2026-07-07 04:46:05.792 10 INFO neutron.wsgi [None req-6ecc5e35-a2ab-4cf6-8150-1c1c0567448c 1ca593f1ddd74c7eabab8676647af840 164fa6fa12f64f1fac166893e00fa288 - - default default] 10.0.0.19 "GET /v2.0/security-groups?tenant_id=c1bb8251b5f944dba049eb5dd39df33c&name=default HTTP/1.1" status: 200 len: 2992 time: 0.5290449
2026-07-07 04:46:05.830 10 INFO neutron.db.ovn_revision_numbers_db [None req-baf9b71f-1efa-4a58-b118-773c8a3b381d 1ca593f1ddd74c7eabab8676647af840 164fa6fa12f64f1fac166893e00fa288 - - default default] Successfully bumped revision number for resource 12fb40ee-af1c-4327-a192-5f5e733760dd (type: security_group_rules) to 0
2026-07-07 04:46:05.860 10 INFO neutron.db.ovn_revision_numbers_db [None req-baf9b71f-1efa-4a58-b118-773c8a3b381d 1ca593f1ddd74c7eabab8676647af840 164fa6fa12f64f1fac166893e00fa288 - - default default] Successfully bumped revision number for resource 1d9c4545-ccab-4898-bc19-101ff6285733 (type: security_group_rules) to 0
2026-07-07 04:46:05.892 10 INFO neutron.wsgi [-] 10.0.0.39 "GET / HTTP/1.1" status: 200 len: 247 time: 0.0016174
2026-07-07 04:46:05.894 10 INFO neutron.wsgi [-] 10.0.0.39 "GET / HTTP/1.1" status: 200 len: 247 time: 0.0010111
2026-07-07 04:46:05.900 10 INFO neutron.db.ovn_revision_numbers_db [None req-baf9b71f-1efa-4a58-b118-773c8a3b381d 1ca593f1ddd74c7eabab8676647af840 164fa6fa12f64f1fac166893e00fa288 - - default default] Successfully bumped revision number for resource 708bf193-cc9e-4213-8b88-4ba11e52964a (type: security_group_rules) to 0
2026-07-07 04:46:05.947 10 INFO neutron.db.ovn_revision_numbers_db [None req-baf9b71f-1efa-4a58-b118-773c8a3b381d 1ca593f1ddd74c7eabab8676647af840 164fa6fa12f64f1fac166893e00fa288 - - default default] Successfully bumped revision number for resource be1dcc18-5c0f-484d-b9a8-56a4595cc9de (type: security_group_rules) to 0
2026-07-07 04:46:05.995 9 INFO neutron.db.ovn_revision_numbers_db [None req-1065df3d-70b5-4bfa-97c5-0a7965733f6a - - - - - -] Successfully bumped revision number for resource 2376f635-a568-4e7f-93ac-c9976695db6e (type: router_ports) to 3
2026-07-07 04:46:06.029 10 INFO neutron.db.segments_db [None req-baf9b71f-1efa-4a58-b118-773c8a3b381d 1ca593f1ddd74c7eabab8676647af840 164fa6fa12f64f1fac166893e00fa288 - - default default] Added segment 0ce6cce4-1e38-4358-8f70-3124b325a913 of type geneve for network 5d4bce5e-4bc3-4c50-8d5a-751531632b2b
2026-07-07 04:46:06.089 10 WARNING neutron.scheduler.dhcp_agent_scheduler [None req-cac67ccc-cbc1-4910-9da7-81da121351b9 1ca593f1ddd74c7eabab8676647af840 164fa6fa12f64f1fac166893e00fa288 - - default default] No more DHCP agents
2026-07-07 04:46:06.100 10 WARNING neutron.api.rpc.agentnotifiers.dhcp_rpc_agent_api [None req-cac67ccc-cbc1-4910-9da7-81da121351b9 1ca593f1ddd74c7eabab8676647af840 164fa6fa12f64f1fac166893e00fa288 - - default default] Unable to schedule network 4b0eb128-2a01-49dc-aeb8-62941a0f8df6: no agents available; will retry on subsequent port and subnet creation events.
2026-07-07 04:46:06.101 9 INFO neutron.wsgi [None req-2df34839-48b0-4fda-86da-6b706c234040 1ca593f1ddd74c7eabab8676647af840 164fa6fa12f64f1fac166893e00fa288 - - default default] 10.0.0.19 "DELETE /v2.0/security-groups/cbd3f0a7-e3b6-48ff-af3b-495a0b0b7716 HTTP/1.1" status: 204 len: 168 time: 0.3037698
2026-07-07 04:46:06.131 9 INFO neutron.db.ovn_revision_numbers_db [None req-1065df3d-70b5-4bfa-97c5-0a7965733f6a - - - - - -] Successfully bumped revision number for resource 2376f635-a568-4e7f-93ac-c9976695db6e (type: ports) to 2
2026-07-07 04:46:06.341 10 INFO neutron.db.ovn_revision_numbers_db [None req-baf9b71f-1efa-4a58-b118-773c8a3b381d 1ca593f1ddd74c7eabab8676647af840 164fa6fa12f64f1fac166893e00fa288 - - default default] Successfully bumped revision number for resource 5d4bce5e-4bc3-4c50-8d5a-751531632b2b (type: networks) to 1
2026-07-07 04:46:06.353 10 WARNING neutron.scheduler.dhcp_agent_scheduler [None req-ade23bf7-5081-4bc5-aa68-3b24b9af6629 1ca593f1ddd74c7eabab8676647af840 164fa6fa12f64f1fac166893e00fa288 - - default default] No more DHCP agents
