2026-07-07 04:47:34.304 9 INFO neutron.wsgi [None req-c1832e11-77fc-43a3-afbf-4a73714056a2 d9b381593986484b9e0cd3ba13d9503e de9dfbcf1af84803aea908cb0ca74452 - - default default] 10.0.0.19 "DELETE /v2.0/networks/15e49b51-3a9d-4853-acc6-b7c24f0d82f1 HTTP/1.1" status: 404 len: 339 time: 0.0139680
2026-07-07 04:47:34.463 10 INFO neutron.wsgi [None req-9154fde4-ee82-4376-a545-d4d017a367b7 4cb874f795ce470e927b9a2098b86598 8799b96e9ec24e90a306a1817e1b9512 - - default default] 10.0.0.19 "GET /v2.0/networks HTTP/1.1" status: 200 len: 4633 time: 0.2623415
2026-07-07 04:47:34.729 9 INFO neutron.wsgi [None req-578f65c3-fb89-4241-b8ac-24f548893676 d9b381593986484b9e0cd3ba13d9503e de9dfbcf1af84803aea908cb0ca74452 - - default default] 10.0.0.19 "DELETE /v2.0/subnets/c8a9af42-0028-4a30-976e-e7768c2e68d6 HTTP/1.1" status: 204 len: 168 time: 0.4218118
2026-07-07 04:47:34.748 9 INFO neutron.wsgi [None req-089d7225-782e-4eb5-894b-8de63e230d6b 4cb874f795ce470e927b9a2098b86598 8799b96e9ec24e90a306a1817e1b9512 - - default default] 10.0.0.19 "GET /v2.0/subnets HTTP/1.1" status: 200 len: 2753 time: 0.2802324
2026-07-07 04:47:34.885 9 INFO neutron.wsgi [None req-bef2cc72-4620-4d38-a5ee-55386533102b 4cb874f795ce470e927b9a2098b86598 8799b96e9ec24e90a306a1817e1b9512 - - default default] 10.0.0.19 "GET /v2.0/routers HTTP/1.1" status: 200 len: 1552 time: 0.1327560
2026-07-07 04:47:35.086 10 INFO neutron.db.ovn_revision_numbers_db [None req-9dad002a-f20e-431a-93cc-da06be80c41a a95b9e60bca042d3bdf9dcd42dc205e2 8dfee278ac48403aa96e1d75322454da - - default default] Successfully bumped revision number for resource 678bac4c-8e93-447a-b0b8-34ece0ab808b (type: security_groups) to 1
2026-07-07 04:47:35.101 10 INFO neutron.db.ovn_revision_numbers_db [None req-9dad002a-f20e-431a-93cc-da06be80c41a a95b9e60bca042d3bdf9dcd42dc205e2 8dfee278ac48403aa96e1d75322454da - - default default] Successfully bumped revision number for resource 2f39ea3f-fc7a-4b55-9df9-5c071a05d859 (type: security_group_rules) to 0
2026-07-07 04:47:35.131 10 INFO neutron.db.ovn_revision_numbers_db [None req-9dad002a-f20e-431a-93cc-da06be80c41a a95b9e60bca042d3bdf9dcd42dc205e2 8dfee278ac48403aa96e1d75322454da - - default default] Successfully bumped revision number for resource 9fce812c-15e8-4fe1-b7e2-c605097e023a (type: security_group_rules) to 0
2026-07-07 04:47:35.154 10 INFO neutron.wsgi [None req-9dad002a-f20e-431a-93cc-da06be80c41a a95b9e60bca042d3bdf9dcd42dc205e2 8dfee278ac48403aa96e1d75322454da - - default default] 10.0.0.19 "POST /v2.0/security-groups HTTP/1.1" status: 201 len: 1811 time: 0.2141395
2026-07-07 04:47:35.178 10 INFO neutron.wsgi [None req-88cb6e69-3082-4b9f-962f-3c17f793f54d d9b381593986484b9e0cd3ba13d9503e de9dfbcf1af84803aea908cb0ca74452 - - default default] 10.0.0.19 "DELETE /v2.0/networks/8d8e6c99-eea6-41fc-97b1-bdc870e57812 HTTP/1.1" status: 204 len: 168 time: 0.4431741
2026-07-07 04:47:35.287 9 INFO neutron.db.ovn_revision_numbers_db [None req-854c2ac0-ecfb-4db2-9b78-a5bb0d520e89 a95b9e60bca042d3bdf9dcd42dc205e2 8dfee278ac48403aa96e1d75322454da - - default default] Successfully bumped revision number for resource c43e0bf5-8d1e-4112-8d74-09adb0852cdb (type: security_group_rules) to 0
2026-07-07 04:47:35.310 9 INFO neutron.wsgi [None req-854c2ac0-ecfb-4db2-9b78-a5bb0d520e89 a95b9e60bca042d3bdf9dcd42dc205e2 8dfee278ac48403aa96e1d75322454da - - default default] 10.0.0.19 "POST /v2.0/security-group-rules HTTP/1.1" status: 201 len: 764 time: 0.1444113
2026-07-07 04:47:35.424 9 INFO neutron.db.ovn_revision_numbers_db [None req-bfdb93ba-3f1f-4b16-b992-1cfae6445f9c a95b9e60bca042d3bdf9dcd42dc205e2 8dfee278ac48403aa96e1d75322454da - - default default] Successfully bumped revision number for resource ed7bc2bd-47ff-4e9e-a0d6-f33228aa73bb (type: security_group_rules) to 0
2026-07-07 04:47:35.449 9 INFO neutron.wsgi [None req-bfdb93ba-3f1f-4b16-b992-1cfae6445f9c a95b9e60bca042d3bdf9dcd42dc205e2 8dfee278ac48403aa96e1d75322454da - - default default] 10.0.0.19 "POST /v2.0/security-group-rules HTTP/1.1" status: 201 len: 763 time: 0.1338489
2026-07-07 04:47:35.570 9 INFO neutron.db.ovn_revision_numbers_db [None req-652d632c-e265-4eeb-b8e4-69a354909081 a95b9e60bca042d3bdf9dcd42dc205e2 8dfee278ac48403aa96e1d75322454da - - default default] Successfully bumped revision number for resource 066ea044-ed56-499f-af06-7ff116ef00d7 (type: security_group_rules) to 0
2026-07-07 04:47:35.595 9 INFO neutron.wsgi [None req-652d632c-e265-4eeb-b8e4-69a354909081 a95b9e60bca042d3bdf9dcd42dc205e2 8dfee278ac48403aa96e1d75322454da - - default default] 10.0.0.19 "POST /v2.0/security-group-rules HTTP/1.1" status: 201 len: 769 time: 0.1411133
2026-07-07 04:47:35.678 10 INFO neutron.db.ovn_revision_numbers_db [None req-ada324f6-8a03-4154-9fb4-056a2817e59f 1ca593f1ddd74c7eabab8676647af840 164fa6fa12f64f1fac166893e00fa288 - - default default] Successfully bumped revision number for resource d08e21e2-afa9-4078-88d7-5fbdfd88f284 (type: security_groups) to 1
2026-07-07 04:47:35.693 10 INFO neutron.db.ovn_revision_numbers_db [None req-ada324f6-8a03-4154-9fb4-056a2817e59f 1ca593f1ddd74c7eabab8676647af840 164fa6fa12f64f1fac166893e00fa288 - - default default] Successfully bumped revision number for resource 05e69260-7e35-444e-8eff-5bb5cb3acbca (type: security_group_rules) to 0
2026-07-07 04:47:35.708 10 INFO neutron.db.ovn_revision_numbers_db [None req-ada324f6-8a03-4154-9fb4-056a2817e59f 1ca593f1ddd74c7eabab8676647af840 164fa6fa12f64f1fac166893e00fa288 - - default default] Successfully bumped revision number for resource 7d45e7dd-4631-4fef-aea7-bcea97ddd2a6 (type: security_group_rules) to 0
2026-07-07 04:47:35.721 10 INFO neutron.db.ovn_revision_numbers_db [None req-ada324f6-8a03-4154-9fb4-056a2817e59f 1ca593f1ddd74c7eabab8676647af840 164fa6fa12f64f1fac166893e00fa288 - - default default] Successfully bumped revision number for resource a26d4b86-2839-4613-b76b-fb7c4f8285b7 (type: security_group_rules) to 0
2026-07-07 04:47:35.735 10 INFO neutron.db.ovn_revision_numbers_db [None req-ada324f6-8a03-4154-9fb4-056a2817e59f 1ca593f1ddd74c7eabab8676647af840 164fa6fa12f64f1fac166893e00fa288 - - default default] Successfully bumped revision number for resource f3dbfb3b-2aca-41c5-9f72-cfab182b61fa (type: security_group_rules) to 0
2026-07-07 04:47:35.741 9 INFO neutron.db.ovn_revision_numbers_db [None req-7cacbc19-3ad1-4e0e-b3bf-3b51982268ce a95b9e60bca042d3bdf9dcd42dc205e2 8dfee278ac48403aa96e1d75322454da - - default default] Successfully bumped revision number for resource 32c55f7f-07bd-4630-924c-ec7e4a64556c (type: security_group_rules) to 0
2026-07-07 04:47:35.762 10 INFO neutron.services.segments.plugin [-] Segment 60d8301f-00a8-4af2-bfeb-41f121ea166e resource provider aggregate not found
2026-07-07 04:47:35.765 9 INFO neutron.wsgi [None req-7cacbc19-3ad1-4e0e-b3bf-3b51982268ce a95b9e60bca042d3bdf9dcd42dc205e2 8dfee278ac48403aa96e1d75322454da - - default default] 10.0.0.19 "POST /v2.0/security-group-rules HTTP/1.1" status: 201 len: 768 time: 0.1645868
2026-07-07 04:47:35.769 10 INFO neutron.services.segments.plugin [-] Segment 60d8301f-00a8-4af2-bfeb-41f121ea166e resource provider aggregate not found
2026-07-07 04:47:35.774 10 INFO neutron.wsgi [None req-ada324f6-8a03-4154-9fb4-056a2817e59f 1ca593f1ddd74c7eabab8676647af840 164fa6fa12f64f1fac166893e00fa288 - - default default] 10.0.0.19 "GET /v2.0/security-groups?tenant_id=6163b980723a48358d19770b4102276e&name=default HTTP/1.1" status: 200 len: 2996 time: 0.4250858
2026-07-07 04:47:35.785 10 INFO neutron.services.segments.plugin [-] Segment 60d8301f-00a8-4af2-bfeb-41f121ea166e resource provider not found; error: Placement Client Error (4xx): {"errors": [{"status": 404, "title": "Not Found", "detail": "The resource could not be found.\n\n No resource provider with uuid 60d8301f-00a8-4af2-bfeb-41f121ea166e found for delete ", "request_id": "req-b8c17b09-e6a1-453d-a4c2-82769065b7e6"}]}
2026-07-07 04:47:35.787 10 INFO neutron.services.segments.plugin [-] Segment 60d8301f-00a8-4af2-bfeb-41f121ea166e resource provider not found; error: Placement Client Error (4xx): {"errors": [{"status": 404, "title": "Not Found", "detail": "The resource could not be found.\n\n No resource provider with uuid 60d8301f-00a8-4af2-bfeb-41f121ea166e found for delete ", "request_id": "req-9e5c2667-558a-42ca-aac4-cb4b994195db"}]}
2026-07-07 04:47:35.798 9 INFO neutron.db.securitygroups_db [None req-f33fa881-47cf-4978-9f08-27abdaf061d0 a95b9e60bca042d3bdf9dcd42dc205e2 8dfee278ac48403aa96e1d75322454da - - default default] Project 8dfee278ac48403aa96e1d75322454da added a security group rule with legacy IPv6 ICMP protocol name icmp, ipv6-icmp should be used instead. It was automatically converted.
2026-07-07 04:47:35.812 9 INFO neutron.wsgi [None req-3473f68e-677c-40f0-bb33-7c4480ce61d9 1ca593f1ddd74c7eabab8676647af840 164fa6fa12f64f1fac166893e00fa288 - - default default] 10.0.0.19 "GET /v2.0/security-groups?tenant_id=de9dfbcf1af84803aea908cb0ca74452&name=default HTTP/1.1" status: 200 len: 2996 time: 0.1380022
2026-07-07 04:47:35.890 9 INFO neutron.wsgi [-] 10.0.0.39 "GET / HTTP/1.1" status: 200 len: 247 time: 0.0011933
2026-07-07 04:47:35.892 9 INFO neutron.wsgi [-] 10.0.0.39 "GET / HTTP/1.1" status: 200 len: 247 time: 0.0008605
2026-07-07 04:47:35.929 9 INFO neutron.db.ovn_revision_numbers_db [None req-f33fa881-47cf-4978-9f08-27abdaf061d0 a95b9e60bca042d3bdf9dcd42dc205e2 8dfee278ac48403aa96e1d75322454da - - default default] Successfully bumped revision number for resource ed715207-6837-41ac-877e-cf0caa15a086 (type: security_group_rules) to 0
2026-07-07 04:47:35.961 9 INFO neutron.wsgi [None req-f33fa881-47cf-4978-9f08-27abdaf061d0 a95b9e60bca042d3bdf9dcd42dc205e2 8dfee278ac48403aa96e1d75322454da - - default default] 10.0.0.19 "POST /v2.0/security-group-rules HTTP/1.1" status: 201 len: 774 time: 0.1916776
2026-07-07 04:47:35.989 9 INFO neutron.db.securitygroups_db [None req-be702b5d-b382-4af4-9b63-f898996fceca a95b9e60bca042d3bdf9dcd42dc205e2 8dfee278ac48403aa96e1d75322454da - - default default] Project 8dfee278ac48403aa96e1d75322454da added a security group rule with legacy IPv6 ICMP protocol name icmp, ipv6-icmp should be used instead. It was automatically converted.
2026-07-07 04:47:36.011 10 INFO neutron.wsgi [None req-e8c1fb40-033a-456a-a870-e19e8433b77f 1ca593f1ddd74c7eabab8676647af840 164fa6fa12f64f1fac166893e00fa288 - - default default] 10.0.0.19 "DELETE /v2.0/security-groups/d08e21e2-afa9-4078-88d7-5fbdfd88f284 HTTP/1.1" status: 204 len: 168 time: 0.2317278
2026-07-07 04:47:36.037 9 INFO neutron.wsgi [None req-5703976f-c822-41fc-b091-dfce0ddafabb 1ca593f1ddd74c7eabab8676647af840 164fa6fa12f64f1fac166893e00fa288 - - default default] 10.0.0.19 "DELETE /v2.0/security-groups/5bba315c-6cb7-4cc1-83cc-924369902460 HTTP/1.1" status: 204 len: 168 time: 0.2182527
2026-07-07 04:47:36.073 9 INFO neutron.db.ovn_revision_numbers_db [None req-be702b5d-b382-4af4-9b63-f898996fceca a95b9e60bca042d3bdf9dcd42dc205e2 8dfee278ac48403aa96e1d75322454da - - default default] Successfully bumped revision number for resource e83f4f93-0c47-4d70-98c4-9d8a1b0a26c8 (type: security_group_rules) to 0
2026-07-07 04:47:36.091 9 INFO neutron.wsgi [None req-be702b5d-b382-4af4-9b63-f898996fceca a95b9e60bca042d3bdf9dcd42dc205e2 8dfee278ac48403aa96e1d75322454da - - default default] 10.0.0.19 "POST /v2.0/security-group-rules HTTP/1.1" status: 201 len: 773 time: 0.1249716
2026-07-07 04:47:36.232 9 INFO neutron.db.ovn_revision_numbers_db [None req-0f1a5492-2b1c-4661-846b-46e1acebed1e 1ca593f1ddd74c7eabab8676647af840 164fa6fa12f64f1fac166893e00fa288 - - default default] Successfully bumped revision number for resource 7cbf4850-e301-4e4c-8c9f-f649a9c8e4e1 (type: security_groups) to 1
2026-07-07 04:47:36.245 9 INFO neutron.db.ovn_revision_numbers_db [None req-0f1a5492-2b1c-4661-846b-46e1acebed1e 1ca593f1ddd74c7eabab8676647af840 164fa6fa12f64f1fac166893e00fa288 - - default default] Successfully bumped revision number for resource 4604820a-61e6-4ec1-af36-fd0b9e01d236 (type: security_group_rules) to 0
2026-07-07 04:47:36.257 9 INFO neutron.db.ovn_revision_numbers_db [None req-0f1a5492-2b1c-4661-846b-46e1acebed1e 1ca593f1ddd74c7eabab8676647af840 164fa6fa12f64f1fac166893e00fa288 - - default default] Successfully bumped revision number for resource 64d4ccad-6abc-41e0-af5f-c72d1ec531bd (type: security_group_rules) to 0
2026-07-07 04:47:36.268 9 INFO neutron.db.ovn_revision_numbers_db [None req-0f1a5492-2b1c-4661-846b-46e1acebed1e 1ca593f1ddd74c7eabab8676647af840 164fa6fa12f64f1fac166893e00fa288 - - default default] Successfully bumped revision number for resource 8d62040b-36bc-45e6-b03a-60aeb1f8bc14 (type: security_group_rules) to 0
2026-07-07 04:47:36.280 9 INFO neutron.db.ovn_revision_numbers_db [None req-0f1a5492-2b1c-4661-846b-46e1acebed1e 1ca593f1ddd74c7eabab8676647af840 164fa6fa12f64f1fac166893e00fa288 - - default default] Successfully bumped revision number for resource e9ba7014-555b-4781-b0dd-e098fb5db848 (type: security_group_rules) to 0
2026-07-07 04:47:36.301 9 INFO neutron.wsgi [None req-0f1a5492-2b1c-4661-846b-46e1acebed1e 1ca593f1ddd74c7eabab8676647af840 164fa6fa12f64f1fac166893e00fa288 - - default default] 10.0.0.19 "GET /v2.0/security-groups?tenant_id=25ade2967a18445fb0ece1b448e427e3&name=default HTTP/1.1" status: 200 len: 2996 time: 0.1795733
2026-07-07 04:47:36.490 9 INFO neutron.wsgi [None req-15eac42c-ee91-4b1a-8cb9-0491824fead8 1ca593f1ddd74c7eabab8676647af840 164fa6fa12f64f1fac166893e00fa288 - - default default] 10.0.0.19 "DELETE /v2.0/security-groups/7cbf4850-e301-4e4c-8c9f-f649a9c8e4e1 HTTP/1.1" status: 204 len: 168 time: 0.1834490
2026-07-07 04:47:36.847 9 INFO neutron.wsgi [None req-072ce9ab-4b17-42dc-970f-f0a5fe9cc44e a95b9e60bca042d3bdf9dcd42dc205e2 8dfee278ac48403aa96e1d75322454da - - default default] 10.0.0.19 "GET /v2.0/networks HTTP/1.1" status: 200 len: 1493 time: 0.3943315
2026-07-07 04:47:36.976 9 INFO neutron.wsgi [req-317cff0d-0a9a-4740-9509-f67526facf11 req-a5a6044b-dd5c-4fad-9daa-aa3828f7dd65 a95b9e60bca042d3bdf9dcd42dc205e2 8dfee278ac48403aa96e1d75322454da - - default default] 10.0.0.129 "GET /v2.0/security-groups?name=tempest-secgroup-smoke-1943327847&fields=id&tenant_id=8dfee278ac48403aa96e1d75322454da HTTP/1.1" status: 200 len: 267 time: 0.0376782
2026-07-07 04:47:37.036 9 INFO neutron.wsgi [req-317cff0d-0a9a-4740-9509-f67526facf11 req-0feb96ab-87d1-4da5-b6ab-bfbc0e6b7f24 a95b9e60bca042d3bdf9dcd42dc205e2 8dfee278ac48403aa96e1d75322454da - - default default] 10.0.0.129 "GET /v2.0/networks?id=ba311541-2d90-4537-83c7-a2f2a01b28a6 HTTP/1.1" status: 200 len: 860 time: 0.0545118
2026-07-07 04:47:37.052 9 INFO neutron.wsgi [req-317cff0d-0a9a-4740-9509-f67526facf11 req-5594a67e-00d9-47d1-a2a6-20e542f6dfbe a95b9e60bca042d3bdf9dcd42dc205e2 8dfee278ac48403aa96e1d75322454da - - default default] 10.0.0.129 "GET /v2.0/quotas/8dfee278ac48403aa96e1d75322454da HTTP/1.1" status: 200 len: 386 time: 0.0084095
2026-07-07 04:47:37.153 9 INFO neutron.wsgi [req-317cff0d-0a9a-4740-9509-f67526facf11 req-d25c1ad3-56c2-4e52-ad06-13d73ff63d08 a95b9e60bca042d3bdf9dcd42dc205e2 8dfee278ac48403aa96e1d75322454da - - default default] 10.0.0.129 "GET /v2.0/ports?tenant_id=8dfee278ac48403aa96e1d75322454da&fields=id HTTP/1.1" status: 200 len: 302 time: 0.0954928
2026-07-07 04:47:37.223 9 INFO neutron.wsgi [req-317cff0d-0a9a-4740-9509-f67526facf11 req-b2cff235-1169-4c10-94aa-2fc0d88e3eae 3ea0a39635114086bda3cf1522cc0494 1f66e9477f4a452f96ebceff078cafb8 - - eba47cdcf001454d92b9bf2f241a4b09 eba47cdcf001454d92b9bf2f241a4b09] 10.0.0.129 "GET /v2.0/networks/ba311541-2d90-4537-83c7-a2f2a01b28a6?fields=segments HTTP/1.1" status: 200 len: 212 time: 0.0529478
2026-07-07 04:47:37.277 9 INFO neutron.wsgi [req-317cff0d-0a9a-4740-9509-f67526facf11 req-00d27c37-cbdb-4fc1-a164-beed2f473e74 3ea0a39635114086bda3cf1522cc0494 1f66e9477f4a452f96ebceff078cafb8 - - eba47cdcf001454d92b9bf2f241a4b09 eba47cdcf001454d92b9bf2f241a4b09] 10.0.0.129 "GET /v2.0/networks/ba311541-2d90-4537-83c7-a2f2a01b28a6?fields=provider%3Aphysical_network&fields=provider%3Anetwork_type HTTP/1.1" status: 200 len: 277 time: 0.0475147
2026-07-07 04:47:37.410 9 INFO neutron.wsgi [req-052d06ce-fada-4af6-9c0c-d8c05902333c req-63101f6a-dbce-4f6a-943f-94662344fdb0 a95b9e60bca042d3bdf9dcd42dc205e2 8dfee278ac48403aa96e1d75322454da - - default default] 10.0.0.129 "GET /v2.0/ports?device_id=2f90f277-114e-477e-934a-7c93c287fe19 HTTP/1.1" status: 200 len: 210 time: 0.0221248
2026-07-07 04:47:38.126 10 INFO neutron.wsgi [req-317cff0d-0a9a-4740-9509-f67526facf11 req-1f96f533-7107-4be1-b1c7-dca77afcea67 a95b9e60bca042d3bdf9dcd42dc205e2 8dfee278ac48403aa96e1d75322454da - - default default] 199.204.45.95 "GET /v2.0/networks?id=ba311541-2d90-4537-83c7-a2f2a01b28a6 HTTP/1.1" status: 200 len: 860 time: 0.0722158
2026-07-07 04:47:38.179 10 INFO neutron.wsgi [req-317cff0d-0a9a-4740-9509-f67526facf11 req-7a3a9c1d-a277-46d6-8de9-4b3f49c4b1b3 a95b9e60bca042d3bdf9dcd42dc205e2 8dfee278ac48403aa96e1d75322454da - - default default] 199.204.45.95 "GET /v2.0/security-groups?fields=id&fields=name&tenant_id=8dfee278ac48403aa96e1d75322454da HTTP/1.1" status: 200 len: 380 time: 0.0458920
2026-07-07 04:47:38.310 9 INFO neutron.db.ovn_revision_numbers_db [None req-1624b3b6-17b0-4ee8-9dec-0f83b16f6e82 7597cb3cdd714be584753b7c4f3f014b 518c3cad7d5c4a17a884ed968d70cbd5 - - default default] Successfully bumped revision number for resource f742f9de-7349-4379-8915-8357a1ace25a (type: security_groups) to 1
2026-07-07 04:47:38.327 9 INFO neutron.db.ovn_revision_numbers_db [None req-1624b3b6-17b0-4ee8-9dec-0f83b16f6e82 7597cb3cdd714be584753b7c4f3f014b 518c3cad7d5c4a17a884ed968d70cbd5 - - default default] Successfully bumped revision number for resource 06fd9250-e7fe-409d-b09c-dd8977248007 (type: security_group_rules) to 0
2026-07-07 04:47:38.348 9 INFO neutron.db.ovn_revision_numbers_db [None req-1624b3b6-17b0-4ee8-9dec-0f83b16f6e82 7597cb3cdd714be584753b7c4f3f014b 518c3cad7d5c4a17a884ed968d70cbd5 - - default default] Successfully bumped revision number for resource 6f2a208c-8054-41a9-98a7-f9a52a19eb51 (type: security_group_rules) to 0
2026-07-07 04:47:38.377 9 INFO neutron.db.ovn_revision_numbers_db [None req-1624b3b6-17b0-4ee8-9dec-0f83b16f6e82 7597cb3cdd714be584753b7c4f3f014b 518c3cad7d5c4a17a884ed968d70cbd5 - - default default] Successfully bumped revision number for resource aeec7dbf-2ef4-4bb1-9fb8-98e4e34ee697 (type: security_group_rules) to 0
2026-07-07 04:47:38.397 9 INFO neutron.db.ovn_revision_numbers_db [None req-1624b3b6-17b0-4ee8-9dec-0f83b16f6e82 7597cb3cdd714be584753b7c4f3f014b 518c3cad7d5c4a17a884ed968d70cbd5 - - default default] Successfully bumped revision number for resource cbbdbf4a-04d9-4d55-95a7-03f4803675a4 (type: security_group_rules) to 0
2026-07-07 04:47:38.507 9 INFO neutron.wsgi [req-be9ae25d-006c-4e1d-b04a-3f73773cc926 req-f6a06a30-1f0c-4207-b5ee-b6b4f29bc2d9 a95b9e60bca042d3bdf9dcd42dc205e2 8dfee278ac48403aa96e1d75322454da - - default default] 10.0.0.129 "GET /v2.0/ports?device_id=2f90f277-114e-477e-934a-7c93c287fe19 HTTP/1.1" status: 200 len: 210 time: 0.0275319
2026-07-07 04:47:38.509 9 INFO neutron.db.ovn_revision_numbers_db [None req-1624b3b6-17b0-4ee8-9dec-0f83b16f6e82 7597cb3cdd714be584753b7c4f3f014b 518c3cad7d5c4a17a884ed968d70cbd5 - - default default] Successfully bumped revision number for resource 944e28fc-38e4-47e2-b3a5-568d3cfb2d9b (type: security_groups) to 1
2026-07-07 04:47:38.522 9 INFO neutron.db.ovn_revision_numbers_db [None req-1624b3b6-17b0-4ee8-9dec-0f83b16f6e82 7597cb3cdd714be584753b7c4f3f014b 518c3cad7d5c4a17a884ed968d70cbd5 - - default default] Successfully bumped revision number for resource 1aac4bd7-7ee3-4ed4-b056-45de68178c49 (type: security_group_rules) to 0
2026-07-07 04:47:38.537 9 INFO neutron.db.ovn_revision_numbers_db [None req-1624b3b6-17b0-4ee8-9dec-0f83b16f6e82 7597cb3cdd714be584753b7c4f3f014b 518c3cad7d5c4a17a884ed968d70cbd5 - - default default] Successfully bumped revision number for resource d8d99662-f05d-42f6-9715-6a3a5aa0dd1b (type: security_group_rules) to 0
2026-07-07 04:47:38.562 9 INFO neutron.wsgi [None req-1624b3b6-17b0-4ee8-9dec-0f83b16f6e82 7597cb3cdd714be584753b7c4f3f014b 518c3cad7d5c4a17a884ed968d70cbd5 - - default default] 10.0.0.19 "POST /v2.0/security-groups HTTP/1.1" status: 201 len: 1761 time: 0.6479301
2026-07-07 04:47:38.568 10 WARNING neutron.scheduler.dhcp_agent_scheduler [req-317cff0d-0a9a-4740-9509-f67526facf11 req-60f024ae-daa1-43fc-9d4a-bc68b3b69f9a a95b9e60bca042d3bdf9dcd42dc205e2 8dfee278ac48403aa96e1d75322454da - - default default] No more DHCP agents
2026-07-07 04:47:38.570 10 WARNING neutron.api.rpc.agentnotifiers.dhcp_rpc_agent_api [req-317cff0d-0a9a-4740-9509-f67526facf11 req-60f024ae-daa1-43fc-9d4a-bc68b3b69f9a a95b9e60bca042d3bdf9dcd42dc205e2 8dfee278ac48403aa96e1d75322454da - - default default] Unable to schedule network ba311541-2d90-4537-83c7-a2f2a01b28a6: no agents available; will retry on subsequent port and subnet creation events.
2026-07-07 04:47:38.610 9 INFO neutron.wsgi [None req-9e124080-1529-4952-a795-136727725d66 7597cb3cdd714be584753b7c4f3f014b 518c3cad7d5c4a17a884ed968d70cbd5 - - default default] 10.0.0.19 "GET /v2.0/security-groups HTTP/1.1" status: 200 len: 4539 time: 0.0427437
2026-07-07 04:47:38.735 9 INFO neutron.db.ovn_revision_numbers_db [None req-73b7b6c5-9e68-4881-a900-08b022199213 7597cb3cdd714be584753b7c4f3f014b 518c3cad7d5c4a17a884ed968d70cbd5 - - default default] Successfully bumped revision number for resource 944e28fc-38e4-47e2-b3a5-568d3cfb2d9b (type: security_groups) to 2
2026-07-07 04:47:38.739 9 INFO neutron.wsgi [None req-73b7b6c5-9e68-4881-a900-08b022199213 7597cb3cdd714be584753b7c4f3f014b 518c3cad7d5c4a17a884ed968d70cbd5 - - default default] 10.0.0.19 "PUT /v2.0/security-groups/944e28fc-38e4-47e2-b3a5-568d3cfb2d9b HTTP/1.1" status: 200 len: 1794 time: 0.1245282
2026-07-07 04:47:38.743 10 INFO neutron.db.ovn_revision_numbers_db [req-317cff0d-0a9a-4740-9509-f67526facf11 req-60f024ae-daa1-43fc-9d4a-bc68b3b69f9a a95b9e60bca042d3bdf9dcd42dc205e2 8dfee278ac48403aa96e1d75322454da - - default default] Successfully bumped revision number for resource 49eaad67-ea65-42f2-a8ae-785265f94129 (type: ports) to 1
2026-07-07 04:47:38.768 10 INFO neutron.wsgi [req-317cff0d-0a9a-4740-9509-f67526facf11 req-60f024ae-daa1-43fc-9d4a-bc68b3b69f9a a95b9e60bca042d3bdf9dcd42dc205e2 8dfee278ac48403aa96e1d75322454da - - default default] 199.204.45.95 "POST /v2.0/ports HTTP/1.1" status: 201 len: 1158 time: 0.5862219
2026-07-07 04:47:38.777 9 INFO neutron.wsgi [None req-b4940414-1161-43b9-aba6-c5ce3f5f8353 7597cb3cdd714be584753b7c4f3f014b 518c3cad7d5c4a17a884ed968d70cbd5 - - default default] 10.0.0.19 "GET /v2.0/security-groups/944e28fc-38e4-47e2-b3a5-568d3cfb2d9b HTTP/1.1" status: 200 len: 1794 time: 0.0324311 /var/lib/openstack/lib/python3.10/site-packages/pycadf/identifier.py:71: UserWarning: Invalid uuid: neutron. To ensure interoperability, identifiers should be a valid uuid. warnings.warn(('Invalid uuid: %s. To ensure interoperability, '
2026-07-07 04:47:38.915 9 INFO neutron.wsgi [None req-831eddd3-66e9-4fc6-b78b-69d27857738c 7597cb3cdd714be584753b7c4f3f014b 518c3cad7d5c4a17a884ed968d70cbd5 - - default default] 10.0.0.19 "DELETE /v2.0/security-groups/944e28fc-38e4-47e2-b3a5-568d3cfb2d9b HTTP/1.1" status: 204 len: 168 time: 0.1296270
2026-07-07 04:47:38.949 9 INFO neutron.wsgi [None req-ca688962-f998-4023-abf9-2f7c2da3fdf3 7597cb3cdd714be584753b7c4f3f014b 518c3cad7d5c4a17a884ed968d70cbd5 - - default default] 10.0.0.19 "GET /v2.0/security-groups HTTP/1.1" status: 200 len: 2996 time: 0.0309350
2026-07-07 04:47:38.964 9 INFO neutron.api.v2.resource [None req-6799b708-fb53-4150-9084-230f0b0b56be 7597cb3cdd714be584753b7c4f3f014b 518c3cad7d5c4a17a884ed968d70cbd5 - - default default] delete failed (client error): The resource could not be found.
2026-07-07 04:47:38.966 9 INFO neutron.wsgi [None req-6799b708-fb53-4150-9084-230f0b0b56be 7597cb3cdd714be584753b7c4f3f014b 518c3cad7d5c4a17a884ed968d70cbd5 - - default default] 10.0.0.19 "DELETE /v2.0/security-groups/944e28fc-38e4-47e2-b3a5-568d3cfb2d9b HTTP/1.1" status: 404 len: 347 time: 0.0104816
2026-07-07 04:47:39.088 9 INFO neutron.db.ovn_revision_numbers_db [None req-92ff6430-11e9-455e-95db-ca73231d641f 7597cb3cdd714be584753b7c4f3f014b 518c3cad7d5c4a17a884ed968d70cbd5 - - default default] Successfully bumped revision number for resource b7b4a11d-5f77-4de0-9c50-b35aab8824e3 (type: security_groups) to 1
2026-07-07 04:47:39.111 9 INFO neutron.db.ovn_revision_numbers_db [None req-92ff6430-11e9-455e-95db-ca73231d641f 7597cb3cdd714be584753b7c4f3f014b 518c3cad7d5c4a17a884ed968d70cbd5 - - default default] Successfully bumped revision number for resource 3ee42021-07fa-4b42-914c-a1de5e4a2310 (type: security_group_rules) to 0
2026-07-07 04:47:39.127 9 INFO neutron.db.ovn_revision_numbers_db [None req-92ff6430-11e9-455e-95db-ca73231d641f 7597cb3cdd714be584753b7c4f3f014b 518c3cad7d5c4a17a884ed968d70cbd5 - - default default] Successfully bumped revision number for resource a6ce4e0d-6a27-49a0-b3e4-a333d1457b6e (type: security_group_rules) to 0
2026-07-07 04:47:39.147 9 INFO neutron.wsgi [None req-92ff6430-11e9-455e-95db-ca73231d641f 7597cb3cdd714be584753b7c4f3f014b 518c3cad7d5c4a17a884ed968d70cbd5 - - default default] 10.0.0.19 "POST /v2.0/security-groups HTTP/1.1" status: 201 len: 1760 time: 0.1742067 /var/lib/openstack/lib/python3.10/site-packages/pycadf/identifier.py:71: UserWarning: Invalid uuid: neutron. To ensure interoperability, identifiers should be a valid uuid. warnings.warn(('Invalid uuid: %s. To ensure interoperability, '
2026-07-07 04:47:39.164 9 WARNING neutron.plugins.ml2.drivers.ovn.mech_driver.ovsdb.ovn_client [None req-4e5bc2ae-3706-428d-bd8a-a74b8e2d2cf6 - - - - - -] No hosting information found for port 70f49319-2eae-4642-9f7b-19e01a2ebc04: RuntimeError: No hosting information found for port 70f49319-2eae-4642-9f7b-19e01a2ebc04
2026-07-07 04:47:39.265 10 INFO neutron.db.ovn_revision_numbers_db [req-317cff0d-0a9a-4740-9509-f67526facf11 req-0a58c8cd-4174-4512-8555-7cd6eafa2a0c 3ea0a39635114086bda3cf1522cc0494 1f66e9477f4a452f96ebceff078cafb8 - - eba47cdcf001454d92b9bf2f241a4b09 eba47cdcf001454d92b9bf2f241a4b09] Successfully bumped revision number for resource 49eaad67-ea65-42f2-a8ae-785265f94129 (type: ports) to 2
2026-07-07 04:47:39.337 10 INFO neutron.db.ovn_revision_numbers_db [None req-4c67150e-393f-4de5-8dbe-6cb21928f495 7597cb3cdd714be584753b7c4f3f014b 518c3cad7d5c4a17a884ed968d70cbd5 - - default default] Successfully bumped revision number for resource d7b9f00e-4006-4bc2-a0e5-e8962ca75f60 (type: security_group_rules) to 0
2026-07-07 04:47:39.376 10 INFO neutron.wsgi [None req-4c67150e-393f-4de5-8dbe-6cb21928f495 7597cb3cdd714be584753b7c4f3f014b 518c3cad7d5c4a17a884ed968d70cbd5 - - default default] 10.0.0.19 "POST /v2.0/security-group-rules HTTP/1.1" status: 201 len: 768 time: 0.2242119
2026-07-07 04:47:39.400 9 INFO neutron.wsgi [None req-011f33a3-f994-44b2-b684-c3a339e85efa 7597cb3cdd714be584753b7c4f3f014b 518c3cad7d5c4a17a884ed968d70cbd5 - - default default] 10.0.0.19 "GET /v2.0/security-group-rules/d7b9f00e-4006-4bc2-a0e5-e8962ca75f60 HTTP/1.1" status: 200 len: 763 time: 0.0164373
2026-07-07 04:47:39.448 9 INFO neutron.wsgi [None req-a84e03dc-56da-45c3-ba0c-9d3b09187b94 7597cb3cdd714be584753b7c4f3f014b 518c3cad7d5c4a17a884ed968d70cbd5 - - default default] 10.0.0.19 "GET /v2.0/security-group-rules HTTP/1.1" status: 200 len: 4113 time: 0.0426736
2026-07-07 04:47:39.499 10 INFO neutron.db.ovn_revision_numbers_db [req-317cff0d-0a9a-4740-9509-f67526facf11 req-0a58c8cd-4174-4512-8555-7cd6eafa2a0c 3ea0a39635114086bda3cf1522cc0494 1f66e9477f4a452f96ebceff078cafb8 - - eba47cdcf001454d92b9bf2f241a4b09 eba47cdcf001454d92b9bf2f241a4b09] Successfully bumped revision number for resource 49eaad67-ea65-42f2-a8ae-785265f94129 (type: ports) to 2
2026-07-07 04:47:39.518 10 INFO neutron.wsgi [req-317cff0d-0a9a-4740-9509-f67526facf11 req-0a58c8cd-4174-4512-8555-7cd6eafa2a0c 3ea0a39635114086bda3cf1522cc0494 1f66e9477f4a452f96ebceff078cafb8 - - eba47cdcf001454d92b9bf2f241a4b09 eba47cdcf001454d92b9bf2f241a4b09] 199.204.45.95 "PUT /v2.0/ports/49eaad67-ea65-42f2-a8ae-785265f94129 HTTP/1.1" status: 200 len: 1376 time: 0.7377706 /var/lib/openstack/lib/python3.10/site-packages/pycadf/identifier.py:71: UserWarning: Invalid uuid: neutron. To ensure interoperability, identifiers should be a valid uuid. warnings.warn(('Invalid uuid: %s. To ensure interoperability, '
2026-07-07 04:47:39.573 10 INFO neutron.notifiers.nova [-] Nova event matching ['req-cf33fa90-0fee-4a5b-a303-51a9d16521fa'] response: {'name': 'network-changed', 'server_uuid': '2f90f277-114e-477e-934a-7c93c287fe19', 'tag': '49eaad67-ea65-42f2-a8ae-785265f94129', 'status': 'completed', 'code': 200}
2026-07-07 04:47:39.599 10 INFO neutron.wsgi [req-317cff0d-0a9a-4740-9509-f67526facf11 req-aa99dab4-4692-4ec6-9e91-01df3205ef5e 3ea0a39635114086bda3cf1522cc0494 1f66e9477f4a452f96ebceff078cafb8 - - eba47cdcf001454d92b9bf2f241a4b09 eba47cdcf001454d92b9bf2f241a4b09] 199.204.45.95 "GET /v2.0/ports?tenant_id=8dfee278ac48403aa96e1d75322454da&device_id=2f90f277-114e-477e-934a-7c93c287fe19 HTTP/1.1" status: 200 len: 1407 time: 0.0385807
2026-07-07 04:47:39.631 10 INFO neutron.wsgi [req-317cff0d-0a9a-4740-9509-f67526facf11 req-9e05f15f-a297-45d7-84c5-ec6870af6763 3ea0a39635114086bda3cf1522cc0494 1f66e9477f4a452f96ebceff078cafb8 - - eba47cdcf001454d92b9bf2f241a4b09 eba47cdcf001454d92b9bf2f241a4b09] 199.204.45.95 "GET /v2.0/floatingips?fixed_ip_address=10.100.0.4&port_id=49eaad67-ea65-42f2-a8ae-785265f94129 HTTP/1.1" status: 200 len: 217 time: 0.0237310
2026-07-07 04:47:39.633 9 INFO neutron.wsgi [req-7190fefc-7109-4974-b012-6b6764f35402 req-a2bfe75c-6756-445c-8136-3e27f0b710ac a95b9e60bca042d3bdf9dcd42dc205e2 8dfee278ac48403aa96e1d75322454da - - default default] 10.0.0.129 "GET /v2.0/ports?device_id=2f90f277-114e-477e-934a-7c93c287fe19 HTTP/1.1" status: 200 len: 1168 time: 0.0435784
2026-07-07 04:47:39.640 9 INFO neutron.wsgi [None req-d1f59316-4557-404e-8458-2645a5fe288d 7597cb3cdd714be584753b7c4f3f014b 518c3cad7d5c4a17a884ed968d70cbd5 - - default default] 10.0.0.19 "DELETE /v2.0/security-group-rules/d7b9f00e-4006-4bc2-a0e5-e8962ca75f60 HTTP/1.1" status: 204 len: 168 time: 0.1862447
2026-07-07 04:47:39.673 10 INFO neutron.wsgi [req-317cff0d-0a9a-4740-9509-f67526facf11 req-69b5ce15-6ad8-4606-9c99-2299f54fee5c 3ea0a39635114086bda3cf1522cc0494 1f66e9477f4a452f96ebceff078cafb8 - - eba47cdcf001454d92b9bf2f241a4b09 eba47cdcf001454d92b9bf2f241a4b09] 199.204.45.95 "GET /v2.0/subnets?id=aa7936a5-e9db-48b9-be65-4c5d091d1737 HTTP/1.1" status: 200 len: 853 time: 0.0349393
2026-07-07 04:47:39.690 9 INFO neutron.wsgi [None req-43c2f955-a323-465e-89f1-f2afacd56932 7597cb3cdd714be584753b7c4f3f014b 518c3cad7d5c4a17a884ed968d70cbd5 - - default default] 10.0.0.19 "GET /v2.0/security-group-rules HTTP/1.1" status: 200 len: 3567 time: 0.0453556
2026-07-07 04:47:39.695 9 INFO neutron.wsgi [req-7190fefc-7109-4974-b012-6b6764f35402 req-0b1bcb26-c6da-48b7-a852-2725587200cf a95b9e60bca042d3bdf9dcd42dc205e2 8dfee278ac48403aa96e1d75322454da - - default default] 10.0.0.129 "GET /v2.0/security-groups?id=678bac4c-8e93-447a-b0b8-34ece0ab808b&fields=id&fields=name HTTP/1.1" status: 200 len: 313 time: 0.0527651
2026-07-07 04:47:39.700 10 INFO neutron.wsgi [req-317cff0d-0a9a-4740-9509-f67526facf11 req-90f480e7-cbd9-40bf-b5a1-d07dc0975bdd 3ea0a39635114086bda3cf1522cc0494 1f66e9477f4a452f96ebceff078cafb8 - - eba47cdcf001454d92b9bf2f241a4b09 eba47cdcf001454d92b9bf2f241a4b09] 199.204.45.95 "GET /v2.0/ports?network_id=ba311541-2d90-4537-83c7-a2f2a01b28a6&device_owner=network%3Adhcp HTTP/1.1" status: 200 len: 210 time: 0.0193188
2026-07-07 04:47:39.777 10 INFO neutron.wsgi [req-317cff0d-0a9a-4740-9509-f67526facf11 req-6b1b2f63-0e80-4c46-9879-8336f580cf7f 3ea0a39635114086bda3cf1522cc0494 1f66e9477f4a452f96ebceff078cafb8 - - eba47cdcf001454d92b9bf2f241a4b09 eba47cdcf001454d92b9bf2f241a4b09] 199.204.45.95 "GET /v2.0/networks/ba311541-2d90-4537-83c7-a2f2a01b28a6?fields=segments HTTP/1.1" status: 200 len: 212 time: 0.0718589
2026-07-07 04:47:39.809 9 INFO neutron.db.ovn_revision_numbers_db [None req-98d1917a-4f85-41ac-aa7d-d586b26da61c 7597cb3cdd714be584753b7c4f3f014b 518c3cad7d5c4a17a884ed968d70cbd5 - - default default] Successfully bumped revision number for resource 6edd7884-c774-42f5-8876-9322d17da398 (type: security_group_rules) to 0
2026-07-07 04:47:39.834 9 INFO neutron.wsgi [None req-98d1917a-4f85-41ac-aa7d-d586b26da61c 7597cb3cdd714be584753b7c4f3f014b 518c3cad7d5c4a17a884ed968d70cbd5 - - default default] 10.0.0.19 "POST /v2.0/security-group-rules HTTP/1.1" status: 201 len: 768 time: 0.1368239
2026-07-07 04:47:39.864 9 INFO neutron.wsgi [None req-e1527f4d-7749-4aca-929f-10e7143a361e 7597cb3cdd714be584753b7c4f3f014b 518c3cad7d5c4a17a884ed968d70cbd5 - - default default] 10.0.0.19 "GET /v2.0/security-group-rules/6edd7884-c774-42f5-8876-9322d17da398 HTTP/1.1" status: 200 len: 763 time: 0.0223851
2026-07-07 04:47:39.896 10 INFO neutron.wsgi [req-317cff0d-0a9a-4740-9509-f67526facf11 req-f7b59792-0138-4ace-a12c-0ad8f5184b1e 3ea0a39635114086bda3cf1522cc0494 1f66e9477f4a452f96ebceff078cafb8 - - eba47cdcf001454d92b9bf2f241a4b09 eba47cdcf001454d92b9bf2f241a4b09] 199.204.45.95 "GET /v2.0/networks/ba311541-2d90-4537-83c7-a2f2a01b28a6?fields=provider%3Aphysical_network&fields=provider%3Anetwork_type HTTP/1.1" status: 200 len: 277 time: 0.1099000
2026-07-07 04:47:39.945 10 INFO neutron.wsgi [None req-90f46cd8-2d65-4f39-8a11-50b3effa7691 7597cb3cdd714be584753b7c4f3f014b 518c3cad7d5c4a17a884ed968d70cbd5 - - default default] 10.0.0.19 "GET /v2.0/security-group-rules HTTP/1.1" status: 200 len: 4113 time: 0.0664215
2026-07-07 04:47:40.008 10 INFO neutron.wsgi [req-040beee6-1b0b-4c24-a4f1-4af624ee2c53 req-276c6ea1-1d3e-4778-9eeb-ca52ee236376 3ea0a39635114086bda3cf1522cc0494 1f66e9477f4a452f96ebceff078cafb8 - - eba47cdcf001454d92b9bf2f241a4b09 eba47cdcf001454d92b9bf2f241a4b09] 199.204.45.95 "GET /v2.0/ports?tenant_id=8dfee278ac48403aa96e1d75322454da&device_id=2f90f277-114e-477e-934a-7c93c287fe19 HTTP/1.1" status: 200 len: 1407 time: 0.0520096
2026-07-07 04:47:40.055 9 INFO neutron.wsgi [req-3c9fe17a-3576-4caa-ace4-470a30cadc99 req-da04973b-3b79-4273-8899-65be729c5408 3ea0a39635114086bda3cf1522cc0494 1f66e9477f4a452f96ebceff078cafb8 - - eba47cdcf001454d92b9bf2f241a4b09 eba47cdcf001454d92b9bf2f241a4b09] 10.0.0.96 "GET /v2.0/ports?device_id=2d3d2566-7673-4141-830c-0ed1ca17916d HTTP/1.1" status: 200 len: 1413 time: 0.2042336
2026-07-07 04:47:40.088 10 INFO neutron.wsgi [req-040beee6-1b0b-4c24-a4f1-4af624ee2c53 req-054dfabb-3a60-42a5-8a79-6e31f89741a6 3ea0a39635114086bda3cf1522cc0494 1f66e9477f4a452f96ebceff078cafb8 - - eba47cdcf001454d92b9bf2f241a4b09 eba47cdcf001454d92b9bf2f241a4b09] 199.204.45.95 "GET /v2.0/networks?id=ba311541-2d90-4537-83c7-a2f2a01b28a6 HTTP/1.1" status: 200 len: 959 time: 0.0750513
2026-07-07 04:47:40.129 9 INFO neutron.wsgi [req-3c9fe17a-3576-4caa-ace4-470a30cadc99 req-9582cdfe-4d8e-4ba1-955b-6844bfcd97b9 3ea0a39635114086bda3cf1522cc0494 1f66e9477f4a452f96ebceff078cafb8 - - eba47cdcf001454d92b9bf2f241a4b09 eba47cdcf001454d92b9bf2f241a4b09] 10.0.0.96 "GET /v2.0/security-groups?id=d74095fd-eed3-4b3e-b276-9bb855837338&fields=id&fields=name HTTP/1.1" status: 200 len: 311 time: 0.0653720
2026-07-07 04:47:40.130 10 INFO neutron.plugins.ml2.drivers.ovn.mech_driver.mech_driver [None req-bd58489d-bbb0-4062-a0f1-0a7f46828024 - - - - - -] OVN reports status up for port: 49eaad67-ea65-42f2-a8ae-785265f94129
2026-07-07 04:47:40.135 10 INFO neutron.wsgi [req-040beee6-1b0b-4c24-a4f1-4af624ee2c53 req-6d9e72f7-73f7-4552-9e8c-ad15625f61ff 3ea0a39635114086bda3cf1522cc0494 1f66e9477f4a452f96ebceff078cafb8 - - eba47cdcf001454d92b9bf2f241a4b09 eba47cdcf001454d92b9bf2f241a4b09] 199.204.45.95 "GET /v2.0/floatingips?fixed_ip_address=10.100.0.4&port_id=49eaad67-ea65-42f2-a8ae-785265f94129 HTTP/1.1" status: 200 len: 217 time: 0.0403512
2026-07-07 04:47:40.150 10 INFO neutron.plugins.ml2.plugin [None req-bd58489d-bbb0-4062-a0f1-0a7f46828024 - - - - - -] Attempt 1 to provision port 49eaad67-ea65-42f2-a8ae-785265f94129
2026-07-07 04:47:40.178 10 INFO neutron.wsgi [None req-28578bdb-80bd-4344-a1e3-12810d4339f7 7597cb3cdd714be584753b7c4f3f014b 518c3cad7d5c4a17a884ed968d70cbd5 - - default default] 10.0.0.19 "DELETE /v2.0/security-group-rules/6edd7884-c774-42f5-8876-9322d17da398 HTTP/1.1" status: 204 len: 168 time: 0.2279859
2026-07-07 04:47:40.198 10 INFO neutron.wsgi [req-040beee6-1b0b-4c24-a4f1-4af624ee2c53 req-01187902-15d6-44b3-83b5-ad68301fe2f5 3ea0a39635114086bda3cf1522cc0494 1f66e9477f4a452f96ebceff078cafb8 - - eba47cdcf001454d92b9bf2f241a4b09 eba47cdcf001454d92b9bf2f241a4b09] 199.204.45.95 "GET /v2.0/subnets?id=aa7936a5-e9db-48b9-be65-4c5d091d1737 HTTP/1.1" status: 200 len: 853 time: 0.0553291
2026-07-07 04:47:40.230 9 INFO neutron.wsgi [None req-9a19b35a-997a-408d-9aae-124869e9fc0b 7597cb3cdd714be584753b7c4f3f014b 518c3cad7d5c4a17a884ed968d70cbd5 - - default default] 10.0.0.19 "GET /v2.0/security-group-rules HTTP/1.1" status: 200 len: 3567 time: 0.0402822
2026-07-07 04:47:40.233 10 INFO neutron.wsgi [req-040beee6-1b0b-4c24-a4f1-4af624ee2c53 req-fa610801-26fc-43dc-b433-562b1faf2b78 3ea0a39635114086bda3cf1522cc0494 1f66e9477f4a452f96ebceff078cafb8 - - eba47cdcf001454d92b9bf2f241a4b09 eba47cdcf001454d92b9bf2f241a4b09] 199.204.45.95 "GET /v2.0/ports?network_id=ba311541-2d90-4537-83c7-a2f2a01b28a6&device_owner=network%3Adhcp HTTP/1.1" status: 200 len: 210 time: 0.0293524
2026-07-07 04:47:40.290 10 INFO neutron.db.securitygroups_db [None req-1f3e71c3-c7df-4272-94a2-06b7d91e35ee 7597cb3cdd714be584753b7c4f3f014b 518c3cad7d5c4a17a884ed968d70cbd5 - - default default] Project 518c3cad7d5c4a17a884ed968d70cbd5 added a security group rule with legacy IPv6 ICMP protocol name icmp, ipv6-icmp should be used instead. It was automatically converted.
2026-07-07 04:47:40.332 10 INFO neutron.wsgi [req-040beee6-1b0b-4c24-a4f1-4af624ee2c53 req-5e61757a-278e-4aa1-a78d-911b9024ff22 3ea0a39635114086bda3cf1522cc0494 1f66e9477f4a452f96ebceff078cafb8 - - eba47cdcf001454d92b9bf2f241a4b09 eba47cdcf001454d92b9bf2f241a4b09] 199.204.45.95 "GET /v2.0/networks/ba311541-2d90-4537-83c7-a2f2a01b28a6?fields=segments HTTP/1.1" status: 200 len: 212 time: 0.0905082
2026-07-07 04:47:40.459 10 INFO neutron.wsgi [req-040beee6-1b0b-4c24-a4f1-4af624ee2c53 req-13618838-6cdb-40ab-8a10-f0a1c141572d 3ea0a39635114086bda3cf1522cc0494 1f66e9477f4a452f96ebceff078cafb8 - - eba47cdcf001454d92b9bf2f241a4b09 eba47cdcf001454d92b9bf2f241a4b09] 199.204.45.95 "GET /v2.0/networks/ba311541-2d90-4537-83c7-a2f2a01b28a6?fields=provider%3Aphysical_network&fields=provider%3Anetwork_type HTTP/1.1" status: 200 len: 277 time: 0.1113999
2026-07-07 04:47:40.529 10 INFO neutron.db.ovn_revision_numbers_db [None req-1f3e71c3-c7df-4272-94a2-06b7d91e35ee 7597cb3cdd714be584753b7c4f3f014b 518c3cad7d5c4a17a884ed968d70cbd5 - - default default] Successfully bumped revision number for resource 59607fe5-5cc6-4f8d-9fa1-d778845a94a1 (type: security_group_rules) to 0
2026-07-07 04:47:40.574 10 INFO neutron.wsgi [None req-1f3e71c3-c7df-4272-94a2-06b7d91e35ee 7597cb3cdd714be584753b7c4f3f014b 518c3cad7d5c4a17a884ed968d70cbd5 - - default default] 10.0.0.19 "POST /v2.0/security-group-rules HTTP/1.1" status: 201 len: 774 time: 0.3392949
2026-07-07 04:47:40.605 10 INFO neutron.wsgi [None req-fe7cb873-6a77-4487-acab-3004c606f83c 7597cb3cdd714be584753b7c4f3f014b 518c3cad7d5c4a17a884ed968d70cbd5 - - default default] 10.0.0.19 "GET /v2.0/security-group-rules/59607fe5-5cc6-4f8d-9fa1-d778845a94a1 HTTP/1.1" status: 200 len: 769 time: 0.0202727
2026-07-07 04:47:40.614 10 INFO neutron.db.ovn_revision_numbers_db [None req-bd58489d-bbb0-4062-a0f1-0a7f46828024 - - - - - -] Successfully bumped revision number for resource 49eaad67-ea65-42f2-a8ae-785265f94129 (type: ports) to 4
2026-07-07 04:47:40.668 10 INFO neutron.wsgi [None req-c329f841-e88f-4897-a322-e35eb060d4e6 7597cb3cdd714be584753b7c4f3f014b 518c3cad7d5c4a17a884ed968d70cbd5 - - default default] 10.0.0.19 "GET /v2.0/security-group-rules HTTP/1.1" status: 200 len: 4119 time: 0.0588470
2026-07-07 04:47:40.800 9 INFO neutron.wsgi [req-75d0a75d-f20b-40df-8d30-5418dd88f0cd req-d6f97973-c6bf-4779-a7d7-7fe25f12034b a95b9e60bca042d3bdf9dcd42dc205e2 8dfee278ac48403aa96e1d75322454da - - default default] 10.0.0.129 "GET /v2.0/ports?device_id=2f90f277-114e-477e-934a-7c93c287fe19 HTTP/1.1" status: 200 len: 1170 time: 0.0401454
2026-07-07 04:47:40.839 9 INFO neutron.wsgi [None req-6f4ff606-7354-4097-99e2-3b43d7888c74 7597cb3cdd714be584753b7c4f3f014b 518c3cad7d5c4a17a884ed968d70cbd5 - - default default] 10.0.0.19 "DELETE /v2.0/security-group-rules/59607fe5-5cc6-4f8d-9fa1-d778845a94a1 HTTP/1.1" status: 204 len: 168 time: 0.1667349 /var/lib/openstack/lib/python3.10/site-packages/pycadf/identifier.py:71: UserWarning: Invalid uuid: neutron. To ensure interoperability, identifiers should be a valid uuid. warnings.warn(('Invalid uuid: %s. To ensure interoperability, '
2026-07-07 04:47:40.875 9 INFO neutron.wsgi [req-75d0a75d-f20b-40df-8d30-5418dd88f0cd req-f7e7f5a0-6dd4-4c70-b229-f69fc3cce53b a95b9e60bca042d3bdf9dcd42dc205e2 8dfee278ac48403aa96e1d75322454da - - default default] 10.0.0.129 "GET /v2.0/security-groups?id=678bac4c-8e93-447a-b0b8-34ece0ab808b&fields=id&fields=name HTTP/1.1" status: 200 len: 313 time: 0.0662196
2026-07-07 04:47:40.892 10 INFO neutron.wsgi [None req-fb7e7e42-0ab4-489d-baba-9def952993b2 7597cb3cdd714be584753b7c4f3f014b 518c3cad7d5c4a17a884ed968d70cbd5 - - default default] 10.0.0.19 "GET /v2.0/security-group-rules HTTP/1.1" status: 200 len: 3567 time: 0.0474339
2026-07-07 04:47:41.027 10 INFO neutron.wsgi [None req-92ff45a1-b773-43c9-8863-b9da92b7d7c0 7597cb3cdd714be584753b7c4f3f014b 518c3cad7d5c4a17a884ed968d70cbd5 - - default default] 10.0.0.19 "DELETE /v2.0/security-groups/b7b4a11d-5f77-4de0-9c50-b35aab8824e3 HTTP/1.1" status: 204 len: 168 time: 0.1263266
2026-07-07 04:47:41.073 10 INFO neutron.wsgi [None req-e20c452e-6890-4f32-9fa6-fdfb0a3b5c98 7597cb3cdd714be584753b7c4f3f014b 518c3cad7d5c4a17a884ed968d70cbd5 - - default default] 10.0.0.19 "GET /v2.0/security-groups HTTP/1.1" status: 200 len: 2996 time: 0.0399699
2026-07-07 04:47:41.118 10 INFO neutron.wsgi [None req-67c1756b-3187-4ca9-a94f-9c9be71893ef 7597cb3cdd714be584753b7c4f3f014b 518c3cad7d5c4a17a884ed968d70cbd5 - - default default] 10.0.0.19 "GET /v2.0/security-groups HTTP/1.1" status: 200 len: 2996 time: 0.0375762
2026-07-07 04:47:41.614 10 INFO neutron.notifiers.nova [-] Nova event matching ['req-8ab37d50-51b6-4c59-acb0-4160680f62d6'] response: {'server_uuid': '2f90f277-114e-477e-934a-7c93c287fe19', 'name': 'network-vif-plugged', 'status': 'completed', 'tag': '49eaad67-ea65-42f2-a8ae-785265f94129', 'code': 200}
2026-07-07 04:47:41.614 10 INFO neutron.notifiers.nova [-] Nova event matching ['req-8ab37d50-51b6-4c59-acb0-4160680f62d6'] response: {'server_uuid': '2f90f277-114e-477e-934a-7c93c287fe19', 'name': 'network-vif-plugged', 'status': 'completed', 'tag': '49eaad67-ea65-42f2-a8ae-785265f94129', 'code': 200}
2026-07-07 04:47:41.938 9 INFO neutron.wsgi [None req-a300e264-cbbd-4268-89fa-9a45c439f67d 1ca593f1ddd74c7eabab8676647af840 164fa6fa12f64f1fac166893e00fa288 - - default default] 10.0.0.19 "GET /v2.0/security-groups?tenant_id=518c3cad7d5c4a17a884ed968d70cbd5&name=default HTTP/1.1" status: 200 len: 2996 time: 0.2865629
2026-07-07 04:47:42.020 9 INFO neutron.wsgi [req-3e936380-b965-403f-80b5-0091648b2dc4 req-0dc65fec-e810-4cd2-8c16-df272513da31 a95b9e60bca042d3bdf9dcd42dc205e2 8dfee278ac48403aa96e1d75322454da - - default default] 10.0.0.129 "GET /v2.0/ports?device_id=2f90f277-114e-477e-934a-7c93c287fe19 HTTP/1.1" status: 200 len: 1170 time: 0.0391941
2026-07-07 04:47:42.075 9 INFO neutron.wsgi [req-3e936380-b965-403f-80b5-0091648b2dc4 req-50b8102f-8f3a-42c5-9df4-2dd3ffbf8863 a95b9e60bca042d3bdf9dcd42dc205e2 8dfee278ac48403aa96e1d75322454da - - default default] 10.0.0.129 "GET /v2.0/security-groups?id=678bac4c-8e93-447a-b0b8-34ece0ab808b&fields=id&fields=name HTTP/1.1" status: 200 len: 313 time: 0.0463769
2026-07-07 04:47:42.231 9 INFO neutron.wsgi [req-e4704c97-8de0-43ec-9fd1-64bf44a887dd req-6dcd54e0-32f0-45f4-aae7-ff0d082e43ec a95b9e60bca042d3bdf9dcd42dc205e2 8dfee278ac48403aa96e1d75322454da - - default default] 10.0.0.129 "GET /v2.0/ports?device_id=2f90f277-114e-477e-934a-7c93c287fe19 HTTP/1.1" status: 200 len: 1170 time: 0.0929847
2026-07-07 04:47:42.245 9 INFO neutron.wsgi [None req-761634d0-b6ee-4245-a62b-4f73ddee542b 1ca593f1ddd74c7eabab8676647af840 164fa6fa12f64f1fac166893e00fa288 - - default default] 10.0.0.19 "DELETE /v2.0/security-groups/f742f9de-7349-4379-8915-8357a1ace25a HTTP/1.1" status: 204 len: 168 time: 0.2935917
2026-07-07 04:47:42.277 9 INFO neutron.wsgi [req-e4704c97-8de0-43ec-9fd1-64bf44a887dd req-93324f17-4c55-498b-b9ab-26a0b4d16704 a95b9e60bca042d3bdf9dcd42dc205e2 8dfee278ac48403aa96e1d75322454da - - default default] 10.0.0.129 "GET /v2.0/security-groups?id=678bac4c-8e93-447a-b0b8-34ece0ab808b&fields=id&fields=name HTTP/1.1" status: 200 len: 313 time: 0.0385168
2026-07-07 04:47:42.365 10 INFO neutron.wsgi [None req-b66e09df-5b2c-45eb-a82a-a7d7bb44d998 4cb874f795ce470e927b9a2098b86598 8799b96e9ec24e90a306a1817e1b9512 - - default default] 10.0.0.19 "GET /v2.0/ports?device_id=2f90f277-114e-477e-934a-7c93c287fe19 HTTP/1.1" status: 200 len: 1404 time: 0.0558579
2026-07-07 04:47:42.641 10 WARNING neutron.scheduler.dhcp_agent_scheduler [None req-d8034407-2bce-468c-a070-0fc01d93779e a95b9e60bca042d3bdf9dcd42dc205e2 8dfee278ac48403aa96e1d75322454da - - default default] No more DHCP agents
2026-07-07 04:47:42.646 10 WARNING neutron.api.rpc.agentnotifiers.dhcp_rpc_agent_api [None req-d8034407-2bce-468c-a070-0fc01d93779e a95b9e60bca042d3bdf9dcd42dc205e2 8dfee278ac48403aa96e1d75322454da - - default default] Unable to schedule network d1b2684a-7d75-4a0a-b8e8-bbf022f08fd9: no agents available; will retry on subsequent port and subnet creation events.
2026-07-07 04:47:43.114 10 INFO neutron.db.l3_db [None req-d8034407-2bce-468c-a070-0fc01d93779e a95b9e60bca042d3bdf9dcd42dc205e2 8dfee278ac48403aa96e1d75322454da - - default default] Floating IP ebcb4d41-0c73-410a-a1af-0584c608d01a associated. External IP: 10.96.250.211, port: 49eaad67-ea65-42f2-a8ae-785265f94129.
2026-07-07 04:47:43.170 10 INFO neutron.db.ovn_revision_numbers_db [None req-6692482e-f960-43bd-9d15-e13c6b2080d3 1ca593f1ddd74c7eabab8676647af840 164fa6fa12f64f1fac166893e00fa288 - - default default] Successfully bumped revision number for resource bd203acd-3db5-4503-9404-3008f7f20181 (type: security_groups) to 1
2026-07-07 04:47:43.214 10 INFO neutron.db.ovn_revision_numbers_db [None req-6692482e-f960-43bd-9d15-e13c6b2080d3 1ca593f1ddd74c7eabab8676647af840 164fa6fa12f64f1fac166893e00fa288 - - default default] Successfully bumped revision number for resource 3ff8262a-cb8b-4e4f-9547-654c49a16ae8 (type: security_group_rules) to 0
2026-07-07 04:47:43.231 10 INFO neutron.db.ovn_revision_numbers_db [None req-6692482e-f960-43bd-9d15-e13c6b2080d3 1ca593f1ddd74c7eabab8676647af840 164fa6fa12f64f1fac166893e00fa288 - - default default] Successfully bumped revision number for resource 66d2e43e-8b11-4760-ab88-3833431bad9f (type: security_group_rules) to 0
2026-07-07 04:47:43.253 10 INFO neutron.db.ovn_revision_numbers_db [None req-6692482e-f960-43bd-9d15-e13c6b2080d3 1ca593f1ddd74c7eabab8676647af840 164fa6fa12f64f1fac166893e00fa288 - - default default] Successfully bumped revision number for resource f63b5b01-b345-4071-a085-e4ddc56fccb0 (type: security_group_rules) to 0
2026-07-07 04:47:43.273 10 INFO neutron.db.ovn_revision_numbers_db [None req-6692482e-f960-43bd-9d15-e13c6b2080d3 1ca593f1ddd74c7eabab8676647af840 164fa6fa12f64f1fac166893e00fa288 - - default default] Successfully bumped revision number for resource fa720fc5-9181-437f-a75f-5b6cae967d79 (type: security_group_rules) to 0
2026-07-07 04:47:43.327 10 INFO neutron.wsgi [None req-6692482e-f960-43bd-9d15-e13c6b2080d3 1ca593f1ddd74c7eabab8676647af840 164fa6fa12f64f1fac166893e00fa288 - - default default] 10.0.0.19 "GET /v2.0/security-groups?tenant_id=e9d1fcc4aee44995b700fc100b05d5a2&name=default HTTP/1.1" status: 200 len: 2996 time: 0.4948759
2026-07-07 04:47:43.363 10 INFO neutron.db.ovn_revision_numbers_db [None req-d8034407-2bce-468c-a070-0fc01d93779e a95b9e60bca042d3bdf9dcd42dc205e2 8dfee278ac48403aa96e1d75322454da - - default default] Successfully bumped revision number for resource ebcb4d41-0c73-410a-a1af-0584c608d01a (type: floatingips) to 0
2026-07-07 04:47:43.520 9 INFO neutron.wsgi [None req-94c4b2d8-697c-486b-a915-f124b6b346b9 1ca593f1ddd74c7eabab8676647af840 164fa6fa12f64f1fac166893e00fa288 - - default default] 10.0.0.19 "DELETE /v2.0/security-groups/bd203acd-3db5-4503-9404-3008f7f20181 HTTP/1.1" status: 204 len: 168 time: 0.1881120
2026-07-07 04:47:43.669 10 INFO neutron.db.ovn_revision_numbers_db [None req-d8034407-2bce-468c-a070-0fc01d93779e a95b9e60bca042d3bdf9dcd42dc205e2 8dfee278ac48403aa96e1d75322454da - - default default] Successfully bumped revision number for resource ebcb4d41-0c73-410a-a1af-0584c608d01a (type: floatingips) to 1
2026-07-07 04:47:43.710 10 INFO neutron.wsgi [None req-d8034407-2bce-468c-a070-0fc01d93779e a95b9e60bca042d3bdf9dcd42dc205e2 8dfee278ac48403aa96e1d75322454da - - default default] 10.0.0.19 "POST /v2.0/floatingips HTTP/1.1" status: 201 len: 1054 time: 1.3413727
2026-07-07 04:47:43.744 10 INFO neutron.notifiers.nova [-] Nova event matching ['req-2c61e939-d2ea-4bfe-9779-9bd36911bf69'] response: {'name': 'network-changed', 'server_uuid': '2f90f277-114e-477e-934a-7c93c287fe19', 'tag': '49eaad67-ea65-42f2-a8ae-785265f94129', 'status': 'completed', 'code': 200} /var/lib/openstack/lib/python3.10/site-packages/pycadf/identifier.py:71: UserWarning: Invalid uuid: neutron. To ensure interoperability, identifiers should be a valid uuid. warnings.warn(('Invalid uuid: %s. To ensure interoperability, '
