2026-07-07 04:48:57.566 10 INFO neutron.wsgi [None req-9c6fd76c-0fa1-4f26-843f-6bb7e2a85dc4 1ca593f1ddd74c7eabab8676647af840 164fa6fa12f64f1fac166893e00fa288 - - default default] 10.0.0.19 "DELETE /v2.0/security-groups/786e4557-9361-4165-908a-5dabb5386e2a HTTP/1.1" status: 204 len: 168 time: 0.2318614
2026-07-07 04:48:57.677 9 INFO neutron.wsgi [None req-e4b4a773-c0e9-4736-9c4a-87f2f20f317c 48c92ce379d9401e853d364f7cab7921 901fe8598fc04fa1b27cc4954fd64e89 - - default default] 10.0.0.19 "PUT /v2.0/routers/a34325a2-e2cc-411d-ad2a-1d5ba81d10ca/remove_router_interface HTTP/1.1" status: 200 len: 503 time: 1.0504107
2026-07-07 04:48:57.765 10 INFO neutron.wsgi [None req-a23ba736-e9c8-4b8f-af82-3eff9fcbb82c 48c92ce379d9401e853d364f7cab7921 901fe8598fc04fa1b27cc4954fd64e89 - - default default] 10.0.0.19 "GET /v2.0/ports/6f5bfec6-69be-442c-9043-959ea1596aa5 HTTP/1.1" status: 200 len: 1141 time: 0.0820806
2026-07-07 04:48:57.923 9 INFO neutron.db.ovn_revision_numbers_db [None req-6253aea1-168a-4b4d-b911-fa3b02c0a1a2 15f27e1df11f4fcebfc40ffd958df819 7658c0384fa24a5ca2808992fe4e4ead - - default default] Successfully bumped revision number for resource 24cf4549-0a29-4749-8074-e300da577cca (type: floatingips) to 0
2026-07-07 04:48:57.950 9 INFO neutron.wsgi [None req-6253aea1-168a-4b4d-b911-fa3b02c0a1a2 15f27e1df11f4fcebfc40ffd958df819 7658c0384fa24a5ca2808992fe4e4ead - - default default] 10.0.0.19 "POST /v2.0/floatingips HTTP/1.1" status: 201 len: 751 time: 1.1145132 /var/lib/openstack/lib/python3.10/site-packages/pycadf/identifier.py:71: UserWarning: Invalid uuid: neutron. To ensure interoperability, identifiers should be a valid uuid. warnings.warn(('Invalid uuid: %s. To ensure interoperability, '
2026-07-07 04:48:58.001 9 INFO neutron.wsgi [None req-9645cbaf-7f48-47ba-8a9f-5eb2e99d9179 15f27e1df11f4fcebfc40ffd958df819 7658c0384fa24a5ca2808992fe4e4ead - - default default] 10.0.0.19 "PUT /v2.0/floatingips/24cf4549-0a29-4749-8074-e300da577cca/tags HTTP/1.1" status: 200 len: 218 time: 0.0453348
2026-07-07 04:48:58.030 9 INFO neutron.wsgi [None req-ee7d934f-97b3-43b1-b82f-42efe2485a39 15f27e1df11f4fcebfc40ffd958df819 7658c0384fa24a5ca2808992fe4e4ead - - default default] 10.0.0.19 "GET /v2.0/floatingips/24cf4549-0a29-4749-8074-e300da577cca/tags HTTP/1.1" status: 200 len: 218 time: 0.0239115
2026-07-07 04:48:58.073 9 INFO neutron.wsgi [None req-266966bc-8041-435d-afd7-be08c8cb3f64 15f27e1df11f4fcebfc40ffd958df819 7658c0384fa24a5ca2808992fe4e4ead - - default default] 10.0.0.19 "PUT /v2.0/floatingips/24cf4549-0a29-4749-8074-e300da577cca/tags/green HTTP/1.1" status: 201 len: 201 time: 0.0389023
2026-07-07 04:48:58.109 9 INFO neutron.wsgi [None req-a548a62a-ec28-451c-b35e-b06c20a3ac57 15f27e1df11f4fcebfc40ffd958df819 7658c0384fa24a5ca2808992fe4e4ead - - default default] 10.0.0.19 "GET /v2.0/floatingips/24cf4549-0a29-4749-8074-e300da577cca/tags HTTP/1.1" status: 200 len: 227 time: 0.0277612
2026-07-07 04:48:58.136 9 INFO neutron.wsgi [None req-73bc8faf-2c2f-4f28-9ba5-95bb7393627d 15f27e1df11f4fcebfc40ffd958df819 7658c0384fa24a5ca2808992fe4e4ead - - default default] 10.0.0.19 "PUT /v2.0/floatingips/24cf4549-0a29-4749-8074-e300da577cca/tags/red HTTP/1.1" status: 201 len: 201 time: 0.0231094
2026-07-07 04:48:58.183 10 INFO neutron.wsgi [None req-88b24449-7d18-4d35-bc86-ed4ab631506d 15f27e1df11f4fcebfc40ffd958df819 7658c0384fa24a5ca2808992fe4e4ead - - default default] 10.0.0.19 "GET /v2.0/floatingips/24cf4549-0a29-4749-8074-e300da577cca/tags HTTP/1.1" status: 200 len: 227 time: 0.0412633
2026-07-07 04:48:58.252 10 INFO neutron.wsgi [None req-7c6e5693-6a07-4abe-957e-45c378949870 15f27e1df11f4fcebfc40ffd958df819 7658c0384fa24a5ca2808992fe4e4ead - - default default] 10.0.0.19 "PUT /v2.0/floatingips/24cf4549-0a29-4749-8074-e300da577cca/tags/black.or.white HTTP/1.1" status: 201 len: 201 time: 0.0652602
2026-07-07 04:48:58.284 10 INFO neutron.wsgi [None req-8138aa22-5b8c-4c59-88ec-b6bb1ce1390d 15f27e1df11f4fcebfc40ffd958df819 7658c0384fa24a5ca2808992fe4e4ead - - default default] 10.0.0.19 "GET /v2.0/floatingips/24cf4549-0a29-4749-8074-e300da577cca/tags HTTP/1.1" status: 200 len: 245 time: 0.0232189
2026-07-07 04:48:58.326 9 INFO neutron.wsgi [None req-158483c5-f949-4cd3-afed-8bceef1c817b 15f27e1df11f4fcebfc40ffd958df819 7658c0384fa24a5ca2808992fe4e4ead - - default default] 10.0.0.19 "PUT /v2.0/floatingips/24cf4549-0a29-4749-8074-e300da577cca/tags HTTP/1.1" status: 200 len: 230 time: 0.0374241
2026-07-07 04:48:58.358 9 INFO neutron.wsgi [None req-1277a666-cc7a-4dda-b088-d167d0cde7dd 15f27e1df11f4fcebfc40ffd958df819 7658c0384fa24a5ca2808992fe4e4ead - - default default] 10.0.0.19 "GET /v2.0/floatingips/24cf4549-0a29-4749-8074-e300da577cca/tags HTTP/1.1" status: 200 len: 230 time: 0.0221918
2026-07-07 04:48:58.391 9 INFO neutron.wsgi [None req-cad6efee-c4ab-4ade-81d2-f3c2ae716d7e 15f27e1df11f4fcebfc40ffd958df819 7658c0384fa24a5ca2808992fe4e4ead - - default default] 10.0.0.19 "GET /v2.0/floatingips/24cf4549-0a29-4749-8074-e300da577cca/tags/red HTTP/1.1" status: 204 len: 168 time: 0.0295372
2026-07-07 04:48:58.413 9 INFO neutron.api.v2.resource [None req-a3aa6f50-33a4-456d-8b2e-843b679c9c27 15f27e1df11f4fcebfc40ffd958df819 7658c0384fa24a5ca2808992fe4e4ead - - default default] show failed (client error): The resource could not be found.
2026-07-07 04:48:58.414 9 INFO neutron.wsgi [None req-a3aa6f50-33a4-456d-8b2e-843b679c9c27 15f27e1df11f4fcebfc40ffd958df819 7658c0384fa24a5ca2808992fe4e4ead - - default default] 10.0.0.19 "GET /v2.0/floatingips/24cf4549-0a29-4749-8074-e300da577cca/tags/green HTTP/1.1" status: 404 len: 299 time: 0.0192790
2026-07-07 04:48:58.462 9 INFO neutron.wsgi [None req-ef04f0fc-d2f7-4187-9caf-e07f5fb13b97 15f27e1df11f4fcebfc40ffd958df819 7658c0384fa24a5ca2808992fe4e4ead - - default default] 10.0.0.19 "DELETE /v2.0/floatingips/24cf4549-0a29-4749-8074-e300da577cca/tags/red HTTP/1.1" status: 204 len: 168 time: 0.0435786
2026-07-07 04:48:58.494 9 INFO neutron.wsgi [None req-debeac82-e550-4365-b7e7-e067b013bdf6 15f27e1df11f4fcebfc40ffd958df819 7658c0384fa24a5ca2808992fe4e4ead - - default default] 10.0.0.19 "GET /v2.0/floatingips/24cf4549-0a29-4749-8074-e300da577cca/tags HTTP/1.1" status: 200 len: 223 time: 0.0267451
2026-07-07 04:48:58.525 9 INFO neutron.api.v2.resource [None req-c7336159-a0ee-4674-ad09-e92982f840bd 15f27e1df11f4fcebfc40ffd958df819 7658c0384fa24a5ca2808992fe4e4ead - - default default] delete failed (client error): The resource could not be found.
2026-07-07 04:48:58.526 9 INFO neutron.wsgi [None req-c7336159-a0ee-4674-ad09-e92982f840bd 15f27e1df11f4fcebfc40ffd958df819 7658c0384fa24a5ca2808992fe4e4ead - - default default] 10.0.0.19 "DELETE /v2.0/floatingips/24cf4549-0a29-4749-8074-e300da577cca/tags/green HTTP/1.1" status: 404 len: 299 time: 0.0285168
2026-07-07 04:48:58.566 9 INFO neutron.wsgi [None req-ca50ddf7-e46c-423a-99fc-0ac3bd0e6fab 15f27e1df11f4fcebfc40ffd958df819 7658c0384fa24a5ca2808992fe4e4ead - - default default] 10.0.0.19 "DELETE /v2.0/floatingips/24cf4549-0a29-4749-8074-e300da577cca/tags HTTP/1.1" status: 204 len: 168 time: 0.0360789
2026-07-07 04:48:58.594 10 INFO neutron.wsgi [None req-6ad9a200-30fe-4a1a-95e2-689911b6951d 48c92ce379d9401e853d364f7cab7921 901fe8598fc04fa1b27cc4954fd64e89 - - default default] 10.0.0.19 "PUT /v2.0/routers/a34325a2-e2cc-411d-ad2a-1d5ba81d10ca/remove_router_interface HTTP/1.1" status: 200 len: 503 time: 0.8244953
2026-07-07 04:48:58.597 9 INFO neutron.wsgi [None req-3d18a3b4-41ae-48c2-99c9-6b787c38894d 15f27e1df11f4fcebfc40ffd958df819 7658c0384fa24a5ca2808992fe4e4ead - - default default] 10.0.0.19 "GET /v2.0/floatingips/24cf4549-0a29-4749-8074-e300da577cca/tags HTTP/1.1" status: 200 len: 205 time: 0.0252283 /var/lib/openstack/lib/python3.10/site-packages/pycadf/identifier.py:71: UserWarning: Invalid uuid: neutron. To ensure interoperability, identifiers should be a valid uuid. warnings.warn(('Invalid uuid: %s. To ensure interoperability, '
2026-07-07 04:48:58.618 9 INFO neutron.wsgi [None req-1b0be9f8-1acd-41ea-8499-8ee16ace2117 48c92ce379d9401e853d364f7cab7921 901fe8598fc04fa1b27cc4954fd64e89 - - default default] 10.0.0.19 "GET /v2.0/ports?device_id=a34325a2-e2cc-411d-ad2a-1d5ba81d10ca HTTP/1.1" status: 200 len: 205 time: 0.0187180
2026-07-07 04:48:58.857 9 INFO neutron.wsgi [None req-fb786476-fe6e-4354-887c-f74c488de216 48c92ce379d9401e853d364f7cab7921 901fe8598fc04fa1b27cc4954fd64e89 - - default default] 10.0.0.19 "DELETE /v2.0/routers/a34325a2-e2cc-411d-ad2a-1d5ba81d10ca HTTP/1.1" status: 204 len: 168 time: 0.2351036
2026-07-07 04:48:59.012 10 INFO neutron.wsgi [None req-61531013-a1c9-4d9e-89a3-d0d92f9d9839 15f27e1df11f4fcebfc40ffd958df819 7658c0384fa24a5ca2808992fe4e4ead - - default default] 10.0.0.19 "DELETE /v2.0/floatingips/24cf4549-0a29-4749-8074-e300da577cca HTTP/1.1" status: 204 len: 168 time: 0.4052825
2026-07-07 04:48:59.050 9 INFO neutron.wsgi [None req-ba6fcd29-2c89-47fd-9d41-6e243d363ec9 48c92ce379d9401e853d364f7cab7921 901fe8598fc04fa1b27cc4954fd64e89 - - default default] 10.0.0.19 "DELETE /v2.0/subnets/d1ea5362-71a3-4751-90cb-0ee525bc2300 HTTP/1.1" status: 204 len: 168 time: 0.1864796
2026-07-07 04:48:59.228 9 INFO neutron.wsgi [None req-dd100b1e-5fd2-4750-a2b5-ca657b6aa4c2 48c92ce379d9401e853d364f7cab7921 901fe8598fc04fa1b27cc4954fd64e89 - - default default] 10.0.0.19 "DELETE /v2.0/subnets/f535e637-2095-4a26-a9e1-87c986e91986 HTTP/1.1" status: 204 len: 168 time: 0.1730051
2026-07-07 04:48:59.572 9 INFO neutron.services.segments.plugin [-] Segment c0e6ca03-190e-40be-97a1-6fdece24366c resource provider aggregate not found
2026-07-07 04:48:59.578 9 INFO neutron.services.segments.plugin [-] Segment c0e6ca03-190e-40be-97a1-6fdece24366c resource provider aggregate not found
2026-07-07 04:48:59.593 9 INFO neutron.services.segments.plugin [-] Segment c0e6ca03-190e-40be-97a1-6fdece24366c resource provider not found; error: Placement Client Error (4xx): {"errors": [{"status": 404, "title": "Not Found", "detail": "The resource could not be found.\n\n No resource provider with uuid c0e6ca03-190e-40be-97a1-6fdece24366c found for delete ", "request_id": "req-1e5a29d5-95f2-4372-af54-22bc901a88d7"}]}
2026-07-07 04:48:59.594 9 INFO neutron.services.segments.plugin [-] Segment c0e6ca03-190e-40be-97a1-6fdece24366c resource provider not found; error: Placement Client Error (4xx): {"errors": [{"status": 404, "title": "Not Found", "detail": "The resource could not be found.\n\n No resource provider with uuid c0e6ca03-190e-40be-97a1-6fdece24366c found for delete ", "request_id": "req-88ce5a81-27ac-474b-9894-ebb4374cf01a"}]}
2026-07-07 04:48:59.618 9 INFO neutron.wsgi [None req-c1af85fb-2ed9-4ac1-9f06-8d5af5f6561a 48c92ce379d9401e853d364f7cab7921 901fe8598fc04fa1b27cc4954fd64e89 - - default default] 10.0.0.19 "DELETE /v2.0/networks/56d6e25e-b5fa-4828-a369-68e36d95e369 HTTP/1.1" status: 204 len: 168 time: 0.3855388
2026-07-07 04:48:59.847 9 INFO neutron.db.ovn_revision_numbers_db [None req-fe33e723-1282-444e-8006-2691e3c15b9d 1ca593f1ddd74c7eabab8676647af840 164fa6fa12f64f1fac166893e00fa288 - - default default] Successfully bumped revision number for resource 7879f4ef-420a-4e89-91dd-e2564732064e (type: security_groups) to 1
2026-07-07 04:48:59.863 9 INFO neutron.db.ovn_revision_numbers_db [None req-fe33e723-1282-444e-8006-2691e3c15b9d 1ca593f1ddd74c7eabab8676647af840 164fa6fa12f64f1fac166893e00fa288 - - default default] Successfully bumped revision number for resource 321b3ff7-501f-4c92-beb3-8f4dea80df8c (type: security_group_rules) to 0
2026-07-07 04:48:59.878 9 INFO neutron.db.ovn_revision_numbers_db [None req-fe33e723-1282-444e-8006-2691e3c15b9d 1ca593f1ddd74c7eabab8676647af840 164fa6fa12f64f1fac166893e00fa288 - - default default] Successfully bumped revision number for resource 76fa9741-365a-4cea-bb9d-7961c47ea083 (type: security_group_rules) to 0
2026-07-07 04:48:59.900 9 INFO neutron.db.ovn_revision_numbers_db [None req-fe33e723-1282-444e-8006-2691e3c15b9d 1ca593f1ddd74c7eabab8676647af840 164fa6fa12f64f1fac166893e00fa288 - - default default] Successfully bumped revision number for resource 7fe6cc4a-4ff3-4d0b-980e-48c3213c9c45 (type: security_group_rules) to 0
2026-07-07 04:48:59.914 9 INFO neutron.db.ovn_revision_numbers_db [None req-fe33e723-1282-444e-8006-2691e3c15b9d 1ca593f1ddd74c7eabab8676647af840 164fa6fa12f64f1fac166893e00fa288 - - default default] Successfully bumped revision number for resource 90b39f31-e768-43d1-90aa-5e42bf4ad4cf (type: security_group_rules) to 0
2026-07-07 04:48:59.939 9 INFO neutron.wsgi [None req-fe33e723-1282-444e-8006-2691e3c15b9d 1ca593f1ddd74c7eabab8676647af840 164fa6fa12f64f1fac166893e00fa288 - - default default] 10.0.0.19 "GET /v2.0/security-groups?tenant_id=7658c0384fa24a5ca2808992fe4e4ead&name=default HTTP/1.1" status: 200 len: 2996 time: 0.3096626
2026-07-07 04:49:00.052 10 INFO neutron.services.segments.plugin [-] Segment 35886ba8-0b22-48dd-8e68-302a54f1940b resource provider aggregate not found
2026-07-07 04:49:00.057 10 INFO neutron.services.segments.plugin [-] Segment 35886ba8-0b22-48dd-8e68-302a54f1940b resource provider aggregate not found
2026-07-07 04:49:00.078 10 INFO neutron.services.segments.plugin [-] Segment 35886ba8-0b22-48dd-8e68-302a54f1940b resource provider not found; error: Placement Client Error (4xx): {"errors": [{"status": 404, "title": "Not Found", "detail": "The resource could not be found.\n\n No resource provider with uuid 35886ba8-0b22-48dd-8e68-302a54f1940b found for delete ", "request_id": "req-9031236b-a86f-452c-bccc-40ac65c2940b"}]}
2026-07-07 04:49:00.082 10 INFO neutron.services.segments.plugin [-] Segment 35886ba8-0b22-48dd-8e68-302a54f1940b resource provider not found; error: Placement Client Error (4xx): {"errors": [{"status": 404, "title": "Not Found", "detail": "The resource could not be found.\n\n No resource provider with uuid 35886ba8-0b22-48dd-8e68-302a54f1940b found for delete ", "request_id": "req-37c814f1-14e7-42d6-9e66-e1689d1b6c04"}]}
2026-07-07 04:49:00.095 10 INFO neutron.wsgi [None req-b93028ad-afc2-4ad3-8a17-6fa0e618ac5f 48c92ce379d9401e853d364f7cab7921 901fe8598fc04fa1b27cc4954fd64e89 - - default default] 10.0.0.19 "DELETE /v2.0/networks/4eaf33f4-3afb-4c04-bb62-1145209bb5e6 HTTP/1.1" status: 204 len: 168 time: 0.4712610
2026-07-07 04:49:00.153 9 INFO neutron.wsgi [None req-09be897f-4919-4b7c-8163-d4dbb5ac9f99 1ca593f1ddd74c7eabab8676647af840 164fa6fa12f64f1fac166893e00fa288 - - default default] 10.0.0.19 "DELETE /v2.0/security-groups/7879f4ef-420a-4e89-91dd-e2564732064e HTTP/1.1" status: 204 len: 168 time: 0.2101350
2026-07-07 04:49:00.193 10 INFO neutron.db.segments_db [None req-25e3c76a-f1db-4f83-9672-70ba844868b7 48c92ce379d9401e853d364f7cab7921 901fe8598fc04fa1b27cc4954fd64e89 - - default default] Added segment 87a4fc48-c8ff-469f-9246-66d0ca10e561 of type geneve for network 59d30706-0d1b-4d57-aba9-5ca9931b89fb
2026-07-07 04:49:00.347 10 INFO neutron.db.ovn_revision_numbers_db [None req-25e3c76a-f1db-4f83-9672-70ba844868b7 48c92ce379d9401e853d364f7cab7921 901fe8598fc04fa1b27cc4954fd64e89 - - default default] Successfully bumped revision number for resource 59d30706-0d1b-4d57-aba9-5ca9931b89fb (type: networks) to 1
2026-07-07 04:49:00.419 9 INFO neutron.db.ovn_revision_numbers_db [None req-26725774-1ffd-4f44-b3fa-5cc2718c292f 1ca593f1ddd74c7eabab8676647af840 164fa6fa12f64f1fac166893e00fa288 - - default default] Successfully bumped revision number for resource 9cae4dce-a0dc-41d8-8e28-b93bda3956ff (type: security_groups) to 1
2026-07-07 04:49:00.440 9 INFO neutron.db.ovn_revision_numbers_db [None req-26725774-1ffd-4f44-b3fa-5cc2718c292f 1ca593f1ddd74c7eabab8676647af840 164fa6fa12f64f1fac166893e00fa288 - - default default] Successfully bumped revision number for resource 050afa2d-3a74-4921-ac5f-ba18529ea9c8 (type: security_group_rules) to 0
2026-07-07 04:49:00.452 9 INFO neutron.db.ovn_revision_numbers_db [None req-26725774-1ffd-4f44-b3fa-5cc2718c292f 1ca593f1ddd74c7eabab8676647af840 164fa6fa12f64f1fac166893e00fa288 - - default default] Successfully bumped revision number for resource 3422a7ad-4dcd-4002-820d-2f851a1f3248 (type: security_group_rules) to 0
2026-07-07 04:49:00.473 9 INFO neutron.db.ovn_revision_numbers_db [None req-26725774-1ffd-4f44-b3fa-5cc2718c292f 1ca593f1ddd74c7eabab8676647af840 164fa6fa12f64f1fac166893e00fa288 - - default default] Successfully bumped revision number for resource 85391149-803e-4ea2-a6b5-9a07e8975ede (type: security_group_rules) to 0
2026-07-07 04:49:00.489 9 INFO neutron.db.ovn_revision_numbers_db [None req-26725774-1ffd-4f44-b3fa-5cc2718c292f 1ca593f1ddd74c7eabab8676647af840 164fa6fa12f64f1fac166893e00fa288 - - default default] Successfully bumped revision number for resource a80fb201-3bdc-4ab8-85e4-2392aa5b95cd (type: security_group_rules) to 0
2026-07-07 04:49:00.509 9 INFO neutron.wsgi [None req-26725774-1ffd-4f44-b3fa-5cc2718c292f 1ca593f1ddd74c7eabab8676647af840 164fa6fa12f64f1fac166893e00fa288 - - default default] 10.0.0.19 "GET /v2.0/security-groups?tenant_id=c3ab82d0246f4445aaef71def286535d&name=default HTTP/1.1" status: 200 len: 2996 time: 0.1982875
2026-07-07 04:49:00.529 10 WARNING neutron.scheduler.dhcp_agent_scheduler [None req-25e3c76a-f1db-4f83-9672-70ba844868b7 48c92ce379d9401e853d364f7cab7921 901fe8598fc04fa1b27cc4954fd64e89 - - default default] No more DHCP agents
2026-07-07 04:49:00.531 10 WARNING neutron.api.rpc.agentnotifiers.dhcp_rpc_agent_api [None req-25e3c76a-f1db-4f83-9672-70ba844868b7 48c92ce379d9401e853d364f7cab7921 901fe8598fc04fa1b27cc4954fd64e89 - - default default] Unable to schedule network 59d30706-0d1b-4d57-aba9-5ca9931b89fb: no agents available; will retry on subsequent port and subnet creation events.
2026-07-07 04:49:00.613 10 INFO neutron.db.ovn_revision_numbers_db [None req-25e3c76a-f1db-4f83-9672-70ba844868b7 48c92ce379d9401e853d364f7cab7921 901fe8598fc04fa1b27cc4954fd64e89 - - default default] Successfully bumped revision number for resource d0f7a4d6-2864-4d16-8cbd-1a890a5cc4f1 (type: ports) to 1
2026-07-07 04:49:00.638 10 INFO neutron.wsgi [None req-25e3c76a-f1db-4f83-9672-70ba844868b7 48c92ce379d9401e853d364f7cab7921 901fe8598fc04fa1b27cc4954fd64e89 - - default default] 10.0.0.19 "POST /v2.0/networks HTTP/1.1" status: 201 len: 832 time: 0.5345802
2026-07-07 04:49:00.679 9 INFO neutron.wsgi [None req-d791ddc6-c3e3-47db-9134-c623cc039ee4 1ca593f1ddd74c7eabab8676647af840 164fa6fa12f64f1fac166893e00fa288 - - default default] 10.0.0.19 "DELETE /v2.0/security-groups/9cae4dce-a0dc-41d8-8e28-b93bda3956ff HTTP/1.1" status: 204 len: 168 time: 0.1656556
2026-07-07 04:49:00.922 10 WARNING neutron.scheduler.dhcp_agent_scheduler [None req-add5089b-fa92-4d8b-a804-abf334195746 48c92ce379d9401e853d364f7cab7921 901fe8598fc04fa1b27cc4954fd64e89 - - default default] No more DHCP agents
2026-07-07 04:49:00.928 10 WARNING neutron.api.rpc.agentnotifiers.dhcp_rpc_agent_api [None req-add5089b-fa92-4d8b-a804-abf334195746 48c92ce379d9401e853d364f7cab7921 901fe8598fc04fa1b27cc4954fd64e89 - - default default] Unable to schedule network 59d30706-0d1b-4d57-aba9-5ca9931b89fb: no agents available; will retry on subsequent port and subnet creation events.
2026-07-07 04:49:00.959 10 INFO neutron.db.ovn_revision_numbers_db [None req-add5089b-fa92-4d8b-a804-abf334195746 48c92ce379d9401e853d364f7cab7921 901fe8598fc04fa1b27cc4954fd64e89 - - default default] Successfully bumped revision number for resource 87e5bb8d-5e36-4828-82f7-da26be2de46e (type: subnets) to 0
2026-07-07 04:49:00.975 10 INFO neutron.wsgi [None req-add5089b-fa92-4d8b-a804-abf334195746 48c92ce379d9401e853d364f7cab7921 901fe8598fc04fa1b27cc4954fd64e89 - - default default] 10.0.0.19 "POST /v2.0/subnets HTTP/1.1" status: 201 len: 821 time: 0.3315499
2026-07-07 04:49:01.156 10 INFO neutron.db.ovn_revision_numbers_db [None req-739681d0-2922-4530-a197-3c6bc02bb66d 48c92ce379d9401e853d364f7cab7921 901fe8598fc04fa1b27cc4954fd64e89 - - default default] Successfully bumped revision number for resource 28df6ee1-98f3-4b82-ac7a-f1ee862c3aba (type: routers) to 1
2026-07-07 04:49:01.168 10 INFO neutron.wsgi [None req-739681d0-2922-4530-a197-3c6bc02bb66d 48c92ce379d9401e853d364f7cab7921 901fe8598fc04fa1b27cc4954fd64e89 - - default default] 10.0.0.19 "POST /v2.0/routers HTTP/1.1" status: 201 len: 691 time: 0.1866443
2026-07-07 04:49:01.196 9 INFO neutron.db.ovn_revision_numbers_db [None req-01e9bd78-13eb-49d7-a5b9-2a4d2db05494 468de27dc9d248fe9197ec79200db6d0 4a9889efb2bf4c2fb28833417994f9d1 - - default default] Successfully bumped revision number for resource 5eb555fb-83b8-4ad4-b2ef-9b4983c51dbd (type: security_groups) to 1
2026-07-07 04:49:01.211 9 INFO neutron.db.ovn_revision_numbers_db [None req-01e9bd78-13eb-49d7-a5b9-2a4d2db05494 468de27dc9d248fe9197ec79200db6d0 4a9889efb2bf4c2fb28833417994f9d1 - - default default] Successfully bumped revision number for resource 59f5ed6c-bbfb-401f-8b68-867aee73286d (type: security_group_rules) to 0
2026-07-07 04:49:01.228 9 INFO neutron.db.ovn_revision_numbers_db [None req-01e9bd78-13eb-49d7-a5b9-2a4d2db05494 468de27dc9d248fe9197ec79200db6d0 4a9889efb2bf4c2fb28833417994f9d1 - - default default] Successfully bumped revision number for resource 5eb09010-4051-4160-8c3c-e47fa9b08402 (type: security_group_rules) to 0
2026-07-07 04:49:01.243 9 INFO neutron.db.ovn_revision_numbers_db [None req-01e9bd78-13eb-49d7-a5b9-2a4d2db05494 468de27dc9d248fe9197ec79200db6d0 4a9889efb2bf4c2fb28833417994f9d1 - - default default] Successfully bumped revision number for resource ba969020-cffd-4e8f-afd0-8f3693b77744 (type: security_group_rules) to 0
2026-07-07 04:49:01.258 9 INFO neutron.db.ovn_revision_numbers_db [None req-01e9bd78-13eb-49d7-a5b9-2a4d2db05494 468de27dc9d248fe9197ec79200db6d0 4a9889efb2bf4c2fb28833417994f9d1 - - default default] Successfully bumped revision number for resource ff21a2cc-c25b-4c23-982e-df69cb5a66ea (type: security_group_rules) to 0
2026-07-07 04:49:01.308 9 INFO neutron.db.segments_db [None req-01e9bd78-13eb-49d7-a5b9-2a4d2db05494 468de27dc9d248fe9197ec79200db6d0 4a9889efb2bf4c2fb28833417994f9d1 - - default default] Added segment 6902b186-61f9-4d3a-928e-aeb655dd8790 of type geneve for network 4d85053c-3c2e-423a-8d85-85194574c05c
2026-07-07 04:49:01.459 9 INFO neutron.db.ovn_revision_numbers_db [None req-01e9bd78-13eb-49d7-a5b9-2a4d2db05494 468de27dc9d248fe9197ec79200db6d0 4a9889efb2bf4c2fb28833417994f9d1 - - default default] Successfully bumped revision number for resource 4d85053c-3c2e-423a-8d85-85194574c05c (type: networks) to 1
2026-07-07 04:49:01.546 10 WARNING neutron.scheduler.dhcp_agent_scheduler [None req-cc1789a8-1460-4f92-81ba-3a124bcf75a4 48c92ce379d9401e853d364f7cab7921 901fe8598fc04fa1b27cc4954fd64e89 - - default default] No more DHCP agents
2026-07-07 04:49:01.548 10 WARNING neutron.api.rpc.agentnotifiers.dhcp_rpc_agent_api [None req-cc1789a8-1460-4f92-81ba-3a124bcf75a4 48c92ce379d9401e853d364f7cab7921 901fe8598fc04fa1b27cc4954fd64e89 - - default default] Unable to schedule network 59d30706-0d1b-4d57-aba9-5ca9931b89fb: no agents available; will retry on subsequent port and subnet creation events.
2026-07-07 04:49:01.653 9 WARNING neutron.scheduler.dhcp_agent_scheduler [None req-01e9bd78-13eb-49d7-a5b9-2a4d2db05494 468de27dc9d248fe9197ec79200db6d0 4a9889efb2bf4c2fb28833417994f9d1 - - default default] No more DHCP agents
2026-07-07 04:49:01.657 9 WARNING neutron.api.rpc.agentnotifiers.dhcp_rpc_agent_api [None req-01e9bd78-13eb-49d7-a5b9-2a4d2db05494 468de27dc9d248fe9197ec79200db6d0 4a9889efb2bf4c2fb28833417994f9d1 - - default default] Unable to schedule network 4d85053c-3c2e-423a-8d85-85194574c05c: no agents available; will retry on subsequent port and subnet creation events.
2026-07-07 04:49:01.673 10 INFO neutron.db.ovn_revision_numbers_db [None req-cc1789a8-1460-4f92-81ba-3a124bcf75a4 48c92ce379d9401e853d364f7cab7921 901fe8598fc04fa1b27cc4954fd64e89 - - default default] Successfully bumped revision number for resource a6019494-c43b-4af0-a9c3-ef1bf341a8a9 (type: ports) to 1
2026-07-07 04:49:01.699 10 INFO neutron.wsgi [None req-cc1789a8-1460-4f92-81ba-3a124bcf75a4 48c92ce379d9401e853d364f7cab7921 901fe8598fc04fa1b27cc4954fd64e89 - - default default] 10.0.0.19 "POST /v2.0/ports HTTP/1.1" status: 201 len: 1162 time: 0.5123258
2026-07-07 04:49:01.777 9 INFO neutron.db.ovn_revision_numbers_db [None req-01e9bd78-13eb-49d7-a5b9-2a4d2db05494 468de27dc9d248fe9197ec79200db6d0 4a9889efb2bf4c2fb28833417994f9d1 - - default default] Successfully bumped revision number for resource ca74aeea-ee7a-4649-be72-c7516e280ee9 (type: ports) to 1
2026-07-07 04:49:01.817 9 INFO neutron.wsgi [None req-01e9bd78-13eb-49d7-a5b9-2a4d2db05494 468de27dc9d248fe9197ec79200db6d0 4a9889efb2bf4c2fb28833417994f9d1 - - default default] 10.0.0.19 "POST /v2.0/networks HTTP/1.1" status: 201 len: 830 time: 0.8872209 /var/lib/openstack/lib/python3.10/site-packages/pycadf/identifier.py:71: UserWarning: Invalid uuid: neutron. To ensure interoperability, identifiers should be a valid uuid. warnings.warn(('Invalid uuid: %s. To ensure interoperability, '
2026-07-07 04:49:02.085 10 WARNING neutron.scheduler.dhcp_agent_scheduler [None req-f8bafca7-5a24-4391-95e9-b6318576f113 468de27dc9d248fe9197ec79200db6d0 4a9889efb2bf4c2fb28833417994f9d1 - - default default] No more DHCP agents
2026-07-07 04:49:02.089 10 WARNING neutron.api.rpc.agentnotifiers.dhcp_rpc_agent_api [None req-f8bafca7-5a24-4391-95e9-b6318576f113 468de27dc9d248fe9197ec79200db6d0 4a9889efb2bf4c2fb28833417994f9d1 - - default default] Unable to schedule network 4d85053c-3c2e-423a-8d85-85194574c05c: no agents available; will retry on subsequent port and subnet creation events.
2026-07-07 04:49:02.170 10 INFO neutron.db.ovn_revision_numbers_db [None req-f8bafca7-5a24-4391-95e9-b6318576f113 468de27dc9d248fe9197ec79200db6d0 4a9889efb2bf4c2fb28833417994f9d1 - - default default] Successfully bumped revision number for resource 1782d622-d9a9-43f7-a63a-ee5e25fa7948 (type: ports) to 1
2026-07-07 04:49:02.196 10 INFO neutron.wsgi [None req-f8bafca7-5a24-4391-95e9-b6318576f113 468de27dc9d248fe9197ec79200db6d0 4a9889efb2bf4c2fb28833417994f9d1 - - default default] 10.0.0.19 "POST /v2.0/ports HTTP/1.1" status: 201 len: 942 time: 0.3748169 /var/lib/openstack/lib/python3.10/site-packages/pycadf/identifier.py:71: UserWarning: Invalid uuid: neutron. To ensure interoperability, identifiers should be a valid uuid. warnings.warn(('Invalid uuid: %s. To ensure interoperability, '
2026-07-07 04:49:02.223 9 INFO neutron.db.ovn_revision_numbers_db [None req-017d53ae-4afb-4325-9111-9019b8412c89 48c92ce379d9401e853d364f7cab7921 901fe8598fc04fa1b27cc4954fd64e89 - - default default] Successfully bumped revision number for resource a6019494-c43b-4af0-a9c3-ef1bf341a8a9 (type: router_ports) to 2
2026-07-07 04:49:02.505 10 WARNING neutron.plugins.ml2.drivers.ovn.mech_driver.ovsdb.ovn_client [None req-bd58489d-bbb0-4062-a0f1-0a7f46828024 - - - - - -] No port found with ID f7944c4d-98b0-45ab-bc27-24bbcc7162ed: RuntimeError: No port found with ID f7944c4d-98b0-45ab-bc27-24bbcc7162ed
2026-07-07 04:49:02.506 10 INFO neutron.plugins.ml2.drivers.ovn.mech_driver.mech_driver [None req-bd58489d-bbb0-4062-a0f1-0a7f46828024 - - - - - -] OVN reports status up for port: a6019494-c43b-4af0-a9c3-ef1bf341a8a9
2026-07-07 04:49:02.521 10 INFO neutron.plugins.ml2.plugin [None req-bd58489d-bbb0-4062-a0f1-0a7f46828024 - - - - - -] Attempt 1 to provision port a6019494-c43b-4af0-a9c3-ef1bf341a8a9
2026-07-07 04:49:02.744 9 INFO neutron.db.ovn_revision_numbers_db [None req-017d53ae-4afb-4325-9111-9019b8412c89 48c92ce379d9401e853d364f7cab7921 901fe8598fc04fa1b27cc4954fd64e89 - - default default] Successfully bumped revision number for resource a6019494-c43b-4af0-a9c3-ef1bf341a8a9 (type: ports) to 2
2026-07-07 04:49:02.776 10 INFO neutron.db.ovn_revision_numbers_db [None req-bd58489d-bbb0-4062-a0f1-0a7f46828024 - - - - - -] Successfully bumped revision number for resource a6019494-c43b-4af0-a9c3-ef1bf341a8a9 (type: ports) to 3
2026-07-07 04:49:02.798 9 INFO neutron.wsgi [None req-fbf0aa04-0a84-4d60-90d1-67a9c9474026 468de27dc9d248fe9197ec79200db6d0 4a9889efb2bf4c2fb28833417994f9d1 - - default default] 10.0.0.19 "POST /v2.0/trunks HTTP/1.1" status: 201 len: 608 time: 0.5968583
2026-07-07 04:49:02.865 9 INFO neutron.wsgi [None req-6de9b1f1-c15a-4b80-ae9c-5473f3952928 468de27dc9d248fe9197ec79200db6d0 4a9889efb2bf4c2fb28833417994f9d1 - - default default] 10.0.0.19 "PUT /v2.0/trunks/c6307a07-55a4-4a12-b5fd-5ec2902d354c/tags HTTP/1.1" status: 200 len: 218 time: 0.0558245 /var/lib/openstack/lib/python3.10/site-packages/pycadf/identifier.py:71: UserWarning: Invalid uuid: neutron. To ensure interoperability, identifiers should be a valid uuid. warnings.warn(('Invalid uuid: %s. To ensure interoperability, '
2026-07-07 04:49:02.903 10 INFO neutron.wsgi [None req-146aeafa-c75e-43d0-9851-0d0914c6019e 468de27dc9d248fe9197ec79200db6d0 4a9889efb2bf4c2fb28833417994f9d1 - - default default] 10.0.0.19 "GET /v2.0/trunks/c6307a07-55a4-4a12-b5fd-5ec2902d354c/tags HTTP/1.1" status: 200 len: 218 time: 0.0330901
2026-07-07 04:49:02.942 10 INFO neutron.db.ovn_revision_numbers_db [None req-bd58489d-bbb0-4062-a0f1-0a7f46828024 - - - - - -] Successfully bumped revision number for resource a6019494-c43b-4af0-a9c3-ef1bf341a8a9 (type: router_ports) to 3
2026-07-07 04:49:02.945 10 INFO neutron.wsgi [None req-569338c1-8d54-4ccd-93af-384fb68587d5 468de27dc9d248fe9197ec79200db6d0 4a9889efb2bf4c2fb28833417994f9d1 - - default default] 10.0.0.19 "PUT /v2.0/trunks/c6307a07-55a4-4a12-b5fd-5ec2902d354c/tags/green HTTP/1.1" status: 201 len: 201 time: 0.0383782
2026-07-07 04:49:02.965 9 WARNING neutron.scheduler.dhcp_agent_scheduler [None req-6e33759e-f8c0-4589-89bd-a26e3ffcc3aa b15f36a49e454323a0bcd15b31f7af48 3950db7e13244519a5a9b6243653eb1f - - default default] No more DHCP agents
2026-07-07 04:49:02.974 10 INFO neutron.wsgi [None req-4fb9e03a-2eed-4ae9-ab93-0e4b92a905a7 468de27dc9d248fe9197ec79200db6d0 4a9889efb2bf4c2fb28833417994f9d1 - - default default] 10.0.0.19 "GET /v2.0/trunks/c6307a07-55a4-4a12-b5fd-5ec2902d354c/tags HTTP/1.1" status: 200 len: 227 time: 0.0251160
2026-07-07 04:49:02.976 9 WARNING neutron.api.rpc.agentnotifiers.dhcp_rpc_agent_api [None req-6e33759e-f8c0-4589-89bd-a26e3ffcc3aa b15f36a49e454323a0bcd15b31f7af48 3950db7e13244519a5a9b6243653eb1f - - default default] Unable to schedule network d1b2684a-7d75-4a0a-b8e8-bbf022f08fd9: no agents available; will retry on subsequent port and subnet creation events.
2026-07-07 04:49:02.999 10 INFO neutron.wsgi [None req-279a61e1-a745-4792-9747-363492bea5f0 468de27dc9d248fe9197ec79200db6d0 4a9889efb2bf4c2fb28833417994f9d1 - - default default] 10.0.0.19 "PUT /v2.0/trunks/c6307a07-55a4-4a12-b5fd-5ec2902d354c/tags/red HTTP/1.1" status: 201 len: 201 time: 0.0199094
2026-07-07 04:49:03.020 10 INFO neutron.wsgi [None req-ed9b4b32-923b-44e9-96a6-59d1637bbed0 468de27dc9d248fe9197ec79200db6d0 4a9889efb2bf4c2fb28833417994f9d1 - - default default] 10.0.0.19 "GET /v2.0/trunks/c6307a07-55a4-4a12-b5fd-5ec2902d354c/tags HTTP/1.1" status: 200 len: 227 time: 0.0161319
2026-07-07 04:49:03.045 10 INFO neutron.wsgi [None req-fda768b6-a4ea-48da-9aa8-e3f078e14810 468de27dc9d248fe9197ec79200db6d0 4a9889efb2bf4c2fb28833417994f9d1 - - default default] 10.0.0.19 "PUT /v2.0/trunks/c6307a07-55a4-4a12-b5fd-5ec2902d354c/tags/black.or.white HTTP/1.1" status: 201 len: 201 time: 0.0206428
2026-07-07 04:49:03.064 10 INFO neutron.wsgi [None req-460169df-bd7c-44c4-831a-fdb1a05b7478 468de27dc9d248fe9197ec79200db6d0 4a9889efb2bf4c2fb28833417994f9d1 - - default default] 10.0.0.19 "GET /v2.0/trunks/c6307a07-55a4-4a12-b5fd-5ec2902d354c/tags HTTP/1.1" status: 200 len: 245 time: 0.0152791
2026-07-07 04:49:03.103 10 INFO neutron.wsgi [None req-4f2fadbb-fcf7-4c26-ad95-b22c070d1992 468de27dc9d248fe9197ec79200db6d0 4a9889efb2bf4c2fb28833417994f9d1 - - default default] 10.0.0.19 "PUT /v2.0/trunks/c6307a07-55a4-4a12-b5fd-5ec2902d354c/tags HTTP/1.1" status: 200 len: 230 time: 0.0354180
2026-07-07 04:49:03.126 10 INFO neutron.wsgi [None req-22ad61a3-7a77-43a3-baca-dd5cc92b231a 468de27dc9d248fe9197ec79200db6d0 4a9889efb2bf4c2fb28833417994f9d1 - - default default] 10.0.0.19 "GET /v2.0/trunks/c6307a07-55a4-4a12-b5fd-5ec2902d354c/tags HTTP/1.1" status: 200 len: 230 time: 0.0183766
2026-07-07 04:49:03.148 10 INFO neutron.wsgi [None req-abd9fedb-255e-4593-88ae-8c04385bceb5 468de27dc9d248fe9197ec79200db6d0 4a9889efb2bf4c2fb28833417994f9d1 - - default default] 10.0.0.19 "GET /v2.0/trunks/c6307a07-55a4-4a12-b5fd-5ec2902d354c/tags/red HTTP/1.1" status: 204 len: 168 time: 0.0166619
2026-07-07 04:49:03.169 10 INFO neutron.api.v2.resource [None req-f16a796d-934a-450a-9bb6-68fb28ba272e 468de27dc9d248fe9197ec79200db6d0 4a9889efb2bf4c2fb28833417994f9d1 - - default default] show failed (client error): The resource could not be found.
2026-07-07 04:49:03.170 10 INFO neutron.wsgi [None req-f16a796d-934a-450a-9bb6-68fb28ba272e 468de27dc9d248fe9197ec79200db6d0 4a9889efb2bf4c2fb28833417994f9d1 - - default default] 10.0.0.19 "GET /v2.0/trunks/c6307a07-55a4-4a12-b5fd-5ec2902d354c/tags/green HTTP/1.1" status: 404 len: 299 time: 0.0160098
2026-07-07 04:49:03.203 10 INFO neutron.wsgi [None req-ea46edda-a56f-404d-8000-782ae918079f 468de27dc9d248fe9197ec79200db6d0 4a9889efb2bf4c2fb28833417994f9d1 - - default default] 10.0.0.19 "DELETE /v2.0/trunks/c6307a07-55a4-4a12-b5fd-5ec2902d354c/tags/red HTTP/1.1" status: 204 len: 168 time: 0.0296161
2026-07-07 04:49:03.223 10 INFO neutron.wsgi [None req-13c3d618-b94f-45b2-a237-57d3253aee56 468de27dc9d248fe9197ec79200db6d0 4a9889efb2bf4c2fb28833417994f9d1 - - default default] 10.0.0.19 "GET /v2.0/trunks/c6307a07-55a4-4a12-b5fd-5ec2902d354c/tags HTTP/1.1" status: 200 len: 223 time: 0.0157135
2026-07-07 04:49:03.262 10 INFO neutron.api.v2.resource [None req-2562e681-c784-48b2-9bb4-7d23e2e1c5c5 468de27dc9d248fe9197ec79200db6d0 4a9889efb2bf4c2fb28833417994f9d1 - - default default] delete failed (client error): The resource could not be found.
2026-07-07 04:49:03.264 10 INFO neutron.wsgi [None req-2562e681-c784-48b2-9bb4-7d23e2e1c5c5 468de27dc9d248fe9197ec79200db6d0 4a9889efb2bf4c2fb28833417994f9d1 - - default default] 10.0.0.19 "DELETE /v2.0/trunks/c6307a07-55a4-4a12-b5fd-5ec2902d354c/tags/green HTTP/1.1" status: 404 len: 299 time: 0.0289955
2026-07-07 04:49:03.306 10 INFO neutron.wsgi [None req-1d122746-cf26-476d-b9b4-c4dde23fdbcc 468de27dc9d248fe9197ec79200db6d0 4a9889efb2bf4c2fb28833417994f9d1 - - default default] 10.0.0.19 "DELETE /v2.0/trunks/c6307a07-55a4-4a12-b5fd-5ec2902d354c/tags HTTP/1.1" status: 204 len: 168 time: 0.0376740
2026-07-07 04:49:03.328 10 INFO neutron.wsgi [None req-b1b74be0-9624-44d7-943d-1dfd15c86f40 468de27dc9d248fe9197ec79200db6d0 4a9889efb2bf4c2fb28833417994f9d1 - - default default] 10.0.0.19 "GET /v2.0/trunks/c6307a07-55a4-4a12-b5fd-5ec2902d354c/tags HTTP/1.1" status: 200 len: 205 time: 0.0160384
2026-07-07 04:49:03.364 10 INFO neutron.wsgi [None req-b7a32c92-2ee8-4ed3-bc87-2db81addb98c 468de27dc9d248fe9197ec79200db6d0 4a9889efb2bf4c2fb28833417994f9d1 - - default default] 10.0.0.19 "GET /v2.0/trunks/c6307a07-55a4-4a12-b5fd-5ec2902d354c HTTP/1.1" status: 200 len: 603 time: 0.0234938
2026-07-07 04:49:03.400 9 INFO neutron.db.ovn_revision_numbers_db [None req-6e33759e-f8c0-4589-89bd-a26e3ffcc3aa b15f36a49e454323a0bcd15b31f7af48 3950db7e13244519a5a9b6243653eb1f - - default default] Successfully bumped revision number for resource 08ec7a90-41aa-44b9-bc2f-6574cf6fe011 (type: floatingips) to 0
2026-07-07 04:49:03.421 9 INFO neutron.wsgi [None req-6e33759e-f8c0-4589-89bd-a26e3ffcc3aa b15f36a49e454323a0bcd15b31f7af48 3950db7e13244519a5a9b6243653eb1f - - default default] 10.0.0.19 "POST /v2.0/floatingips HTTP/1.1" status: 201 len: 751 time: 1.2711270 /var/lib/openstack/lib/python3.10/site-packages/pycadf/identifier.py:71: UserWarning: Invalid uuid: neutron. To ensure interoperability, identifiers should be a valid uuid. warnings.warn(('Invalid uuid: %s. To ensure interoperability, '
2026-07-07 04:49:03.463 9 INFO neutron.db.ovn_revision_numbers_db [None req-017d53ae-4afb-4325-9111-9019b8412c89 48c92ce379d9401e853d364f7cab7921 901fe8598fc04fa1b27cc4954fd64e89 - - default default] Successfully bumped revision number for resource a6019494-c43b-4af0-a9c3-ef1bf341a8a9 (type: ports) to 3
2026-07-07 04:49:03.494 10 INFO neutron.wsgi [None req-69d43f47-6bea-4f0e-b026-c877c7236c93 468de27dc9d248fe9197ec79200db6d0 4a9889efb2bf4c2fb28833417994f9d1 - - default default] 10.0.0.19 "GET /v2.0/ports/1782d622-d9a9-43f7-a63a-ee5e25fa7948 HTTP/1.1" status: 200 len: 1020 time: 0.1245961
2026-07-07 04:49:03.587 10 INFO neutron.wsgi [None req-409cda05-f883-4591-840f-7fd678c6cf28 468de27dc9d248fe9197ec79200db6d0 4a9889efb2bf4c2fb28833417994f9d1 - - default default] 10.0.0.19 "DELETE /v2.0/trunks/c6307a07-55a4-4a12-b5fd-5ec2902d354c HTTP/1.1" status: 204 len: 168 time: 0.0890167
2026-07-07 04:49:03.597 9 WARNING neutron.scheduler.dhcp_agent_scheduler [None req-017d53ae-4afb-4325-9111-9019b8412c89 48c92ce379d9401e853d364f7cab7921 901fe8598fc04fa1b27cc4954fd64e89 - - default default] No more DHCP agents
2026-07-07 04:49:03.599 9 WARNING neutron.api.rpc.agentnotifiers.dhcp_rpc_agent_api [None req-017d53ae-4afb-4325-9111-9019b8412c89 48c92ce379d9401e853d364f7cab7921 901fe8598fc04fa1b27cc4954fd64e89 - - default default] Unable to schedule network 59d30706-0d1b-4d57-aba9-5ca9931b89fb: no agents available; will retry on subsequent port and subnet creation events.
2026-07-07 04:49:03.819 9 WARNING neutron.scheduler.dhcp_agent_scheduler [None req-f23fef4b-60f2-4d54-b151-ee4613e00cbd b15f36a49e454323a0bcd15b31f7af48 3950db7e13244519a5a9b6243653eb1f - - default default] No more DHCP agents
2026-07-07 04:49:03.826 9 WARNING neutron.api.rpc.agentnotifiers.dhcp_rpc_agent_api [None req-f23fef4b-60f2-4d54-b151-ee4613e00cbd b15f36a49e454323a0bcd15b31f7af48 3950db7e13244519a5a9b6243653eb1f - - default default] Unable to schedule network d1b2684a-7d75-4a0a-b8e8-bbf022f08fd9: no agents available; will retry on subsequent port and subnet creation events.
2026-07-07 04:49:03.871 10 INFO neutron.wsgi [None req-072fb6e1-f7f2-4e8e-90ed-f2e875309007 468de27dc9d248fe9197ec79200db6d0 4a9889efb2bf4c2fb28833417994f9d1 - - default default] 10.0.0.19 "DELETE /v2.0/ports/1782d622-d9a9-43f7-a63a-ee5e25fa7948 HTTP/1.1" status: 204 len: 168 time: 0.2796583
2026-07-07 04:49:03.900 9 INFO neutron.db.ovn_revision_numbers_db [None req-017d53ae-4afb-4325-9111-9019b8412c89 48c92ce379d9401e853d364f7cab7921 901fe8598fc04fa1b27cc4954fd64e89 - - default default] Successfully bumped revision number for resource a6019494-c43b-4af0-a9c3-ef1bf341a8a9 (type: router_ports) to 3
2026-07-07 04:49:03.903 9 INFO neutron.wsgi [None req-017d53ae-4afb-4325-9111-9019b8412c89 48c92ce379d9401e853d364f7cab7921 901fe8598fc04fa1b27cc4954fd64e89 - - default default] 10.0.0.19 "PUT /v2.0/routers/28df6ee1-98f3-4b82-ac7a-f1ee862c3aba/add_router_interface HTTP/1.1" status: 200 len: 503 time: 2.1934001
2026-07-07 04:49:03.956 10 INFO neutron.wsgi [None req-5d2f6b78-d726-4646-882c-14ef5406a4eb 48c92ce379d9401e853d364f7cab7921 901fe8598fc04fa1b27cc4954fd64e89 - - default default] 10.0.0.19 "GET /v2.0/ports/a6019494-c43b-4af0-a9c3-ef1bf341a8a9 HTTP/1.1" status: 200 len: 1220 time: 0.0443861 /var/lib/openstack/lib/python3.10/site-packages/pycadf/identifier.py:71: UserWarning: Invalid uuid: neutron. To ensure interoperability, identifiers should be a valid uuid. warnings.warn(('Invalid uuid: %s. To ensure interoperability, '
2026-07-07 04:49:04.276 9 INFO neutron.db.ovn_revision_numbers_db [None req-f23fef4b-60f2-4d54-b151-ee4613e00cbd b15f36a49e454323a0bcd15b31f7af48 3950db7e13244519a5a9b6243653eb1f - - default default] Successfully bumped revision number for resource 2cc22a27-5b31-4172-822e-ac95634d7a8a (type: floatingips) to 0
2026-07-07 04:49:04.299 9 INFO neutron.wsgi [None req-f23fef4b-60f2-4d54-b151-ee4613e00cbd b15f36a49e454323a0bcd15b31f7af48 3950db7e13244519a5a9b6243653eb1f - - default default] 10.0.0.19 "POST /v2.0/floatingips HTTP/1.1" status: 201 len: 751 time: 0.8739495
2026-07-07 04:49:04.406 10 INFO neutron.services.segments.plugin [-] Segment 6902b186-61f9-4d3a-928e-aeb655dd8790 resource provider aggregate not found
2026-07-07 04:49:04.413 10 INFO neutron.services.segments.plugin [-] Segment 6902b186-61f9-4d3a-928e-aeb655dd8790 resource provider aggregate not found
2026-07-07 04:49:04.424 10 INFO neutron.services.segments.plugin [-] Segment 6902b186-61f9-4d3a-928e-aeb655dd8790 resource provider not found; error: Placement Client Error (4xx): {"errors": [{"status": 404, "title": "Not Found", "detail": "The resource could not be found.\n\n No resource provider with uuid 6902b186-61f9-4d3a-928e-aeb655dd8790 found for delete ", "request_id": "req-c0e75b8d-dec9-4ea2-a70b-9bd8ba711e19"}]}
2026-07-07 04:49:04.430 10 INFO neutron.services.segments.plugin [-] Segment 6902b186-61f9-4d3a-928e-aeb655dd8790 resource provider not found; error: Placement Client Error (4xx): {"errors": [{"status": 404, "title": "Not Found", "detail": "The resource could not be found.\n\n No resource provider with uuid 6902b186-61f9-4d3a-928e-aeb655dd8790 found for delete ", "request_id": "req-3ad797e6-9923-4c75-abbd-76a84a51a9c2"}]}
2026-07-07 04:49:04.464 10 INFO neutron.wsgi [None req-17950eeb-95a5-4f04-a5e9-018e4a2bb513 468de27dc9d248fe9197ec79200db6d0 4a9889efb2bf4c2fb28833417994f9d1 - - default default] 10.0.0.19 "DELETE /v2.0/networks/4d85053c-3c2e-423a-8d85-85194574c05c HTTP/1.1" status: 204 len: 168 time: 0.5880952
2026-07-07 04:49:04.731 9 INFO neutron.db.ovn_revision_numbers_db [None req-742174c0-5d66-42bb-8ec5-86fe8f3a3c87 eb2f7948fb674e36b122ed53cb11139d 94eb11a373414a228f2a70c35ecb1386 - - default default] Successfully bumped revision number for resource 132a8ab0-446a-4ce6-b136-281c86edfd21 (type: security_groups) to 1
2026-07-07 04:49:04.769 9 INFO neutron.db.ovn_revision_numbers_db [None req-742174c0-5d66-42bb-8ec5-86fe8f3a3c87 eb2f7948fb674e36b122ed53cb11139d 94eb11a373414a228f2a70c35ecb1386 - - default default] Successfully bumped revision number for resource 44884465-ea0c-4125-9067-38273a88fee7 (type: security_group_rules) to 0
2026-07-07 04:49:04.799 9 INFO neutron.db.ovn_revision_numbers_db [None req-742174c0-5d66-42bb-8ec5-86fe8f3a3c87 eb2f7948fb674e36b122ed53cb11139d 94eb11a373414a228f2a70c35ecb1386 - - default default] Successfully bumped revision number for resource 65f08bb0-1104-4e06-af9c-e8afc912f3e9 (type: security_group_rules) to 0
2026-07-07 04:49:04.842 9 INFO neutron.db.ovn_revision_numbers_db [None req-742174c0-5d66-42bb-8ec5-86fe8f3a3c87 eb2f7948fb674e36b122ed53cb11139d 94eb11a373414a228f2a70c35ecb1386 - - default default] Successfully bumped revision number for resource 9fe2de96-fee1-42be-8c0c-b618edbc2e8f (type: security_group_rules) to 0
2026-07-07 04:49:04.862 9 INFO neutron.db.ovn_revision_numbers_db [None req-742174c0-5d66-42bb-8ec5-86fe8f3a3c87 eb2f7948fb674e36b122ed53cb11139d 94eb11a373414a228f2a70c35ecb1386 - - default default] Successfully bumped revision number for resource c8213b9e-5bef-4d7a-8dc9-35ebaa1b1ba3 (type: security_group_rules) to 0
2026-07-07 04:49:04.951 9 INFO neutron.db.segments_db [None req-742174c0-5d66-42bb-8ec5-86fe8f3a3c87 eb2f7948fb674e36b122ed53cb11139d 94eb11a373414a228f2a70c35ecb1386 - - default default] Added segment b06d4d27-c2d1-4bbb-b2b2-c4c85290d91c of type geneve for network 7f11c64e-d59b-4f44-8e79-96af6973f110
2026-07-07 04:49:05.067 9 WARNING neutron.scheduler.dhcp_agent_scheduler [None req-85e832e5-af80-437a-9933-f590d3cc098d b15f36a49e454323a0bcd15b31f7af48 3950db7e13244519a5a9b6243653eb1f - - default default] No more DHCP agents
2026-07-07 04:49:05.079 9 WARNING neutron.api.rpc.agentnotifiers.dhcp_rpc_agent_api [None req-85e832e5-af80-437a-9933-f590d3cc098d b15f36a49e454323a0bcd15b31f7af48 3950db7e13244519a5a9b6243653eb1f - - default default] Unable to schedule network d1b2684a-7d75-4a0a-b8e8-bbf022f08fd9: no agents available; will retry on subsequent port and subnet creation events.
2026-07-07 04:49:05.084 9 INFO neutron.wsgi [None req-6a213ba9-04a3-45b0-8f3b-74001e27fff0 48c92ce379d9401e853d364f7cab7921 901fe8598fc04fa1b27cc4954fd64e89 - - default default] 10.0.0.19 "PUT /v2.0/routers/28df6ee1-98f3-4b82-ac7a-f1ee862c3aba/remove_router_interface HTTP/1.1" status: 200 len: 503 time: 1.1160336
2026-07-07 04:49:05.180 10 INFO neutron.api.v2.resource [None req-485e96b3-ea5d-4ec2-ae4b-f7c0c5c1731d 48c92ce379d9401e853d364f7cab7921 901fe8598fc04fa1b27cc4954fd64e89 - - default default] remove_router_interface failed (client error): The resource could not be found.
2026-07-07 04:49:05.182 10 INFO neutron.wsgi [None req-485e96b3-ea5d-4ec2-ae4b-f7c0c5c1731d 48c92ce379d9401e853d364f7cab7921 901fe8598fc04fa1b27cc4954fd64e89 - - default default] 10.0.0.19 "PUT /v2.0/routers/28df6ee1-98f3-4b82-ac7a-f1ee862c3aba/remove_router_interface HTTP/1.1" status: 404 len: 398 time: 0.0928426
2026-07-07 04:49:05.198 9 INFO neutron.db.ovn_revision_numbers_db [None req-742174c0-5d66-42bb-8ec5-86fe8f3a3c87 eb2f7948fb674e36b122ed53cb11139d 94eb11a373414a228f2a70c35ecb1386 - - default default] Successfully bumped revision number for resource 7f11c64e-d59b-4f44-8e79-96af6973f110 (type: networks) to 1
2026-07-07 04:49:05.207 10 INFO neutron.wsgi [None req-06c67b84-a03f-479a-bef6-868de8b70274 48c92ce379d9401e853d364f7cab7921 901fe8598fc04fa1b27cc4954fd64e89 - - default default] 10.0.0.19 "GET /v2.0/ports?device_id=28df6ee1-98f3-4b82-ac7a-f1ee862c3aba HTTP/1.1" status: 200 len: 205 time: 0.0201001 /var/lib/openstack/lib/python3.10/site-packages/pycadf/identifier.py:71: UserWarning: Invalid uuid: neutron. To ensure interoperability, identifiers should be a valid uuid. warnings.warn(('Invalid uuid: %s. To ensure interoperability, '
2026-07-07 04:49:05.345 9 INFO neutron.wsgi [None req-ef12f262-c7bc-4275-9cc4-b37dd4f2f1f6 1ca593f1ddd74c7eabab8676647af840 164fa6fa12f64f1fac166893e00fa288 - - default default] 10.0.0.19 "GET /v2.0/security-groups?tenant_id=4a9889efb2bf4c2fb28833417994f9d1&name=default HTTP/1.1" status: 200 len: 2996 time: 0.1858046
2026-07-07 04:49:05.440 10 INFO neutron.wsgi [None req-d2092d36-dac0-4eec-81b2-9ab9e1247651 48c92ce379d9401e853d364f7cab7921 901fe8598fc04fa1b27cc4954fd64e89 - - default default] 10.0.0.19 "DELETE /v2.0/routers/28df6ee1-98f3-4b82-ac7a-f1ee862c3aba HTTP/1.1" status: 204 len: 168 time: 0.2266235
2026-07-07 04:49:05.449 9 WARNING neutron.scheduler.dhcp_agent_scheduler [None req-742174c0-5d66-42bb-8ec5-86fe8f3a3c87 eb2f7948fb674e36b122ed53cb11139d 94eb11a373414a228f2a70c35ecb1386 - - default default] No more DHCP agents
2026-07-07 04:49:05.458 9 WARNING neutron.api.rpc.agentnotifiers.dhcp_rpc_agent_api [None req-742174c0-5d66-42bb-8ec5-86fe8f3a3c87 eb2f7948fb674e36b122ed53cb11139d 94eb11a373414a228f2a70c35ecb1386 - - default default] Unable to schedule network 7f11c64e-d59b-4f44-8e79-96af6973f110: no agents available; will retry on subsequent port and subnet creation events.
2026-07-07 04:49:05.594 10 INFO neutron.wsgi [None req-427e4b56-2545-42ad-b2fb-6106916be3ee 1ca593f1ddd74c7eabab8676647af840 164fa6fa12f64f1fac166893e00fa288 - - default default] 10.0.0.19 "DELETE /v2.0/security-groups/5eb555fb-83b8-4ad4-b2ef-9b4983c51dbd HTTP/1.1" status: 204 len: 168 time: 0.2449310
2026-07-07 04:49:05.649 9 INFO neutron.db.ovn_revision_numbers_db [None req-742174c0-5d66-42bb-8ec5-86fe8f3a3c87 eb2f7948fb674e36b122ed53cb11139d 94eb11a373414a228f2a70c35ecb1386 - - default default] Successfully bumped revision number for resource 5a5dd651-3adf-4db3-8d1b-95f3573cc423 (type: ports) to 1
2026-07-07 04:49:05.651 9 INFO neutron.db.ovn_revision_numbers_db [None req-85e832e5-af80-437a-9933-f590d3cc098d b15f36a49e454323a0bcd15b31f7af48 3950db7e13244519a5a9b6243653eb1f - - default default] Successfully bumped revision number for resource e4d3d095-b5b0-465e-8074-b8945d95902e (type: floatingips) to 0
2026-07-07 04:49:05.676 9 INFO neutron.wsgi [None req-85e832e5-af80-437a-9933-f590d3cc098d b15f36a49e454323a0bcd15b31f7af48 3950db7e13244519a5a9b6243653eb1f - - default default] 10.0.0.19 "POST /v2.0/floatingips HTTP/1.1" status: 201 len: 751 time: 1.3702393
2026-07-07 04:49:05.684 9 INFO neutron.wsgi [None req-742174c0-5d66-42bb-8ec5-86fe8f3a3c87 eb2f7948fb674e36b122ed53cb11139d 94eb11a373414a228f2a70c35ecb1386 - - default default] 10.0.0.19 "POST /v2.0/networks HTTP/1.1" status: 201 len: 831 time: 1.6099937
2026-07-07 04:49:05.766 9 INFO neutron.wsgi [None req-3dddf2e5-2f32-4143-80f4-a288844754d3 48c92ce379d9401e853d364f7cab7921 901fe8598fc04fa1b27cc4954fd64e89 - - default default] 10.0.0.19 "DELETE /v2.0/subnets/87e5bb8d-5e36-4828-82f7-da26be2de46e HTTP/1.1" status: 204 len: 168 time: 0.3186295
2026-07-07 04:49:05.891 9 INFO neutron.wsgi [-] 10.0.0.39 "GET / HTTP/1.1" status: 200 len: 247 time: 0.0012350
2026-07-07 04:49:05.893 9 INFO neutron.wsgi [-] 10.0.0.39 "GET / HTTP/1.1" status: 200 len: 247 time: 0.0013359
2026-07-07 04:49:05.898 9 INFO neutron.db.ovn_revision_numbers_db [None req-ef31f078-0dbc-4e75-b993-06333da338ca 1ca593f1ddd74c7eabab8676647af840 164fa6fa12f64f1fac166893e00fa288 - - default default] Successfully bumped revision number for resource 50dd3c01-b8c8-4f27-8c3d-2cdcf8bfb4ea (type: security_groups) to 1
2026-07-07 04:49:05.926 9 INFO neutron.db.ovn_revision_numbers_db [None req-ef31f078-0dbc-4e75-b993-06333da338ca 1ca593f1ddd74c7eabab8676647af840 164fa6fa12f64f1fac166893e00fa288 - - default default] Successfully bumped revision number for resource 04c99b5b-cd4a-48aa-90b2-f86f7c0c25f8 (type: security_group_rules) to 0
2026-07-07 04:49:05.966 9 INFO neutron.db.ovn_revision_numbers_db [None req-ef31f078-0dbc-4e75-b993-06333da338ca 1ca593f1ddd74c7eabab8676647af840 164fa6fa12f64f1fac166893e00fa288 - - default default] Successfully bumped revision number for resource 2d8a575c-e8d5-405c-9db1-3a37afee6cd8 (type: security_group_rules) to 0
