2026-07-07 04:47:25.931 10 WARNING neutron.api.rpc.agentnotifiers.dhcp_rpc_agent_api [req-a899c46e-9d04-4056-888c-3b1a2f22520e req-88259692-ee09-442f-8a13-2ebdf6b8aeb4 8aa031469cad4a22baed0c5a19088c91 44d05c3aa522446f8d49a065a59b1d88 - - default default] Unable to schedule network 6e344861-dda7-4d08-9c0e-8e74379ca08f: no agents available; will retry on subsequent port and subnet creation events.
2026-07-07 04:47:26.101 10 INFO neutron.db.ovn_revision_numbers_db [req-a899c46e-9d04-4056-888c-3b1a2f22520e req-88259692-ee09-442f-8a13-2ebdf6b8aeb4 8aa031469cad4a22baed0c5a19088c91 44d05c3aa522446f8d49a065a59b1d88 - - default default] Successfully bumped revision number for resource a258282a-5780-41d7-8f13-5c335507306c (type: ports) to 1
2026-07-07 04:47:26.130 10 INFO neutron.wsgi [req-a899c46e-9d04-4056-888c-3b1a2f22520e req-88259692-ee09-442f-8a13-2ebdf6b8aeb4 8aa031469cad4a22baed0c5a19088c91 44d05c3aa522446f8d49a065a59b1d88 - - default default] 199.204.45.95 "POST /v2.0/ports HTTP/1.1" status: 201 len: 1162 time: 0.5784492 /var/lib/openstack/lib/python3.10/site-packages/pycadf/identifier.py:71: UserWarning: Invalid uuid: neutron. To ensure interoperability, identifiers should be a valid uuid. warnings.warn(('Invalid uuid: %s. To ensure interoperability, '
2026-07-07 04:47:26.256 10 INFO neutron.wsgi [None req-8aa7ee5e-996c-4e5b-ba15-ca048f5d7090 1ca593f1ddd74c7eabab8676647af840 164fa6fa12f64f1fac166893e00fa288 - - default default] 10.0.0.19 "GET /v2.0/security-groups?tenant_id=dd1191c8aae344be815cbf76277d6fab&name=default HTTP/1.1" status: 200 len: 2996 time: 0.2616949
2026-07-07 04:47:26.544 10 INFO neutron.wsgi [None req-391d5d17-0952-4461-a307-721b05ae65a3 1ca593f1ddd74c7eabab8676647af840 164fa6fa12f64f1fac166893e00fa288 - - default default] 10.0.0.19 "DELETE /v2.0/security-groups/99a5c209-8148-478a-b32b-3a31a70050f8 HTTP/1.1" status: 204 len: 168 time: 0.2829654
2026-07-07 04:47:26.593 10 INFO neutron.db.ovn_revision_numbers_db [req-a899c46e-9d04-4056-888c-3b1a2f22520e req-c6d75076-876f-4533-aa60-96f08c36f4df 3ea0a39635114086bda3cf1522cc0494 1f66e9477f4a452f96ebceff078cafb8 - - eba47cdcf001454d92b9bf2f241a4b09 eba47cdcf001454d92b9bf2f241a4b09] Successfully bumped revision number for resource a258282a-5780-41d7-8f13-5c335507306c (type: ports) to 2
2026-07-07 04:47:26.790 10 INFO neutron.db.ovn_revision_numbers_db [req-a899c46e-9d04-4056-888c-3b1a2f22520e req-c6d75076-876f-4533-aa60-96f08c36f4df 3ea0a39635114086bda3cf1522cc0494 1f66e9477f4a452f96ebceff078cafb8 - - eba47cdcf001454d92b9bf2f241a4b09 eba47cdcf001454d92b9bf2f241a4b09] Successfully bumped revision number for resource a258282a-5780-41d7-8f13-5c335507306c (type: ports) to 2
2026-07-07 04:47:26.804 10 INFO neutron.wsgi [req-a899c46e-9d04-4056-888c-3b1a2f22520e req-c6d75076-876f-4533-aa60-96f08c36f4df 3ea0a39635114086bda3cf1522cc0494 1f66e9477f4a452f96ebceff078cafb8 - - eba47cdcf001454d92b9bf2f241a4b09 eba47cdcf001454d92b9bf2f241a4b09] 199.204.45.95 "PUT /v2.0/ports/a258282a-5780-41d7-8f13-5c335507306c HTTP/1.1" status: 200 len: 1380 time: 0.6675642
2026-07-07 04:47:26.849 10 INFO neutron.notifiers.nova [-] Nova event matching ['req-41f3519b-50c1-4b27-a905-28e62fae11d0'] response: {'name': 'network-changed', 'server_uuid': '2d3d2566-7673-4141-830c-0ed1ca17916d', 'tag': 'a258282a-5780-41d7-8f13-5c335507306c', 'status': 'completed', 'code': 200} /var/lib/openstack/lib/python3.10/site-packages/pycadf/identifier.py:71: UserWarning: Invalid uuid: neutron. To ensure interoperability, identifiers should be a valid uuid. warnings.warn(('Invalid uuid: %s. To ensure interoperability, '
2026-07-07 04:47:26.875 9 INFO neutron.wsgi [req-63220857-f74d-4baf-8e37-4148065b3978 req-ebe51e7b-62f2-41f2-9082-d0be770fff95 8aa031469cad4a22baed0c5a19088c91 44d05c3aa522446f8d49a065a59b1d88 - - default default] 10.0.0.129 "GET /v2.0/ports?device_id=2d3d2566-7673-4141-830c-0ed1ca17916d HTTP/1.1" status: 200 len: 1172 time: 0.0670178
2026-07-07 04:47:26.885 10 INFO neutron.wsgi [req-a899c46e-9d04-4056-888c-3b1a2f22520e req-7422f3a5-6202-4273-a2c2-eb82028c9eea 3ea0a39635114086bda3cf1522cc0494 1f66e9477f4a452f96ebceff078cafb8 - - eba47cdcf001454d92b9bf2f241a4b09 eba47cdcf001454d92b9bf2f241a4b09] 199.204.45.95 "GET /v2.0/ports?tenant_id=44d05c3aa522446f8d49a065a59b1d88&device_id=2d3d2566-7673-4141-830c-0ed1ca17916d HTTP/1.1" status: 200 len: 1411 time: 0.0419121
2026-07-07 04:47:26.922 10 INFO neutron.wsgi [req-a899c46e-9d04-4056-888c-3b1a2f22520e req-7f8d88b0-004c-4d68-af79-a408f3a2aff8 3ea0a39635114086bda3cf1522cc0494 1f66e9477f4a452f96ebceff078cafb8 - - eba47cdcf001454d92b9bf2f241a4b09 eba47cdcf001454d92b9bf2f241a4b09] 199.204.45.95 "GET /v2.0/floatingips?fixed_ip_address=10.100.0.14&port_id=a258282a-5780-41d7-8f13-5c335507306c HTTP/1.1" status: 200 len: 217 time: 0.0289149
2026-07-07 04:47:26.936 9 INFO neutron.wsgi [req-63220857-f74d-4baf-8e37-4148065b3978 req-6bb3755c-5020-4db3-83a1-7b2496960809 8aa031469cad4a22baed0c5a19088c91 44d05c3aa522446f8d49a065a59b1d88 - - default default] 10.0.0.129 "GET /v2.0/security-groups?id=d74095fd-eed3-4b3e-b276-9bb855837338&fields=id&fields=name HTTP/1.1" status: 200 len: 311 time: 0.0517647
2026-07-07 04:47:26.966 10 INFO neutron.wsgi [req-a899c46e-9d04-4056-888c-3b1a2f22520e req-22d3e9e3-1016-4fca-b3c4-4183254cd746 3ea0a39635114086bda3cf1522cc0494 1f66e9477f4a452f96ebceff078cafb8 - - eba47cdcf001454d92b9bf2f241a4b09 eba47cdcf001454d92b9bf2f241a4b09] 199.204.45.95 "GET /v2.0/subnets?id=846fa0a6-a514-45aa-b5d8-52e156e63c36 HTTP/1.1" status: 200 len: 868 time: 0.0379434
2026-07-07 04:47:26.996 10 INFO neutron.wsgi [req-a899c46e-9d04-4056-888c-3b1a2f22520e req-417a2ad7-efc7-4df9-b281-30e1aa714d50 3ea0a39635114086bda3cf1522cc0494 1f66e9477f4a452f96ebceff078cafb8 - - eba47cdcf001454d92b9bf2f241a4b09 eba47cdcf001454d92b9bf2f241a4b09] 199.204.45.95 "GET /v2.0/ports?network_id=6e344861-dda7-4d08-9c0e-8e74379ca08f&device_owner=network%3Adhcp HTTP/1.1" status: 200 len: 210 time: 0.0245826
2026-07-07 04:47:27.058 10 INFO neutron.wsgi [req-a899c46e-9d04-4056-888c-3b1a2f22520e req-1be94371-c415-4d26-aaec-7df153beb7f9 3ea0a39635114086bda3cf1522cc0494 1f66e9477f4a452f96ebceff078cafb8 - - eba47cdcf001454d92b9bf2f241a4b09 eba47cdcf001454d92b9bf2f241a4b09] 199.204.45.95 "GET /v2.0/networks/6e344861-dda7-4d08-9c0e-8e74379ca08f?fields=segments HTTP/1.1" status: 200 len: 212 time: 0.0545807
2026-07-07 04:47:27.115 10 INFO neutron.wsgi [req-a899c46e-9d04-4056-888c-3b1a2f22520e req-6a6b41b2-075d-4714-9764-19a98e8f21f5 3ea0a39635114086bda3cf1522cc0494 1f66e9477f4a452f96ebceff078cafb8 - - eba47cdcf001454d92b9bf2f241a4b09 eba47cdcf001454d92b9bf2f241a4b09] 199.204.45.95 "GET /v2.0/networks/6e344861-dda7-4d08-9c0e-8e74379ca08f?fields=provider%3Aphysical_network&fields=provider%3Anetwork_type HTTP/1.1" status: 200 len: 277 time: 0.0523589
2026-07-07 04:47:27.183 10 INFO neutron.wsgi [req-89916b80-1fb4-45f7-a3e5-49ba88dbb6a7 req-4537ae20-5b30-4e18-8562-7274689353fc 3ea0a39635114086bda3cf1522cc0494 1f66e9477f4a452f96ebceff078cafb8 - - eba47cdcf001454d92b9bf2f241a4b09 eba47cdcf001454d92b9bf2f241a4b09] 199.204.45.95 "GET /v2.0/ports?tenant_id=44d05c3aa522446f8d49a065a59b1d88&device_id=2d3d2566-7673-4141-830c-0ed1ca17916d HTTP/1.1" status: 200 len: 1411 time: 0.0308666
2026-07-07 04:47:27.264 10 INFO neutron.wsgi [req-89916b80-1fb4-45f7-a3e5-49ba88dbb6a7 req-f4b7ff03-97bc-4361-998b-9168dfd84d5c 3ea0a39635114086bda3cf1522cc0494 1f66e9477f4a452f96ebceff078cafb8 - - eba47cdcf001454d92b9bf2f241a4b09 eba47cdcf001454d92b9bf2f241a4b09] 199.204.45.95 "GET /v2.0/networks?id=6e344861-dda7-4d08-9c0e-8e74379ca08f HTTP/1.1" status: 200 len: 973 time: 0.0738826
2026-07-07 04:47:27.322 10 INFO neutron.plugins.ml2.drivers.ovn.mech_driver.mech_driver [None req-bd58489d-bbb0-4062-a0f1-0a7f46828024 - - - - - -] OVN reports status up for port: a258282a-5780-41d7-8f13-5c335507306c
2026-07-07 04:47:27.325 10 INFO neutron.wsgi [req-89916b80-1fb4-45f7-a3e5-49ba88dbb6a7 req-e48183ce-124e-4f9e-bb86-27768221bcf2 3ea0a39635114086bda3cf1522cc0494 1f66e9477f4a452f96ebceff078cafb8 - - eba47cdcf001454d92b9bf2f241a4b09 eba47cdcf001454d92b9bf2f241a4b09] 199.204.45.95 "GET /v2.0/floatingips?fixed_ip_address=10.100.0.14&port_id=a258282a-5780-41d7-8f13-5c335507306c HTTP/1.1" status: 200 len: 217 time: 0.0460539
2026-07-07 04:47:27.344 10 INFO neutron.plugins.ml2.plugin [None req-bd58489d-bbb0-4062-a0f1-0a7f46828024 - - - - - -] Attempt 1 to provision port a258282a-5780-41d7-8f13-5c335507306c
2026-07-07 04:47:27.366 10 INFO neutron.wsgi [req-89916b80-1fb4-45f7-a3e5-49ba88dbb6a7 req-d439cb3b-aed2-4a77-8a9b-75b6f34a7ae1 3ea0a39635114086bda3cf1522cc0494 1f66e9477f4a452f96ebceff078cafb8 - - eba47cdcf001454d92b9bf2f241a4b09 eba47cdcf001454d92b9bf2f241a4b09] 199.204.45.95 "GET /v2.0/subnets?id=846fa0a6-a514-45aa-b5d8-52e156e63c36 HTTP/1.1" status: 200 len: 868 time: 0.0364993
2026-07-07 04:47:27.394 10 INFO neutron.wsgi [req-89916b80-1fb4-45f7-a3e5-49ba88dbb6a7 req-86700fcd-d82d-4171-b207-86b7f2e7233c 3ea0a39635114086bda3cf1522cc0494 1f66e9477f4a452f96ebceff078cafb8 - - eba47cdcf001454d92b9bf2f241a4b09 eba47cdcf001454d92b9bf2f241a4b09] 199.204.45.95 "GET /v2.0/ports?network_id=6e344861-dda7-4d08-9c0e-8e74379ca08f&device_owner=network%3Adhcp HTTP/1.1" status: 200 len: 210 time: 0.0219204
2026-07-07 04:47:27.481 10 INFO neutron.wsgi [req-89916b80-1fb4-45f7-a3e5-49ba88dbb6a7 req-7ab76471-3d98-44b4-a254-10a9d8206abe 3ea0a39635114086bda3cf1522cc0494 1f66e9477f4a452f96ebceff078cafb8 - - eba47cdcf001454d92b9bf2f241a4b09 eba47cdcf001454d92b9bf2f241a4b09] 199.204.45.95 "GET /v2.0/networks/6e344861-dda7-4d08-9c0e-8e74379ca08f?fields=segments HTTP/1.1" status: 200 len: 212 time: 0.0798078
2026-07-07 04:47:27.577 10 INFO neutron.wsgi [req-89916b80-1fb4-45f7-a3e5-49ba88dbb6a7 req-d9e35a3c-41a4-4723-8f56-361eb38004a5 3ea0a39635114086bda3cf1522cc0494 1f66e9477f4a452f96ebceff078cafb8 - - eba47cdcf001454d92b9bf2f241a4b09 eba47cdcf001454d92b9bf2f241a4b09] 199.204.45.95 "GET /v2.0/networks/6e344861-dda7-4d08-9c0e-8e74379ca08f?fields=provider%3Aphysical_network&fields=provider%3Anetwork_type HTTP/1.1" status: 200 len: 277 time: 0.0879261
2026-07-07 04:47:27.719 10 INFO neutron.db.ovn_revision_numbers_db [None req-bd58489d-bbb0-4062-a0f1-0a7f46828024 - - - - - -] Successfully bumped revision number for resource a258282a-5780-41d7-8f13-5c335507306c (type: ports) to 4
2026-07-07 04:47:27.877 10 INFO neutron.db.ovn_revision_numbers_db [None req-c9127fee-048d-4a4e-a67d-d54ac8219ae5 a95b9e60bca042d3bdf9dcd42dc205e2 8dfee278ac48403aa96e1d75322454da - - default default] Successfully bumped revision number for resource 219cc869-2b13-4a76-98fc-dab63a95e554 (type: security_groups) to 1
2026-07-07 04:47:27.894 10 INFO neutron.db.ovn_revision_numbers_db [None req-c9127fee-048d-4a4e-a67d-d54ac8219ae5 a95b9e60bca042d3bdf9dcd42dc205e2 8dfee278ac48403aa96e1d75322454da - - default default] Successfully bumped revision number for resource 06dec914-ce1d-4a28-b20b-d993b569738e (type: security_group_rules) to 0
2026-07-07 04:47:27.913 10 INFO neutron.db.ovn_revision_numbers_db [None req-c9127fee-048d-4a4e-a67d-d54ac8219ae5 a95b9e60bca042d3bdf9dcd42dc205e2 8dfee278ac48403aa96e1d75322454da - - default default] Successfully bumped revision number for resource 0b61a2b3-8601-4ec4-af69-3e5302915437 (type: security_group_rules) to 0
2026-07-07 04:47:27.936 10 INFO neutron.db.ovn_revision_numbers_db [None req-c9127fee-048d-4a4e-a67d-d54ac8219ae5 a95b9e60bca042d3bdf9dcd42dc205e2 8dfee278ac48403aa96e1d75322454da - - default default] Successfully bumped revision number for resource 369d9d43-7eed-4295-89e8-b81e5c354a39 (type: security_group_rules) to 0
2026-07-07 04:47:27.949 10 INFO neutron.db.ovn_revision_numbers_db [None req-c9127fee-048d-4a4e-a67d-d54ac8219ae5 a95b9e60bca042d3bdf9dcd42dc205e2 8dfee278ac48403aa96e1d75322454da - - default default] Successfully bumped revision number for resource f000df6e-c3c7-4085-925b-15c19541b953 (type: security_group_rules) to 0
2026-07-07 04:47:28.000 10 INFO neutron.db.segments_db [None req-c9127fee-048d-4a4e-a67d-d54ac8219ae5 a95b9e60bca042d3bdf9dcd42dc205e2 8dfee278ac48403aa96e1d75322454da - - default default] Added segment 4ddb1f80-af33-4a3d-aa2d-335c72a60e28 of type geneve for network ba311541-2d90-4537-83c7-a2f2a01b28a6
2026-07-07 04:47:28.047 9 INFO neutron.wsgi [req-14e8ca3e-0656-4391-9b18-da24b7c10aa4 req-09a4571e-826b-4994-8ba0-1c8e7eb0645c 8aa031469cad4a22baed0c5a19088c91 44d05c3aa522446f8d49a065a59b1d88 - - default default] 10.0.0.129 "GET /v2.0/ports?device_id=2d3d2566-7673-4141-830c-0ed1ca17916d HTTP/1.1" status: 200 len: 1174 time: 0.0356004
2026-07-07 04:47:28.088 9 INFO neutron.wsgi [req-14e8ca3e-0656-4391-9b18-da24b7c10aa4 req-afa92e28-9eef-48fd-8849-8a1ff4a565b5 8aa031469cad4a22baed0c5a19088c91 44d05c3aa522446f8d49a065a59b1d88 - - default default] 10.0.0.129 "GET /v2.0/security-groups?id=d74095fd-eed3-4b3e-b276-9bb855837338&fields=id&fields=name HTTP/1.1" status: 200 len: 311 time: 0.0368249
2026-07-07 04:47:28.156 10 INFO neutron.db.ovn_revision_numbers_db [None req-c9127fee-048d-4a4e-a67d-d54ac8219ae5 a95b9e60bca042d3bdf9dcd42dc205e2 8dfee278ac48403aa96e1d75322454da - - default default] Successfully bumped revision number for resource ba311541-2d90-4537-83c7-a2f2a01b28a6 (type: networks) to 1
2026-07-07 04:47:28.344 10 WARNING neutron.scheduler.dhcp_agent_scheduler [None req-c9127fee-048d-4a4e-a67d-d54ac8219ae5 a95b9e60bca042d3bdf9dcd42dc205e2 8dfee278ac48403aa96e1d75322454da - - default default] No more DHCP agents
2026-07-07 04:47:28.347 10 WARNING neutron.api.rpc.agentnotifiers.dhcp_rpc_agent_api [None req-c9127fee-048d-4a4e-a67d-d54ac8219ae5 a95b9e60bca042d3bdf9dcd42dc205e2 8dfee278ac48403aa96e1d75322454da - - default default] Unable to schedule network ba311541-2d90-4537-83c7-a2f2a01b28a6: no agents available; will retry on subsequent port and subnet creation events.
2026-07-07 04:47:28.432 10 INFO neutron.db.ovn_revision_numbers_db [None req-c9127fee-048d-4a4e-a67d-d54ac8219ae5 a95b9e60bca042d3bdf9dcd42dc205e2 8dfee278ac48403aa96e1d75322454da - - default default] Successfully bumped revision number for resource 5cbb9e5c-22fe-4ba2-bb80-a495a4b46c1a (type: ports) to 1
2026-07-07 04:47:28.456 10 INFO neutron.wsgi [None req-c9127fee-048d-4a4e-a67d-d54ac8219ae5 a95b9e60bca042d3bdf9dcd42dc205e2 8dfee278ac48403aa96e1d75322454da - - default default] 10.0.0.19 "POST /v2.0/networks HTTP/1.1" status: 201 len: 832 time: 0.9024267 /var/lib/openstack/lib/python3.10/site-packages/pycadf/identifier.py:71: UserWarning: Invalid uuid: neutron. To ensure interoperability, identifiers should be a valid uuid. warnings.warn(('Invalid uuid: %s. To ensure interoperability, '
2026-07-07 04:47:28.903 10 INFO neutron.notifiers.nova [-] Nova event matching ['req-ff9eb3bc-2ac0-498d-88a2-d4873cf403ea'] response: {'server_uuid': '2d3d2566-7673-4141-830c-0ed1ca17916d', 'name': 'network-vif-plugged', 'status': 'completed', 'tag': 'a258282a-5780-41d7-8f13-5c335507306c', 'code': 200}
2026-07-07 04:47:28.903 10 INFO neutron.notifiers.nova [-] Nova event matching ['req-ff9eb3bc-2ac0-498d-88a2-d4873cf403ea'] response: {'server_uuid': '2d3d2566-7673-4141-830c-0ed1ca17916d', 'name': 'network-vif-plugged', 'status': 'completed', 'tag': 'a258282a-5780-41d7-8f13-5c335507306c', 'code': 200}
2026-07-07 04:47:28.948 9 INFO neutron.db.ovn_revision_numbers_db [None req-74b11228-f76f-47a8-98d4-86f346bd8144 d9b381593986484b9e0cd3ba13d9503e de9dfbcf1af84803aea908cb0ca74452 - - default default] Successfully bumped revision number for resource 5bba315c-6cb7-4cc1-83cc-924369902460 (type: security_groups) to 1
2026-07-07 04:47:28.963 9 INFO neutron.db.ovn_revision_numbers_db [None req-74b11228-f76f-47a8-98d4-86f346bd8144 d9b381593986484b9e0cd3ba13d9503e de9dfbcf1af84803aea908cb0ca74452 - - default default] Successfully bumped revision number for resource 50f3645d-0327-406c-98df-da0df85ada3d (type: security_group_rules) to 0
2026-07-07 04:47:28.977 9 INFO neutron.db.ovn_revision_numbers_db [None req-74b11228-f76f-47a8-98d4-86f346bd8144 d9b381593986484b9e0cd3ba13d9503e de9dfbcf1af84803aea908cb0ca74452 - - default default] Successfully bumped revision number for resource 9137870c-eb8c-415b-bd33-3549f8f9dbee (type: security_group_rules) to 0
2026-07-07 04:47:28.991 9 INFO neutron.db.ovn_revision_numbers_db [None req-74b11228-f76f-47a8-98d4-86f346bd8144 d9b381593986484b9e0cd3ba13d9503e de9dfbcf1af84803aea908cb0ca74452 - - default default] Successfully bumped revision number for resource b9ce6def-2197-4e9f-8a55-a8dc2ac6a865 (type: security_group_rules) to 0
2026-07-07 04:47:29.016 9 INFO neutron.db.ovn_revision_numbers_db [None req-74b11228-f76f-47a8-98d4-86f346bd8144 d9b381593986484b9e0cd3ba13d9503e de9dfbcf1af84803aea908cb0ca74452 - - default default] Successfully bumped revision number for resource e7a5a3ee-6365-42fc-a178-5af24482f367 (type: security_group_rules) to 0
2026-07-07 04:47:29.072 9 INFO neutron.db.segments_db [None req-74b11228-f76f-47a8-98d4-86f346bd8144 d9b381593986484b9e0cd3ba13d9503e de9dfbcf1af84803aea908cb0ca74452 - - default default] Added segment 60d8301f-00a8-4af2-bfeb-41f121ea166e of type geneve for network 8d8e6c99-eea6-41fc-97b1-bdc870e57812
2026-07-07 04:47:29.184 10 WARNING neutron.scheduler.dhcp_agent_scheduler [None req-2e4c574c-b56d-4eb1-b34d-56a5cf173ec2 a95b9e60bca042d3bdf9dcd42dc205e2 8dfee278ac48403aa96e1d75322454da - - default default] No more DHCP agents
2026-07-07 04:47:29.186 10 WARNING neutron.api.rpc.agentnotifiers.dhcp_rpc_agent_api [None req-2e4c574c-b56d-4eb1-b34d-56a5cf173ec2 a95b9e60bca042d3bdf9dcd42dc205e2 8dfee278ac48403aa96e1d75322454da - - default default] Unable to schedule network d1b2684a-7d75-4a0a-b8e8-bbf022f08fd9: no agents available; will retry on subsequent port and subnet creation events.
2026-07-07 04:47:29.226 9 INFO neutron.wsgi [req-38ad99bf-e6e4-4383-97f5-5960522e2960 req-dd97a4e9-f4b9-46f4-9793-5d7b1c53bdfa 8aa031469cad4a22baed0c5a19088c91 44d05c3aa522446f8d49a065a59b1d88 - - default default] 10.0.0.129 "GET /v2.0/ports?device_id=2d3d2566-7673-4141-830c-0ed1ca17916d HTTP/1.1" status: 200 len: 1174 time: 0.0742531
2026-07-07 04:47:29.279 9 INFO neutron.db.ovn_revision_numbers_db [None req-74b11228-f76f-47a8-98d4-86f346bd8144 d9b381593986484b9e0cd3ba13d9503e de9dfbcf1af84803aea908cb0ca74452 - - default default] Successfully bumped revision number for resource 8d8e6c99-eea6-41fc-97b1-bdc870e57812 (type: networks) to 1
2026-07-07 04:47:29.292 9 INFO neutron.wsgi [req-38ad99bf-e6e4-4383-97f5-5960522e2960 req-37aebfc3-a697-4557-960a-93e2cd5d0c12 8aa031469cad4a22baed0c5a19088c91 44d05c3aa522446f8d49a065a59b1d88 - - default default] 10.0.0.129 "GET /v2.0/security-groups?id=d74095fd-eed3-4b3e-b276-9bb855837338&fields=id&fields=name HTTP/1.1" status: 200 len: 311 time: 0.0546842
2026-07-07 04:47:29.363 10 INFO neutron.db.ovn_revision_numbers_db [None req-2e4c574c-b56d-4eb1-b34d-56a5cf173ec2 a95b9e60bca042d3bdf9dcd42dc205e2 8dfee278ac48403aa96e1d75322454da - - default default] Successfully bumped revision number for resource bba93b72-5544-4733-b015-51a7c872e368 (type: ports) to 1
2026-07-07 04:47:29.491 9 INFO neutron.wsgi [req-f40b1893-089e-4b97-b1de-7b30e1ada0e0 req-f29df09b-e530-4536-9b11-32258798c15f 8aa031469cad4a22baed0c5a19088c91 44d05c3aa522446f8d49a065a59b1d88 - - default default] 10.0.0.129 "GET /v2.0/ports?device_id=2d3d2566-7673-4141-830c-0ed1ca17916d HTTP/1.1" status: 200 len: 1174 time: 0.1119111
2026-07-07 04:47:29.495 9 WARNING neutron.scheduler.dhcp_agent_scheduler [None req-74b11228-f76f-47a8-98d4-86f346bd8144 d9b381593986484b9e0cd3ba13d9503e de9dfbcf1af84803aea908cb0ca74452 - - default default] No more DHCP agents
2026-07-07 04:47:29.499 9 WARNING neutron.api.rpc.agentnotifiers.dhcp_rpc_agent_api [None req-74b11228-f76f-47a8-98d4-86f346bd8144 d9b381593986484b9e0cd3ba13d9503e de9dfbcf1af84803aea908cb0ca74452 - - default default] Unable to schedule network 8d8e6c99-eea6-41fc-97b1-bdc870e57812: no agents available; will retry on subsequent port and subnet creation events.
2026-07-07 04:47:29.788 9 INFO neutron.db.ovn_revision_numbers_db [None req-74b11228-f76f-47a8-98d4-86f346bd8144 d9b381593986484b9e0cd3ba13d9503e de9dfbcf1af84803aea908cb0ca74452 - - default default] Successfully bumped revision number for resource 13ddc332-6665-4849-848e-c3010e364137 (type: ports) to 1
2026-07-07 04:47:29.807 9 INFO neutron.wsgi [None req-74b11228-f76f-47a8-98d4-86f346bd8144 d9b381593986484b9e0cd3ba13d9503e de9dfbcf1af84803aea908cb0ca74452 - - default default] 10.0.0.19 "POST /v2.0/networks HTTP/1.1" status: 201 len: 846 time: 1.2267306
2026-07-07 04:47:29.821 10 INFO neutron.db.l3_db [None req-99b1b303-3023-423d-b36e-c65fc6090480 8aa031469cad4a22baed0c5a19088c91 44d05c3aa522446f8d49a065a59b1d88 - - default default] Floating IP c1747df8-4f89-4560-bbba-2b09dd648ec8 associated. External IP: 10.96.250.220, port: a258282a-5780-41d7-8f13-5c335507306c.
2026-07-07 04:47:30.128 10 INFO neutron.db.ovn_revision_numbers_db [None req-99b1b303-3023-423d-b36e-c65fc6090480 8aa031469cad4a22baed0c5a19088c91 44d05c3aa522446f8d49a065a59b1d88 - - default default] Successfully bumped revision number for resource c1747df8-4f89-4560-bbba-2b09dd648ec8 (type: floatingips) to 1
2026-07-07 04:47:30.136 9 INFO neutron.db.ovn_revision_numbers_db [None req-b0c3832e-31ce-49ea-8cc1-0310f763e46c 1ca593f1ddd74c7eabab8676647af840 164fa6fa12f64f1fac166893e00fa288 - - default default] Successfully bumped revision number for resource af6c161b-b95a-409b-bec4-49d6efe1b541 (type: security_groups) to 1
2026-07-07 04:47:30.152 9 INFO neutron.db.ovn_revision_numbers_db [None req-b0c3832e-31ce-49ea-8cc1-0310f763e46c 1ca593f1ddd74c7eabab8676647af840 164fa6fa12f64f1fac166893e00fa288 - - default default] Successfully bumped revision number for resource 0fd3f84a-5829-4df7-8b88-3ec5267df4b6 (type: security_group_rules) to 0
2026-07-07 04:47:30.164 9 INFO neutron.db.ovn_revision_numbers_db [None req-b0c3832e-31ce-49ea-8cc1-0310f763e46c 1ca593f1ddd74c7eabab8676647af840 164fa6fa12f64f1fac166893e00fa288 - - default default] Successfully bumped revision number for resource 8ba3658f-d5ed-41f7-b942-d5feae51e6ee (type: security_group_rules) to 0
2026-07-07 04:47:30.177 9 INFO neutron.db.ovn_revision_numbers_db [None req-b0c3832e-31ce-49ea-8cc1-0310f763e46c 1ca593f1ddd74c7eabab8676647af840 164fa6fa12f64f1fac166893e00fa288 - - default default] Successfully bumped revision number for resource a2948435-8f44-49b9-8093-54ffe891b701 (type: security_group_rules) to 0
2026-07-07 04:47:30.189 9 INFO neutron.db.ovn_revision_numbers_db [None req-b0c3832e-31ce-49ea-8cc1-0310f763e46c 1ca593f1ddd74c7eabab8676647af840 164fa6fa12f64f1fac166893e00fa288 - - default default] Successfully bumped revision number for resource af16e7c0-363f-4a8f-b29c-0b80e666be27 (type: security_group_rules) to 0
2026-07-07 04:47:30.218 9 INFO neutron.wsgi [None req-b0c3832e-31ce-49ea-8cc1-0310f763e46c 1ca593f1ddd74c7eabab8676647af840 164fa6fa12f64f1fac166893e00fa288 - - default default] 10.0.0.19 "GET /v2.0/security-groups?tenant_id=9401050e514a4609bfe5aad5f58f3ed7&name=default HTTP/1.1" status: 200 len: 2996 time: 0.3116934
2026-07-07 04:47:30.229 9 INFO neutron.plugins.ml2.drivers.ovn.mech_driver.ovsdb.ovsdb_monitor [None req-1065df3d-70b5-4bfa-97c5-0a7965733f6a - - - - - -] Router e61dfb54-8853-4a0d-b65b-66275214f4a8 is bound to host instance
2026-07-07 04:47:30.249 10 INFO neutron.db.ovn_revision_numbers_db [None req-99b1b303-3023-423d-b36e-c65fc6090480 8aa031469cad4a22baed0c5a19088c91 44d05c3aa522446f8d49a065a59b1d88 - - default default] Successfully bumped revision number for resource c1747df8-4f89-4560-bbba-2b09dd648ec8 (type: floatingips) to 2
2026-07-07 04:47:30.283 10 INFO neutron.db.ovn_revision_numbers_db [None req-2e4c574c-b56d-4eb1-b34d-56a5cf173ec2 a95b9e60bca042d3bdf9dcd42dc205e2 8dfee278ac48403aa96e1d75322454da - - default default] Successfully bumped revision number for resource bba93b72-5544-4733-b015-51a7c872e368 (type: router_ports) to 1
2026-07-07 04:47:30.300 10 INFO neutron.wsgi [None req-99b1b303-3023-423d-b36e-c65fc6090480 8aa031469cad4a22baed0c5a19088c91 44d05c3aa522446f8d49a065a59b1d88 - - default default] 10.0.0.19 "PUT /v2.0/floatingips/c1747df8-4f89-4560-bbba-2b09dd648ec8 HTTP/1.1" status: 200 len: 1050 time: 0.7919650
2026-07-07 04:47:30.362 10 INFO neutron.db.ovn_revision_numbers_db [None req-2e4c574c-b56d-4eb1-b34d-56a5cf173ec2 a95b9e60bca042d3bdf9dcd42dc205e2 8dfee278ac48403aa96e1d75322454da - - default default] Successfully bumped revision number for resource e61dfb54-8853-4a0d-b65b-66275214f4a8 (type: routers) to 2
2026-07-07 04:47:30.390 10 INFO neutron.wsgi [None req-2e4c574c-b56d-4eb1-b34d-56a5cf173ec2 a95b9e60bca042d3bdf9dcd42dc205e2 8dfee278ac48403aa96e1d75322454da - - default default] 10.0.0.19 "POST /v2.0/routers HTTP/1.1" status: 201 len: 874 time: 1.9287491
2026-07-07 04:47:30.475 9 INFO neutron.wsgi [None req-f13573d9-1cec-40e2-b5fd-8b67672420e0 1ca593f1ddd74c7eabab8676647af840 164fa6fa12f64f1fac166893e00fa288 - - default default] 10.0.0.19 "DELETE /v2.0/security-groups/af6c161b-b95a-409b-bec4-49d6efe1b541 HTTP/1.1" status: 204 len: 168 time: 0.2521212
2026-07-07 04:47:30.533 10 INFO neutron.wsgi [None req-c30943ee-69cb-4baf-a86f-e81d2876628f 4cb874f795ce470e927b9a2098b86598 8799b96e9ec24e90a306a1817e1b9512 - - default default] 10.0.0.19 "GET /v2.0/subnets?project_id=8dfee278ac48403aa96e1d75322454da&cidr=10.100.0.0%2F28 HTTP/1.1" status: 200 len: 207 time: 0.1376507
2026-07-07 04:47:30.538 10 WARNING neutron.scheduler.dhcp_agent_scheduler [None req-6a996ab1-37a3-493d-afaa-b8e2e51cf148 d9b381593986484b9e0cd3ba13d9503e de9dfbcf1af84803aea908cb0ca74452 - - default default] No more DHCP agents
2026-07-07 04:47:30.542 10 WARNING neutron.api.rpc.agentnotifiers.dhcp_rpc_agent_api [None req-6a996ab1-37a3-493d-afaa-b8e2e51cf148 d9b381593986484b9e0cd3ba13d9503e de9dfbcf1af84803aea908cb0ca74452 - - default default] Unable to schedule network 8d8e6c99-eea6-41fc-97b1-bdc870e57812: no agents available; will retry on subsequent port and subnet creation events.
2026-07-07 04:47:30.607 10 INFO neutron.db.ovn_revision_numbers_db [None req-6a996ab1-37a3-493d-afaa-b8e2e51cf148 d9b381593986484b9e0cd3ba13d9503e de9dfbcf1af84803aea908cb0ca74452 - - default default] Successfully bumped revision number for resource c8a9af42-0028-4a30-976e-e7768c2e68d6 (type: subnets) to 0
2026-07-07 04:47:30.624 10 INFO neutron.wsgi [None req-6a996ab1-37a3-493d-afaa-b8e2e51cf148 d9b381593986484b9e0cd3ba13d9503e de9dfbcf1af84803aea908cb0ca74452 - - default default] 10.0.0.19 "POST /v2.0/subnets HTTP/1.1" status: 201 len: 848 time: 0.3514135
2026-07-07 04:47:30.626 10 INFO neutron.wsgi [None req-d64f8d98-c1c4-47ff-a129-1084adec5a3f 4cb874f795ce470e927b9a2098b86598 8799b96e9ec24e90a306a1817e1b9512 - - default default] 10.0.0.19 "GET /v2.0/networks?router%3Aexternal=True HTTP/1.1" status: 200 len: 947 time: 0.0851266
2026-07-07 04:47:30.659 9 INFO neutron.wsgi [None req-8084cd9b-6453-42f1-b4d9-cc989f46a248 4cb874f795ce470e927b9a2098b86598 8799b96e9ec24e90a306a1817e1b9512 - - default default] 10.0.0.19 "GET /v2.0/subnets?network_id=d1b2684a-7d75-4a0a-b8e8-bbf022f08fd9&cidr=10.100.0.0%2F28 HTTP/1.1" status: 200 len: 207 time: 0.0239522
2026-07-07 04:47:30.704 9 INFO neutron.db.ovn_revision_numbers_db [None req-30fb0fd4-7296-4990-8513-ad8a6800eca8 1ca593f1ddd74c7eabab8676647af840 164fa6fa12f64f1fac166893e00fa288 - - default default] Successfully bumped revision number for resource 48a31828-4f50-4f66-9233-0597c986bb51 (type: security_groups) to 1
2026-07-07 04:47:30.730 9 INFO neutron.db.ovn_revision_numbers_db [None req-30fb0fd4-7296-4990-8513-ad8a6800eca8 1ca593f1ddd74c7eabab8676647af840 164fa6fa12f64f1fac166893e00fa288 - - default default] Successfully bumped revision number for resource 4d5503bc-f723-402d-92e1-0bffeee57c48 (type: security_group_rules) to 0
2026-07-07 04:47:30.748 9 INFO neutron.db.ovn_revision_numbers_db [None req-30fb0fd4-7296-4990-8513-ad8a6800eca8 1ca593f1ddd74c7eabab8676647af840 164fa6fa12f64f1fac166893e00fa288 - - default default] Successfully bumped revision number for resource 62ca6a14-4de8-4edf-8504-20d86628bbf4 (type: security_group_rules) to 0
2026-07-07 04:47:30.769 9 INFO neutron.db.ovn_revision_numbers_db [None req-30fb0fd4-7296-4990-8513-ad8a6800eca8 1ca593f1ddd74c7eabab8676647af840 164fa6fa12f64f1fac166893e00fa288 - - default default] Successfully bumped revision number for resource c185d6c4-5f51-430b-944f-bdbb894052ab (type: security_group_rules) to 0
2026-07-07 04:47:30.786 9 INFO neutron.db.ovn_revision_numbers_db [None req-1065df3d-70b5-4bfa-97c5-0a7965733f6a - - - - - -] Successfully bumped revision number for resource bba93b72-5544-4733-b015-51a7c872e368 (type: ports) to 1
2026-07-07 04:47:30.790 9 INFO neutron.db.ovn_revision_numbers_db [None req-30fb0fd4-7296-4990-8513-ad8a6800eca8 1ca593f1ddd74c7eabab8676647af840 164fa6fa12f64f1fac166893e00fa288 - - default default] Successfully bumped revision number for resource c2fe01a5-fec6-442f-9102-85722cfe586b (type: security_group_rules) to 0
2026-07-07 04:47:30.821 9 INFO neutron.wsgi [None req-30fb0fd4-7296-4990-8513-ad8a6800eca8 1ca593f1ddd74c7eabab8676647af840 164fa6fa12f64f1fac166893e00fa288 - - default default] 10.0.0.19 "GET /v2.0/security-groups?tenant_id=2ba167c62f5942ea87420a733dbc8df7&name=default HTTP/1.1" status: 200 len: 2996 time: 0.2546084
2026-07-07 04:47:30.900 9 WARNING neutron.plugins.ml2.drivers.ovn.mech_driver.ovsdb.ovn_client [None req-4e5bc2ae-3706-428d-bd8a-a74b8e2d2cf6 - - - - - -] No hosting information found for port 7c5e3db6-03f4-4fa6-8287-194c0a362bbd: RuntimeError: No hosting information found for port 7c5e3db6-03f4-4fa6-8287-194c0a362bbd
2026-07-07 04:47:30.931 9 INFO neutron.plugins.ml2.drivers.ovn.mech_driver.mech_driver [None req-4e5bc2ae-3706-428d-bd8a-a74b8e2d2cf6 - - - - - -] OVN reports status up for port: bba93b72-5544-4733-b015-51a7c872e368
2026-07-07 04:47:30.951 10 INFO neutron.notifiers.nova [-] Nova event matching ['req-032115c8-dd4f-499f-b5ac-c240ea998b96'] response: {'name': 'network-changed', 'server_uuid': '2d3d2566-7673-4141-830c-0ed1ca17916d', 'tag': 'a258282a-5780-41d7-8f13-5c335507306c', 'status': 'completed', 'code': 200}
2026-07-07 04:47:30.957 10 INFO neutron.db.segments_db [None req-fd65f210-ded3-4a04-87b9-757e6997c588 d9b381593986484b9e0cd3ba13d9503e de9dfbcf1af84803aea908cb0ca74452 - - default default] Added segment 922fb7dd-d82f-43ba-b4a5-d442346003d6 of type geneve for network 15e49b51-3a9d-4853-acc6-b7c24f0d82f1
2026-07-07 04:47:30.981 9 INFO neutron.plugins.ml2.plugin [None req-4e5bc2ae-3706-428d-bd8a-a74b8e2d2cf6 - - - - - -] Attempt 1 to provision port bba93b72-5544-4733-b015-51a7c872e368
2026-07-07 04:47:31.016 10 INFO neutron.wsgi [req-a72786ff-2b26-4265-8da2-7e36801c1e11 req-4ebbf4c5-a77f-407c-9716-12652880994e 3ea0a39635114086bda3cf1522cc0494 1f66e9477f4a452f96ebceff078cafb8 - - eba47cdcf001454d92b9bf2f241a4b09 eba47cdcf001454d92b9bf2f241a4b09] 199.204.45.95 "GET /v2.0/ports?tenant_id=44d05c3aa522446f8d49a065a59b1d88&device_id=2d3d2566-7673-4141-830c-0ed1ca17916d HTTP/1.1" status: 200 len: 1413 time: 0.0478361
2026-07-07 04:47:31.178 10 INFO neutron.wsgi [req-a72786ff-2b26-4265-8da2-7e36801c1e11 req-345a8126-1517-421a-984b-763f8ff89048 3ea0a39635114086bda3cf1522cc0494 1f66e9477f4a452f96ebceff078cafb8 - - eba47cdcf001454d92b9bf2f241a4b09 eba47cdcf001454d92b9bf2f241a4b09] 199.204.45.95 "GET /v2.0/networks?id=6e344861-dda7-4d08-9c0e-8e74379ca08f HTTP/1.1" status: 200 len: 973 time: 0.1547267
2026-07-07 04:47:31.234 9 INFO neutron.db.ovn_revision_numbers_db [None req-1065df3d-70b5-4bfa-97c5-0a7965733f6a - - - - - -] Successfully bumped revision number for resource bba93b72-5544-4733-b015-51a7c872e368 (type: router_ports) to 3
2026-07-07 04:47:31.236 10 INFO neutron.db.ovn_revision_numbers_db [None req-fd65f210-ded3-4a04-87b9-757e6997c588 d9b381593986484b9e0cd3ba13d9503e de9dfbcf1af84803aea908cb0ca74452 - - default default] Successfully bumped revision number for resource 15e49b51-3a9d-4853-acc6-b7c24f0d82f1 (type: networks) to 1
2026-07-07 04:47:31.258 10 INFO neutron.wsgi [req-a72786ff-2b26-4265-8da2-7e36801c1e11 req-6e758f01-7a02-4f5d-b0d5-889c0a2101c1 3ea0a39635114086bda3cf1522cc0494 1f66e9477f4a452f96ebceff078cafb8 - - eba47cdcf001454d92b9bf2f241a4b09 eba47cdcf001454d92b9bf2f241a4b09] 199.204.45.95 "GET /v2.0/floatingips?fixed_ip_address=10.100.0.14&port_id=a258282a-5780-41d7-8f13-5c335507306c HTTP/1.1" status: 200 len: 1060 time: 0.0706406
2026-07-07 04:47:31.299 9 INFO neutron.wsgi [None req-7ee390e3-b35c-4e4f-9f3c-b938e539c31b 1ca593f1ddd74c7eabab8676647af840 164fa6fa12f64f1fac166893e00fa288 - - default default] 10.0.0.19 "DELETE /v2.0/security-groups/48a31828-4f50-4f66-9233-0597c986bb51 HTTP/1.1" status: 204 len: 168 time: 0.4712887
2026-07-07 04:47:31.318 10 INFO neutron.wsgi [req-a72786ff-2b26-4265-8da2-7e36801c1e11 req-d7225d42-771a-412c-96a9-891cda3af0e4 3ea0a39635114086bda3cf1522cc0494 1f66e9477f4a452f96ebceff078cafb8 - - eba47cdcf001454d92b9bf2f241a4b09 eba47cdcf001454d92b9bf2f241a4b09] 199.204.45.95 "GET /v2.0/subnets?id=846fa0a6-a514-45aa-b5d8-52e156e63c36 HTTP/1.1" status: 200 len: 868 time: 0.0521874
2026-07-07 04:47:31.356 10 INFO neutron.wsgi [req-a72786ff-2b26-4265-8da2-7e36801c1e11 req-b4d32585-e87b-45a1-8db4-4bcf2ec63ce8 3ea0a39635114086bda3cf1522cc0494 1f66e9477f4a452f96ebceff078cafb8 - - eba47cdcf001454d92b9bf2f241a4b09 eba47cdcf001454d92b9bf2f241a4b09] 199.204.45.95 "GET /v2.0/ports?network_id=6e344861-dda7-4d08-9c0e-8e74379ca08f&device_owner=network%3Adhcp HTTP/1.1" status: 200 len: 210 time: 0.0322833
2026-07-07 04:47:31.402 9 ERROR ovsdbapp.backend.ovs_idl.transaction [None req-1065df3d-70b5-4bfa-97c5-0a7965733f6a - - - - - -]
Traceback (most recent call last): File "/var/lib/openstack/lib/python3.10/site-packages/ovsdbapp/backend/ovs_idl/connection.py", line 118, in run txn.results.put(txn.do_commit())
File "/var/lib/openstack/lib/python3.10/site-packages/ovsdbapp/backend/ovs_idl/transaction.py", line 92, in do_commit command.run_idl(txn)
File "/var/lib/openstack/lib/python3.10/site-packages/neutron/plugins/ml2/drivers/ovn/mech_driver/ovsdb/commands.py", line 825, in run_idl raise ovn_exc.RevisionConflict( neutron.common.ovn.exceptions.RevisionConflict: OVN revision number for bba93b72-5544-4733-b015-51a7c872e368 (type: ports) is higher than the given resource. Skipping update 
2026-07-07 04:47:31.402 9 INFO neutron.plugins.ml2.drivers.ovn.mech_driver.ovsdb.impl_idl_ovn [None req-1065df3d-70b5-4bfa-97c5-0a7965733f6a - - - - - -] Transaction aborted. Reason: OVN revision number for bba93b72-5544-4733-b015-51a7c872e368 (type: ports) is higher than the given resource. Skipping update
2026-07-07 04:47:31.407 9 INFO neutron.db.ovn_revision_numbers_db [None req-4e5bc2ae-3706-428d-bd8a-a74b8e2d2cf6 - - - - - -] Successfully bumped revision number for resource bba93b72-5544-4733-b015-51a7c872e368 (type: ports) to 4
2026-07-07 04:47:31.407 10 WARNING neutron.scheduler.dhcp_agent_scheduler [None req-3e2353ba-45ae-4d9b-9aef-613edc3091ee a95b9e60bca042d3bdf9dcd42dc205e2 8dfee278ac48403aa96e1d75322454da - - default default] No more DHCP agents
2026-07-07 04:47:31.417 10 WARNING neutron.api.rpc.agentnotifiers.dhcp_rpc_agent_api [None req-3e2353ba-45ae-4d9b-9aef-613edc3091ee a95b9e60bca042d3bdf9dcd42dc205e2 8dfee278ac48403aa96e1d75322454da - - default default] Unable to schedule network ba311541-2d90-4537-83c7-a2f2a01b28a6: no agents available; will retry on subsequent port and subnet creation events.
2026-07-07 04:47:31.489 10 INFO neutron.wsgi [req-a72786ff-2b26-4265-8da2-7e36801c1e11 req-e7c5ce5c-7254-4816-ae69-099186a00fd3 3ea0a39635114086bda3cf1522cc0494 1f66e9477f4a452f96ebceff078cafb8 - - eba47cdcf001454d92b9bf2f241a4b09 eba47cdcf001454d92b9bf2f241a4b09] 199.204.45.95 "GET /v2.0/networks/6e344861-dda7-4d08-9c0e-8e74379ca08f?fields=segments HTTP/1.1" status: 200 len: 212 time: 0.1217697
2026-07-07 04:47:31.571 10 WARNING neutron.scheduler.dhcp_agent_scheduler [None req-fd65f210-ded3-4a04-87b9-757e6997c588 d9b381593986484b9e0cd3ba13d9503e de9dfbcf1af84803aea908cb0ca74452 - - default default] No more DHCP agents
2026-07-07 04:47:31.586 10 WARNING neutron.api.rpc.agentnotifiers.dhcp_rpc_agent_api [None req-fd65f210-ded3-4a04-87b9-757e6997c588 d9b381593986484b9e0cd3ba13d9503e de9dfbcf1af84803aea908cb0ca74452 - - default default] Unable to schedule network 15e49b51-3a9d-4853-acc6-b7c24f0d82f1: no agents available; will retry on subsequent port and subnet creation events.
2026-07-07 04:47:31.602 10 INFO neutron.wsgi [req-a72786ff-2b26-4265-8da2-7e36801c1e11 req-cd8c3653-fe2d-4790-be9c-574d6a386692 3ea0a39635114086bda3cf1522cc0494 1f66e9477f4a452f96ebceff078cafb8 - - eba47cdcf001454d92b9bf2f241a4b09 eba47cdcf001454d92b9bf2f241a4b09] 199.204.45.95 "GET /v2.0/networks/6e344861-dda7-4d08-9c0e-8e74379ca08f?fields=provider%3Aphysical_network&fields=provider%3Anetwork_type HTTP/1.1" status: 200 len: 277 time: 0.1053772
2026-07-07 04:47:31.610 9 INFO neutron.db.ovn_revision_numbers_db [None req-4e5bc2ae-3706-428d-bd8a-a74b8e2d2cf6 - - - - - -] Successfully bumped revision number for resource bba93b72-5544-4733-b015-51a7c872e368 (type: router_ports) to 4
2026-07-07 04:47:31.693 10 INFO neutron.db.ovn_revision_numbers_db [None req-fd65f210-ded3-4a04-87b9-757e6997c588 d9b381593986484b9e0cd3ba13d9503e de9dfbcf1af84803aea908cb0ca74452 - - default default] Successfully bumped revision number for resource c70b7f6d-70da-4bb0-9008-45c0c527cc73 (type: ports) to 1
2026-07-07 04:47:31.721 10 INFO neutron.wsgi [None req-fd65f210-ded3-4a04-87b9-757e6997c588 d9b381593986484b9e0cd3ba13d9503e de9dfbcf1af84803aea908cb0ca74452 - - default default] 10.0.0.19 "POST /v2.0/networks HTTP/1.1" status: 201 len: 846 time: 1.0908074
2026-07-07 04:47:31.980 10 INFO neutron.db.ovn_revision_numbers_db [None req-f4021545-8e4d-4362-8575-46dc143d62b2 d9b381593986484b9e0cd3ba13d9503e de9dfbcf1af84803aea908cb0ca74452 - - default default] Successfully bumped revision number for resource 15e49b51-3a9d-4853-acc6-b7c24f0d82f1 (type: networks) to 2
2026-07-07 04:47:31.984 10 INFO neutron.wsgi [None req-f4021545-8e4d-4362-8575-46dc143d62b2 d9b381593986484b9e0cd3ba13d9503e de9dfbcf1af84803aea908cb0ca74452 - - default default] 10.0.0.19 "PUT /v2.0/networks/15e49b51-3a9d-4853-acc6-b7c24f0d82f1 HTTP/1.1" status: 200 len: 792 time: 0.2575810 /var/lib/openstack/lib/python3.10/site-packages/pycadf/identifier.py:71: UserWarning: Invalid uuid: neutron. To ensure interoperability, identifiers should be a valid uuid. warnings.warn(('Invalid uuid: %s. To ensure interoperability, '
2026-07-07 04:47:32.110 10 INFO neutron.db.ovn_revision_numbers_db [None req-3e2353ba-45ae-4d9b-9aef-613edc3091ee a95b9e60bca042d3bdf9dcd42dc205e2 8dfee278ac48403aa96e1d75322454da - - default default] Successfully bumped revision number for resource 5cbb9e5c-22fe-4ba2-bb80-a495a4b46c1a (type: ports) to 2
2026-07-07 04:47:32.143 10 INFO neutron.db.ovn_revision_numbers_db [None req-3e2353ba-45ae-4d9b-9aef-613edc3091ee a95b9e60bca042d3bdf9dcd42dc205e2 8dfee278ac48403aa96e1d75322454da - - default default] Successfully bumped revision number for resource aa7936a5-e9db-48b9-be65-4c5d091d1737 (type: subnets) to 0
2026-07-07 04:47:32.158 10 INFO neutron.wsgi [None req-3e2353ba-45ae-4d9b-9aef-613edc3091ee a95b9e60bca042d3bdf9dcd42dc205e2 8dfee278ac48403aa96e1d75322454da - - default default] 10.0.0.19 "POST /v2.0/subnets HTTP/1.1" status: 201 len: 832 time: 1.4910479
2026-07-07 04:47:32.235 9 WARNING neutron.scheduler.dhcp_agent_scheduler [None req-50872075-d20f-4e1c-b0ba-70eed49c3315 d9b381593986484b9e0cd3ba13d9503e de9dfbcf1af84803aea908cb0ca74452 - - default default] No more DHCP agents
2026-07-07 04:47:32.238 9 WARNING neutron.api.rpc.agentnotifiers.dhcp_rpc_agent_api [None req-50872075-d20f-4e1c-b0ba-70eed49c3315 d9b381593986484b9e0cd3ba13d9503e de9dfbcf1af84803aea908cb0ca74452 - - default default] Unable to schedule network 15e49b51-3a9d-4853-acc6-b7c24f0d82f1: no agents available; will retry on subsequent port and subnet creation events.
2026-07-07 04:47:32.272 9 INFO neutron.db.ovn_revision_numbers_db [None req-50872075-d20f-4e1c-b0ba-70eed49c3315 d9b381593986484b9e0cd3ba13d9503e de9dfbcf1af84803aea908cb0ca74452 - - default default] Successfully bumped revision number for resource 0161ed56-6c5e-4f27-8b80-d8b22315f24f (type: subnets) to 0
2026-07-07 04:47:32.286 9 INFO neutron.wsgi [None req-50872075-d20f-4e1c-b0ba-70eed49c3315 d9b381593986484b9e0cd3ba13d9503e de9dfbcf1af84803aea908cb0ca74452 - - default default] 10.0.0.19 "POST /v2.0/subnets HTTP/1.1" status: 201 len: 821 time: 0.2963414
2026-07-07 04:47:32.654 10 WARNING neutron.scheduler.dhcp_agent_scheduler [None req-7463186c-41ec-4ea9-bd20-32d9c4a8c041 a95b9e60bca042d3bdf9dcd42dc205e2 8dfee278ac48403aa96e1d75322454da - - default default] No more DHCP agents
2026-07-07 04:47:32.657 10 WARNING neutron.api.rpc.agentnotifiers.dhcp_rpc_agent_api [None req-7463186c-41ec-4ea9-bd20-32d9c4a8c041 a95b9e60bca042d3bdf9dcd42dc205e2 8dfee278ac48403aa96e1d75322454da - - default default] Unable to schedule network ba311541-2d90-4537-83c7-a2f2a01b28a6: no agents available; will retry on subsequent port and subnet creation events.
2026-07-07 04:47:32.820 10 INFO neutron.db.ovn_revision_numbers_db [None req-7463186c-41ec-4ea9-bd20-32d9c4a8c041 a95b9e60bca042d3bdf9dcd42dc205e2 8dfee278ac48403aa96e1d75322454da - - default default] Successfully bumped revision number for resource 70f49319-2eae-4642-9f7b-19e01a2ebc04 (type: ports) to 1
2026-07-07 04:47:33.004 9 INFO neutron.db.ovn_revision_numbers_db [None req-5664e4ad-179d-47c6-ad9f-0ba103a94c41 d9b381593986484b9e0cd3ba13d9503e de9dfbcf1af84803aea908cb0ca74452 - - default default] Successfully bumped revision number for resource c70b7f6d-70da-4bb0-9008-45c0c527cc73 (type: ports) to 2
2026-07-07 04:47:33.042 9 INFO neutron.db.ovn_revision_numbers_db [None req-5664e4ad-179d-47c6-ad9f-0ba103a94c41 d9b381593986484b9e0cd3ba13d9503e de9dfbcf1af84803aea908cb0ca74452 - - default default] Successfully bumped revision number for resource 0161ed56-6c5e-4f27-8b80-d8b22315f24f (type: subnets) to 1
2026-07-07 04:47:33.046 9 INFO neutron.wsgi [None req-5664e4ad-179d-47c6-ad9f-0ba103a94c41 d9b381593986484b9e0cd3ba13d9503e de9dfbcf1af84803aea908cb0ca74452 - - default default] 10.0.0.19 "PUT /v2.0/subnets/0161ed56-6c5e-4f27-8b80-d8b22315f24f HTTP/1.1" status: 200 len: 826 time: 0.7544284
2026-07-07 04:47:33.430 9 INFO neutron.plugins.ml2.drivers.ovn.mech_driver.mech_driver [None req-4e5bc2ae-3706-428d-bd8a-a74b8e2d2cf6 - - - - - -] OVN reports status up for port: 70f49319-2eae-4642-9f7b-19e01a2ebc04
2026-07-07 04:47:33.436 9 INFO neutron.plugins.ml2.plugin [None req-4e5bc2ae-3706-428d-bd8a-a74b8e2d2cf6 - - - - - -] Attempt 1 to provision port 70f49319-2eae-4642-9f7b-19e01a2ebc04
2026-07-07 04:47:33.438 10 INFO neutron.db.ovn_revision_numbers_db [None req-7463186c-41ec-4ea9-bd20-32d9c4a8c041 a95b9e60bca042d3bdf9dcd42dc205e2 8dfee278ac48403aa96e1d75322454da - - default default] Successfully bumped revision number for resource 70f49319-2eae-4642-9f7b-19e01a2ebc04 (type: router_ports) to 1
2026-07-07 04:47:33.662 10 INFO neutron.db.ovn_revision_numbers_db [None req-7463186c-41ec-4ea9-bd20-32d9c4a8c041 a95b9e60bca042d3bdf9dcd42dc205e2 8dfee278ac48403aa96e1d75322454da - - default default] Successfully bumped revision number for resource 70f49319-2eae-4642-9f7b-19e01a2ebc04 (type: ports) to 1
2026-07-07 04:47:33.699 9 INFO neutron.db.ovn_revision_numbers_db [None req-4e5bc2ae-3706-428d-bd8a-a74b8e2d2cf6 - - - - - -] Successfully bumped revision number for resource 70f49319-2eae-4642-9f7b-19e01a2ebc04 (type: ports) to 2
2026-07-07 04:47:33.713 10 INFO neutron.services.segments.plugin [-] Segment 922fb7dd-d82f-43ba-b4a5-d442346003d6 resource provider aggregate not found
2026-07-07 04:47:33.719 10 INFO neutron.services.segments.plugin [-] Segment 922fb7dd-d82f-43ba-b4a5-d442346003d6 resource provider aggregate not found
2026-07-07 04:47:33.739 10 INFO neutron.services.segments.plugin [-] Segment 922fb7dd-d82f-43ba-b4a5-d442346003d6 resource provider not found; error: Placement Client Error (4xx): {"errors": [{"status": 404, "title": "Not Found", "detail": "The resource could not be found.\n\n No resource provider with uuid 922fb7dd-d82f-43ba-b4a5-d442346003d6 found for delete ", "request_id": "req-8ccc1591-1ad5-45c6-905c-c50a2305024a"}]}
2026-07-07 04:47:33.739 10 INFO neutron.services.segments.plugin [-] Segment 922fb7dd-d82f-43ba-b4a5-d442346003d6 resource provider not found; error: Placement Client Error (4xx): {"errors": [{"status": 404, "title": "Not Found", "detail": "The resource could not be found.\n\n No resource provider with uuid 922fb7dd-d82f-43ba-b4a5-d442346003d6 found for delete ", "request_id": "req-b4bc68d3-6c6f-49d8-9008-edae9e5ebffc"}]}
2026-07-07 04:47:33.781 10 INFO neutron.wsgi [None req-4545ed80-ae8f-4930-ac57-8a8931b4f372 d9b381593986484b9e0cd3ba13d9503e de9dfbcf1af84803aea908cb0ca74452 - - default default] 10.0.0.19 "DELETE /v2.0/networks/15e49b51-3a9d-4853-acc6-b7c24f0d82f1 HTTP/1.1" status: 204 len: 168 time: 0.7307353
2026-07-07 04:47:33.800 10 WARNING neutron.scheduler.dhcp_agent_scheduler [None req-7463186c-41ec-4ea9-bd20-32d9c4a8c041 a95b9e60bca042d3bdf9dcd42dc205e2 8dfee278ac48403aa96e1d75322454da - - default default] No more DHCP agents
2026-07-07 04:47:33.801 10 WARNING neutron.api.rpc.agentnotifiers.dhcp_rpc_agent_api [None req-7463186c-41ec-4ea9-bd20-32d9c4a8c041 a95b9e60bca042d3bdf9dcd42dc205e2 8dfee278ac48403aa96e1d75322454da - - default default] Unable to schedule network ba311541-2d90-4537-83c7-a2f2a01b28a6: no agents available; will retry on subsequent port and subnet creation events.
2026-07-07 04:47:33.801 9 INFO neutron.pecan_wsgi.hooks.translation [None req-c8a26f02-d00f-4a01-be2c-ceacecc256ae d9b381593986484b9e0cd3ba13d9503e de9dfbcf1af84803aea908cb0ca74452 - - default default] DELETE failed (client error): The resource could not be found.
2026-07-07 04:47:33.804 9 INFO neutron.wsgi [None req-c8a26f02-d00f-4a01-be2c-ceacecc256ae d9b381593986484b9e0cd3ba13d9503e de9dfbcf1af84803aea908cb0ca74452 - - default default] 10.0.0.19 "DELETE /v2.0/networks/15e49b51-3a9d-4853-acc6-b7c24f0d82f1 HTTP/1.1" status: 404 len: 339 time: 0.0193763
2026-07-07 04:47:33.878 9 INFO neutron.db.ovn_revision_numbers_db [None req-4e5bc2ae-3706-428d-bd8a-a74b8e2d2cf6 - - - - - -] Successfully bumped revision number for resource 70f49319-2eae-4642-9f7b-19e01a2ebc04 (type: router_ports) to 2
2026-07-07 04:47:33.916 9 INFO neutron.wsgi [None req-8517bc12-4a03-401a-911a-fc4be13e7dfe d9b381593986484b9e0cd3ba13d9503e de9dfbcf1af84803aea908cb0ca74452 - - default default] 10.0.0.19 "GET /v2.0/networks?router%3Aexternal=True HTTP/1.1" status: 200 len: 845 time: 0.1057348
2026-07-07 04:47:33.978 10 INFO neutron.wsgi [None req-647afdc9-7621-4834-a348-26a69d7b307f d9b381593986484b9e0cd3ba13d9503e de9dfbcf1af84803aea908cb0ca74452 - - default default] 10.0.0.19 "GET /v2.0/subnets?network_id=d1b2684a-7d75-4a0a-b8e8-bbf022f08fd9 HTTP/1.1" status: 200 len: 820 time: 0.0547793
2026-07-07 04:47:33.992 9 INFO neutron.wsgi [None req-ef1a7cf9-889c-442b-9f6b-f521542b681b d9b381593986484b9e0cd3ba13d9503e de9dfbcf1af84803aea908cb0ca74452 - - default default] 10.0.0.19 "GET /v2.0/extensions HTTP/1.1" status: 200 len: 16520 time: 0.0087669
2026-07-07 04:47:34.099 9 INFO neutron.wsgi [None req-56c86660-3cbc-4e44-a315-4c5f401926f6 d9b381593986484b9e0cd3ba13d9503e de9dfbcf1af84803aea908cb0ca74452 - - default default] 10.0.0.19 "GET /v2.0/networks HTTP/1.1" status: 200 len: 1507 time: 0.1005685
2026-07-07 04:47:34.153 10 INFO neutron.wsgi [None req-1247821a-fdba-490b-9488-4791bd8e2b25 d9b381593986484b9e0cd3ba13d9503e de9dfbcf1af84803aea908cb0ca74452 - - default default] 10.0.0.19 "GET /v2.0/subnets HTTP/1.1" status: 200 len: 1460 time: 0.0485897
2026-07-07 04:47:34.193 10 INFO neutron.db.ovn_revision_numbers_db [None req-7463186c-41ec-4ea9-bd20-32d9c4a8c041 a95b9e60bca042d3bdf9dcd42dc205e2 8dfee278ac48403aa96e1d75322454da - - default default] Successfully bumped revision number for resource 70f49319-2eae-4642-9f7b-19e01a2ebc04 (type: router_ports) to 2
2026-07-07 04:47:34.196 10 INFO neutron.wsgi [None req-7463186c-41ec-4ea9-bd20-32d9c4a8c041 a95b9e60bca042d3bdf9dcd42dc205e2 8dfee278ac48403aa96e1d75322454da - - default default] 10.0.0.19 "PUT /v2.0/routers/e61dfb54-8853-4a0d-b65b-66275214f4a8/add_router_interface HTTP/1.1" status: 200 len: 503 time: 2.0339406
2026-07-07 04:47:34.225 9 INFO neutron.wsgi [None req-bb5f2dff-83ac-41bd-8c09-421c145ef1df d9b381593986484b9e0cd3ba13d9503e de9dfbcf1af84803aea908cb0ca74452 - - default default] 10.0.0.19 "GET /v2.0/networks/8d8e6c99-eea6-41fc-97b1-bdc870e57812 HTTP/1.1" status: 200 len: 866 time: 0.0622089
2026-07-07 04:47:34.265 9 INFO neutron.wsgi [None req-7f91699b-2957-44d1-b4b0-9639a0bd3298 d9b381593986484b9e0cd3ba13d9503e de9dfbcf1af84803aea908cb0ca74452 - - default default] 10.0.0.19 "GET /v2.0/subnets/c8a9af42-0028-4a30-976e-e7768c2e68d6 HTTP/1.1" status: 200 len: 843 time: 0.0342999
2026-07-07 04:47:34.283 9 INFO neutron.pecan_wsgi.hooks.translation [None req-6d0e28ae-859e-45ea-ad19-8504eef25010 d9b381593986484b9e0cd3ba13d9503e de9dfbcf1af84803aea908cb0ca74452 - - default default] DELETE failed (client error): The resource could not be found.
2026-07-07 04:47:34.285 9 INFO neutron.wsgi [None req-6d0e28ae-859e-45ea-ad19-8504eef25010 d9b381593986484b9e0cd3ba13d9503e de9dfbcf1af84803aea908cb0ca74452 - - default default] 10.0.0.19 "DELETE /v2.0/subnets/0161ed56-6c5e-4f27-8b80-d8b22315f24f HTTP/1.1" status: 404 len: 337 time: 0.0136030
2026-07-07 04:47:34.302 9 INFO neutron.pecan_wsgi.hooks.translation [None req-c1832e11-77fc-43a3-afbf-4a73714056a2 d9b381593986484b9e0cd3ba13d9503e de9dfbcf1af84803aea908cb0ca74452 - - default default] DELETE failed (client error): The resource could not be found.
