2026-07-07 04:49:25.605 10 INFO neutron.wsgi [None req-92fe5a55-3c9a-4dd4-9dab-09d0cf25b6f2 a844904a7d8d483cb9b74d8f716d05f6 f62d3fb1c2e04207a8e645497ab7c4fd - - default default] 10.0.0.19 "PUT /v2.0/routers/615f9751-49bd-409d-af40-60f81b0f6fd9 HTTP/1.1" status: 200 len: 655 time: 0.5836735
2026-07-07 04:49:25.626 10 INFO neutron.wsgi [None req-b688975f-8a9a-4812-a2a5-9ae43cfadad7 a844904a7d8d483cb9b74d8f716d05f6 f62d3fb1c2e04207a8e645497ab7c4fd - - default default] 10.0.0.19 "GET /v2.0/ports?device_id=615f9751-49bd-409d-af40-60f81b0f6fd9 HTTP/1.1" status: 200 len: 205 time: 0.0171070
2026-07-07 04:49:25.845 10 INFO neutron.wsgi [None req-1cb71fe5-5340-4f3b-8786-2c0f81be13e7 a844904a7d8d483cb9b74d8f716d05f6 f62d3fb1c2e04207a8e645497ab7c4fd - - default default] 10.0.0.19 "DELETE /v2.0/routers/615f9751-49bd-409d-af40-60f81b0f6fd9 HTTP/1.1" status: 204 len: 168 time: 0.2138660
2026-07-07 04:49:26.292 10 INFO neutron.db.ovn_revision_numbers_db [None req-9241b508-d7cd-4fad-9f6c-30f9f32db335 1ca593f1ddd74c7eabab8676647af840 164fa6fa12f64f1fac166893e00fa288 - - default default] Successfully bumped revision number for resource 38400f17-5fe9-44e9-8100-ea7f38ee4445 (type: security_groups) to 1
2026-07-07 04:49:26.308 10 INFO neutron.db.ovn_revision_numbers_db [None req-9241b508-d7cd-4fad-9f6c-30f9f32db335 1ca593f1ddd74c7eabab8676647af840 164fa6fa12f64f1fac166893e00fa288 - - default default] Successfully bumped revision number for resource 10e27d6d-5786-4989-8302-749b49f8d373 (type: security_group_rules) to 0
2026-07-07 04:49:26.318 10 INFO neutron.db.ovn_revision_numbers_db [None req-9241b508-d7cd-4fad-9f6c-30f9f32db335 1ca593f1ddd74c7eabab8676647af840 164fa6fa12f64f1fac166893e00fa288 - - default default] Successfully bumped revision number for resource 9e67ce63-2ab6-41a0-9d16-c512df03f87e (type: security_group_rules) to 0
2026-07-07 04:49:26.337 10 INFO neutron.db.ovn_revision_numbers_db [None req-9241b508-d7cd-4fad-9f6c-30f9f32db335 1ca593f1ddd74c7eabab8676647af840 164fa6fa12f64f1fac166893e00fa288 - - default default] Successfully bumped revision number for resource ae715521-5ac7-433f-ab15-e0ba32991fcf (type: security_group_rules) to 0
2026-07-07 04:49:26.339 10 INFO neutron.db.ovn_revision_numbers_db [None req-a2ed857a-0c74-4173-be16-c267c232deb5 1ca593f1ddd74c7eabab8676647af840 164fa6fa12f64f1fac166893e00fa288 - - default default] Successfully bumped revision number for resource a256ce67-93e2-469f-b082-cda794e068f0 (type: security_groups) to 1
2026-07-07 04:49:26.352 10 INFO neutron.db.ovn_revision_numbers_db [None req-9241b508-d7cd-4fad-9f6c-30f9f32db335 1ca593f1ddd74c7eabab8676647af840 164fa6fa12f64f1fac166893e00fa288 - - default default] Successfully bumped revision number for resource f4d7b23a-ae35-4351-9a81-950ffaffd1cf (type: security_group_rules) to 0
2026-07-07 04:49:26.356 10 INFO neutron.db.ovn_revision_numbers_db [None req-a2ed857a-0c74-4173-be16-c267c232deb5 1ca593f1ddd74c7eabab8676647af840 164fa6fa12f64f1fac166893e00fa288 - - default default] Successfully bumped revision number for resource 2d65f2cb-2d2d-4d15-9585-50121b34d60d (type: security_group_rules) to 0
2026-07-07 04:49:26.378 10 INFO neutron.wsgi [None req-9241b508-d7cd-4fad-9f6c-30f9f32db335 1ca593f1ddd74c7eabab8676647af840 164fa6fa12f64f1fac166893e00fa288 - - default default] 10.0.0.19 "GET /v2.0/security-groups?tenant_id=847c4c8863e24b2ca164382b4ff4d9b0&name=default HTTP/1.1" status: 200 len: 2996 time: 0.4231215
2026-07-07 04:49:26.387 10 INFO neutron.db.ovn_revision_numbers_db [None req-a2ed857a-0c74-4173-be16-c267c232deb5 1ca593f1ddd74c7eabab8676647af840 164fa6fa12f64f1fac166893e00fa288 - - default default] Successfully bumped revision number for resource 845350d9-9a9a-465e-aca4-68abedea39c6 (type: security_group_rules) to 0
2026-07-07 04:49:26.405 10 INFO neutron.db.ovn_revision_numbers_db [None req-a2ed857a-0c74-4173-be16-c267c232deb5 1ca593f1ddd74c7eabab8676647af840 164fa6fa12f64f1fac166893e00fa288 - - default default] Successfully bumped revision number for resource ad60ae25-60ac-43a7-93bd-af843dbd861c (type: security_group_rules) to 0
2026-07-07 04:49:26.425 10 INFO neutron.db.ovn_revision_numbers_db [None req-a2ed857a-0c74-4173-be16-c267c232deb5 1ca593f1ddd74c7eabab8676647af840 164fa6fa12f64f1fac166893e00fa288 - - default default] Successfully bumped revision number for resource f2d703ca-4919-4ec1-849b-14230accb579 (type: security_group_rules) to 0
2026-07-07 04:49:26.476 10 INFO neutron.db.segments_db [None req-a2ed857a-0c74-4173-be16-c267c232deb5 1ca593f1ddd74c7eabab8676647af840 164fa6fa12f64f1fac166893e00fa288 - - default default] Added segment 02e2b0bb-c499-44a4-abcd-f2c2569404fd of type geneve for network 6173c2a1-7ad2-4b2d-a258-643418bb2b91
2026-07-07 04:49:26.652 10 INFO neutron.db.ovn_revision_numbers_db [None req-a2ed857a-0c74-4173-be16-c267c232deb5 1ca593f1ddd74c7eabab8676647af840 164fa6fa12f64f1fac166893e00fa288 - - default default] Successfully bumped revision number for resource 6173c2a1-7ad2-4b2d-a258-643418bb2b91 (type: networks) to 1
2026-07-07 04:49:26.719 10 INFO neutron.wsgi [None req-42ad6327-53eb-420f-9486-6dad8c490db0 1ca593f1ddd74c7eabab8676647af840 164fa6fa12f64f1fac166893e00fa288 - - default default] 10.0.0.19 "DELETE /v2.0/security-groups/38400f17-5fe9-44e9-8100-ea7f38ee4445 HTTP/1.1" status: 204 len: 168 time: 0.3367236
2026-07-07 04:49:26.798 9 INFO neutron.db.ovn_revision_numbers_db [None req-f7a7f23c-3c8d-4c06-b54f-f38891fb31b4 1ca593f1ddd74c7eabab8676647af840 164fa6fa12f64f1fac166893e00fa288 - - default default] Successfully bumped revision number for resource 0c05c958-6cd5-4a63-a472-e96436bcfe4d (type: security_groups) to 1
2026-07-07 04:49:26.819 10 WARNING neutron.scheduler.dhcp_agent_scheduler [None req-a2ed857a-0c74-4173-be16-c267c232deb5 1ca593f1ddd74c7eabab8676647af840 164fa6fa12f64f1fac166893e00fa288 - - default default] No more DHCP agents
2026-07-07 04:49:26.821 10 WARNING neutron.api.rpc.agentnotifiers.dhcp_rpc_agent_api [None req-a2ed857a-0c74-4173-be16-c267c232deb5 1ca593f1ddd74c7eabab8676647af840 164fa6fa12f64f1fac166893e00fa288 - - default default] Unable to schedule network 6173c2a1-7ad2-4b2d-a258-643418bb2b91: no agents available; will retry on subsequent port and subnet creation events.
2026-07-07 04:49:26.827 9 INFO neutron.db.ovn_revision_numbers_db [None req-f7a7f23c-3c8d-4c06-b54f-f38891fb31b4 1ca593f1ddd74c7eabab8676647af840 164fa6fa12f64f1fac166893e00fa288 - - default default] Successfully bumped revision number for resource 3e830349-c08d-458b-ba05-4d6f6886e2c7 (type: security_group_rules) to 0
2026-07-07 04:49:26.854 9 INFO neutron.db.ovn_revision_numbers_db [None req-f7a7f23c-3c8d-4c06-b54f-f38891fb31b4 1ca593f1ddd74c7eabab8676647af840 164fa6fa12f64f1fac166893e00fa288 - - default default] Successfully bumped revision number for resource 691f4b60-d153-433f-aa8d-ca4a5532bd86 (type: security_group_rules) to 0
2026-07-07 04:49:26.872 9 INFO neutron.db.ovn_revision_numbers_db [None req-f7a7f23c-3c8d-4c06-b54f-f38891fb31b4 1ca593f1ddd74c7eabab8676647af840 164fa6fa12f64f1fac166893e00fa288 - - default default] Successfully bumped revision number for resource c4a79f24-ded8-43a1-83a4-5a39dbaa3f50 (type: security_group_rules) to 0
2026-07-07 04:49:26.897 9 INFO neutron.db.ovn_revision_numbers_db [None req-f7a7f23c-3c8d-4c06-b54f-f38891fb31b4 1ca593f1ddd74c7eabab8676647af840 164fa6fa12f64f1fac166893e00fa288 - - default default] Successfully bumped revision number for resource d33baf9c-f509-41aa-ae44-c5eb60a15945 (type: security_group_rules) to 0
2026-07-07 04:49:26.918 10 INFO neutron.db.ovn_revision_numbers_db [None req-a2ed857a-0c74-4173-be16-c267c232deb5 1ca593f1ddd74c7eabab8676647af840 164fa6fa12f64f1fac166893e00fa288 - - default default] Successfully bumped revision number for resource 8a1f1e36-c471-4277-b4fd-ece94e6cdaf5 (type: ports) to 1
2026-07-07 04:49:26.924 9 INFO neutron.wsgi [None req-f7a7f23c-3c8d-4c06-b54f-f38891fb31b4 1ca593f1ddd74c7eabab8676647af840 164fa6fa12f64f1fac166893e00fa288 - - default default] 10.0.0.19 "GET /v2.0/security-groups?tenant_id=f62d3fb1c2e04207a8e645497ab7c4fd&name=default HTTP/1.1" status: 200 len: 2996 time: 0.3432190
2026-07-07 04:49:26.944 10 INFO neutron.wsgi [None req-a2ed857a-0c74-4173-be16-c267c232deb5 1ca593f1ddd74c7eabab8676647af840 164fa6fa12f64f1fac166893e00fa288 - - default default] 10.0.0.19 "POST /v2.0/networks HTTP/1.1" status: 201 len: 942 time: 0.9568820
2026-07-07 04:49:26.966 9 INFO neutron.db.ovn_revision_numbers_db [None req-b3278521-1609-4dff-863c-6e791c1a6772 1ca593f1ddd74c7eabab8676647af840 164fa6fa12f64f1fac166893e00fa288 - - default default] Successfully bumped revision number for resource bc1b66fd-b9aa-44e6-b204-4bb16bb27b53 (type: security_groups) to 1
2026-07-07 04:49:26.981 9 INFO neutron.db.ovn_revision_numbers_db [None req-b3278521-1609-4dff-863c-6e791c1a6772 1ca593f1ddd74c7eabab8676647af840 164fa6fa12f64f1fac166893e00fa288 - - default default] Successfully bumped revision number for resource 0b6f1936-d2f2-4fb1-a17b-bec5606b248f (type: security_group_rules) to 0
2026-07-07 04:49:26.999 9 INFO neutron.db.ovn_revision_numbers_db [None req-b3278521-1609-4dff-863c-6e791c1a6772 1ca593f1ddd74c7eabab8676647af840 164fa6fa12f64f1fac166893e00fa288 - - default default] Successfully bumped revision number for resource 18d133f2-8875-4d1e-841a-39ea56de7a48 (type: security_group_rules) to 0
2026-07-07 04:49:27.017 9 INFO neutron.db.ovn_revision_numbers_db [None req-b3278521-1609-4dff-863c-6e791c1a6772 1ca593f1ddd74c7eabab8676647af840 164fa6fa12f64f1fac166893e00fa288 - - default default] Successfully bumped revision number for resource 348afc3e-1375-4dc0-b8cf-ea48f18ef2da (type: security_group_rules) to 0
2026-07-07 04:49:27.029 9 INFO neutron.db.ovn_revision_numbers_db [None req-b3278521-1609-4dff-863c-6e791c1a6772 1ca593f1ddd74c7eabab8676647af840 164fa6fa12f64f1fac166893e00fa288 - - default default] Successfully bumped revision number for resource f7ab8f41-4006-45c8-b551-9f1f6ac96f03 (type: security_group_rules) to 0
2026-07-07 04:49:27.055 9 INFO neutron.wsgi [None req-b3278521-1609-4dff-863c-6e791c1a6772 1ca593f1ddd74c7eabab8676647af840 164fa6fa12f64f1fac166893e00fa288 - - default default] 10.0.0.19 "GET /v2.0/security-groups?tenant_id=9b2a16f3f4584564b507969819fcaf0a&name=default HTTP/1.1" status: 200 len: 2996 time: 0.2446351
2026-07-07 04:49:27.106 10 WARNING neutron.scheduler.dhcp_agent_scheduler [None req-cde21e1b-1b7e-46ab-8079-09906fa320fa 1ca593f1ddd74c7eabab8676647af840 164fa6fa12f64f1fac166893e00fa288 - - default default] No more DHCP agents
2026-07-07 04:49:27.109 10 WARNING neutron.api.rpc.agentnotifiers.dhcp_rpc_agent_api [None req-cde21e1b-1b7e-46ab-8079-09906fa320fa 1ca593f1ddd74c7eabab8676647af840 164fa6fa12f64f1fac166893e00fa288 - - default default] Unable to schedule network 6173c2a1-7ad2-4b2d-a258-643418bb2b91: no agents available; will retry on subsequent port and subnet creation events.
2026-07-07 04:49:27.139 9 INFO neutron.wsgi [None req-f714b08d-ddbe-49f6-b68a-9ccd6d6f377d 1ca593f1ddd74c7eabab8676647af840 164fa6fa12f64f1fac166893e00fa288 - - default default] 10.0.0.19 "DELETE /v2.0/security-groups/0c05c958-6cd5-4a63-a472-e96436bcfe4d HTTP/1.1" status: 204 len: 168 time: 0.2091708
2026-07-07 04:49:27.238 9 INFO neutron.wsgi [None req-db8e5f5f-af55-47d7-a845-daff5d3569ae 1ca593f1ddd74c7eabab8676647af840 164fa6fa12f64f1fac166893e00fa288 - - default default] 10.0.0.19 "DELETE /v2.0/security-groups/bc1b66fd-b9aa-44e6-b204-4bb16bb27b53 HTTP/1.1" status: 204 len: 168 time: 0.1777444
2026-07-07 04:49:27.390 9 INFO neutron.db.ovn_revision_numbers_db [None req-79a28a32-f1b0-4c35-8d29-5fd7bd54cf48 1ca593f1ddd74c7eabab8676647af840 164fa6fa12f64f1fac166893e00fa288 - - default default] Successfully bumped revision number for resource 7006668a-3d52-477b-818d-249892f27772 (type: security_groups) to 1
2026-07-07 04:49:27.406 9 INFO neutron.db.ovn_revision_numbers_db [None req-79a28a32-f1b0-4c35-8d29-5fd7bd54cf48 1ca593f1ddd74c7eabab8676647af840 164fa6fa12f64f1fac166893e00fa288 - - default default] Successfully bumped revision number for resource 651fe5af-61bb-4047-841c-5044ce59d2c7 (type: security_group_rules) to 0
2026-07-07 04:49:27.424 9 INFO neutron.db.ovn_revision_numbers_db [None req-79a28a32-f1b0-4c35-8d29-5fd7bd54cf48 1ca593f1ddd74c7eabab8676647af840 164fa6fa12f64f1fac166893e00fa288 - - default default] Successfully bumped revision number for resource 91f577a9-8f37-4961-abbd-98b6f79a23d5 (type: security_group_rules) to 0
2026-07-07 04:49:27.441 9 INFO neutron.db.ovn_revision_numbers_db [None req-79a28a32-f1b0-4c35-8d29-5fd7bd54cf48 1ca593f1ddd74c7eabab8676647af840 164fa6fa12f64f1fac166893e00fa288 - - default default] Successfully bumped revision number for resource 9a3296aa-d779-4099-9585-54e62ec3fa2d (type: security_group_rules) to 0
2026-07-07 04:49:27.461 9 INFO neutron.db.ovn_revision_numbers_db [None req-79a28a32-f1b0-4c35-8d29-5fd7bd54cf48 1ca593f1ddd74c7eabab8676647af840 164fa6fa12f64f1fac166893e00fa288 - - default default] Successfully bumped revision number for resource c70fe7c6-e4fc-4e82-a22d-b4b0b39e6692 (type: security_group_rules) to 0
2026-07-07 04:49:27.486 9 INFO neutron.wsgi [None req-79a28a32-f1b0-4c35-8d29-5fd7bd54cf48 1ca593f1ddd74c7eabab8676647af840 164fa6fa12f64f1fac166893e00fa288 - - default default] 10.0.0.19 "GET /v2.0/security-groups?tenant_id=0f6ab8117c3644238ec2303476f0632c&name=default HTTP/1.1" status: 200 len: 2996 time: 0.1948030
2026-07-07 04:49:27.596 10 INFO neutron.db.ovn_revision_numbers_db [None req-cde21e1b-1b7e-46ab-8079-09906fa320fa 1ca593f1ddd74c7eabab8676647af840 164fa6fa12f64f1fac166893e00fa288 - - default default] Successfully bumped revision number for resource 8a1f1e36-c471-4277-b4fd-ece94e6cdaf5 (type: ports) to 2
2026-07-07 04:49:27.630 10 INFO neutron.db.ovn_revision_numbers_db [None req-cde21e1b-1b7e-46ab-8079-09906fa320fa 1ca593f1ddd74c7eabab8676647af840 164fa6fa12f64f1fac166893e00fa288 - - default default] Successfully bumped revision number for resource 71eaaa94-68fa-4342-aa1f-5d066126eb6f (type: subnets) to 0
2026-07-07 04:49:27.649 10 INFO neutron.wsgi [None req-cde21e1b-1b7e-46ab-8079-09906fa320fa 1ca593f1ddd74c7eabab8676647af840 164fa6fa12f64f1fac166893e00fa288 - - default default] 10.0.0.19 "POST /v2.0/subnets HTTP/1.1" status: 201 len: 862 time: 0.7006531
2026-07-07 04:49:27.707 10 INFO neutron.wsgi [None req-138808f5-e507-4ca8-8690-c4bcea7e9461 1ca593f1ddd74c7eabab8676647af840 164fa6fa12f64f1fac166893e00fa288 - - default default] 10.0.0.19 "DELETE /v2.0/security-groups/7006668a-3d52-477b-818d-249892f27772 HTTP/1.1" status: 204 len: 168 time: 0.2133393
2026-07-07 04:49:28.124 9 WARNING neutron.scheduler.dhcp_agent_scheduler [None req-f85ee5a4-b1e5-4373-b046-3c882deee874 1ca593f1ddd74c7eabab8676647af840 164fa6fa12f64f1fac166893e00fa288 - - default default] No more DHCP agents
2026-07-07 04:49:28.126 9 WARNING neutron.api.rpc.agentnotifiers.dhcp_rpc_agent_api [None req-f85ee5a4-b1e5-4373-b046-3c882deee874 1ca593f1ddd74c7eabab8676647af840 164fa6fa12f64f1fac166893e00fa288 - - default default] Unable to schedule network d1b2684a-7d75-4a0a-b8e8-bbf022f08fd9: no agents available; will retry on subsequent port and subnet creation events.
2026-07-07 04:49:28.311 9 INFO neutron.db.ovn_revision_numbers_db [None req-f85ee5a4-b1e5-4373-b046-3c882deee874 1ca593f1ddd74c7eabab8676647af840 164fa6fa12f64f1fac166893e00fa288 - - default default] Successfully bumped revision number for resource bb33198d-ae7a-4901-a24c-0ea54ab8a3dc (type: ports) to 1
2026-07-07 04:49:28.882 9 INFO neutron.plugins.ml2.drivers.ovn.mech_driver.mech_driver [None req-4e5bc2ae-3706-428d-bd8a-a74b8e2d2cf6 - - - - - -] OVN reports status up for port: bb33198d-ae7a-4901-a24c-0ea54ab8a3dc
2026-07-07 04:49:28.903 9 INFO neutron.plugins.ml2.plugin [None req-4e5bc2ae-3706-428d-bd8a-a74b8e2d2cf6 - - - - - -] Attempt 1 to provision port bb33198d-ae7a-4901-a24c-0ea54ab8a3dc
2026-07-07 04:49:28.905 9 INFO neutron.plugins.ml2.drivers.ovn.mech_driver.ovsdb.ovsdb_monitor [None req-1065df3d-70b5-4bfa-97c5-0a7965733f6a - - - - - -] Router 02a4a63d-65f4-428e-a0f7-d60725959fef is bound to host instance
2026-07-07 04:49:28.960 9 INFO neutron.db.ovn_revision_numbers_db [None req-f85ee5a4-b1e5-4373-b046-3c882deee874 1ca593f1ddd74c7eabab8676647af840 164fa6fa12f64f1fac166893e00fa288 - - default default] Successfully bumped revision number for resource bb33198d-ae7a-4901-a24c-0ea54ab8a3dc (type: router_ports) to 1
2026-07-07 04:49:29.078 9 INFO neutron.db.ovn_revision_numbers_db [None req-f85ee5a4-b1e5-4373-b046-3c882deee874 1ca593f1ddd74c7eabab8676647af840 164fa6fa12f64f1fac166893e00fa288 - - default default] Successfully bumped revision number for resource 02a4a63d-65f4-428e-a0f7-d60725959fef (type: routers) to 2
2026-07-07 04:49:29.093 9 INFO neutron.wsgi [None req-f85ee5a4-b1e5-4373-b046-3c882deee874 1ca593f1ddd74c7eabab8676647af840 164fa6fa12f64f1fac166893e00fa288 - - default default] 10.0.0.19 "POST /v2.0/routers HTTP/1.1" status: 201 len: 873 time: 1.4374154
2026-07-07 04:49:29.916 9 INFO neutron.db.ovn_revision_numbers_db [None req-1065df3d-70b5-4bfa-97c5-0a7965733f6a - - - - - -] Successfully bumped revision number for resource bb33198d-ae7a-4901-a24c-0ea54ab8a3dc (type: ports) to 1
2026-07-07 04:49:29.955 9 WARNING neutron.scheduler.dhcp_agent_scheduler [None req-57341f1a-1f38-4935-8629-4d79226c88b4 1ca593f1ddd74c7eabab8676647af840 164fa6fa12f64f1fac166893e00fa288 - - default default] No more DHCP agents
2026-07-07 04:49:29.959 9 WARNING neutron.api.rpc.agentnotifiers.dhcp_rpc_agent_api [None req-57341f1a-1f38-4935-8629-4d79226c88b4 1ca593f1ddd74c7eabab8676647af840 164fa6fa12f64f1fac166893e00fa288 - - default default] Unable to schedule network 6173c2a1-7ad2-4b2d-a258-643418bb2b91: no agents available; will retry on subsequent port and subnet creation events.
2026-07-07 04:49:30.181 9 INFO neutron.db.ovn_revision_numbers_db [None req-57341f1a-1f38-4935-8629-4d79226c88b4 1ca593f1ddd74c7eabab8676647af840 164fa6fa12f64f1fac166893e00fa288 - - default default] Successfully bumped revision number for resource a036cf31-7e15-44b0-8b71-280d05835bc4 (type: ports) to 1
2026-07-07 04:49:30.288 9 INFO neutron.db.ovn_revision_numbers_db [None req-1065df3d-70b5-4bfa-97c5-0a7965733f6a - - - - - -] Successfully bumped revision number for resource bb33198d-ae7a-4901-a24c-0ea54ab8a3dc (type: router_ports) to 3
2026-07-07 04:49:30.477 9 INFO neutron.db.ovn_revision_numbers_db [None req-1065df3d-70b5-4bfa-97c5-0a7965733f6a - - - - - -] Successfully bumped revision number for resource bb33198d-ae7a-4901-a24c-0ea54ab8a3dc (type: ports) to 2
2026-07-07 04:49:30.739 9 INFO neutron.db.ovn_revision_numbers_db [None req-57341f1a-1f38-4935-8629-4d79226c88b4 1ca593f1ddd74c7eabab8676647af840 164fa6fa12f64f1fac166893e00fa288 - - default default] Successfully bumped revision number for resource a036cf31-7e15-44b0-8b71-280d05835bc4 (type: router_ports) to 1
2026-07-07 04:49:30.849 9 INFO neutron.db.ovn_revision_numbers_db [None req-1065df3d-70b5-4bfa-97c5-0a7965733f6a - - - - - -] Successfully bumped revision number for resource bb33198d-ae7a-4901-a24c-0ea54ab8a3dc (type: ports) to 4
2026-07-07 04:49:31.009 9 INFO neutron.db.ovn_revision_numbers_db [None req-57341f1a-1f38-4935-8629-4d79226c88b4 1ca593f1ddd74c7eabab8676647af840 164fa6fa12f64f1fac166893e00fa288 - - default default] Successfully bumped revision number for resource a036cf31-7e15-44b0-8b71-280d05835bc4 (type: ports) to 1
2026-07-07 04:49:31.154 9 WARNING neutron.scheduler.dhcp_agent_scheduler [None req-57341f1a-1f38-4935-8629-4d79226c88b4 1ca593f1ddd74c7eabab8676647af840 164fa6fa12f64f1fac166893e00fa288 - - default default] No more DHCP agents
2026-07-07 04:49:31.156 9 WARNING neutron.api.rpc.agentnotifiers.dhcp_rpc_agent_api [None req-57341f1a-1f38-4935-8629-4d79226c88b4 1ca593f1ddd74c7eabab8676647af840 164fa6fa12f64f1fac166893e00fa288 - - default default] Unable to schedule network 6173c2a1-7ad2-4b2d-a258-643418bb2b91: no agents available; will retry on subsequent port and subnet creation events.
2026-07-07 04:49:31.239 9 INFO neutron.db.ovn_revision_numbers_db [None req-1065df3d-70b5-4bfa-97c5-0a7965733f6a - - - - - -] Successfully bumped revision number for resource bb33198d-ae7a-4901-a24c-0ea54ab8a3dc (type: router_ports) to 4
2026-07-07 04:49:31.297 10 INFO neutron.db.ovn_revision_numbers_db [None req-ea5f29c3-78ce-488d-9551-f230a10d6daf 6a442c79e6cd4c069a3ef45f44f69fec 55a602992277429a817c40243d11aff8 - - default default] Successfully bumped revision number for resource 56f42dfa-65b8-48fa-a862-80e831309e60 (type: security_groups) to 1
2026-07-07 04:49:31.315 10 INFO neutron.db.ovn_revision_numbers_db [None req-ea5f29c3-78ce-488d-9551-f230a10d6daf 6a442c79e6cd4c069a3ef45f44f69fec 55a602992277429a817c40243d11aff8 - - default default] Successfully bumped revision number for resource 1eca8fa8-40ca-45b1-a318-eece9bb469d4 (type: security_group_rules) to 0
2026-07-07 04:49:31.327 10 INFO neutron.db.ovn_revision_numbers_db [None req-ea5f29c3-78ce-488d-9551-f230a10d6daf 6a442c79e6cd4c069a3ef45f44f69fec 55a602992277429a817c40243d11aff8 - - default default] Successfully bumped revision number for resource 88535af1-4645-477a-abe3-8b71be784c18 (type: security_group_rules) to 0
2026-07-07 04:49:31.343 10 INFO neutron.db.ovn_revision_numbers_db [None req-ea5f29c3-78ce-488d-9551-f230a10d6daf 6a442c79e6cd4c069a3ef45f44f69fec 55a602992277429a817c40243d11aff8 - - default default] Successfully bumped revision number for resource 8eea29ac-2af0-4cae-99a1-064e8ec4b798 (type: security_group_rules) to 0
2026-07-07 04:49:31.357 10 INFO neutron.db.ovn_revision_numbers_db [None req-ea5f29c3-78ce-488d-9551-f230a10d6daf 6a442c79e6cd4c069a3ef45f44f69fec 55a602992277429a817c40243d11aff8 - - default default] Successfully bumped revision number for resource c24102c4-40ec-49f7-a1c8-cae1e58dcb9d (type: security_group_rules) to 0
2026-07-07 04:49:31.407 10 INFO neutron.db.segments_db [None req-ea5f29c3-78ce-488d-9551-f230a10d6daf 6a442c79e6cd4c069a3ef45f44f69fec 55a602992277429a817c40243d11aff8 - - default default] Added segment aebf3ea4-136f-4658-a1f0-437e5f05a2c2 of type geneve for network e85e43d3-ecdf-45b6-9855-e91d7546293c
2026-07-07 04:49:31.558 10 INFO neutron.db.ovn_revision_numbers_db [None req-ea5f29c3-78ce-488d-9551-f230a10d6daf 6a442c79e6cd4c069a3ef45f44f69fec 55a602992277429a817c40243d11aff8 - - default default] Successfully bumped revision number for resource e85e43d3-ecdf-45b6-9855-e91d7546293c (type: networks) to 1
2026-07-07 04:49:31.585 9 INFO neutron.plugins.ml2.drivers.ovn.mech_driver.mech_driver [None req-4e5bc2ae-3706-428d-bd8a-a74b8e2d2cf6 - - - - - -] OVN reports status up for port: a036cf31-7e15-44b0-8b71-280d05835bc4
2026-07-07 04:49:31.600 9 INFO neutron.plugins.ml2.plugin [None req-4e5bc2ae-3706-428d-bd8a-a74b8e2d2cf6 - - - - - -] Attempt 1 to provision port a036cf31-7e15-44b0-8b71-280d05835bc4
2026-07-07 04:49:31.688 9 INFO neutron.db.ovn_revision_numbers_db [None req-57341f1a-1f38-4935-8629-4d79226c88b4 1ca593f1ddd74c7eabab8676647af840 164fa6fa12f64f1fac166893e00fa288 - - default default] Successfully bumped revision number for resource a036cf31-7e15-44b0-8b71-280d05835bc4 (type: router_ports) to 1
2026-07-07 04:49:31.690 9 INFO neutron.wsgi [None req-57341f1a-1f38-4935-8629-4d79226c88b4 1ca593f1ddd74c7eabab8676647af840 164fa6fa12f64f1fac166893e00fa288 - - default default] 10.0.0.19 "PUT /v2.0/routers/02a4a63d-65f4-428e-a0f7-d60725959fef/add_router_interface HTTP/1.1" status: 200 len: 503 time: 2.5913081
2026-07-07 04:49:31.729 10 WARNING neutron.scheduler.dhcp_agent_scheduler [None req-ea5f29c3-78ce-488d-9551-f230a10d6daf 6a442c79e6cd4c069a3ef45f44f69fec 55a602992277429a817c40243d11aff8 - - default default] No more DHCP agents
2026-07-07 04:49:31.731 10 WARNING neutron.api.rpc.agentnotifiers.dhcp_rpc_agent_api [None req-ea5f29c3-78ce-488d-9551-f230a10d6daf 6a442c79e6cd4c069a3ef45f44f69fec 55a602992277429a817c40243d11aff8 - - default default] Unable to schedule network e85e43d3-ecdf-45b6-9855-e91d7546293c: no agents available; will retry on subsequent port and subnet creation events.
2026-07-07 04:49:31.817 10 INFO neutron.db.ovn_revision_numbers_db [None req-ea5f29c3-78ce-488d-9551-f230a10d6daf 6a442c79e6cd4c069a3ef45f44f69fec 55a602992277429a817c40243d11aff8 - - default default] Successfully bumped revision number for resource ad3502df-3310-4be5-abaf-266efeac2d94 (type: ports) to 1
2026-07-07 04:49:31.841 10 INFO neutron.wsgi [None req-ea5f29c3-78ce-488d-9551-f230a10d6daf 6a442c79e6cd4c069a3ef45f44f69fec 55a602992277429a817c40243d11aff8 - - default default] 10.0.0.19 "POST /v2.0/networks HTTP/1.1" status: 201 len: 830 time: 0.8555603
2026-07-07 04:49:31.905 9 INFO neutron.db.ovn_revision_numbers_db [None req-4e5bc2ae-3706-428d-bd8a-a74b8e2d2cf6 - - - - - -] Successfully bumped revision number for resource a036cf31-7e15-44b0-8b71-280d05835bc4 (type: ports) to 2
2026-07-07 04:49:32.348 9 INFO neutron.db.ovn_revision_numbers_db [None req-4e5bc2ae-3706-428d-bd8a-a74b8e2d2cf6 - - - - - -] Successfully bumped revision number for resource a036cf31-7e15-44b0-8b71-280d05835bc4 (type: router_ports) to 2
2026-07-07 04:49:32.427 9 WARNING neutron.scheduler.dhcp_agent_scheduler [None req-5d3772e3-65d3-4d48-9325-09f2de06f3bd 6a442c79e6cd4c069a3ef45f44f69fec 55a602992277429a817c40243d11aff8 - - default default] No more DHCP agents
2026-07-07 04:49:32.430 9 WARNING neutron.api.rpc.agentnotifiers.dhcp_rpc_agent_api [None req-5d3772e3-65d3-4d48-9325-09f2de06f3bd 6a442c79e6cd4c069a3ef45f44f69fec 55a602992277429a817c40243d11aff8 - - default default] Unable to schedule network e85e43d3-ecdf-45b6-9855-e91d7546293c: no agents available; will retry on subsequent port and subnet creation events.
2026-07-07 04:49:32.923 10 INFO neutron.db.ovn_revision_numbers_db [None req-8393c104-b685-42fe-9091-aac94ea7e0a8 1ca593f1ddd74c7eabab8676647af840 164fa6fa12f64f1fac166893e00fa288 - - default default] Successfully bumped revision number for resource 4887790a-0129-4c6a-a7bd-9eb7dd223403 (type: security_groups) to 1
2026-07-07 04:49:32.937 10 INFO neutron.db.ovn_revision_numbers_db [None req-8393c104-b685-42fe-9091-aac94ea7e0a8 1ca593f1ddd74c7eabab8676647af840 164fa6fa12f64f1fac166893e00fa288 - - default default] Successfully bumped revision number for resource 7a3f7f9d-99b9-4a38-9656-b41e770f9239 (type: security_group_rules) to 0
2026-07-07 04:49:32.947 9 INFO neutron.db.ovn_revision_numbers_db [None req-5d3772e3-65d3-4d48-9325-09f2de06f3bd 6a442c79e6cd4c069a3ef45f44f69fec 55a602992277429a817c40243d11aff8 - - default default] Successfully bumped revision number for resource ad3502df-3310-4be5-abaf-266efeac2d94 (type: ports) to 2
2026-07-07 04:49:32.953 10 INFO neutron.db.ovn_revision_numbers_db [None req-8393c104-b685-42fe-9091-aac94ea7e0a8 1ca593f1ddd74c7eabab8676647af840 164fa6fa12f64f1fac166893e00fa288 - - default default] Successfully bumped revision number for resource 98790dc9-964e-46ab-9680-02506c5409b1 (type: security_group_rules) to 0
2026-07-07 04:49:32.966 10 INFO neutron.db.ovn_revision_numbers_db [None req-8393c104-b685-42fe-9091-aac94ea7e0a8 1ca593f1ddd74c7eabab8676647af840 164fa6fa12f64f1fac166893e00fa288 - - default default] Successfully bumped revision number for resource ab512746-6ff0-4dae-b2a6-928444289b74 (type: security_group_rules) to 0
2026-07-07 04:49:32.981 10 INFO neutron.db.ovn_revision_numbers_db [None req-8393c104-b685-42fe-9091-aac94ea7e0a8 1ca593f1ddd74c7eabab8676647af840 164fa6fa12f64f1fac166893e00fa288 - - default default] Successfully bumped revision number for resource ff09ce2f-eeaa-4adb-abe9-06c936032904 (type: security_group_rules) to 0
2026-07-07 04:49:32.989 9 INFO neutron.db.ovn_revision_numbers_db [None req-5d3772e3-65d3-4d48-9325-09f2de06f3bd 6a442c79e6cd4c069a3ef45f44f69fec 55a602992277429a817c40243d11aff8 - - default default] Successfully bumped revision number for resource 5f627ac5-fc7d-47e3-a791-642263d5b59b (type: subnets) to 0
2026-07-07 04:49:33.007 9 INFO neutron.wsgi [None req-5d3772e3-65d3-4d48-9325-09f2de06f3bd 6a442c79e6cd4c069a3ef45f44f69fec 55a602992277429a817c40243d11aff8 - - default default] 10.0.0.19 "POST /v2.0/subnets HTTP/1.1" status: 201 len: 801 time: 1.1615791
2026-07-07 04:49:33.033 10 INFO neutron.db.segments_db [None req-8393c104-b685-42fe-9091-aac94ea7e0a8 1ca593f1ddd74c7eabab8676647af840 164fa6fa12f64f1fac166893e00fa288 - - default default] Added segment 0c1d02c1-3dcf-4947-abd1-94c7c4f8c901 of type geneve for network db416457-d207-4d58-8b99-774fb87ee120
2026-07-07 04:49:33.062 9 INFO neutron.wsgi [None req-6b1be222-92ac-4ead-a775-e5d7b05c5b9d 6a442c79e6cd4c069a3ef45f44f69fec 55a602992277429a817c40243d11aff8 - - default default] 10.0.0.19 "PUT /v2.0/subnets/5f627ac5-fc7d-47e3-a791-642263d5b59b/tags HTTP/1.1" status: 200 len: 218 time: 0.0505602
2026-07-07 04:49:33.103 9 INFO neutron.wsgi [None req-b5023734-f152-4cf9-99db-4763374eba45 6a442c79e6cd4c069a3ef45f44f69fec 55a602992277429a817c40243d11aff8 - - default default] 10.0.0.19 "GET /v2.0/subnets/5f627ac5-fc7d-47e3-a791-642263d5b59b/tags HTTP/1.1" status: 200 len: 218 time: 0.0358865
2026-07-07 04:49:33.159 10 INFO neutron.db.ovn_revision_numbers_db [None req-8393c104-b685-42fe-9091-aac94ea7e0a8 1ca593f1ddd74c7eabab8676647af840 164fa6fa12f64f1fac166893e00fa288 - - default default] Successfully bumped revision number for resource db416457-d207-4d58-8b99-774fb87ee120 (type: networks) to 1
2026-07-07 04:49:33.172 10 INFO neutron.wsgi [None req-1cdf25f5-ae48-441c-a859-42a5ae6cd824 6a442c79e6cd4c069a3ef45f44f69fec 55a602992277429a817c40243d11aff8 - - default default] 10.0.0.19 "PUT /v2.0/subnets/5f627ac5-fc7d-47e3-a791-642263d5b59b/tags/green HTTP/1.1" status: 201 len: 201 time: 0.0629430
2026-07-07 04:49:33.206 9 INFO neutron.wsgi [None req-8ea8fa04-dba8-4671-8156-ccb90926926f 6a442c79e6cd4c069a3ef45f44f69fec 55a602992277429a817c40243d11aff8 - - default default] 10.0.0.19 "GET /v2.0/subnets/5f627ac5-fc7d-47e3-a791-642263d5b59b/tags HTTP/1.1" status: 200 len: 227 time: 0.0282989
2026-07-07 04:49:33.245 9 INFO neutron.wsgi [None req-a5720909-92bf-45ac-a2d3-99e1742de66a 6a442c79e6cd4c069a3ef45f44f69fec 55a602992277429a817c40243d11aff8 - - default default] 10.0.0.19 "PUT /v2.0/subnets/5f627ac5-fc7d-47e3-a791-642263d5b59b/tags/red HTTP/1.1" status: 201 len: 201 time: 0.0358646
2026-07-07 04:49:33.294 10 INFO neutron.wsgi [None req-4747a655-5c7a-444f-93d9-6f3b5a6ff19e 6a442c79e6cd4c069a3ef45f44f69fec 55a602992277429a817c40243d11aff8 - - default default] 10.0.0.19 "GET /v2.0/subnets/5f627ac5-fc7d-47e3-a791-642263d5b59b/tags HTTP/1.1" status: 200 len: 227 time: 0.0445263
2026-07-07 04:49:33.332 10 WARNING neutron.scheduler.dhcp_agent_scheduler [None req-8393c104-b685-42fe-9091-aac94ea7e0a8 1ca593f1ddd74c7eabab8676647af840 164fa6fa12f64f1fac166893e00fa288 - - default default] No more DHCP agents
2026-07-07 04:49:33.335 10 WARNING neutron.api.rpc.agentnotifiers.dhcp_rpc_agent_api [None req-8393c104-b685-42fe-9091-aac94ea7e0a8 1ca593f1ddd74c7eabab8676647af840 164fa6fa12f64f1fac166893e00fa288 - - default default] Unable to schedule network db416457-d207-4d58-8b99-774fb87ee120: no agents available; will retry on subsequent port and subnet creation events.
2026-07-07 04:49:33.337 9 INFO neutron.wsgi [None req-cb2c5949-aa1a-4a85-a0a3-2a0834075f33 6a442c79e6cd4c069a3ef45f44f69fec 55a602992277429a817c40243d11aff8 - - default default] 10.0.0.19 "PUT /v2.0/subnets/5f627ac5-fc7d-47e3-a791-642263d5b59b/tags/black.or.white HTTP/1.1" status: 201 len: 201 time: 0.0372901
2026-07-07 04:49:33.371 9 INFO neutron.wsgi [None req-6d038ef3-36a8-41f4-ae8e-058d50ee1e6a 6a442c79e6cd4c069a3ef45f44f69fec 55a602992277429a817c40243d11aff8 - - default default] 10.0.0.19 "GET /v2.0/subnets/5f627ac5-fc7d-47e3-a791-642263d5b59b/tags HTTP/1.1" status: 200 len: 245 time: 0.0286906
2026-07-07 04:49:33.408 10 INFO neutron.db.ovn_revision_numbers_db [None req-8393c104-b685-42fe-9091-aac94ea7e0a8 1ca593f1ddd74c7eabab8676647af840 164fa6fa12f64f1fac166893e00fa288 - - default default] Successfully bumped revision number for resource ce9c5fef-c49d-4f22-8676-aa2284bae84b (type: ports) to 1
2026-07-07 04:49:33.416 9 INFO neutron.wsgi [None req-0c9ce784-f0e0-4260-9599-5a2971a7527d 6a442c79e6cd4c069a3ef45f44f69fec 55a602992277429a817c40243d11aff8 - - default default] 10.0.0.19 "PUT /v2.0/subnets/5f627ac5-fc7d-47e3-a791-642263d5b59b/tags HTTP/1.1" status: 200 len: 230 time: 0.0401063
2026-07-07 04:49:33.427 10 INFO neutron.wsgi [None req-8393c104-b685-42fe-9091-aac94ea7e0a8 1ca593f1ddd74c7eabab8676647af840 164fa6fa12f64f1fac166893e00fa288 - - default default] 10.0.0.19 "POST /v2.0/networks HTTP/1.1" status: 201 len: 942 time: 0.6604059
2026-07-07 04:49:33.455 9 INFO neutron.wsgi [None req-9e491b88-4b6d-4a76-949b-2b7c9eaef132 6a442c79e6cd4c069a3ef45f44f69fec 55a602992277429a817c40243d11aff8 - - default default] 10.0.0.19 "GET /v2.0/subnets/5f627ac5-fc7d-47e3-a791-642263d5b59b/tags HTTP/1.1" status: 200 len: 230 time: 0.0338953
2026-07-07 04:49:33.499 9 INFO neutron.wsgi [None req-c6b848e1-c730-44ef-99fe-7b1f9299af30 6a442c79e6cd4c069a3ef45f44f69fec 55a602992277429a817c40243d11aff8 - - default default] 10.0.0.19 "GET /v2.0/subnets/5f627ac5-fc7d-47e3-a791-642263d5b59b/tags/red HTTP/1.1" status: 204 len: 168 time: 0.0387259
2026-07-07 04:49:33.532 9 INFO neutron.api.v2.resource [None req-b2bb4c12-2d05-4e0d-b5f7-1f794a14d53e 6a442c79e6cd4c069a3ef45f44f69fec 55a602992277429a817c40243d11aff8 - - default default] show failed (client error): The resource could not be found.
2026-07-07 04:49:33.533 9 INFO neutron.wsgi [None req-b2bb4c12-2d05-4e0d-b5f7-1f794a14d53e 6a442c79e6cd4c069a3ef45f44f69fec 55a602992277429a817c40243d11aff8 - - default default] 10.0.0.19 "GET /v2.0/subnets/5f627ac5-fc7d-47e3-a791-642263d5b59b/tags/green HTTP/1.1" status: 404 len: 299 time: 0.0302980
2026-07-07 04:49:33.569 10 WARNING neutron.scheduler.dhcp_agent_scheduler [None req-4d90d857-bfbc-4cc4-9a2b-739a06150c6d 1ca593f1ddd74c7eabab8676647af840 164fa6fa12f64f1fac166893e00fa288 - - default default] No more DHCP agents
2026-07-07 04:49:33.571 10 WARNING neutron.api.rpc.agentnotifiers.dhcp_rpc_agent_api [None req-4d90d857-bfbc-4cc4-9a2b-739a06150c6d 1ca593f1ddd74c7eabab8676647af840 164fa6fa12f64f1fac166893e00fa288 - - default default] Unable to schedule network db416457-d207-4d58-8b99-774fb87ee120: no agents available; will retry on subsequent port and subnet creation events.
2026-07-07 04:49:33.579 9 INFO neutron.wsgi [None req-e360fa8e-06a9-45f2-bd00-650341130ab4 6a442c79e6cd4c069a3ef45f44f69fec 55a602992277429a817c40243d11aff8 - - default default] 10.0.0.19 "DELETE /v2.0/subnets/5f627ac5-fc7d-47e3-a791-642263d5b59b/tags/red HTTP/1.1" status: 204 len: 168 time: 0.0415766
2026-07-07 04:49:33.629 9 INFO neutron.wsgi [None req-052fdb5d-e149-429f-bdbc-f08fdcc5bb32 6a442c79e6cd4c069a3ef45f44f69fec 55a602992277429a817c40243d11aff8 - - default default] 10.0.0.19 "GET /v2.0/subnets/5f627ac5-fc7d-47e3-a791-642263d5b59b/tags HTTP/1.1" status: 200 len: 223 time: 0.0460021
2026-07-07 04:49:33.673 9 INFO neutron.api.v2.resource [None req-01c714cd-9d0e-43cb-9bc2-626f227aad85 6a442c79e6cd4c069a3ef45f44f69fec 55a602992277429a817c40243d11aff8 - - default default] delete failed (client error): The resource could not be found.
2026-07-07 04:49:33.675 9 INFO neutron.wsgi [None req-01c714cd-9d0e-43cb-9bc2-626f227aad85 6a442c79e6cd4c069a3ef45f44f69fec 55a602992277429a817c40243d11aff8 - - default default] 10.0.0.19 "DELETE /v2.0/subnets/5f627ac5-fc7d-47e3-a791-642263d5b59b/tags/green HTTP/1.1" status: 404 len: 299 time: 0.0410240
2026-07-07 04:49:33.730 9 INFO neutron.wsgi [None req-978953e5-7ef9-48e1-840e-a77f093001e6 6a442c79e6cd4c069a3ef45f44f69fec 55a602992277429a817c40243d11aff8 - - default default] 10.0.0.19 "DELETE /v2.0/subnets/5f627ac5-fc7d-47e3-a791-642263d5b59b/tags HTTP/1.1" status: 204 len: 168 time: 0.0507884
2026-07-07 04:49:33.771 9 INFO neutron.wsgi [None req-5087253a-6eed-48b4-b21b-40e0b68269ee 6a442c79e6cd4c069a3ef45f44f69fec 55a602992277429a817c40243d11aff8 - - default default] 10.0.0.19 "GET /v2.0/subnets/5f627ac5-fc7d-47e3-a791-642263d5b59b/tags HTTP/1.1" status: 200 len: 205 time: 0.0363579
2026-07-07 04:49:34.020 9 INFO neutron.wsgi [None req-60925d63-5015-477a-9d9c-0fda00ee4179 6a442c79e6cd4c069a3ef45f44f69fec 55a602992277429a817c40243d11aff8 - - default default] 10.0.0.19 "DELETE /v2.0/subnets/5f627ac5-fc7d-47e3-a791-642263d5b59b HTTP/1.1" status: 204 len: 168 time: 0.2442579
2026-07-07 04:49:34.040 10 INFO neutron.db.ovn_revision_numbers_db [None req-4d90d857-bfbc-4cc4-9a2b-739a06150c6d 1ca593f1ddd74c7eabab8676647af840 164fa6fa12f64f1fac166893e00fa288 - - default default] Successfully bumped revision number for resource ce9c5fef-c49d-4f22-8676-aa2284bae84b (type: ports) to 2
2026-07-07 04:49:34.071 10 INFO neutron.db.ovn_revision_numbers_db [None req-4d90d857-bfbc-4cc4-9a2b-739a06150c6d 1ca593f1ddd74c7eabab8676647af840 164fa6fa12f64f1fac166893e00fa288 - - default default] Successfully bumped revision number for resource 47d033bc-f03c-41cb-b09e-9e6891cdff77 (type: subnets) to 0
2026-07-07 04:49:34.091 10 INFO neutron.wsgi [None req-4d90d857-bfbc-4cc4-9a2b-739a06150c6d 1ca593f1ddd74c7eabab8676647af840 164fa6fa12f64f1fac166893e00fa288 - - default default] 10.0.0.19 "POST /v2.0/subnets HTTP/1.1" status: 201 len: 862 time: 0.6571414
2026-07-07 04:49:34.496 9 INFO neutron.services.segments.plugin [-] Segment aebf3ea4-136f-4658-a1f0-437e5f05a2c2 resource provider aggregate not found
2026-07-07 04:49:34.500 9 INFO neutron.services.segments.plugin [-] Segment aebf3ea4-136f-4658-a1f0-437e5f05a2c2 resource provider aggregate not found
2026-07-07 04:49:34.521 9 INFO neutron.services.segments.plugin [-] Segment aebf3ea4-136f-4658-a1f0-437e5f05a2c2 resource provider not found; error: Placement Client Error (4xx): {"errors": [{"status": 404, "title": "Not Found", "detail": "The resource could not be found.\n\n No resource provider with uuid aebf3ea4-136f-4658-a1f0-437e5f05a2c2 found for delete ", "request_id": "req-13a537b5-458c-4fa0-a4c0-04f38e191164"}]}
2026-07-07 04:49:34.522 9 INFO neutron.services.segments.plugin [-] Segment aebf3ea4-136f-4658-a1f0-437e5f05a2c2 resource provider not found; error: Placement Client Error (4xx): {"errors": [{"status": 404, "title": "Not Found", "detail": "The resource could not be found.\n\n No resource provider with uuid aebf3ea4-136f-4658-a1f0-437e5f05a2c2 found for delete ", "request_id": "req-cb754ddd-0a3f-4497-8dcc-007e91064043"}]}
2026-07-07 04:49:34.557 9 INFO neutron.wsgi [None req-334eb1f8-3e5a-4fdd-aa1c-c9cc5e64ac30 6a442c79e6cd4c069a3ef45f44f69fec 55a602992277429a817c40243d11aff8 - - default default] 10.0.0.19 "DELETE /v2.0/networks/e85e43d3-ecdf-45b6-9855-e91d7546293c HTTP/1.1" status: 204 len: 168 time: 0.5329890
2026-07-07 04:49:34.670 9 WARNING neutron.scheduler.dhcp_agent_scheduler [None req-967a1e57-1aa4-41c1-8e54-4c3c60d641cc 1ca593f1ddd74c7eabab8676647af840 164fa6fa12f64f1fac166893e00fa288 - - default default] No more DHCP agents
2026-07-07 04:49:34.675 9 WARNING neutron.api.rpc.agentnotifiers.dhcp_rpc_agent_api [None req-967a1e57-1aa4-41c1-8e54-4c3c60d641cc 1ca593f1ddd74c7eabab8676647af840 164fa6fa12f64f1fac166893e00fa288 - - default default] Unable to schedule network d1b2684a-7d75-4a0a-b8e8-bbf022f08fd9: no agents available; will retry on subsequent port and subnet creation events.
2026-07-07 04:49:34.873 9 INFO neutron.db.ovn_revision_numbers_db [None req-967a1e57-1aa4-41c1-8e54-4c3c60d641cc 1ca593f1ddd74c7eabab8676647af840 164fa6fa12f64f1fac166893e00fa288 - - default default] Successfully bumped revision number for resource d9154009-ade3-406f-84f1-9a8a44278664 (type: ports) to 1
2026-07-07 04:49:35.509 10 INFO neutron.wsgi [None req-367a665e-e711-43b8-8310-c6f6033bc98f 1ca593f1ddd74c7eabab8676647af840 164fa6fa12f64f1fac166893e00fa288 - - default default] 10.0.0.19 "GET /v2.0/security-groups?tenant_id=55a602992277429a817c40243d11aff8&name=default HTTP/1.1" status: 200 len: 2996 time: 0.2337363
2026-07-07 04:49:35.709 10 INFO neutron.wsgi [None req-6732c1f0-aec9-4d4d-8c67-c4103b86e5c3 1ca593f1ddd74c7eabab8676647af840 164fa6fa12f64f1fac166893e00fa288 - - default default] 10.0.0.19 "DELETE /v2.0/security-groups/56f42dfa-65b8-48fa-a862-80e831309e60 HTTP/1.1" status: 204 len: 168 time: 0.1950843
2026-07-07 04:49:35.715 9 INFO neutron.db.ovn_revision_numbers_db [None req-967a1e57-1aa4-41c1-8e54-4c3c60d641cc 1ca593f1ddd74c7eabab8676647af840 164fa6fa12f64f1fac166893e00fa288 - - default default] Successfully bumped revision number for resource d9154009-ade3-406f-84f1-9a8a44278664 (type: router_ports) to 1
2026-07-07 04:49:35.716 10 INFO neutron.plugins.ml2.drivers.ovn.mech_driver.ovsdb.ovsdb_monitor [None req-f344ae17-981a-4643-ba73-168d3bb5dd68 - - - - - -] Router b766db88-3930-488f-90b7-70e46e97c9a3 is bound to host instance
2026-07-07 04:49:35.780 9 INFO neutron.db.ovn_revision_numbers_db [None req-967a1e57-1aa4-41c1-8e54-4c3c60d641cc 1ca593f1ddd74c7eabab8676647af840 164fa6fa12f64f1fac166893e00fa288 - - default default] Successfully bumped revision number for resource b766db88-3930-488f-90b7-70e46e97c9a3 (type: routers) to 2
2026-07-07 04:49:35.792 9 INFO neutron.wsgi [None req-967a1e57-1aa4-41c1-8e54-4c3c60d641cc 1ca593f1ddd74c7eabab8676647af840 164fa6fa12f64f1fac166893e00fa288 - - default default] 10.0.0.19 "POST /v2.0/routers HTTP/1.1" status: 201 len: 873 time: 1.6976764
2026-07-07 04:49:35.889 9 INFO neutron.wsgi [-] 10.0.0.39 "GET / HTTP/1.1" status: 200 len: 247 time: 0.0016127
2026-07-07 04:49:35.891 9 INFO neutron.wsgi [-] 10.0.0.39 "GET / HTTP/1.1" status: 200 len: 247 time: 0.0020244
2026-07-07 04:49:35.910 9 INFO neutron.db.ovn_revision_numbers_db [None req-ec47b5d8-b867-48f5-a1fb-95397ab18aa4 1ca593f1ddd74c7eabab8676647af840 164fa6fa12f64f1fac166893e00fa288 - - default default] Successfully bumped revision number for resource 22ca980b-647a-43f6-8a6d-4d5175b1cb0a (type: security_groups) to 1
2026-07-07 04:49:35.925 9 INFO neutron.db.ovn_revision_numbers_db [None req-ec47b5d8-b867-48f5-a1fb-95397ab18aa4 1ca593f1ddd74c7eabab8676647af840 164fa6fa12f64f1fac166893e00fa288 - - default default] Successfully bumped revision number for resource 17590cab-ec7a-4332-9570-681f52346f58 (type: security_group_rules) to 0
2026-07-07 04:49:35.946 9 INFO neutron.db.ovn_revision_numbers_db [None req-ec47b5d8-b867-48f5-a1fb-95397ab18aa4 1ca593f1ddd74c7eabab8676647af840 164fa6fa12f64f1fac166893e00fa288 - - default default] Successfully bumped revision number for resource 19606875-e493-469b-9b8b-2cce562f906e (type: security_group_rules) to 0
2026-07-07 04:49:35.959 9 INFO neutron.db.ovn_revision_numbers_db [None req-ec47b5d8-b867-48f5-a1fb-95397ab18aa4 1ca593f1ddd74c7eabab8676647af840 164fa6fa12f64f1fac166893e00fa288 - - default default] Successfully bumped revision number for resource 1bff12b8-d440-4748-9934-c5a79f4b42b0 (type: security_group_rules) to 0
2026-07-07 04:49:35.971 9 INFO neutron.db.ovn_revision_numbers_db [None req-ec47b5d8-b867-48f5-a1fb-95397ab18aa4 1ca593f1ddd74c7eabab8676647af840 164fa6fa12f64f1fac166893e00fa288 - - default default] Successfully bumped revision number for resource 520774d9-3afb-42e9-a462-af699f75f76b (type: security_group_rules) to 0
2026-07-07 04:49:35.996 9 INFO neutron.wsgi [None req-ec47b5d8-b867-48f5-a1fb-95397ab18aa4 1ca593f1ddd74c7eabab8676647af840 164fa6fa12f64f1fac166893e00fa288 - - default default] 10.0.0.19 "GET /v2.0/security-groups?tenant_id=b7d84c321a034f59a6a660ef211a5356&name=default HTTP/1.1" status: 200 len: 2996 time: 0.1912379
2026-07-07 04:49:36.178 9 INFO neutron.wsgi [None req-8eeebb66-abe0-4b3c-a7d4-2f7b17692062 1ca593f1ddd74c7eabab8676647af840 164fa6fa12f64f1fac166893e00fa288 - - default default] 10.0.0.19 "DELETE /v2.0/security-groups/22ca980b-647a-43f6-8a6d-4d5175b1cb0a HTTP/1.1" status: 204 len: 168 time: 0.1772265
2026-07-07 04:49:36.664 10 WARNING neutron.scheduler.dhcp_agent_scheduler [None req-7a253b08-eb18-496f-9409-7fe5b566544f 1ca593f1ddd74c7eabab8676647af840 164fa6fa12f64f1fac166893e00fa288 - - default default] No more DHCP agents
2026-07-07 04:49:36.672 10 WARNING neutron.api.rpc.agentnotifiers.dhcp_rpc_agent_api [None req-7a253b08-eb18-496f-9409-7fe5b566544f 1ca593f1ddd74c7eabab8676647af840 164fa6fa12f64f1fac166893e00fa288 - - default default] Unable to schedule network db416457-d207-4d58-8b99-774fb87ee120: no agents available; will retry on subsequent port and subnet creation events.
2026-07-07 04:49:36.695 10 INFO neutron.db.ovn_revision_numbers_db [None req-f344ae17-981a-4643-ba73-168d3bb5dd68 - - - - - -] Successfully bumped revision number for resource d9154009-ade3-406f-84f1-9a8a44278664 (type: ports) to 1
2026-07-07 04:49:36.930 10 INFO neutron.db.ovn_revision_numbers_db [None req-7a253b08-eb18-496f-9409-7fe5b566544f 1ca593f1ddd74c7eabab8676647af840 164fa6fa12f64f1fac166893e00fa288 - - default default] Successfully bumped revision number for resource 6cb7b8e8-ad9b-4956-bed0-6250cde8d8ae (type: ports) to 1
2026-07-07 04:49:37.025 9 WARNING neutron.plugins.ml2.drivers.ovn.mech_driver.ovsdb.ovn_client [None req-4e5bc2ae-3706-428d-bd8a-a74b8e2d2cf6 - - - - - -] No hosting information found for port a036cf31-7e15-44b0-8b71-280d05835bc4: RuntimeError: No hosting information found for port a036cf31-7e15-44b0-8b71-280d05835bc4
2026-07-07 04:49:37.026 9 INFO neutron.plugins.ml2.drivers.ovn.mech_driver.mech_driver [None req-4e5bc2ae-3706-428d-bd8a-a74b8e2d2cf6 - - - - - -] OVN reports status up for port: d9154009-ade3-406f-84f1-9a8a44278664
2026-07-07 04:49:37.041 9 INFO neutron.plugins.ml2.plugin [None req-4e5bc2ae-3706-428d-bd8a-a74b8e2d2cf6 - - - - - -] Attempt 1 to provision port d9154009-ade3-406f-84f1-9a8a44278664
2026-07-07 04:49:37.063 10 INFO neutron.db.ovn_revision_numbers_db [None req-f344ae17-981a-4643-ba73-168d3bb5dd68 - - - - - -] Successfully bumped revision number for resource d9154009-ade3-406f-84f1-9a8a44278664 (type: router_ports) to 3
2026-07-07 04:49:37.280 10 INFO neutron.db.ovn_revision_numbers_db [None req-f344ae17-981a-4643-ba73-168d3bb5dd68 - - - - - -] Successfully bumped revision number for resource d9154009-ade3-406f-84f1-9a8a44278664 (type: ports) to 2
2026-07-07 04:49:37.298 9 INFO neutron.db.ovn_revision_numbers_db [None req-4e5bc2ae-3706-428d-bd8a-a74b8e2d2cf6 - - - - - -] Successfully bumped revision number for resource d9154009-ade3-406f-84f1-9a8a44278664 (type: ports) to 4
2026-07-07 04:49:37.463 10 INFO neutron.plugins.ml2.drivers.ovn.mech_driver.mech_driver [None req-bd58489d-bbb0-4062-a0f1-0a7f46828024 - - - - - -] OVN reports status up for port: 6cb7b8e8-ad9b-4956-bed0-6250cde8d8ae
2026-07-07 04:49:37.472 10 INFO neutron.plugins.ml2.plugin [None req-bd58489d-bbb0-4062-a0f1-0a7f46828024 - - - - - -] Attempt 1 to provision port 6cb7b8e8-ad9b-4956-bed0-6250cde8d8ae
2026-07-07 04:49:37.495 10 INFO neutron.db.ovn_revision_numbers_db [None req-7a253b08-eb18-496f-9409-7fe5b566544f 1ca593f1ddd74c7eabab8676647af840 164fa6fa12f64f1fac166893e00fa288 - - default default] Successfully bumped revision number for resource 6cb7b8e8-ad9b-4956-bed0-6250cde8d8ae (type: router_ports) to 1
2026-07-07 04:49:37.550 9 INFO neutron.db.ovn_revision_numbers_db [None req-4e5bc2ae-3706-428d-bd8a-a74b8e2d2cf6 - - - - - -] Successfully bumped revision number for resource d9154009-ade3-406f-84f1-9a8a44278664 (type: router_ports) to 4
2026-07-07 04:49:37.685 10 INFO neutron.db.ovn_revision_numbers_db [None req-7a253b08-eb18-496f-9409-7fe5b566544f 1ca593f1ddd74c7eabab8676647af840 164fa6fa12f64f1fac166893e00fa288 - - default default] Successfully bumped revision number for resource 6cb7b8e8-ad9b-4956-bed0-6250cde8d8ae (type: ports) to 1
2026-07-07 04:49:37.770 10 WARNING neutron.scheduler.dhcp_agent_scheduler [None req-7a253b08-eb18-496f-9409-7fe5b566544f 1ca593f1ddd74c7eabab8676647af840 164fa6fa12f64f1fac166893e00fa288 - - default default] No more DHCP agents
2026-07-07 04:49:37.772 10 WARNING neutron.api.rpc.agentnotifiers.dhcp_rpc_agent_api [None req-7a253b08-eb18-496f-9409-7fe5b566544f 1ca593f1ddd74c7eabab8676647af840 164fa6fa12f64f1fac166893e00fa288 - - default default] Unable to schedule network db416457-d207-4d58-8b99-774fb87ee120: no agents available; will retry on subsequent port and subnet creation events.
2026-07-07 04:49:37.792 10 INFO neutron.db.ovn_revision_numbers_db [None req-bd58489d-bbb0-4062-a0f1-0a7f46828024 - - - - - -] Successfully bumped revision number for resource 6cb7b8e8-ad9b-4956-bed0-6250cde8d8ae (type: ports) to 2
2026-07-07 04:49:37.976 10 INFO neutron.db.ovn_revision_numbers_db [None req-bd58489d-bbb0-4062-a0f1-0a7f46828024 - - - - - -] Successfully bumped revision number for resource 6cb7b8e8-ad9b-4956-bed0-6250cde8d8ae (type: router_ports) to 2
2026-07-07 04:49:38.594 10 INFO neutron.db.ovn_revision_numbers_db [None req-7a253b08-eb18-496f-9409-7fe5b566544f 1ca593f1ddd74c7eabab8676647af840 164fa6fa12f64f1fac166893e00fa288 - - default default] Successfully bumped revision number for resource 6cb7b8e8-ad9b-4956-bed0-6250cde8d8ae (type: router_ports) to 2
2026-07-07 04:49:38.597 10 INFO neutron.wsgi [None req-7a253b08-eb18-496f-9409-7fe5b566544f 1ca593f1ddd74c7eabab8676647af840 164fa6fa12f64f1fac166893e00fa288 - - default default] 10.0.0.19 "PUT /v2.0/routers/b766db88-3930-488f-90b7-70e46e97c9a3/add_router_interface HTTP/1.1" status: 200 len: 503 time: 2.7988517
2026-07-07 04:49:39.358 10 INFO neutron.db.ovn_revision_numbers_db [None req-a9b15a0c-ff37-4cac-b0cd-2c9bb5bee27a 1043432b62494b4e8852bb44af6929db e91b5fa3fcbf43698f4b2eeec35a1622 - - default default] Successfully bumped revision number for resource e437877b-2ebf-465f-baa6-43623030138a (type: security_groups) to 1
2026-07-07 04:49:39.372 10 INFO neutron.db.ovn_revision_numbers_db [None req-a9b15a0c-ff37-4cac-b0cd-2c9bb5bee27a 1043432b62494b4e8852bb44af6929db e91b5fa3fcbf43698f4b2eeec35a1622 - - default default] Successfully bumped revision number for resource a7211da2-6917-4966-9467-8bb62246a0ee (type: security_group_rules) to 0
