2026-07-07 04:49:39.386 10 INFO neutron.db.ovn_revision_numbers_db [None req-a9b15a0c-ff37-4cac-b0cd-2c9bb5bee27a 1043432b62494b4e8852bb44af6929db e91b5fa3fcbf43698f4b2eeec35a1622 - - default default] Successfully bumped revision number for resource fafbad80-b2e9-4891-805a-657918710f43 (type: security_group_rules) to 0
2026-07-07 04:49:39.403 10 INFO neutron.wsgi [None req-a9b15a0c-ff37-4cac-b0cd-2c9bb5bee27a 1043432b62494b4e8852bb44af6929db e91b5fa3fcbf43698f4b2eeec35a1622 - - default default] 10.0.0.19 "POST /v2.0/security-groups HTTP/1.1" status: 201 len: 1807 time: 0.1505773
2026-07-07 04:49:39.516 10 INFO neutron.db.ovn_revision_numbers_db [None req-dba9f28e-e110-4a6d-9698-ad3dd90c0445 1043432b62494b4e8852bb44af6929db e91b5fa3fcbf43698f4b2eeec35a1622 - - default default] Successfully bumped revision number for resource a098709a-22aa-4a18-8b00-a83ddb07ddf4 (type: security_group_rules) to 0
2026-07-07 04:49:39.542 10 INFO neutron.wsgi [None req-dba9f28e-e110-4a6d-9698-ad3dd90c0445 1043432b62494b4e8852bb44af6929db e91b5fa3fcbf43698f4b2eeec35a1622 - - default default] 10.0.0.19 "POST /v2.0/security-group-rules HTTP/1.1" status: 201 len: 764 time: 0.1333830
2026-07-07 04:49:39.634 9 INFO neutron.db.ovn_revision_numbers_db [None req-8f8cf864-5038-44f1-ac8a-b40f22438608 d7c46cf3b59944a6a3a60fa923f01449 868005ed27c241a7808fab7de7a32b89 - - default default] Successfully bumped revision number for resource 88951db2-e052-4541-8900-4c88d02ad518 (type: security_groups) to 1
2026-07-07 04:49:39.648 9 INFO neutron.db.ovn_revision_numbers_db [None req-8f8cf864-5038-44f1-ac8a-b40f22438608 d7c46cf3b59944a6a3a60fa923f01449 868005ed27c241a7808fab7de7a32b89 - - default default] Successfully bumped revision number for resource 258efa0c-2b95-4a0b-a797-bc5d23f0f662 (type: security_group_rules) to 0
2026-07-07 04:49:39.662 9 INFO neutron.db.ovn_revision_numbers_db [None req-8f8cf864-5038-44f1-ac8a-b40f22438608 d7c46cf3b59944a6a3a60fa923f01449 868005ed27c241a7808fab7de7a32b89 - - default default] Successfully bumped revision number for resource 33313781-9607-48a9-9320-8734da029588 (type: security_group_rules) to 0
2026-07-07 04:49:39.670 10 INFO neutron.db.ovn_revision_numbers_db [None req-1d0d26fe-1fc6-45c8-b417-29081797882a 1043432b62494b4e8852bb44af6929db e91b5fa3fcbf43698f4b2eeec35a1622 - - default default] Successfully bumped revision number for resource 16b829d7-ab7e-408c-8c47-6d47667a54df (type: security_group_rules) to 0
2026-07-07 04:49:39.676 9 INFO neutron.db.ovn_revision_numbers_db [None req-8f8cf864-5038-44f1-ac8a-b40f22438608 d7c46cf3b59944a6a3a60fa923f01449 868005ed27c241a7808fab7de7a32b89 - - default default] Successfully bumped revision number for resource 451c1811-00b0-4476-bd9a-412b44ec7738 (type: security_group_rules) to 0
2026-07-07 04:49:39.688 9 INFO neutron.db.ovn_revision_numbers_db [None req-8f8cf864-5038-44f1-ac8a-b40f22438608 d7c46cf3b59944a6a3a60fa923f01449 868005ed27c241a7808fab7de7a32b89 - - default default] Successfully bumped revision number for resource b77a3200-d75b-4cdc-aac4-5c0d04b8d830 (type: security_group_rules) to 0
2026-07-07 04:49:39.697 10 INFO neutron.wsgi [None req-1d0d26fe-1fc6-45c8-b417-29081797882a 1043432b62494b4e8852bb44af6929db e91b5fa3fcbf43698f4b2eeec35a1622 - - default default] 10.0.0.19 "POST /v2.0/security-group-rules HTTP/1.1" status: 201 len: 763 time: 0.1504560
2026-07-07 04:49:39.741 9 INFO neutron.db.segments_db [None req-8f8cf864-5038-44f1-ac8a-b40f22438608 d7c46cf3b59944a6a3a60fa923f01449 868005ed27c241a7808fab7de7a32b89 - - default default] Added segment 42756ca1-acaf-4bf2-bcaa-e0edc1a358f0 of type geneve for network 2ad09dc1-1972-4c77-bbc4-c01cc324efdf
2026-07-07 04:49:39.810 10 INFO neutron.db.ovn_revision_numbers_db [None req-6068b2b6-43d4-4c0f-b5f0-fc0797c8f695 1043432b62494b4e8852bb44af6929db e91b5fa3fcbf43698f4b2eeec35a1622 - - default default] Successfully bumped revision number for resource b3a77603-3a8d-45d6-9bb8-7bb57b5f0143 (type: security_group_rules) to 0
2026-07-07 04:49:39.834 10 INFO neutron.wsgi [None req-6068b2b6-43d4-4c0f-b5f0-fc0797c8f695 1043432b62494b4e8852bb44af6929db e91b5fa3fcbf43698f4b2eeec35a1622 - - default default] 10.0.0.19 "POST /v2.0/security-group-rules HTTP/1.1" status: 201 len: 769 time: 0.1313319
2026-07-07 04:49:39.890 9 INFO neutron.db.ovn_revision_numbers_db [None req-8f8cf864-5038-44f1-ac8a-b40f22438608 d7c46cf3b59944a6a3a60fa923f01449 868005ed27c241a7808fab7de7a32b89 - - default default] Successfully bumped revision number for resource 2ad09dc1-1972-4c77-bbc4-c01cc324efdf (type: networks) to 1
2026-07-07 04:49:39.994 10 INFO neutron.db.ovn_revision_numbers_db [None req-fe72bf6e-ed8b-4fa6-8d92-5805ad4ea336 1043432b62494b4e8852bb44af6929db e91b5fa3fcbf43698f4b2eeec35a1622 - - default default] Successfully bumped revision number for resource bfd0a358-ac61-4c76-9be6-384da4435b76 (type: security_group_rules) to 0
2026-07-07 04:49:40.017 10 INFO neutron.wsgi [None req-fe72bf6e-ed8b-4fa6-8d92-5805ad4ea336 1043432b62494b4e8852bb44af6929db e91b5fa3fcbf43698f4b2eeec35a1622 - - default default] 10.0.0.19 "POST /v2.0/security-group-rules HTTP/1.1" status: 201 len: 768 time: 0.1779122
2026-07-07 04:49:40.044 10 INFO neutron.db.securitygroups_db [None req-0aa4e179-ccdc-49dc-846d-8561432ed5ad 1043432b62494b4e8852bb44af6929db e91b5fa3fcbf43698f4b2eeec35a1622 - - default default] Project e91b5fa3fcbf43698f4b2eeec35a1622 added a security group rule with legacy IPv6 ICMP protocol name icmp, ipv6-icmp should be used instead. It was automatically converted.
2026-07-07 04:49:40.086 9 WARNING neutron.scheduler.dhcp_agent_scheduler [None req-8f8cf864-5038-44f1-ac8a-b40f22438608 d7c46cf3b59944a6a3a60fa923f01449 868005ed27c241a7808fab7de7a32b89 - - default default] No more DHCP agents
2026-07-07 04:49:40.089 9 WARNING neutron.api.rpc.agentnotifiers.dhcp_rpc_agent_api [None req-8f8cf864-5038-44f1-ac8a-b40f22438608 d7c46cf3b59944a6a3a60fa923f01449 868005ed27c241a7808fab7de7a32b89 - - default default] Unable to schedule network 2ad09dc1-1972-4c77-bbc4-c01cc324efdf: no agents available; will retry on subsequent port and subnet creation events.
2026-07-07 04:49:40.155 10 INFO neutron.db.ovn_revision_numbers_db [None req-0aa4e179-ccdc-49dc-846d-8561432ed5ad 1043432b62494b4e8852bb44af6929db e91b5fa3fcbf43698f4b2eeec35a1622 - - default default] Successfully bumped revision number for resource 1c6d23de-8b61-4543-a438-e477bbdea2ff (type: security_group_rules) to 0
2026-07-07 04:49:40.171 9 INFO neutron.db.ovn_revision_numbers_db [None req-8f8cf864-5038-44f1-ac8a-b40f22438608 d7c46cf3b59944a6a3a60fa923f01449 868005ed27c241a7808fab7de7a32b89 - - default default] Successfully bumped revision number for resource 5507327b-bfe3-4534-b509-b17916609abf (type: ports) to 1
2026-07-07 04:49:40.179 10 INFO neutron.wsgi [None req-0aa4e179-ccdc-49dc-846d-8561432ed5ad 1043432b62494b4e8852bb44af6929db e91b5fa3fcbf43698f4b2eeec35a1622 - - default default] 10.0.0.19 "POST /v2.0/security-group-rules HTTP/1.1" status: 201 len: 774 time: 0.1565645
2026-07-07 04:49:40.194 9 INFO neutron.wsgi [None req-8f8cf864-5038-44f1-ac8a-b40f22438608 d7c46cf3b59944a6a3a60fa923f01449 868005ed27c241a7808fab7de7a32b89 - - default default] 10.0.0.19 "POST /v2.0/networks HTTP/1.1" status: 201 len: 831 time: 0.7867684
2026-07-07 04:49:40.204 10 INFO neutron.db.securitygroups_db [None req-aec50bdb-d9b6-421a-98ef-fe891cc22318 1043432b62494b4e8852bb44af6929db e91b5fa3fcbf43698f4b2eeec35a1622 - - default default] Project e91b5fa3fcbf43698f4b2eeec35a1622 added a security group rule with legacy IPv6 ICMP protocol name icmp, ipv6-icmp should be used instead. It was automatically converted.
2026-07-07 04:49:40.281 9 INFO neutron.db.segments_db [None req-da51c5c8-419c-4261-902c-87d5559ffde0 d7c46cf3b59944a6a3a60fa923f01449 868005ed27c241a7808fab7de7a32b89 - - default default] Added segment 1d198161-3ae7-4b05-94e7-49d44c30d44d of type geneve for network 37947617-fef3-48c3-9c31-a9a706c97fc6
2026-07-07 04:49:40.308 10 INFO neutron.db.ovn_revision_numbers_db [None req-aec50bdb-d9b6-421a-98ef-fe891cc22318 1043432b62494b4e8852bb44af6929db e91b5fa3fcbf43698f4b2eeec35a1622 - - default default] Successfully bumped revision number for resource 4322fd5d-9c75-409c-b853-0d5c8bc98672 (type: security_group_rules) to 0
2026-07-07 04:49:40.332 10 INFO neutron.wsgi [None req-aec50bdb-d9b6-421a-98ef-fe891cc22318 1043432b62494b4e8852bb44af6929db e91b5fa3fcbf43698f4b2eeec35a1622 - - default default] 10.0.0.19 "POST /v2.0/security-group-rules HTTP/1.1" status: 201 len: 773 time: 0.1487000
2026-07-07 04:49:40.425 9 INFO neutron.db.ovn_revision_numbers_db [None req-da51c5c8-419c-4261-902c-87d5559ffde0 d7c46cf3b59944a6a3a60fa923f01449 868005ed27c241a7808fab7de7a32b89 - - default default] Successfully bumped revision number for resource 37947617-fef3-48c3-9c31-a9a706c97fc6 (type: networks) to 1
2026-07-07 04:49:40.585 9 WARNING neutron.scheduler.dhcp_agent_scheduler [None req-da51c5c8-419c-4261-902c-87d5559ffde0 d7c46cf3b59944a6a3a60fa923f01449 868005ed27c241a7808fab7de7a32b89 - - default default] No more DHCP agents
2026-07-07 04:49:40.587 9 WARNING neutron.api.rpc.agentnotifiers.dhcp_rpc_agent_api [None req-da51c5c8-419c-4261-902c-87d5559ffde0 d7c46cf3b59944a6a3a60fa923f01449 868005ed27c241a7808fab7de7a32b89 - - default default] Unable to schedule network 37947617-fef3-48c3-9c31-a9a706c97fc6: no agents available; will retry on subsequent port and subnet creation events.
2026-07-07 04:49:40.664 9 INFO neutron.db.ovn_revision_numbers_db [None req-da51c5c8-419c-4261-902c-87d5559ffde0 d7c46cf3b59944a6a3a60fa923f01449 868005ed27c241a7808fab7de7a32b89 - - default default] Successfully bumped revision number for resource ec95e79e-d816-4a66-973a-711ceff4523f (type: ports) to 1
2026-07-07 04:49:40.685 9 INFO neutron.wsgi [None req-da51c5c8-419c-4261-902c-87d5559ffde0 d7c46cf3b59944a6a3a60fa923f01449 868005ed27c241a7808fab7de7a32b89 - - default default] 10.0.0.19 "POST /v2.0/networks HTTP/1.1" status: 201 len: 831 time: 0.4860110
2026-07-07 04:49:40.738 9 INFO neutron.wsgi [None req-e8e92bdd-bbc8-4b5f-aa91-707e808d62ab d7c46cf3b59944a6a3a60fa923f01449 868005ed27c241a7808fab7de7a32b89 - - default default] 10.0.0.19 "PUT /v2.0/networks/2ad09dc1-1972-4c77-bbc4-c01cc324efdf/tags HTTP/1.1" status: 200 len: 218 time: 0.0482898
2026-07-07 04:49:40.776 9 INFO neutron.wsgi [None req-84e886b0-6175-417e-bbe1-381e4b05d1ba d7c46cf3b59944a6a3a60fa923f01449 868005ed27c241a7808fab7de7a32b89 - - default default] 10.0.0.19 "GET /v2.0/networks/2ad09dc1-1972-4c77-bbc4-c01cc324efdf/tags HTTP/1.1" status: 200 len: 218 time: 0.0316463
2026-07-07 04:49:40.820 10 INFO neutron.db.ovn_revision_numbers_db [None req-9f6329af-9e7f-487c-9ccc-ad0423ef05da 1043432b62494b4e8852bb44af6929db e91b5fa3fcbf43698f4b2eeec35a1622 - - default default] Successfully bumped revision number for resource 3a1b9da3-5353-4a70-8856-2dcf190e674b (type: security_groups) to 1
2026-07-07 04:49:40.837 9 INFO neutron.wsgi [None req-21445fe0-905a-491a-9c3b-34df5a78f711 d7c46cf3b59944a6a3a60fa923f01449 868005ed27c241a7808fab7de7a32b89 - - default default] 10.0.0.19 "PUT /v2.0/networks/37947617-fef3-48c3-9c31-a9a706c97fc6/tags HTTP/1.1" status: 200 len: 210 time: 0.0513361
2026-07-07 04:49:40.844 10 INFO neutron.db.ovn_revision_numbers_db [None req-9f6329af-9e7f-487c-9ccc-ad0423ef05da 1043432b62494b4e8852bb44af6929db e91b5fa3fcbf43698f4b2eeec35a1622 - - default default] Successfully bumped revision number for resource 546fbcd3-9c02-4d14-866a-e1887ace36e8 (type: security_group_rules) to 0
2026-07-07 04:49:40.863 10 INFO neutron.db.ovn_revision_numbers_db [None req-9f6329af-9e7f-487c-9ccc-ad0423ef05da 1043432b62494b4e8852bb44af6929db e91b5fa3fcbf43698f4b2eeec35a1622 - - default default] Successfully bumped revision number for resource a245cb03-c603-496f-a8de-30ca886af945 (type: security_group_rules) to 0
2026-07-07 04:49:40.888 9 INFO neutron.wsgi [None req-095b6ee1-8e9f-470d-88b1-051e4f899a47 d7c46cf3b59944a6a3a60fa923f01449 868005ed27c241a7808fab7de7a32b89 - - default default] 10.0.0.19 "GET /v2.0/networks/37947617-fef3-48c3-9c31-a9a706c97fc6/tags HTTP/1.1" status: 200 len: 210 time: 0.0470510
2026-07-07 04:49:40.890 10 INFO neutron.wsgi [None req-9f6329af-9e7f-487c-9ccc-ad0423ef05da 1043432b62494b4e8852bb44af6929db e91b5fa3fcbf43698f4b2eeec35a1622 - - default default] 10.0.0.19 "POST /v2.0/security-groups HTTP/1.1" status: 201 len: 1795 time: 0.1941240
2026-07-07 04:49:40.939 9 INFO neutron.wsgi [None req-1a86ce6d-9e95-4944-bd27-8f99f9577540 d7c46cf3b59944a6a3a60fa923f01449 868005ed27c241a7808fab7de7a32b89 - - default default] 10.0.0.19 "PUT /v2.0/networks/37947617-fef3-48c3-9c31-a9a706c97fc6/tags HTTP/1.1" status: 200 len: 205 time: 0.0454426
2026-07-07 04:49:40.986 9 INFO neutron.wsgi [None req-a926ed73-7895-450d-a690-99bb85ea77ac d7c46cf3b59944a6a3a60fa923f01449 868005ed27c241a7808fab7de7a32b89 - - default default] 10.0.0.19 "GET /v2.0/networks/37947617-fef3-48c3-9c31-a9a706c97fc6/tags HTTP/1.1" status: 200 len: 205 time: 0.0416582
2026-07-07 04:49:41.027 10 INFO neutron.db.ovn_revision_numbers_db [None req-80fe6e1b-e865-4d7d-af68-7af7ea65f6d3 1043432b62494b4e8852bb44af6929db e91b5fa3fcbf43698f4b2eeec35a1622 - - default default] Successfully bumped revision number for resource 165923f8-744e-4018-a1b0-3b026fcc3e48 (type: security_group_rules) to 0
2026-07-07 04:49:41.034 10 INFO neutron.wsgi [None req-43faabe7-842a-4cf6-a13c-5c43effb8476 d7c46cf3b59944a6a3a60fa923f01449 868005ed27c241a7808fab7de7a32b89 - - default default] 10.0.0.19 "GET /v2.0/networks/2ad09dc1-1972-4c77-bbc4-c01cc324efdf/tags HTTP/1.1" status: 200 len: 218 time: 0.0411100
2026-07-07 04:49:41.054 10 INFO neutron.wsgi [None req-80fe6e1b-e865-4d7d-af68-7af7ea65f6d3 1043432b62494b4e8852bb44af6929db e91b5fa3fcbf43698f4b2eeec35a1622 - - default default] 10.0.0.19 "POST /v2.0/security-group-rules HTTP/1.1" status: 201 len: 764 time: 0.1601639
2026-07-07 04:49:41.161 10 INFO neutron.db.ovn_revision_numbers_db [None req-acedb1ed-afe3-42a0-a51f-c1a1b49508fd 1043432b62494b4e8852bb44af6929db e91b5fa3fcbf43698f4b2eeec35a1622 - - default default] Successfully bumped revision number for resource 13855c92-9a3c-41e8-9911-58cfc6eb5b1d (type: security_group_rules) to 0
2026-07-07 04:49:41.184 10 INFO neutron.wsgi [None req-acedb1ed-afe3-42a0-a51f-c1a1b49508fd 1043432b62494b4e8852bb44af6929db e91b5fa3fcbf43698f4b2eeec35a1622 - - default default] 10.0.0.19 "POST /v2.0/security-group-rules HTTP/1.1" status: 201 len: 769 time: 0.1249659
2026-07-07 04:49:41.383 9 INFO neutron.services.segments.plugin [-] Segment 42756ca1-acaf-4bf2-bcaa-e0edc1a358f0 resource provider aggregate not found
2026-07-07 04:49:41.389 9 INFO neutron.services.segments.plugin [-] Segment 42756ca1-acaf-4bf2-bcaa-e0edc1a358f0 resource provider aggregate not found
2026-07-07 04:49:41.398 9 INFO neutron.services.segments.plugin [-] Segment 42756ca1-acaf-4bf2-bcaa-e0edc1a358f0 resource provider not found; error: Placement Client Error (4xx): {"errors": [{"status": 404, "title": "Not Found", "detail": "The resource could not be found.\n\n No resource provider with uuid 42756ca1-acaf-4bf2-bcaa-e0edc1a358f0 found for delete ", "request_id": "req-6c748774-bf01-48e4-8d6e-f6cc4390c5f4"}]}
2026-07-07 04:49:41.402 9 INFO neutron.services.segments.plugin [-] Segment 42756ca1-acaf-4bf2-bcaa-e0edc1a358f0 resource provider not found; error: Placement Client Error (4xx): {"errors": [{"status": 404, "title": "Not Found", "detail": "The resource could not be found.\n\n No resource provider with uuid 42756ca1-acaf-4bf2-bcaa-e0edc1a358f0 found for delete ", "request_id": "req-36484d9b-8198-4187-96ef-fac2b5574ddb"}]}
2026-07-07 04:49:41.426 9 INFO neutron.wsgi [None req-7a926bf2-fd1c-46cd-8f0d-921a0765632e d7c46cf3b59944a6a3a60fa923f01449 868005ed27c241a7808fab7de7a32b89 - - default default] 10.0.0.19 "DELETE /v2.0/networks/2ad09dc1-1972-4c77-bbc4-c01cc324efdf HTTP/1.1" status: 204 len: 168 time: 0.3739083
2026-07-07 04:49:41.441 10 WARNING neutron.scheduler.dhcp_agent_scheduler [None req-49f4429d-0627-48af-9360-83ccc2c8a3db 1043432b62494b4e8852bb44af6929db e91b5fa3fcbf43698f4b2eeec35a1622 - - default default] No more DHCP agents
2026-07-07 04:49:41.444 10 WARNING neutron.api.rpc.agentnotifiers.dhcp_rpc_agent_api [None req-49f4429d-0627-48af-9360-83ccc2c8a3db 1043432b62494b4e8852bb44af6929db e91b5fa3fcbf43698f4b2eeec35a1622 - - default default] Unable to schedule network d1b2684a-7d75-4a0a-b8e8-bbf022f08fd9: no agents available; will retry on subsequent port and subnet creation events.
2026-07-07 04:49:41.741 10 INFO neutron.db.ovn_revision_numbers_db [None req-49f4429d-0627-48af-9360-83ccc2c8a3db 1043432b62494b4e8852bb44af6929db e91b5fa3fcbf43698f4b2eeec35a1622 - - default default] Successfully bumped revision number for resource df7c66cb-908c-44e1-bf50-69f55d1ed5f4 (type: floatingips) to 0
2026-07-07 04:49:41.756 10 INFO neutron.wsgi [None req-49f4429d-0627-48af-9360-83ccc2c8a3db 1043432b62494b4e8852bb44af6929db e91b5fa3fcbf43698f4b2eeec35a1622 - - default default] 10.0.0.19 "POST /v2.0/floatingips HTTP/1.1" status: 201 len: 751 time: 0.5665393
2026-07-07 04:49:41.784 9 INFO neutron.wsgi [None req-17dac66e-ee44-4a53-9171-a5a57f071ae1 d7c46cf3b59944a6a3a60fa923f01449 868005ed27c241a7808fab7de7a32b89 - - default default] 10.0.0.19 "DELETE /v2.0/networks/37947617-fef3-48c3-9c31-a9a706c97fc6 HTTP/1.1" status: 204 len: 168 time: 0.3527067
2026-07-07 04:49:41.892 9 INFO neutron.wsgi [req-9c873ce4-e190-4a57-9e1e-6a2509cc5566 req-091d3a95-ac64-4d0b-a745-bd55079d708e 1043432b62494b4e8852bb44af6929db e91b5fa3fcbf43698f4b2eeec35a1622 - - default default] 10.0.0.129 "GET /v2.0/security-groups?name=tempest-securitygroup--924886233&fields=id&tenant_id=e91b5fa3fcbf43698f4b2eeec35a1622 HTTP/1.1" status: 200 len: 267 time: 0.0483098
2026-07-07 04:49:41.943 9 INFO neutron.wsgi [req-9c873ce4-e190-4a57-9e1e-6a2509cc5566 req-a3711c83-ea06-4ef2-8e7f-4dab0858ef2a 1043432b62494b4e8852bb44af6929db e91b5fa3fcbf43698f4b2eeec35a1622 - - default default] 10.0.0.129 "GET /v2.0/security-groups?name=tempest-secgroup-smoke-54771859&fields=id&tenant_id=e91b5fa3fcbf43698f4b2eeec35a1622 HTTP/1.1" status: 200 len: 267 time: 0.0413234
2026-07-07 04:49:42.048 9 INFO neutron.wsgi [req-9c873ce4-e190-4a57-9e1e-6a2509cc5566 req-ea2ac4df-5fc7-4fab-a869-b06622c9265c 1043432b62494b4e8852bb44af6929db e91b5fa3fcbf43698f4b2eeec35a1622 - - default default] 10.0.0.129 "GET /v2.0/networks?id=6173c2a1-7ad2-4b2d-a258-643418bb2b91 HTTP/1.1" status: 200 len: 871 time: 0.0991127
2026-07-07 04:49:42.063 9 INFO neutron.wsgi [req-9c873ce4-e190-4a57-9e1e-6a2509cc5566 req-a8d9bfbf-e695-4e88-9dbe-a983b211ad2f 1043432b62494b4e8852bb44af6929db e91b5fa3fcbf43698f4b2eeec35a1622 - - default default] 10.0.0.129 "GET /v2.0/quotas/e91b5fa3fcbf43698f4b2eeec35a1622 HTTP/1.1" status: 200 len: 386 time: 0.0083582
2026-07-07 04:49:42.161 9 INFO neutron.wsgi [req-9c873ce4-e190-4a57-9e1e-6a2509cc5566 req-44b0848a-a04a-44c5-a3b8-367122f63515 1043432b62494b4e8852bb44af6929db e91b5fa3fcbf43698f4b2eeec35a1622 - - default default] 10.0.0.129 "GET /v2.0/ports?tenant_id=e91b5fa3fcbf43698f4b2eeec35a1622&fields=id HTTP/1.1" status: 200 len: 302 time: 0.0927167
2026-07-07 04:49:42.234 9 INFO neutron.wsgi [req-9c873ce4-e190-4a57-9e1e-6a2509cc5566 req-b0bfb3a1-b5a1-4f04-86ba-8c5392a4e93c 3ea0a39635114086bda3cf1522cc0494 1f66e9477f4a452f96ebceff078cafb8 - - eba47cdcf001454d92b9bf2f241a4b09 eba47cdcf001454d92b9bf2f241a4b09] 10.0.0.129 "GET /v2.0/networks/6173c2a1-7ad2-4b2d-a258-643418bb2b91?fields=segments HTTP/1.1" status: 200 len: 212 time: 0.0597739
2026-07-07 04:49:42.285 9 INFO neutron.wsgi [req-9c873ce4-e190-4a57-9e1e-6a2509cc5566 req-5120ad0e-51f9-4342-b480-6e5f89b46602 3ea0a39635114086bda3cf1522cc0494 1f66e9477f4a452f96ebceff078cafb8 - - eba47cdcf001454d92b9bf2f241a4b09 eba47cdcf001454d92b9bf2f241a4b09] 10.0.0.129 "GET /v2.0/networks/6173c2a1-7ad2-4b2d-a258-643418bb2b91?fields=provider%3Aphysical_network&fields=provider%3Anetwork_type HTTP/1.1" status: 200 len: 277 time: 0.0449328
2026-07-07 04:49:42.446 9 INFO neutron.wsgi [req-879671aa-7049-438e-b233-6429d266cbf7 req-713ae199-6887-40bd-b044-41624b0e7950 1043432b62494b4e8852bb44af6929db e91b5fa3fcbf43698f4b2eeec35a1622 - - default default] 10.0.0.129 "GET /v2.0/ports?device_id=a65e02e7-8041-4e5a-a96e-d805be364c6a HTTP/1.1" status: 200 len: 210 time: 0.0267673
2026-07-07 04:49:42.662 10 INFO neutron.db.ovn_revision_numbers_db [None req-a1d4e684-1a79-4048-87fc-e46e13515b2f 1ca593f1ddd74c7eabab8676647af840 164fa6fa12f64f1fac166893e00fa288 - - default default] Successfully bumped revision number for resource 6568cef1-c846-4bd1-8f51-e1d0e5c98326 (type: security_groups) to 1
2026-07-07 04:49:42.679 10 INFO neutron.db.ovn_revision_numbers_db [None req-a1d4e684-1a79-4048-87fc-e46e13515b2f 1ca593f1ddd74c7eabab8676647af840 164fa6fa12f64f1fac166893e00fa288 - - default default] Successfully bumped revision number for resource 719c0e52-c7dc-40f4-afd3-ac460bdfd65b (type: security_group_rules) to 0
2026-07-07 04:49:42.692 10 INFO neutron.db.ovn_revision_numbers_db [None req-a1d4e684-1a79-4048-87fc-e46e13515b2f 1ca593f1ddd74c7eabab8676647af840 164fa6fa12f64f1fac166893e00fa288 - - default default] Successfully bumped revision number for resource 7ae63585-8eac-43a0-bb9c-fc680fcc10b2 (type: security_group_rules) to 0
2026-07-07 04:49:42.705 10 INFO neutron.db.ovn_revision_numbers_db [None req-a1d4e684-1a79-4048-87fc-e46e13515b2f 1ca593f1ddd74c7eabab8676647af840 164fa6fa12f64f1fac166893e00fa288 - - default default] Successfully bumped revision number for resource effe5f9d-2ec7-478a-8319-5bdb231517f7 (type: security_group_rules) to 0
2026-07-07 04:49:42.720 10 INFO neutron.db.ovn_revision_numbers_db [None req-a1d4e684-1a79-4048-87fc-e46e13515b2f 1ca593f1ddd74c7eabab8676647af840 164fa6fa12f64f1fac166893e00fa288 - - default default] Successfully bumped revision number for resource feb3d448-8aac-4554-87ae-bc0f996e2c5a (type: security_group_rules) to 0
2026-07-07 04:49:42.747 10 INFO neutron.wsgi [None req-a1d4e684-1a79-4048-87fc-e46e13515b2f 1ca593f1ddd74c7eabab8676647af840 164fa6fa12f64f1fac166893e00fa288 - - default default] 10.0.0.19 "GET /v2.0/security-groups?tenant_id=bef49e6343f04126b23c6d4c29a1367b&name=default HTTP/1.1" status: 200 len: 2996 time: 0.2744093
2026-07-07 04:49:42.938 10 INFO neutron.wsgi [None req-d70b0474-2e13-4e65-906f-ea664101fd08 1ca593f1ddd74c7eabab8676647af840 164fa6fa12f64f1fac166893e00fa288 - - default default] 10.0.0.19 "DELETE /v2.0/security-groups/6568cef1-c846-4bd1-8f51-e1d0e5c98326 HTTP/1.1" status: 204 len: 168 time: 0.1861305
2026-07-07 04:49:43.069 10 INFO neutron.wsgi [None req-9c810d64-0656-4e40-a908-4b6f8e35cd54 1ca593f1ddd74c7eabab8676647af840 164fa6fa12f64f1fac166893e00fa288 - - default default] 10.0.0.19 "GET /v2.0/security-groups?tenant_id=868005ed27c241a7808fab7de7a32b89&name=default HTTP/1.1" status: 200 len: 2996 time: 0.0378129
2026-07-07 04:49:43.127 9 INFO neutron.wsgi [req-9c873ce4-e190-4a57-9e1e-6a2509cc5566 req-5d3eae1c-1c22-4de3-b876-932358090325 1043432b62494b4e8852bb44af6929db e91b5fa3fcbf43698f4b2eeec35a1622 - - default default] 199.204.45.95 "GET /v2.0/networks?id=6173c2a1-7ad2-4b2d-a258-643418bb2b91 HTTP/1.1" status: 200 len: 871 time: 0.0765133
2026-07-07 04:49:43.183 9 INFO neutron.wsgi [req-9c873ce4-e190-4a57-9e1e-6a2509cc5566 req-2e6cd02e-a114-4fea-91f1-36ddf6d5038b 1043432b62494b4e8852bb44af6929db e91b5fa3fcbf43698f4b2eeec35a1622 - - default default] 199.204.45.95 "GET /v2.0/security-groups?fields=id&fields=name&tenant_id=e91b5fa3fcbf43698f4b2eeec35a1622 HTTP/1.1" status: 200 len: 470 time: 0.0494587
2026-07-07 04:49:43.256 10 INFO neutron.wsgi [None req-2b667c56-39c8-4009-a29d-ce365537a869 1ca593f1ddd74c7eabab8676647af840 164fa6fa12f64f1fac166893e00fa288 - - default default] 10.0.0.19 "DELETE /v2.0/security-groups/88951db2-e052-4541-8900-4c88d02ad518 HTTP/1.1" status: 204 len: 168 time: 0.1817143
2026-07-07 04:49:43.395 10 WARNING neutron.plugins.ml2.drivers.ovn.mech_driver.ovsdb.ovn_client [None req-bd58489d-bbb0-4062-a0f1-0a7f46828024 - - - - - -] No hosting information found for port 6cb7b8e8-ad9b-4956-bed0-6250cde8d8ae: RuntimeError: No hosting information found for port 6cb7b8e8-ad9b-4956-bed0-6250cde8d8ae
2026-07-07 04:49:43.420 9 INFO neutron.services.segments.plugin [-] Segment 1d198161-3ae7-4b05-94e7-49d44c30d44d resource provider aggregate not found
2026-07-07 04:49:43.429 9 INFO neutron.services.segments.plugin [-] Segment 1d198161-3ae7-4b05-94e7-49d44c30d44d resource provider aggregate not found
2026-07-07 04:49:43.437 9 INFO neutron.services.segments.plugin [-] Segment 1d198161-3ae7-4b05-94e7-49d44c30d44d resource provider not found; error: Placement Client Error (4xx): {"errors": [{"status": 404, "title": "Not Found", "detail": "The resource could not be found.\n\n No resource provider with uuid 1d198161-3ae7-4b05-94e7-49d44c30d44d found for delete ", "request_id": "req-c75b9449-34e1-4d4d-acab-53291b5e4bad"}]}
2026-07-07 04:49:43.453 9 INFO neutron.services.segments.plugin [-] Segment 1d198161-3ae7-4b05-94e7-49d44c30d44d resource provider not found; error: Placement Client Error (4xx): {"errors": [{"status": 404, "title": "Not Found", "detail": "The resource could not be found.\n\n No resource provider with uuid 1d198161-3ae7-4b05-94e7-49d44c30d44d found for delete ", "request_id": "req-10a36a52-aaba-4bc5-9b2d-2963e19c39c4"}]}
2026-07-07 04:49:43.530 9 INFO neutron.wsgi [req-8c2bf02b-5fe2-43b3-8820-a757ccc55f2b req-702bd56f-659d-43da-854b-dc2b30e24bf7 1043432b62494b4e8852bb44af6929db e91b5fa3fcbf43698f4b2eeec35a1622 - - default default] 10.0.0.129 "GET /v2.0/ports?device_id=a65e02e7-8041-4e5a-a96e-d805be364c6a HTTP/1.1" status: 200 len: 210 time: 0.0200081
2026-07-07 04:49:43.567 9 WARNING neutron.scheduler.dhcp_agent_scheduler [req-9c873ce4-e190-4a57-9e1e-6a2509cc5566 req-6bc74a77-ac0d-493b-95d1-3eda0e34dbc1 1043432b62494b4e8852bb44af6929db e91b5fa3fcbf43698f4b2eeec35a1622 - - default default] No more DHCP agents
2026-07-07 04:49:43.570 9 WARNING neutron.api.rpc.agentnotifiers.dhcp_rpc_agent_api [req-9c873ce4-e190-4a57-9e1e-6a2509cc5566 req-6bc74a77-ac0d-493b-95d1-3eda0e34dbc1 1043432b62494b4e8852bb44af6929db e91b5fa3fcbf43698f4b2eeec35a1622 - - default default] Unable to schedule network 6173c2a1-7ad2-4b2d-a258-643418bb2b91: no agents available; will retry on subsequent port and subnet creation events.
2026-07-07 04:49:43.738 9 INFO neutron.db.ovn_revision_numbers_db [req-9c873ce4-e190-4a57-9e1e-6a2509cc5566 req-6bc74a77-ac0d-493b-95d1-3eda0e34dbc1 1043432b62494b4e8852bb44af6929db e91b5fa3fcbf43698f4b2eeec35a1622 - - default default] Successfully bumped revision number for resource 3d84ad96-ca5f-4b52-8127-27fea46585d9 (type: ports) to 1
2026-07-07 04:49:43.759 9 INFO neutron.wsgi [req-9c873ce4-e190-4a57-9e1e-6a2509cc5566 req-6bc74a77-ac0d-493b-95d1-3eda0e34dbc1 1043432b62494b4e8852bb44af6929db e91b5fa3fcbf43698f4b2eeec35a1622 - - default default] 199.204.45.95 "POST /v2.0/ports HTTP/1.1" status: 201 len: 1197 time: 0.5727446 /var/lib/openstack/lib/python3.10/site-packages/pycadf/identifier.py:71: UserWarning: Invalid uuid: neutron. To ensure interoperability, identifiers should be a valid uuid. warnings.warn(('Invalid uuid: %s. To ensure interoperability, '
2026-07-07 04:49:44.395 9 INFO neutron.db.ovn_revision_numbers_db [req-9c873ce4-e190-4a57-9e1e-6a2509cc5566 req-7efefa5f-dc40-47ed-9683-09b059c9ca40 3ea0a39635114086bda3cf1522cc0494 1f66e9477f4a452f96ebceff078cafb8 - - eba47cdcf001454d92b9bf2f241a4b09 eba47cdcf001454d92b9bf2f241a4b09] Successfully bumped revision number for resource 3d84ad96-ca5f-4b52-8127-27fea46585d9 (type: ports) to 2
2026-07-07 04:49:44.582 9 INFO neutron.db.ovn_revision_numbers_db [req-9c873ce4-e190-4a57-9e1e-6a2509cc5566 req-7efefa5f-dc40-47ed-9683-09b059c9ca40 3ea0a39635114086bda3cf1522cc0494 1f66e9477f4a452f96ebceff078cafb8 - - eba47cdcf001454d92b9bf2f241a4b09 eba47cdcf001454d92b9bf2f241a4b09] Successfully bumped revision number for resource 3d84ad96-ca5f-4b52-8127-27fea46585d9 (type: ports) to 2
2026-07-07 04:49:44.596 9 INFO neutron.wsgi [req-9c873ce4-e190-4a57-9e1e-6a2509cc5566 req-7efefa5f-dc40-47ed-9683-09b059c9ca40 3ea0a39635114086bda3cf1522cc0494 1f66e9477f4a452f96ebceff078cafb8 - - eba47cdcf001454d92b9bf2f241a4b09 eba47cdcf001454d92b9bf2f241a4b09] 199.204.45.95 "PUT /v2.0/ports/3d84ad96-ca5f-4b52-8127-27fea46585d9 HTTP/1.1" status: 200 len: 1415 time: 0.8293064 /var/lib/openstack/lib/python3.10/site-packages/pycadf/identifier.py:71: UserWarning: Invalid uuid: neutron. To ensure interoperability, identifiers should be a valid uuid. warnings.warn(('Invalid uuid: %s. To ensure interoperability, '
2026-07-07 04:49:44.631 9 INFO neutron.notifiers.nova [-] Nova event matching ['req-61e85f32-f88a-4f4c-b2f3-b8c07b5da5bb'] response: {'name': 'network-changed', 'server_uuid': 'a65e02e7-8041-4e5a-a96e-d805be364c6a', 'tag': '3d84ad96-ca5f-4b52-8127-27fea46585d9', 'status': 'completed', 'code': 200}
2026-07-07 04:49:44.637 9 INFO neutron.wsgi [req-dc555b58-fa92-40f0-a353-8f848657f26c req-fc1a1f03-0c86-4794-9276-cb91a089cee8 1043432b62494b4e8852bb44af6929db e91b5fa3fcbf43698f4b2eeec35a1622 - - default default] 10.0.0.129 "GET /v2.0/ports?device_id=a65e02e7-8041-4e5a-a96e-d805be364c6a HTTP/1.1" status: 200 len: 1208 time: 0.0354404
2026-07-07 04:49:44.688 9 INFO neutron.wsgi [req-9c873ce4-e190-4a57-9e1e-6a2509cc5566 req-49f0f8f9-f6c0-4899-9733-90ff011eacf1 3ea0a39635114086bda3cf1522cc0494 1f66e9477f4a452f96ebceff078cafb8 - - eba47cdcf001454d92b9bf2f241a4b09 eba47cdcf001454d92b9bf2f241a4b09] 199.204.45.95 "GET /v2.0/ports?tenant_id=e91b5fa3fcbf43698f4b2eeec35a1622&device_id=a65e02e7-8041-4e5a-a96e-d805be364c6a HTTP/1.1" status: 200 len: 1446 time: 0.0496552
2026-07-07 04:49:44.727 9 INFO neutron.wsgi [req-9c873ce4-e190-4a57-9e1e-6a2509cc5566 req-c5f2b6ad-1b47-49be-bdc0-4d56a5d87af9 3ea0a39635114086bda3cf1522cc0494 1f66e9477f4a452f96ebceff078cafb8 - - eba47cdcf001454d92b9bf2f241a4b09 eba47cdcf001454d92b9bf2f241a4b09] 199.204.45.95 "GET /v2.0/floatingips?fixed_ip_address=10.100.0.8&port_id=3d84ad96-ca5f-4b52-8127-27fea46585d9 HTTP/1.1" status: 200 len: 217 time: 0.0313566
2026-07-07 04:49:44.733 9 INFO neutron.wsgi [req-dc555b58-fa92-40f0-a353-8f848657f26c req-ddff2205-79db-4780-9729-007ed4c42c1a 1043432b62494b4e8852bb44af6929db e91b5fa3fcbf43698f4b2eeec35a1622 - - default default] 10.0.0.129 "GET /v2.0/security-groups?id=3a1b9da3-5353-4a70-8856-2dcf190e674b&id=e437877b-2ebf-465f-baa6-43623030138a&fields=id&fields=name HTTP/1.1" status: 200 len: 403 time: 0.0875964
2026-07-07 04:49:44.776 9 INFO neutron.wsgi [req-9c873ce4-e190-4a57-9e1e-6a2509cc5566 req-831b55e9-a06f-4ccd-a1bb-0db7b671d850 3ea0a39635114086bda3cf1522cc0494 1f66e9477f4a452f96ebceff078cafb8 - - eba47cdcf001454d92b9bf2f241a4b09 eba47cdcf001454d92b9bf2f241a4b09] 199.204.45.95 "GET /v2.0/subnets?id=71eaaa94-68fa-4342-aa1f-5d066126eb6f HTTP/1.1" status: 200 len: 865 time: 0.0392203
2026-07-07 04:49:44.822 9 INFO neutron.wsgi [req-9c873ce4-e190-4a57-9e1e-6a2509cc5566 req-79c9e6b7-9ed4-433c-9135-29a3a6fd0bf4 3ea0a39635114086bda3cf1522cc0494 1f66e9477f4a452f96ebceff078cafb8 - - eba47cdcf001454d92b9bf2f241a4b09 eba47cdcf001454d92b9bf2f241a4b09] 199.204.45.95 "GET /v2.0/ports?network_id=6173c2a1-7ad2-4b2d-a258-643418bb2b91&device_owner=network%3Adhcp HTTP/1.1" status: 200 len: 210 time: 0.0394876
2026-07-07 04:49:44.897 9 INFO neutron.wsgi [req-9c873ce4-e190-4a57-9e1e-6a2509cc5566 req-df29b4c2-e466-43a2-981e-66b350bc0667 3ea0a39635114086bda3cf1522cc0494 1f66e9477f4a452f96ebceff078cafb8 - - eba47cdcf001454d92b9bf2f241a4b09 eba47cdcf001454d92b9bf2f241a4b09] 199.204.45.95 "GET /v2.0/networks/6173c2a1-7ad2-4b2d-a258-643418bb2b91?fields=segments HTTP/1.1" status: 200 len: 212 time: 0.0695727
2026-07-07 04:49:44.970 9 INFO neutron.wsgi [req-9c873ce4-e190-4a57-9e1e-6a2509cc5566 req-e4f5a1a1-4963-421c-82c7-d511d28a7076 3ea0a39635114086bda3cf1522cc0494 1f66e9477f4a452f96ebceff078cafb8 - - eba47cdcf001454d92b9bf2f241a4b09 eba47cdcf001454d92b9bf2f241a4b09] 199.204.45.95 "GET /v2.0/networks/6173c2a1-7ad2-4b2d-a258-643418bb2b91?fields=provider%3Aphysical_network&fields=provider%3Anetwork_type HTTP/1.1" status: 200 len: 277 time: 0.0627160
2026-07-07 04:49:45.050 9 INFO neutron.wsgi [req-372918a4-54a7-45b4-8e26-2018ed2727bc req-781b7b05-5b8a-458a-ae5c-5b97abde054c 3ea0a39635114086bda3cf1522cc0494 1f66e9477f4a452f96ebceff078cafb8 - - eba47cdcf001454d92b9bf2f241a4b09 eba47cdcf001454d92b9bf2f241a4b09] 199.204.45.95 "GET /v2.0/ports?tenant_id=e91b5fa3fcbf43698f4b2eeec35a1622&device_id=a65e02e7-8041-4e5a-a96e-d805be364c6a HTTP/1.1" status: 200 len: 1446 time: 0.0368533
2026-07-07 04:49:45.126 9 INFO neutron.wsgi [req-372918a4-54a7-45b4-8e26-2018ed2727bc req-d15db1b9-bc2d-4cae-b729-410c593d2a91 3ea0a39635114086bda3cf1522cc0494 1f66e9477f4a452f96ebceff078cafb8 - - eba47cdcf001454d92b9bf2f241a4b09 eba47cdcf001454d92b9bf2f241a4b09] 199.204.45.95 "GET /v2.0/networks?id=6173c2a1-7ad2-4b2d-a258-643418bb2b91 HTTP/1.1" status: 200 len: 970 time: 0.0696146
2026-07-07 04:49:45.154 9 INFO neutron.wsgi [req-372918a4-54a7-45b4-8e26-2018ed2727bc req-d82f373d-e608-4c4a-bcd2-839c3c2ec608 3ea0a39635114086bda3cf1522cc0494 1f66e9477f4a452f96ebceff078cafb8 - - eba47cdcf001454d92b9bf2f241a4b09 eba47cdcf001454d92b9bf2f241a4b09] 199.204.45.95 "GET /v2.0/floatingips?fixed_ip_address=10.100.0.8&port_id=3d84ad96-ca5f-4b52-8127-27fea46585d9 HTTP/1.1" status: 200 len: 217 time: 0.0219386
2026-07-07 04:49:45.176 10 INFO neutron.wsgi [req-857d3c08-7d34-4be9-b983-da1093a89802 req-5174c700-3024-400b-b662-6bc1bc0f08df 3ea0a39635114086bda3cf1522cc0494 1f66e9477f4a452f96ebceff078cafb8 - - eba47cdcf001454d92b9bf2f241a4b09 eba47cdcf001454d92b9bf2f241a4b09] 199.204.45.95 "GET /v2.0/ports?device_id=a65e02e7-8041-4e5a-a96e-d805be364c6a HTTP/1.1" status: 200 len: 1446 time: 0.0439987
2026-07-07 04:49:45.198 9 INFO neutron.wsgi [req-372918a4-54a7-45b4-8e26-2018ed2727bc req-6a307f60-3894-4766-90ab-a4be38420ec1 3ea0a39635114086bda3cf1522cc0494 1f66e9477f4a452f96ebceff078cafb8 - - eba47cdcf001454d92b9bf2f241a4b09 eba47cdcf001454d92b9bf2f241a4b09] 199.204.45.95 "GET /v2.0/subnets?id=71eaaa94-68fa-4342-aa1f-5d066126eb6f HTTP/1.1" status: 200 len: 865 time: 0.0356250
2026-07-07 04:49:45.225 9 INFO neutron.wsgi [req-372918a4-54a7-45b4-8e26-2018ed2727bc req-abe6c4b6-584e-4eb6-b5f4-b9a2c31cdf82 3ea0a39635114086bda3cf1522cc0494 1f66e9477f4a452f96ebceff078cafb8 - - eba47cdcf001454d92b9bf2f241a4b09 eba47cdcf001454d92b9bf2f241a4b09] 199.204.45.95 "GET /v2.0/ports?network_id=6173c2a1-7ad2-4b2d-a258-643418bb2b91&device_owner=network%3Adhcp HTTP/1.1" status: 200 len: 210 time: 0.0224833
2026-07-07 04:49:45.234 10 INFO neutron.wsgi [req-857d3c08-7d34-4be9-b983-da1093a89802 req-6c7d2239-995d-45d2-850f-80739ca87ebf 3ea0a39635114086bda3cf1522cc0494 1f66e9477f4a452f96ebceff078cafb8 - - eba47cdcf001454d92b9bf2f241a4b09 eba47cdcf001454d92b9bf2f241a4b09] 199.204.45.95 "GET /v2.0/security-groups?id=e437877b-2ebf-465f-baa6-43623030138a&id=3a1b9da3-5353-4a70-8856-2dcf190e674b&fields=id&fields=name HTTP/1.1" status: 200 len: 403 time: 0.0483062
2026-07-07 04:49:45.300 9 INFO neutron.wsgi [req-372918a4-54a7-45b4-8e26-2018ed2727bc req-ecc41530-22ae-42bf-8ba0-fd484dad99f1 3ea0a39635114086bda3cf1522cc0494 1f66e9477f4a452f96ebceff078cafb8 - - eba47cdcf001454d92b9bf2f241a4b09 eba47cdcf001454d92b9bf2f241a4b09] 199.204.45.95 "GET /v2.0/networks/6173c2a1-7ad2-4b2d-a258-643418bb2b91?fields=segments HTTP/1.1" status: 200 len: 212 time: 0.0669405
2026-07-07 04:49:45.343 9 INFO neutron.plugins.ml2.drivers.ovn.mech_driver.mech_driver [None req-4e5bc2ae-3706-428d-bd8a-a74b8e2d2cf6 - - - - - -] OVN reports status up for port: 3d84ad96-ca5f-4b52-8127-27fea46585d9
2026-07-07 04:49:45.398 9 INFO neutron.plugins.ml2.plugin [None req-4e5bc2ae-3706-428d-bd8a-a74b8e2d2cf6 - - - - - -] Attempt 1 to provision port 3d84ad96-ca5f-4b52-8127-27fea46585d9
2026-07-07 04:49:45.418 9 INFO neutron.wsgi [req-372918a4-54a7-45b4-8e26-2018ed2727bc req-f3226e25-47c9-4ea1-81a7-4f889fd94712 3ea0a39635114086bda3cf1522cc0494 1f66e9477f4a452f96ebceff078cafb8 - - eba47cdcf001454d92b9bf2f241a4b09 eba47cdcf001454d92b9bf2f241a4b09] 199.204.45.95 "GET /v2.0/networks/6173c2a1-7ad2-4b2d-a258-643418bb2b91?fields=provider%3Aphysical_network&fields=provider%3Anetwork_type HTTP/1.1" status: 200 len: 277 time: 0.1071100
2026-07-07 04:49:45.702 9 INFO neutron.db.ovn_revision_numbers_db [None req-4e5bc2ae-3706-428d-bd8a-a74b8e2d2cf6 - - - - - -] Successfully bumped revision number for resource 3d84ad96-ca5f-4b52-8127-27fea46585d9 (type: ports) to 4 /var/lib/openstack/lib/python3.10/site-packages/pycadf/identifier.py:71: UserWarning: Invalid uuid: neutron. To ensure interoperability, identifiers should be a valid uuid. warnings.warn(('Invalid uuid: %s. To ensure interoperability, '
2026-07-07 04:49:45.855 9 INFO neutron.wsgi [req-66133fca-ef0f-4055-9879-86533b5d9577 req-debc52c7-dbb4-4eb7-aa81-390bca780c4a 1043432b62494b4e8852bb44af6929db e91b5fa3fcbf43698f4b2eeec35a1622 - - default default] 10.0.0.129 "GET /v2.0/ports?device_id=a65e02e7-8041-4e5a-a96e-d805be364c6a HTTP/1.1" status: 200 len: 1210 time: 0.0418358
2026-07-07 04:49:45.916 9 INFO neutron.wsgi [req-66133fca-ef0f-4055-9879-86533b5d9577 req-8fc72b8b-22b9-4efd-86d0-5a7e7e411e14 1043432b62494b4e8852bb44af6929db e91b5fa3fcbf43698f4b2eeec35a1622 - - default default] 10.0.0.129 "GET /v2.0/security-groups?id=3a1b9da3-5353-4a70-8856-2dcf190e674b&id=e437877b-2ebf-465f-baa6-43623030138a&fields=id&fields=name HTTP/1.1" status: 200 len: 403 time: 0.0527937
2026-07-07 04:49:46.670 9 INFO neutron.notifiers.nova [-] Nova event matching ['req-7fc2fe96-ef43-4bb4-a994-bcfd6b81e486'] response: {'server_uuid': 'a65e02e7-8041-4e5a-a96e-d805be364c6a', 'name': 'network-vif-plugged', 'status': 'completed', 'tag': '3d84ad96-ca5f-4b52-8127-27fea46585d9', 'code': 200}
2026-07-07 04:49:46.671 9 INFO neutron.notifiers.nova [-] Nova event matching ['req-7fc2fe96-ef43-4bb4-a994-bcfd6b81e486'] response: {'server_uuid': 'a65e02e7-8041-4e5a-a96e-d805be364c6a', 'name': 'network-vif-plugged', 'status': 'completed', 'tag': '3d84ad96-ca5f-4b52-8127-27fea46585d9', 'code': 200}
2026-07-07 04:49:47.036 9 INFO neutron.wsgi [req-4d1d1cf6-65da-4de0-b555-40fb48ed657a req-cd4f0674-2a51-48f2-aad7-c37f35ee1c01 1043432b62494b4e8852bb44af6929db e91b5fa3fcbf43698f4b2eeec35a1622 - - default default] 10.0.0.129 "GET /v2.0/ports?device_id=a65e02e7-8041-4e5a-a96e-d805be364c6a HTTP/1.1" status: 200 len: 1210 time: 0.0431573
2026-07-07 04:49:47.085 9 INFO neutron.wsgi [req-4d1d1cf6-65da-4de0-b555-40fb48ed657a req-e870d8b4-574b-4277-b356-a4bcf574b3ab 1043432b62494b4e8852bb44af6929db e91b5fa3fcbf43698f4b2eeec35a1622 - - default default] 10.0.0.129 "GET /v2.0/security-groups?id=3a1b9da3-5353-4a70-8856-2dcf190e674b&id=e437877b-2ebf-465f-baa6-43623030138a&fields=id&fields=name HTTP/1.1" status: 200 len: 403 time: 0.0410285
2026-07-07 04:49:47.243 9 INFO neutron.wsgi [req-3957efd7-df70-4a9e-beb9-d23acd3e647d req-01127458-07a6-45f3-8310-2ea7e174153b 1043432b62494b4e8852bb44af6929db e91b5fa3fcbf43698f4b2eeec35a1622 - - default default] 10.0.0.129 "GET /v2.0/ports?device_id=a65e02e7-8041-4e5a-a96e-d805be364c6a HTTP/1.1" status: 200 len: 1210 time: 0.0903211
2026-07-07 04:49:47.536 9 INFO neutron.db.l3_db [None req-9ce7346d-1227-4d60-9a02-afe369f5c185 1043432b62494b4e8852bb44af6929db e91b5fa3fcbf43698f4b2eeec35a1622 - - default default] Floating IP df7c66cb-908c-44e1-bf50-69f55d1ed5f4 associated. External IP: 10.96.250.219, port: 3d84ad96-ca5f-4b52-8127-27fea46585d9.
2026-07-07 04:49:47.780 9 INFO neutron.db.ovn_revision_numbers_db [None req-9ce7346d-1227-4d60-9a02-afe369f5c185 1043432b62494b4e8852bb44af6929db e91b5fa3fcbf43698f4b2eeec35a1622 - - default default] Successfully bumped revision number for resource df7c66cb-908c-44e1-bf50-69f55d1ed5f4 (type: floatingips) to 1
2026-07-07 04:49:47.914 9 INFO neutron.db.ovn_revision_numbers_db [None req-9ce7346d-1227-4d60-9a02-afe369f5c185 1043432b62494b4e8852bb44af6929db e91b5fa3fcbf43698f4b2eeec35a1622 - - default default] Successfully bumped revision number for resource df7c66cb-908c-44e1-bf50-69f55d1ed5f4 (type: floatingips) to 2
2026-07-07 04:49:47.943 9 INFO neutron.wsgi [None req-9ce7346d-1227-4d60-9a02-afe369f5c185 1043432b62494b4e8852bb44af6929db e91b5fa3fcbf43698f4b2eeec35a1622 - - default default] 10.0.0.19 "PUT /v2.0/floatingips/df7c66cb-908c-44e1-bf50-69f55d1ed5f4 HTTP/1.1" status: 200 len: 1049 time: 0.6849360
2026-07-07 04:49:48.719 9 INFO neutron.notifiers.nova [-] Nova event matching ['req-96664d0a-12fc-43ac-a8e0-2f702410c4db'] response: {'name': 'network-changed', 'server_uuid': 'a65e02e7-8041-4e5a-a96e-d805be364c6a', 'tag': '3d84ad96-ca5f-4b52-8127-27fea46585d9', 'status': 'completed', 'code': 200} /var/lib/openstack/lib/python3.10/site-packages/pycadf/identifier.py:71: UserWarning: Invalid uuid: neutron. To ensure interoperability, identifiers should be a valid uuid. warnings.warn(('Invalid uuid: %s. To ensure interoperability, '
2026-07-07 04:49:48.805 9 INFO neutron.wsgi [req-344ec5ce-a00c-42dd-848b-59fe010527a5 req-263ee483-52a3-4cd1-adea-83ad1405338f 3ea0a39635114086bda3cf1522cc0494 1f66e9477f4a452f96ebceff078cafb8 - - eba47cdcf001454d92b9bf2f241a4b09 eba47cdcf001454d92b9bf2f241a4b09] 199.204.45.95 "GET /v2.0/ports?tenant_id=e91b5fa3fcbf43698f4b2eeec35a1622&device_id=a65e02e7-8041-4e5a-a96e-d805be364c6a HTTP/1.1" status: 200 len: 1448 time: 0.0513842
2026-07-07 04:49:48.878 9 INFO neutron.wsgi [req-344ec5ce-a00c-42dd-848b-59fe010527a5 req-f9d0ef40-b50e-47a4-ae11-b23051168d9c 3ea0a39635114086bda3cf1522cc0494 1f66e9477f4a452f96ebceff078cafb8 - - eba47cdcf001454d92b9bf2f241a4b09 eba47cdcf001454d92b9bf2f241a4b09] 199.204.45.95 "GET /v2.0/networks?id=6173c2a1-7ad2-4b2d-a258-643418bb2b91 HTTP/1.1" status: 200 len: 970 time: 0.0678606
2026-07-07 04:49:48.948 9 INFO neutron.wsgi [req-344ec5ce-a00c-42dd-848b-59fe010527a5 req-cb432981-adff-418b-b7f7-fd524bdc6f08 3ea0a39635114086bda3cf1522cc0494 1f66e9477f4a452f96ebceff078cafb8 - - eba47cdcf001454d92b9bf2f241a4b09 eba47cdcf001454d92b9bf2f241a4b09] 199.204.45.95 "GET /v2.0/floatingips?fixed_ip_address=10.100.0.8&port_id=3d84ad96-ca5f-4b52-8127-27fea46585d9 HTTP/1.1" status: 200 len: 1059 time: 0.0620267
2026-07-07 04:49:48.990 9 INFO neutron.wsgi [req-344ec5ce-a00c-42dd-848b-59fe010527a5 req-0f4fa379-bf42-4e2f-966a-833579a9f085 3ea0a39635114086bda3cf1522cc0494 1f66e9477f4a452f96ebceff078cafb8 - - eba47cdcf001454d92b9bf2f241a4b09 eba47cdcf001454d92b9bf2f241a4b09] 199.204.45.95 "GET /v2.0/subnets?id=71eaaa94-68fa-4342-aa1f-5d066126eb6f HTTP/1.1" status: 200 len: 865 time: 0.0362735
2026-07-07 04:49:49.020 9 INFO neutron.wsgi [req-344ec5ce-a00c-42dd-848b-59fe010527a5 req-71c775ec-7c51-4133-845d-7ec6eb32fd52 3ea0a39635114086bda3cf1522cc0494 1f66e9477f4a452f96ebceff078cafb8 - - eba47cdcf001454d92b9bf2f241a4b09 eba47cdcf001454d92b9bf2f241a4b09] 199.204.45.95 "GET /v2.0/ports?network_id=6173c2a1-7ad2-4b2d-a258-643418bb2b91&device_owner=network%3Adhcp HTTP/1.1" status: 200 len: 210 time: 0.0220451
2026-07-07 04:49:49.086 9 INFO neutron.wsgi [req-344ec5ce-a00c-42dd-848b-59fe010527a5 req-ce6cc4d3-39cf-4e02-b571-d6cca8f4f29c 3ea0a39635114086bda3cf1522cc0494 1f66e9477f4a452f96ebceff078cafb8 - - eba47cdcf001454d92b9bf2f241a4b09 eba47cdcf001454d92b9bf2f241a4b09] 199.204.45.95 "GET /v2.0/networks/6173c2a1-7ad2-4b2d-a258-643418bb2b91?fields=segments HTTP/1.1" status: 200 len: 212 time: 0.0597472
2026-07-07 04:49:49.147 9 INFO neutron.wsgi [req-344ec5ce-a00c-42dd-848b-59fe010527a5 req-eca2782c-d7cb-47bb-b738-d90e2c984abb 3ea0a39635114086bda3cf1522cc0494 1f66e9477f4a452f96ebceff078cafb8 - - eba47cdcf001454d92b9bf2f241a4b09 eba47cdcf001454d92b9bf2f241a4b09] 199.204.45.95 "GET /v2.0/networks/6173c2a1-7ad2-4b2d-a258-643418bb2b91?fields=provider%3Aphysical_network&fields=provider%3Anetwork_type HTTP/1.1" status: 200 len: 277 time: 0.0549872
2026-07-07 04:49:50.890 10 INFO neutron.wsgi [-] 10.0.0.39 "GET / HTTP/1.1" status: 200 len: 247 time: 0.0029511
2026-07-07 04:49:50.894 10 INFO neutron.wsgi [-] 10.0.0.39 "GET / HTTP/1.1" status: 200 len: 247 time: 0.0021937
2026-07-07 04:49:52.807 9 INFO neutron.db.ovn_revision_numbers_db [None req-d385f475-1960-456d-9476-eb51c320fb81 7216d0b82d6040dc834b75e9c75385ac 74d31879eaf849daa66e2287d7953d08 - - default default] Successfully bumped revision number for resource 88c5afa7-a16f-46f0-ad68-f287fa59e894 (type: security_groups) to 1
2026-07-07 04:49:52.825 9 INFO neutron.db.ovn_revision_numbers_db [None req-d385f475-1960-456d-9476-eb51c320fb81 7216d0b82d6040dc834b75e9c75385ac 74d31879eaf849daa66e2287d7953d08 - - default default] Successfully bumped revision number for resource 08ea8a40-cc50-49fc-b106-3597cd93178f (type: security_group_rules) to 0
2026-07-07 04:49:52.841 9 INFO neutron.db.ovn_revision_numbers_db [None req-d385f475-1960-456d-9476-eb51c320fb81 7216d0b82d6040dc834b75e9c75385ac 74d31879eaf849daa66e2287d7953d08 - - default default] Successfully bumped revision number for resource 141d2752-18fe-41b3-9bf8-309d491e3054 (type: security_group_rules) to 0
2026-07-07 04:49:52.856 9 INFO neutron.db.ovn_revision_numbers_db [None req-d385f475-1960-456d-9476-eb51c320fb81 7216d0b82d6040dc834b75e9c75385ac 74d31879eaf849daa66e2287d7953d08 - - default default] Successfully bumped revision number for resource a5df439d-f4d5-4817-8e3e-b1ae2a219a42 (type: security_group_rules) to 0
2026-07-07 04:49:52.873 9 INFO neutron.db.ovn_revision_numbers_db [None req-d385f475-1960-456d-9476-eb51c320fb81 7216d0b82d6040dc834b75e9c75385ac 74d31879eaf849daa66e2287d7953d08 - - default default] Successfully bumped revision number for resource e1145e2a-a1eb-4ac6-a469-5fe22e2bea04 (type: security_group_rules) to 0
2026-07-07 04:49:52.925 9 INFO neutron.db.segments_db [None req-d385f475-1960-456d-9476-eb51c320fb81 7216d0b82d6040dc834b75e9c75385ac 74d31879eaf849daa66e2287d7953d08 - - default default] Added segment 7f881ab5-c01e-4b25-9159-3b7514519707 of type geneve for network 75647f02-0dff-4c5d-bac4-aebcfb52a36c
2026-07-07 04:49:53.289 9 INFO neutron.db.ovn_revision_numbers_db [None req-d385f475-1960-456d-9476-eb51c320fb81 7216d0b82d6040dc834b75e9c75385ac 74d31879eaf849daa66e2287d7953d08 - - default default] Successfully bumped revision number for resource 75647f02-0dff-4c5d-bac4-aebcfb52a36c (type: networks) to 1
2026-07-07 04:49:53.480 9 WARNING neutron.scheduler.dhcp_agent_scheduler [None req-d385f475-1960-456d-9476-eb51c320fb81 7216d0b82d6040dc834b75e9c75385ac 74d31879eaf849daa66e2287d7953d08 - - default default] No more DHCP agents
2026-07-07 04:49:53.481 9 WARNING neutron.api.rpc.agentnotifiers.dhcp_rpc_agent_api [None req-d385f475-1960-456d-9476-eb51c320fb81 7216d0b82d6040dc834b75e9c75385ac 74d31879eaf849daa66e2287d7953d08 - - default default] Unable to schedule network 75647f02-0dff-4c5d-bac4-aebcfb52a36c: no agents available; will retry on subsequent port and subnet creation events.
2026-07-07 04:49:53.563 9 INFO neutron.db.ovn_revision_numbers_db [None req-d385f475-1960-456d-9476-eb51c320fb81 7216d0b82d6040dc834b75e9c75385ac 74d31879eaf849daa66e2287d7953d08 - - default default] Successfully bumped revision number for resource e11f8370-5f48-4254-951a-e1b99e663c6c (type: ports) to 1
2026-07-07 04:49:53.586 9 INFO neutron.wsgi [None req-d385f475-1960-456d-9476-eb51c320fb81 7216d0b82d6040dc834b75e9c75385ac 74d31879eaf849daa66e2287d7953d08 - - default default] 10.0.0.19 "POST /v2.0/networks HTTP/1.1" status: 201 len: 838 time: 1.0667574
2026-07-07 04:49:53.849 9 WARNING neutron.scheduler.dhcp_agent_scheduler [None req-373c22bd-14b5-4776-a99a-11642116f12b 7216d0b82d6040dc834b75e9c75385ac 74d31879eaf849daa66e2287d7953d08 - - default default] No more DHCP agents
2026-07-07 04:49:53.853 9 WARNING neutron.api.rpc.agentnotifiers.dhcp_rpc_agent_api [None req-373c22bd-14b5-4776-a99a-11642116f12b 7216d0b82d6040dc834b75e9c75385ac 74d31879eaf849daa66e2287d7953d08 - - default default] Unable to schedule network 75647f02-0dff-4c5d-bac4-aebcfb52a36c: no agents available; will retry on subsequent port and subnet creation events.
2026-07-07 04:49:54.383 9 INFO neutron.db.ovn_revision_numbers_db [None req-373c22bd-14b5-4776-a99a-11642116f12b 7216d0b82d6040dc834b75e9c75385ac 74d31879eaf849daa66e2287d7953d08 - - default default] Successfully bumped revision number for resource e11f8370-5f48-4254-951a-e1b99e663c6c (type: ports) to 2
2026-07-07 04:49:54.415 9 INFO neutron.db.ovn_revision_numbers_db [None req-373c22bd-14b5-4776-a99a-11642116f12b 7216d0b82d6040dc834b75e9c75385ac 74d31879eaf849daa66e2287d7953d08 - - default default] Successfully bumped revision number for resource 4822f5bd-0c48-47cb-a86a-a490ce8c40f4 (type: subnets) to 0
2026-07-07 04:49:54.431 9 INFO neutron.wsgi [None req-373c22bd-14b5-4776-a99a-11642116f12b 7216d0b82d6040dc834b75e9c75385ac 74d31879eaf849daa66e2287d7953d08 - - default default] 10.0.0.19 "POST /v2.0/subnets HTTP/1.1" status: 201 len: 832 time: 0.8379507
2026-07-07 04:49:54.496 9 INFO neutron.wsgi [None req-f123583a-a72a-4125-adfc-d62e69e3d6c1 99a732c7629e40bd9f494186c057c22e 0bd48fffa6cf4f9d95657b2c852e3fef - - default default] 10.0.0.19 "GET /v2.0/subnetpools?name=shared-default-subnetpool-v6 HTTP/1.1" status: 200 len: 212 time: 0.0575738
2026-07-07 04:49:54.767 9 WARNING neutron.scheduler.dhcp_agent_scheduler [None req-9391ac35-ce95-4743-9e33-183e8d9439b2 7216d0b82d6040dc834b75e9c75385ac 74d31879eaf849daa66e2287d7953d08 - - default default] No more DHCP agents
2026-07-07 04:49:54.770 9 WARNING neutron.api.rpc.agentnotifiers.dhcp_rpc_agent_api [None req-9391ac35-ce95-4743-9e33-183e8d9439b2 7216d0b82d6040dc834b75e9c75385ac 74d31879eaf849daa66e2287d7953d08 - - default default] Unable to schedule network 75647f02-0dff-4c5d-bac4-aebcfb52a36c: no agents available; will retry on subsequent port and subnet creation events.
