2026-07-07 04:52:31.089 10 INFO neutron.wsgi [None req-24349089-79f6-45a8-bc9d-39e0c60d24c4 1ca593f1ddd74c7eabab8676647af840 164fa6fa12f64f1fac166893e00fa288 - - default default] 199.204.45.95 "GET /v2.0/subnets/4822f5bd-0c48-47cb-a86a-a490ce8c40f4 HTTP/1.1" status: 200 len: 850 time: 0.0337386
2026-07-07 04:52:31.124 9 INFO neutron.wsgi [req-59a7f289-0a1a-48d0-8224-e310fb5c3a7c req-a491649b-ac19-4251-9430-d8ee21878189 3ea0a39635114086bda3cf1522cc0494 1f66e9477f4a452f96ebceff078cafb8 - - eba47cdcf001454d92b9bf2f241a4b09 eba47cdcf001454d92b9bf2f241a4b09] 199.204.45.95 "GET /v2.0/networks/17516e9f-bc28-4f04-ba02-ed59f669572e?fields=provider%3Aphysical_network&fields=provider%3Anetwork_type HTTP/1.1" status: 200 len: 277 time: 0.0605400
2026-07-07 04:52:32.059 9 INFO neutron.notifiers.nova [-] Nova event matching ['req-5fb4b735-359f-4747-858a-47235a9177c6'] response: {'server_uuid': '64810451-3b11-4369-93b1-b007bf07688e', 'name': 'network-vif-plugged', 'status': 'completed', 'tag': '6e54184d-5c51-40f4-81de-21ece02f9ebf', 'code': 200}
2026-07-07 04:52:32.059 9 INFO neutron.notifiers.nova [-] Nova event matching ['req-5fb4b735-359f-4747-858a-47235a9177c6'] response: {'server_uuid': '64810451-3b11-4369-93b1-b007bf07688e', 'name': 'network-vif-deleted', 'tag': '6e54184d-5c51-40f4-81de-21ece02f9ebf', 'status': 'completed', 'code': 200}
2026-07-07 04:52:34.123 10 INFO neutron.wsgi [None req-97801c24-9311-4421-8ddc-cc0a03a45118 1ca593f1ddd74c7eabab8676647af840 164fa6fa12f64f1fac166893e00fa288 - - default default] 199.204.45.95 "GET /v2.0/extensions/security-group HTTP/1.1" status: 200 len: 369 time: 0.0100818
2026-07-07 04:52:34.136 10 INFO neutron.wsgi [None req-07cb09fd-c133-4565-9e52-416adb69e789 1ca593f1ddd74c7eabab8676647af840 164fa6fa12f64f1fac166893e00fa288 - - default default] 199.204.45.95 "GET /v2.0/extensions/dns-integration HTTP/1.1" status: 200 len: 371 time: 0.0074346
2026-07-07 04:52:34.147 10 INFO neutron.wsgi [None req-8c99b88a-339d-468e-9e55-1063e26ba702 1ca593f1ddd74c7eabab8676647af840 164fa6fa12f64f1fac166893e00fa288 - - default default] 199.204.45.95 "GET /v2.0/extensions/qos HTTP/1.1" status: 200 len: 365 time: 0.0073891
2026-07-07 04:52:34.157 10 INFO neutron.wsgi [None req-6a069151-8f27-4ca0-938c-aff3190865c0 1ca593f1ddd74c7eabab8676647af840 164fa6fa12f64f1fac166893e00fa288 - - default default] 199.204.45.95 "GET /v2.0/extensions/allowed-address-pairs HTTP/1.1" status: 200 len: 383 time: 0.0057287
2026-07-07 04:52:34.192 10 INFO neutron.wsgi [None req-4cd00570-4257-4ee5-ab8e-30d1c2ad702f 1ca593f1ddd74c7eabab8676647af840 164fa6fa12f64f1fac166893e00fa288 - - default default] 199.204.45.95 "GET /v2.0/ports?device_id=64810451-3b11-4369-93b1-b007bf07688e HTTP/1.1" status: 200 len: 3922 time: 0.0294905
2026-07-07 04:52:34.335 10 INFO neutron.wsgi [None req-eefb82f8-85a3-446c-9760-7e0a2f2b5daa 1ca593f1ddd74c7eabab8676647af840 164fa6fa12f64f1fac166893e00fa288 - - default default] 199.204.45.95 "GET /v2.0/extensions/security-group HTTP/1.1" status: 200 len: 369 time: 0.0050533
2026-07-07 04:52:34.346 10 INFO neutron.wsgi [None req-8c680f38-0f9b-4165-a852-95033026f9b5 1ca593f1ddd74c7eabab8676647af840 164fa6fa12f64f1fac166893e00fa288 - - default default] 199.204.45.95 "GET /v2.0/extensions/dns-integration HTTP/1.1" status: 200 len: 371 time: 0.0049148
2026-07-07 04:52:34.358 10 INFO neutron.wsgi [None req-ae8cf4d0-397c-41b8-9094-b95bad0c76e3 1ca593f1ddd74c7eabab8676647af840 164fa6fa12f64f1fac166893e00fa288 - - default default] 199.204.45.95 "GET /v2.0/extensions/qos HTTP/1.1" status: 200 len: 365 time: 0.0043046
2026-07-07 04:52:34.369 10 INFO neutron.wsgi [None req-45d2c396-30d8-4158-9928-a4dae785c338 1ca593f1ddd74c7eabab8676647af840 164fa6fa12f64f1fac166893e00fa288 - - default default] 199.204.45.95 "GET /v2.0/extensions/allowed-address-pairs HTTP/1.1" status: 200 len: 383 time: 0.0048633
2026-07-07 04:52:34.410 10 INFO neutron.wsgi [None req-4493e835-d2c0-4eb3-8fb4-a473c70e17bb 1ca593f1ddd74c7eabab8676647af840 164fa6fa12f64f1fac166893e00fa288 - - default default] 199.204.45.95 "GET /v2.0/ports/89145475-8745-4409-912d-4dea2af70062 HTTP/1.1" status: 200 len: 1402 time: 0.0331802
2026-07-07 04:52:34.775 10 INFO neutron.db.ovn_revision_numbers_db [None req-ace156fb-2893-428d-80c4-fa477c340a4a 1ca593f1ddd74c7eabab8676647af840 164fa6fa12f64f1fac166893e00fa288 - - default default] Successfully bumped revision number for resource 89145475-8745-4409-912d-4dea2af70062 (type: ports) to 6
2026-07-07 04:52:34.783 10 INFO neutron.wsgi [None req-ace156fb-2893-428d-80c4-fa477c340a4a 1ca593f1ddd74c7eabab8676647af840 164fa6fa12f64f1fac166893e00fa288 - - default default] 199.204.45.95 "PUT /v2.0/ports/89145475-8745-4409-912d-4dea2af70062 HTTP/1.1" status: 200 len: 1203 time: 0.3662858 /var/lib/openstack/lib/python3.10/site-packages/pycadf/identifier.py:71: UserWarning: Invalid uuid: neutron. To ensure interoperability, identifiers should be a valid uuid. warnings.warn(('Invalid uuid: %s. To ensure interoperability, '
2026-07-07 04:52:34.842 10 INFO neutron.notifiers.nova [-] Nova event matching ['req-a6c7154d-9b57-4c44-9c9d-3d7d8027c032'] response: {'name': 'network-changed', 'server_uuid': '64810451-3b11-4369-93b1-b007bf07688e', 'tag': '89145475-8745-4409-912d-4dea2af70062', 'status': 'completed', 'code': 200}
2026-07-07 04:52:34.875 10 INFO neutron.wsgi [None req-7e8b6338-cdec-451d-8ab2-d7ee662c31a0 1ca593f1ddd74c7eabab8676647af840 164fa6fa12f64f1fac166893e00fa288 - - default default] 199.204.45.95 "GET /v2.0/networks/17516e9f-bc28-4f04-ba02-ed59f669572e HTTP/1.1" status: 200 len: 1000 time: 0.0812297
2026-07-07 04:52:34.905 9 INFO neutron.wsgi [req-2b4783ea-82c5-4e8e-ade2-76c198a44886 req-8d18c71e-c5eb-4ead-b346-318e95d844b7 3ea0a39635114086bda3cf1522cc0494 1f66e9477f4a452f96ebceff078cafb8 - - eba47cdcf001454d92b9bf2f241a4b09 eba47cdcf001454d92b9bf2f241a4b09] 199.204.45.95 "GET /v2.0/ports?tenant_id=164fa6fa12f64f1fac166893e00fa288&device_id=64810451-3b11-4369-93b1-b007bf07688e HTTP/1.1" status: 200 len: 3751 time: 0.0478582
2026-07-07 04:52:34.918 10 INFO neutron.wsgi [None req-20f33472-4fcd-4320-b0ee-350ca9f70561 1ca593f1ddd74c7eabab8676647af840 164fa6fa12f64f1fac166893e00fa288 - - default default] 199.204.45.95 "GET /v2.0/ports?device_id=64810451-3b11-4369-93b1-b007bf07688e HTTP/1.1" status: 200 len: 3751 time: 0.0355980
2026-07-07 04:52:34.985 9 INFO neutron.wsgi [req-2b4783ea-82c5-4e8e-ade2-76c198a44886 req-aa88713d-0145-40fa-845f-4d8b77490e0b 3ea0a39635114086bda3cf1522cc0494 1f66e9477f4a452f96ebceff078cafb8 - - eba47cdcf001454d92b9bf2f241a4b09 eba47cdcf001454d92b9bf2f241a4b09] 199.204.45.95 "GET /v2.0/networks?id=17516e9f-bc28-4f04-ba02-ed59f669572e HTTP/1.1" status: 200 len: 1003 time: 0.0722811
2026-07-07 04:52:35.010 10 INFO neutron.wsgi [None req-147a9e53-c4d3-488f-90c3-577c55f52f18 1ca593f1ddd74c7eabab8676647af840 164fa6fa12f64f1fac166893e00fa288 - - default default] 199.204.45.95 "GET /v2.0/ports?device_id=64810451-3b11-4369-93b1-b007bf07688e HTTP/1.1" status: 200 len: 3751 time: 0.0306456
2026-07-07 04:52:35.050 9 INFO neutron.wsgi [req-2b4783ea-82c5-4e8e-ade2-76c198a44886 req-f8e2d9ed-20c8-44fc-a8d0-9e75345d411a 3ea0a39635114086bda3cf1522cc0494 1f66e9477f4a452f96ebceff078cafb8 - - eba47cdcf001454d92b9bf2f241a4b09 eba47cdcf001454d92b9bf2f241a4b09] 199.204.45.95 "GET /v2.0/networks/17516e9f-bc28-4f04-ba02-ed59f669572e?fields=segments HTTP/1.1" status: 200 len: 212 time: 0.0599396
2026-07-07 04:52:35.119 9 INFO neutron.wsgi [req-2b4783ea-82c5-4e8e-ade2-76c198a44886 req-9098286d-ec21-4664-91ba-42aef1ad53aa 3ea0a39635114086bda3cf1522cc0494 1f66e9477f4a452f96ebceff078cafb8 - - eba47cdcf001454d92b9bf2f241a4b09 eba47cdcf001454d92b9bf2f241a4b09] 199.204.45.95 "GET /v2.0/networks/17516e9f-bc28-4f04-ba02-ed59f669572e?fields=provider%3Aphysical_network&fields=provider%3Anetwork_type HTTP/1.1" status: 200 len: 277 time: 0.0636785
2026-07-07 04:52:35.240 9 INFO neutron.plugins.ml2.drivers.ovn.mech_driver.mech_driver [None req-4e5bc2ae-3706-428d-bd8a-a74b8e2d2cf6 - - - - - -] OVN reports status down for port: 89145475-8745-4409-912d-4dea2af70062
2026-07-07 04:52:35.321 9 INFO neutron.wsgi [req-590d9ba5-e79d-4724-b63c-afa5648ef39c req-9fb8e210-6b2f-48c7-aaea-32dae0202631 3ea0a39635114086bda3cf1522cc0494 1f66e9477f4a452f96ebceff078cafb8 - - eba47cdcf001454d92b9bf2f241a4b09 eba47cdcf001454d92b9bf2f241a4b09] 199.204.45.95 "GET /v2.0/ports/89145475-8745-4409-912d-4dea2af70062 HTTP/1.1" status: 200 len: 1231 time: 0.0389159
2026-07-07 04:52:35.402 9 INFO neutron.notifiers.nova [-] Nova event matching ['req-144dc2db-c240-46ce-8337-ceaee84d582f'] response: {'server_uuid': '64810451-3b11-4369-93b1-b007bf07688e', 'name': 'network-vif-unplugged', 'status': 'completed', 'tag': '89145475-8745-4409-912d-4dea2af70062', 'code': 200}
2026-07-07 04:52:35.581 9 INFO neutron.db.ovn_revision_numbers_db [None req-4e5bc2ae-3706-428d-bd8a-a74b8e2d2cf6 - - - - - -] Successfully bumped revision number for resource 89145475-8745-4409-912d-4dea2af70062 (type: ports) to 7
2026-07-07 04:52:35.591 9 ERROR ovsdbapp.backend.ovs_idl.command [None req-4e5bc2ae-3706-428d-bd8a-a74b8e2d2cf6 - - - - - -] Error executing command (LspGetUpCommand): ovsdbapp.backend.ovs_idl.idlutils.RowNotFound: Cannot find Logical_Switch_Port with name=89145475-8745-4409-912d-4dea2af70062
2026-07-07 04:52:35.591 9 ERROR ovsdbapp.backend.ovs_idl.command
Traceback (most recent call last):
2026-07-07 04:52:35.591 9 ERROR ovsdbapp.backend.ovs_idl.command
File "/var/lib/openstack/lib/python3.10/site-packages/ovsdbapp/backend/ovs_idl/command.py", line 47, in execute
2026-07-07 04:52:35.591 9 ERROR ovsdbapp.backend.ovs_idl.command self.run_idl(None)
2026-07-07 04:52:35.591 9 ERROR ovsdbapp.backend.ovs_idl.command
File "/var/lib/openstack/lib/python3.10/site-packages/ovsdbapp/schema/ovn_northbound/commands.py", line 650, in run_idl
2026-07-07 04:52:35.591 9 ERROR ovsdbapp.backend.ovs_idl.command lsp = self.api.lookup('Logical_Switch_Port', self.port)
2026-07-07 04:52:35.591 9 ERROR ovsdbapp.backend.ovs_idl.command
File "/var/lib/openstack/lib/python3.10/site-packages/ovsdbapp/backend/ovs_idl/__init__.py", line 183, in lookup
2026-07-07 04:52:35.591 9 ERROR ovsdbapp.backend.ovs_idl.command return self._lookup(table, record)
2026-07-07 04:52:35.591 9 ERROR ovsdbapp.backend.ovs_idl.command
File "/var/lib/openstack/lib/python3.10/site-packages/ovsdbapp/backend/ovs_idl/__init__.py", line 234, in _lookup
2026-07-07 04:52:35.591 9 ERROR ovsdbapp.backend.ovs_idl.command row = idlutils.row_by_value(self, rl.table, rl.column, record)
2026-07-07 04:52:35.591 9 ERROR ovsdbapp.backend.ovs_idl.command
File "/var/lib/openstack/lib/python3.10/site-packages/ovsdbapp/backend/ovs_idl/idlutils.py", line 114, in row_by_value
2026-07-07 04:52:35.591 9 ERROR ovsdbapp.backend.ovs_idl.command raise RowNotFound(table=table, col=column, match=match)
2026-07-07 04:52:35.591 9 ERROR ovsdbapp.backend.ovs_idl.command ovsdbapp.backend.ovs_idl.idlutils.RowNotFound: Cannot find Logical_Switch_Port with name=89145475-8745-4409-912d-4dea2af70062
2026-07-07 04:52:35.591 9 ERROR ovsdbapp.backend.ovs_idl.command 
2026-07-07 04:52:35.591 9 ERROR ovsdbapp.event [None req-4e5bc2ae-3706-428d-bd8a-a74b8e2d2cf6 - - - - - -] Unexpected exception in notify_loop: ovsdbapp.backend.ovs_idl.idlutils.RowNotFound: Cannot find Logical_Switch_Port with name=89145475-8745-4409-912d-4dea2af70062
2026-07-07 04:52:35.591 9 ERROR ovsdbapp.event
Traceback (most recent call last):
2026-07-07 04:52:35.591 9 ERROR ovsdbapp.event
File "/var/lib/openstack/lib/python3.10/site-packages/ovsdbapp/event.py", line 177, in notify_loop
2026-07-07 04:52:35.591 9 ERROR ovsdbapp.event match.run(event, row, updates)
2026-07-07 04:52:35.591 9 ERROR ovsdbapp.event
File "/var/lib/openstack/lib/python3.10/site-packages/neutron/plugins/ml2/drivers/ovn/mech_driver/ovsdb/ovsdb_monitor.py", line 543, in run
2026-07-07 04:52:35.591 9 ERROR ovsdbapp.event self.driver.set_port_status_down(row.name)
2026-07-07 04:52:35.591 9 ERROR ovsdbapp.event
File "/var/lib/openstack/lib/python3.10/site-packages/neutron/plugins/ml2/drivers/ovn/mech_driver/mech_driver.py", line 1231, in set_port_status_down
2026-07-07 04:52:35.591 9 ERROR ovsdbapp.event self._ovn_client.update_lsp_host_info(
2026-07-07 04:52:35.591 9 ERROR ovsdbapp.event
File "/var/lib/openstack/lib/python3.10/site-packages/neutron/plugins/ml2/drivers/ovn/mech_driver/ovsdb/ovn_client.py", line 297, in update_lsp_host_info
2026-07-07 04:52:35.591 9 ERROR ovsdbapp.event port_up = self._nb_idl.lsp_get_up(db_port.id).execute(
2026-07-07 04:52:35.591 9 ERROR ovsdbapp.event
File "/var/lib/openstack/lib/python3.10/site-packages/ovsdbapp/backend/ovs_idl/command.py", line 47, in execute
2026-07-07 04:52:35.591 9 ERROR ovsdbapp.event self.run_idl(None)
2026-07-07 04:52:35.591 9 ERROR ovsdbapp.event
File "/var/lib/openstack/lib/python3.10/site-packages/ovsdbapp/schema/ovn_northbound/commands.py", line 650, in run_idl
2026-07-07 04:52:35.591 9 ERROR ovsdbapp.event lsp = self.api.lookup('Logical_Switch_Port', self.port)
2026-07-07 04:52:35.591 9 ERROR ovsdbapp.event
File "/var/lib/openstack/lib/python3.10/site-packages/ovsdbapp/backend/ovs_idl/__init__.py", line 183, in lookup
2026-07-07 04:52:35.591 9 ERROR ovsdbapp.event return self._lookup(table, record)
2026-07-07 04:52:35.591 9 ERROR ovsdbapp.event
File "/var/lib/openstack/lib/python3.10/site-packages/ovsdbapp/backend/ovs_idl/__init__.py", line 234, in _lookup
2026-07-07 04:52:35.591 9 ERROR ovsdbapp.event row = idlutils.row_by_value(self, rl.table, rl.column, record)
2026-07-07 04:52:35.591 9 ERROR ovsdbapp.event
File "/var/lib/openstack/lib/python3.10/site-packages/ovsdbapp/backend/ovs_idl/idlutils.py", line 114, in row_by_value
2026-07-07 04:52:35.591 9 ERROR ovsdbapp.event raise RowNotFound(table=table, col=column, match=match)
2026-07-07 04:52:35.591 9 ERROR ovsdbapp.event ovsdbapp.backend.ovs_idl.idlutils.RowNotFound: Cannot find Logical_Switch_Port with name=89145475-8745-4409-912d-4dea2af70062
2026-07-07 04:52:35.591 9 ERROR ovsdbapp.event 
2026-07-07 04:52:35.607 9 INFO neutron.wsgi [req-590d9ba5-e79d-4724-b63c-afa5648ef39c req-d8d95a9f-1863-49c5-a6d7-08421855b8ea 1ca593f1ddd74c7eabab8676647af840 164fa6fa12f64f1fac166893e00fa288 - - default default] 199.204.45.95 "DELETE /v2.0/ports/89145475-8745-4409-912d-4dea2af70062 HTTP/1.1" status: 204 len: 173 time: 0.2815971
2026-07-07 04:52:35.683 9 INFO neutron.wsgi [req-590d9ba5-e79d-4724-b63c-afa5648ef39c req-dc91e711-46dd-430b-b6d7-2df7dd14ef8f 3ea0a39635114086bda3cf1522cc0494 1f66e9477f4a452f96ebceff078cafb8 - - eba47cdcf001454d92b9bf2f241a4b09 eba47cdcf001454d92b9bf2f241a4b09] 199.204.45.95 "GET /v2.0/ports?tenant_id=164fa6fa12f64f1fac166893e00fa288&device_id=64810451-3b11-4369-93b1-b007bf07688e HTTP/1.1" status: 200 len: 2728 time: 0.0288622
2026-07-07 04:52:35.751 9 INFO neutron.wsgi [req-590d9ba5-e79d-4724-b63c-afa5648ef39c req-5dee09f4-7236-4ab0-927e-df54514b6734 3ea0a39635114086bda3cf1522cc0494 1f66e9477f4a452f96ebceff078cafb8 - - eba47cdcf001454d92b9bf2f241a4b09 eba47cdcf001454d92b9bf2f241a4b09] 199.204.45.95 "GET /v2.0/networks?id=3b36a8c3-6e9a-498d-808f-f7b7434df32a&id=75647f02-0dff-4c5d-bac4-aebcfb52a36c&id=17516e9f-bc28-4f04-ba02-ed59f669572e HTTP/1.1" status: 200 len: 2518 time: 0.0601585
2026-07-07 04:52:35.782 9 INFO neutron.wsgi [req-590d9ba5-e79d-4724-b63c-afa5648ef39c req-a33e4736-ff73-49e5-bd91-c510b5e9c27b 3ea0a39635114086bda3cf1522cc0494 1f66e9477f4a452f96ebceff078cafb8 - - eba47cdcf001454d92b9bf2f241a4b09 eba47cdcf001454d92b9bf2f241a4b09] 199.204.45.95 "GET /v2.0/floatingips?fixed_ip_address=172.24.0.130&port_id=0ab8954f-5dfd-4627-984e-d998a11038f6 HTTP/1.1" status: 200 len: 217 time: 0.0238194
2026-07-07 04:52:35.823 9 INFO neutron.wsgi [req-590d9ba5-e79d-4724-b63c-afa5648ef39c req-66397d91-877c-4db7-a6ed-b61076a24515 3ea0a39635114086bda3cf1522cc0494 1f66e9477f4a452f96ebceff078cafb8 - - eba47cdcf001454d92b9bf2f241a4b09 eba47cdcf001454d92b9bf2f241a4b09] 199.204.45.95 "GET /v2.0/subnets?id=9012645b-5ac0-465b-bc7e-52da47f4e043 HTTP/1.1" status: 200 len: 829 time: 0.0333142
2026-07-07 04:52:35.858 9 INFO neutron.wsgi [req-590d9ba5-e79d-4724-b63c-afa5648ef39c req-2b9ae8fc-0b31-4d29-9a89-74b1e3387baf 3ea0a39635114086bda3cf1522cc0494 1f66e9477f4a452f96ebceff078cafb8 - - eba47cdcf001454d92b9bf2f241a4b09 eba47cdcf001454d92b9bf2f241a4b09] 199.204.45.95 "GET /v2.0/ports?network_id=3b36a8c3-6e9a-498d-808f-f7b7434df32a&device_owner=network%3Adhcp HTTP/1.1" status: 200 len: 210 time: 0.0268135
2026-07-07 04:52:35.891 10 INFO neutron.wsgi [-] 10.0.0.39 "GET / HTTP/1.1" status: 200 len: 247 time: 0.0027637
2026-07-07 04:52:35.896 10 INFO neutron.wsgi [-] 10.0.0.39 "GET / HTTP/1.1" status: 200 len: 247 time: 0.0037389
2026-07-07 04:52:35.952 9 INFO neutron.wsgi [req-590d9ba5-e79d-4724-b63c-afa5648ef39c req-60dd8e61-d196-458a-8667-f025dd64fadc 3ea0a39635114086bda3cf1522cc0494 1f66e9477f4a452f96ebceff078cafb8 - - eba47cdcf001454d92b9bf2f241a4b09 eba47cdcf001454d92b9bf2f241a4b09] 199.204.45.95 "GET /v2.0/networks/3b36a8c3-6e9a-498d-808f-f7b7434df32a?fields=segments HTTP/1.1" status: 200 len: 212 time: 0.0844374
2026-07-07 04:52:36.020 9 INFO neutron.wsgi [req-590d9ba5-e79d-4724-b63c-afa5648ef39c req-a88f3567-0e94-484c-9973-f7ffc046ad11 3ea0a39635114086bda3cf1522cc0494 1f66e9477f4a452f96ebceff078cafb8 - - eba47cdcf001454d92b9bf2f241a4b09 eba47cdcf001454d92b9bf2f241a4b09] 199.204.45.95 "GET /v2.0/networks/3b36a8c3-6e9a-498d-808f-f7b7434df32a?fields=provider%3Aphysical_network&fields=provider%3Anetwork_type HTTP/1.1" status: 200 len: 277 time: 0.0604596
2026-07-07 04:52:36.047 9 INFO neutron.wsgi [req-590d9ba5-e79d-4724-b63c-afa5648ef39c req-1627a858-6a86-4422-980e-1d5b3b8f16b6 3ea0a39635114086bda3cf1522cc0494 1f66e9477f4a452f96ebceff078cafb8 - - eba47cdcf001454d92b9bf2f241a4b09 eba47cdcf001454d92b9bf2f241a4b09] 199.204.45.95 "GET /v2.0/floatingips?fixed_ip_address=10.1.1.241&port_id=35bbc0ab-28d7-4470-a26e-8ae07457c546 HTTP/1.1" status: 200 len: 217 time: 0.0221961
2026-07-07 04:52:36.054 10 INFO neutron.wsgi [None req-c1e4d261-ffc8-4f2a-bf5d-090e780e40e1 1ca593f1ddd74c7eabab8676647af840 164fa6fa12f64f1fac166893e00fa288 - - default default] 199.204.45.95 "GET /v2.0/ports?device_id=64810451-3b11-4369-93b1-b007bf07688e HTTP/1.1" status: 200 len: 2728 time: 0.0371385
2026-07-07 04:52:36.073 10 INFO neutron.pecan_wsgi.hooks.translation [None req-6fd29307-9c93-4106-9162-19db16c9800f 1ca593f1ddd74c7eabab8676647af840 164fa6fa12f64f1fac166893e00fa288 - - default default] DELETE failed (client error): The resource could not be found.
2026-07-07 04:52:36.075 10 INFO neutron.wsgi [None req-6fd29307-9c93-4106-9162-19db16c9800f 1ca593f1ddd74c7eabab8676647af840 164fa6fa12f64f1fac166893e00fa288 - - default default] 199.204.45.95 "DELETE /v2.0/ports/89145475-8745-4409-912d-4dea2af70062 HTTP/1.1" status: 404 len: 338 time: 0.0149443
2026-07-07 04:52:36.084 9 INFO neutron.wsgi [req-590d9ba5-e79d-4724-b63c-afa5648ef39c req-b3ff6f82-7760-46b2-b117-2d2dfed319c0 3ea0a39635114086bda3cf1522cc0494 1f66e9477f4a452f96ebceff078cafb8 - - eba47cdcf001454d92b9bf2f241a4b09 eba47cdcf001454d92b9bf2f241a4b09] 199.204.45.95 "GET /v2.0/subnets?id=4822f5bd-0c48-47cb-a86a-a490ce8c40f4 HTTP/1.1" status: 200 len: 853 time: 0.0304263
2026-07-07 04:52:36.106 9 INFO neutron.wsgi [req-590d9ba5-e79d-4724-b63c-afa5648ef39c req-b15ba00b-e858-4e2c-b563-832c44cd27ad 3ea0a39635114086bda3cf1522cc0494 1f66e9477f4a452f96ebceff078cafb8 - - eba47cdcf001454d92b9bf2f241a4b09 eba47cdcf001454d92b9bf2f241a4b09] 199.204.45.95 "GET /v2.0/ports?network_id=75647f02-0dff-4c5d-bac4-aebcfb52a36c&device_owner=network%3Adhcp HTTP/1.1" status: 200 len: 210 time: 0.0177300
2026-07-07 04:52:36.136 10 INFO neutron.wsgi [None req-485a4753-0416-4e7c-93f6-0098504b2a14 1ca593f1ddd74c7eabab8676647af840 164fa6fa12f64f1fac166893e00fa288 - - default default] 199.204.45.95 "GET /v2.0/extensions/security-group HTTP/1.1" status: 200 len: 369 time: 0.0068498
2026-07-07 04:52:36.144 10 INFO neutron.wsgi [None req-7d35ff10-e703-454c-ae60-f58c09e5ba72 1ca593f1ddd74c7eabab8676647af840 164fa6fa12f64f1fac166893e00fa288 - - default default] 199.204.45.95 "GET /v2.0/extensions/dns-integration HTTP/1.1" status: 200 len: 371 time: 0.0039861
2026-07-07 04:52:36.152 10 INFO neutron.wsgi [None req-a4902a76-a4c9-49eb-999c-a3cd754737cc 1ca593f1ddd74c7eabab8676647af840 164fa6fa12f64f1fac166893e00fa288 - - default default] 199.204.45.95 "GET /v2.0/extensions/qos HTTP/1.1" status: 200 len: 365 time: 0.0042076
2026-07-07 04:52:36.161 10 INFO neutron.wsgi [None req-523aacca-cff3-44d5-9489-8c7c647e464f 1ca593f1ddd74c7eabab8676647af840 164fa6fa12f64f1fac166893e00fa288 - - default default] 199.204.45.95 "GET /v2.0/extensions/allowed-address-pairs HTTP/1.1" status: 200 len: 383 time: 0.0042341
2026-07-07 04:52:36.171 9 INFO neutron.wsgi [req-590d9ba5-e79d-4724-b63c-afa5648ef39c req-c9012e85-2691-420b-b347-a975b86474c9 3ea0a39635114086bda3cf1522cc0494 1f66e9477f4a452f96ebceff078cafb8 - - eba47cdcf001454d92b9bf2f241a4b09 eba47cdcf001454d92b9bf2f241a4b09] 199.204.45.95 "GET /v2.0/networks/75647f02-0dff-4c5d-bac4-aebcfb52a36c?fields=segments HTTP/1.1" status: 200 len: 212 time: 0.0562854
2026-07-07 04:52:36.191 10 INFO neutron.wsgi [None req-2af3e365-10b2-4384-8265-ab20dbb2b6ff 1ca593f1ddd74c7eabab8676647af840 164fa6fa12f64f1fac166893e00fa288 - - default default] 199.204.45.95 "GET /v2.0/subnets/4822f5bd-0c48-47cb-a86a-a490ce8c40f4 HTTP/1.1" status: 200 len: 850 time: 0.0237758
2026-07-07 04:52:36.222 10 INFO neutron.wsgi [None req-4a69f93e-f426-49ea-a3ee-e51bbf49e6eb 1ca593f1ddd74c7eabab8676647af840 164fa6fa12f64f1fac166893e00fa288 - - default default] 199.204.45.95 "GET /v2.0/ports/bcd01945-b19d-4997-9049-b5dbd760c277 HTTP/1.1" status: 200 len: 1340 time: 0.0246921
2026-07-07 04:52:36.239 9 INFO neutron.wsgi [req-590d9ba5-e79d-4724-b63c-afa5648ef39c req-537399bc-99cd-48e5-a259-d80c37123301 3ea0a39635114086bda3cf1522cc0494 1f66e9477f4a452f96ebceff078cafb8 - - eba47cdcf001454d92b9bf2f241a4b09 eba47cdcf001454d92b9bf2f241a4b09] 199.204.45.95 "GET /v2.0/networks/75647f02-0dff-4c5d-bac4-aebcfb52a36c?fields=provider%3Aphysical_network&fields=provider%3Anetwork_type HTTP/1.1" status: 200 len: 277 time: 0.0594335
2026-07-07 04:52:36.255 10 INFO neutron.wsgi [None req-d592a66e-cdb3-4467-ac9d-c60b4f990c86 1ca593f1ddd74c7eabab8676647af840 164fa6fa12f64f1fac166893e00fa288 - - default default] 199.204.45.95 "GET /v2.0/ports/35bbc0ab-28d7-4470-a26e-8ae07457c546 HTTP/1.1" status: 200 len: 1519 time: 0.0253789
2026-07-07 04:52:36.288 10 INFO neutron.wsgi [None req-ccffe47f-877b-4ed5-acde-af4027424e21 1ca593f1ddd74c7eabab8676647af840 164fa6fa12f64f1fac166893e00fa288 - - default default] 199.204.45.95 "GET /v2.0/subnets/4822f5bd-0c48-47cb-a86a-a490ce8c40f4 HTTP/1.1" status: 200 len: 850 time: 0.0280943
2026-07-07 04:52:36.341 10 INFO neutron.wsgi [None req-f99b9417-3daf-4cc6-b0bc-18b558974e7b 1ca593f1ddd74c7eabab8676647af840 164fa6fa12f64f1fac166893e00fa288 - - default default] 199.204.45.95 "GET /v2.0/networks/75647f02-0dff-4c5d-bac4-aebcfb52a36c HTTP/1.1" status: 200 len: 1001 time: 0.0464544
2026-07-07 04:52:36.384 10 INFO neutron.wsgi [None req-08b6114a-1f2a-463d-bf90-d5b12b039a36 1ca593f1ddd74c7eabab8676647af840 164fa6fa12f64f1fac166893e00fa288 - - default default] 199.204.45.95 "GET /v2.0/ports/bcd01945-b19d-4997-9049-b5dbd760c277 HTTP/1.1" status: 200 len: 1340 time: 0.0356162
2026-07-07 04:52:36.427 10 INFO neutron.wsgi [None req-585c1d83-6efe-4e18-8dd7-6931d251c424 1ca593f1ddd74c7eabab8676647af840 164fa6fa12f64f1fac166893e00fa288 - - default default] 199.204.45.95 "GET /v2.0/subnets/4822f5bd-0c48-47cb-a86a-a490ce8c40f4 HTTP/1.1" status: 200 len: 850 time: 0.0359704
2026-07-07 04:52:37.440 9 INFO neutron.notifiers.nova [-] Nova event matching ['req-957b70c8-8178-43fe-ae44-8b66cca0c054'] response: {'server_uuid': '64810451-3b11-4369-93b1-b007bf07688e', 'name': 'network-vif-plugged', 'status': 'completed', 'tag': '89145475-8745-4409-912d-4dea2af70062', 'code': 200}
2026-07-07 04:52:37.440 9 INFO neutron.notifiers.nova [-] Nova event matching ['req-957b70c8-8178-43fe-ae44-8b66cca0c054'] response: {'server_uuid': '64810451-3b11-4369-93b1-b007bf07688e', 'name': 'network-vif-deleted', 'tag': '89145475-8745-4409-912d-4dea2af70062', 'status': 'completed', 'code': 200}
2026-07-07 04:52:45.426 10 INFO neutron.wsgi [None req-ef9adb4f-f6b7-40a9-9d63-aec1d99d451b 1ca593f1ddd74c7eabab8676647af840 164fa6fa12f64f1fac166893e00fa288 - - default default] 199.204.45.95 "GET /v2.0/extensions/security-group HTTP/1.1" status: 200 len: 369 time: 0.0065331
2026-07-07 04:52:45.443 10 INFO neutron.wsgi [None req-5e9cfaad-b7cb-4eea-b370-c2aa218a1239 1ca593f1ddd74c7eabab8676647af840 164fa6fa12f64f1fac166893e00fa288 - - default default] 199.204.45.95 "GET /v2.0/extensions/dns-integration HTTP/1.1" status: 200 len: 371 time: 0.0105348
2026-07-07 04:52:45.451 10 INFO neutron.wsgi [None req-e728a54a-6a85-4b44-b0e9-a435c455b1fe 1ca593f1ddd74c7eabab8676647af840 164fa6fa12f64f1fac166893e00fa288 - - default default] 199.204.45.95 "GET /v2.0/extensions/qos HTTP/1.1" status: 200 len: 365 time: 0.0042686
2026-07-07 04:52:45.462 10 INFO neutron.wsgi [None req-401405f6-66e2-4343-884b-64c8b443f9b9 1ca593f1ddd74c7eabab8676647af840 164fa6fa12f64f1fac166893e00fa288 - - default default] 199.204.45.95 "GET /v2.0/extensions/allowed-address-pairs HTTP/1.1" status: 200 len: 383 time: 0.0055220
2026-07-07 04:52:45.503 10 INFO neutron.wsgi [None req-88553ec9-6b79-43ba-87af-02efb53cea26 1ca593f1ddd74c7eabab8676647af840 164fa6fa12f64f1fac166893e00fa288 - - default default] 199.204.45.95 "GET /v2.0/security-groups?name=lb-2a7204e2-a081-4c94-8572-36a81c177065 HTTP/1.1" status: 200 len: 2941 time: 0.0347791
2026-07-07 04:52:45.537 10 INFO neutron.wsgi [None req-50bdf4c3-5831-4cd2-9b6c-962dad398d9a 1ca593f1ddd74c7eabab8676647af840 164fa6fa12f64f1fac166893e00fa288 - - default default] 199.204.45.95 "GET /v2.0/security-group-rules?security_group_id=533a7214-7b99-4575-b958-a5a1a2680396 HTTP/1.1" status: 200 len: 2406 time: 0.0282583
2026-07-07 04:52:45.669 10 INFO neutron.wsgi [None req-bb58c82e-b124-403a-bed7-f47144bf9c36 1ca593f1ddd74c7eabab8676647af840 164fa6fa12f64f1fac166893e00fa288 - - default default] 199.204.45.95 "DELETE /v2.0/security-group-rules/26af84af-1630-4911-9e1a-7b1365966e0e HTTP/1.1" status: 204 len: 173 time: 0.1253972
2026-07-07 04:52:45.780 10 INFO neutron.wsgi [None req-e6a4a0c8-b282-4ba2-8008-798549dc9ff8 1ca593f1ddd74c7eabab8676647af840 164fa6fa12f64f1fac166893e00fa288 - - default default] 199.204.45.95 "DELETE /v2.0/security-group-rules/5672b9a3-0a6e-4039-b2af-ab039a54a2fb HTTP/1.1" status: 204 len: 173 time: 0.1040483
2026-07-07 04:52:50.253 9 INFO neutron.db.l3_db [None req-7234bf40-a23e-476d-8400-8d0ad7e01366 7216d0b82d6040dc834b75e9c75385ac 74d31879eaf849daa66e2287d7953d08 - - default default] Floating IP 1cdc0f40-7f7a-4bef-96ff-1226d030b66b disassociated (deleted). External IP: 10.96.250.213, port: bcd01945-b19d-4997-9049-b5dbd760c277.
2026-07-07 04:52:50.337 9 INFO neutron.wsgi [None req-7234bf40-a23e-476d-8400-8d0ad7e01366 7216d0b82d6040dc834b75e9c75385ac 74d31879eaf849daa66e2287d7953d08 - - default default] 10.0.0.19 "DELETE /v2.0/floatingips/1cdc0f40-7f7a-4bef-96ff-1226d030b66b HTTP/1.1" status: 204 len: 168 time: 0.5703993
2026-07-07 04:52:50.365 10 INFO neutron.api.v2.resource [None req-ce919d6e-9b31-4e03-aae2-3283cc7ad2a1 7216d0b82d6040dc834b75e9c75385ac 74d31879eaf849daa66e2287d7953d08 - - default default] show failed (client error): The resource could not be found.
2026-07-07 04:52:50.367 10 INFO neutron.wsgi [None req-ce919d6e-9b31-4e03-aae2-3283cc7ad2a1 7216d0b82d6040dc834b75e9c75385ac 74d31879eaf849daa66e2287d7953d08 - - default default] 10.0.0.19 "GET /v2.0/floatingips/1cdc0f40-7f7a-4bef-96ff-1226d030b66b HTTP/1.1" status: 404 len: 345 time: 0.0246868
2026-07-07 04:52:50.708 10 INFO neutron.wsgi [None req-df072833-174e-4e32-beaf-09c305ae9b73 1ca593f1ddd74c7eabab8676647af840 164fa6fa12f64f1fac166893e00fa288 - - default default] 199.204.45.95 "GET /v2.0/extensions/security-group HTTP/1.1" status: 200 len: 369 time: 0.0093884
2026-07-07 04:52:50.716 10 INFO neutron.wsgi [None req-c364ade8-78fb-4bf1-8c86-14b7e48cd92d 1ca593f1ddd74c7eabab8676647af840 164fa6fa12f64f1fac166893e00fa288 - - default default] 199.204.45.95 "GET /v2.0/extensions/dns-integration HTTP/1.1" status: 200 len: 371 time: 0.0036242
2026-07-07 04:52:50.725 10 INFO neutron.wsgi [None req-38b36af2-22d8-4e9a-b83d-071b0ab2226d 1ca593f1ddd74c7eabab8676647af840 164fa6fa12f64f1fac166893e00fa288 - - default default] 199.204.45.95 "GET /v2.0/extensions/qos HTTP/1.1" status: 200 len: 365 time: 0.0043654
2026-07-07 04:52:50.739 10 INFO neutron.wsgi [None req-f7ee10d1-2458-4c0c-8412-aeddf80df095 1ca593f1ddd74c7eabab8676647af840 164fa6fa12f64f1fac166893e00fa288 - - default default] 199.204.45.95 "GET /v2.0/extensions/allowed-address-pairs HTTP/1.1" status: 200 len: 383 time: 0.0092742
2026-07-07 04:52:50.784 10 INFO neutron.wsgi [None req-cbd1cf02-9c1a-49a3-86c1-4151c65c1fa2 1ca593f1ddd74c7eabab8676647af840 164fa6fa12f64f1fac166893e00fa288 - - default default] 199.204.45.95 "GET /v2.0/subnets/4822f5bd-0c48-47cb-a86a-a490ce8c40f4 HTTP/1.1" status: 200 len: 850 time: 0.0361094
2026-07-07 04:52:50.834 10 INFO neutron.wsgi [None req-85ba87fe-2289-4c9e-8b18-0d1d0df69cfc 1ca593f1ddd74c7eabab8676647af840 164fa6fa12f64f1fac166893e00fa288 - - default default] 199.204.45.95 "GET /v2.0/ports?device_id=64810451-3b11-4369-93b1-b007bf07688e HTTP/1.1" status: 200 len: 2728 time: 0.0421712
2026-07-07 04:52:50.880 10 INFO neutron.wsgi [None req-ba2b0511-2eaa-4dbf-80bb-598f2b8bd5f3 1ca593f1ddd74c7eabab8676647af840 164fa6fa12f64f1fac166893e00fa288 - - default default] 199.204.45.95 "GET /v2.0/ports?device_id=64810451-3b11-4369-93b1-b007bf07688e HTTP/1.1" status: 200 len: 2728 time: 0.0374644
2026-07-07 04:52:50.890 9 INFO neutron.wsgi [-] 10.0.0.39 "GET / HTTP/1.1" status: 200 len: 247 time: 0.0027280
2026-07-07 04:52:50.893 9 INFO neutron.wsgi [-] 10.0.0.39 "GET / HTTP/1.1" status: 200 len: 247 time: 0.0023749
2026-07-07 04:52:51.015 10 INFO neutron.wsgi [None req-0356dae8-c9e3-400a-8f6d-75a85e92a389 1ca593f1ddd74c7eabab8676647af840 164fa6fa12f64f1fac166893e00fa288 - - default default] 199.204.45.95 "GET /v2.0/ports?device_id=64810451-3b11-4369-93b1-b007bf07688e HTTP/1.1" status: 200 len: 2728 time: 0.0400677
2026-07-07 04:52:51.270 9 INFO neutron.plugins.ml2.drivers.ovn.mech_driver.mech_driver [None req-4e5bc2ae-3706-428d-bd8a-a74b8e2d2cf6 - - - - - -] OVN reports status down for port: bcd01945-b19d-4997-9049-b5dbd760c277
2026-07-07 04:52:51.270 10 INFO neutron.plugins.ml2.drivers.ovn.mech_driver.mech_driver [None req-bd58489d-bbb0-4062-a0f1-0a7f46828024 - - - - - -] OVN reports status down for port: 35bbc0ab-28d7-4470-a26e-8ae07457c546 /var/lib/openstack/lib/python3.10/site-packages/pycadf/identifier.py:71: UserWarning: Invalid uuid: neutron. To ensure interoperability, identifiers should be a valid uuid. warnings.warn(('Invalid uuid: %s. To ensure interoperability, '
2026-07-07 04:52:51.362 9 INFO neutron.wsgi [req-84fb16a8-bab0-4ce0-9b69-224e62069649 req-185dccdb-22a8-4159-80ff-595c6eea69d4 3ea0a39635114086bda3cf1522cc0494 1f66e9477f4a452f96ebceff078cafb8 - - eba47cdcf001454d92b9bf2f241a4b09 eba47cdcf001454d92b9bf2f241a4b09] 199.204.45.95 "GET /v2.0/ports/35bbc0ab-28d7-4470-a26e-8ae07457c546 HTTP/1.1" status: 200 len: 1519 time: 0.0478814
2026-07-07 04:52:51.407 9 INFO neutron.wsgi [req-84fb16a8-bab0-4ce0-9b69-224e62069649 req-21db4bb0-1760-410d-a9c2-6c4c1feb2b0c 1ca593f1ddd74c7eabab8676647af840 164fa6fa12f64f1fac166893e00fa288 - - default default] 199.204.45.95 "GET /v2.0/ports/35bbc0ab-28d7-4470-a26e-8ae07457c546?fields=binding%3Aprofile&fields=network_id HTTP/1.1" status: 200 len: 281 time: 0.0386240
2026-07-07 04:52:51.440 10 INFO neutron.db.ovn_revision_numbers_db [None req-f344ae17-981a-4643-ba73-168d3bb5dd68 - - - - - -] Successfully bumped revision number for resource bcd01945-b19d-4997-9049-b5dbd760c277 (type: ports) to 6
2026-07-07 04:52:51.449 10 INFO neutron.notifiers.nova [-] Nova event matching ['req-2346acdf-d73c-422d-8b42-fa2007a50ce6'] response: {'server_uuid': '64810451-3b11-4369-93b1-b007bf07688e', 'name': 'network-vif-unplugged', 'status': 'completed', 'tag': '35bbc0ab-28d7-4470-a26e-8ae07457c546', 'code': 200}
2026-07-07 04:52:51.473 9 INFO neutron.wsgi [req-84fb16a8-bab0-4ce0-9b69-224e62069649 req-ec0eb0cf-1c84-4d0d-9604-347a0a82ed9a 1ca593f1ddd74c7eabab8676647af840 164fa6fa12f64f1fac166893e00fa288 - - default default] 199.204.45.95 "GET /v2.0/networks/75647f02-0dff-4c5d-bac4-aebcfb52a36c?fields=dns_domain HTTP/1.1" status: 200 len: 227 time: 0.0617669
2026-07-07 04:52:51.600 10 INFO neutron.db.ovn_revision_numbers_db [None req-bd58489d-bbb0-4062-a0f1-0a7f46828024 - - - - - -] Successfully bumped revision number for resource 35bbc0ab-28d7-4470-a26e-8ae07457c546 (type: ports) to 7 /var/lib/openstack/lib/python3.10/site-packages/pycadf/identifier.py:71: UserWarning: Invalid uuid: neutron. To ensure interoperability, identifiers should be a valid uuid. warnings.warn(('Invalid uuid: %s. To ensure interoperability, '
2026-07-07 04:52:52.059 10 INFO neutron.wsgi [None req-489a2483-4976-44da-89a2-b07f1a3d9c91 1ca593f1ddd74c7eabab8676647af840 164fa6fa12f64f1fac166893e00fa288 - - default default] 199.204.45.95 "GET /v2.0/ports?device_id=64810451-3b11-4369-93b1-b007bf07688e HTTP/1.1" status: 200 len: 1417 time: 0.0386002
2026-07-07 04:52:52.131 9 INFO neutron.db.ovn_revision_numbers_db [req-84fb16a8-bab0-4ce0-9b69-224e62069649 req-d5f62fa3-4c4c-4e4d-9ae3-86a2f8941b8c 3ea0a39635114086bda3cf1522cc0494 1f66e9477f4a452f96ebceff078cafb8 - - eba47cdcf001454d92b9bf2f241a4b09 eba47cdcf001454d92b9bf2f241a4b09] Successfully bumped revision number for resource 35bbc0ab-28d7-4470-a26e-8ae07457c546 (type: ports) to 8
2026-07-07 04:52:52.144 9 INFO neutron.wsgi [req-84fb16a8-bab0-4ce0-9b69-224e62069649 req-d5f62fa3-4c4c-4e4d-9ae3-86a2f8941b8c 3ea0a39635114086bda3cf1522cc0494 1f66e9477f4a452f96ebceff078cafb8 - - eba47cdcf001454d92b9bf2f241a4b09 eba47cdcf001454d92b9bf2f241a4b09] 199.204.45.95 "PUT /v2.0/ports/35bbc0ab-28d7-4470-a26e-8ae07457c546 HTTP/1.1" status: 200 len: 1351 time: 0.6629460 /var/lib/openstack/lib/python3.10/site-packages/pycadf/identifier.py:71: UserWarning: Invalid uuid: neutron. To ensure interoperability, identifiers should be a valid uuid. warnings.warn(('Invalid uuid: %s. To ensure interoperability, '
2026-07-07 04:52:52.229 9 INFO neutron.wsgi [req-84fb16a8-bab0-4ce0-9b69-224e62069649 req-6cc55388-b020-47da-b9fc-e048fd2c1ff2 3ea0a39635114086bda3cf1522cc0494 1f66e9477f4a452f96ebceff078cafb8 - - eba47cdcf001454d92b9bf2f241a4b09 eba47cdcf001454d92b9bf2f241a4b09] 199.204.45.95 "GET /v2.0/ports?tenant_id=164fa6fa12f64f1fac166893e00fa288&device_id=64810451-3b11-4369-93b1-b007bf07688e HTTP/1.1" status: 200 len: 1417 time: 0.0389690
2026-07-07 04:52:52.302 9 INFO neutron.wsgi [req-84fb16a8-bab0-4ce0-9b69-224e62069649 req-5d1997d1-d598-4a79-b840-c50342c73d28 3ea0a39635114086bda3cf1522cc0494 1f66e9477f4a452f96ebceff078cafb8 - - eba47cdcf001454d92b9bf2f241a4b09 eba47cdcf001454d92b9bf2f241a4b09] 199.204.45.95 "GET /v2.0/networks?id=3b36a8c3-6e9a-498d-808f-f7b7434df32a&id=75647f02-0dff-4c5d-bac4-aebcfb52a36c HTTP/1.1" status: 200 len: 1728 time: 0.0676730
2026-07-07 04:52:52.334 9 INFO neutron.wsgi [req-84fb16a8-bab0-4ce0-9b69-224e62069649 req-8fb07498-a92a-4ad9-b26c-a6aa31fbf885 3ea0a39635114086bda3cf1522cc0494 1f66e9477f4a452f96ebceff078cafb8 - - eba47cdcf001454d92b9bf2f241a4b09 eba47cdcf001454d92b9bf2f241a4b09] 199.204.45.95 "GET /v2.0/floatingips?fixed_ip_address=172.24.0.130&port_id=0ab8954f-5dfd-4627-984e-d998a11038f6 HTTP/1.1" status: 200 len: 217 time: 0.0241818
2026-07-07 04:52:52.370 9 INFO neutron.wsgi [req-84fb16a8-bab0-4ce0-9b69-224e62069649 req-b7069186-c77c-493a-8b5e-0211345eb672 3ea0a39635114086bda3cf1522cc0494 1f66e9477f4a452f96ebceff078cafb8 - - eba47cdcf001454d92b9bf2f241a4b09 eba47cdcf001454d92b9bf2f241a4b09] 199.204.45.95 "GET /v2.0/subnets?id=9012645b-5ac0-465b-bc7e-52da47f4e043 HTTP/1.1" status: 200 len: 829 time: 0.0292447
2026-07-07 04:52:52.400 9 INFO neutron.wsgi [req-84fb16a8-bab0-4ce0-9b69-224e62069649 req-39836bb3-9699-42a7-bf82-067b403cef8b 3ea0a39635114086bda3cf1522cc0494 1f66e9477f4a452f96ebceff078cafb8 - - eba47cdcf001454d92b9bf2f241a4b09 eba47cdcf001454d92b9bf2f241a4b09] 199.204.45.95 "GET /v2.0/ports?network_id=3b36a8c3-6e9a-498d-808f-f7b7434df32a&device_owner=network%3Adhcp HTTP/1.1" status: 200 len: 210 time: 0.0230615
2026-07-07 04:52:52.426 10 INFO neutron.db.ovn_revision_numbers_db [None req-0f010e22-dabc-477a-a884-9ad4e9eb3af4 1ca593f1ddd74c7eabab8676647af840 164fa6fa12f64f1fac166893e00fa288 - - default default] Successfully bumped revision number for resource 35bbc0ab-28d7-4470-a26e-8ae07457c546 (type: ports) to 9
2026-07-07 04:52:52.469 10 INFO neutron.wsgi [None req-0f010e22-dabc-477a-a884-9ad4e9eb3af4 1ca593f1ddd74c7eabab8676647af840 164fa6fa12f64f1fac166893e00fa288 - - default default] 199.204.45.95 "PUT /v2.0/ports/35bbc0ab-28d7-4470-a26e-8ae07457c546 HTTP/1.1" status: 200 len: 1290 time: 0.4033399
2026-07-07 04:52:52.476 9 INFO neutron.wsgi [req-84fb16a8-bab0-4ce0-9b69-224e62069649 req-e9c19ccd-6bc5-4521-b476-e7d06e95c481 3ea0a39635114086bda3cf1522cc0494 1f66e9477f4a452f96ebceff078cafb8 - - eba47cdcf001454d92b9bf2f241a4b09 eba47cdcf001454d92b9bf2f241a4b09] 199.204.45.95 "GET /v2.0/networks/3b36a8c3-6e9a-498d-808f-f7b7434df32a?fields=segments HTTP/1.1" status: 200 len: 212 time: 0.0698333 /var/lib/openstack/lib/python3.10/site-packages/pycadf/identifier.py:71: UserWarning: Invalid uuid: neutron. To ensure interoperability, identifiers should be a valid uuid. warnings.warn(('Invalid uuid: %s. To ensure interoperability, '
2026-07-07 04:52:52.520 10 INFO neutron.wsgi [None req-57975d7a-2773-4f3b-958a-70e93ead97b8 1ca593f1ddd74c7eabab8676647af840 164fa6fa12f64f1fac166893e00fa288 - - default default] 199.204.45.95 "GET /v2.0/ports/35bbc0ab-28d7-4470-a26e-8ae07457c546 HTTP/1.1" status: 200 len: 1290 time: 0.0437651
2026-07-07 04:52:52.551 9 INFO neutron.wsgi [req-84fb16a8-bab0-4ce0-9b69-224e62069649 req-9eff37fc-2673-4b89-a0f6-9a2cc2b7f70a 3ea0a39635114086bda3cf1522cc0494 1f66e9477f4a452f96ebceff078cafb8 - - eba47cdcf001454d92b9bf2f241a4b09 eba47cdcf001454d92b9bf2f241a4b09] 199.204.45.95 "GET /v2.0/networks/3b36a8c3-6e9a-498d-808f-f7b7434df32a?fields=provider%3Aphysical_network&fields=provider%3Anetwork_type HTTP/1.1" status: 200 len: 277 time: 0.0644205
2026-07-07 04:52:52.576 10 INFO neutron.db.ovn_revision_numbers_db [None req-f344ae17-981a-4643-ba73-168d3bb5dd68 - - - - - -] Successfully bumped revision number for resource bcd01945-b19d-4997-9049-b5dbd760c277 (type: ports) to 8
2026-07-07 04:52:52.885 10 INFO neutron.wsgi [None req-55983476-aec5-4a11-a69a-5cc1b1620dfa 1ca593f1ddd74c7eabab8676647af840 164fa6fa12f64f1fac166893e00fa288 - - default default] 199.204.45.95 "DELETE /v2.0/ports/35bbc0ab-28d7-4470-a26e-8ae07457c546 HTTP/1.1" status: 204 len: 173 time: 0.3592548
2026-07-07 04:52:52.928 10 INFO neutron.wsgi [None req-7171c22d-6d62-4a3f-aa6a-e8d3b8e3633f 1ca593f1ddd74c7eabab8676647af840 164fa6fa12f64f1fac166893e00fa288 - - default default] 199.204.45.95 "GET /v2.0/extensions/security-group HTTP/1.1" status: 200 len: 369 time: 0.0063517
2026-07-07 04:52:52.943 10 INFO neutron.wsgi [None req-33b0721f-e855-4312-9efd-384c0ae35a06 1ca593f1ddd74c7eabab8676647af840 164fa6fa12f64f1fac166893e00fa288 - - default default] 199.204.45.95 "GET /v2.0/extensions/dns-integration HTTP/1.1" status: 200 len: 371 time: 0.0066607
2026-07-07 04:52:52.952 10 INFO neutron.wsgi [None req-e6bdc308-def4-424d-b9e3-aaee5d6b925a 1ca593f1ddd74c7eabab8676647af840 164fa6fa12f64f1fac166893e00fa288 - - default default] 199.204.45.95 "GET /v2.0/extensions/qos HTTP/1.1" status: 200 len: 365 time: 0.0053432
2026-07-07 04:52:52.963 10 INFO neutron.wsgi [None req-bf255a1e-2d79-43fe-9800-a0def5ab76b5 1ca593f1ddd74c7eabab8676647af840 164fa6fa12f64f1fac166893e00fa288 - - default default] 199.204.45.95 "GET /v2.0/extensions/allowed-address-pairs HTTP/1.1" status: 200 len: 383 time: 0.0059452
2026-07-07 04:52:53.225 10 INFO neutron.pecan_wsgi.hooks.translation [None req-105e9cd7-0b1f-4051-bd96-70c0e402b2d5 1ca593f1ddd74c7eabab8676647af840 164fa6fa12f64f1fac166893e00fa288 - - default default] DELETE failed (client error): The resource could not be found.
2026-07-07 04:52:53.227 10 INFO neutron.wsgi [None req-105e9cd7-0b1f-4051-bd96-70c0e402b2d5 1ca593f1ddd74c7eabab8676647af840 164fa6fa12f64f1fac166893e00fa288 - - default default] 199.204.45.95 "DELETE /v2.0/ports/35bbc0ab-28d7-4470-a26e-8ae07457c546 HTTP/1.1" status: 404 len: 338 time: 0.2574849
2026-07-07 04:52:53.258 10 INFO neutron.wsgi [None req-f0b7ce21-75f7-4107-aa3b-4c9317ceabe5 1ca593f1ddd74c7eabab8676647af840 164fa6fa12f64f1fac166893e00fa288 - - default default] 199.204.45.95 "GET /v2.0/ports/bcd01945-b19d-4997-9049-b5dbd760c277 HTTP/1.1" status: 200 len: 1332 time: 0.0237739
2026-07-07 04:52:53.298 10 INFO neutron.wsgi [None req-556c1089-ba52-4595-8b7b-849c20629fdb 1ca593f1ddd74c7eabab8676647af840 164fa6fa12f64f1fac166893e00fa288 - - default default] 199.204.45.95 "GET /v2.0/security-groups?name=lb-2a7204e2-a081-4c94-8572-36a81c177065 HTTP/1.1" status: 200 len: 1777 time: 0.0329323
2026-07-07 04:52:53.330 10 INFO neutron.wsgi [None req-1adf8edd-b75a-4b3b-b365-4c48e590e712 1ca593f1ddd74c7eabab8676647af840 164fa6fa12f64f1fac166893e00fa288 - - default default] 199.204.45.95 "GET /v2.0/ports/bcd01945-b19d-4997-9049-b5dbd760c277 HTTP/1.1" status: 200 len: 1332 time: 0.0254879
2026-07-07 04:52:53.498 10 INFO neutron.notifiers.nova [-] Nova event matching ['req-37918a4c-638a-4740-9167-aa756b5c9ae9'] response: {'server_uuid': '64810451-3b11-4369-93b1-b007bf07688e', 'name': 'network-vif-plugged', 'status': 'completed', 'tag': '35bbc0ab-28d7-4470-a26e-8ae07457c546', 'code': 200}
2026-07-07 04:52:53.730 10 INFO neutron.db.ovn_revision_numbers_db [None req-7668947f-7223-49d8-8df5-8d2d2c93643b 1ca593f1ddd74c7eabab8676647af840 164fa6fa12f64f1fac166893e00fa288 - - default default] Successfully bumped revision number for resource bcd01945-b19d-4997-9049-b5dbd760c277 (type: ports) to 9
2026-07-07 04:52:53.743 10 INFO neutron.wsgi [None req-7668947f-7223-49d8-8df5-8d2d2c93643b 1ca593f1ddd74c7eabab8676647af840 164fa6fa12f64f1fac166893e00fa288 - - default default] 199.204.45.95 "PUT /v2.0/ports/bcd01945-b19d-4997-9049-b5dbd760c277 HTTP/1.1" status: 200 len: 1294 time: 0.4069965
2026-07-07 04:52:53.871 10 INFO neutron.wsgi [None req-82ea1b05-35c1-44e6-a301-9ce68515c8dd 1ca593f1ddd74c7eabab8676647af840 164fa6fa12f64f1fac166893e00fa288 - - default default] 199.204.45.95 "DELETE /v2.0/security-groups/533a7214-7b99-4575-b958-a5a1a2680396 HTTP/1.1" status: 204 len: 173 time: 0.1213303
2026-07-07 04:52:54.195 10 INFO neutron.wsgi [None req-4f28bd91-087c-433c-b72c-2efa96e0e394 1ca593f1ddd74c7eabab8676647af840 164fa6fa12f64f1fac166893e00fa288 - - default default] 199.204.45.95 "DELETE /v2.0/ports/bcd01945-b19d-4997-9049-b5dbd760c277 HTTP/1.1" status: 204 len: 173 time: 0.3169863
2026-07-07 04:52:54.459 10 INFO neutron.plugins.ml2.drivers.ovn.mech_driver.mech_driver [None req-bd58489d-bbb0-4062-a0f1-0a7f46828024 - - - - - -] OVN reports status down for port: 0ab8954f-5dfd-4627-984e-d998a11038f6
2026-07-07 04:52:54.725 9 INFO neutron.wsgi [req-d51cdde8-8867-43a4-ae25-8ac340117901 req-40d9e034-93fe-48d1-ae33-5665fa32bca3 1ca593f1ddd74c7eabab8676647af840 164fa6fa12f64f1fac166893e00fa288 - - default default] 199.204.45.95 "GET /v2.0/ports?device_id=64810451-3b11-4369-93b1-b007bf07688e HTTP/1.1" status: 200 len: 1415 time: 0.0327041
2026-07-07 04:52:54.752 10 INFO neutron.db.ovn_revision_numbers_db [None req-bd58489d-bbb0-4062-a0f1-0a7f46828024 - - - - - -] Successfully bumped revision number for resource 0ab8954f-5dfd-4627-984e-d998a11038f6 (type: ports) to 5
2026-07-07 04:52:54.999 9 INFO neutron.wsgi [req-d51cdde8-8867-43a4-ae25-8ac340117901 req-9349e0f6-8804-4746-977b-a49e8de8da1f 1ca593f1ddd74c7eabab8676647af840 164fa6fa12f64f1fac166893e00fa288 - - default default] 199.204.45.95 "DELETE /v2.0/ports/0ab8954f-5dfd-4627-984e-d998a11038f6 HTTP/1.1" status: 204 len: 173 time: 0.2696221
2026-07-07 04:52:55.029 9 INFO neutron.notifiers.nova [-] Nova event matching ['req-ae2ff9a3-8fb3-41ef-8f4d-93b77cdde093'] response: {'server_uuid': '64810451-3b11-4369-93b1-b007bf07688e', 'name': 'network-vif-deleted', 'tag': '0ab8954f-5dfd-4627-984e-d998a11038f6', 'status': 'completed', 'code': 200}
2026-07-07 04:52:55.543 10 INFO neutron.notifiers.nova [-] Nova event matching ['req-4217cb11-5be7-49d1-9dd5-1785d52c3bf0'] response: {'server_uuid': '64810451-3b11-4369-93b1-b007bf07688e', 'name': 'network-vif-unplugged', 'status': 'completed', 'tag': '0ab8954f-5dfd-4627-984e-d998a11038f6', 'code': 200}
2026-07-07 04:52:55.543 10 INFO neutron.notifiers.nova [-] Nova event matching ['req-4217cb11-5be7-49d1-9dd5-1785d52c3bf0'] response: {'server_uuid': '64810451-3b11-4369-93b1-b007bf07688e', 'name': 'network-vif-plugged', 'status': 'completed', 'tag': '0ab8954f-5dfd-4627-984e-d998a11038f6', 'code': 200} /var/lib/openstack/lib/python3.10/site-packages/pycadf/identifier.py:71: UserWarning: Invalid uuid: neutron. To ensure interoperability, identifiers should be a valid uuid. warnings.warn(('Invalid uuid: %s. To ensure interoperability, '
2026-07-07 04:52:56.163 10 INFO neutron.db.l3_db [None req-008b0a92-0dbc-45eb-8e0b-ab8e629c261b 7216d0b82d6040dc834b75e9c75385ac 74d31879eaf849daa66e2287d7953d08 - - default default] Floating IP ff1e377a-3480-41f7-94f7-52fff2454425 disassociated (deleted). External IP: 10.96.250.204, port: 9ca9cd03-0d99-4113-b183-d799d297a826.
2026-07-07 04:52:56.237 10 INFO neutron.wsgi [None req-008b0a92-0dbc-45eb-8e0b-ab8e629c261b 7216d0b82d6040dc834b75e9c75385ac 74d31879eaf849daa66e2287d7953d08 - - default default] 10.0.0.19 "DELETE /v2.0/floatingips/ff1e377a-3480-41f7-94f7-52fff2454425 HTTP/1.1" status: 204 len: 168 time: 0.4842658 /var/lib/openstack/lib/python3.10/site-packages/pycadf/identifier.py:71: UserWarning: Invalid uuid: neutron. To ensure interoperability, identifiers should be a valid uuid. warnings.warn(('Invalid uuid: %s. To ensure interoperability, '
2026-07-07 04:52:56.263 10 INFO neutron.api.v2.resource [None req-5fdaf2f6-8562-4a7b-b898-9d08b746cf40 7216d0b82d6040dc834b75e9c75385ac 74d31879eaf849daa66e2287d7953d08 - - default default] show failed (client error): The resource could not be found.
2026-07-07 04:52:56.264 10 INFO neutron.wsgi [None req-5fdaf2f6-8562-4a7b-b898-9d08b746cf40 7216d0b82d6040dc834b75e9c75385ac 74d31879eaf849daa66e2287d7953d08 - - default default] 10.0.0.19 "GET /v2.0/floatingips/ff1e377a-3480-41f7-94f7-52fff2454425 HTTP/1.1" status: 404 len: 345 time: 0.0218389
2026-07-07 04:52:56.442 9 INFO neutron.plugins.ml2.drivers.ovn.mech_driver.mech_driver [None req-4e5bc2ae-3706-428d-bd8a-a74b8e2d2cf6 - - - - - -] OVN reports status down for port: 9ca9cd03-0d99-4113-b183-d799d297a826
2026-07-07 04:52:56.535 9 INFO neutron.wsgi [req-63df689e-8828-423d-becc-bf4ac94ef1bb req-3744c782-fa4a-4e16-a3e7-58ea24085f8d 7216d0b82d6040dc834b75e9c75385ac 74d31879eaf849daa66e2287d7953d08 - - default default] 10.0.0.129 "GET /v2.0/ports?device_id=01940f2b-390a-40f5-a4e4-1f87828b9a3f HTTP/1.1" status: 200 len: 1400 time: 0.1235154
2026-07-07 04:52:56.599 9 INFO neutron.wsgi [req-63df689e-8828-423d-becc-bf4ac94ef1bb req-f072496d-76e9-4d32-96e9-3311d952b3cc 7216d0b82d6040dc834b75e9c75385ac 74d31879eaf849daa66e2287d7953d08 - - default default] 10.0.0.129 "GET /v2.0/security-groups?id=c7e0e732-a1cf-4a52-b335-18c3fe2a02ab&fields=id&fields=name HTTP/1.1" status: 200 len: 311 time: 0.0527711
2026-07-07 04:52:56.789 9 INFO neutron.db.ovn_revision_numbers_db [None req-4e5bc2ae-3706-428d-bd8a-a74b8e2d2cf6 - - - - - -] Successfully bumped revision number for resource 9ca9cd03-0d99-4113-b183-d799d297a826 (type: ports) to 5
2026-07-07 04:52:56.804 9 INFO neutron.wsgi [req-507be2af-68bd-439b-987f-50f48acdc580 req-86c2e811-0251-4822-bc78-f296f2c74e77 7216d0b82d6040dc834b75e9c75385ac 74d31879eaf849daa66e2287d7953d08 - - default default] 199.204.45.95 "GET /v2.0/ports?device_id=01940f2b-390a-40f5-a4e4-1f87828b9a3f HTTP/1.1" status: 200 len: 1398 time: 0.0366473
2026-07-07 04:52:57.063 9 INFO neutron.notifiers.nova [-] Nova event matching ['req-e6d6e58b-fcd6-4553-b6bb-415b084ff90e'] response: {'server_uuid': '01940f2b-390a-40f5-a4e4-1f87828b9a3f', 'name': 'network-vif-unplugged', 'status': 'completed', 'tag': '9ca9cd03-0d99-4113-b183-d799d297a826', 'code': 200}
2026-07-07 04:52:57.063 9 INFO neutron.notifiers.nova [-] Nova event matching ['req-e6d6e58b-fcd6-4553-b6bb-415b084ff90e'] response: {'server_uuid': '01940f2b-390a-40f5-a4e4-1f87828b9a3f', 'name': 'network-vif-plugged', 'status': 'completed', 'tag': '9ca9cd03-0d99-4113-b183-d799d297a826', 'code': 200}
2026-07-07 04:52:57.168 9 INFO neutron.wsgi [req-507be2af-68bd-439b-987f-50f48acdc580 req-3a9378eb-9905-4294-adfb-bd90b523a85d 7216d0b82d6040dc834b75e9c75385ac 74d31879eaf849daa66e2287d7953d08 - - default default] 199.204.45.95 "DELETE /v2.0/ports/9ca9cd03-0d99-4113-b183-d799d297a826 HTTP/1.1" status: 204 len: 173 time: 0.3575385
2026-07-07 04:52:57.586 10 INFO neutron.notifiers.nova [-] Nova event matching ['req-bad58359-0685-4e6a-9e99-5c16c782a5de'] response: {'name': 'network-changed', 'server_uuid': '01940f2b-390a-40f5-a4e4-1f87828b9a3f', 'tag': '9ca9cd03-0d99-4113-b183-d799d297a826', 'status': 'completed', 'code': 200} /var/lib/openstack/lib/python3.10/site-packages/pycadf/identifier.py:71: UserWarning: Invalid uuid: neutron. To ensure interoperability, identifiers should be a valid uuid. warnings.warn(('Invalid uuid: %s. To ensure interoperability, '
