File "/var/lib/openstack/lib/python3.10/site-packages/neutron_lib/db/api.py", line 226, in wrapped
2026-05-11 06:45:55.392 10 ERROR neutron.plugins.ml2.managers return f_with_retry(*args, **kwargs,
2026-05-11 06:45:55.392 10 ERROR neutron.plugins.ml2.managers
File "/var/lib/openstack/lib/python3.10/site-packages/neutron_lib/db/api.py", line 140, in wrapped
2026-05-11 06:45:55.392 10 ERROR neutron.plugins.ml2.managers with excutils.save_and_reraise_exception():
2026-05-11 06:45:55.392 10 ERROR neutron.plugins.ml2.managers
File "/var/lib/openstack/lib/python3.10/site-packages/oslo_utils/excutils.py", line 227, in __exit__
2026-05-11 06:45:55.392 10 ERROR neutron.plugins.ml2.managers self.force_reraise()
2026-05-11 06:45:55.392 10 ERROR neutron.plugins.ml2.managers
File "/var/lib/openstack/lib/python3.10/site-packages/oslo_utils/excutils.py", line 200, in force_reraise
2026-05-11 06:45:55.392 10 ERROR neutron.plugins.ml2.managers raise self.value
2026-05-11 06:45:55.392 10 ERROR neutron.plugins.ml2.managers
File "/var/lib/openstack/lib/python3.10/site-packages/neutron_lib/db/api.py", line 138, in wrapped
2026-05-11 06:45:55.392 10 ERROR neutron.plugins.ml2.managers return f(*args, **kwargs)
2026-05-11 06:45:55.392 10 ERROR neutron.plugins.ml2.managers
File "/var/lib/openstack/lib/python3.10/site-packages/oslo_db/api.py", line 144, in wrapper
2026-05-11 06:45:55.392 10 ERROR neutron.plugins.ml2.managers with excutils.save_and_reraise_exception() as ectxt:
2026-05-11 06:45:55.392 10 ERROR neutron.plugins.ml2.managers
File "/var/lib/openstack/lib/python3.10/site-packages/oslo_utils/excutils.py", line 227, in __exit__
2026-05-11 06:45:55.392 10 ERROR neutron.plugins.ml2.managers self.force_reraise()
2026-05-11 06:45:55.392 10 ERROR neutron.plugins.ml2.managers
File "/var/lib/openstack/lib/python3.10/site-packages/oslo_utils/excutils.py", line 200, in force_reraise
2026-05-11 06:45:55.392 10 ERROR neutron.plugins.ml2.managers raise self.value
2026-05-11 06:45:55.392 10 ERROR neutron.plugins.ml2.managers
File "/var/lib/openstack/lib/python3.10/site-packages/oslo_db/api.py", line 142, in wrapper
2026-05-11 06:45:55.392 10 ERROR neutron.plugins.ml2.managers return f(*args, **kwargs)
2026-05-11 06:45:55.392 10 ERROR neutron.plugins.ml2.managers
File "/var/lib/openstack/lib/python3.10/site-packages/neutron_lib/db/api.py", line 186, in wrapped
2026-05-11 06:45:55.392 10 ERROR neutron.plugins.ml2.managers with excutils.save_and_reraise_exception():
2026-05-11 06:45:55.392 10 ERROR neutron.plugins.ml2.managers
File "/var/lib/openstack/lib/python3.10/site-packages/oslo_utils/excutils.py", line 227, in __exit__
2026-05-11 06:45:55.392 10 ERROR neutron.plugins.ml2.managers self.force_reraise()
2026-05-11 06:45:55.392 10 ERROR neutron.plugins.ml2.managers
File "/var/lib/openstack/lib/python3.10/site-packages/oslo_utils/excutils.py", line 200, in force_reraise
2026-05-11 06:45:55.392 10 ERROR neutron.plugins.ml2.managers raise self.value
2026-05-11 06:45:55.392 10 ERROR neutron.plugins.ml2.managers
File "/var/lib/openstack/lib/python3.10/site-packages/neutron_lib/db/api.py", line 184, in wrapped
2026-05-11 06:45:55.392 10 ERROR neutron.plugins.ml2.managers return f(*dup_args, **dup_kwargs)
2026-05-11 06:45:55.392 10 ERROR neutron.plugins.ml2.managers
File "/var/lib/openstack/lib/python3.10/site-packages/neutron/db/db_base_plugin_v2.py", line 1121, in get_subnet
2026-05-11 06:45:55.392 10 ERROR neutron.plugins.ml2.managers subnet_obj = self._get_subnet_object(context, id)
2026-05-11 06:45:55.392 10 ERROR neutron.plugins.ml2.managers
File "/var/lib/openstack/lib/python3.10/site-packages/neutron/db/db_base_plugin_common.py", line 279, in _get_subnet_object
2026-05-11 06:45:55.392 10 ERROR neutron.plugins.ml2.managers raise exceptions.SubnetNotFound(subnet_id=id)
2026-05-11 06:45:55.392 10 ERROR neutron.plugins.ml2.managers neutron_lib.exceptions.SubnetNotFound: Subnet 44e1f0a2-ed80-4ceb-b918-6953b7d6c6e5 could not be found.
2026-05-11 06:45:55.392 10 ERROR neutron.plugins.ml2.managers 
2026-05-11 06:45:55.393 10 ERROR neutron.plugins.ml2.managers [None req-55fcffd7-0c01-4cd0-91c2-a686bf8af4c3 - - - - - -] Failed to bind port 7d94dae4-e3a2-41c4-9ede-d776a9317779 on host instance for vnic_type normal using segments [{'id': '99466473-1157-470f-9953-6b5785779e7d', 'network_type': 'vxlan', 'physical_network': None, 'segmentation_id': 105, 'network_id': 'c8e83a25-2542-408e-8d74-4314c43fe873'}]
2026-05-11 06:45:56.892 10 INFO neutron.plugins.ml2.plugin [None req-e2882b67-f0a0-454d-b330-2c4b0f7d3e20 - - - - - -] Attempt 1 to provision port 47e0c1c5-5966-486b-a5df-1afed42ee92c
2026-05-11 06:45:57.535 10 INFO neutron.plugins.ml2.plugin [None req-a9cdade0-70a1-410b-b0cb-fc495197a68a - - - - - -] Attempt 1 to provision port e8acbe69-8437-4055-bd7f-d2482124c08b
2026-05-11 06:45:58.335 9 INFO neutron.plugins.ml2.plugin [None req-f89b9b9b-6b34-45fd-8eaa-12a128132d41 - - - - - -] Attempt 1 to provision port c68795ac-a488-4b45-94cd-3ee4bbcceca2
2026-05-11 06:45:58.995 9 INFO neutron.plugins.ml2.plugin [None req-0f8d8652-21d7-4ae5-8d3e-19ffdf3d169b - - - - - -] Attempt 1 to provision port c68795ac-a488-4b45-94cd-3ee4bbcceca2
2026-05-11 06:45:59.323 10 INFO neutron.plugins.ml2.plugin [None req-7ba36bb7-0d51-47bb-93f7-2374bfd707ef - - - - - -] Attempt 1 to provision port c68795ac-a488-4b45-94cd-3ee4bbcceca2
2026-05-11 06:45:59.824 9 INFO neutron.plugins.ml2.plugin [None req-eb6de94c-bcbc-48ae-9377-d552ebf6f8e4 - - - - - -] Attempt 1 to provision port 4d3badef-751a-4494-9159-8235144a71c3
2026-05-11 06:46:00.499 9 INFO neutron.plugins.ml2.plugin [None req-f9523c12-016c-49e8-b81d-20a8d653de9f - - - - - -] Attempt 1 to provision port 4d3badef-751a-4494-9159-8235144a71c3
2026-05-11 06:46:00.511 10 INFO neutron.plugins.ml2.plugin [None req-f89b9b9b-6b34-45fd-8eaa-12a128132d41 - - - - - -] Attempt 1 to provision port 47e0c1c5-5966-486b-a5df-1afed42ee92c
2026-05-11 06:46:00.731 10 INFO neutron.notifiers.nova [-] Nova event matching ['req-3a3417d6-7672-4fe4-a90c-259ea573d06c'] response: {'server_uuid': '9ddc0f77-9203-4334-b1a9-bf6476a7c038', 'name': 'network-vif-plugged', 'status': 'completed', 'tag': '47e0c1c5-5966-486b-a5df-1afed42ee92c', 'code': 200}
2026-05-11 06:46:00.986 10 INFO neutron.plugins.ml2.plugin [None req-f89b9b9b-6b34-45fd-8eaa-12a128132d41 - - - - - -] Attempt 1 to provision port 69d23dff-30f8-4079-a8a5-39dd108ba42d
2026-05-11 06:46:01.359 10 INFO neutron.plugins.ml2.plugin [None req-f89b9b9b-6b34-45fd-8eaa-12a128132d41 - - - - - -] Attempt 1 to provision port c68795ac-a488-4b45-94cd-3ee4bbcceca2
2026-05-11 06:46:02.520 10 INFO neutron.plugins.ml2.plugin [None req-f89b9b9b-6b34-45fd-8eaa-12a128132d41 - - - - - -] Attempt 1 to provision port 47e0c1c5-5966-486b-a5df-1afed42ee92c
2026-05-11 06:46:02.674 9 INFO neutron.plugins.ml2.plugin [None req-fcb253cf-de4e-4be1-b706-f6cfbd466e00 - - - - - -] Attempt 1 to provision port d06579b6-e2ba-4927-8001-84f91bd1dfa4
2026-05-11 06:46:02.762 10 INFO neutron.plugins.ml2.plugin [None req-f89b9b9b-6b34-45fd-8eaa-12a128132d41 - - - - - -] Attempt 1 to provision port 69d23dff-30f8-4079-a8a5-39dd108ba42d
2026-05-11 06:46:03.010 10 INFO neutron.plugins.ml2.plugin [None req-f89b9b9b-6b34-45fd-8eaa-12a128132d41 - - - - - -] Attempt 1 to provision port 90ce155f-cfb8-4925-9a1c-206e5c8ab3de
2026-05-11 06:46:03.332 10 INFO neutron.plugins.ml2.plugin [None req-f89b9b9b-6b34-45fd-8eaa-12a128132d41 - - - - - -] Attempt 1 to provision port 48e46ce5-70a9-488d-919f-e54e1767148a
2026-05-11 06:46:04.386 10 INFO neutron.plugins.ml2.plugin [None req-f89b9b9b-6b34-45fd-8eaa-12a128132d41 - - - - - -] Attempt 1 to provision port d06579b6-e2ba-4927-8001-84f91bd1dfa4
2026-05-11 06:46:04.502 10 INFO neutron.notifiers.nova [-] Nova event matching ['req-f86595a6-9cf1-44ec-90ed-64b83b005236'] response: {'server_uuid': '00372138-c500-4b19-8d73-b4f79a8a5390', 'name': 'network-vif-plugged', 'status': 'completed', 'tag': 'd06579b6-e2ba-4927-8001-84f91bd1dfa4', 'code': 200}
2026-05-11 06:46:04.907 10 INFO neutron.plugins.ml2.plugin [None req-f89b9b9b-6b34-45fd-8eaa-12a128132d41 - - - - - -] Attempt 1 to provision port 48e46ce5-70a9-488d-919f-e54e1767148a
2026-05-11 06:46:05.154 10 INFO neutron.plugins.ml2.plugin [None req-f89b9b9b-6b34-45fd-8eaa-12a128132d41 - - - - - -] Attempt 1 to provision port 90ce155f-cfb8-4925-9a1c-206e5c8ab3de
2026-05-11 06:46:05.431 9 INFO neutron.plugins.ml2.plugin [None req-498e4183-fbd3-4d08-9239-3c1f53d30d35 - - - - - -] Attempt 1 to provision port a2a32890-ca3b-4957-8a65-b873ec788d9c
2026-05-11 06:46:06.350 10 INFO neutron.plugins.ml2.plugin [None req-f89b9b9b-6b34-45fd-8eaa-12a128132d41 - - - - - -] Attempt 1 to provision port d06579b6-e2ba-4927-8001-84f91bd1dfa4
2026-05-11 06:46:08.517 9 INFO neutron.plugins.ml2.plugin [None req-f89b9b9b-6b34-45fd-8eaa-12a128132d41 - - - - - -] Attempt 1 to provision port a2a32890-ca3b-4957-8a65-b873ec788d9c
2026-05-11 06:46:08.664 9 INFO neutron.notifiers.nova [-] Nova event matching ['req-14b29c2d-db4f-4b5f-9393-7d358fe453fb'] response: {'server_uuid': 'a2462655-b54d-4046-8c09-31d06c0b3de2', 'name': 'network-vif-plugged', 'status': 'completed', 'tag': 'a2a32890-ca3b-4957-8a65-b873ec788d9c', 'code': 200}
2026-05-11 06:46:09.113 9 INFO neutron.plugins.ml2.plugin [None req-f89b9b9b-6b34-45fd-8eaa-12a128132d41 - - - - - -] Attempt 1 to provision port b8a177b4-fd5c-4c0c-b705-efed71234b32
2026-05-11 06:46:09.450 9 INFO neutron.plugins.ml2.plugin [None req-f89b9b9b-6b34-45fd-8eaa-12a128132d41 - - - - - -] Attempt 1 to provision port 63373df9-6cb2-49ac-8d7b-47e7fa16910e
2026-05-11 06:46:10.298 10 INFO neutron.plugins.ml2.plugin [None req-f89b9b9b-6b34-45fd-8eaa-12a128132d41 - - - - - -] Attempt 1 to provision port a2a32890-ca3b-4957-8a65-b873ec788d9c
2026-05-11 06:46:10.532 10 INFO neutron.plugins.ml2.plugin [None req-f89b9b9b-6b34-45fd-8eaa-12a128132d41 - - - - - -] Attempt 1 to provision port b8a177b4-fd5c-4c0c-b705-efed71234b32
2026-05-11 06:46:10.826 10 INFO neutron.plugins.ml2.plugin [None req-f89b9b9b-6b34-45fd-8eaa-12a128132d41 - - - - - -] Attempt 1 to provision port 63373df9-6cb2-49ac-8d7b-47e7fa16910e /var/lib/openstack/lib/python3.10/site-packages/oslo_db/sqlalchemy/enginefacade.py:676: SAWarning: DELETE statement on table 'portsecuritybindings' expected to delete 1 row(s); 0 were matched. Please set confirm_deleted_rows=False within the mapper configuration to prevent this warning. self.session.flush() /var/lib/openstack/lib/python3.10/site-packages/oslo_db/sqlalchemy/enginefacade.py:676: SAWarning: DELETE statement on table 'ml2_port_bindings' expected to delete 1 row(s); 0 were matched. Please set confirm_deleted_rows=False within the mapper configuration to prevent this warning. self.session.flush() /var/lib/openstack/lib/python3.10/site-packages/oslo_db/sqlalchemy/enginefacade.py:676: SAWarning: DELETE statement on table 'ml2_port_binding_levels' expected to delete 1 row(s); 0 were matched. Please set confirm_deleted_rows=False within the mapper configuration to prevent this warning. self.session.flush() /var/lib/openstack/lib/python3.10/site-packages/oslo_db/sqlalchemy/enginefacade.py:676: SAWarning: DELETE statement on table 'ports' expected to delete 1 row(s); 0 were matched. Please set confirm_deleted_rows=False within the mapper configuration to prevent this warning. self.session.flush() /var/lib/openstack/lib/python3.10/site-packages/oslo_db/sqlalchemy/enginefacade.py:676: SAWarning: DELETE statement on table 'portsecuritybindings' expected to delete 1 row(s); 0 were matched. Please set confirm_deleted_rows=False within the mapper configuration to prevent this warning. self.session.flush() /var/lib/openstack/lib/python3.10/site-packages/oslo_db/sqlalchemy/enginefacade.py:676: SAWarning: DELETE statement on table 'ml2_port_bindings' expected to delete 1 row(s); 0 were matched. Please set confirm_deleted_rows=False within the mapper configuration to prevent this warning. self.session.flush() /var/lib/openstack/lib/python3.10/site-packages/oslo_db/sqlalchemy/enginefacade.py:676: SAWarning: DELETE statement on table 'ml2_port_binding_levels' expected to delete 1 row(s); 0 were matched. Please set confirm_deleted_rows=False within the mapper configuration to prevent this warning. self.session.flush() /var/lib/openstack/lib/python3.10/site-packages/oslo_db/sqlalchemy/enginefacade.py:676: SAWarning: DELETE statement on table 'ports' expected to delete 1 row(s); 0 were matched. Please set confirm_deleted_rows=False within the mapper configuration to prevent this warning. self.session.flush()
2026-05-11 06:46:46.277 10 INFO neutron.plugins.ml2.plugin [None req-f89b9b9b-6b34-45fd-8eaa-12a128132d41 - - - - - -] Attempt 1 to provision port 8f94a09e-0fdf-4876-bb7f-040d032f00a4
2026-05-11 06:46:48.362 10 INFO neutron.plugins.ml2.plugin [None req-1babc97a-4d03-4023-b5a9-72927540c03d - - - - - -] Attempt 1 to provision port d33b6b95-c038-4549-a3af-ff443be9d3f2
2026-05-11 06:46:48.451 9 INFO neutron.plugins.ml2.plugin [None req-f89b9b9b-6b34-45fd-8eaa-12a128132d41 - - - - - -] Attempt 1 to provision port 32e956d0-d7b6-4e07-a4b9-53ce93f950c5
2026-05-11 06:46:48.744 9 INFO neutron.plugins.ml2.plugin [None req-705637cb-4c35-4f9c-ae38-316550428829 - - - - - -] Attempt 1 to provision port 8f94a09e-0fdf-4876-bb7f-040d032f00a4
2026-05-11 06:46:48.896 9 INFO neutron.plugins.ml2.plugin [None req-705637cb-4c35-4f9c-ae38-316550428829 - - - - - -] Attempt 1 to provision port d33b6b95-c038-4549-a3af-ff443be9d3f2
2026-05-11 06:46:49.126 10 INFO neutron.plugins.ml2.plugin [None req-7f1ca89f-3550-41e6-9ba8-5ca8579b0931 - - - - - -] Attempt 1 to provision port 8f94a09e-0fdf-4876-bb7f-040d032f00a4
2026-05-11 06:46:49.201 9 INFO neutron.plugins.ml2.plugin [None req-f89b9b9b-6b34-45fd-8eaa-12a128132d41 - - - - - -] Attempt 1 to provision port 8f94a09e-0fdf-4876-bb7f-040d032f00a4
2026-05-11 06:46:49.459 9 INFO neutron.plugins.ml2.plugin [None req-95d700e0-b9c5-4231-82de-b3241cf6e7a2 - - - - - -] Attempt 1 to provision port 32e956d0-d7b6-4e07-a4b9-53ce93f950c5
2026-05-11 06:46:49.486 9 INFO neutron.plugins.ml2.plugin [None req-f89b9b9b-6b34-45fd-8eaa-12a128132d41 - - - - - -] Attempt 1 to provision port d33b6b95-c038-4549-a3af-ff443be9d3f2
2026-05-11 06:46:49.763 10 INFO neutron.plugins.ml2.plugin [None req-e0a49605-8ccf-44bb-9a66-a0f3a8b0fa9b - - - - - -] Attempt 1 to provision port 32e956d0-d7b6-4e07-a4b9-53ce93f950c5
2026-05-11 06:46:49.934 9 INFO neutron.plugins.ml2.plugin [None req-f89b9b9b-6b34-45fd-8eaa-12a128132d41 - - - - - -] Attempt 1 to provision port 507da858-c159-453e-be2d-6290693331d7
2026-05-11 06:46:50.300 9 INFO neutron.plugins.ml2.plugin [None req-925f0dab-75ec-4edc-a7d8-fe124d225e59 - - - - - -] Attempt 1 to provision port 507da858-c159-453e-be2d-6290693331d7
2026-05-11 06:46:50.617 10 INFO neutron.plugins.ml2.plugin [None req-638ae767-0d15-4d0c-a9a9-00b4306d74c4 - - - - - -] Attempt 1 to provision port 507da858-c159-453e-be2d-6290693331d7
2026-05-11 06:46:50.647 9 INFO neutron.plugins.ml2.plugin [None req-f89b9b9b-6b34-45fd-8eaa-12a128132d41 - - - - - -] Attempt 1 to provision port 3b755532-8bbf-47a8-9042-26ec0f4b5388
2026-05-11 06:46:51.715 9 INFO neutron.plugins.ml2.plugin [None req-cbb15b20-8e05-4cf6-87ff-4af282ea123c - - - - - -] Attempt 1 to provision port 3b755532-8bbf-47a8-9042-26ec0f4b5388
2026-05-11 06:46:51.746 9 INFO neutron.plugins.ml2.db [None req-cbb15b20-8e05-4cf6-87ff-4af282ea123c - - - - - -] No ports have port_id starting with 3b755532-8bbf-47a8-9042-26ec0f4b5388
2026-05-11 06:47:14.772 9 INFO neutron.plugins.ml2.plugin [None req-f89b9b9b-6b34-45fd-8eaa-12a128132d41 - - - - - -] Attempt 1 to provision port 827cad66-b4d0-400e-a8c5-3cdf11c9313a
2026-05-11 06:47:15.260 10 INFO neutron.plugins.ml2.plugin [None req-356b8b5f-b970-4f4f-b927-9190fe1a6a78 - - - - - -] Attempt 1 to provision port 827cad66-b4d0-400e-a8c5-3cdf11c9313a
2026-05-11 06:47:15.379 9 INFO neutron.plugins.ml2.plugin [None req-f89b9b9b-6b34-45fd-8eaa-12a128132d41 - - - - - -] Attempt 1 to provision port d27f889b-b0a9-4467-82ac-aa880c4718c7
2026-05-11 06:47:15.854 10 INFO neutron.plugins.ml2.plugin [None req-9370565c-468a-46dd-a3b3-1c4453ead6c0 - - - - - -] Attempt 1 to provision port 3a833013-e45e-4ac2-bc2e-8c0eb28d0c46
2026-05-11 06:47:16.410 10 INFO neutron.plugins.ml2.plugin [None req-87635fe3-82bc-4a07-8aa6-435feef1216b - - - - - -] Attempt 1 to provision port d27f889b-b0a9-4467-82ac-aa880c4718c7
2026-05-11 06:47:16.649 10 INFO neutron.plugins.ml2.plugin [None req-f89b9b9b-6b34-45fd-8eaa-12a128132d41 - - - - - -] Attempt 1 to provision port 827cad66-b4d0-400e-a8c5-3cdf11c9313a
2026-05-11 06:47:16.741 10 INFO neutron.plugins.ml2.plugin [None req-8c520b8a-f3f3-4671-8593-5dfb0741bb5a - - - - - -] Attempt 1 to provision port 827cad66-b4d0-400e-a8c5-3cdf11c9313a
2026-05-11 06:47:16.973 10 INFO neutron.plugins.ml2.plugin [None req-8c520b8a-f3f3-4671-8593-5dfb0741bb5a - - - - - -] Attempt 1 to provision port 6dfd54c8-0100-4487-9195-915f6c09a645
2026-05-11 06:47:17.178 10 INFO neutron.plugins.ml2.plugin [None req-f89b9b9b-6b34-45fd-8eaa-12a128132d41 - - - - - -] Attempt 1 to provision port 6dfd54c8-0100-4487-9195-915f6c09a645
2026-05-11 06:47:17.712 10 INFO neutron.plugins.ml2.plugin [None req-f89b9b9b-6b34-45fd-8eaa-12a128132d41 - - - - - -] Attempt 1 to provision port d27f889b-b0a9-4467-82ac-aa880c4718c7
2026-05-11 06:47:17.996 9 INFO neutron.plugins.ml2.plugin [None req-8ce5fff5-4e1e-43a3-b64d-80001e50bf66 - - - - - -] Attempt 1 to provision port 827cad66-b4d0-400e-a8c5-3cdf11c9313a
2026-05-11 06:47:18.069 9 INFO neutron.plugins.ml2.plugin [None req-8ce5fff5-4e1e-43a3-b64d-80001e50bf66 - - - - - -] Attempt 1 to provision port d27f889b-b0a9-4467-82ac-aa880c4718c7
2026-05-11 06:47:18.275 9 INFO neutron.plugins.ml2.plugin [None req-1e965c35-964e-4a16-be4d-1275e40c1faf - - - - - -] Attempt 1 to provision port d27f889b-b0a9-4467-82ac-aa880c4718c7
2026-05-11 06:47:18.427 9 INFO neutron.plugins.ml2.plugin [None req-1e965c35-964e-4a16-be4d-1275e40c1faf - - - - - -] Attempt 1 to provision port 6dfd54c8-0100-4487-9195-915f6c09a645
2026-05-11 06:47:18.590 9 INFO neutron.plugins.ml2.plugin [None req-f89b9b9b-6b34-45fd-8eaa-12a128132d41 - - - - - -] Attempt 1 to provision port d27f889b-b0a9-4467-82ac-aa880c4718c7
2026-05-11 06:47:18.608 10 INFO neutron.plugins.ml2.plugin [None req-483c9631-0650-4b9d-b197-6505abadef56 - - - - - -] Attempt 1 to provision port 6dfd54c8-0100-4487-9195-915f6c09a645
2026-05-11 06:47:18.887 9 INFO neutron.plugins.ml2.plugin [None req-93814cc9-4fd2-4340-b658-eedc41e302e8 - - - - - -] Attempt 1 to provision port 4778bcbf-8b9b-48e3-9ffb-134b42d3c738
2026-05-11 06:47:18.938 9 INFO neutron.plugins.ml2.plugin [None req-f89b9b9b-6b34-45fd-8eaa-12a128132d41 - - - - - -] Attempt 1 to provision port 6dfd54c8-0100-4487-9195-915f6c09a645
2026-05-11 06:47:19.643 10 INFO neutron.plugins.ml2.plugin [None req-d18d1d02-e7a4-4d20-b2eb-d9301b277636 - - - - - -] Attempt 1 to provision port 4778bcbf-8b9b-48e3-9ffb-134b42d3c738
2026-05-11 06:47:20.612 10 INFO neutron.plugins.ml2.plugin [None req-f89b9b9b-6b34-45fd-8eaa-12a128132d41 - - - - - -] Attempt 1 to provision port a404cdec-922b-4793-a274-30a6d19aa0b2
2026-05-11 06:47:20.699 9 INFO neutron.plugins.ml2.plugin [None req-55bc470b-c0ba-42ad-9012-ddac70a8dc8a - - - - - -] Attempt 1 to provision port b2993349-2024-4e50-b68c-44dbb8ac295c
2026-05-11 06:47:21.336 10 INFO neutron.plugins.ml2.plugin [None req-addbca24-a9a9-4b98-8488-76e22182adf6 - - - - - -] Attempt 1 to provision port b2993349-2024-4e50-b68c-44dbb8ac295c
2026-05-11 06:47:22.323 9 INFO neutron.plugins.ml2.plugin [None req-9dff7651-e5f7-4c3f-8ad2-43ea3565b3b6 - - - - - -] Attempt 1 to provision port d78d2c15-0c72-41c7-879b-1325ecdacdb7
2026-05-11 06:47:22.625 10 INFO neutron.plugins.ml2.plugin [None req-f89b9b9b-6b34-45fd-8eaa-12a128132d41 - - - - - -] Attempt 1 to provision port a404cdec-922b-4793-a274-30a6d19aa0b2
2026-05-11 06:47:23.087 9 INFO neutron.plugins.ml2.plugin [None req-2cfd5fee-8552-466c-b1c5-793412d8446f - - - - - -] Attempt 1 to provision port d78d2c15-0c72-41c7-879b-1325ecdacdb7
2026-05-11 06:47:27.071 10 INFO neutron.plugins.ml2.plugin [None req-86b3caba-df35-4ff4-9f1c-0d7453b519b4 - - - - - -] Attempt 1 to provision port 5a432e25-14de-4110-a8d8-bea34163fd2f
2026-05-11 06:47:28.650 9 INFO neutron.plugins.ml2.plugin [None req-f89b9b9b-6b34-45fd-8eaa-12a128132d41 - - - - - -] Attempt 1 to provision port 5a432e25-14de-4110-a8d8-bea34163fd2f
2026-05-11 06:47:28.808 9 INFO neutron.notifiers.nova [-] Nova event matching ['req-b5d16895-d955-4e5e-b4b4-8c005facff60'] response: {'server_uuid': 'cd81cfe1-224b-4255-87da-900829e5ba77', 'name': 'network-vif-plugged', 'status': 'completed', 'tag': '5a432e25-14de-4110-a8d8-bea34163fd2f', 'code': 200}
2026-05-11 06:47:30.588 9 INFO neutron.plugins.ml2.plugin [None req-f89b9b9b-6b34-45fd-8eaa-12a128132d41 - - - - - -] Attempt 1 to provision port 5a432e25-14de-4110-a8d8-bea34163fd2f
2026-05-11 06:47:34.565 10 INFO neutron.plugins.ml2.plugin [None req-af409a0d-ef8c-4db4-883a-27e951bf4d98 - - - - - -] Attempt 1 to provision port 8e3be0f9-19ee-4c15-9715-477072e1ca59
2026-05-11 06:47:36.631 9 INFO neutron.plugins.ml2.plugin [None req-f89b9b9b-6b34-45fd-8eaa-12a128132d41 - - - - - -] Attempt 1 to provision port 8e3be0f9-19ee-4c15-9715-477072e1ca59
2026-05-11 06:47:36.728 9 INFO neutron.notifiers.nova [-] Nova event matching ['req-d64bb725-95fe-47a0-b52f-dfae21070e60'] response: {'server_uuid': '6ab998f7-fd8f-46ac-bc6e-7486450640f0', 'name': 'network-vif-plugged', 'status': 'completed', 'tag': '8e3be0f9-19ee-4c15-9715-477072e1ca59', 'code': 200}
2026-05-11 06:47:38.624 10 INFO neutron.plugins.ml2.plugin [None req-f89b9b9b-6b34-45fd-8eaa-12a128132d41 - - - - - -] Attempt 1 to provision port 8e3be0f9-19ee-4c15-9715-477072e1ca59
2026-05-11 06:47:44.646 9 INFO neutron.plugins.ml2.plugin [None req-f89b9b9b-6b34-45fd-8eaa-12a128132d41 - - - - - -] Attempt 1 to provision port 3a833013-e45e-4ac2-bc2e-8c0eb28d0c46
2026-05-11 06:47:44.941 9 INFO neutron.plugins.ml2.plugin [None req-f89b9b9b-6b34-45fd-8eaa-12a128132d41 - - - - - -] Attempt 1 to provision port d78d2c15-0c72-41c7-879b-1325ecdacdb7
2026-05-11 06:47:45.238 9 INFO neutron.plugins.ml2.plugin [None req-f89b9b9b-6b34-45fd-8eaa-12a128132d41 - - - - - -] Attempt 1 to provision port 4778bcbf-8b9b-48e3-9ffb-134b42d3c738
2026-05-11 06:47:45.555 9 INFO neutron.plugins.ml2.plugin [None req-f89b9b9b-6b34-45fd-8eaa-12a128132d41 - - - - - -] Attempt 1 to provision port b2993349-2024-4e50-b68c-44dbb8ac295c
2026-05-11 06:47:46.624 10 INFO neutron.plugins.ml2.plugin [None req-f89b9b9b-6b34-45fd-8eaa-12a128132d41 - - - - - -] Attempt 1 to provision port 3a833013-e45e-4ac2-bc2e-8c0eb28d0c46
2026-05-11 06:47:46.812 10 INFO neutron.plugins.ml2.plugin [None req-f89b9b9b-6b34-45fd-8eaa-12a128132d41 - - - - - -] Attempt 1 to provision port d78d2c15-0c72-41c7-879b-1325ecdacdb7
2026-05-11 06:47:47.056 10 INFO neutron.plugins.ml2.plugin [None req-f89b9b9b-6b34-45fd-8eaa-12a128132d41 - - - - - -] Attempt 1 to provision port 4778bcbf-8b9b-48e3-9ffb-134b42d3c738
2026-05-11 06:47:47.289 10 INFO neutron.plugins.ml2.plugin [None req-f89b9b9b-6b34-45fd-8eaa-12a128132d41 - - - - - -] Attempt 1 to provision port b2993349-2024-4e50-b68c-44dbb8ac295c
2026-05-11 06:47:54.544 9 INFO neutron.plugins.ml2.plugin [None req-798ebbbe-d828-47e2-9c8c-4d2881debc19 - - - - - -] Attempt 1 to provision port aea25ab0-c3c5-4492-8ed3-51f189850af9
2026-05-11 06:48:05.861 10 INFO neutron.plugins.ml2.plugin [None req-a944248d-6a93-464e-a4c4-9856abe0ad1c - - - - - -] Attempt 1 to provision port dbe5326b-04e6-4403-b070-d09137138c10
2026-05-11 06:48:08.706 10 INFO neutron.plugins.ml2.plugin [None req-f89b9b9b-6b34-45fd-8eaa-12a128132d41 - - - - - -] Attempt 1 to provision port dbe5326b-04e6-4403-b070-d09137138c10
2026-05-11 06:48:08.818 10 INFO neutron.notifiers.nova [-] Nova event matching ['req-0477dd59-f5c9-43a3-87b4-44e8361f0c6b'] response: {'server_uuid': 'aa015d52-6a32-4ecf-bb4c-0ec302e34e6c', 'name': 'network-vif-plugged', 'status': 'completed', 'tag': 'dbe5326b-04e6-4403-b070-d09137138c10', 'code': 200}
2026-05-11 06:48:10.623 9 INFO neutron.plugins.ml2.plugin [None req-f89b9b9b-6b34-45fd-8eaa-12a128132d41 - - - - - -] Attempt 1 to provision port dbe5326b-04e6-4403-b070-d09137138c10
2026-05-11 06:48:44.040 10 INFO neutron.plugins.ml2.plugin [None req-a771fdb4-35cd-4b5b-a2cf-0dcf4530b75b - - - - - -] Attempt 1 to provision port c3747217-7282-430c-9604-3ebfc751f238
2026-05-11 06:48:46.700 10 INFO neutron.plugins.ml2.plugin [None req-f89b9b9b-6b34-45fd-8eaa-12a128132d41 - - - - - -] Attempt 1 to provision port c3747217-7282-430c-9604-3ebfc751f238
2026-05-11 06:48:46.906 10 INFO neutron.notifiers.nova [-] Nova event matching ['req-0bb2e194-fee5-481f-b402-ee4e915e5325'] response: {'server_uuid': 'aa015d52-6a32-4ecf-bb4c-0ec302e34e6c', 'name': 'network-vif-plugged', 'status': 'completed', 'tag': 'c3747217-7282-430c-9604-3ebfc751f238', 'code': 200}
2026-05-11 06:48:48.654 9 INFO neutron.plugins.ml2.plugin [None req-f89b9b9b-6b34-45fd-8eaa-12a128132d41 - - - - - -] Attempt 1 to provision port c3747217-7282-430c-9604-3ebfc751f238
2026-05-11 06:49:10.572 10 INFO neutron.plugins.ml2.plugin [None req-ba028282-8392-45cb-8d19-c7cb8b8cf987 - - - - - -] Attempt 1 to provision port 01772f6e-207b-4765-a8ef-e96f3b7166dd
2026-05-11 06:49:13.033 9 INFO neutron.plugins.ml2.plugin [None req-79c710d0-23d9-496d-a3bf-d276f30ebcf5 - - - - - -] Attempt 1 to provision port 01772f6e-207b-4765-a8ef-e96f3b7166dd
2026-05-11 06:49:13.231 9 INFO neutron.notifiers.nova [-] Nova event matching ['req-de5f8383-f187-4f57-93bb-f083542977b1'] response: {'server_uuid': 'aa015d52-6a32-4ecf-bb4c-0ec302e34e6c', 'name': 'network-vif-plugged', 'status': 'completed', 'tag': '01772f6e-207b-4765-a8ef-e96f3b7166dd', 'code': 200}
2026-05-11 06:49:14.715 10 INFO neutron.plugins.ml2.plugin [None req-f89b9b9b-6b34-45fd-8eaa-12a128132d41 - - - - - -] Attempt 1 to provision port 01772f6e-207b-4765-a8ef-e96f3b7166dd
2026-05-11 06:49:21.793 9 INFO neutron.plugins.ml2.plugin [None req-0a08ed47-f85e-4fde-aaed-2a1ca8c2c2d0 - - - - - -] Attempt 1 to provision port 64697537-0830-46a3-b43f-48cefec78855
2026-05-11 06:49:24.773 9 INFO neutron.plugins.ml2.plugin [None req-f89b9b9b-6b34-45fd-8eaa-12a128132d41 - - - - - -] Attempt 1 to provision port 64697537-0830-46a3-b43f-48cefec78855
2026-05-11 06:49:24.896 9 INFO neutron.notifiers.nova [-] Nova event matching ['req-46a16ba9-95e6-42c3-a3e5-aa8beee07c50'] response: {'server_uuid': 'aa015d52-6a32-4ecf-bb4c-0ec302e34e6c', 'name': 'network-vif-plugged', 'status': 'completed', 'tag': '64697537-0830-46a3-b43f-48cefec78855', 'code': 200}
2026-05-11 06:49:26.679 10 INFO neutron.plugins.ml2.plugin [None req-f89b9b9b-6b34-45fd-8eaa-12a128132d41 - - - - - -] Attempt 1 to provision port 64697537-0830-46a3-b43f-48cefec78855
2026-05-11 06:49:34.635 9 INFO neutron.plugins.ml2.plugin [None req-62813fe5-fabd-4629-89f9-bccd52c335fd - - - - - -] Attempt 1 to provision port 64697537-0830-46a3-b43f-48cefec78855
2026-05-11 06:49:34.730 10 INFO neutron.plugins.ml2.plugin [None req-f89b9b9b-6b34-45fd-8eaa-12a128132d41 - - - - - -] Attempt 1 to provision port 64697537-0830-46a3-b43f-48cefec78855
2026-05-11 06:49:40.247 10 INFO neutron.plugins.ml2.plugin [None req-ffa828cf-4b68-4b8d-aac6-bb090a9cf8f3 - - - - - -] Attempt 1 to provision port 01772f6e-207b-4765-a8ef-e96f3b7166dd