2026-07-08 23:09:00.257 7 INFO neutron.api.v2.resource [None req-98befb13-7c5c-4c7e-add3-f11f78c1868e 72125485dc4f412db7fc814f02203bac 46d7cb7eb0914adebdef1f830b23471e - - default default] show failed (client error): The resource could not be found. [pid: 7|app: 0|req: 1213/2398] 10.0.0.46 () {32 vars in 746 bytes} [Wed Jul 8 23:09:00 2026] GET /v2.0/security-group-rules/c0a63acc-0d85-4e5c-b91b-47a93c388bed => generated 155 bytes in 13 msecs (HTTP/1.1 404) 4 headers in 164 bytes (1 switches on core 0) [pid: 8|app: 0|req: 1186/2399] 10.0.0.46 () {32 vars in 749 bytes} [Wed Jul 8 23:09:00 2026] DELETE /v2.0/security-group-rules/9aed2466-6abf-4d77-b550-f4536907402f => generated 0 bytes in 72 msecs (HTTP/1.1 204) 2 headers in 112 bytes (1 switches on core 0)
2026-07-08 23:09:00.356 7 INFO neutron.api.v2.resource [None req-eb7948ca-fcb9-4eb8-9a35-2a4e248358f2 72125485dc4f412db7fc814f02203bac 46d7cb7eb0914adebdef1f830b23471e - - default default] show failed (client error): The resource could not be found. [pid: 7|app: 0|req: 1214/2400] 10.0.0.46 () {32 vars in 746 bytes} [Wed Jul 8 23:09:00 2026] GET /v2.0/security-group-rules/9aed2466-6abf-4d77-b550-f4536907402f => generated 155 bytes in 12 msecs (HTTP/1.1 404) 4 headers in 164 bytes (1 switches on core 0) [pid: 8|app: 0|req: 1187/2401] 10.0.0.46 () {32 vars in 749 bytes} [Wed Jul 8 23:09:00 2026] DELETE /v2.0/security-group-rules/f1135e90-a285-4c11-8ce4-051cf5b497ae => generated 0 bytes in 102 msecs (HTTP/1.1 204) 2 headers in 112 bytes (1 switches on core 0)
2026-07-08 23:09:00.481 7 INFO neutron.api.v2.resource [None req-3984edff-564a-4611-b3f4-6dc98438b223 72125485dc4f412db7fc814f02203bac 46d7cb7eb0914adebdef1f830b23471e - - default default] show failed (client error): The resource could not be found. [pid: 7|app: 0|req: 1215/2402] 10.0.0.46 () {32 vars in 746 bytes} [Wed Jul 8 23:09:00 2026] GET /v2.0/security-group-rules/f1135e90-a285-4c11-8ce4-051cf5b497ae => generated 155 bytes in 14 msecs (HTTP/1.1 404) 4 headers in 164 bytes (1 switches on core 0) [pid: 8|app: 0|req: 1188/2403] 10.0.0.46 () {32 vars in 739 bytes} [Wed Jul 8 23:09:00 2026] DELETE /v2.0/security-groups/f1959bbc-52dc-4f7f-acf0-059e6b36e54b => generated 0 bytes in 69 msecs (HTTP/1.1 204) 2 headers in 112 bytes (1 switches on core 0)
2026-07-08 23:09:00.578 7 INFO neutron.api.v2.resource [None req-2cbc4c98-9740-4c92-a048-a6690897d963 72125485dc4f412db7fc814f02203bac 46d7cb7eb0914adebdef1f830b23471e - - default default] show failed (client error): The resource could not be found. [pid: 7|app: 0|req: 1216/2404] 10.0.0.46 () {32 vars in 736 bytes} [Wed Jul 8 23:09:00 2026] GET /v2.0/security-groups/f1959bbc-52dc-4f7f-acf0-059e6b36e54b => generated 146 bytes in 17 msecs (HTTP/1.1 404) 4 headers in 164 bytes (1 switches on core 0)
2026-07-08 23:09:01.000 8 INFO neutron_taas.services.taas.taas_plugin [None req-66f90342-e03f-41bb-b0e8-2e089b0c80c3 72125485dc4f412db7fc814f02203bac 46d7cb7eb0914adebdef1f830b23471e - - default default] TaaS: Handle Delete Port: 771ba6bb-08f5-40d4-985a-7fcb6345b028
2026-07-08 23:09:01.003 8 INFO neutron_taas.services.taas.tap_mirror_plugin [None req-66f90342-e03f-41bb-b0e8-2e089b0c80c3 72125485dc4f412db7fc814f02203bac 46d7cb7eb0914adebdef1f830b23471e - - default default] Tap Mirror: Handle Delete Port: 771ba6bb-08f5-40d4-985a-7fcb6345b028 [pid: 8|app: 0|req: 1189/2405] 10.0.0.46 () {34 vars in 788 bytes} [Wed Jul 8 23:09:00 2026] PUT /v2.0/routers/00d15bbc-512d-45ae-bcfc-cf186882cdc9/remove_router_interface => generated 310 bytes in 1002 msecs (HTTP/1.1 200) 4 headers in 157 bytes (1 switches on core 0)
2026-07-08 23:09:01.846 7 INFO neutron.api.v2.resource [None req-334d948a-4e24-4125-86b1-e4bb81ccf388 72125485dc4f412db7fc814f02203bac 46d7cb7eb0914adebdef1f830b23471e - - default default] remove_router_interface failed (client error): The resource could not be found. [pid: 7|app: 0|req: 1217/2406] 10.0.0.46 () {34 vars in 788 bytes} [Wed Jul 8 23:09:01 2026] PUT /v2.0/routers/00d15bbc-512d-45ae-bcfc-cf186882cdc9/remove_router_interface => generated 198 bytes in 200 msecs (HTTP/1.1 404) 4 headers in 164 bytes (1 switches on core 0)
2026-07-08 23:09:02.270 8 INFO neutron_taas.services.taas.taas_plugin [None req-466d06b2-47b1-4319-96e4-070cb86d38a2 72125485dc4f412db7fc814f02203bac 46d7cb7eb0914adebdef1f830b23471e - - default default] TaaS: Handle Delete Port: b37ded58-d543-402e-bb5d-f69737196b1b
2026-07-08 23:09:02.273 8 INFO neutron_taas.services.taas.tap_mirror_plugin [None req-466d06b2-47b1-4319-96e4-070cb86d38a2 72125485dc4f412db7fc814f02203bac 46d7cb7eb0914adebdef1f830b23471e - - default default] Tap Mirror: Handle Delete Port: b37ded58-d543-402e-bb5d-f69737196b1b [pid: 8|app: 0|req: 1190/2407] 10.0.0.46 () {34 vars in 788 bytes} [Wed Jul 8 23:09:01 2026] PUT /v2.0/routers/00d15bbc-512d-45ae-bcfc-cf186882cdc9/remove_router_interface => generated 310 bytes in 1038 msecs (HTTP/1.1 200) 4 headers in 157 bytes (1 switches on core 0)
2026-07-08 23:09:03.080 7 INFO neutron.api.v2.resource [None req-4a177364-3b2c-4d20-aece-06351eb301a1 72125485dc4f412db7fc814f02203bac 46d7cb7eb0914adebdef1f830b23471e - - default default] remove_router_interface failed (client error): The resource could not be found. [pid: 7|app: 0|req: 1218/2408] 10.0.0.46 () {34 vars in 788 bytes} [Wed Jul 8 23:09:02 2026] PUT /v2.0/routers/00d15bbc-512d-45ae-bcfc-cf186882cdc9/remove_router_interface => generated 198 bytes in 185 msecs (HTTP/1.1 404) 4 headers in 164 bytes (1 switches on core 0)
2026-07-08 23:09:03.519 8 INFO neutron_taas.services.taas.taas_plugin [None req-959df2dc-0112-4aab-ae76-13ff12770794 72125485dc4f412db7fc814f02203bac 46d7cb7eb0914adebdef1f830b23471e - - default default] TaaS: Handle Delete Port: 70e06d1b-f370-4f8a-9ab4-f4fd07348a88
2026-07-08 23:09:03.523 8 INFO neutron_taas.services.taas.tap_mirror_plugin [None req-959df2dc-0112-4aab-ae76-13ff12770794 72125485dc4f412db7fc814f02203bac 46d7cb7eb0914adebdef1f830b23471e - - default default] Tap Mirror: Handle Delete Port: 70e06d1b-f370-4f8a-9ab4-f4fd07348a88 [pid: 8|app: 0|req: 1191/2409] 10.0.0.46 () {34 vars in 788 bytes} [Wed Jul 8 23:09:03 2026] PUT /v2.0/routers/00d15bbc-512d-45ae-bcfc-cf186882cdc9/remove_router_interface => generated 310 bytes in 1065 msecs (HTTP/1.1 200) 4 headers in 157 bytes (1 switches on core 0)
2026-07-08 23:09:04.368 7 INFO neutron.api.v2.resource [None req-42bb02df-5d38-4894-8722-5d7851ea0f9c 72125485dc4f412db7fc814f02203bac 46d7cb7eb0914adebdef1f830b23471e - - default default] remove_router_interface failed (client error): The resource could not be found. [pid: 7|app: 0|req: 1219/2410] 10.0.0.46 () {34 vars in 788 bytes} [Wed Jul 8 23:09:04 2026] PUT /v2.0/routers/00d15bbc-512d-45ae-bcfc-cf186882cdc9/remove_router_interface => generated 198 bytes in 211 msecs (HTTP/1.1 404) 4 headers in 164 bytes (1 switches on core 0)
2026-07-08 23:09:04.620 8 INFO neutron_taas.services.taas.taas_plugin [None req-ecf1e9a7-60f9-4139-9e8e-40b6259ebdad 72125485dc4f412db7fc814f02203bac 46d7cb7eb0914adebdef1f830b23471e - - default default] TaaS: Handle Delete Port: 5d789889-a939-456c-a735-87953cd770aa
2026-07-08 23:09:04.623 8 INFO neutron_taas.services.taas.tap_mirror_plugin [None req-ecf1e9a7-60f9-4139-9e8e-40b6259ebdad 72125485dc4f412db7fc814f02203bac 46d7cb7eb0914adebdef1f830b23471e - - default default] Tap Mirror: Handle Delete Port: 5d789889-a939-456c-a735-87953cd770aa
2026-07-08 23:09:04.951 8 INFO neutron_taas.services.taas.taas_plugin [None req-ecf1e9a7-60f9-4139-9e8e-40b6259ebdad 72125485dc4f412db7fc814f02203bac 46d7cb7eb0914adebdef1f830b23471e - - default default] TaaS: Handle Delete Port: 34260069-fc0b-4bef-872b-580d33bad500
2026-07-08 23:09:04.954 8 INFO neutron_taas.services.taas.tap_mirror_plugin [None req-ecf1e9a7-60f9-4139-9e8e-40b6259ebdad 72125485dc4f412db7fc814f02203bac 46d7cb7eb0914adebdef1f830b23471e - - default default] Tap Mirror: Handle Delete Port: 34260069-fc0b-4bef-872b-580d33bad500
2026-07-08 23:09:06.168 8 INFO neutron.services.segments.plugin [-] Segment d0100fa7-dbb4-451e-bc05-35b6c7b9d19a resource provider aggregate not found
2026-07-08 23:09:06.176 8 INFO neutron.services.segments.plugin [-] Segment d0100fa7-dbb4-451e-bc05-35b6c7b9d19a resource provider aggregate not found
2026-07-08 23:09:06.201 8 INFO neutron.services.segments.plugin [-] Client error retrieving segment d0100fa7-dbb4-451e-bc05-35b6c7b9d19a resource provider; error: Placement Client Error (4xx): {"errors": [{"status": 404, "title": "Not Found", "detail": "The resource could not be found.\n\n No resource provider with uuid d0100fa7-dbb4-451e-bc05-35b6c7b9d19a found for delete ", "request_id": "req-7297c15b-e3ce-4921-8ba5-d4362860d704"}]}
2026-07-08 23:09:06.203 8 INFO neutron.services.segments.plugin [-] Client error retrieving segment d0100fa7-dbb4-451e-bc05-35b6c7b9d19a resource provider; error: Placement Client Error (4xx): {"errors": [{"status": 404, "title": "Not Found", "detail": "The resource could not be found.\n\n No resource provider with uuid d0100fa7-dbb4-451e-bc05-35b6c7b9d19a found for delete ", "request_id": "req-3578829f-9b35-4f65-b00c-082877b8a0f8"}]}
2026-07-08 23:09:06.219 8 INFO neutron.db.l3_hamode_db [None req-ecf1e9a7-60f9-4139-9e8e-40b6259ebdad 72125485dc4f412db7fc814f02203bac 46d7cb7eb0914adebdef1f830b23471e - - default default] HA network c94542c0-8e42-4e59-a092-23d43792440b was deleted as no HA routers are present in project 46d7cb7eb0914adebdef1f830b23471e. [pid: 8|app: 0|req: 1192/2411] 10.0.0.46 () {32 vars in 723 bytes} [Wed Jul 8 23:09:04 2026] DELETE /v2.0/routers/00d15bbc-512d-45ae-bcfc-cf186882cdc9 => generated 0 bytes in 1855 msecs (HTTP/1.1 204) 2 headers in 112 bytes (1 switches on core 0)
2026-07-08 23:09:06.262 7 INFO neutron.api.v2.resource [None req-ccf15446-2530-46e8-8376-e6821cf6c79f 72125485dc4f412db7fc814f02203bac 46d7cb7eb0914adebdef1f830b23471e - - default default] show failed (client error): The resource could not be found. [pid: 7|app: 0|req: 1220/2412] 10.0.0.46 () {32 vars in 720 bytes} [Wed Jul 8 23:09:06 2026] GET /v2.0/routers/00d15bbc-512d-45ae-bcfc-cf186882cdc9 => generated 135 bytes in 26 msecs (HTTP/1.1 404) 4 headers in 164 bytes (1 switches on core 0) [pid: 8|app: 0|req: 1193/2413] 10.0.0.46 () {32 vars in 723 bytes} [Wed Jul 8 23:09:06 2026] DELETE /v2.0/subnets/06898316-d5e1-4701-ae57-6395187d58a6 => generated 0 bytes in 204 msecs (HTTP/1.1 204) 3 headers in 131 bytes (1 switches on core 0)
2026-07-08 23:09:06.502 7 INFO neutron.pecan_wsgi.hooks.translation [None req-01807683-4a7a-472f-8ad0-b1ca20e25a60 72125485dc4f412db7fc814f02203bac 46d7cb7eb0914adebdef1f830b23471e - - default default] GET failed (client error): The resource could not be found. [pid: 7|app: 0|req: 1221/2414] 10.0.0.46 () {32 vars in 720 bytes} [Wed Jul 8 23:09:06 2026] GET /v2.0/subnets/06898316-d5e1-4701-ae57-6395187d58a6 => generated 136 bytes in 27 msecs (HTTP/1.1 404) 4 headers in 164 bytes (1 switches on core 0) [pid: 8|app: 0|req: 1194/2415] 10.0.0.46 () {32 vars in 723 bytes} [Wed Jul 8 23:09:06 2026] DELETE /v2.0/subnets/a03b90a7-2919-4918-9281-88e3c5af84db => generated 0 bytes in 192 msecs (HTTP/1.1 204) 3 headers in 131 bytes (1 switches on core 0)
2026-07-08 23:09:06.727 7 INFO neutron.pecan_wsgi.hooks.translation [None req-8866825f-a9f4-4af6-be65-b48b283e5a85 72125485dc4f412db7fc814f02203bac 46d7cb7eb0914adebdef1f830b23471e - - default default] GET failed (client error): The resource could not be found. [pid: 7|app: 0|req: 1222/2416] 10.0.0.46 () {32 vars in 720 bytes} [Wed Jul 8 23:09:06 2026] GET /v2.0/subnets/a03b90a7-2919-4918-9281-88e3c5af84db => generated 136 bytes in 21 msecs (HTTP/1.1 404) 4 headers in 164 bytes (1 switches on core 0)
2026-07-08 23:09:06.836 8 INFO neutron_taas.services.taas.taas_plugin [None req-1ce3289c-2550-4a2e-a361-ffbb8bdfe3e9 72125485dc4f412db7fc814f02203bac 46d7cb7eb0914adebdef1f830b23471e - - default default] TaaS: Handle Delete Port: d96bd8fa-3bcf-41eb-b148-433b4f987de5
2026-07-08 23:09:06.839 8 INFO neutron_taas.services.taas.tap_mirror_plugin [None req-1ce3289c-2550-4a2e-a361-ffbb8bdfe3e9 72125485dc4f412db7fc814f02203bac 46d7cb7eb0914adebdef1f830b23471e - - default default] Tap Mirror: Handle Delete Port: d96bd8fa-3bcf-41eb-b148-433b4f987de5 [pid: 8|app: 0|req: 1195/2417] 10.0.0.46 () {32 vars in 725 bytes} [Wed Jul 8 23:09:06 2026] DELETE /v2.0/networks/690d6259-419f-43a9-ab73-ecdbaf957c47 => generated 0 bytes in 324 msecs (HTTP/1.1 204) 3 headers in 131 bytes (1 switches on core 0)
2026-07-08 23:09:07.079 7 INFO neutron.pecan_wsgi.hooks.translation [None req-d80ad105-c141-4eb1-8dd0-eba4a0c5b0a3 72125485dc4f412db7fc814f02203bac 46d7cb7eb0914adebdef1f830b23471e - - default default] GET failed (client error): The resource could not be found. [pid: 7|app: 0|req: 1223/2418] 10.0.0.46 () {32 vars in 722 bytes} [Wed Jul 8 23:09:07 2026] GET /v2.0/networks/690d6259-419f-43a9-ab73-ecdbaf957c47 => generated 138 bytes in 17 msecs (HTTP/1.1 404) 4 headers in 164 bytes (1 switches on core 0) [pid: 8|app: 0|req: 1196/2419] 10.0.0.46 () {32 vars in 723 bytes} [Wed Jul 8 23:09:07 2026] DELETE /v2.0/subnets/52b2c1dd-3f7b-48eb-bfe6-14e52aee5f45 => generated 0 bytes in 170 msecs (HTTP/1.1 204) 3 headers in 131 bytes (1 switches on core 0)
2026-07-08 23:09:07.283 7 INFO neutron.pecan_wsgi.hooks.translation [None req-f883ef73-176f-4f3f-8671-dd573d2e6888 72125485dc4f412db7fc814f02203bac 46d7cb7eb0914adebdef1f830b23471e - - default default] GET failed (client error): The resource could not be found. [pid: 7|app: 0|req: 1224/2420] 10.0.0.46 () {32 vars in 720 bytes} [Wed Jul 8 23:09:07 2026] GET /v2.0/subnets/52b2c1dd-3f7b-48eb-bfe6-14e52aee5f45 => generated 136 bytes in 24 msecs (HTTP/1.1 404) 4 headers in 164 bytes (1 switches on core 0) [pid: 8|app: 0|req: 1197/2421] 10.0.0.46 () {32 vars in 723 bytes} [Wed Jul 8 23:09:07 2026] DELETE /v2.0/subnets/94dbe43b-2f6c-4658-a793-05f0381267be => generated 0 bytes in 213 msecs (HTTP/1.1 204) 3 headers in 131 bytes (1 switches on core 0)
2026-07-08 23:09:07.523 7 INFO neutron.pecan_wsgi.hooks.translation [None req-a3caea00-02d5-452c-8fcf-58c94fdabdeb 72125485dc4f412db7fc814f02203bac 46d7cb7eb0914adebdef1f830b23471e - - default default] GET failed (client error): The resource could not be found. [pid: 7|app: 0|req: 1225/2422] 10.0.0.46 () {32 vars in 720 bytes} [Wed Jul 8 23:09:07 2026] GET /v2.0/subnets/94dbe43b-2f6c-4658-a793-05f0381267be => generated 136 bytes in 17 msecs (HTTP/1.1 404) 4 headers in 164 bytes (1 switches on core 0)
2026-07-08 23:09:07.622 8 INFO neutron_taas.services.taas.taas_plugin [None req-36492ab7-717e-4008-a6e9-ab301964f444 72125485dc4f412db7fc814f02203bac 46d7cb7eb0914adebdef1f830b23471e - - default default] TaaS: Handle Delete Port: 0b9d57e8-9227-4bcf-9490-def0cd1e2c12
2026-07-08 23:09:07.625 8 INFO neutron_taas.services.taas.tap_mirror_plugin [None req-36492ab7-717e-4008-a6e9-ab301964f444 72125485dc4f412db7fc814f02203bac 46d7cb7eb0914adebdef1f830b23471e - - default default] Tap Mirror: Handle Delete Port: 0b9d57e8-9227-4bcf-9490-def0cd1e2c12 [pid: 8|app: 0|req: 1198/2423] 10.0.0.46 () {32 vars in 725 bytes} [Wed Jul 8 23:09:07 2026] DELETE /v2.0/networks/fdd38285-ec01-41a3-9f34-cdaad73a6442 => generated 0 bytes in 285 msecs (HTTP/1.1 204) 3 headers in 131 bytes (1 switches on core 0)
2026-07-08 23:09:07.838 7 INFO neutron.pecan_wsgi.hooks.translation [None req-1b8ad124-4ae7-4410-9780-9ca37fb49465 72125485dc4f412db7fc814f02203bac 46d7cb7eb0914adebdef1f830b23471e - - default default] GET failed (client error): The resource could not be found. [pid: 7|app: 0|req: 1226/2424] 10.0.0.46 () {32 vars in 722 bytes} [Wed Jul 8 23:09:07 2026] GET /v2.0/networks/fdd38285-ec01-41a3-9f34-cdaad73a6442 => generated 138 bytes in 18 msecs (HTTP/1.1 404) 4 headers in 164 bytes (1 switches on core 0) [pid: 8|app: 0|req: 1199/2425] 10.0.0.46 () {32 vars in 723 bytes} [Wed Jul 8 23:09:07 2026] DELETE /v2.0/subnets/0c595f4f-f923-48bc-9069-19c6cd6cc5b9 => generated 0 bytes in 145 msecs (HTTP/1.1 204) 3 headers in 131 bytes (1 switches on core 0)
2026-07-08 23:09:08.012 7 INFO neutron.pecan_wsgi.hooks.translation [None req-7723dba5-658c-4a13-87a4-7a4b6a6b6c71 72125485dc4f412db7fc814f02203bac 46d7cb7eb0914adebdef1f830b23471e - - default default] GET failed (client error): The resource could not be found. [pid: 7|app: 0|req: 1227/2426] 10.0.0.46 () {32 vars in 720 bytes} [Wed Jul 8 23:09:07 2026] GET /v2.0/subnets/0c595f4f-f923-48bc-9069-19c6cd6cc5b9 => generated 136 bytes in 19 msecs (HTTP/1.1 404) 4 headers in 164 bytes (1 switches on core 0) [pid: 8|app: 0|req: 1200/2427] 10.0.0.46 () {32 vars in 723 bytes} [Wed Jul 8 23:09:08 2026] DELETE /v2.0/subnets/82f30a12-0f33-4633-95e3-1f02b215a063 => generated 0 bytes in 171 msecs (HTTP/1.1 204) 3 headers in 131 bytes (1 switches on core 0)
2026-07-08 23:09:08.214 7 INFO neutron.pecan_wsgi.hooks.translation [None req-be3b767b-bfef-43e2-bd73-cf2e3ec62d68 72125485dc4f412db7fc814f02203bac 46d7cb7eb0914adebdef1f830b23471e - - default default] GET failed (client error): The resource could not be found. [pid: 7|app: 0|req: 1228/2428] 10.0.0.46 () {32 vars in 720 bytes} [Wed Jul 8 23:09:08 2026] GET /v2.0/subnets/82f30a12-0f33-4633-95e3-1f02b215a063 => generated 136 bytes in 20 msecs (HTTP/1.1 404) 4 headers in 164 bytes (1 switches on core 0)
2026-07-08 23:09:08.230 8 INFO neutron.services.segments.plugin [-] Segment 7c33859b-984f-49ec-b323-cd3ddada2fb7 resource provider aggregate not found
2026-07-08 23:09:08.234 8 INFO neutron.services.segments.plugin [-] Segment 7c33859b-984f-49ec-b323-cd3ddada2fb7 resource provider aggregate not found
2026-07-08 23:09:08.254 8 INFO neutron.services.segments.plugin [-] Client error retrieving segment 7c33859b-984f-49ec-b323-cd3ddada2fb7 resource provider; error: Placement Client Error (4xx): {"errors": [{"status": 404, "title": "Not Found", "detail": "The resource could not be found.\n\n No resource provider with uuid 7c33859b-984f-49ec-b323-cd3ddada2fb7 found for delete ", "request_id": "req-7030a11d-4c16-4889-89f6-53fc0bba24b8"}]}
2026-07-08 23:09:08.260 8 INFO neutron.services.segments.plugin [-] Client error retrieving segment 7c33859b-984f-49ec-b323-cd3ddada2fb7 resource provider; error: Placement Client Error (4xx): {"errors": [{"status": 404, "title": "Not Found", "detail": "The resource could not be found.\n\n No resource provider with uuid 7c33859b-984f-49ec-b323-cd3ddada2fb7 found for delete ", "request_id": "req-772ff2ab-936e-4636-91b8-d1360b496bd0"}]}
2026-07-08 23:09:08.275 8 INFO neutron.services.segments.plugin [-] Segment 885b1e75-b223-4122-8fdc-331af7081d7b resource provider aggregate not found
2026-07-08 23:09:08.280 8 INFO neutron.services.segments.plugin [-] Segment 885b1e75-b223-4122-8fdc-331af7081d7b resource provider aggregate not found
2026-07-08 23:09:08.308 8 INFO neutron.services.segments.plugin [-] Client error retrieving segment 885b1e75-b223-4122-8fdc-331af7081d7b resource provider; error: Placement Client Error (4xx): {"errors": [{"status": 404, "title": "Not Found", "detail": "The resource could not be found.\n\n No resource provider with uuid 885b1e75-b223-4122-8fdc-331af7081d7b found for delete ", "request_id": "req-48c8b197-7f49-4752-92df-024e98bae4d3"}]}
2026-07-08 23:09:08.312 8 INFO neutron.services.segments.plugin [-] Client error retrieving segment 885b1e75-b223-4122-8fdc-331af7081d7b resource provider; error: Placement Client Error (4xx): {"errors": [{"status": 404, "title": "Not Found", "detail": "The resource could not be found.\n\n No resource provider with uuid 885b1e75-b223-4122-8fdc-331af7081d7b found for delete ", "request_id": "req-084c2d3c-f1b7-45c9-881c-86cab158926b"}]}
2026-07-08 23:09:08.376 8 INFO neutron_taas.services.taas.taas_plugin [None req-edafc230-28b6-4994-8195-df3ac1d7304b 72125485dc4f412db7fc814f02203bac 46d7cb7eb0914adebdef1f830b23471e - - default default] TaaS: Handle Delete Port: ff489c92-5fb6-479a-bd02-9c6016cb5cf4
2026-07-08 23:09:08.381 8 INFO neutron_taas.services.taas.tap_mirror_plugin [None req-edafc230-28b6-4994-8195-df3ac1d7304b 72125485dc4f412db7fc814f02203bac 46d7cb7eb0914adebdef1f830b23471e - - default default] Tap Mirror: Handle Delete Port: ff489c92-5fb6-479a-bd02-9c6016cb5cf4 [pid: 8|app: 0|req: 1201/2429] 10.0.0.46 () {32 vars in 725 bytes} [Wed Jul 8 23:09:08 2026] DELETE /v2.0/networks/8b0fc99c-bd13-4df9-91dd-64f2990708c5 => generated 0 bytes in 390 msecs (HTTP/1.1 204) 3 headers in 131 bytes (1 switches on core 0)
2026-07-08 23:09:08.632 7 INFO neutron.pecan_wsgi.hooks.translation [None req-be81b79b-618a-44f0-ab3d-3d6ed9ade5fb 72125485dc4f412db7fc814f02203bac 46d7cb7eb0914adebdef1f830b23471e - - default default] GET failed (client error): The resource could not be found. [pid: 7|app: 0|req: 1229/2430] 10.0.0.46 () {32 vars in 722 bytes} [Wed Jul 8 23:09:08 2026] GET /v2.0/networks/8b0fc99c-bd13-4df9-91dd-64f2990708c5 => generated 138 bytes in 15 msecs (HTTP/1.1 404) 4 headers in 164 bytes (1 switches on core 0)
2026-07-08 23:09:10.330 8 INFO neutron.services.segments.plugin [-] Segment 267b4a05-5c05-48cf-bf87-0ea31ece18df resource provider aggregate not found
2026-07-08 23:09:10.337 8 INFO neutron.services.segments.plugin [-] Segment 267b4a05-5c05-48cf-bf87-0ea31ece18df resource provider aggregate not found
2026-07-08 23:09:10.351 8 INFO neutron.services.segments.plugin [-] Client error retrieving segment 267b4a05-5c05-48cf-bf87-0ea31ece18df resource provider; error: Placement Client Error (4xx): {"errors": [{"status": 404, "title": "Not Found", "detail": "The resource could not be found.\n\n No resource provider with uuid 267b4a05-5c05-48cf-bf87-0ea31ece18df found for delete ", "request_id": "req-39426c6e-6760-41a9-bb04-9c8eb708a607"}]}
2026-07-08 23:09:10.360 8 INFO neutron.services.segments.plugin [-] Client error retrieving segment 267b4a05-5c05-48cf-bf87-0ea31ece18df resource provider; error: Placement Client Error (4xx): {"errors": [{"status": 404, "title": "Not Found", "detail": "The resource could not be found.\n\n No resource provider with uuid 267b4a05-5c05-48cf-bf87-0ea31ece18df found for delete ", "request_id": "req-4a05d3ad-6ae8-45a7-aca7-61a77cb165e9"}]}
2026-07-08 23:09:10.983 8 WARNING neutron.db.securitygroups_db [None req-d151883b-f90d-4614-8ff5-8a165a2fcbb6 56b1b555960e4a088d9679971d892ac6 48a66b3cf4c740a8aed32ef900453ef5 - - default default] project_id key not found in filters, using tenant_id instead. This support has been deprecated and will be removed in a future release. [pid: 8|app: 0|req: 1202/2431] 10.0.0.46 () {32 vars in 773 bytes} [Wed Jul 8 23:09:10 2026] GET /v2.0/security-groups?tenant_id=ea8a4bf96c234e95a0b9d9bf0392de53&name=default => generated 2929 bytes in 283 msecs (HTTP/1.1 200) 4 headers in 158 bytes (1 switches on core 0) [pid: 7|app: 0|req: 1230/2432] 10.0.0.46 () {32 vars in 739 bytes} [Wed Jul 8 23:09:11 2026] DELETE /v2.0/security-groups/08aeb16b-fd0b-4ee6-a1dd-bebe6fb4805f => generated 0 bytes in 123 msecs (HTTP/1.1 204) 2 headers in 112 bytes (1 switches on core 0)
2026-07-08 23:09:11.365 8 WARNING neutron.db.securitygroups_db [None req-71b84dca-356a-49cc-a071-c4fb96996227 56b1b555960e4a088d9679971d892ac6 48a66b3cf4c740a8aed32ef900453ef5 - - default default] project_id key not found in filters, using tenant_id instead. This support has been deprecated and will be removed in a future release. [pid: 8|app: 0|req: 1203/2433] 10.0.0.46 () {32 vars in 773 bytes} [Wed Jul 8 23:09:11 2026] GET /v2.0/security-groups?tenant_id=f8fa9f29a22d43c4b2b5ffc6d0aa0e31&name=default => generated 2929 bytes in 138 msecs (HTTP/1.1 200) 4 headers in 158 bytes (1 switches on core 0) [pid: 7|app: 0|req: 1231/2434] 10.0.0.46 () {32 vars in 739 bytes} [Wed Jul 8 23:09:11 2026] DELETE /v2.0/security-groups/cd8ccffa-bf76-4192-a038-56fa9664a10e => generated 0 bytes in 113 msecs (HTTP/1.1 204) 2 headers in 112 bytes (1 switches on core 0)
2026-07-08 23:09:11.852 8 WARNING neutron.db.securitygroups_db [None req-2b43f5fe-fd2e-46e9-8817-85cfe6af86a8 56b1b555960e4a088d9679971d892ac6 48a66b3cf4c740a8aed32ef900453ef5 - - default default] project_id key not found in filters, using tenant_id instead. This support has been deprecated and will be removed in a future release. [pid: 8|app: 0|req: 1204/2435] 10.0.0.46 () {32 vars in 773 bytes} [Wed Jul 8 23:09:11 2026] GET /v2.0/security-groups?tenant_id=e6d1bfe6dc8944f88697c2b55b563f5d&name=default => generated 2929 bytes in 130 msecs (HTTP/1.1 200) 4 headers in 158 bytes (1 switches on core 0) [pid: 7|app: 0|req: 1232/2436] 10.0.0.46 () {32 vars in 739 bytes} [Wed Jul 8 23:09:11 2026] DELETE /v2.0/security-groups/0d41ed4c-3fcd-4bea-90ae-9fbd50864186 => generated 0 bytes in 105 msecs (HTTP/1.1 204) 2 headers in 112 bytes (1 switches on core 0)
2026-07-08 23:09:12.257 8 WARNING neutron.db.securitygroups_db [None req-0c07c4d6-7c35-4063-9949-e3032410003b 56b1b555960e4a088d9679971d892ac6 48a66b3cf4c740a8aed32ef900453ef5 - - default default] project_id key not found in filters, using tenant_id instead. This support has been deprecated and will be removed in a future release. [pid: 8|app: 0|req: 1205/2437] 10.0.0.46 () {32 vars in 773 bytes} [Wed Jul 8 23:09:12 2026] GET /v2.0/security-groups?tenant_id=dfffe621a71e40e9959162f14a724447&name=default => generated 2929 bytes in 191 msecs (HTTP/1.1 200) 4 headers in 158 bytes (1 switches on core 0) [pid: 7|app: 0|req: 1233/2438] 10.0.0.46 () {32 vars in 739 bytes} [Wed Jul 8 23:09:12 2026] DELETE /v2.0/security-groups/a54e9a0b-2bce-4283-b0ff-a06597be644b => generated 0 bytes in 107 msecs (HTTP/1.1 204) 2 headers in 112 bytes (1 switches on core 0)
2026-07-08 23:09:12.704 8 WARNING neutron.db.securitygroups_db [None req-84c78914-08d0-4b97-a96c-22fc3e3adb7e 56b1b555960e4a088d9679971d892ac6 48a66b3cf4c740a8aed32ef900453ef5 - - default default] project_id key not found in filters, using tenant_id instead. This support has been deprecated and will be removed in a future release. [pid: 8|app: 0|req: 1206/2439] 10.0.0.46 () {32 vars in 773 bytes} [Wed Jul 8 23:09:12 2026] GET /v2.0/security-groups?tenant_id=2e05aa145855415188b43c9b94321dce&name=default => generated 2929 bytes in 155 msecs (HTTP/1.1 200) 4 headers in 158 bytes (1 switches on core 0) [pid: 7|app: 0|req: 1234/2440] 10.0.0.46 () {32 vars in 739 bytes} [Wed Jul 8 23:09:12 2026] DELETE /v2.0/security-groups/0dc2f7b6-40dc-4d50-9318-abd2dff785b1 => generated 0 bytes in 117 msecs (HTTP/1.1 204) 2 headers in 112 bytes (1 switches on core 0)
2026-07-08 23:09:13.153 8 WARNING neutron.db.securitygroups_db [None req-fb3221d4-de6b-46f8-8f84-dd59c291d748 56b1b555960e4a088d9679971d892ac6 48a66b3cf4c740a8aed32ef900453ef5 - - default default] project_id key not found in filters, using tenant_id instead. This support has been deprecated and will be removed in a future release. [pid: 8|app: 0|req: 1207/2441] 10.0.0.46 () {32 vars in 773 bytes} [Wed Jul 8 23:09:13 2026] GET /v2.0/security-groups?tenant_id=46d7cb7eb0914adebdef1f830b23471e&name=default => generated 2929 bytes in 32 msecs (HTTP/1.1 200) 4 headers in 158 bytes (1 switches on core 0) [pid: 7|app: 0|req: 1235/2442] 10.0.0.46 () {32 vars in 739 bytes} [Wed Jul 8 23:09:13 2026] DELETE /v2.0/security-groups/5a5a28ed-7c8d-44e3-91ef-bf889d5a005b => generated 0 bytes in 131 msecs (HTTP/1.1 204) 2 headers in 112 bytes (1 switches on core 0)
2026-07-08 23:09:13.536 8 WARNING neutron.db.securitygroups_db [None req-0e6c3f8d-5c98-4e96-92e9-1a35c8a9890c 56b1b555960e4a088d9679971d892ac6 48a66b3cf4c740a8aed32ef900453ef5 - - default default] project_id key not found in filters, using tenant_id instead. This support has been deprecated and will be removed in a future release. [pid: 8|app: 0|req: 1208/2443] 10.0.0.46 () {32 vars in 773 bytes} [Wed Jul 8 23:09:13 2026] GET /v2.0/security-groups?tenant_id=e8f27cb7810e4084a3ac9bcf7de3e9fd&name=default => generated 2929 bytes in 136 msecs (HTTP/1.1 200) 4 headers in 158 bytes (1 switches on core 0) [pid: 7|app: 0|req: 1236/2446] 10.0.0.46 () {32 vars in 739 bytes} [Wed Jul 8 23:09:13 2026] DELETE /v2.0/security-groups/e2455935-8732-449d-a91e-67c1f77ed115 => generated 0 bytes in 115 msecs (HTTP/1.1 204) 2 headers in 112 bytes (1 switches on core 0)