2026-07-07 17:22:50.025 16 INFO neutron.plugins.ml2.plugin [None req-c86cde9f-d80e-43fe-ab84-6b802407fb0a - - - - - -] Attempt 1 to provision port 5a52d0a3-391e-4eb4-abe9-5b24acb70ff0
2026-07-07 17:22:50.593 16 INFO neutron.plugins.ml2.plugin [None req-c86cde9f-d80e-43fe-ab84-6b802407fb0a - - - - - -] Attempt 1 to provision port bcc8111a-1881-4875-8596-60fef65b1190
2026-07-07 17:22:50.743 16 INFO neutron.notifiers.nova [-] Nova event matching ['req-e50cd380-5f30-4211-9514-9c99ca44e065'] response: {'server_uuid': '0fedcaac-7b86-483b-9efe-7d8a292e59f9', 'name': 'network-vif-plugged', 'status': 'completed', 'tag': 'bcc8111a-1881-4875-8596-60fef65b1190', 'code': 200}
2026-07-07 17:22:51.860 16 INFO neutron.plugins.ml2.plugin [None req-c86cde9f-d80e-43fe-ab84-6b802407fb0a - - - - - -] Attempt 1 to provision port 5a52d0a3-391e-4eb4-abe9-5b24acb70ff0
2026-07-07 17:22:52.074 16 INFO neutron.plugins.ml2.plugin [None req-c86cde9f-d80e-43fe-ab84-6b802407fb0a - - - - - -] Attempt 1 to provision port bcc8111a-1881-4875-8596-60fef65b1190
2026-07-07 17:22:52.267 16 INFO neutron.plugins.ml2.plugin [None req-c86cde9f-d80e-43fe-ab84-6b802407fb0a - - - - - -] Attempt 1 to provision port b83b6814-dd9b-4f66-aef4-7a948856579d
2026-07-07 17:22:54.024 16 INFO neutron.plugins.ml2.plugin [None req-c86cde9f-d80e-43fe-ab84-6b802407fb0a - - - - - -] Attempt 1 to provision port b83b6814-dd9b-4f66-aef4-7a948856579d
2026-07-07 17:22:57.091 16 INFO neutron.plugins.ml2.plugin [None req-95cf8544-810e-4c9e-8363-f55195a05933 - - - - - -] Attempt 1 to provision port 6f89517b-6341-4a67-a6b8-c858bc2cb1cf
2026-07-07 17:22:57.141 16 INFO neutron.plugins.ml2.plugin [None req-95cf8544-810e-4c9e-8363-f55195a05933 - - - - - -] Attempt 1 to provision port a14627f9-be02-43c1-9da5-83e6095dfbba
2026-07-07 17:22:57.452 16 INFO neutron.plugins.ml2.plugin [None req-95cf8544-810e-4c9e-8363-f55195a05933 - - - - - -] Attempt 1 to provision port c7d9091b-adfb-4151-85ba-d1a5db73897d
2026-07-07 17:22:57.533 16 INFO neutron.plugins.ml2.plugin [None req-95cf8544-810e-4c9e-8363-f55195a05933 - - - - - -] Attempt 1 to provision port 0b3d711f-8eac-4cad-aad9-9bd986d1c025
2026-07-07 17:22:57.595 16 INFO neutron.plugins.ml2.plugin [None req-95cf8544-810e-4c9e-8363-f55195a05933 - - - - - -] Attempt 1 to provision port c9b9452d-d366-4ce2-aaa0-8d4b642add60
2026-07-07 17:22:57.822 13 INFO neutron.plugins.ml2.plugin [None req-c86cde9f-d80e-43fe-ab84-6b802407fb0a - - - - - -] Attempt 1 to provision port a14627f9-be02-43c1-9da5-83e6095dfbba
2026-07-07 17:22:57.868 16 INFO neutron.plugins.ml2.plugin [None req-95cf8544-810e-4c9e-8363-f55195a05933 - - - - - -] Attempt 1 to provision port 8f33d106-0948-4856-b8df-a6112461ed67
2026-07-07 17:22:58.007 13 INFO neutron.plugins.ml2.plugin [None req-c86cde9f-d80e-43fe-ab84-6b802407fb0a - - - - - -] Attempt 1 to provision port 8f33d106-0948-4856-b8df-a6112461ed67
2026-07-07 17:22:58.141 13 INFO neutron.plugins.ml2.plugin [None req-c86cde9f-d80e-43fe-ab84-6b802407fb0a - - - - - -] Attempt 1 to provision port c9b9452d-d366-4ce2-aaa0-8d4b642add60
2026-07-07 17:22:58.180 16 INFO neutron.plugins.ml2.plugin [None req-95cf8544-810e-4c9e-8363-f55195a05933 - - - - - -] Attempt 1 to provision port da0c63aa-018f-4d58-a9dc-8920faaa658d
2026-07-07 17:22:58.267 16 INFO neutron.plugins.ml2.plugin [None req-95cf8544-810e-4c9e-8363-f55195a05933 - - - - - -] Attempt 1 to provision port e36cd6ca-0b5e-4caa-95c6-b4441b19ccbb
2026-07-07 17:22:58.303 16 INFO neutron.plugins.ml2.plugin [None req-95cf8544-810e-4c9e-8363-f55195a05933 - - - - - -] Attempt 1 to provision port b83b6814-dd9b-4f66-aef4-7a948856579d
2026-07-07 17:22:59.707 16 INFO neutron.plugins.ml2.plugin [None req-c86cde9f-d80e-43fe-ab84-6b802407fb0a - - - - - -] Attempt 1 to provision port c7d9091b-adfb-4151-85ba-d1a5db73897d
2026-07-07 17:23:00.056 16 INFO neutron.plugins.ml2.plugin [None req-c86cde9f-d80e-43fe-ab84-6b802407fb0a - - - - - -] Attempt 1 to provision port 8f33d106-0948-4856-b8df-a6112461ed67
2026-07-07 17:23:00.193 16 INFO neutron.plugins.ml2.plugin [None req-c86cde9f-d80e-43fe-ab84-6b802407fb0a - - - - - -] Attempt 1 to provision port c9b9452d-d366-4ce2-aaa0-8d4b642add60
2026-07-07 17:23:01.260 16 INFO neutron.plugins.ml2.plugin [None req-8ddbb04b-5d1b-436c-9a56-ed338eb63b1b - - - - - -] Attempt 1 to provision port e36cd6ca-0b5e-4caa-95c6-b4441b19ccbb
2026-07-07 17:23:02.910 13 INFO neutron.plugins.ml2.plugin [None req-c86cde9f-d80e-43fe-ab84-6b802407fb0a - - - - - -] Attempt 1 to provision port c7d9091b-adfb-4151-85ba-d1a5db73897d
2026-07-07 17:23:03.152 13 INFO neutron.plugins.ml2.plugin [None req-c86cde9f-d80e-43fe-ab84-6b802407fb0a - - - - - -] Attempt 1 to provision port b99247c9-a384-4fdb-a776-8f99edd424b7
2026-07-07 17:23:03.258 13 INFO neutron.notifiers.nova [-] Nova event matching ['req-2c4b5b00-8552-4ba5-96a8-c32c03c71a16'] response: {'server_uuid': '517d55a5-7607-4d31-b463-c2481601590b', 'name': 'network-vif-plugged', 'status': 'completed', 'tag': 'b99247c9-a384-4fdb-a776-8f99edd424b7', 'code': 200}
2026-07-07 17:23:03.757 13 INFO neutron.plugins.ml2.plugin [None req-de512880-2968-4efa-9396-53f619bcaf04 - - - - - -] Attempt 1 to provision port e36cd6ca-0b5e-4caa-95c6-b4441b19ccbb
2026-07-07 17:23:04.265 16 INFO neutron.plugins.ml2.plugin [None req-c86cde9f-d80e-43fe-ab84-6b802407fb0a - - - - - -] Attempt 1 to provision port b99247c9-a384-4fdb-a776-8f99edd424b7
2026-07-07 17:23:06.046 13 INFO neutron.plugins.ml2.plugin [None req-c86cde9f-d80e-43fe-ab84-6b802407fb0a - - - - - -] Attempt 1 to provision port da0c63aa-018f-4d58-a9dc-8920faaa658d
2026-07-07 17:23:06.368 16 INFO neutron.plugins.ml2.plugin [None req-0a6ab4d0-8b0a-487f-b38c-03d89fc94963 - - - - - -] Attempt 1 to provision port b99247c9-a384-4fdb-a776-8f99edd424b7
2026-07-07 17:23:06.386 13 INFO neutron.plugins.ml2.plugin [None req-c86cde9f-d80e-43fe-ab84-6b802407fb0a - - - - - -] Attempt 1 to provision port e36cd6ca-0b5e-4caa-95c6-b4441b19ccbb
2026-07-07 17:23:08.070 16 INFO neutron.plugins.ml2.plugin [None req-c86cde9f-d80e-43fe-ab84-6b802407fb0a - - - - - -] Attempt 1 to provision port da0c63aa-018f-4d58-a9dc-8920faaa658d
2026-07-07 17:23:08.230 16 INFO neutron.plugins.ml2.plugin [None req-c86cde9f-d80e-43fe-ab84-6b802407fb0a - - - - - -] Attempt 1 to provision port e36cd6ca-0b5e-4caa-95c6-b4441b19ccbb
2026-07-07 17:23:10.208 13 INFO neutron.plugins.ml2.plugin [None req-c86cde9f-d80e-43fe-ab84-6b802407fb0a - - - - - -] Attempt 1 to provision port f796c3bb-8df8-47b7-9841-9900f39cc5ef
2026-07-07 17:23:12.136 16 INFO neutron.plugins.ml2.plugin [None req-c86cde9f-d80e-43fe-ab84-6b802407fb0a - - - - - -] Attempt 1 to provision port a8e4e448-61bc-4a83-8432-1f6df0dd2f58
2026-07-07 17:23:12.556 16 INFO neutron.plugins.ml2.plugin [None req-c86cde9f-d80e-43fe-ab84-6b802407fb0a - - - - - -] Attempt 1 to provision port f796c3bb-8df8-47b7-9841-9900f39cc5ef
2026-07-07 17:23:13.401 13 INFO neutron.notifiers.nova [-] Nova event matching ['req-cc1372f3-6d8b-42cb-a458-978e5b795bff'] response: {'server_uuid': 'b1bd0c55-2d12-4ccc-985a-8c87270ed74e', 'name': 'network-vif-unplugged', 'status': 'completed', 'tag': '6f89517b-6341-4a67-a6b8-c858bc2cb1cf', 'code': 200}
2026-07-07 17:23:14.011 13 INFO neutron.plugins.ml2.plugin [None req-c86cde9f-d80e-43fe-ab84-6b802407fb0a - - - - - -] Attempt 1 to provision port a8e4e448-61bc-4a83-8432-1f6df0dd2f58
2026-07-07 17:23:14.475 16 INFO neutron.plugins.ml2.plugin [None req-19bc5d67-f463-485d-a821-0d51e9d10638 - - - - - -] Attempt 1 to provision port f796c3bb-8df8-47b7-9841-9900f39cc5ef
2026-07-07 17:23:14.541 16 INFO neutron.plugins.ml2.plugin [None req-19bc5d67-f463-485d-a821-0d51e9d10638 - - - - - -] Attempt 1 to provision port ccc56ab9-83be-41f7-834e-26955e3c963b
2026-07-07 17:23:14.576 16 INFO neutron.plugins.ml2.plugin [None req-19bc5d67-f463-485d-a821-0d51e9d10638 - - - - - -] Attempt 1 to provision port 47e578ef-a78d-49b1-846a-0a7e52d604bd
2026-07-07 17:23:16.943 16 INFO neutron.plugins.ml2.plugin [None req-c86cde9f-d80e-43fe-ab84-6b802407fb0a - - - - - -] Attempt 1 to provision port 6f89517b-6341-4a67-a6b8-c858bc2cb1cf
2026-07-07 17:23:17.143 16 INFO neutron.notifiers.nova [-] Nova event matching ['req-1d676b55-ffad-4af2-bda8-a52a83005dac'] response: {'server_uuid': 'b1bd0c55-2d12-4ccc-985a-8c87270ed74e', 'name': 'network-vif-plugged', 'status': 'completed', 'tag': '6f89517b-6341-4a67-a6b8-c858bc2cb1cf', 'code': 200}
2026-07-07 17:23:18.543 13 INFO neutron.plugins.ml2.plugin [None req-c86cde9f-d80e-43fe-ab84-6b802407fb0a - - - - - -] Attempt 1 to provision port 6f89517b-6341-4a67-a6b8-c858bc2cb1cf
2026-07-07 17:23:18.848 13 INFO neutron.plugins.ml2.plugin [None req-93830ee7-c872-4c91-95d8-ca005679241b - - - - - -] Attempt 1 to provision port ccc56ab9-83be-41f7-834e-26955e3c963b
2026-07-07 17:23:23.118 13 INFO neutron.plugins.ml2.plugin [None req-c86cde9f-d80e-43fe-ab84-6b802407fb0a - - - - - -] Attempt 1 to provision port 8921f353-b165-4e9c-a143-2cda28574050
2026-07-07 17:23:23.295 13 INFO neutron.notifiers.nova [-] Nova event matching ['req-e38c6abc-bacd-45ee-8492-a3eb82f700e6'] response: {'server_uuid': '292c444f-fce2-4025-8b80-917b09e453ba', 'name': 'network-vif-plugged', 'status': 'completed', 'tag': '8921f353-b165-4e9c-a143-2cda28574050', 'code': 200}
2026-07-07 17:23:24.233 13 INFO neutron.plugins.ml2.plugin [None req-c86cde9f-d80e-43fe-ab84-6b802407fb0a - - - - - -] Attempt 1 to provision port 8921f353-b165-4e9c-a143-2cda28574050
2026-07-07 17:23:25.240 16 INFO neutron.plugins.ml2.plugin [None req-8f167dad-5ff7-41cf-a672-9980764cbd31 - - - - - -] Attempt 1 to provision port 8921f353-b165-4e9c-a143-2cda28574050
2026-07-07 17:23:25.306 16 INFO neutron.plugins.ml2.plugin [None req-8f167dad-5ff7-41cf-a672-9980764cbd31 - - - - - -] Attempt 1 to provision port 33ac6a55-9256-45c6-8569-21f100acbab5
2026-07-07 17:23:26.365 13 INFO neutron.plugins.ml2.plugin [None req-c86cde9f-d80e-43fe-ab84-6b802407fb0a - - - - - -] Attempt 1 to provision port 3c1b0f07-0620-461b-9582-61591451ed51
2026-07-07 17:23:28.548 13 INFO neutron.plugins.ml2.plugin [None req-c86cde9f-d80e-43fe-ab84-6b802407fb0a - - - - - -] Attempt 1 to provision port 3c1b0f07-0620-461b-9582-61591451ed51
2026-07-07 17:23:30.441 13 INFO neutron.plugins.ml2.plugin [None req-c86cde9f-d80e-43fe-ab84-6b802407fb0a - - - - - -] Attempt 1 to provision port 00e373be-984b-47a7-ada2-1268870c857b
2026-07-07 17:23:32.531 16 INFO neutron.plugins.ml2.plugin [None req-c86cde9f-d80e-43fe-ab84-6b802407fb0a - - - - - -] Attempt 1 to provision port f79ed9ac-dd65-4408-908c-2c482e9cf00c
2026-07-07 17:23:33.300 16 INFO neutron.plugins.ml2.plugin [None req-c86cde9f-d80e-43fe-ab84-6b802407fb0a - - - - - -] Attempt 1 to provision port 00e373be-984b-47a7-ada2-1268870c857b
2026-07-07 17:23:33.954 16 INFO neutron.plugins.ml2.plugin [None req-5af3249c-5d43-465f-913c-d160343d2927 - - - - - -] Attempt 1 to provision port 95deca63-8087-4c4d-b374-e59de83436cb
2026-07-07 17:23:33.986 16 INFO neutron.plugins.ml2.plugin [None req-5af3249c-5d43-465f-913c-d160343d2927 - - - - - -] Attempt 1 to provision port 00e373be-984b-47a7-ada2-1268870c857b
2026-07-07 17:23:34.597 13 INFO neutron.plugins.ml2.plugin [None req-c86cde9f-d80e-43fe-ab84-6b802407fb0a - - - - - -] Attempt 1 to provision port f79ed9ac-dd65-4408-908c-2c482e9cf00c
2026-07-07 17:23:38.383 16 INFO neutron.plugins.ml2.plugin [None req-c86cde9f-d80e-43fe-ab84-6b802407fb0a - - - - - -] Attempt 1 to provision port 1816b7e2-45b6-4fda-a00e-f1e767e72dbc
2026-07-07 17:23:38.576 13 INFO neutron.plugins.ml2.plugin [None req-487326d4-52d1-404a-9d9b-dea73445f95f - - - - - -] Attempt 1 to provision port 8dcb2347-930b-4c9a-8447-30220a803e37
2026-07-07 17:23:38.598 13 INFO neutron.plugins.ml2.plugin [None req-487326d4-52d1-404a-9d9b-dea73445f95f - - - - - -] Attempt 1 to provision port 1816b7e2-45b6-4fda-a00e-f1e767e72dbc
2026-07-07 17:23:40.370 13 INFO neutron.plugins.ml2.plugin [None req-c86cde9f-d80e-43fe-ab84-6b802407fb0a - - - - - -] Attempt 1 to provision port 1816b7e2-45b6-4fda-a00e-f1e767e72dbc
2026-07-07 17:23:44.738 13 INFO neutron.plugins.ml2.plugin [None req-870abe8b-c683-4395-a0c4-09f6432a833d - - - - - -] Attempt 1 to provision port 30a6f982-cf57-4641-8ce6-d782f8fe941d
2026-07-07 17:23:47.754 16 INFO neutron.plugins.ml2.plugin [None req-c86cde9f-d80e-43fe-ab84-6b802407fb0a - - - - - -] Attempt 1 to provision port 33ac6a55-9256-45c6-8569-21f100acbab5
2026-07-07 17:23:48.069 16 INFO neutron.plugins.ml2.plugin [None req-c86cde9f-d80e-43fe-ab84-6b802407fb0a - - - - - -] Attempt 1 to provision port 95deca63-8087-4c4d-b374-e59de83436cb
2026-07-07 17:23:48.358 16 INFO neutron.plugins.ml2.plugin [None req-c86cde9f-d80e-43fe-ab84-6b802407fb0a - - - - - -] Attempt 1 to provision port 071d6f62-381f-4a22-9bdc-d83cbd19bf64
2026-07-07 17:23:48.470 16 INFO neutron.notifiers.nova [-] Nova event matching ['req-6c3a3b60-0a9c-4ad8-941f-3dcf4e30cbc6'] response: {'server_uuid': 'b20980b2-9e38-4d79-a0c5-d85e1e0e9236', 'name': 'network-vif-plugged', 'status': 'completed', 'tag': '071d6f62-381f-4a22-9bdc-d83cbd19bf64', 'code': 200}
2026-07-07 17:23:50.119 16 INFO neutron.plugins.ml2.plugin [None req-4b7a490a-1ee0-4368-8968-0e6a42d1c497 - - - - - -] Attempt 1 to provision port 8dcb2347-930b-4c9a-8447-30220a803e37
2026-07-07 17:23:50.125 13 INFO neutron.plugins.ml2.plugin [None req-c86cde9f-d80e-43fe-ab84-6b802407fb0a - - - - - -] Attempt 1 to provision port 30a6f982-cf57-4641-8ce6-d782f8fe941d
2026-07-07 17:23:50.273 16 INFO neutron.plugins.ml2.plugin [None req-4b7a490a-1ee0-4368-8968-0e6a42d1c497 - - - - - -] Attempt 1 to provision port 1816b7e2-45b6-4fda-a00e-f1e767e72dbc
2026-07-07 17:23:50.329 16 INFO neutron.plugins.ml2.plugin [None req-4b7a490a-1ee0-4368-8968-0e6a42d1c497 - - - - - -] Attempt 1 to provision port 071d6f62-381f-4a22-9bdc-d83cbd19bf64
2026-07-07 17:23:50.441 13 INFO neutron.plugins.ml2.plugin [None req-c86cde9f-d80e-43fe-ab84-6b802407fb0a - - - - - -] Attempt 1 to provision port 33ac6a55-9256-45c6-8569-21f100acbab5
2026-07-07 17:23:50.661 13 INFO neutron.plugins.ml2.plugin [None req-c86cde9f-d80e-43fe-ab84-6b802407fb0a - - - - - -] Attempt 1 to provision port 95deca63-8087-4c4d-b374-e59de83436cb
2026-07-07 17:23:50.880 13 INFO neutron.plugins.ml2.plugin [None req-c86cde9f-d80e-43fe-ab84-6b802407fb0a - - - - - -] Attempt 1 to provision port 071d6f62-381f-4a22-9bdc-d83cbd19bf64
2026-07-07 17:23:51.126 13 INFO neutron.plugins.ml2.plugin [None req-c86cde9f-d80e-43fe-ab84-6b802407fb0a - - - - - -] Attempt 1 to provision port 8dcb2347-930b-4c9a-8447-30220a803e37
2026-07-07 17:23:52.529 13 INFO neutron.plugins.ml2.plugin [None req-c86cde9f-d80e-43fe-ab84-6b802407fb0a - - - - - -] Attempt 1 to provision port 30a6f982-cf57-4641-8ce6-d782f8fe941d
2026-07-07 17:23:52.700 13 INFO neutron.plugins.ml2.plugin [None req-c86cde9f-d80e-43fe-ab84-6b802407fb0a - - - - - -] Attempt 1 to provision port 8dcb2347-930b-4c9a-8447-30220a803e37
2026-07-07 17:23:53.220 16 INFO neutron.plugins.ml2.plugin [None req-ded91b5b-a22b-4486-a97e-8e4a701a0c93 - - - - - -] Attempt 1 to provision port 8dcb2347-930b-4c9a-8447-30220a803e37
2026-07-07 17:24:02.616 16 INFO neutron.plugins.ml2.plugin [None req-c86cde9f-d80e-43fe-ab84-6b802407fb0a - - - - - -] Attempt 1 to provision port 7f1a7166-7cc3-4959-92d4-a8ac96edb296
2026-07-07 17:24:08.532 16 INFO neutron.plugins.ml2.plugin [None req-c86cde9f-d80e-43fe-ab84-6b802407fb0a - - - - - -] Attempt 1 to provision port ac98a18c-e93a-4f7f-9274-1cca2252d08b
2026-07-07 17:24:09.714 13 INFO neutron_taas.services.taas.taas_plugin [None req-1d489c11-c99e-476b-a534-8bf57b7e1b81 - - - - - -] TaaS: Handle Delete Port: ac98a18c-e93a-4f7f-9274-1cca2252d08b
2026-07-07 17:24:09.720 13 INFO neutron_taas.services.taas.tap_mirror_plugin [None req-1d489c11-c99e-476b-a534-8bf57b7e1b81 - - - - - -] Tap Mirror: Handle Delete Port: ac98a18c-e93a-4f7f-9274-1cca2252d08b /var/lib/openstack/lib/python3.12/site-packages/oslo_db/sqlalchemy/enginefacade.py:865: SAWarning: DELETE statement on table 'portsecuritybindings' expected to delete 1 row(s); 0 were matched. Please set confirm_deleted_rows=False within the mapper configuration to prevent this warning. self.session.flush() /var/lib/openstack/lib/python3.12/site-packages/oslo_db/sqlalchemy/enginefacade.py:865: SAWarning: DELETE statement on table 'ml2_port_bindings' expected to delete 1 row(s); 0 were matched. Please set confirm_deleted_rows=False within the mapper configuration to prevent this warning. self.session.flush() /var/lib/openstack/lib/python3.12/site-packages/oslo_db/sqlalchemy/enginefacade.py:865: SAWarning: DELETE statement on table 'ml2_port_binding_levels' expected to delete 1 row(s); 0 were matched. Please set confirm_deleted_rows=False within the mapper configuration to prevent this warning. self.session.flush() /var/lib/openstack/lib/python3.12/site-packages/oslo_db/sqlalchemy/enginefacade.py:865: SAWarning: DELETE statement on table 'ports' expected to delete 1 row(s); 0 were matched. Please set confirm_deleted_rows=False within the mapper configuration to prevent this warning. self.session.flush()
2026-07-07 17:24:12.541 16 INFO neutron.plugins.ml2.plugin [None req-c86cde9f-d80e-43fe-ab84-6b802407fb0a - - - - - -] Attempt 1 to provision port 8b1d4521-0d27-47ae-97c0-0fcf442c0126
2026-07-07 17:24:13.247 16 INFO neutron.plugins.ml2.plugin [None req-3727c735-6bae-4c1e-a39c-c1ad5d3bcf37 - - - - - -] Attempt 1 to provision port 8b1d4521-0d27-47ae-97c0-0fcf442c0126
2026-07-07 17:24:24.529 16 INFO neutron.plugins.ml2.plugin [None req-c86cde9f-d80e-43fe-ab84-6b802407fb0a - - - - - -] Attempt 1 to provision port cc7961ba-524d-4789-b17f-4780d9b6fbf5
2026-07-07 17:24:28.247 16 INFO neutron.plugins.ml2.plugin [None req-de976b37-c605-40a3-a739-a97c8304da2e - - - - - -] Attempt 1 to provision port 5b013999-7d95-4e49-86cc-6ad617b07818
2026-07-07 17:24:32.566 13 INFO neutron.plugins.ml2.plugin [None req-c86cde9f-d80e-43fe-ab84-6b802407fb0a - - - - - -] Attempt 1 to provision port 08b3ef89-a50f-4914-b676-f558201f36f9
2026-07-07 17:24:33.015 13 INFO neutron.plugins.ml2.plugin [None req-c86cde9f-d80e-43fe-ab84-6b802407fb0a - - - - - -] Attempt 1 to provision port 619259c1-0c70-4251-abca-4dbfb6c45435
2026-07-07 17:24:34.554 13 INFO neutron.plugins.ml2.plugin [None req-c86cde9f-d80e-43fe-ab84-6b802407fb0a - - - - - -] Attempt 1 to provision port 08b3ef89-a50f-4914-b676-f558201f36f9
2026-07-07 17:24:34.798 13 INFO neutron.plugins.ml2.plugin [None req-c86cde9f-d80e-43fe-ab84-6b802407fb0a - - - - - -] Attempt 1 to provision port 619259c1-0c70-4251-abca-4dbfb6c45435
2026-07-07 17:24:36.588 13 INFO neutron.plugins.ml2.plugin [None req-c86cde9f-d80e-43fe-ab84-6b802407fb0a - - - - - -] Attempt 1 to provision port a7b7ca2c-fbbb-428d-8fc1-7a3c11e46ba7
2026-07-07 17:24:38.524 13 INFO neutron.plugins.ml2.plugin [None req-c86cde9f-d80e-43fe-ab84-6b802407fb0a - - - - - -] Attempt 1 to provision port a7b7ca2c-fbbb-428d-8fc1-7a3c11e46ba7
2026-07-07 17:24:42.555 13 INFO neutron.plugins.ml2.plugin [None req-c86cde9f-d80e-43fe-ab84-6b802407fb0a - - - - - -] Attempt 1 to provision port 3f764ffe-c536-4b20-8d9d-024c5531305b
2026-07-07 17:24:44.486 13 INFO neutron.plugins.ml2.plugin [None req-c86cde9f-d80e-43fe-ab84-6b802407fb0a - - - - - -] Attempt 1 to provision port 3f764ffe-c536-4b20-8d9d-024c5531305b
2026-07-07 17:24:49.148 16 INFO neutron.plugins.ml2.plugin [None req-c86cde9f-d80e-43fe-ab84-6b802407fb0a - - - - - -] Attempt 1 to provision port 734507e4-562f-40c7-b6e3-3a19d920c9d7
2026-07-07 17:24:49.252 16 INFO neutron.notifiers.nova [-] Nova event matching ['req-4f1992ee-f05d-4e5e-b516-3765dad49579'] response: {'server_uuid': '4da42bc2-6d69-4fe4-bd19-95831f832f43', 'name': 'network-vif-plugged', 'status': 'completed', 'tag': '734507e4-562f-40c7-b6e3-3a19d920c9d7', 'code': 200}
2026-07-07 17:24:50.618 16 INFO neutron.plugins.ml2.plugin [None req-c86cde9f-d80e-43fe-ab84-6b802407fb0a - - - - - -] Attempt 1 to provision port 2ccf6365-4abb-422f-acac-c0ef8f577920
2026-07-07 17:24:51.174 16 INFO neutron.plugins.ml2.plugin [None req-c86cde9f-d80e-43fe-ab84-6b802407fb0a - - - - - -] Attempt 1 to provision port 734507e4-562f-40c7-b6e3-3a19d920c9d7
2026-07-07 17:24:52.678 16 INFO neutron.plugins.ml2.plugin [None req-c86cde9f-d80e-43fe-ab84-6b802407fb0a - - - - - -] Attempt 1 to provision port 2ccf6365-4abb-422f-acac-c0ef8f577920
2026-07-07 17:24:52.941 16 INFO neutron.plugins.ml2.plugin [None req-c86cde9f-d80e-43fe-ab84-6b802407fb0a - - - - - -] Attempt 1 to provision port 85c0aefa-2afb-4370-a6b6-db9bfbd7f13f
2026-07-07 17:24:53.255 16 INFO neutron.plugins.ml2.plugin [None req-c86cde9f-d80e-43fe-ab84-6b802407fb0a - - - - - -] Attempt 1 to provision port a60c6571-ed4e-42ec-81c0-c0d145d2ac18
2026-07-07 17:24:53.685 16 INFO neutron.plugins.ml2.plugin [None req-c86cde9f-d80e-43fe-ab84-6b802407fb0a - - - - - -] Attempt 1 to provision port 561fe775-02d6-4b6f-b9b7-6a94b808ef61
2026-07-07 17:24:54.011 16 INFO neutron.plugins.ml2.plugin [None req-c86cde9f-d80e-43fe-ab84-6b802407fb0a - - - - - -] Attempt 1 to provision port c956ff71-b387-40d4-abc0-9f1dcb96607d
2026-07-07 17:24:54.807 16 INFO neutron.plugins.ml2.plugin [None req-c86cde9f-d80e-43fe-ab84-6b802407fb0a - - - - - -] Attempt 1 to provision port c956ff71-b387-40d4-abc0-9f1dcb96607d
2026-07-07 17:24:55.020 16 INFO neutron.plugins.ml2.plugin [None req-c86cde9f-d80e-43fe-ab84-6b802407fb0a - - - - - -] Attempt 1 to provision port 85c0aefa-2afb-4370-a6b6-db9bfbd7f13f
2026-07-07 17:24:55.194 16 INFO neutron.plugins.ml2.plugin [None req-c86cde9f-d80e-43fe-ab84-6b802407fb0a - - - - - -] Attempt 1 to provision port a60c6571-ed4e-42ec-81c0-c0d145d2ac18
2026-07-07 17:24:55.444 16 INFO neutron.plugins.ml2.plugin [None req-c86cde9f-d80e-43fe-ab84-6b802407fb0a - - - - - -] Attempt 1 to provision port 561fe775-02d6-4b6f-b9b7-6a94b808ef61
2026-07-07 17:25:05.328 16 INFO neutron.plugins.ml2.plugin [None req-c86cde9f-d80e-43fe-ab84-6b802407fb0a - - - - - -] Attempt 1 to provision port a9bbf41c-590b-4667-84cb-78cc5f078d60
2026-07-07 17:25:05.468 16 INFO neutron.notifiers.nova [-] Nova event matching ['req-b1be1a1c-7005-4225-a944-542e352f1d1d'] response: {'server_uuid': 'f2913aa1-2ad5-4c98-9d55-acf4adc062dd', 'name': 'network-vif-plugged', 'status': 'completed', 'tag': 'a9bbf41c-590b-4667-84cb-78cc5f078d60', 'code': 200}
2026-07-07 17:25:06.993 13 INFO neutron.plugins.ml2.plugin [None req-c86cde9f-d80e-43fe-ab84-6b802407fb0a - - - - - -] Attempt 1 to provision port a9bbf41c-590b-4667-84cb-78cc5f078d60
2026-07-07 17:25:07.229 13 INFO neutron.plugins.ml2.plugin [None req-c86cde9f-d80e-43fe-ab84-6b802407fb0a - - - - - -] Attempt 1 to provision port 90a946ef-a8dd-45b7-9837-076e72181053
2026-07-07 17:25:07.687 13 INFO neutron.plugins.ml2.plugin [None req-c86cde9f-d80e-43fe-ab84-6b802407fb0a - - - - - -] Attempt 1 to provision port 3380e6f4-e43a-42d2-b42f-264775c6bdb1
2026-07-07 17:25:07.803 13 INFO neutron.notifiers.nova [-] Nova event matching ['req-6dcc5c4e-1f36-4097-ab6e-08e902111a68'] response: {'server_uuid': '5f592d06-970d-4c04-9786-f8861f0d0ce7', 'name': 'network-vif-plugged', 'status': 'completed', 'tag': '3380e6f4-e43a-42d2-b42f-264775c6bdb1', 'code': 200}
2026-07-07 17:25:08.851 16 INFO neutron.plugins.ml2.plugin [None req-3f3c18d1-e6d7-4d4f-82dd-21093a8e086a - - - - - -] Attempt 1 to provision port 734507e4-562f-40c7-b6e3-3a19d920c9d7
2026-07-07 17:25:08.897 13 INFO neutron.plugins.ml2.plugin [None req-c86cde9f-d80e-43fe-ab84-6b802407fb0a - - - - - -] Attempt 1 to provision port 8b165a23-83ef-4522-bede-9441dcc709c6
2026-07-07 17:25:08.909 16 INFO neutron.plugins.ml2.plugin [None req-3f3c18d1-e6d7-4d4f-82dd-21093a8e086a - - - - - -] Attempt 1 to provision port 85c0aefa-2afb-4370-a6b6-db9bfbd7f13f
2026-07-07 17:25:08.958 16 INFO neutron.plugins.ml2.plugin [None req-3f3c18d1-e6d7-4d4f-82dd-21093a8e086a - - - - - -] Attempt 1 to provision port 3380e6f4-e43a-42d2-b42f-264775c6bdb1
2026-07-07 17:25:09.029 16 INFO neutron.plugins.ml2.plugin [None req-3f3c18d1-e6d7-4d4f-82dd-21093a8e086a - - - - - -] Attempt 1 to provision port 90a946ef-a8dd-45b7-9837-076e72181053
2026-07-07 17:25:09.081 16 INFO neutron.plugins.ml2.plugin [None req-3f3c18d1-e6d7-4d4f-82dd-21093a8e086a - - - - - -] Attempt 1 to provision port a9bbf41c-590b-4667-84cb-78cc5f078d60
2026-07-07 17:25:09.124 16 INFO neutron.plugins.ml2.plugin [None req-3f3c18d1-e6d7-4d4f-82dd-21093a8e086a - - - - - -] Attempt 1 to provision port c956ff71-b387-40d4-abc0-9f1dcb96607d
2026-07-07 17:25:09.190 16 INFO neutron.plugins.ml2.plugin [None req-3f3c18d1-e6d7-4d4f-82dd-21093a8e086a - - - - - -] Attempt 1 to provision port a7b7ca2c-fbbb-428d-8fc1-7a3c11e46ba7
2026-07-07 17:25:09.241 16 INFO neutron.plugins.ml2.plugin [None req-3f3c18d1-e6d7-4d4f-82dd-21093a8e086a - - - - - -] Attempt 1 to provision port f756a683-ef31-4fe4-ae38-37b2ef9b7b24
2026-07-07 17:25:09.355 13 INFO neutron.plugins.ml2.plugin [None req-c86cde9f-d80e-43fe-ab84-6b802407fb0a - - - - - -] Attempt 1 to provision port 90a946ef-a8dd-45b7-9837-076e72181053
2026-07-07 17:25:09.443 16 INFO neutron.plugins.ml2.plugin [None req-3f3c18d1-e6d7-4d4f-82dd-21093a8e086a - - - - - -] Attempt 1 to provision port 8b165a23-83ef-4522-bede-9441dcc709c6
2026-07-07 17:25:09.498 16 INFO neutron.plugins.ml2.plugin [None req-3f3c18d1-e6d7-4d4f-82dd-21093a8e086a - - - - - -] Attempt 1 to provision port 2ccf6365-4abb-422f-acac-c0ef8f577920
2026-07-07 17:25:09.549 16 INFO neutron.plugins.ml2.plugin [None req-3f3c18d1-e6d7-4d4f-82dd-21093a8e086a - - - - - -] Attempt 1 to provision port 619259c1-0c70-4251-abca-4dbfb6c45435
2026-07-07 17:25:09.555 13 INFO neutron.plugins.ml2.plugin [None req-c86cde9f-d80e-43fe-ab84-6b802407fb0a - - - - - -] Attempt 1 to provision port 3380e6f4-e43a-42d2-b42f-264775c6bdb1
2026-07-07 17:25:09.593 16 INFO neutron.plugins.ml2.plugin [None req-3f3c18d1-e6d7-4d4f-82dd-21093a8e086a - - - - - -] Attempt 1 to provision port 3f764ffe-c536-4b20-8d9d-024c5531305b
2026-07-07 17:25:09.648 16 INFO neutron.plugins.ml2.plugin [None req-3f3c18d1-e6d7-4d4f-82dd-21093a8e086a - - - - - -] Attempt 1 to provision port 561fe775-02d6-4b6f-b9b7-6a94b808ef61
2026-07-07 17:25:10.953 16 INFO neutron.plugins.ml2.plugin [None req-c86cde9f-d80e-43fe-ab84-6b802407fb0a - - - - - -] Attempt 1 to provision port 8b165a23-83ef-4522-bede-9441dcc709c6
2026-07-07 17:25:11.202 16 INFO neutron.plugins.ml2.plugin [None req-c86cde9f-d80e-43fe-ab84-6b802407fb0a - - - - - -] Attempt 1 to provision port f756a683-ef31-4fe4-ae38-37b2ef9b7b24
2026-07-07 17:25:15.023 13 INFO neutron.plugins.ml2.plugin [None req-d1f1a76f-fad6-4879-8b8c-ee7e908347a7 - - - - - -] Attempt 1 to provision port 734507e4-562f-40c7-b6e3-3a19d920c9d7
2026-07-07 17:25:15.087 13 INFO neutron.plugins.ml2.plugin [None req-d1f1a76f-fad6-4879-8b8c-ee7e908347a7 - - - - - -] Attempt 1 to provision port 90a946ef-a8dd-45b7-9837-076e72181053
2026-07-07 17:25:15.147 13 INFO neutron.plugins.ml2.plugin [None req-d1f1a76f-fad6-4879-8b8c-ee7e908347a7 - - - - - -] Attempt 1 to provision port 8b165a23-83ef-4522-bede-9441dcc709c6
2026-07-07 17:25:15.196 13 INFO neutron.plugins.ml2.plugin [None req-d1f1a76f-fad6-4879-8b8c-ee7e908347a7 - - - - - -] Attempt 1 to provision port a9bbf41c-590b-4667-84cb-78cc5f078d60
2026-07-07 17:25:16.456 13 INFO neutron.plugins.ml2.plugin [None req-d2d7ce12-40a7-40a3-9937-a53589ab5303 - - - - - -] Attempt 1 to provision port 561fe775-02d6-4b6f-b9b7-6a94b808ef61
2026-07-07 17:25:19.140 13 INFO neutron.plugins.ml2.plugin [None req-bf64f2f7-33b6-4bc5-be56-01f86cfcd558 - - - - - -] Attempt 1 to provision port a9bbf41c-590b-4667-84cb-78cc5f078d60
2026-07-07 17:25:19.198 13 INFO neutron.plugins.ml2.plugin [None req-bf64f2f7-33b6-4bc5-be56-01f86cfcd558 - - - - - -] Attempt 1 to provision port 561fe775-02d6-4b6f-b9b7-6a94b808ef61
2026-07-07 17:25:20.518 16 INFO neutron.plugins.ml2.plugin [None req-6538e729-41a2-43e2-98fc-a3678094ba89 - - - - - -] Attempt 1 to provision port 3380e6f4-e43a-42d2-b42f-264775c6bdb1
2026-07-07 17:25:40.601 16 INFO neutron.plugins.ml2.plugin [None req-ce15de36-4a67-470a-89e2-bac4fef78239 - - - - - -] Attempt 1 to provision port e09063f3-a3ce-47f8-988e-94cecaf33c14
2026-07-07 17:25:45.344 16 INFO neutron.plugins.ml2.plugin [None req-c86cde9f-d80e-43fe-ab84-6b802407fb0a - - - - - -] Attempt 1 to provision port 0cb6cfca-2ac9-4da8-b32c-0eb778538700
2026-07-07 17:25:45.500 16 INFO neutron.notifiers.nova [-] Nova event matching ['req-51730819-cf4c-4d54-8c66-8d28b8aa7173'] response: {'server_uuid': '0262fce7-4bbb-416a-88d5-3b289cbb0f0d', 'name': 'network-vif-plugged', 'status': 'completed', 'tag': '0cb6cfca-2ac9-4da8-b32c-0eb778538700', 'code': 200}
2026-07-07 17:25:46.822 13 INFO neutron.plugins.ml2.plugin [None req-c86cde9f-d80e-43fe-ab84-6b802407fb0a - - - - - -] Attempt 1 to provision port 0cb6cfca-2ac9-4da8-b32c-0eb778538700
2026-07-07 17:26:03.346 13 INFO neutron.plugins.ml2.plugin [None req-c86cde9f-d80e-43fe-ab84-6b802407fb0a - - - - - -] Attempt 1 to provision port f9a7cba8-0c8f-42b2-a8c4-7f0d8630f09e
2026-07-07 17:26:03.467 13 INFO neutron.notifiers.nova [-] Nova event matching ['req-12d8da10-5c39-466e-9dab-927c64611bf8'] response: {'server_uuid': '4caa73c0-f64f-4912-ab1b-75f82512dc03', 'name': 'network-vif-plugged', 'status': 'completed', 'tag': 'f9a7cba8-0c8f-42b2-a8c4-7f0d8630f09e', 'code': 200}
2026-07-07 17:26:04.847 13 INFO neutron.plugins.ml2.plugin [None req-c86cde9f-d80e-43fe-ab84-6b802407fb0a - - - - - -] Attempt 1 to provision port f9a7cba8-0c8f-42b2-a8c4-7f0d8630f09e
2026-07-07 17:26:26.405 13 INFO neutron_taas.services.taas.taas_plugin [None req-29559581-9482-4554-9d3a-19a73b90ce3f - - - - - -] TaaS: Handle Delete Port: 90a946ef-a8dd-45b7-9837-076e72181053
2026-07-07 17:26:26.408 13 INFO neutron_taas.services.taas.tap_mirror_plugin [None req-29559581-9482-4554-9d3a-19a73b90ce3f - - - - - -] Tap Mirror: Handle Delete Port: 90a946ef-a8dd-45b7-9837-076e72181053
2026-07-07 17:26:35.786 13 ERROR oslo_messaging.rpc.server [None req-d89edc42-a9cf-4e2b-8cf9-a78d69ae5be4 - - - - - -] Exception during message handling: neutron_lib.exceptions.SubnetInUse: Unable to complete operation on subnet bb52db8c-7c61-46f0-bf46-fc3392d02ef2: This subnet is being modified by another concurrent operation.
2026-07-07 17:26:35.786 13 ERROR oslo_messaging.rpc.server
Traceback (most recent call last):
2026-07-07 17:26:35.786 13 ERROR oslo_messaging.rpc.server
File "/var/lib/openstack/lib/python3.12/site-packages/oslo_messaging/rpc/server.py", line 174, in _process_incoming
2026-07-07 17:26:35.786 13 ERROR oslo_messaging.rpc.server res = self.dispatcher.dispatch(message)
2026-07-07 17:26:35.786 13 ERROR oslo_messaging.rpc.server ^^^^^^^^^^^^^^^^^^^^^^^^^^^^^^^^^
2026-07-07 17:26:35.786 13 ERROR oslo_messaging.rpc.server
File "/var/lib/openstack/lib/python3.12/site-packages/oslo_messaging/rpc/dispatcher.py", line 309, in dispatch
2026-07-07 17:26:35.786 13 ERROR oslo_messaging.rpc.server return self._do_dispatch(endpoint, method, ctxt, args)
2026-07-07 17:26:35.786 13 ERROR oslo_messaging.rpc.server ^^^^^^^^^^^^^^^^^^^^^^^^^^^^^^^^^^^^^^^^^^^^^^^
2026-07-07 17:26:35.786 13 ERROR oslo_messaging.rpc.server
File "/var/lib/openstack/lib/python3.12/site-packages/oslo_messaging/rpc/dispatcher.py", line 229, in _do_dispatch
2026-07-07 17:26:35.786 13 ERROR oslo_messaging.rpc.server result = func(ctxt, **new_args)
2026-07-07 17:26:35.786 13 ERROR oslo_messaging.rpc.server ^^^^^^^^^^^^^^^^^^^^^^
2026-07-07 17:26:35.786 13 ERROR oslo_messaging.rpc.server
File "/var/lib/openstack/lib/python3.12/site-packages/oslo_messaging/rpc/server.py", line 269, in inner
2026-07-07 17:26:35.786 13 ERROR oslo_messaging.rpc.server return func(*args, **kwargs)
2026-07-07 17:26:35.786 13 ERROR oslo_messaging.rpc.server ^^^^^^^^^^^^^^^^^^^^^
2026-07-07 17:26:35.786 13 ERROR oslo_messaging.rpc.server
File "/var/lib/openstack/lib/python3.12/site-packages/neutron_lib/db/api.py", line 137, in wrapped
2026-07-07 17:26:35.786 13 ERROR oslo_messaging.rpc.server with excutils.save_and_reraise_exception():
2026-07-07 17:26:35.786 13 ERROR oslo_messaging.rpc.server
File "/var/lib/openstack/lib/python3.12/site-packages/oslo_utils/excutils.py", line 227, in __exit__
2026-07-07 17:26:35.786 13 ERROR oslo_messaging.rpc.server self.force_reraise()
2026-07-07 17:26:35.786 13 ERROR oslo_messaging.rpc.server
File "/var/lib/openstack/lib/python3.12/site-packages/oslo_utils/excutils.py", line 200, in force_reraise
2026-07-07 17:26:35.786 13 ERROR oslo_messaging.rpc.server raise self.value
2026-07-07 17:26:35.786 13 ERROR oslo_messaging.rpc.server
File "/var/lib/openstack/lib/python3.12/site-packages/neutron_lib/db/api.py", line 135, in wrapped
2026-07-07 17:26:35.786 13 ERROR oslo_messaging.rpc.server return f(*args, **kwargs)
2026-07-07 17:26:35.786 13 ERROR oslo_messaging.rpc.server ^^^^^^^^^^^^^^^^^^
2026-07-07 17:26:35.786 13 ERROR oslo_messaging.rpc.server
File "/var/lib/openstack/lib/python3.12/site-packages/oslo_db/api.py", line 144, in wrapper
2026-07-07 17:26:35.786 13 ERROR oslo_messaging.rpc.server with excutils.save_and_reraise_exception() as ectxt:
2026-07-07 17:26:35.786 13 ERROR oslo_messaging.rpc.server
File "/var/lib/openstack/lib/python3.12/site-packages/oslo_utils/excutils.py", line 227, in __exit__
2026-07-07 17:26:35.786 13 ERROR oslo_messaging.rpc.server self.force_reraise()
2026-07-07 17:26:35.786 13 ERROR oslo_messaging.rpc.server
File "/var/lib/openstack/lib/python3.12/site-packages/oslo_utils/excutils.py", line 200, in force_reraise
2026-07-07 17:26:35.786 13 ERROR oslo_messaging.rpc.server raise self.value
2026-07-07 17:26:35.786 13 ERROR oslo_messaging.rpc.server
File "/var/lib/openstack/lib/python3.12/site-packages/oslo_db/api.py", line 142, in wrapper
2026-07-07 17:26:35.786 13 ERROR oslo_messaging.rpc.server return f(*args, **kwargs)
2026-07-07 17:26:35.786 13 ERROR oslo_messaging.rpc.server ^^^^^^^^^^^^^^^^^^
2026-07-07 17:26:35.786 13 ERROR oslo_messaging.rpc.server
File "/var/lib/openstack/lib/python3.12/site-packages/neutron_lib/db/api.py", line 183, in wrapped
2026-07-07 17:26:35.786 13 ERROR oslo_messaging.rpc.server with excutils.save_and_reraise_exception():
2026-07-07 17:26:35.786 13 ERROR oslo_messaging.rpc.server
File "/var/lib/openstack/lib/python3.12/site-packages/oslo_utils/excutils.py", line 227, in __exit__
2026-07-07 17:26:35.786 13 ERROR oslo_messaging.rpc.server self.force_reraise()
2026-07-07 17:26:35.786 13 ERROR oslo_messaging.rpc.server
File "/var/lib/openstack/lib/python3.12/site-packages/oslo_utils/excutils.py", line 200, in force_reraise
2026-07-07 17:26:35.786 13 ERROR oslo_messaging.rpc.server raise self.value
2026-07-07 17:26:35.786 13 ERROR oslo_messaging.rpc.server
File "/var/lib/openstack/lib/python3.12/site-packages/neutron_lib/db/api.py", line 181, in wrapped
2026-07-07 17:26:35.786 13 ERROR oslo_messaging.rpc.server return f(*dup_args, **dup_kwargs)
2026-07-07 17:26:35.786 13 ERROR oslo_messaging.rpc.server ^^^^^^^^^^^^^^^^^^^^^^^^^^
2026-07-07 17:26:35.786 13 ERROR oslo_messaging.rpc.server
File "/var/lib/openstack/lib/python3.12/site-packages/neutron/quota/resource_registry.py", line 95, in wrapper
2026-07-07 17:26:35.786 13 ERROR oslo_messaging.rpc.server ret_val = f(_self, context, *args, **kwargs)
2026-07-07 17:26:35.786 13 ERROR oslo_messaging.rpc.server ^^^^^^^^^^^^^^^^^^^^^^^^^^^^^^^^^^
2026-07-07 17:26:35.786 13 ERROR oslo_messaging.rpc.server
File "/var/lib/openstack/lib/python3.12/site-packages/neutron/api/rpc/handlers/dhcp_rpc.py", line 292, in create_dhcp_port
2026-07-07 17:26:35.786 13 ERROR oslo_messaging.rpc.server return self._port_action(plugin, context, port, 'create_port')
2026-07-07 17:26:35.786 13 ERROR oslo_messaging.rpc.server ^^^^^^^^^^^^^^^^^^^^^^^^^^^^^^^^^^^^^^^^^^^^^^^^^^^^^^^
2026-07-07 17:26:35.786 13 ERROR oslo_messaging.rpc.server
File "/var/lib/openstack/lib/python3.12/site-packages/neutron/api/rpc/handlers/dhcp_rpc.py", line 118, in _port_action
2026-07-07 17:26:35.786 13 ERROR oslo_messaging.rpc.server return p_utils.create_port(plugin, context, port)
2026-07-07 17:26:35.786 13 ERROR oslo_messaging.rpc.server ^^^^^^^^^^^^^^^^^^^^^^^^^^^^^^^^^^^^^^^^^^
2026-07-07 17:26:35.786 13 ERROR oslo_messaging.rpc.server
File "/var/lib/openstack/lib/python3.12/site-packages/neutron_lib/plugins/utils.py", line 338, in create_port
2026-07-07 17:26:35.786 13 ERROR oslo_messaging.rpc.server return core_plugin.create_port(
2026-07-07 17:26:35.786 13 ERROR oslo_messaging.rpc.server ^^^^^^^^^^^^^^^^^^^^^^^^
2026-07-07 17:26:35.786 13 ERROR oslo_messaging.rpc.server
File "/var/lib/openstack/lib/python3.12/site-packages/neutron/common/utils.py", line 717, in inner
2026-07-07 17:26:35.786 13 ERROR oslo_messaging.rpc.server return f(*args, **kwargs)
2026-07-07 17:26:35.786 13 ERROR oslo_messaging.rpc.server ^^^^^^^^^^^^^^^^^^
2026-07-07 17:26:35.786 13 ERROR oslo_messaging.rpc.server
File "/var/lib/openstack/lib/python3.12/site-packages/neutron_lib/db/api.py", line 223, in wrapped
2026-07-07 17:26:35.786 13 ERROR oslo_messaging.rpc.server return f_with_retry(*args, **kwargs,
2026-07-07 17:26:35.786 13 ERROR oslo_messaging.rpc.server ^^^^^^^^^^^^^^^^^^^^^^^^^^^^^
2026-07-07 17:26:35.786 13 ERROR oslo_messaging.rpc.server
File "/var/lib/openstack/lib/python3.12/site-packages/neutron_lib/db/api.py", line 137, in wrapped
2026-07-07 17:26:35.786 13 ERROR oslo_messaging.rpc.server with excutils.save_and_reraise_exception():
2026-07-07 17:26:35.786 13 ERROR oslo_messaging.rpc.server
File "/var/lib/openstack/lib/python3.12/site-packages/oslo_utils/excutils.py", line 227, in __exit__
2026-07-07 17:26:35.786 13 ERROR oslo_messaging.rpc.server self.force_reraise()
2026-07-07 17:26:35.786 13 ERROR oslo_messaging.rpc.server
File "/var/lib/openstack/lib/python3.12/site-packages/oslo_utils/excutils.py", line 200, in force_reraise
2026-07-07 17:26:35.786 13 ERROR oslo_messaging.rpc.server raise self.value
2026-07-07 17:26:35.786 13 ERROR oslo_messaging.rpc.server
File "/var/lib/openstack/lib/python3.12/site-packages/neutron_lib/db/api.py", line 135, in wrapped
2026-07-07 17:26:35.786 13 ERROR oslo_messaging.rpc.server return f(*args, **kwargs)
2026-07-07 17:26:35.786 13 ERROR oslo_messaging.rpc.server ^^^^^^^^^^^^^^^^^^
2026-07-07 17:26:35.786 13 ERROR oslo_messaging.rpc.server
File "/var/lib/openstack/lib/python3.12/site-packages/oslo_db/api.py", line 144, in wrapper
2026-07-07 17:26:35.786 13 ERROR oslo_messaging.rpc.server with excutils.save_and_reraise_exception() as ectxt:
2026-07-07 17:26:35.786 13 ERROR oslo_messaging.rpc.server
File "/var/lib/openstack/lib/python3.12/site-packages/oslo_utils/excutils.py", line 227, in __exit__
2026-07-07 17:26:35.786 13 ERROR oslo_messaging.rpc.server self.force_reraise()
2026-07-07 17:26:35.786 13 ERROR oslo_messaging.rpc.server
File "/var/lib/openstack/lib/python3.12/site-packages/oslo_utils/excutils.py", line 200, in force_reraise
2026-07-07 17:26:35.786 13 ERROR oslo_messaging.rpc.server raise self.value
2026-07-07 17:26:35.786 13 ERROR oslo_messaging.rpc.server
File "/var/lib/openstack/lib/python3.12/site-packages/oslo_db/api.py", line 142, in wrapper
2026-07-07 17:26:35.786 13 ERROR oslo_messaging.rpc.server return f(*args, **kwargs)
2026-07-07 17:26:35.786 13 ERROR oslo_messaging.rpc.server ^^^^^^^^^^^^^^^^^^
2026-07-07 17:26:35.786 13 ERROR oslo_messaging.rpc.server
File "/var/lib/openstack/lib/python3.12/site-packages/neutron_lib/db/api.py", line 183, in wrapped
2026-07-07 17:26:35.786 13 ERROR oslo_messaging.rpc.server with excutils.save_and_reraise_exception():
2026-07-07 17:26:35.786 13 ERROR oslo_messaging.rpc.server
File "/var/lib/openstack/lib/python3.12/site-packages/oslo_utils/excutils.py", line 227, in __exit__
2026-07-07 17:26:35.786 13 ERROR oslo_messaging.rpc.server self.force_reraise()
2026-07-07 17:26:35.786 13 ERROR oslo_messaging.rpc.server
File "/var/lib/openstack/lib/python3.12/site-packages/oslo_utils/excutils.py", line 200, in force_reraise
2026-07-07 17:26:35.786 13 ERROR oslo_messaging.rpc.server raise self.value
2026-07-07 17:26:35.786 13 ERROR oslo_messaging.rpc.server
File "/var/lib/openstack/lib/python3.12/site-packages/neutron_lib/db/api.py", line 181, in wrapped
2026-07-07 17:26:35.786 13 ERROR oslo_messaging.rpc.server return f(*dup_args, **dup_kwargs)
2026-07-07 17:26:35.786 13 ERROR oslo_messaging.rpc.server ^^^^^^^^^^^^^^^^^^^^^^^^^^
2026-07-07 17:26:35.786 13 ERROR oslo_messaging.rpc.server
File "/var/lib/openstack/lib/python3.12/site-packages/neutron/plugins/ml2/plugin.py", line 1660, in create_port
2026-07-07 17:26:35.786 13 ERROR oslo_messaging.rpc.server result, mech_context = self._create_port_db(context, port)
2026-07-07 17:26:35.786 13 ERROR oslo_messaging.rpc.server ^^^^^^^^^^^^^^^^^^^^^^^^^^^^^^^^^^^
2026-07-07 17:26:35.786 13 ERROR oslo_messaging.rpc.server
File "/var/lib/openstack/lib/python3.12/site-packages/neutron/plugins/ml2/plugin.py", line 1625, in _create_port_db
2026-07-07 17:26:35.786 13 ERROR oslo_messaging.rpc.server port_db = self.create_port_db(context, port)
2026-07-07 17:26:35.786 13 ERROR oslo_messaging.rpc.server ^^^^^^^^^^^^^^^^^^^^^^^^^^^^^^^^^^
2026-07-07 17:26:35.786 13 ERROR oslo_messaging.rpc.server
File "/var/lib/openstack/lib/python3.12/site-packages/neutron/db/db_base_plugin_v2.py", line 1572, in create_port_db
2026-07-07 17:26:35.786 13 ERROR oslo_messaging.rpc.server self.ipam.allocate_ips_for_port_and_store(
2026-07-07 17:26:35.786 13 ERROR oslo_messaging.rpc.server
File "/var/lib/openstack/lib/python3.12/site-packages/neutron/db/ipam_pluggable_backend.py", line 219, in allocate_ips_for_port_and_store
2026-07-07 17:26:35.786 13 ERROR oslo_messaging.rpc.server ips = self.allocate_ips_for_port(context, port_copy)
2026-07-07 17:26:35.786 13 ERROR oslo_messaging.rpc.server ^^^^^^^^^^^^^^^^^^^^^^^^^^^^^^^^^^^^^^^^^^^^^^
2026-07-07 17:26:35.786 13 ERROR oslo_messaging.rpc.server
File "/var/lib/openstack/lib/python3.12/site-packages/neutron_lib/db/api.py", line 221, in wrapped
2026-07-07 17:26:35.786 13 ERROR oslo_messaging.rpc.server return f(*args, **kwargs)
2026-07-07 17:26:35.786 13 ERROR oslo_messaging.rpc.server ^^^^^^^^^^^^^^^^^^
2026-07-07 17:26:35.786 13 ERROR oslo_messaging.rpc.server
File "/var/lib/openstack/lib/python3.12/site-packages/oslo_db/sqlalchemy/enginefacade.py", line 1183, in wrapper
2026-07-07 17:26:35.786 13 ERROR oslo_messaging.rpc.server return fn(*args, **kwargs)
2026-07-07 17:26:35.786 13 ERROR oslo_messaging.rpc.server ^^^^^^^^^^^^^^^^^^^
2026-07-07 17:26:35.786 13 ERROR oslo_messaging.rpc.server
File "/var/lib/openstack/lib/python3.12/site-packages/neutron/db/ipam_pluggable_backend.py", line 226, in allocate_ips_for_port
2026-07-07 17:26:35.786 13 ERROR oslo_messaging.rpc.server return self._allocate_ips_for_port(context, port)
2026-07-07 17:26:35.786 13 ERROR oslo_messaging.rpc.server ^^^^^^^^^^^^^^^^^^^^^^^^^^^^^^^^^^^^^^^^^^
2026-07-07 17:26:35.786 13 ERROR oslo_messaging.rpc.server
File "/var/lib/openstack/lib/python3.12/site-packages/neutron/db/ipam_pluggable_backend.py", line 258, in _allocate_ips_for_port
2026-07-07 17:26:35.786 13 ERROR oslo_messaging.rpc.server subnets = self._ipam_get_subnets(
2026-07-07 17:26:35.786 13 ERROR oslo_messaging.rpc.server ^^^^^^^^^^^^^^^^^^^^^^^
2026-07-07 17:26:35.786 13 ERROR oslo_messaging.rpc.server
File "/var/lib/openstack/lib/python3.12/site-packages/neutron/db/ipam_backend_mixin.py", line 686, in _ipam_get_subnets
2026-07-07 17:26:35.786 13 ERROR oslo_messaging.rpc.server subnet.read_lock_register(
2026-07-07 17:26:35.786 13 ERROR oslo_messaging.rpc.server
File "/var/lib/openstack/lib/python3.12/site-packages/neutron/db/models_v2.py", line 77, in read_lock_register
2026-07-07 17:26:35.786 13 ERROR oslo_messaging.rpc.server raise exception
2026-07-07 17:26:35.786 13 ERROR oslo_messaging.rpc.server neutron_lib.exceptions.SubnetInUse: Unable to complete operation on subnet bb52db8c-7c61-46f0-bf46-fc3392d02ef2: This subnet is being modified by another concurrent operation.
2026-07-07 17:26:35.786 13 ERROR oslo_messaging.rpc.server
2026-07-07 17:26:44.179 13 INFO neutron.plugins.ml2.plugin [None req-add72f79-600a-48f7-9731-32eb4aed9cc8 - - - - - -] Attempt 1 to provision port 56f39939-b9b6-4e0a-852b-0f0e204e21b0
2026-07-07 17:26:50.842 16 INFO neutron.plugins.ml2.plugin [None req-c86cde9f-d80e-43fe-ab84-6b802407fb0a - - - - - -] Attempt 1 to provision port 56f39939-b9b6-4e0a-852b-0f0e204e21b0
2026-07-07 17:26:51.155 16 INFO neutron.notifiers.nova [-] Nova event matching ['req-c9d49c5a-4e46-4217-99ec-b3e85c0c878e'] response: {'server_uuid': '4caa73c0-f64f-4912-ab1b-75f82512dc03', 'name': 'network-vif-plugged', 'status': 'completed', 'tag': '56f39939-b9b6-4e0a-852b-0f0e204e21b0', 'code': 200}
2026-07-07 17:26:52.809 13 INFO neutron.plugins.ml2.plugin [None req-c86cde9f-d80e-43fe-ab84-6b802407fb0a - - - - - -] Attempt 1 to provision port 56f39939-b9b6-4e0a-852b-0f0e204e21b0
2026-07-07 17:26:55.357 13 INFO neutron.plugins.ml2.plugin [None req-c86cde9f-d80e-43fe-ab84-6b802407fb0a - - - - - -] Attempt 1 to provision port 56f39939-b9b6-4e0a-852b-0f0e204e21b0
2026-07-07 17:27:21.449 13 INFO neutron.plugins.ml2.plugin [None req-68d312dc-8c7b-499f-9466-b85035fc4a6a - - - - - -] Attempt 1 to provision port 152f5061-5a49-4f13-9c35-da413b423701
2026-07-07 17:27:28.481 13 INFO neutron.plugins.ml2.plugin [None req-c86cde9f-d80e-43fe-ab84-6b802407fb0a - - - - - -] Attempt 1 to provision port 152f5061-5a49-4f13-9c35-da413b423701
2026-07-07 17:27:28.754 13 INFO neutron.notifiers.nova [-] Nova event matching ['req-267ccb78-e8f4-49e5-b452-20db67c164c2'] response: {'server_uuid': '4caa73c0-f64f-4912-ab1b-75f82512dc03', 'name': 'network-vif-plugged', 'status': 'completed', 'tag': '152f5061-5a49-4f13-9c35-da413b423701', 'code': 200}
2026-07-07 17:27:29.092 16 INFO neutron.plugins.ml2.plugin [None req-c86cde9f-d80e-43fe-ab84-6b802407fb0a - - - - - -] Attempt 1 to provision port 152f5061-5a49-4f13-9c35-da413b423701
2026-07-07 17:27:42.775 16 INFO neutron.plugins.ml2.plugin [None req-1630e08a-51cc-48de-9f7b-3f03bae7aace - - - - - -] Attempt 1 to provision port c8360241-8058-4431-af2e-a8699056cb5a
2026-07-07 17:27:49.203 13 INFO neutron.plugins.ml2.plugin [None req-c86cde9f-d80e-43fe-ab84-6b802407fb0a - - - - - -] Attempt 1 to provision port c8360241-8058-4431-af2e-a8699056cb5a
2026-07-07 17:27:49.333 13 INFO neutron.notifiers.nova [-] Nova event matching ['req-8502cee5-640e-4360-af9f-34600770c509'] response: {'server_uuid': '4caa73c0-f64f-4912-ab1b-75f82512dc03', 'name': 'network-vif-plugged', 'status': 'completed', 'tag': 'c8360241-8058-4431-af2e-a8699056cb5a', 'code': 200}
2026-07-07 17:27:51.122 16 INFO neutron.plugins.ml2.plugin [None req-c86cde9f-d80e-43fe-ab84-6b802407fb0a - - - - - -] Attempt 1 to provision port c8360241-8058-4431-af2e-a8699056cb5a
2026-07-07 17:27:53.568 13 INFO neutron.plugins.ml2.plugin [None req-2ebd9197-d178-4fec-ba07-97543f877e7a - - - - - -] Attempt 1 to provision port 152f5061-5a49-4f13-9c35-da413b423701
2026-07-07 17:28:07.206 16 INFO neutron.plugins.ml2.plugin [None req-c86cde9f-d80e-43fe-ab84-6b802407fb0a - - - - - -] Attempt 1 to provision port c8360241-8058-4431-af2e-a8699056cb5a
2026-07-07 17:28:07.955 13 INFO neutron.plugins.ml2.plugin [None req-78c0a62e-f25c-49b9-8d1a-ac27218ea6f8 - - - - - -] Attempt 1 to provision port c8360241-8058-4431-af2e-a8699056cb5a
2026-07-07 17:28:17.173 13 INFO neutron.plugins.ml2.plugin [None req-c86cde9f-d80e-43fe-ab84-6b802407fb0a - - - - - -] Attempt 1 to provision port 152f5061-5a49-4f13-9c35-da413b423701
2026-07-07 17:28:17.466 16 INFO neutron.plugins.ml2.plugin [None req-bc931a22-3c2e-40b2-b4be-3191855b94c7 - - - - - -] Attempt 1 to provision port 152f5061-5a49-4f13-9c35-da413b423701
2026-07-07 17:28:45.270 16 INFO neutron.notifiers.nova [-] Nova event matching ['req-cdd6fc12-5054-4a49-a9b4-094b3b5e040d'] response: {'server_uuid': '4caa73c0-f64f-4912-ab1b-75f82512dc03', 'name': 'network-vif-unplugged', 'status': 'completed', 'tag': 'f9a7cba8-0c8f-42b2-a8c4-7f0d8630f09e', 'code': 200}
2026-07-07 17:29:01.262 13 INFO neutron.notifiers.nova [-] Nova event matching ['req-c8ac1089-82e6-4e2c-8ef2-e164766ad6a9'] response: {'server_uuid': '4da42bc2-6d69-4fe4-bd19-95831f832f43', 'name': 'network-vif-unplugged', 'status': 'completed', 'tag': '734507e4-562f-40c7-b6e3-3a19d920c9d7', 'code': 200}