+ COMMAND=start + start + for KEYSTONE_WSGI_SCRIPT in keystone-wsgi-public ++ type -p keystone-wsgi-public + cp -a /var/lib/openstack/bin/keystone-wsgi-public /var/www/cgi-bin/keystone/ + '[' -f /etc/apache2/envvars ']' + source /etc/apache2/envvars ++ unset HOME ++ '[' '' '!=' '' ']' ++ SUFFIX= ++ export APACHE_RUN_USER=www-data ++ APACHE_RUN_USER=www-data ++ export APACHE_RUN_GROUP=www-data ++ APACHE_RUN_GROUP=www-data ++ export APACHE_PID_FILE=/var/run/apache2/apache2.pid ++ APACHE_PID_FILE=/var/run/apache2/apache2.pid ++ export APACHE_RUN_DIR=/var/run/apache2 ++ APACHE_RUN_DIR=/var/run/apache2 ++ export APACHE_LOCK_DIR=/var/lock/apache2 ++ APACHE_LOCK_DIR=/var/lock/apache2 ++ export APACHE_LOG_DIR=/var/log/apache2 ++ APACHE_LOG_DIR=/var/log/apache2 ++ export LANG=C ++ LANG=C ++ export LANG + '[' -f /var/run/apache2/apache2.pid ']' + exec apache2 -DFOREGROUND AH00558: apache2: Could not reliably determine the server's fully qualified domain name, using 10.0.0.233. Set the 'ServerName' directive globally to suppress this message AH00558: apache2: Could not reliably determine the server's fully qualified domain name, using 10.0.0.233. Set the 'ServerName' directive globally to suppress this message
[Fri Jun 26 10:31:13.852408 2026] [mpm_event:notice] [pid 1:tid 140463823239040] AH00489: Apache/2.4.58 (Ubuntu) mod_wsgi/5.0.0 Python/3.12 configured -- resuming normal operations
[Fri Jun 26 10:31:13.852651 2026] [core:notice] [pid 1:tid 140463823239040] AH00094: Command line: 'apache2 -D FOREGROUND'
[Fri Jun 26 10:32:11.428143 2026] [wsgi:error] [pid 11:tid 140463186466496] /var/lib/openstack/lib/python3.12/site-packages/oslo_utils/importutils.py:77: EventletDeprecationWarning:
[Fri Jun 26 10:32:11.428187 2026] [wsgi:error] [pid 11:tid 140463186466496] Eventlet is deprecated. It is currently being maintained in bugfix mode, and
[Fri Jun 26 10:32:11.428189 2026] [wsgi:error] [pid 11:tid 140463186466496] we strongly recommend against using it for new projects.
[Fri Jun 26 10:32:11.428190 2026] [wsgi:error] [pid 11:tid 140463186466496]
[Fri Jun 26 10:32:11.428191 2026] [wsgi:error] [pid 11:tid 140463186466496] If you are already using Eventlet, we recommend migrating to a different
[Fri Jun 26 10:32:11.428192 2026] [wsgi:error] [pid 11:tid 140463186466496] framework. For more detail see
[Fri Jun 26 10:32:11.428193 2026] [wsgi:error] [pid 11:tid 140463186466496] https://eventlet.readthedocs.io/en/latest/asyncio/migration.html
[Fri Jun 26 10:32:11.428194 2026] [wsgi:error] [pid 11:tid 140463186466496]
[Fri Jun 26 10:32:11.428195 2026] [wsgi:error] [pid 11:tid 140463186466496] __import__(import_str)
[Fri Jun 26 10:32:11.430396 2026] [wsgi:error] [pid 13:tid 140463186466496] /var/lib/openstack/lib/python3.12/site-packages/oslo_utils/importutils.py:77: EventletDeprecationWarning:
[Fri Jun 26 10:32:11.430448 2026] [wsgi:error] [pid 13:tid 140463186466496] Eventlet is deprecated. It is currently being maintained in bugfix mode, and
[Fri Jun 26 10:32:11.430451 2026] [wsgi:error] [pid 13:tid 140463186466496] we strongly recommend against using it for new projects.
[Fri Jun 26 10:32:11.430452 2026] [wsgi:error] [pid 13:tid 140463186466496]
[Fri Jun 26 10:32:11.430453 2026] [wsgi:error] [pid 13:tid 140463186466496] If you are already using Eventlet, we recommend migrating to a different
[Fri Jun 26 10:32:11.430455 2026] [wsgi:error] [pid 13:tid 140463186466496] framework. For more detail see
[Fri Jun 26 10:32:11.430456 2026] [wsgi:error] [pid 13:tid 140463186466496] https://eventlet.readthedocs.io/en/latest/asyncio/migration.html
[Fri Jun 26 10:32:11.430458 2026] [wsgi:error] [pid 13:tid 140463186466496]
[Fri Jun 26 10:32:11.430459 2026] [wsgi:error] [pid 13:tid 140463186466496] __import__(import_str) 10.0.0.90 - - [26/Jun/2026:10:32:10 +0000] "GET /v3/ HTTP/1.1" 200 250 10.0.0.90 - - [26/Jun/2026:10:32:10 +0000] "GET /v3/ HTTP/1.1" 200 250
[Fri Jun 26 10:32:23.904531 2026] [wsgi:error] [pid 10:tid 140463186466496] /var/lib/openstack/lib/python3.12/site-packages/oslo_utils/importutils.py:77: EventletDeprecationWarning:
[Fri Jun 26 10:32:23.904576 2026] [wsgi:error] [pid 10:tid 140463186466496] Eventlet is deprecated. It is currently being maintained in bugfix mode, and
[Fri Jun 26 10:32:23.904577 2026] [wsgi:error] [pid 10:tid 140463186466496] we strongly recommend against using it for new projects.
[Fri Jun 26 10:32:23.904579 2026] [wsgi:error] [pid 10:tid 140463186466496]
[Fri Jun 26 10:32:23.904580 2026] [wsgi:error] [pid 10:tid 140463186466496] If you are already using Eventlet, we recommend migrating to a different
[Fri Jun 26 10:32:23.904581 2026] [wsgi:error] [pid 10:tid 140463186466496] framework. For more detail see
[Fri Jun 26 10:32:23.904582 2026] [wsgi:error] [pid 10:tid 140463186466496] https://eventlet.readthedocs.io/en/latest/asyncio/migration.html
[Fri Jun 26 10:32:23.904583 2026] [wsgi:error] [pid 10:tid 140463186466496]
[Fri Jun 26 10:32:23.904584 2026] [wsgi:error] [pid 10:tid 140463186466496] __import__(import_str) 10.0.0.235 - - [26/Jun/2026:10:32:23 +0000] "GET / HTTP/1.1" 300 295
[Fri Jun 26 10:32:29.328778 2026] [wsgi:error] [pid 12:tid 140463186466496] /var/lib/openstack/lib/python3.12/site-packages/oslo_utils/importutils.py:77: EventletDeprecationWarning:
[Fri Jun 26 10:32:29.328817 2026] [wsgi:error] [pid 12:tid 140463186466496] Eventlet is deprecated. It is currently being maintained in bugfix mode, and
[Fri Jun 26 10:32:29.328819 2026] [wsgi:error] [pid 12:tid 140463186466496] we strongly recommend against using it for new projects.
[Fri Jun 26 10:32:29.328820 2026] [wsgi:error] [pid 12:tid 140463186466496]
[Fri Jun 26 10:32:29.328821 2026] [wsgi:error] [pid 12:tid 140463186466496] If you are already using Eventlet, we recommend migrating to a different
[Fri Jun 26 10:32:29.328822 2026] [wsgi:error] [pid 12:tid 140463186466496] framework. For more detail see
[Fri Jun 26 10:32:29.328823 2026] [wsgi:error] [pid 12:tid 140463186466496] https://eventlet.readthedocs.io/en/latest/asyncio/migration.html
[Fri Jun 26 10:32:29.328825 2026] [wsgi:error] [pid 12:tid 140463186466496]
[Fri Jun 26 10:32:29.328826 2026] [wsgi:error] [pid 12:tid 140463186466496] __import__(import_str)
[Fri Jun 26 10:32:34.204937 2026] [wsgi:error] [pid 12:tid 140463186466496] [remote 10.0.0.235:34056] 2026-06-26 10:32:34.201 12 WARNING keystone.identity.core [None req-2ed3f666-5b97-4e88-b114-4cb3b59bb818 - - - - - -] Invalid domain name (atmosphere) found in config file name: keystone.exception.DomainNotFound: Could not find domain: atmosphere.
[Fri Jun 26 10:32:34.260236 2026] [wsgi:error] [pid 12:tid 140463186466496] [remote 10.0.0.235:34056] 2026-06-26 10:32:34.259 12 WARNING keystone.common.password_hashing [None req-2ed3f666-5b97-4e88-b114-4cb3b59bb818 - - - - - -] Truncating password to algorithm specific maximum length 72 characters.
[Fri Jun 26 10:32:34.541108 2026] [wsgi:error] [pid 12:tid 140463186466496] [remote 10.0.0.235:34056] 2026-06-26 10:32:34.540 12 WARNING keystone.common.fernet_utils [None req-2ed3f666-5b97-4e88-b114-4cb3b59bb818 - - - - - -] key_repository is world readable: /etc/keystone/fernet-keys/ 10.0.0.235 - - [26/Jun/2026:10:32:28 +0000] "POST /v3/auth/tokens HTTP/1.1" 201 1360
[Fri Jun 26 10:32:34.932386 2026] [wsgi:error] [pid 13:tid 140463186466496] [remote 10.0.0.235:34056] 2026-06-26 10:32:34.929 13 WARNING keystone.identity.core [None req-d837f84c-c08b-43f0-bb4e-91849631f663 - - - - - -] Invalid domain name (atmosphere) found in config file name: keystone.exception.DomainNotFound: Could not find domain: atmosphere. 10.0.0.235 - - [26/Jun/2026:10:32:34 +0000] "POST /v3/domains HTTP/1.1" 201 261 10.0.0.192 - - [26/Jun/2026:10:32:47 +0000] "GET / HTTP/1.1" 300 295
[Fri Jun 26 10:32:47.733250 2026] [wsgi:error] [pid 10:tid 140463186466496] [remote 10.0.0.192:36464] 2026-06-26 10:32:47.732 10 WARNING keystone.common.password_hashing [None req-eff100c1-17d4-44a2-89b2-808ce5ff28dc - - - - - -] Truncating password to algorithm specific maximum length 72 characters.
[Fri Jun 26 10:32:48.009285 2026] [wsgi:error] [pid 10:tid 140463186466496] [remote 10.0.0.192:36464] 2026-06-26 10:32:48.008 10 WARNING keystone.common.fernet_utils [None req-eff100c1-17d4-44a2-89b2-808ce5ff28dc - - - - - -] key_repository is world readable: /etc/keystone/fernet-keys/ 10.0.0.192 - - [26/Jun/2026:10:32:47 +0000] "POST /v3/auth/tokens HTTP/1.1" 201 1360 10.0.0.192 - - [26/Jun/2026:10:32:48 +0000] "GET /v3/roles/admin HTTP/1.1" 404 83
[Fri Jun 26 10:32:48.275626 2026] [wsgi:error] [pid 13:tid 140463186466496] [remote 10.0.0.192:36464] 2026-06-26 10:32:48.275 13 WARNING keystone.common.rbac_enforcer.enforcer [None req-ee10658a-bfb8-4f6d-ab87-927d48036725 adf0fb675ced40a0b74337e656fa7820 d8d17a00951e4af99781da483f825c81 - - default default] Deprecated policy rules found. Use oslopolicy-policy-generator and oslopolicy-policy-upgrade to detect and resolve deprecated policies in your configuration. 10.0.0.192 - - [26/Jun/2026:10:32:48 +0000] "GET /v3/roles?name=admin HTTP/1.1" 200 389
[Fri Jun 26 10:32:48.825557 2026] [wsgi:error] [pid 11:tid 140463186466496] [remote 10.0.0.192:36464] 2026-06-26 10:32:48.825 11 WARNING keystone.common.rbac_enforcer.enforcer [None req-4767789a-d362-44d8-91c4-60b12a8be3ad adf0fb675ced40a0b74337e656fa7820 d8d17a00951e4af99781da483f825c81 - - default default] Deprecated policy rules found. Use oslopolicy-policy-generator and oslopolicy-policy-upgrade to detect and resolve deprecated policies in your configuration. 10.0.0.192 - - [26/Jun/2026:10:32:48 +0000] "GET /v3/users/admin-RegionOne HTTP/1.1" 404 93
[Fri Jun 26 10:32:48.965522 2026] [wsgi:error] [pid 10:tid 140463186466496] [remote 10.0.0.192:36464] 2026-06-26 10:32:48.965 10 WARNING keystone.common.rbac_enforcer.enforcer [None req-be19f0ee-6b06-4119-9e73-93c472d42763 adf0fb675ced40a0b74337e656fa7820 d8d17a00951e4af99781da483f825c81 - - default default] Deprecated policy rules found. Use oslopolicy-policy-generator and oslopolicy-policy-upgrade to detect and resolve deprecated policies in your configuration. 10.0.0.192 - - [26/Jun/2026:10:32:48 +0000] "GET /v3/users?name=admin-RegionOne HTTP/1.1" 200 422
[Fri Jun 26 10:32:49.139627 2026] [wsgi:error] [pid 12:tid 140463186466496] [remote 10.0.0.192:36464] 2026-06-26 10:32:49.139 12 WARNING keystone.common.rbac_enforcer.enforcer [None req-1d869040-7aed-44a5-8508-5ee8284a4294 adf0fb675ced40a0b74337e656fa7820 d8d17a00951e4af99781da483f825c81 - - default default] Deprecated policy rules found. Use oslopolicy-policy-generator and oslopolicy-policy-upgrade to detect and resolve deprecated policies in your configuration. 10.0.0.192 - - [26/Jun/2026:10:32:49 +0000] "GET /v3/domains/default HTTP/1.1" 200 224 10.0.0.192 - - [26/Jun/2026:10:32:49 +0000] "PUT /v3/domains/default/users/adf0fb675ced40a0b74337e656fa7820/roles/f3904bc2d34a43f4aa4d737f334116dc HTTP/1.1" 204 - 10.0.0.90 - - [26/Jun/2026:10:32:58 +0000] "GET / HTTP/1.1" 300 281 10.0.0.90 - - [26/Jun/2026:10:32:59 +0000] "GET /v3 HTTP/1.1" 200 266
[Fri Jun 26 10:32:59.991334 2026] [wsgi:error] [pid 12:tid 140463186466496] [remote 10.0.0.90:59700] 2026-06-26 10:32:59.991 12 WARNING keystone.common.password_hashing [None req-d984ce30-33c7-49b1-a5de-551a1d3d4cf9 - - - - - -] Truncating password to algorithm specific maximum length 72 characters.
[Fri Jun 26 10:33:00.277214 2026] [wsgi:error] [pid 12:tid 140463186466496] [remote 10.0.0.90:59700] 2026-06-26 10:33:00.277 12 WARNING keystone.common.fernet_utils [None req-d984ce30-33c7-49b1-a5de-551a1d3d4cf9 - - - - - -] key_repository is world readable: /etc/keystone/fernet-keys/ 10.0.0.90 - - [26/Jun/2026:10:32:59 +0000] "POST /v3/auth/tokens HTTP/1.1" 201 1360 10.0.0.90 - - [26/Jun/2026:10:33:00 +0000] "GET / HTTP/1.1" 300 281 10.0.0.90 - - [26/Jun/2026:10:33:00 +0000] "GET /v3/domains/atmosphere HTTP/1.1" 404 90 10.0.0.90 - - [26/Jun/2026:10:33:00 +0000] "GET /v3/domains?name=atmosphere HTTP/1.1" 200 370 10.0.0.90 - - [26/Jun/2026:10:33:00 +0000] "GET /v3/domains/db189f6c04034d26a49a16a74b787eb0 HTTP/1.1" 200 247 10.0.0.90 - - [26/Jun/2026:10:33:01 +0000] "GET /v3 HTTP/1.1" 200 266
[Fri Jun 26 10:33:01.429094 2026] [wsgi:error] [pid 11:tid 140463186466496] [remote 10.0.0.90:59692] 2026-06-26 10:33:01.428 11 WARNING keystone.common.password_hashing [None req-3894544a-16c5-4ef2-a5d1-0065d7271c37 - - - - - -] Truncating password to algorithm specific maximum length 72 characters.
[Fri Jun 26 10:33:01.719575 2026] [wsgi:error] [pid 11:tid 140463186466496] [remote 10.0.0.90:59692] 2026-06-26 10:33:01.719 11 WARNING keystone.common.fernet_utils [None req-3894544a-16c5-4ef2-a5d1-0065d7271c37 - - - - - -] key_repository is world readable: /etc/keystone/fernet-keys/ 10.0.0.90 - - [26/Jun/2026:10:33:01 +0000] "POST /v3/auth/tokens HTTP/1.1" 201 1360 10.0.0.90 - - [26/Jun/2026:10:33:01 +0000] "GET / HTTP/1.1" 300 281 10.0.0.90 - - [26/Jun/2026:10:33:01 +0000] "GET /v3/OS-FEDERATION/identity_providers/atmosphere HTTP/1.1" 404 101 10.0.0.90 - - [26/Jun/2026:10:33:01 +0000] "GET /v3/OS-FEDERATION/identity_providers HTTP/1.1" 200 156 10.0.0.90 - - [26/Jun/2026:10:33:01 +0000] "PUT /v3/OS-FEDERATION/identity_providers/atmosphere HTTP/1.1" 201 342 10.0.0.90 - - [26/Jun/2026:10:33:02 +0000] "GET /v3 HTTP/1.1" 200 266
[Fri Jun 26 10:33:02.587952 2026] [wsgi:error] [pid 12:tid 140463186466496] [remote 10.0.0.90:59700] 2026-06-26 10:33:02.587 12 WARNING keystone.common.password_hashing [None req-6551a81a-c467-41ad-b343-3491de731c47 - - - - - -] Truncating password to algorithm specific maximum length 72 characters.
[Fri Jun 26 10:33:02.873996 2026] [wsgi:error] [pid 12:tid 140463186466496] [remote 10.0.0.90:59700] 2026-06-26 10:33:02.873 12 WARNING keystone.common.fernet_utils [None req-6551a81a-c467-41ad-b343-3491de731c47 - - - - - -] key_repository is world readable: /etc/keystone/fernet-keys/ 10.0.0.90 - - [26/Jun/2026:10:33:02 +0000] "POST /v3/auth/tokens HTTP/1.1" 201 1360 10.0.0.90 - - [26/Jun/2026:10:33:02 +0000] "GET / HTTP/1.1" 300 281 10.0.0.90 - - [26/Jun/2026:10:33:02 +0000] "GET /v3/OS-FEDERATION/mappings/atmosphere-openid HTTP/1.1" 404 98 10.0.0.90 - - [26/Jun/2026:10:33:02 +0000] "GET /v3/OS-FEDERATION/mappings HTTP/1.1" 200 136 10.0.0.90 - - [26/Jun/2026:10:33:02 +0000] "PUT /v3/OS-FEDERATION/mappings/atmosphere-openid HTTP/1.1" 201 357 10.0.0.90 - - [26/Jun/2026:10:33:03 +0000] "GET /v3 HTTP/1.1" 200 266
[Fri Jun 26 10:33:03.733098 2026] [wsgi:error] [pid 11:tid 140463186466496] [remote 10.0.0.90:59692] 2026-06-26 10:33:03.732 11 WARNING keystone.common.password_hashing [None req-35ec7deb-740e-4d69-9e08-0f4c3190bb95 - - - - - -] Truncating password to algorithm specific maximum length 72 characters.
[Fri Jun 26 10:33:04.010236 2026] [wsgi:error] [pid 11:tid 140463186466496] [remote 10.0.0.90:59692] 2026-06-26 10:33:04.010 11 WARNING keystone.common.fernet_utils [None req-35ec7deb-740e-4d69-9e08-0f4c3190bb95 - - - - - -] key_repository is world readable: /etc/keystone/fernet-keys/ 10.0.0.90 - - [26/Jun/2026:10:33:03 +0000] "POST /v3/auth/tokens HTTP/1.1" 201 1360 10.0.0.90 - - [26/Jun/2026:10:33:04 +0000] "GET / HTTP/1.1" 300 281 10.0.0.90 - - [26/Jun/2026:10:33:04 +0000] "GET /v3/OS-FEDERATION/identity_providers/atmosphere/protocols/openid?idp_id=atmosphere HTTP/1.1" 404 131 10.0.0.90 - - [26/Jun/2026:10:33:04 +0000] "GET /v3/OS-FEDERATION/identity_providers/atmosphere/protocols HTTP/1.1" 200 168 10.0.0.90 - - [26/Jun/2026:10:33:04 +0000] "PUT /v3/OS-FEDERATION/identity_providers/atmosphere/protocols/openid HTTP/1.1" 201 224 10.0.0.90 - - [26/Jun/2026:10:33:10 +0000] "GET /v3/ HTTP/1.1" 200 250 10.0.0.90 - - [26/Jun/2026:10:33:10 +0000] "GET /v3/ HTTP/1.1" 200 250 10.0.0.90 - - [26/Jun/2026:10:34:10 +0000] "GET /v3/ HTTP/1.1" 200 250 10.0.0.90 - - [26/Jun/2026:10:34:10 +0000] "GET /v3/ HTTP/1.1" 200 250 10.0.0.110 - - [26/Jun/2026:10:34:27 +0000] "GET / HTTP/1.1" 300 295
[Fri Jun 26 10:34:27.380137 2026] [wsgi:error] [pid 12:tid 140463186466496] [remote 10.0.0.110:51622] 2026-06-26 10:34:27.379 12 WARNING keystone.common.password_hashing [None req-1ce378fe-ad34-40cb-8b34-c8474c635f10 - - - - - -] Truncating password to algorithm specific maximum length 72 characters.
[Fri Jun 26 10:34:27.652561 2026] [wsgi:error] [pid 12:tid 140463186466496] [remote 10.0.0.110:51622] 2026-06-26 10:34:27.652 12 WARNING keystone.common.fernet_utils [None req-1ce378fe-ad34-40cb-8b34-c8474c635f10 - - - - - -] key_repository is world readable: /etc/keystone/fernet-keys/ 10.0.0.110 - - [26/Jun/2026:10:34:27 +0000] "POST /v3/auth/tokens HTTP/1.1" 201 1360 10.0.0.110 - - [26/Jun/2026:10:34:27 +0000] "GET /v3/services HTTP/1.1" 200 355 10.0.0.110 - - [26/Jun/2026:10:34:31 +0000] "GET / HTTP/1.1" 300 295
[Fri Jun 26 10:34:31.422240 2026] [wsgi:error] [pid 10:tid 140463186466496] [remote 10.0.0.110:51634] 2026-06-26 10:34:31.422 10 WARNING keystone.common.password_hashing [None req-71a1b0a0-5ee0-4e68-ad98-31a244d12d02 - - - - - -] Truncating password to algorithm specific maximum length 72 characters.
[Fri Jun 26 10:34:31.700672 2026] [wsgi:error] [pid 10:tid 140463186466496] [remote 10.0.0.110:51634] 2026-06-26 10:34:31.700 10 WARNING keystone.common.fernet_utils [None req-71a1b0a0-5ee0-4e68-ad98-31a244d12d02 - - - - - -] key_repository is world readable: /etc/keystone/fernet-keys/ 10.0.0.110 - - [26/Jun/2026:10:34:31 +0000] "POST /v3/auth/tokens HTTP/1.1" 201 1360 10.0.0.110 - - [26/Jun/2026:10:34:31 +0000] "GET /v3/services HTTP/1.1" 200 355 10.0.0.110 - - [26/Jun/2026:10:34:35 +0000] "GET / HTTP/1.1" 300 295
[Fri Jun 26 10:34:35.424748 2026] [wsgi:error] [pid 13:tid 140463186466496] [remote 10.0.0.110:51638] 2026-06-26 10:34:35.424 13 WARNING keystone.common.password_hashing [None req-c6ecf010-ec43-4192-a5e2-c4446051fe01 - - - - - -] Truncating password to algorithm specific maximum length 72 characters.
[Fri Jun 26 10:34:35.698166 2026] [wsgi:error] [pid 13:tid 140463186466496] [remote 10.0.0.110:51638] 2026-06-26 10:34:35.698 13 WARNING keystone.common.fernet_utils [None req-c6ecf010-ec43-4192-a5e2-c4446051fe01 - - - - - -] key_repository is world readable: /etc/keystone/fernet-keys/ 10.0.0.110 - - [26/Jun/2026:10:34:35 +0000] "POST /v3/auth/tokens HTTP/1.1" 201 1360 10.0.0.110 - - [26/Jun/2026:10:34:35 +0000] "GET /v3/services HTTP/1.1" 200 355 10.0.0.110 - - [26/Jun/2026:10:34:39 +0000] "GET / HTTP/1.1" 300 295
[Fri Jun 26 10:34:39.474976 2026] [wsgi:error] [pid 11:tid 140463186466496] [remote 10.0.0.110:49778] 2026-06-26 10:34:39.474 11 WARNING keystone.common.password_hashing [None req-f8eeb1c9-66c7-432d-bd45-a342626615c9 - - - - - -] Truncating password to algorithm specific maximum length 72 characters.
[Fri Jun 26 10:34:39.752261 2026] [wsgi:error] [pid 11:tid 140463186466496] [remote 10.0.0.110:49778] 2026-06-26 10:34:39.752 11 WARNING keystone.common.fernet_utils [None req-f8eeb1c9-66c7-432d-bd45-a342626615c9 - - - - - -] key_repository is world readable: /etc/keystone/fernet-keys/ 10.0.0.110 - - [26/Jun/2026:10:34:39 +0000] "POST /v3/auth/tokens HTTP/1.1" 201 1360 10.0.0.110 - - [26/Jun/2026:10:34:39 +0000] "POST /v3/services HTTP/1.1" 201 296 10.0.0.16 - - [26/Jun/2026:10:34:52 +0000] "GET / HTTP/1.1" 300 295
[Fri Jun 26 10:34:52.581198 2026] [wsgi:error] [pid 12:tid 140463186466496] [remote 10.0.0.16:49126] 2026-06-26 10:34:52.580 12 WARNING keystone.common.password_hashing [None req-c7227bb1-a6b2-4dea-a20e-d0a240f6c163 - - - - - -] Truncating password to algorithm specific maximum length 72 characters. 10.0.0.16 - - [26/Jun/2026:10:34:52 +0000] "GET / HTTP/1.1" 300 295
[Fri Jun 26 10:34:52.784005 2026] [wsgi:error] [pid 13:tid 140463186466496] [remote 10.0.0.16:49140] 2026-06-26 10:34:52.783 13 WARNING keystone.common.password_hashing [None req-410b6081-6621-4792-a1dc-d6849a2c2477 - - - - - -] Truncating password to algorithm specific maximum length 72 characters. 10.0.0.16 - - [26/Jun/2026:10:34:52 +0000] "GET / HTTP/1.1" 300 295
[Fri Jun 26 10:34:52.843988 2026] [wsgi:error] [pid 11:tid 140463186466496] [remote 10.0.0.16:49144] 2026-06-26 10:34:52.843 11 WARNING keystone.common.password_hashing [None req-4b04afa7-3a74-46bc-ab1b-b8c9f8db69ae - - - - - -] Truncating password to algorithm specific maximum length 72 characters.
[Fri Jun 26 10:34:52.865752 2026] [wsgi:error] [pid 12:tid 140463186466496] [remote 10.0.0.16:49126] 2026-06-26 10:34:52.865 12 WARNING keystone.common.fernet_utils [None req-c7227bb1-a6b2-4dea-a20e-d0a240f6c163 - - - - - -] key_repository is world readable: /etc/keystone/fernet-keys/ 10.0.0.16 - - [26/Jun/2026:10:34:52 +0000] "POST /v3/auth/tokens HTTP/1.1" 201 1464 10.0.0.16 - - [26/Jun/2026:10:34:52 +0000] "GET /v3/services HTTP/1.1" 200 639
[Fri Jun 26 10:34:53.082606 2026] [wsgi:error] [pid 13:tid 140463186466496] [remote 10.0.0.16:49140] 2026-06-26 10:34:53.082 13 WARNING keystone.common.fernet_utils [None req-410b6081-6621-4792-a1dc-d6849a2c2477 - - - - - -] key_repository is world readable: /etc/keystone/fernet-keys/ 10.0.0.16 - - [26/Jun/2026:10:34:52 +0000] "POST /v3/auth/tokens HTTP/1.1" 201 1464
[Fri Jun 26 10:34:53.139181 2026] [wsgi:error] [pid 11:tid 140463186466496] [remote 10.0.0.16:49144] 2026-06-26 10:34:53.139 11 WARNING keystone.common.fernet_utils [None req-4b04afa7-3a74-46bc-ab1b-b8c9f8db69ae - - - - - -] key_repository is world readable: /etc/keystone/fernet-keys/ 10.0.0.16 - - [26/Jun/2026:10:34:52 +0000] "POST /v3/auth/tokens HTTP/1.1" 201 1464 10.0.0.16 - - [26/Jun/2026:10:34:53 +0000] "GET /v3/services HTTP/1.1" 200 639 10.0.0.16 - - [26/Jun/2026:10:34:53 +0000] "GET /v3/services HTTP/1.1" 200 639 10.0.0.16 - - [26/Jun/2026:10:34:54 +0000] "GET / HTTP/1.1" 300 295
[Fri Jun 26 10:34:54.738807 2026] [wsgi:error] [pid 11:tid 140463186466496] [remote 10.0.0.16:49146] 2026-06-26 10:34:54.738 11 WARNING keystone.common.password_hashing [None req-dcc284a7-a3b8-47ae-93c1-4807f361bf6a - - - - - -] Truncating password to algorithm specific maximum length 72 characters. 10.0.0.16 - - [26/Jun/2026:10:34:54 +0000] "GET / HTTP/1.1" 300 295
[Fri Jun 26 10:34:54.887736 2026] [wsgi:error] [pid 10:tid 140463186466496] [remote 10.0.0.16:49152] 2026-06-26 10:34:54.887 10 WARNING keystone.common.password_hashing [None req-781e740d-6fb6-4d30-b400-09e88f9cbe40 - - - - - -] Truncating password to algorithm specific maximum length 72 characters. 10.0.0.16 - - [26/Jun/2026:10:34:54 +0000] "GET / HTTP/1.1" 300 295
[Fri Jun 26 10:34:54.997133 2026] [wsgi:error] [pid 12:tid 140463186466496] [remote 10.0.0.16:49160] 2026-06-26 10:34:54.996 12 WARNING keystone.common.password_hashing [None req-3f62ebc2-d1c4-46b2-a670-6db695770616 - - - - - -] Truncating password to algorithm specific maximum length 72 characters.
[Fri Jun 26 10:34:55.023514 2026] [wsgi:error] [pid 11:tid 140463186466496] [remote 10.0.0.16:49146] 2026-06-26 10:34:55.023 11 WARNING keystone.common.fernet_utils [None req-dcc284a7-a3b8-47ae-93c1-4807f361bf6a - - - - - -] key_repository is world readable: /etc/keystone/fernet-keys/ 10.0.0.16 - - [26/Jun/2026:10:34:54 +0000] "POST /v3/auth/tokens HTTP/1.1" 201 1464 10.0.0.16 - - [26/Jun/2026:10:34:55 +0000] "GET /v3/endpoints HTTP/1.1" 200 1227 10.0.0.16 - - [26/Jun/2026:10:34:55 +0000] "GET /v3/services/963a6b00a92a4b02aa06c4b900f2f3c8 HTTP/1.1" 200 233
[Fri Jun 26 10:34:55.185041 2026] [wsgi:error] [pid 10:tid 140463186466496] [remote 10.0.0.16:49152] 2026-06-26 10:34:55.184 10 WARNING keystone.common.fernet_utils [None req-781e740d-6fb6-4d30-b400-09e88f9cbe40 - - - - - -] key_repository is world readable: /etc/keystone/fernet-keys/ 10.0.0.16 - - [26/Jun/2026:10:34:55 +0000] "GET /v3/services/963a6b00a92a4b02aa06c4b900f2f3c8 HTTP/1.1" 200 233 10.0.0.16 - - [26/Jun/2026:10:34:54 +0000] "POST /v3/auth/tokens HTTP/1.1" 201 1464 10.0.0.16 - - [26/Jun/2026:10:34:55 +0000] "GET /v3/services/963a6b00a92a4b02aa06c4b900f2f3c8 HTTP/1.1" 200 233
[Fri Jun 26 10:34:55.283875 2026] [wsgi:error] [pid 12:tid 140463186466496] [remote 10.0.0.16:49160] 2026-06-26 10:34:55.283 12 WARNING keystone.common.fernet_utils [None req-3f62ebc2-d1c4-46b2-a670-6db695770616 - - - - - -] key_repository is world readable: /etc/keystone/fernet-keys/ 10.0.0.16 - - [26/Jun/2026:10:34:54 +0000] "POST /v3/auth/tokens HTTP/1.1" 201 1464 10.0.0.16 - - [26/Jun/2026:10:34:55 +0000] "GET /v3/endpoints HTTP/1.1" 200 1227 10.0.0.16 - - [26/Jun/2026:10:34:55 +0000] "GET /v3/services/963a6b00a92a4b02aa06c4b900f2f3c8 HTTP/1.1" 200 233 10.0.0.16 - - [26/Jun/2026:10:34:55 +0000] "GET /v3/services/963a6b00a92a4b02aa06c4b900f2f3c8 HTTP/1.1" 200 233 10.0.0.16 - - [26/Jun/2026:10:34:55 +0000] "GET /v3/services/963a6b00a92a4b02aa06c4b900f2f3c8 HTTP/1.1" 200 233 10.0.0.16 - - [26/Jun/2026:10:34:55 +0000] "GET /v3/endpoints HTTP/1.1" 200 1227 10.0.0.16 - - [26/Jun/2026:10:34:55 +0000] "GET /v3/services/963a6b00a92a4b02aa06c4b900f2f3c8 HTTP/1.1" 200 233 10.0.0.16 - - [26/Jun/2026:10:34:55 +0000] "GET /v3/services/963a6b00a92a4b02aa06c4b900f2f3c8 HTTP/1.1" 200 233 10.0.0.16 - - [26/Jun/2026:10:34:55 +0000] "GET /v3/services/963a6b00a92a4b02aa06c4b900f2f3c8 HTTP/1.1" 200 233 10.0.0.16 - - [26/Jun/2026:10:34:56 +0000] "GET / HTTP/1.1" 300 295
[Fri Jun 26 10:34:56.807626 2026] [wsgi:error] [pid 10:tid 140463186466496] [remote 10.0.0.16:57546] 2026-06-26 10:34:56.807 10 WARNING keystone.common.password_hashing [None req-ad380d76-054d-4c9a-8151-5f4769076c5e - - - - - -] Truncating password to algorithm specific maximum length 72 characters. 10.0.0.16 - - [26/Jun/2026:10:34:56 +0000] "GET / HTTP/1.1" 300 295
[Fri Jun 26 10:34:56.905554 2026] [wsgi:error] [pid 12:tid 140463186466496] [remote 10.0.0.16:57550] 2026-06-26 10:34:56.905 12 WARNING keystone.common.password_hashing [None req-2eb43b85-ec7c-45ab-a67f-133ea51d6f96 - - - - - -] Truncating password to algorithm specific maximum length 72 characters. 10.0.0.16 - - [26/Jun/2026:10:34:57 +0000] "GET / HTTP/1.1" 300 295
[Fri Jun 26 10:34:57.101435 2026] [wsgi:error] [pid 10:tid 140463186466496] [remote 10.0.0.16:57546] 2026-06-26 10:34:57.101 10 WARNING keystone.common.fernet_utils [None req-ad380d76-054d-4c9a-8151-5f4769076c5e - - - - - -] key_repository is world readable: /etc/keystone/fernet-keys/
[Fri Jun 26 10:34:57.106315 2026] [wsgi:error] [pid 11:tid 140463186466496] [remote 10.0.0.16:57564] 2026-06-26 10:34:57.106 11 WARNING keystone.common.password_hashing [None req-5586db1f-1ef0-4180-8e91-b724dda888a4 - - - - - -] Truncating password to algorithm specific maximum length 72 characters. 10.0.0.16 - - [26/Jun/2026:10:34:56 +0000] "POST /v3/auth/tokens HTTP/1.1" 201 1464
[Fri Jun 26 10:34:57.189587 2026] [wsgi:error] [pid 12:tid 140463186466496] [remote 10.0.0.16:57550] 2026-06-26 10:34:57.189 12 WARNING keystone.common.fernet_utils [None req-2eb43b85-ec7c-45ab-a67f-133ea51d6f96 - - - - - -] key_repository is world readable: /etc/keystone/fernet-keys/ 10.0.0.16 - - [26/Jun/2026:10:34:56 +0000] "POST /v3/auth/tokens HTTP/1.1" 201 1464 10.0.0.16 - - [26/Jun/2026:10:34:57 +0000] "GET /v3/services/baf2a43feb7c43d79b3bc7ed914f1e41 HTTP/1.1" 200 296 10.0.0.16 - - [26/Jun/2026:10:34:57 +0000] "GET /v3/regions/RegionOne HTTP/1.1" 200 173 10.0.0.16 - - [26/Jun/2026:10:34:57 +0000] "GET /v3/services/baf2a43feb7c43d79b3bc7ed914f1e41 HTTP/1.1" 200 296 10.0.0.16 - - [26/Jun/2026:10:34:57 +0000] "GET /v3/regions/RegionOne HTTP/1.1" 200 173 10.0.0.16 - - [26/Jun/2026:10:34:57 +0000] "POST /v3/endpoints HTTP/1.1" 201 383
[Fri Jun 26 10:34:57.393151 2026] [wsgi:error] [pid 11:tid 140463186466496] [remote 10.0.0.16:57564] 2026-06-26 10:34:57.392 11 WARNING keystone.common.fernet_utils [None req-5586db1f-1ef0-4180-8e91-b724dda888a4 - - - - - -] key_repository is world readable: /etc/keystone/fernet-keys/ 10.0.0.16 - - [26/Jun/2026:10:34:57 +0000] "POST /v3/endpoints HTTP/1.1" 201 380 10.0.0.16 - - [26/Jun/2026:10:34:57 +0000] "POST /v3/auth/tokens HTTP/1.1" 201 1823 10.0.0.16 - - [26/Jun/2026:10:34:57 +0000] "GET /v3/services/baf2a43feb7c43d79b3bc7ed914f1e41 HTTP/1.1" 200 296 10.0.0.16 - - [26/Jun/2026:10:34:57 +0000] "GET /v3/regions/RegionOne HTTP/1.1" 200 173 10.0.0.16 - - [26/Jun/2026:10:34:57 +0000] "POST /v3/endpoints HTTP/1.1" 201 370 10.0.0.16 - - [26/Jun/2026:10:34:58 +0000] "GET / HTTP/1.1" 300 295
[Fri Jun 26 10:34:58.917802 2026] [wsgi:error] [pid 10:tid 140463186466496] [remote 10.0.0.16:57572] 2026-06-26 10:34:58.917 10 WARNING keystone.common.password_hashing [None req-80aae696-814c-4826-bf94-a7f9abdd976f - - - - - -] Truncating password to algorithm specific maximum length 72 characters. 10.0.0.16 - - [26/Jun/2026:10:34:58 +0000] "GET / HTTP/1.1" 300 295
[Fri Jun 26 10:34:59.004541 2026] [wsgi:error] [pid 12:tid 140463186466496] [remote 10.0.0.16:57576] 2026-06-26 10:34:59.004 12 WARNING keystone.common.password_hashing [None req-73598da7-52cc-4a41-9f6d-ca79a02368c6 - - - - - -] Truncating password to algorithm specific maximum length 72 characters.
[Fri Jun 26 10:34:59.197324 2026] [wsgi:error] [pid 10:tid 140463186466496] [remote 10.0.0.16:57572] 2026-06-26 10:34:59.197 10 WARNING keystone.common.fernet_utils [None req-80aae696-814c-4826-bf94-a7f9abdd976f - - - - - -] key_repository is world readable: /etc/keystone/fernet-keys/ 10.0.0.16 - - [26/Jun/2026:10:34:58 +0000] "POST /v3/auth/tokens HTTP/1.1" 201 1992 10.0.0.16 - - [26/Jun/2026:10:34:59 +0000] "GET / HTTP/1.1" 300 295
[Fri Jun 26 10:34:59.254171 2026] [wsgi:error] [pid 13:tid 140463186466496] [remote 10.0.0.16:57580] 2026-06-26 10:34:59.253 13 WARNING keystone.common.password_hashing [None req-aa44eba6-c0e8-4784-84ed-3cace1cd6895 - - - - - -] Truncating password to algorithm specific maximum length 72 characters.
[Fri Jun 26 10:34:59.276872 2026] [wsgi:error] [pid 12:tid 140463186466496] [remote 10.0.0.16:57576] 2026-06-26 10:34:59.276 12 WARNING keystone.common.fernet_utils [None req-73598da7-52cc-4a41-9f6d-ca79a02368c6 - - - - - -] key_repository is world readable: /etc/keystone/fernet-keys/ 10.0.0.16 - - [26/Jun/2026:10:34:58 +0000] "POST /v3/auth/tokens HTTP/1.1" 201 1992 10.0.0.16 - - [26/Jun/2026:10:34:59 +0000] "GET /v3/endpoints/6b34e07bf73a40169f5765bea5ea6985 HTTP/1.1" 200 383 10.0.0.16 - - [26/Jun/2026:10:34:59 +0000] "GET /v3/services/baf2a43feb7c43d79b3bc7ed914f1e41 HTTP/1.1" 200 296 10.0.0.16 - - [26/Jun/2026:10:34:59 +0000] "GET /v3/endpoints/b51bf2e5ced2424c95112f37c762b705 HTTP/1.1" 200 380 10.0.0.16 - - [26/Jun/2026:10:34:59 +0000] "GET /v3/services/baf2a43feb7c43d79b3bc7ed914f1e41 HTTP/1.1" 200 296
[Fri Jun 26 10:34:59.540952 2026] [wsgi:error] [pid 13:tid 140463186466496] [remote 10.0.0.16:57580] 2026-06-26 10:34:59.540 13 WARNING keystone.common.fernet_utils [None req-aa44eba6-c0e8-4784-84ed-3cace1cd6895 - - - - - -] key_repository is world readable: /etc/keystone/fernet-keys/ 10.0.0.16 - - [26/Jun/2026:10:34:59 +0000] "POST /v3/auth/tokens HTTP/1.1" 201 1992 10.0.0.16 - - [26/Jun/2026:10:34:59 +0000] "GET /v3/endpoints/740e787c375b4219a6f572a379cb6aba HTTP/1.1" 200 370 10.0.0.16 - - [26/Jun/2026:10:34:59 +0000] "GET /v3/services/baf2a43feb7c43d79b3bc7ed914f1e41 HTTP/1.1" 200 296 10.0.0.90 - - [26/Jun/2026:10:35:10 +0000] "GET /v3/ HTTP/1.1" 200 250 10.0.0.90 - - [26/Jun/2026:10:35:10 +0000] "GET /v3/ HTTP/1.1" 200 250 10.0.0.70 - - [26/Jun/2026:10:35:10 +0000] "GET / HTTP/1.1" 300 295
[Fri Jun 26 10:35:10.719085 2026] [wsgi:error] [pid 12:tid 140463186466496] [remote 10.0.0.70:33150] 2026-06-26 10:35:10.718 12 WARNING keystone.common.password_hashing [None req-1ae46fa3-d542-43fa-9ff9-bbc97da873cd - - - - - -] Truncating password to algorithm specific maximum length 72 characters.
[Fri Jun 26 10:35:10.996780 2026] [wsgi:error] [pid 12:tid 140463186466496] [remote 10.0.0.70:33150] 2026-06-26 10:35:10.996 12 WARNING keystone.common.fernet_utils [None req-1ae46fa3-d542-43fa-9ff9-bbc97da873cd - - - - - -] key_repository is world readable: /etc/keystone/fernet-keys/ 10.0.0.70 - - [26/Jun/2026:10:35:10 +0000] "POST /v3/auth/tokens HTTP/1.1" 201 1992 10.0.0.70 - - [26/Jun/2026:10:35:11 +0000] "POST /v3/domains HTTP/1.1" 201 284 10.0.0.70 - - [26/Jun/2026:10:35:12 +0000] "GET / HTTP/1.1" 300 295
[Fri Jun 26 10:35:12.916750 2026] [wsgi:error] [pid 11:tid 140463186466496] [remote 10.0.0.70:33164] 2026-06-26 10:35:12.916 11 WARNING keystone.common.password_hashing [None req-9e0c6bfc-d6bd-4cd3-8411-5e601a20bc3d - - - - - -] Truncating password to algorithm specific maximum length 72 characters.
[Fri Jun 26 10:35:13.205436 2026] [wsgi:error] [pid 11:tid 140463186466496] [remote 10.0.0.70:33164] 2026-06-26 10:35:13.204 11 WARNING keystone.common.fernet_utils [None req-9e0c6bfc-d6bd-4cd3-8411-5e601a20bc3d - - - - - -] key_repository is world readable: /etc/keystone/fernet-keys/ 10.0.0.70 - - [26/Jun/2026:10:35:12 +0000] "POST /v3/auth/tokens HTTP/1.1" 201 1992
[Fri Jun 26 10:35:13.391725 2026] [wsgi:error] [pid 12:tid 140463186466496] [remote 10.0.0.70:33164] 2026-06-26 10:35:13.379 12 ERROR keystone.server.flask.application [None req-318d7e74-5c1d-417b-87f0-852848fe9424 adf0fb675ced40a0b74337e656fa7820 d8d17a00951e4af99781da483f825c81 - - default default] Conflict occurred attempting to store project - it is not permitted to have two projects acting as domains with the same name: service.: keystone.exception.Conflict: Conflict occurred attempting to store project - it is not permitted to have two projects acting as domains with the same name: service.
[Fri Jun 26 10:35:13.391750 2026] [wsgi:error] [pid 12:tid 140463186466496] [remote 10.0.0.70:33164] 2026-06-26 10:35:13.379 12 ERROR keystone.server.flask.application
Traceback (most recent call last):
[Fri Jun 26 10:35:13.391752 2026] [wsgi:error] [pid 12:tid 140463186466496] [remote 10.0.0.70:33164] 2026-06-26 10:35:13.379 12 ERROR keystone.server.flask.application
File "/var/lib/openstack/lib/python3.12/site-packages/sqlalchemy/engine/base.py", line 1969, in _exec_single_context
[Fri Jun 26 10:35:13.391754 2026] [wsgi:error] [pid 12:tid 140463186466496] [remote 10.0.0.70:33164] 2026-06-26 10:35:13.379 12 ERROR keystone.server.flask.application self.dialect.do_execute(
[Fri Jun 26 10:35:13.391755 2026] [wsgi:error] [pid 12:tid 140463186466496] [remote 10.0.0.70:33164] 2026-06-26 10:35:13.379 12 ERROR keystone.server.flask.application
File "/var/lib/openstack/lib/python3.12/site-packages/sqlalchemy/engine/default.py", line 952, in do_execute
[Fri Jun 26 10:35:13.391757 2026] [wsgi:error] [pid 12:tid 140463186466496] [remote 10.0.0.70:33164] 2026-06-26 10:35:13.379 12 ERROR keystone.server.flask.application cursor.execute(statement, parameters)
[Fri Jun 26 10:35:13.391759 2026] [wsgi:error] [pid 12:tid 140463186466496] [remote 10.0.0.70:33164] 2026-06-26 10:35:13.379 12 ERROR keystone.server.flask.application
File "/var/lib/openstack/lib/python3.12/site-packages/pymysql/cursors.py", line 159, in execute
[Fri Jun 26 10:35:13.391760 2026] [wsgi:error] [pid 12:tid 140463186466496] [remote 10.0.0.70:33164] 2026-06-26 10:35:13.379 12 ERROR keystone.server.flask.application result = self._query(query)
[Fri Jun 26 10:35:13.391761 2026] [wsgi:error] [pid 12:tid 140463186466496] [remote 10.0.0.70:33164] 2026-06-26 10:35:13.379 12 ERROR keystone.server.flask.application ^^^^^^^^^^^^^^^^^^
[Fri Jun 26 10:35:13.391763 2026] [wsgi:error] [pid 12:tid 140463186466496] [remote 10.0.0.70:33164] 2026-06-26 10:35:13.379 12 ERROR keystone.server.flask.application
File "/var/lib/openstack/lib/python3.12/site-packages/pymysql/cursors.py", line 330, in _query
[Fri Jun 26 10:35:13.391764 2026] [wsgi:error] [pid 12:tid 140463186466496] [remote 10.0.0.70:33164] 2026-06-26 10:35:13.379 12 ERROR keystone.server.flask.application conn.query(q)
[Fri Jun 26 10:35:13.391766 2026] [wsgi:error] [pid 12:tid 140463186466496] [remote 10.0.0.70:33164] 2026-06-26 10:35:13.379 12 ERROR keystone.server.flask.application
File "/var/lib/openstack/lib/python3.12/site-packages/pymysql/connections.py", line 582, in query
[Fri Jun 26 10:35:13.391767 2026] [wsgi:error] [pid 12:tid 140463186466496] [remote 10.0.0.70:33164] 2026-06-26 10:35:13.379 12 ERROR keystone.server.flask.application self._affected_rows = self._read_query_result(unbuffered=unbuffered)
[Fri Jun 26 10:35:13.391769 2026] [wsgi:error] [pid 12:tid 140463186466496] [remote 10.0.0.70:33164] 2026-06-26 10:35:13.379 12 ERROR keystone.server.flask.application ^^^^^^^^^^^^^^^^^^^^^^^^^^^^^^^^^^^^^^^^^^^^^^
[Fri Jun 26 10:35:13.391770 2026] [wsgi:error] [pid 12:tid 140463186466496] [remote 10.0.0.70:33164] 2026-06-26 10:35:13.379 12 ERROR keystone.server.flask.application
File "/var/lib/openstack/lib/python3.12/site-packages/pymysql/connections.py", line 847, in _read_query_result
[Fri Jun 26 10:35:13.391771 2026] [wsgi:error] [pid 12:tid 140463186466496] [remote 10.0.0.70:33164] 2026-06-26 10:35:13.379 12 ERROR keystone.server.flask.application result.read()
[Fri Jun 26 10:35:13.391775 2026] [wsgi:error] [pid 12:tid 140463186466496] [remote 10.0.0.70:33164] 2026-06-26 10:35:13.379 12 ERROR keystone.server.flask.application
File "/var/lib/openstack/lib/python3.12/site-packages/pymysql/connections.py", line 1245, in read
[Fri Jun 26 10:35:13.391776 2026] [wsgi:error] [pid 12:tid 140463186466496] [remote 10.0.0.70:33164] 2026-06-26 10:35:13.379 12 ERROR keystone.server.flask.application first_packet = self.connection._read_packet()
[Fri Jun 26 10:35:13.391778 2026] [wsgi:error] [pid 12:tid 140463186466496] [remote 10.0.0.70:33164] 2026-06-26 10:35:13.379 12 ERROR keystone.server.flask.application ^^^^^^^^^^^^^^^^^^^^^^^^^^^^^^
[Fri Jun 26 10:35:13.391780 2026] [wsgi:error] [pid 12:tid 140463186466496] [remote 10.0.0.70:33164] 2026-06-26 10:35:13.379 12 ERROR keystone.server.flask.application
File "/var/lib/openstack/lib/python3.12/site-packages/pymysql/connections.py", line 803, in _read_packet
[Fri Jun 26 10:35:13.391781 2026] [wsgi:error] [pid 12:tid 140463186466496] [remote 10.0.0.70:33164] 2026-06-26 10:35:13.379 12 ERROR keystone.server.flask.application packet.raise_for_error()
[Fri Jun 26 10:35:13.391783 2026] [wsgi:error] [pid 12:tid 140463186466496] [remote 10.0.0.70:33164] 2026-06-26 10:35:13.379 12 ERROR keystone.server.flask.application
File "/var/lib/openstack/lib/python3.12/site-packages/pymysql/protocol.py", line 219, in raise_for_error
[Fri Jun 26 10:35:13.391784 2026] [wsgi:error] [pid 12:tid 140463186466496] [remote 10.0.0.70:33164] 2026-06-26 10:35:13.379 12 ERROR keystone.server.flask.application err.raise_mysql_exception(self._data)
[Fri Jun 26 10:35:13.391785 2026] [wsgi:error] [pid 12:tid 140463186466496] [remote 10.0.0.70:33164] 2026-06-26 10:35:13.379 12 ERROR keystone.server.flask.application
File "/var/lib/openstack/lib/python3.12/site-packages/pymysql/err.py", line 154, in raise_mysql_exception
[Fri Jun 26 10:35:13.391787 2026] [wsgi:error] [pid 12:tid 140463186466496] [remote 10.0.0.70:33164] 2026-06-26 10:35:13.379 12 ERROR keystone.server.flask.application raise errorclass(errno, errval, sqlstate=sqlstate)
[Fri Jun 26 10:35:13.391789 2026] [wsgi:error] [pid 12:tid 140463186466496] [remote 10.0.0.70:33164] 2026-06-26 10:35:13.379 12 ERROR keystone.server.flask.application pymysql.err.IntegrityError: (1062, "Duplicate entry '<>-service' for key 'project.ixu_project_name_domain_id'")
[Fri Jun 26 10:35:13.391790 2026] [wsgi:error] [pid 12:tid 140463186466496] [remote 10.0.0.70:33164] 2026-06-26 10:35:13.379 12 ERROR keystone.server.flask.application
[Fri Jun 26 10:35:13.391791 2026] [wsgi:error] [pid 12:tid 140463186466496] [remote 10.0.0.70:33164] 2026-06-26 10:35:13.379 12 ERROR keystone.server.flask.application The above exception was the direct cause of the following exception:
[Fri Jun 26 10:35:13.391793 2026] [wsgi:error] [pid 12:tid 140463186466496] [remote 10.0.0.70:33164] 2026-06-26 10:35:13.379 12 ERROR keystone.server.flask.application
[Fri Jun 26 10:35:13.391794 2026] [wsgi:error] [pid 12:tid 140463186466496] [remote 10.0.0.70:33164] 2026-06-26 10:35:13.379 12 ERROR keystone.server.flask.application
Traceback (most recent call last):
[Fri Jun 26 10:35:13.391795 2026] [wsgi:error] [pid 12:tid 140463186466496] [remote 10.0.0.70:33164] 2026-06-26 10:35:13.379 12 ERROR keystone.server.flask.application
File "/var/lib/openstack/lib/python3.12/site-packages/keystone/common/sql/core.py", line 575, in wrapper
[Fri Jun 26 10:35:13.391797 2026] [wsgi:error] [pid 12:tid 140463186466496] [remote 10.0.0.70:33164] 2026-06-26 10:35:13.379 12 ERROR keystone.server.flask.application return method(*args, **kwargs)
[Fri Jun 26 10:35:13.391798 2026] [wsgi:error] [pid 12:tid 140463186466496] [remote 10.0.0.70:33164] 2026-06-26 10:35:13.379 12 ERROR keystone.server.flask.application ^^^^^^^^^^^^^^^^^^^^^^^
[Fri Jun 26 10:35:13.391800 2026] [wsgi:error] [pid 12:tid 140463186466496] [remote 10.0.0.70:33164] 2026-06-26 10:35:13.379 12 ERROR keystone.server.flask.application
File "/var/lib/openstack/lib/python3.12/site-packages/keystone/resource/backends/sql.py", line 278, in create_project
[Fri Jun 26 10:35:13.391802 2026] [wsgi:error] [pid 12:tid 140463186466496] [remote 10.0.0.70:33164] 2026-06-26 10:35:13.379 12 ERROR keystone.server.flask.application with sql.session_for_write() as session:
[Fri Jun 26 10:35:13.391803 2026] [wsgi:error] [pid 12:tid 140463186466496] [remote 10.0.0.70:33164] 2026-06-26 10:35:13.379 12 ERROR keystone.server.flask.application
File "/usr/lib/python3.12/contextlib.py", line 144, in __exit__
[Fri Jun 26 10:35:13.391804 2026] [wsgi:error] [pid 12:tid 140463186466496] [remote 10.0.0.70:33164] 2026-06-26 10:35:13.379 12 ERROR keystone.server.flask.application next(self.gen)
[Fri Jun 26 10:35:13.391806 2026] [wsgi:error] [pid 12:tid 140463186466496] [remote 10.0.0.70:33164] 2026-06-26 10:35:13.379 12 ERROR keystone.server.flask.application
File "/var/lib/openstack/lib/python3.12/site-packages/oslo_db/sqlalchemy/enginefacade.py", line 1175, in _transaction_scope
[Fri Jun 26 10:35:13.391807 2026] [wsgi:error] [pid 12:tid 140463186466496] [remote 10.0.0.70:33164] 2026-06-26 10:35:13.379 12 ERROR keystone.server.flask.application with current._produce_block(
[Fri Jun 26 10:35:13.391808 2026] [wsgi:error] [pid 12:tid 140463186466496] [remote 10.0.0.70:33164] 2026-06-26 10:35:13.379 12 ERROR keystone.server.flask.application
File "/usr/lib/python3.12/contextlib.py", line 144, in __exit__
[Fri Jun 26 10:35:13.391810 2026] [wsgi:error] [pid 12:tid 140463186466496] [remote 10.0.0.70:33164] 2026-06-26 10:35:13.379 12 ERROR keystone.server.flask.application next(self.gen)
[Fri Jun 26 10:35:13.391811 2026] [wsgi:error] [pid 12:tid 140463186466496] [remote 10.0.0.70:33164] 2026-06-26 10:35:13.379 12 ERROR keystone.server.flask.application
File "/var/lib/openstack/lib/python3.12/site-packages/oslo_db/sqlalchemy/enginefacade.py", line 837, in _session
[Fri Jun 26 10:35:13.391812 2026] [wsgi:error] [pid 12:tid 140463186466496] [remote 10.0.0.70:33164] 2026-06-26 10:35:13.379 12 ERROR keystone.server.flask.application with excutils.save_and_reraise_exception():
[Fri Jun 26 10:35:13.391814 2026] [wsgi:error] [pid 12:tid 140463186466496] [remote 10.0.0.70:33164] 2026-06-26 10:35:13.379 12 ERROR keystone.server.flask.application
File "/var/lib/openstack/lib/python3.12/site-packages/oslo_utils/excutils.py", line 266, in __exit__
[Fri Jun 26 10:35:13.391815 2026] [wsgi:error] [pid 12:tid 140463186466496] [remote 10.0.0.70:33164] 2026-06-26 10:35:13.379 12 ERROR keystone.server.flask.application self.force_reraise()
[Fri Jun 26 10:35:13.391831 2026] [wsgi:error] [pid 12:tid 140463186466496] [remote 10.0.0.70:33164] 2026-06-26 10:35:13.379 12 ERROR keystone.server.flask.application
File "/var/lib/openstack/lib/python3.12/site-packages/oslo_utils/excutils.py", line 232, in force_reraise
[Fri Jun 26 10:35:13.391833 2026] [wsgi:error] [pid 12:tid 140463186466496] [remote 10.0.0.70:33164] 2026-06-26 10:35:13.379 12 ERROR keystone.server.flask.application raise self.value
[Fri Jun 26 10:35:13.391835 2026] [wsgi:error] [pid 12:tid 140463186466496] [remote 10.0.0.70:33164] 2026-06-26 10:35:13.379 12 ERROR keystone.server.flask.application
File "/var/lib/openstack/lib/python3.12/site-packages/oslo_db/sqlalchemy/enginefacade.py", line 835, in _session
[Fri Jun 26 10:35:13.391836 2026] [wsgi:error] [pid 12:tid 140463186466496] [remote 10.0.0.70:33164] 2026-06-26 10:35:13.379 12 ERROR keystone.server.flask.application self._end_session_transaction(self.session)
[Fri Jun 26 10:35:13.391838 2026] [wsgi:error] [pid 12:tid 140463186466496] [remote 10.0.0.70:33164] 2026-06-26 10:35:13.379 12 ERROR keystone.server.flask.application
File "/var/lib/openstack/lib/python3.12/site-packages/oslo_db/sqlalchemy/enginefacade.py", line 748, in _end_session_transaction
[Fri Jun 26 10:35:13.391840 2026] [wsgi:error] [pid 12:tid 140463186466496] [remote 10.0.0.70:33164] 2026-06-26 10:35:13.379 12 ERROR keystone.server.flask.application session.commit()
[Fri Jun 26 10:35:13.391841 2026] [wsgi:error] [pid 12:tid 140463186466496] [remote 10.0.0.70:33164] 2026-06-26 10:35:13.379 12 ERROR keystone.server.flask.application
File "/var/lib/openstack/lib/python3.12/site-packages/sqlalchemy/orm/session.py", line 2034, in commit
[Fri Jun 26 10:35:13.391843 2026] [wsgi:error] [pid 12:tid 140463186466496] [remote 10.0.0.70:33164] 2026-06-26 10:35:13.379 12 ERROR keystone.server.flask.application trans.commit(_to_root=True)
[Fri Jun 26 10:35:13.391844 2026] [wsgi:error] [pid 12:tid 140463186466496] [remote 10.0.0.70:33164] 2026-06-26 10:35:13.379 12 ERROR keystone.server.flask.application File "", line 2, in commit
[Fri Jun 26 10:35:13.391846 2026] [wsgi:error] [pid 12:tid 140463186466496] [remote 10.0.0.70:33164] 2026-06-26 10:35:13.379 12 ERROR keystone.server.flask.application
File "/var/lib/openstack/lib/python3.12/site-packages/sqlalchemy/orm/state_changes.py", line 137, in _go
[Fri Jun 26 10:35:13.391847 2026] [wsgi:error] [pid 12:tid 140463186466496] [remote 10.0.0.70:33164] 2026-06-26 10:35:13.379 12 ERROR keystone.server.flask.application ret_value = fn(self, *arg, **kw)
[Fri Jun 26 10:35:13.391849 2026] [wsgi:error] [pid 12:tid 140463186466496] [remote 10.0.0.70:33164] 2026-06-26 10:35:13.379 12 ERROR keystone.server.flask.application ^^^^^^^^^^^^^^^^^^^^
[Fri Jun 26 10:35:13.391850 2026] [wsgi:error] [pid 12:tid 140463186466496] [remote 10.0.0.70:33164] 2026-06-26 10:35:13.379 12 ERROR keystone.server.flask.application
File "/var/lib/openstack/lib/python3.12/site-packages/sqlalchemy/orm/session.py", line 1315, in commit
[Fri Jun 26 10:35:13.391852 2026] [wsgi:error] [pid 12:tid 140463186466496] [remote 10.0.0.70:33164] 2026-06-26 10:35:13.379 12 ERROR keystone.server.flask.application self._prepare_impl()
[Fri Jun 26 10:35:13.391853 2026] [wsgi:error] [pid 12:tid 140463186466496] [remote 10.0.0.70:33164] 2026-06-26 10:35:13.379 12 ERROR keystone.server.flask.application File "", line 2, in _prepare_impl
[Fri Jun 26 10:35:13.391855 2026] [wsgi:error] [pid 12:tid 140463186466496] [remote 10.0.0.70:33164] 2026-06-26 10:35:13.379 12 ERROR keystone.server.flask.application
File "/var/lib/openstack/lib/python3.12/site-packages/sqlalchemy/orm/state_changes.py", line 137, in _go
[Fri Jun 26 10:35:13.391856 2026] [wsgi:error] [pid 12:tid 140463186466496] [remote 10.0.0.70:33164] 2026-06-26 10:35:13.379 12 ERROR keystone.server.flask.application ret_value = fn(self, *arg, **kw)
[Fri Jun 26 10:35:13.391859 2026] [wsgi:error] [pid 12:tid 140463186466496] [remote 10.0.0.70:33164] 2026-06-26 10:35:13.379 12 ERROR keystone.server.flask.application ^^^^^^^^^^^^^^^^^^^^
[Fri Jun 26 10:35:13.391860 2026] [wsgi:error] [pid 12:tid 140463186466496] [remote 10.0.0.70:33164] 2026-06-26 10:35:13.379 12 ERROR keystone.server.flask.application
File "/var/lib/openstack/lib/python3.12/site-packages/sqlalchemy/orm/session.py", line 1290, in _prepare_impl
[Fri Jun 26 10:35:13.391862 2026] [wsgi:error] [pid 12:tid 140463186466496] [remote 10.0.0.70:33164] 2026-06-26 10:35:13.379 12 ERROR keystone.server.flask.application self.session.flush()
[Fri Jun 26 10:35:13.391863 2026] [wsgi:error] [pid 12:tid 140463186466496] [remote 10.0.0.70:33164] 2026-06-26 10:35:13.379 12 ERROR keystone.server.flask.application
File "/var/lib/openstack/lib/python3.12/site-packages/sqlalchemy/orm/session.py", line 4352, in flush
[Fri Jun 26 10:35:13.391865 2026] [wsgi:error] [pid 12:tid 140463186466496] [remote 10.0.0.70:33164] 2026-06-26 10:35:13.379 12 ERROR keystone.server.flask.application self._flush(objects)
[Fri Jun 26 10:35:13.391866 2026] [wsgi:error] [pid 12:tid 140463186466496] [remote 10.0.0.70:33164] 2026-06-26 10:35:13.379 12 ERROR keystone.server.flask.application
File "/var/lib/openstack/lib/python3.12/site-packages/sqlalchemy/orm/session.py", line 4487, in _flush
[Fri Jun 26 10:35:13.391872 2026] [wsgi:error] [pid 12:tid 140463186466496] [remote 10.0.0.70:33164] 2026-06-26 10:35:13.379 12 ERROR keystone.server.flask.application with util.safe_reraise():
[Fri Jun 26 10:35:13.391874 2026] [wsgi:error] [pid 12:tid 140463186466496] [remote 10.0.0.70:33164] 2026-06-26 10:35:13.379 12 ERROR keystone.server.flask.application
File "/var/lib/openstack/lib/python3.12/site-packages/sqlalchemy/util/langhelpers.py", line 122, in __exit__
[Fri Jun 26 10:35:13.391875 2026] [wsgi:error] [pid 12:tid 140463186466496] [remote 10.0.0.70:33164] 2026-06-26 10:35:13.379 12 ERROR keystone.server.flask.application raise exc_value.with_traceback(exc_tb)
[Fri Jun 26 10:35:13.391877 2026] [wsgi:error] [pid 12:tid 140463186466496] [remote 10.0.0.70:33164] 2026-06-26 10:35:13.379 12 ERROR keystone.server.flask.application
File "/var/lib/openstack/lib/python3.12/site-packages/sqlalchemy/orm/session.py", line 4448, in _flush
[Fri Jun 26 10:35:13.391879 2026] [wsgi:error] [pid 12:tid 140463186466496] [remote 10.0.0.70:33164] 2026-06-26 10:35:13.379 12 ERROR keystone.server.flask.application flush_context.execute()
[Fri Jun 26 10:35:13.391881 2026] [wsgi:error] [pid 12:tid 140463186466496] [remote 10.0.0.70:33164] 2026-06-26 10:35:13.379 12 ERROR keystone.server.flask.application
