+ COMMAND=start + start + exec neutron-rpc-server --config-file /etc/neutron/neutron.conf --config-file /etc/neutron/plugins/ml2/ml2_conf.ini /var/lib/openstack/lib/python3.10/site-packages/munch/__init__.py:24: UserWarning: pkg_resources is deprecated as an API. See https://setuptools.pypa.io/en/latest/pkg_resources.html. The pkg_resources package is slated for removal as early as 2025-11-30. Refrain from using this package or pin to Setuptools<81. import pkg_resources
2026-06-22 02:28:08.004 1 INFO neutron.common.config [-] Logging enabled!
2026-06-22 02:28:08.004 1 INFO neutron.common.config [-] /var/lib/openstack/bin/neutron-rpc-server version 21.2.2.dev24
2026-06-22 02:28:08.005 1 INFO neutron.server.rpc_eventlet [-] Eventlet based AMQP RPC server starting...
2026-06-22 02:28:08.005 1 INFO neutron.manager [-] Loading core plugin: ml2
2026-06-22 02:28:08.772 1 INFO neutron.plugins.ml2.managers [-] Configured type driver names: ['flat', 'gre', 'vlan', 'vxlan']
2026-06-22 02:28:08.775 1 INFO neutron.plugins.ml2.drivers.type_flat [-] Arbitrary flat physical_network names allowed
2026-06-22 02:28:08.777 1 INFO neutron.plugins.ml2.drivers.type_vlan [-] Network VLAN ranges: OrderedDict([('external', [(1, 4094)])])
2026-06-22 02:28:08.778 1 INFO neutron.plugins.ml2.managers [-] Loaded type driver names: ['flat', 'gre', 'vlan', 'vxlan']
2026-06-22 02:28:08.778 1 INFO neutron.plugins.ml2.managers [-] Registered types: dict_keys(['flat', 'gre', 'vlan', 'vxlan'])
2026-06-22 02:28:08.778 1 INFO neutron.plugins.ml2.managers [-] Tenant network_types: ['vxlan']
2026-06-22 02:28:08.778 1 INFO neutron.plugins.ml2.managers [-] Configured extension driver names: ['dns_domain_ports', 'port_security', 'qos']
2026-06-22 02:28:08.783 1 INFO neutron.plugins.ml2.managers [-] Loaded extension driver names: ['dns_domain_ports', 'port_security', 'qos']
2026-06-22 02:28:08.783 1 INFO neutron.plugins.ml2.managers [-] Registered extension drivers: ['dns_domain_ports', 'port_security', 'qos']
2026-06-22 02:28:08.784 1 INFO neutron.plugins.ml2.managers [-] Configured mechanism driver names: ['openvswitch', 'l2population']
2026-06-22 02:28:08.800 1 INFO neutron.plugins.ml2.drivers.mech_agent [-] Open vSwitch agent's supported_vnic_types: ['normal', 'direct', 'smart-nic', 'vdpa']
2026-06-22 02:28:08.802 1 INFO neutron.plugins.ml2.managers [-] Loaded mechanism driver names: ['openvswitch', 'l2population']
2026-06-22 02:28:08.802 1 INFO neutron.plugins.ml2.managers [-] Registered mechanism drivers: ['openvswitch', 'l2population']
2026-06-22 02:28:08.831 1 INFO neutron.plugins.ml2.managers [-] Initializing driver for type 'flat'
2026-06-22 02:28:08.831 1 INFO neutron.plugins.ml2.drivers.type_flat [-] ML2 FlatTypeDriver initialization complete
2026-06-22 02:28:08.831 1 INFO neutron.plugins.ml2.managers [-] Initializing driver for type 'gre'
2026-06-22 02:28:08.831 1 INFO neutron.plugins.ml2.drivers.type_tunnel [-] gre ID ranges: [(1, 1000)]
2026-06-22 02:28:09.096 1 INFO neutron.plugins.ml2.managers [None req-b2a93726-cfaa-4bf5-a79e-68ddb42aa718 - - - - - -] Initializing driver for type 'vlan'
2026-06-22 02:28:09.375 1 INFO neutron.plugins.ml2.drivers.type_vlan [None req-b2a93726-cfaa-4bf5-a79e-68ddb42aa718 - - - - - -] VlanTypeDriver initialization complete
2026-06-22 02:28:09.375 1 INFO neutron.plugins.ml2.managers [None req-b2a93726-cfaa-4bf5-a79e-68ddb42aa718 - - - - - -] Initializing driver for type 'vxlan'
2026-06-22 02:28:09.376 1 INFO neutron.plugins.ml2.drivers.type_tunnel [None req-b2a93726-cfaa-4bf5-a79e-68ddb42aa718 - - - - - -] vxlan ID ranges: [(1, 1000)]
2026-06-22 02:28:09.415 1 INFO neutron.plugins.ml2.managers [None req-b2a93726-cfaa-4bf5-a79e-68ddb42aa718 - - - - - -] Initializing extension driver 'dns_domain_ports'
2026-06-22 02:28:09.416 1 INFO neutron.plugins.ml2.extensions.dns_integration [None req-b2a93726-cfaa-4bf5-a79e-68ddb42aa718 - - - - - -] DNSDomainPortsExtensionDriver initialization complete
2026-06-22 02:28:09.416 1 INFO neutron.plugins.ml2.managers [None req-b2a93726-cfaa-4bf5-a79e-68ddb42aa718 - - - - - -] Initializing extension driver 'port_security'
2026-06-22 02:28:09.416 1 INFO neutron.plugins.ml2.extensions.port_security [None req-b2a93726-cfaa-4bf5-a79e-68ddb42aa718 - - - - - -] PortSecurityExtensionDriver initialization complete
2026-06-22 02:28:09.416 1 INFO neutron.plugins.ml2.managers [None req-b2a93726-cfaa-4bf5-a79e-68ddb42aa718 - - - - - -] Initializing extension driver 'qos'
2026-06-22 02:28:09.417 1 INFO neutron.plugins.ml2.managers [None req-b2a93726-cfaa-4bf5-a79e-68ddb42aa718 - - - - - -] Initializing mechanism driver 'openvswitch'
2026-06-22 02:28:09.417 1 INFO neutron.plugins.ml2.managers [None req-b2a93726-cfaa-4bf5-a79e-68ddb42aa718 - - - - - -] Initializing mechanism driver 'l2population'
2026-06-22 02:28:09.430 1 INFO neutron.quota [None req-a4c54b99-d3d4-4cb1-b1f3-7a3d83c46251 - - - - - -] Loaded quota_driver: .
2026-06-22 02:28:09.431 1 INFO neutron.plugins.ml2.plugin [None req-a4c54b99-d3d4-4cb1-b1f3-7a3d83c46251 - - - - - -] Modular L2 Plugin initialization complete
2026-06-22 02:28:09.431 1 INFO neutron.plugins.ml2.managers [None req-a4c54b99-d3d4-4cb1-b1f3-7a3d83c46251 - - - - - -] Got dns-integration extension from driver 'dns_domain_ports'
2026-06-22 02:28:09.431 1 INFO neutron.plugins.ml2.managers [None req-a4c54b99-d3d4-4cb1-b1f3-7a3d83c46251 - - - - - -] Got dns-domain-ports extension from driver 'dns_domain_ports'
2026-06-22 02:28:09.432 1 INFO neutron.plugins.ml2.managers [None req-a4c54b99-d3d4-4cb1-b1f3-7a3d83c46251 - - - - - -] Got port-security extension from driver 'port_security'
2026-06-22 02:28:09.432 1 INFO neutron.extensions.vlantransparent [None req-a4c54b99-d3d4-4cb1-b1f3-7a3d83c46251 - - - - - -] Disabled vlantransparent extension.
2026-06-22 02:28:09.432 1 INFO neutron.manager [None req-a4c54b99-d3d4-4cb1-b1f3-7a3d83c46251 - - - - - -] Loading Plugin: qos
2026-06-22 02:28:09.443 1 INFO neutron.manager [None req-a4c54b99-d3d4-4cb1-b1f3-7a3d83c46251 - - - - - -] Loading Plugin: router
2026-06-22 02:28:09.473 1 INFO neutron.services.service_base [None req-a4c54b99-d3d4-4cb1-b1f3-7a3d83c46251 - - - - - -] Default provider is not specified for service type L3_ROUTER_NAT
2026-06-22 02:28:09.473 1 INFO neutron.manager [None req-a4c54b99-d3d4-4cb1-b1f3-7a3d83c46251 - - - - - -] Loading Plugin: segments
2026-06-22 02:28:09.538 1 INFO neutron.manager [None req-a4c54b99-d3d4-4cb1-b1f3-7a3d83c46251 - - - - - -] Loading Plugin: trunk
2026-06-22 02:28:09.589 1 INFO neutron.manager [None req-a4c54b99-d3d4-4cb1-b1f3-7a3d83c46251 - - - - - -] Loading Plugin: vpnaas
2026-06-22 02:28:09.623 1 WARNING stevedore.named [None req-a4c54b99-d3d4-4cb1-b1f3-7a3d83c46251 - - - - - -] Could not load neutron_vpnaas.services.vpn.service_drivers.ipsec.IPsecVPNDriver
2026-06-22 02:28:09.723 1 INFO neutron_vpnaas.services.vpn.plugin [None req-a4c54b99-d3d4-4cb1-b1f3-7a3d83c46251 - - - - - -] VPN plugin using service drivers: dict_keys(['strongswan']), default: strongswan
2026-06-22 02:28:09.724 1 INFO neutron.common.utils [None req-a4c54b99-d3d4-4cb1-b1f3-7a3d83c46251 - - - - - -] Disable filter validation extension by service plugin VPNDriverPlugin.
2026-06-22 02:28:09.725 1 INFO neutron.manager [None req-a4c54b99-d3d4-4cb1-b1f3-7a3d83c46251 - - - - - -] Loading Plugin: auto_allocate
2026-06-22 02:28:09.730 1 INFO neutron.manager [None req-a4c54b99-d3d4-4cb1-b1f3-7a3d83c46251 - - - - - -] Loading Plugin: tag
2026-06-22 02:28:09.734 1 INFO neutron.manager [None req-a4c54b99-d3d4-4cb1-b1f3-7a3d83c46251 - - - - - -] Loading Plugin: timestamp
2026-06-22 02:28:09.736 1 INFO neutron.manager [None req-a4c54b99-d3d4-4cb1-b1f3-7a3d83c46251 - - - - - -] Loading Plugin: network_ip_availability
2026-06-22 02:28:09.739 1 INFO neutron.manager [None req-a4c54b99-d3d4-4cb1-b1f3-7a3d83c46251 - - - - - -] Loading Plugin: flavors
2026-06-22 02:28:09.741 1 INFO neutron.manager [None req-a4c54b99-d3d4-4cb1-b1f3-7a3d83c46251 - - - - - -] Loading Plugin: revisions
2026-06-22 02:28:09.743 1 INFO neutron.api.extensions [None req-a4c54b99-d3d4-4cb1-b1f3-7a3d83c46251 - - - - - -] Initializing extension manager.
2026-06-22 02:28:09.745 1 INFO neutron.api.extensions [None req-a4c54b99-d3d4-4cb1-b1f3-7a3d83c46251 - - - - - -] Loaded extension: address-group
2026-06-22 02:28:09.745 1 INFO neutron.api.extensions [None req-a4c54b99-d3d4-4cb1-b1f3-7a3d83c46251 - - - - - -] Loaded extension: address-scope
2026-06-22 02:28:09.746 1 INFO neutron.api.extensions [None req-a4c54b99-d3d4-4cb1-b1f3-7a3d83c46251 - - - - - -] Loaded extension: router-admin-state-down-before-update
2026-06-22 02:28:09.747 1 INFO neutron.api.extensions [None req-a4c54b99-d3d4-4cb1-b1f3-7a3d83c46251 - - - - - -] Loaded extension: agent
2026-06-22 02:28:09.747 1 INFO neutron.api.extensions [None req-a4c54b99-d3d4-4cb1-b1f3-7a3d83c46251 - - - - - -] Loaded extension: agent-resources-synced
2026-06-22 02:28:09.748 1 INFO neutron.api.extensions [None req-a4c54b99-d3d4-4cb1-b1f3-7a3d83c46251 - - - - - -] Loaded extension: allowed-address-pairs
2026-06-22 02:28:09.749 1 INFO neutron.api.extensions [None req-a4c54b99-d3d4-4cb1-b1f3-7a3d83c46251 - - - - - -] Loaded extension: auto-allocated-topology
2026-06-22 02:28:09.750 1 INFO neutron.api.extensions [None req-a4c54b99-d3d4-4cb1-b1f3-7a3d83c46251 - - - - - -] Loaded extension: availability_zone
2026-06-22 02:28:09.750 1 INFO neutron.api.extensions [None req-a4c54b99-d3d4-4cb1-b1f3-7a3d83c46251 - - - - - -] Loaded extension: availability_zone_filter
2026-06-22 02:28:09.751 1 INFO neutron.api.extensions [None req-a4c54b99-d3d4-4cb1-b1f3-7a3d83c46251 - - - - - -] Extension data-plane-status not supported by any of loaded plugins
2026-06-22 02:28:09.751 1 INFO neutron.api.extensions [None req-a4c54b99-d3d4-4cb1-b1f3-7a3d83c46251 - - - - - -] Loaded extension: default-subnetpools
2026-06-22 02:28:09.752 1 INFO neutron.api.extensions [None req-a4c54b99-d3d4-4cb1-b1f3-7a3d83c46251 - - - - - -] Loaded extension: dhcp_agent_scheduler
2026-06-22 02:28:09.753 1 INFO neutron.api.extensions [None req-a4c54b99-d3d4-4cb1-b1f3-7a3d83c46251 - - - - - -] Loaded extension: dns-integration
2026-06-22 02:28:09.753 1 INFO neutron.api.extensions [None req-a4c54b99-d3d4-4cb1-b1f3-7a3d83c46251 - - - - - -] Loaded extension: dns-domain-ports
2026-06-22 02:28:09.754 1 INFO neutron.api.extensions [None req-a4c54b99-d3d4-4cb1-b1f3-7a3d83c46251 - - - - - -] Extension dns-integration-domain-keywords not supported by any of loaded plugins
2026-06-22 02:28:09.754 1 INFO neutron.api.extensions [None req-a4c54b99-d3d4-4cb1-b1f3-7a3d83c46251 - - - - - -] Loaded extension: dvr
2026-06-22 02:28:09.755 1 INFO neutron.api.extensions [None req-a4c54b99-d3d4-4cb1-b1f3-7a3d83c46251 - - - - - -] Extension ecmp_routes not supported by any of loaded plugins
2026-06-22 02:28:09.755 1 INFO neutron.api.extensions [None req-a4c54b99-d3d4-4cb1-b1f3-7a3d83c46251 - - - - - -] Loaded extension: empty-string-filtering
2026-06-22 02:28:09.756 1 INFO neutron.api.extensions [None req-a4c54b99-d3d4-4cb1-b1f3-7a3d83c46251 - - - - - -] Extension expose-l3-conntrack-helper not supported by any of loaded plugins
2026-06-22 02:28:09.756 1 INFO neutron.api.extensions [None req-a4c54b99-d3d4-4cb1-b1f3-7a3d83c46251 - - - - - -] Extension expose-port-forwarding-in-fip not supported by any of loaded plugins
2026-06-22 02:28:09.757 1 INFO neutron.api.extensions [None req-a4c54b99-d3d4-4cb1-b1f3-7a3d83c46251 - - - - - -] Loaded extension: external-net
2026-06-22 02:28:09.757 1 INFO neutron.api.extensions [None req-a4c54b99-d3d4-4cb1-b1f3-7a3d83c46251 - - - - - -] Loaded extension: extra_dhcp_opt
2026-06-22 02:28:09.758 1 INFO neutron.api.extensions [None req-a4c54b99-d3d4-4cb1-b1f3-7a3d83c46251 - - - - - -] Loaded extension: extraroute
2026-06-22 02:28:09.759 1 INFO neutron.api.extensions [None req-a4c54b99-d3d4-4cb1-b1f3-7a3d83c46251 - - - - - -] Loaded extension: extraroute-atomic
2026-06-22 02:28:09.759 1 INFO neutron.api.extensions [None req-a4c54b99-d3d4-4cb1-b1f3-7a3d83c46251 - - - - - -] Extension filter-validation not supported by any of loaded plugins
2026-06-22 02:28:09.760 1 INFO neutron.api.extensions [None req-a4c54b99-d3d4-4cb1-b1f3-7a3d83c46251 - - - - - -] Extension floating-ip-port-forwarding-description not supported by any of loaded plugins
2026-06-22 02:28:09.760 1 INFO neutron.api.extensions [None req-a4c54b99-d3d4-4cb1-b1f3-7a3d83c46251 - - - - - -] Loaded extension: floating-ip-port-forwarding-detail
2026-06-22 02:28:09.761 1 INFO neutron.api.extensions [None req-a4c54b99-d3d4-4cb1-b1f3-7a3d83c46251 - - - - - -] Extension floating-ip-port-forwarding-port-ranges not supported by any of loaded plugins
2026-06-22 02:28:09.761 1 INFO neutron.api.extensions [None req-a4c54b99-d3d4-4cb1-b1f3-7a3d83c46251 - - - - - -] Loaded extension: fip-port-details
2026-06-22 02:28:09.762 1 INFO neutron.api.extensions [None req-a4c54b99-d3d4-4cb1-b1f3-7a3d83c46251 - - - - - -] Loaded extension: flavors
2026-06-22 02:28:09.763 1 INFO neutron.api.extensions [None req-a4c54b99-d3d4-4cb1-b1f3-7a3d83c46251 - - - - - -] Extension floating-ip-port-forwarding not supported by any of loaded plugins
2026-06-22 02:28:09.763 1 INFO neutron.api.extensions [None req-a4c54b99-d3d4-4cb1-b1f3-7a3d83c46251 - - - - - -] Loaded extension: floatingip-pools
2026-06-22 02:28:09.764 1 INFO neutron.api.extensions [None req-a4c54b99-d3d4-4cb1-b1f3-7a3d83c46251 - - - - - -] Loaded extension: ip_allocation
2026-06-22 02:28:09.765 1 INFO neutron.api.extensions [None req-a4c54b99-d3d4-4cb1-b1f3-7a3d83c46251 - - - - - -] Loaded extension: ip-substring-filtering
2026-06-22 02:28:09.765 1 INFO neutron.api.extensions [None req-a4c54b99-d3d4-4cb1-b1f3-7a3d83c46251 - - - - - -] Loaded extension: l2_adjacency
2026-06-22 02:28:09.766 1 INFO neutron.api.extensions [None req-a4c54b99-d3d4-4cb1-b1f3-7a3d83c46251 - - - - - -] Loaded extension: router
2026-06-22 02:28:09.767 1 INFO neutron.api.extensions [None req-a4c54b99-d3d4-4cb1-b1f3-7a3d83c46251 - - - - - -] Extension l3-conntrack-helper not supported by any of loaded plugins
2026-06-22 02:28:09.768 1 INFO neutron.api.extensions [None req-a4c54b99-d3d4-4cb1-b1f3-7a3d83c46251 - - - - - -] Loaded extension: ext-gw-mode
2026-06-22 02:28:09.768 1 INFO neutron.api.extensions [None req-a4c54b99-d3d4-4cb1-b1f3-7a3d83c46251 - - - - - -] Loaded extension: l3-ha
2026-06-22 02:28:09.769 1 INFO neutron.api.extensions [None req-a4c54b99-d3d4-4cb1-b1f3-7a3d83c46251 - - - - - -] Extension l3-ext-ndp-proxy not supported by any of loaded plugins
2026-06-22 02:28:09.769 1 INFO neutron.api.extensions [None req-a4c54b99-d3d4-4cb1-b1f3-7a3d83c46251 - - - - - -] Loaded extension: l3-flavors
2026-06-22 02:28:09.770 1 INFO neutron.api.extensions [None req-a4c54b99-d3d4-4cb1-b1f3-7a3d83c46251 - - - - - -] Extension l3-ndp-proxy not supported by any of loaded plugins
2026-06-22 02:28:09.771 1 INFO neutron.api.extensions [None req-a4c54b99-d3d4-4cb1-b1f3-7a3d83c46251 - - - - - -] Loaded extension: l3-port-ip-change-not-allowed
2026-06-22 02:28:09.772 1 INFO neutron.api.extensions [None req-a4c54b99-d3d4-4cb1-b1f3-7a3d83c46251 - - - - - -] Loaded extension: l3_agent_scheduler
2026-06-22 02:28:09.775 1 INFO neutron.api.extensions [None req-a4c54b99-d3d4-4cb1-b1f3-7a3d83c46251 - - - - - -] Extension local_ip not supported by any of loaded plugins
2026-06-22 02:28:09.776 1 INFO neutron.api.extensions [None req-a4c54b99-d3d4-4cb1-b1f3-7a3d83c46251 - - - - - -] Extension logging not supported by any of loaded plugins
2026-06-22 02:28:09.777 1 INFO neutron.api.extensions [None req-a4c54b99-d3d4-4cb1-b1f3-7a3d83c46251 - - - - - -] Extension metering not supported by any of loaded plugins
2026-06-22 02:28:09.777 1 INFO neutron.api.extensions [None req-a4c54b99-d3d4-4cb1-b1f3-7a3d83c46251 - - - - - -] Extension metering_source_and_destination_fields not supported by any of loaded plugins
2026-06-22 02:28:09.778 1 INFO neutron.api.extensions [None req-a4c54b99-d3d4-4cb1-b1f3-7a3d83c46251 - - - - - -] Loaded extension: multi-provider
2026-06-22 02:28:09.778 1 INFO neutron.api.extensions [None req-a4c54b99-d3d4-4cb1-b1f3-7a3d83c46251 - - - - - -] Loaded extension: net-mtu
2026-06-22 02:28:09.779 1 INFO neutron.api.extensions [None req-a4c54b99-d3d4-4cb1-b1f3-7a3d83c46251 - - - - - -] Loaded extension: net-mtu-writable
2026-06-22 02:28:09.779 1 INFO neutron.api.extensions [None req-a4c54b99-d3d4-4cb1-b1f3-7a3d83c46251 - - - - - -] Loaded extension: network_availability_zone
2026-06-22 02:28:09.780 1 INFO neutron.api.extensions [None req-a4c54b99-d3d4-4cb1-b1f3-7a3d83c46251 - - - - - -] Loaded extension: network-ip-availability
2026-06-22 02:28:09.780 1 INFO neutron.api.extensions [None req-a4c54b99-d3d4-4cb1-b1f3-7a3d83c46251 - - - - - -] Extension network-segment-range not supported by any of loaded plugins
2026-06-22 02:28:09.781 1 INFO neutron.api.extensions [None req-a4c54b99-d3d4-4cb1-b1f3-7a3d83c46251 - - - - - -] Loaded extension: pagination
2026-06-22 02:28:09.781 1 INFO neutron.api.extensions [None req-a4c54b99-d3d4-4cb1-b1f3-7a3d83c46251 - - - - - -] Loaded extension: port-device-profile
2026-06-22 02:28:09.782 1 INFO neutron.api.extensions [None req-a4c54b99-d3d4-4cb1-b1f3-7a3d83c46251 - - - - - -] Loaded extension: port-mac-override
2026-06-22 02:28:09.782 1 INFO neutron.api.extensions [None req-a4c54b99-d3d4-4cb1-b1f3-7a3d83c46251 - - - - - -] Loaded extension: port-mac-address-regenerate
2026-06-22 02:28:09.783 1 INFO neutron.api.extensions [None req-a4c54b99-d3d4-4cb1-b1f3-7a3d83c46251 - - - - - -] Loaded extension: port-numa-affinity-policy
2026-06-22 02:28:09.783 1 INFO neutron.api.extensions [None req-a4c54b99-d3d4-4cb1-b1f3-7a3d83c46251 - - - - - -] Loaded extension: port-resource-request
2026-06-22 02:28:09.784 1 INFO neutron.api.extensions [None req-a4c54b99-d3d4-4cb1-b1f3-7a3d83c46251 - - - - - -] Loaded extension: port-resource-request-groups
2026-06-22 02:28:09.784 1 INFO neutron.api.extensions [None req-a4c54b99-d3d4-4cb1-b1f3-7a3d83c46251 - - - - - -] Loaded extension: binding
2026-06-22 02:28:09.785 1 INFO neutron.api.extensions [None req-a4c54b99-d3d4-4cb1-b1f3-7a3d83c46251 - - - - - -] Loaded extension: binding-extended
2026-06-22 02:28:09.785 1 INFO neutron.api.extensions [None req-a4c54b99-d3d4-4cb1-b1f3-7a3d83c46251 - - - - - -] Loaded extension: port-security
2026-06-22 02:28:09.786 1 INFO neutron.api.extensions [None req-a4c54b99-d3d4-4cb1-b1f3-7a3d83c46251 - - - - - -] Loaded extension: project-id
2026-06-22 02:28:09.786 1 INFO neutron.api.extensions [None req-a4c54b99-d3d4-4cb1-b1f3-7a3d83c46251 - - - - - -] Loaded extension: provider
2026-06-22 02:28:09.787 1 INFO neutron.api.extensions [None req-a4c54b99-d3d4-4cb1-b1f3-7a3d83c46251 - - - - - -] Loaded extension: qos
2026-06-22 02:28:09.788 1 INFO neutron.api.extensions [None req-a4c54b99-d3d4-4cb1-b1f3-7a3d83c46251 - - - - - -] Loaded extension: qos-bw-limit-direction
2026-06-22 02:28:09.789 1 INFO neutron.api.extensions [None req-a4c54b99-d3d4-4cb1-b1f3-7a3d83c46251 - - - - - -] Loaded extension: qos-bw-minimum-ingress
2026-06-22 02:28:09.789 1 INFO neutron.api.extensions [None req-a4c54b99-d3d4-4cb1-b1f3-7a3d83c46251 - - - - - -] Loaded extension: qos-default
2026-06-22 02:28:09.789 1 INFO neutron.api.extensions [None req-a4c54b99-d3d4-4cb1-b1f3-7a3d83c46251 - - - - - -] Loaded extension: qos-fip
2026-06-22 02:28:09.790 1 INFO neutron.api.extensions [None req-a4c54b99-d3d4-4cb1-b1f3-7a3d83c46251 - - - - - -] Extension qos-fip-network-policy not supported by any of loaded plugins
2026-06-22 02:28:09.790 1 INFO neutron.api.extensions [None req-a4c54b99-d3d4-4cb1-b1f3-7a3d83c46251 - - - - - -] Loaded extension: qos-gateway-ip
2026-06-22 02:28:09.791 1 INFO neutron.api.extensions [None req-a4c54b99-d3d4-4cb1-b1f3-7a3d83c46251 - - - - - -] Loaded extension: qos-port-network-policy
2026-06-22 02:28:09.791 1 INFO neutron.api.extensions [None req-a4c54b99-d3d4-4cb1-b1f3-7a3d83c46251 - - - - - -] Loaded extension: qos-pps-minimum
2026-06-22 02:28:09.792 1 INFO neutron.api.extensions [None req-a4c54b99-d3d4-4cb1-b1f3-7a3d83c46251 - - - - - -] Loaded extension: qos-pps-minimum-rule-alias
2026-06-22 02:28:09.792 1 INFO neutron.api.extensions [None req-a4c54b99-d3d4-4cb1-b1f3-7a3d83c46251 - - - - - -] Loaded extension: qos-pps
2026-06-22 02:28:09.793 1 INFO neutron.api.extensions [None req-a4c54b99-d3d4-4cb1-b1f3-7a3d83c46251 - - - - - -] Loaded extension: qos-rule-type-details
2026-06-22 02:28:09.793 1 INFO neutron.api.extensions [None req-a4c54b99-d3d4-4cb1-b1f3-7a3d83c46251 - - - - - -] Loaded extension: qos-rule-type-filter
2026-06-22 02:28:09.794 1 INFO neutron.api.extensions [None req-a4c54b99-d3d4-4cb1-b1f3-7a3d83c46251 - - - - - -] Loaded extension: qos-rules-alias
2026-06-22 02:28:09.794 1 INFO neutron.api.extensions [None req-a4c54b99-d3d4-4cb1-b1f3-7a3d83c46251 - - - - - -] Loaded extension: quota-check-limit
2026-06-22 02:28:09.796 1 INFO neutron.api.extensions [None req-a4c54b99-d3d4-4cb1-b1f3-7a3d83c46251 - - - - - -] Loaded extension: quotas
2026-06-22 02:28:09.798 1 INFO neutron.api.extensions [None req-a4c54b99-d3d4-4cb1-b1f3-7a3d83c46251 - - - - - -] Loaded extension: quota_details
2026-06-22 02:28:09.799 1 INFO neutron.api.extensions [None req-a4c54b99-d3d4-4cb1-b1f3-7a3d83c46251 - - - - - -] Loaded extension: rbac-policies
2026-06-22 02:28:09.799 1 INFO neutron.api.extensions [None req-a4c54b99-d3d4-4cb1-b1f3-7a3d83c46251 - - - - - -] Loaded extension: rbac-address-group
2026-06-22 02:28:09.800 1 INFO neutron.api.extensions [None req-a4c54b99-d3d4-4cb1-b1f3-7a3d83c46251 - - - - - -] Loaded extension: rbac-address-scope
2026-06-22 02:28:09.800 1 INFO neutron.api.extensions [None req-a4c54b99-d3d4-4cb1-b1f3-7a3d83c46251 - - - - - -] Loaded extension: rbac-security-groups
2026-06-22 02:28:09.801 1 INFO neutron.api.extensions [None req-a4c54b99-d3d4-4cb1-b1f3-7a3d83c46251 - - - - - -] Loaded extension: rbac-subnetpool
2026-06-22 02:28:09.801 1 INFO neutron.api.extensions [None req-a4c54b99-d3d4-4cb1-b1f3-7a3d83c46251 - - - - - -] Loaded extension: revision-if-match
2026-06-22 02:28:09.802 1 INFO neutron.api.extensions [None req-a4c54b99-d3d4-4cb1-b1f3-7a3d83c46251 - - - - - -] Loaded extension: standard-attr-revisions
2026-06-22 02:28:09.802 1 INFO neutron.api.extensions [None req-a4c54b99-d3d4-4cb1-b1f3-7a3d83c46251 - - - - - -] Loaded extension: router_availability_zone
2026-06-22 02:28:09.803 1 INFO neutron.api.extensions [None req-a4c54b99-d3d4-4cb1-b1f3-7a3d83c46251 - - - - - -] Extension router-service-type not supported by any of loaded plugins
2026-06-22 02:28:09.803 1 INFO neutron.api.extensions [None req-a4c54b99-d3d4-4cb1-b1f3-7a3d83c46251 - - - - - -] Loaded extension: security-groups-normalized-cidr
2026-06-22 02:28:09.804 1 INFO neutron.api.extensions [None req-a4c54b99-d3d4-4cb1-b1f3-7a3d83c46251 - - - - - -] Loaded extension: port-security-groups-filtering
2026-06-22 02:28:09.804 1 INFO neutron.api.extensions [None req-a4c54b99-d3d4-4cb1-b1f3-7a3d83c46251 - - - - - -] Loaded extension: security-groups-remote-address-group
2026-06-22 02:28:09.804 1 INFO neutron.api.extensions [None req-a4c54b99-d3d4-4cb1-b1f3-7a3d83c46251 - - - - - -] Loaded extension: security-groups-shared-filtering
2026-06-22 02:28:09.810 1 INFO neutron.api.extensions [None req-a4c54b99-d3d4-4cb1-b1f3-7a3d83c46251 - - - - - -] Loaded extension: security-group
2026-06-22 02:28:09.811 1 INFO neutron.api.extensions [None req-a4c54b99-d3d4-4cb1-b1f3-7a3d83c46251 - - - - - -] Loaded extension: segment
2026-06-22 02:28:09.812 1 INFO neutron.api.extensions [None req-a4c54b99-d3d4-4cb1-b1f3-7a3d83c46251 - - - - - -] Loaded extension: segments-peer-subnet-host-routes
2026-06-22 02:28:09.812 1 INFO neutron.api.extensions [None req-a4c54b99-d3d4-4cb1-b1f3-7a3d83c46251 - - - - - -] Loaded extension: service-type
2026-06-22 02:28:09.813 1 INFO neutron.api.extensions [None req-a4c54b99-d3d4-4cb1-b1f3-7a3d83c46251 - - - - - -] Loaded extension: sorting
2026-06-22 02:28:09.813 1 INFO neutron.api.extensions [None req-a4c54b99-d3d4-4cb1-b1f3-7a3d83c46251 - - - - - -] Loaded extension: standard-attr-segment
2026-06-22 02:28:09.814 1 INFO neutron.api.extensions [None req-a4c54b99-d3d4-4cb1-b1f3-7a3d83c46251 - - - - - -] Loaded extension: standard-attr-description
2026-06-22 02:28:09.815 1 INFO neutron.api.extensions [None req-a4c54b99-d3d4-4cb1-b1f3-7a3d83c46251 - - - - - -] Loaded extension: stateful-security-group
2026-06-22 02:28:09.815 1 WARNING neutron.api.extensions [None req-a4c54b99-d3d4-4cb1-b1f3-7a3d83c46251 - - - - - -] Did not find expected name "Stdattrs_common" in /var/lib/openstack/lib/python3.10/site-packages/neutron/extensions/stdattrs_common.py
2026-06-22 02:28:09.815 1 INFO neutron.api.extensions [None req-a4c54b99-d3d4-4cb1-b1f3-7a3d83c46251 - - - - - -] Extension subnet-dns-publish-fixed-ip not supported by any of loaded plugins
2026-06-22 02:28:09.816 1 INFO neutron.api.extensions [None req-a4c54b99-d3d4-4cb1-b1f3-7a3d83c46251 - - - - - -] Loaded extension: subnet_onboard
2026-06-22 02:28:09.816 1 INFO neutron.api.extensions [None req-a4c54b99-d3d4-4cb1-b1f3-7a3d83c46251 - - - - - -] Loaded extension: subnet-segmentid-writable
2026-06-22 02:28:09.817 1 INFO neutron.api.extensions [None req-a4c54b99-d3d4-4cb1-b1f3-7a3d83c46251 - - - - - -] Loaded extension: subnet-service-types
2026-06-22 02:28:09.817 1 INFO neutron.api.extensions [None req-a4c54b99-d3d4-4cb1-b1f3-7a3d83c46251 - - - - - -] Loaded extension: subnet_allocation
2026-06-22 02:28:09.818 1 INFO neutron.api.extensions [None req-a4c54b99-d3d4-4cb1-b1f3-7a3d83c46251 - - - - - -] Loaded extension: subnetpool-prefix-ops
2026-06-22 02:28:09.818 1 INFO neutron.api.extensions [None req-a4c54b99-d3d4-4cb1-b1f3-7a3d83c46251 - - - - - -] Extension tag-ports-during-bulk-creation not supported by any of loaded plugins
2026-06-22 02:28:09.820 1 INFO neutron.api.extensions [None req-a4c54b99-d3d4-4cb1-b1f3-7a3d83c46251 - - - - - -] Loaded extension: standard-attr-tag
2026-06-22 02:28:09.821 1 INFO neutron.api.extensions [None req-a4c54b99-d3d4-4cb1-b1f3-7a3d83c46251 - - - - - -] Loaded extension: standard-attr-timestamp
2026-06-22 02:28:09.821 1 INFO neutron.api.extensions [None req-a4c54b99-d3d4-4cb1-b1f3-7a3d83c46251 - - - - - -] Loaded extension: trunk
2026-06-22 02:28:09.822 1 INFO neutron.api.extensions [None req-a4c54b99-d3d4-4cb1-b1f3-7a3d83c46251 - - - - - -] Loaded extension: trunk-details
2026-06-22 02:28:09.822 1 INFO neutron.api.extensions [None req-a4c54b99-d3d4-4cb1-b1f3-7a3d83c46251 - - - - - -] Extension uplink-status-propagation not supported by any of loaded plugins
2026-06-22 02:28:09.823 1 INFO neutron.api.extensions [None req-a4c54b99-d3d4-4cb1-b1f3-7a3d83c46251 - - - - - -] Extension vlan-transparent not supported by any of loaded plugins
2026-06-22 02:28:09.823 1 INFO neutron.api.extensions [None req-a4c54b99-d3d4-4cb1-b1f3-7a3d83c46251 - - - - - -] Loaded extension: vpn-endpoint-groups
2026-06-22 02:28:09.824 1 INFO neutron.api.extensions [None req-a4c54b99-d3d4-4cb1-b1f3-7a3d83c46251 - - - - - -] Loaded extension: vpn-flavors
2026-06-22 02:28:09.825 1 INFO neutron.api.extensions [None req-a4c54b99-d3d4-4cb1-b1f3-7a3d83c46251 - - - - - -] Loaded extension: vpnaas
2026-06-22 02:28:09.827 1 INFO oslo_service.service [None req-a4c54b99-d3d4-4cb1-b1f3-7a3d83c46251 - - - - - -] Starting 2 workers
2026-06-22 02:28:09.831 1 INFO oslo_service.service [None req-a4c54b99-d3d4-4cb1-b1f3-7a3d83c46251 - - - - - -] Starting 1 workers
2026-06-22 02:28:49.786 10 INFO neutron.db.l3_hamode_db [None req-320727d1-fd1f-4e44-869a-e636a86bfb18 - - - - - -] Number of active agents lower than max_l3_agents_per_router. L3 agents available: 1
2026-06-22 02:29:01.138 10 INFO neutron.plugins.ml2.plugin [None req-aafc3072-64aa-4bfd-817b-d9c062da2a6b - - - - - -] Attempt 1 to provision port 9a700c2d-1f75-42e8-8973-4cce41d5c9ac
2026-06-22 02:29:02.321 10 INFO neutron.plugins.ml2.plugin [None req-f88f97b5-a028-4add-8fba-ee58280c68ff - - - - - -] Attempt 1 to provision port 9a700c2d-1f75-42e8-8973-4cce41d5c9ac
2026-06-22 02:29:02.711 9 INFO neutron.plugins.ml2.plugin [None req-a90c96fa-b5dc-4d44-8709-5c40b2e3bd34 - - - - - -] Attempt 1 to provision port 9a700c2d-1f75-42e8-8973-4cce41d5c9ac
2026-06-22 02:29:03.048 10 INFO neutron.plugins.ml2.plugin [None req-aafc3072-64aa-4bfd-817b-d9c062da2a6b - - - - - -] Attempt 1 to provision port 9a700c2d-1f75-42e8-8973-4cce41d5c9ac
2026-06-22 02:35:29.341 10 INFO neutron.plugins.ml2.plugin [None req-aafc3072-64aa-4bfd-817b-d9c062da2a6b - - - - - -] Attempt 1 to provision port 03c03bb5-9f0f-4b1e-89d5-ff2d9155a2b1
2026-06-22 02:35:30.506 10 INFO neutron.plugins.ml2.plugin [None req-49112425-51ca-4289-87bc-8ec9cc4e8ab0 - - - - - -] Attempt 1 to provision port 03c03bb5-9f0f-4b1e-89d5-ff2d9155a2b1
2026-06-22 02:35:30.680 9 INFO neutron.plugins.ml2.plugin [None req-6ad835c8-4f23-4e3f-9165-24316dfcc156 - - - - - -] Attempt 1 to provision port 03c03bb5-9f0f-4b1e-89d5-ff2d9155a2b1
2026-06-22 02:35:31.327 10 INFO neutron.plugins.ml2.plugin [None req-aafc3072-64aa-4bfd-817b-d9c062da2a6b - - - - - -] Attempt 1 to provision port 03c03bb5-9f0f-4b1e-89d5-ff2d9155a2b1
2026-06-22 02:35:36.309 9 INFO neutron.plugins.ml2.plugin [None req-e963f617-0637-4ef2-9937-27ed076464f0 - - - - - -] Attempt 1 to provision port 95456504-bc49-4568-b566-0ab7fbb6d7c1
2026-06-22 02:38:49.602 9 INFO neutron.plugins.ml2.plugin [None req-aafc3072-64aa-4bfd-817b-d9c062da2a6b - - - - - -] Attempt 1 to provision port 95456504-bc49-4568-b566-0ab7fbb6d7c1
2026-06-22 02:38:51.457 10 INFO neutron.plugins.ml2.plugin [None req-aafc3072-64aa-4bfd-817b-d9c062da2a6b - - - - - -] Attempt 1 to provision port 95456504-bc49-4568-b566-0ab7fbb6d7c1
2026-06-22 02:47:05.769 9 INFO neutron.plugins.ml2.plugin [None req-aafc3072-64aa-4bfd-817b-d9c062da2a6b - - - - - -] Attempt 1 to provision port 631a5235-4570-40e2-9a2d-c8a0f2d6d13d
2026-06-22 02:47:07.764 10 INFO neutron.plugins.ml2.plugin [None req-aafc3072-64aa-4bfd-817b-d9c062da2a6b - - - - - -] Attempt 1 to provision port 631a5235-4570-40e2-9a2d-c8a0f2d6d13d
2026-06-22 03:02:53.747 9 INFO neutron.plugins.ml2.plugin [None req-c52ac751-541b-49af-af3c-346b71f6c503 - - - - - -] Attempt 1 to provision port 34507ab8-f14d-49f0-99ed-4797d0c5e852
2026-06-22 03:02:54.192 10 INFO neutron.plugins.ml2.plugin [None req-9d965f23-e3b7-414c-a8dd-afd86261aa9c - - - - - -] Attempt 1 to provision port ac74f3d1-e8ef-45bd-87c3-1a2cf8d31518
2026-06-22 03:02:54.403 9 INFO neutron.plugins.ml2.plugin [None req-aafc3072-64aa-4bfd-817b-d9c062da2a6b - - - - - -] Attempt 1 to provision port 598de1b5-44ce-416d-a003-ac8ee2086d80
2026-06-22 03:02:54.893 9 INFO neutron.plugins.ml2.plugin [None req-aafc3072-64aa-4bfd-817b-d9c062da2a6b - - - - - -] Attempt 1 to provision port 6fb3d2fc-d9fd-4082-b384-f7d997d9715f
2026-06-22 03:02:55.543 9 INFO neutron.plugins.ml2.plugin [None req-f0527ff1-e3e2-4d4f-8354-25d1e3564f26 - - - - - -] Attempt 1 to provision port 6fb3d2fc-d9fd-4082-b384-f7d997d9715f
2026-06-22 03:02:55.880 10 INFO neutron.plugins.ml2.plugin [None req-b6d1f2da-a92f-4740-92a5-ad58dd7ca373 - - - - - -] Attempt 1 to provision port 6fb3d2fc-d9fd-4082-b384-f7d997d9715f
2026-06-22 03:02:56.004 10 INFO neutron.plugins.ml2.plugin [None req-b6d1f2da-a92f-4740-92a5-ad58dd7ca373 - - - - - -] Attempt 1 to provision port 598de1b5-44ce-416d-a003-ac8ee2086d80
2026-06-22 03:02:56.324 9 INFO neutron.plugins.ml2.plugin [None req-fdbf8eda-db18-4e80-b660-197f4a988f06 - - - - - -] Attempt 1 to provision port 598de1b5-44ce-416d-a003-ac8ee2086d80
2026-06-22 03:02:56.435 10 INFO neutron.plugins.ml2.plugin [None req-aafc3072-64aa-4bfd-817b-d9c062da2a6b - - - - - -] Attempt 1 to provision port 598de1b5-44ce-416d-a003-ac8ee2086d80
2026-06-22 03:02:56.541 9 INFO neutron.plugins.ml2.plugin [None req-17cfbc0f-a69c-473e-a8e5-5d0f78af58c9 - - - - - -] Attempt 1 to provision port 3dce896c-e30c-41ba-80d2-87bbf821010a
2026-06-22 03:02:56.836 10 INFO neutron.plugins.ml2.plugin [None req-aafc3072-64aa-4bfd-817b-d9c062da2a6b - - - - - -] Attempt 1 to provision port 6fb3d2fc-d9fd-4082-b384-f7d997d9715f
2026-06-22 03:02:57.112 10 INFO neutron.plugins.ml2.plugin [None req-db7a3c85-cc83-4f6a-8f4c-3c8ad3e3dd84 - - - - - -] Attempt 1 to provision port 3dce896c-e30c-41ba-80d2-87bbf821010a
2026-06-22 03:02:57.220 10 INFO neutron.plugins.ml2.plugin [None req-db7a3c85-cc83-4f6a-8f4c-3c8ad3e3dd84 - - - - - -] Attempt 1 to provision port d98b0628-3b77-49c6-8b8d-e89348c8aeb2
2026-06-22 03:02:57.789 10 INFO neutron.plugins.ml2.plugin [None req-a0f1b92b-3303-4d3f-ab9c-9cafe02b4393 - - - - - -] Attempt 1 to provision port d98b0628-3b77-49c6-8b8d-e89348c8aeb2
2026-06-22 03:02:59.766 10 INFO neutron.plugins.ml2.plugin [None req-ce2507b1-60c3-4e5d-a051-de2eb043f20a - - - - - -] Attempt 1 to provision port 270d7447-06da-4440-9f76-725219049f65
2026-06-22 03:03:00.416 9 INFO neutron.plugins.ml2.plugin [None req-aafc3072-64aa-4bfd-817b-d9c062da2a6b - - - - - -] Attempt 1 to provision port f6b405f3-996b-491f-83b8-25654cf7df7c
2026-06-22 03:03:01.845 9 INFO neutron.plugins.ml2.plugin [None req-40caea40-28bc-453e-8dac-8e84b4253cc2 - - - - - -] Attempt 1 to provision port f6b405f3-996b-491f-83b8-25654cf7df7c
2026-06-22 03:03:02.171 10 INFO neutron.plugins.ml2.plugin [None req-fca97242-42f6-40ab-a843-313e033dd828 - - - - - -] Attempt 1 to provision port f6b405f3-996b-491f-83b8-25654cf7df7c
2026-06-22 03:03:02.575 10 INFO neutron.plugins.ml2.plugin [None req-43af12b4-4d93-451a-8ac1-c6505f0332d7 - - - - - -] Attempt 1 to provision port 1ff0c12f-b12f-47a1-94fa-e2efe50b5ce3
2026-06-22 03:03:02.610 9 INFO neutron.plugins.ml2.plugin [None req-aafc3072-64aa-4bfd-817b-d9c062da2a6b - - - - - -] Attempt 1 to provision port f6b405f3-996b-491f-83b8-25654cf7df7c
2026-06-22 03:03:03.233 9 INFO neutron.plugins.ml2.plugin [None req-50e93142-9c0f-4382-b911-65382980876e - - - - - -] Attempt 1 to provision port 1ff0c12f-b12f-47a1-94fa-e2efe50b5ce3
2026-06-22 03:03:04.505 9 INFO neutron.plugins.ml2.plugin [None req-aafc3072-64aa-4bfd-817b-d9c062da2a6b - - - - - -] Attempt 1 to provision port d84f5b9c-a790-40e4-8ddc-dec5a85e0854
2026-06-22 03:03:05.091 9 INFO neutron.plugins.ml2.plugin [None req-bd757f76-3180-42b1-9444-b6de22f5f51e - - - - - -] Attempt 1 to provision port 592e72f9-7bd5-4dfd-9024-1db9d4f3ed6d
2026-06-22 03:03:05.163 9 INFO neutron.plugins.ml2.plugin [None req-aafc3072-64aa-4bfd-817b-d9c062da2a6b - - - - - -] Attempt 1 to provision port e46a0186-eaaa-433c-a784-2acf38e8dfee
2026-06-22 03:03:05.786 9 INFO neutron.plugins.ml2.plugin [None req-aafc3072-64aa-4bfd-817b-d9c062da2a6b - - - - - -] Attempt 1 to provision port c65e9f92-8216-4b11-aeff-9953c661e18c
2026-06-22 03:03:06.457 10 INFO neutron.plugins.ml2.plugin [None req-aafc3072-64aa-4bfd-817b-d9c062da2a6b - - - - - -] Attempt 1 to provision port d84f5b9c-a790-40e4-8ddc-dec5a85e0854
2026-06-22 03:03:06.782 10 INFO neutron.plugins.ml2.plugin [None req-aafc3072-64aa-4bfd-817b-d9c062da2a6b - - - - - -] Attempt 1 to provision port e46a0186-eaaa-433c-a784-2acf38e8dfee
2026-06-22 03:03:07.056 10 INFO neutron.plugins.ml2.plugin [None req-aafc3072-64aa-4bfd-817b-d9c062da2a6b - - - - - -] Attempt 1 to provision port c65e9f92-8216-4b11-aeff-9953c661e18c /var/lib/openstack/lib/python3.10/site-packages/oslo_db/sqlalchemy/enginefacade.py:676: SAWarning: DELETE statement on table 'portsecuritybindings' expected to delete 1 row(s); 0 were matched. Please set confirm_deleted_rows=False within the mapper configuration to prevent this warning. self.session.flush() /var/lib/openstack/lib/python3.10/site-packages/oslo_db/sqlalchemy/enginefacade.py:676: SAWarning: DELETE statement on table 'ml2_port_bindings' expected to delete 1 row(s); 0 were matched. Please set confirm_deleted_rows=False within the mapper configuration to prevent this warning. self.session.flush() /var/lib/openstack/lib/python3.10/site-packages/oslo_db/sqlalchemy/enginefacade.py:676: SAWarning: DELETE statement on table 'ml2_port_binding_levels' expected to delete 1 row(s); 0 were matched. Please set confirm_deleted_rows=False within the mapper configuration to prevent this warning. self.session.flush() /var/lib/openstack/lib/python3.10/site-packages/oslo_db/sqlalchemy/enginefacade.py:676: SAWarning: DELETE statement on table 'ports' expected to delete 1 row(s); 0 were matched. Please set confirm_deleted_rows=False within the mapper configuration to prevent this warning. self.session.flush()
2026-06-22 03:03:10.008 9 INFO neutron.plugins.ml2.plugin [None req-c84d36d1-0084-47d3-90ec-6338ad764c67 - - - - - -] Attempt 1 to provision port 8fa1f01a-70ed-43f6-aba4-fbbd0000fda7
2026-06-22 03:03:12.514 10 INFO neutron.plugins.ml2.plugin [None req-aafc3072-64aa-4bfd-817b-d9c062da2a6b - - - - - -] Attempt 1 to provision port 8fa1f01a-70ed-43f6-aba4-fbbd0000fda7
2026-06-22 03:03:13.327 10 INFO neutron.notifiers.nova [-] Nova event matching ['req-caf3f42e-1793-4760-935a-930c10bcbd5b'] response: {'server_uuid': 'd96d33e0-4cbe-43fa-a274-f536bfce626b', 'name': 'network-vif-plugged', 'status': 'completed', 'tag': '8fa1f01a-70ed-43f6-aba4-fbbd0000fda7', 'code': 200}
2026-06-22 03:03:13.342 10 INFO neutron.plugins.ml2.plugin [None req-aafc3072-64aa-4bfd-817b-d9c062da2a6b - - - - - -] Attempt 1 to provision port 592e72f9-7bd5-4dfd-9024-1db9d4f3ed6d
2026-06-22 03:03:14.851 9 INFO neutron.plugins.ml2.plugin [None req-aafc3072-64aa-4bfd-817b-d9c062da2a6b - - - - - -] Attempt 1 to provision port 592e72f9-7bd5-4dfd-9024-1db9d4f3ed6d
2026-06-22 03:03:14.917 10 INFO neutron.plugins.ml2.plugin [None req-a9940791-b40c-4cde-ab50-306150ecdc7c - - - - - -] Attempt 1 to provision port 6326f4d2-f7d0-4a62-b828-c22b19470683
2026-06-22 03:03:15.204 9 INFO neutron.plugins.ml2.plugin [None req-aafc3072-64aa-4bfd-817b-d9c062da2a6b - - - - - -] Attempt 1 to provision port 12aa9d46-7727-4d22-8081-22ce34219b74
2026-06-22 03:03:15.372 10 INFO neutron.notifiers.nova [-] Nova event matching ['req-97d9a84e-0617-40a8-89e0-138b11873d97'] response: {'server_uuid': '0e508828-547e-40d7-831d-a2aacacad4d4', 'name': 'network-vif-plugged', 'status': 'completed', 'tag': '592e72f9-7bd5-4dfd-9024-1db9d4f3ed6d', 'code': 200}
2026-06-22 03:03:15.846 9 INFO neutron.plugins.ml2.plugin [None req-aafc3072-64aa-4bfd-817b-d9c062da2a6b - - - - - -] Attempt 1 to provision port 8fa1f01a-70ed-43f6-aba4-fbbd0000fda7
2026-06-22 03:03:16.222 10 INFO neutron.plugins.ml2.plugin [None req-e7a56229-0f75-40ed-84d8-c96934d0a2fe - - - - - -] Attempt 1 to provision port 12aa9d46-7727-4d22-8081-22ce34219b74
2026-06-22 03:03:16.437 9 INFO neutron.plugins.ml2.plugin [None req-aafc3072-64aa-4bfd-817b-d9c062da2a6b - - - - - -] Attempt 1 to provision port 12aa9d46-7727-4d22-8081-22ce34219b74
2026-06-22 03:03:16.550 10 INFO neutron.plugins.ml2.plugin [None req-de930f4b-948e-44bc-9f9c-cc60f5dd0ecf - - - - - -] Attempt 1 to provision port 12aa9d46-7727-4d22-8081-22ce34219b74
2026-06-22 03:03:17.949 10 INFO neutron.plugins.ml2.plugin [None req-cadd6c69-7906-4d79-9b8b-25150feb0402 - - - - - -] Attempt 1 to provision port 323e0288-2f5a-4b01-827a-74a57396b4f2
2026-06-22 03:03:18.419 9 INFO neutron.plugins.ml2.plugin [None req-f9c0b51b-22ef-40de-90d3-95fb6d96524b - - - - - -] Attempt 1 to provision port 323e0288-2f5a-4b01-827a-74a57396b4f2
2026-06-22 03:03:20.523 9 INFO neutron.plugins.ml2.plugin [None req-aafc3072-64aa-4bfd-817b-d9c062da2a6b - - - - - -] Attempt 1 to provision port 8fcdfbfd-bb6a-4af2-92ec-41c11f2fa96e
2026-06-22 03:03:22.547 9 INFO neutron.plugins.ml2.plugin [None req-aafc3072-64aa-4bfd-817b-d9c062da2a6b - - - - - -] Attempt 1 to provision port 8fcdfbfd-bb6a-4af2-92ec-41c11f2fa96e
2026-06-22 03:03:28.645 10 INFO neutron.plugins.ml2.plugin [None req-aafc3072-64aa-4bfd-817b-d9c062da2a6b - - - - - -] Attempt 1 to provision port 6f7ae81a-6d64-4ff1-8bb7-fad3774643b9
2026-06-22 03:03:29.180 10 INFO neutron.plugins.ml2.plugin [None req-aafc3072-64aa-4bfd-817b-d9c062da2a6b - - - - - -] Attempt 1 to provision port 7bf2e871-f602-49c2-b19d-6da571f730d1
2026-06-22 03:03:29.454 9 INFO neutron.plugins.ml2.plugin [None req-5e192078-d9e0-466c-a404-3ce2fd84d92a - - - - - -] Attempt 1 to provision port 7bf2e871-f602-49c2-b19d-6da571f730d1
2026-06-22 03:03:29.635 10 INFO neutron.plugins.ml2.plugin [None req-2e4513ef-a7ed-434a-84d9-d09c4d374c90 - - - - - -] Attempt 1 to provision port 6f7ae81a-6d64-4ff1-8bb7-fad3774643b9
2026-06-22 03:03:29.710 10 INFO neutron.plugins.ml2.db [None req-2e4513ef-a7ed-434a-84d9-d09c4d374c90 - - - - - -] No ports have port_id starting with 6f7ae81a-6d64-4ff1-8bb7-fad3774643b9
2026-06-22 03:03:31.658 10 INFO neutron.plugins.ml2.plugin [None req-117e4f08-821a-450f-8e0d-69afc5021ffd - - - - - -] Attempt 1 to provision port ab8718eb-9732-4c2a-b98f-03ea4d6ca9cd
2026-06-22 03:03:32.505 10 INFO neutron.plugins.ml2.plugin [None req-aafc3072-64aa-4bfd-817b-d9c062da2a6b - - - - - -] Attempt 1 to provision port 45883bf9-1450-41ed-bdcb-d225c998f7ad
2026-06-22 03:03:32.950 10 INFO neutron.plugins.ml2.plugin [None req-59fe0499-4fa2-4761-9ed5-3fb405c0c0e5 - - - - - -] Attempt 1 to provision port 45883bf9-1450-41ed-bdcb-d225c998f7ad
2026-06-22 03:03:33.279 9 INFO neutron.plugins.ml2.plugin [None req-00fb17cd-dfdc-42f9-9d68-36eb45ab3415 - - - - - -] Attempt 1 to provision port 45883bf9-1450-41ed-bdcb-d225c998f7ad
2026-06-22 03:03:34.423 10 INFO neutron.plugins.ml2.plugin [None req-aafc3072-64aa-4bfd-817b-d9c062da2a6b - - - - - -] Attempt 1 to provision port 45883bf9-1450-41ed-bdcb-d225c998f7ad
2026-06-22 03:03:34.466 9 INFO neutron.plugins.ml2.plugin [None req-3ba33cdc-a9c3-4c42-b0b6-bda188808055 - - - - - -] Attempt 1 to provision port 874f6a97-5bc7-45b2-8ac2-02929b543ffd
2026-06-22 03:03:35.137 9 INFO neutron.plugins.ml2.plugin [None req-b209b9aa-16f5-4ef8-a9ef-239249632de2 - - - - - -] Attempt 1 to provision port 874f6a97-5bc7-45b2-8ac2-02929b543ffd
2026-06-22 03:03:35.984 9 INFO neutron.plugins.ml2.plugin [None req-34958a96-cbd6-42a0-a5e1-99daed509b35 - - - - - -] Attempt 1 to provision port 7e981d98-213d-4d4e-a01b-e49d65de969d
2026-06-22 03:03:36.499 10 INFO neutron.plugins.ml2.plugin [None req-aafc3072-64aa-4bfd-817b-d9c062da2a6b - - - - - -] Attempt 1 to provision port 9b0b3915-6124-470c-8660-022cd27fc7cb
2026-06-22 03:03:37.046 10 INFO neutron.plugins.ml2.plugin [None req-aafc3072-64aa-4bfd-817b-d9c062da2a6b - - - - - -] Attempt 1 to provision port 0775ce31-7b3c-44a0-a0be-7c86339c9da8
2026-06-22 03:03:37.150 10 INFO neutron.plugins.ml2.plugin [None req-9e4bbd11-31d2-452b-8f7d-89167d701236 - - - - - -] Attempt 1 to provision port 9b0b3915-6124-470c-8660-022cd27fc7cb
2026-06-22 03:03:37.581 9 INFO neutron.plugins.ml2.plugin [None req-62047062-979d-4978-8967-2d66f5c02fe5 - - - - - -] Attempt 1 to provision port 9b0b3915-6124-470c-8660-022cd27fc7cb
2026-06-22 03:03:38.496 9 INFO neutron.plugins.ml2.plugin [None req-25452f50-71d3-458f-8261-52a8e805740d - - - - - -] Attempt 1 to provision port ad1b6b82-170b-4b0d-9daa-885ae5d18b9a
2026-06-22 03:03:38.627 10 INFO neutron.plugins.ml2.plugin [None req-aafc3072-64aa-4bfd-817b-d9c062da2a6b - - - - - -] Attempt 1 to provision port 9b0b3915-6124-470c-8660-022cd27fc7cb
2026-06-22 03:03:39.022 10 INFO neutron.plugins.ml2.plugin [None req-aafc3072-64aa-4bfd-817b-d9c062da2a6b - - - - - -] Attempt 1 to provision port ad1b6b82-170b-4b0d-9daa-885ae5d18b9a
2026-06-22 03:03:39.114 9 INFO neutron.plugins.ml2.plugin [None req-546baec6-c2c6-457c-abc3-b79b5c64703c - - - - - -] Attempt 1 to provision port 72d7de46-e9c7-4e2e-b0fb-bbc89b4e04cf
2026-06-22 03:03:39.161 9 INFO neutron.plugins.ml2.plugin [None req-546baec6-c2c6-457c-abc3-b79b5c64703c - - - - - -] Attempt 1 to provision port ad1b6b82-170b-4b0d-9daa-885ae5d18b9a
2026-06-22 03:03:39.551 10 INFO neutron.plugins.ml2.plugin [None req-aafc3072-64aa-4bfd-817b-d9c062da2a6b - - - - - -] Attempt 1 to provision port 0775ce31-7b3c-44a0-a0be-7c86339c9da8
2026-06-22 03:03:39.775 9 INFO neutron.plugins.ml2.plugin [None req-077d4ec4-7144-4375-8da0-ed499870fe2c - - - - - -] Attempt 1 to provision port 72d7de46-e9c7-4e2e-b0fb-bbc89b4e04cf
2026-06-22 03:03:40.586 9 INFO neutron.plugins.ml2.plugin [None req-aafc3072-64aa-4bfd-817b-d9c062da2a6b - - - - - -] Attempt 1 to provision port 9b241557-af6e-4e08-820e-6e95c1585a30
2026-06-22 03:03:40.773 9 INFO neutron.plugins.ml2.plugin [None req-0dff79fe-63f4-4acc-aabb-8aa0599ebc7b - - - - - -] Attempt 1 to provision port 54d0037d-cd7c-4280-b11f-6e795a341cbd
2026-06-22 03:03:42.650 10 INFO neutron.plugins.ml2.plugin [None req-aafc3072-64aa-4bfd-817b-d9c062da2a6b - - - - - -] Attempt 1 to provision port 54d0037d-cd7c-4280-b11f-6e795a341cbd
2026-06-22 03:03:42.998 10 INFO neutron.notifiers.nova [-] Nova event matching ['req-b805c128-bce6-4e71-8fbc-f5a8ad86cc4b'] response: {'server_uuid': 'b6f332d4-9456-40d2-a90d-cb117030c372', 'name': 'network-vif-plugged', 'status': 'completed', 'tag': '54d0037d-cd7c-4280-b11f-6e795a341cbd', 'code': 200}
2026-06-22 03:03:43.165 10 INFO neutron.plugins.ml2.plugin [None req-aafc3072-64aa-4bfd-817b-d9c062da2a6b - - - - - -] Attempt 1 to provision port 9b241557-af6e-4e08-820e-6e95c1585a30
2026-06-22 03:03:44.634 10 INFO neutron.plugins.ml2.plugin [None req-aafc3072-64aa-4bfd-817b-d9c062da2a6b - - - - - -] Attempt 1 to provision port 54d0037d-cd7c-4280-b11f-6e795a341cbd
2026-06-22 03:03:45.680 9 INFO neutron.plugins.ml2.plugin [None req-3109e31f-dfd7-4bc5-b5ca-535fc804f8e7 - - - - - -] Attempt 1 to provision port 62496b30-c256-4590-8cb0-b15229501eff
2026-06-22 03:03:48.595 9 INFO neutron.plugins.ml2.plugin [None req-aafc3072-64aa-4bfd-817b-d9c062da2a6b - - - - - -] Attempt 1 to provision port 62496b30-c256-4590-8cb0-b15229501eff
2026-06-22 03:03:49.201 9 INFO neutron.notifiers.nova [-] Nova event matching ['req-b104d691-9175-4387-a057-0fba355d1c20'] response: {'server_uuid': '7bef1316-80d0-44b6-b624-363228899888', 'name': 'network-vif-plugged', 'status': 'completed', 'tag': '62496b30-c256-4590-8cb0-b15229501eff', 'code': 200}
2026-06-22 03:03:50.471 10 INFO neutron.plugins.ml2.plugin [None req-aafc3072-64aa-4bfd-817b-d9c062da2a6b - - - - - -] Attempt 1 to provision port 62496b30-c256-4590-8cb0-b15229501eff /var/lib/openstack/lib/python3.10/site-packages/oslo_db/sqlalchemy/enginefacade.py:676: SAWarning: DELETE statement on table 'portsecuritybindings' expected to delete 1 row(s); 0 were matched. Please set confirm_deleted_rows=False within the mapper configuration to prevent this warning. self.session.flush() /var/lib/openstack/lib/python3.10/site-packages/oslo_db/sqlalchemy/enginefacade.py:676: SAWarning: DELETE statement on table 'ml2_port_bindings' expected to delete 1 row(s); 0 were matched. Please set confirm_deleted_rows=False within the mapper configuration to prevent this warning. self.session.flush() /var/lib/openstack/lib/python3.10/site-packages/oslo_db/sqlalchemy/enginefacade.py:676: SAWarning: DELETE statement on table 'ml2_port_binding_levels' expected to delete 1 row(s); 0 were matched. Please set confirm_deleted_rows=False within the mapper configuration to prevent this warning. self.session.flush() /var/lib/openstack/lib/python3.10/site-packages/oslo_db/sqlalchemy/enginefacade.py:676: SAWarning: DELETE statement on table 'ports' expected to delete 1 row(s); 0 were matched. Please set confirm_deleted_rows=False within the mapper configuration to prevent this warning. self.session.flush()
2026-06-22 03:03:54.526 9 INFO neutron.plugins.ml2.plugin [None req-5db7adcd-d400-4ffd-88a4-4536bd5d9276 - - - - - -] Attempt 1 to provision port a8f6109f-6627-4922-9623-2d9cf33ac5e6
2026-06-22 03:04:00.936 10 INFO neutron.plugins.ml2.plugin [None req-f183928d-e18b-4e77-9686-bc0da3652e50 - - - - - -] Attempt 1 to provision port 28d1d3df-dfd5-44a5-b5a4-d6a2c0b5d343
2026-06-22 03:04:04.628 9 INFO neutron.plugins.ml2.plugin [None req-aafc3072-64aa-4bfd-817b-d9c062da2a6b - - - - - -] Attempt 1 to provision port 72d7de46-e9c7-4e2e-b0fb-bbc89b4e04cf
2026-06-22 03:04:05.057 9 INFO neutron.plugins.ml2.plugin [None req-aafc3072-64aa-4bfd-817b-d9c062da2a6b - - - - - -] Attempt 1 to provision port 7e981d98-213d-4d4e-a01b-e49d65de969d
2026-06-22 03:04:05.495 9 INFO neutron.plugins.ml2.plugin [None req-aafc3072-64aa-4bfd-817b-d9c062da2a6b - - - - - -] Attempt 1 to provision port ed483b9f-39ff-4232-986a-c4c832e58a48
2026-06-22 03:04:06.645 10 INFO neutron.plugins.ml2.plugin [None req-aafc3072-64aa-4bfd-817b-d9c062da2a6b - - - - - -] Attempt 1 to provision port ac8cb169-4b1a-4cdb-b579-78abb2477126
2026-06-22 03:04:07.124 10 INFO neutron.plugins.ml2.plugin [None req-5b429610-8063-43a9-b54f-ce4bab68b0fd - - - - - -] Attempt 1 to provision port ac8cb169-4b1a-4cdb-b579-78abb2477126
2026-06-22 03:04:07.150 10 INFO neutron.plugins.ml2.plugin [None req-aafc3072-64aa-4bfd-817b-d9c062da2a6b - - - - - -] Attempt 1 to provision port 72d7de46-e9c7-4e2e-b0fb-bbc89b4e04cf
2026-06-22 03:04:07.413 9 INFO neutron.plugins.ml2.plugin [None req-f0392e4b-80f4-4bfb-84f8-4bd1d7a83eed - - - - - -] Attempt 1 to provision port 188b7daa-0f68-4e60-bd0e-23817ea2eb90
2026-06-22 03:04:07.447 9 INFO neutron.plugins.ml2.plugin [None req-f0392e4b-80f4-4bfb-84f8-4bd1d7a83eed - - - - - -] Attempt 1 to provision port ac8cb169-4b1a-4cdb-b579-78abb2477126
2026-06-22 03:04:07.488 10 INFO neutron.plugins.ml2.plugin [None req-aafc3072-64aa-4bfd-817b-d9c062da2a6b - - - - - -] Attempt 1 to provision port 7e981d98-213d-4d4e-a01b-e49d65de969d
2026-06-22 03:04:07.727 10 INFO neutron.plugins.ml2.plugin [None req-aafc3072-64aa-4bfd-817b-d9c062da2a6b - - - - - -] Attempt 1 to provision port ed483b9f-39ff-4232-986a-c4c832e58a48
2026-06-22 03:04:07.767 10 INFO neutron.plugins.ml2.plugin [None req-0600eb36-9c78-4761-acc4-1277c8557f3e - - - - - -] Attempt 1 to provision port 62496b30-c256-4590-8cb0-b15229501eff
2026-06-22 03:04:08.002 9 INFO neutron.plugins.ml2.plugin [None req-c908f649-45a9-49c9-80b6-fe00e64c8551 - - - - - -] Attempt 1 to provision port 188b7daa-0f68-4e60-bd0e-23817ea2eb90
