+ COMMAND=start + start + for KEYSTONE_WSGI_SCRIPT in keystone-wsgi-public ++ type -p keystone-wsgi-public + cp -a /var/lib/openstack/bin/keystone-wsgi-public /var/www/cgi-bin/keystone/ + '[' -f /etc/apache2/envvars ']' + source /etc/apache2/envvars ++ unset HOME ++ '[' '' '!=' '' ']' ++ SUFFIX= ++ export APACHE_RUN_USER=www-data ++ APACHE_RUN_USER=www-data ++ export APACHE_RUN_GROUP=www-data ++ APACHE_RUN_GROUP=www-data ++ export APACHE_PID_FILE=/var/run/apache2/apache2.pid ++ APACHE_PID_FILE=/var/run/apache2/apache2.pid ++ export APACHE_RUN_DIR=/var/run/apache2 ++ APACHE_RUN_DIR=/var/run/apache2 ++ export APACHE_LOCK_DIR=/var/lock/apache2 ++ APACHE_LOCK_DIR=/var/lock/apache2 ++ export APACHE_LOG_DIR=/var/log/apache2 ++ APACHE_LOG_DIR=/var/log/apache2 ++ export LANG=C ++ LANG=C ++ export LANG + '[' -f /var/run/apache2/apache2.pid ']' + exec apache2 -DFOREGROUND AH00558: apache2: Could not reliably determine the server's fully qualified domain name, using 10.0.0.152. Set the 'ServerName' directive globally to suppress this message AH00558: apache2: Could not reliably determine the server's fully qualified domain name, using 10.0.0.152. Set the 'ServerName' directive globally to suppress this message
[Tue Jun 16 05:21:13.617229 2026] [mpm_event:notice] [pid 1:tid 139717094369152] AH00489: Apache/2.4.58 (Ubuntu) mod_wsgi/5.0.0 Python/3.12 configured -- resuming normal operations
[Tue Jun 16 05:21:13.617412 2026] [core:notice] [pid 1:tid 139717094369152] AH00094: Command line: 'apache2 -D FOREGROUND'
[Tue Jun 16 05:22:10.745429 2026] [wsgi:error] [pid 9:tid 139716456548032] /var/lib/openstack/lib/python3.12/site-packages/oslo_utils/importutils.py:77: EventletDeprecationWarning:
[Tue Jun 16 05:22:10.745472 2026] [wsgi:error] [pid 9:tid 139716456548032] Eventlet is deprecated. It is currently being maintained in bugfix mode, and
[Tue Jun 16 05:22:10.745474 2026] [wsgi:error] [pid 9:tid 139716456548032] we strongly recommend against using it for new projects.
[Tue Jun 16 05:22:10.745475 2026] [wsgi:error] [pid 9:tid 139716456548032]
[Tue Jun 16 05:22:10.745476 2026] [wsgi:error] [pid 9:tid 139716456548032] If you are already using Eventlet, we recommend migrating to a different
[Tue Jun 16 05:22:10.745477 2026] [wsgi:error] [pid 9:tid 139716456548032] framework. For more detail see
[Tue Jun 16 05:22:10.745478 2026] [wsgi:error] [pid 9:tid 139716456548032] https://eventlet.readthedocs.io/en/latest/asyncio/migration.html
[Tue Jun 16 05:22:10.745479 2026] [wsgi:error] [pid 9:tid 139716456548032]
[Tue Jun 16 05:22:10.745480 2026] [wsgi:error] [pid 9:tid 139716456548032] __import__(import_str)
[Tue Jun 16 05:22:10.768951 2026] [wsgi:error] [pid 10:tid 139716456548032] /var/lib/openstack/lib/python3.12/site-packages/oslo_utils/importutils.py:77: EventletDeprecationWarning:
[Tue Jun 16 05:22:10.769001 2026] [wsgi:error] [pid 10:tid 139716456548032] Eventlet is deprecated. It is currently being maintained in bugfix mode, and
[Tue Jun 16 05:22:10.769003 2026] [wsgi:error] [pid 10:tid 139716456548032] we strongly recommend against using it for new projects.
[Tue Jun 16 05:22:10.769005 2026] [wsgi:error] [pid 10:tid 139716456548032]
[Tue Jun 16 05:22:10.769006 2026] [wsgi:error] [pid 10:tid 139716456548032] If you are already using Eventlet, we recommend migrating to a different
[Tue Jun 16 05:22:10.769008 2026] [wsgi:error] [pid 10:tid 139716456548032] framework. For more detail see
[Tue Jun 16 05:22:10.769010 2026] [wsgi:error] [pid 10:tid 139716456548032] https://eventlet.readthedocs.io/en/latest/asyncio/migration.html
[Tue Jun 16 05:22:10.769011 2026] [wsgi:error] [pid 10:tid 139716456548032]
[Tue Jun 16 05:22:10.769013 2026] [wsgi:error] [pid 10:tid 139716456548032] __import__(import_str) 10.0.0.56 - - [16/Jun/2026:05:22:09 +0000] "GET /v3/ HTTP/1.1" 200 250 10.0.0.56 - - [16/Jun/2026:05:22:09 +0000] "GET /v3/ HTTP/1.1" 200 250
[Tue Jun 16 05:22:16.081601 2026] [wsgi:error] [pid 12:tid 139716456548032] /var/lib/openstack/lib/python3.12/site-packages/oslo_utils/importutils.py:77: EventletDeprecationWarning:
[Tue Jun 16 05:22:16.081645 2026] [wsgi:error] [pid 12:tid 139716456548032] Eventlet is deprecated. It is currently being maintained in bugfix mode, and
[Tue Jun 16 05:22:16.081646 2026] [wsgi:error] [pid 12:tid 139716456548032] we strongly recommend against using it for new projects.
[Tue Jun 16 05:22:16.081648 2026] [wsgi:error] [pid 12:tid 139716456548032]
[Tue Jun 16 05:22:16.081649 2026] [wsgi:error] [pid 12:tid 139716456548032] If you are already using Eventlet, we recommend migrating to a different
[Tue Jun 16 05:22:16.081650 2026] [wsgi:error] [pid 12:tid 139716456548032] framework. For more detail see
[Tue Jun 16 05:22:16.081651 2026] [wsgi:error] [pid 12:tid 139716456548032] https://eventlet.readthedocs.io/en/latest/asyncio/migration.html
[Tue Jun 16 05:22:16.081652 2026] [wsgi:error] [pid 12:tid 139716456548032]
[Tue Jun 16 05:22:16.081653 2026] [wsgi:error] [pid 12:tid 139716456548032] __import__(import_str) 10.0.0.56 - - [16/Jun/2026:05:22:15 +0000] "GET /v3/ HTTP/1.1" 200 250
[Tue Jun 16 05:22:22.511905 2026] [wsgi:error] [pid 11:tid 139716456548032] /var/lib/openstack/lib/python3.12/site-packages/oslo_utils/importutils.py:77: EventletDeprecationWarning:
[Tue Jun 16 05:22:22.511973 2026] [wsgi:error] [pid 11:tid 139716456548032] Eventlet is deprecated. It is currently being maintained in bugfix mode, and
[Tue Jun 16 05:22:22.511975 2026] [wsgi:error] [pid 11:tid 139716456548032] we strongly recommend against using it for new projects.
[Tue Jun 16 05:22:22.511976 2026] [wsgi:error] [pid 11:tid 139716456548032]
[Tue Jun 16 05:22:22.511977 2026] [wsgi:error] [pid 11:tid 139716456548032] If you are already using Eventlet, we recommend migrating to a different
[Tue Jun 16 05:22:22.511978 2026] [wsgi:error] [pid 11:tid 139716456548032] framework. For more detail see
[Tue Jun 16 05:22:22.511979 2026] [wsgi:error] [pid 11:tid 139716456548032] https://eventlet.readthedocs.io/en/latest/asyncio/migration.html
[Tue Jun 16 05:22:22.511981 2026] [wsgi:error] [pid 11:tid 139716456548032]
[Tue Jun 16 05:22:22.511982 2026] [wsgi:error] [pid 11:tid 139716456548032] __import__(import_str) 10.0.0.149 - - [16/Jun/2026:05:22:21 +0000] "GET / HTTP/1.1" 300 295
[Tue Jun 16 05:22:27.053113 2026] [wsgi:error] [pid 9:tid 139716456548032] [remote 10.0.0.149:36664] 2026-06-16 05:22:27.049 9 WARNING keystone.identity.core [None req-d0703f8a-d253-4064-aa58-accddb0c9a79 - - - - - -] Invalid domain name (atmosphere) found in config file name: keystone.exception.DomainNotFound: Could not find domain: atmosphere.
[Tue Jun 16 05:22:27.118146 2026] [wsgi:error] [pid 9:tid 139716456548032] [remote 10.0.0.149:36664] 2026-06-16 05:22:27.117 9 WARNING keystone.common.password_hashing [None req-d0703f8a-d253-4064-aa58-accddb0c9a79 - - - - - -] Truncating password to algorithm specific maximum length 72 characters.
[Tue Jun 16 05:22:27.418024 2026] [wsgi:error] [pid 9:tid 139716456548032] [remote 10.0.0.149:36664] 2026-06-16 05:22:27.417 9 WARNING keystone.common.fernet_utils [None req-d0703f8a-d253-4064-aa58-accddb0c9a79 - - - - - -] key_repository is world readable: /etc/keystone/fernet-keys/ 10.0.0.149 - - [16/Jun/2026:05:22:26 +0000] "POST /v3/auth/tokens HTTP/1.1" 201 1360
[Tue Jun 16 05:22:27.778190 2026] [wsgi:error] [pid 10:tid 139716456548032] [remote 10.0.0.149:36664] 2026-06-16 05:22:27.775 10 WARNING keystone.identity.core [None req-4b6bc8a8-c9e4-4002-9d24-a08c78fe33ce - - - - - -] Invalid domain name (atmosphere) found in config file name: keystone.exception.DomainNotFound: Could not find domain: atmosphere. 10.0.0.149 - - [16/Jun/2026:05:22:27 +0000] "POST /v3/domains HTTP/1.1" 201 261 10.0.0.206 - - [16/Jun/2026:05:22:40 +0000] "GET / HTTP/1.1" 300 295
[Tue Jun 16 05:22:40.338000 2026] [wsgi:error] [pid 11:tid 139716456548032] [remote 10.0.0.206:43306] 2026-06-16 05:22:40.337 11 WARNING keystone.common.password_hashing [None req-a7cdb3d7-91f1-4ee7-9d02-f2afc51ce523 - - - - - -] Truncating password to algorithm specific maximum length 72 characters.
[Tue Jun 16 05:22:40.615641 2026] [wsgi:error] [pid 11:tid 139716456548032] [remote 10.0.0.206:43306] 2026-06-16 05:22:40.615 11 WARNING keystone.common.fernet_utils [None req-a7cdb3d7-91f1-4ee7-9d02-f2afc51ce523 - - - - - -] key_repository is world readable: /etc/keystone/fernet-keys/ 10.0.0.206 - - [16/Jun/2026:05:22:40 +0000] "POST /v3/auth/tokens HTTP/1.1" 201 1360 10.0.0.206 - - [16/Jun/2026:05:22:40 +0000] "GET /v3/roles/admin HTTP/1.1" 404 83
[Tue Jun 16 05:22:40.899333 2026] [wsgi:error] [pid 10:tid 139716456548032] [remote 10.0.0.206:43306] 2026-06-16 05:22:40.899 10 WARNING keystone.common.rbac_enforcer.enforcer [None req-2caa3e74-a773-438d-afff-59293822f39c e5c3640c4d534042b95afcac1a782e0b 3c9fe75daf7b426ea0e1967c0653200d - - default default] Deprecated policy rules found. Use oslopolicy-policy-generator and oslopolicy-policy-upgrade to detect and resolve deprecated policies in your configuration. 10.0.0.206 - - [16/Jun/2026:05:22:40 +0000] "GET /v3/roles?name=admin HTTP/1.1" 200 389
[Tue Jun 16 05:22:41.392898 2026] [wsgi:error] [pid 12:tid 139716456548032] [remote 10.0.0.206:43306] 2026-06-16 05:22:41.392 12 WARNING keystone.common.rbac_enforcer.enforcer [None req-76259d98-f139-470d-85bd-c25ba4080b96 e5c3640c4d534042b95afcac1a782e0b 3c9fe75daf7b426ea0e1967c0653200d - - default default] Deprecated policy rules found. Use oslopolicy-policy-generator and oslopolicy-policy-upgrade to detect and resolve deprecated policies in your configuration. 10.0.0.206 - - [16/Jun/2026:05:22:41 +0000] "GET /v3/users/admin-RegionOne HTTP/1.1" 404 93
[Tue Jun 16 05:22:41.530606 2026] [wsgi:error] [pid 11:tid 139716456548032] [remote 10.0.0.206:43306] 2026-06-16 05:22:41.530 11 WARNING keystone.common.rbac_enforcer.enforcer [None req-834f62ea-5915-49e6-851e-9d358494fd6d e5c3640c4d534042b95afcac1a782e0b 3c9fe75daf7b426ea0e1967c0653200d - - default default] Deprecated policy rules found. Use oslopolicy-policy-generator and oslopolicy-policy-upgrade to detect and resolve deprecated policies in your configuration. 10.0.0.206 - - [16/Jun/2026:05:22:41 +0000] "GET /v3/users?name=admin-RegionOne HTTP/1.1" 200 422
[Tue Jun 16 05:22:41.828890 2026] [wsgi:error] [pid 9:tid 139716456548032] [remote 10.0.0.206:43306] 2026-06-16 05:22:41.828 9 WARNING keystone.common.rbac_enforcer.enforcer [None req-af43196a-dc9c-4e16-a445-714ae4813d24 e5c3640c4d534042b95afcac1a782e0b 3c9fe75daf7b426ea0e1967c0653200d - - default default] Deprecated policy rules found. Use oslopolicy-policy-generator and oslopolicy-policy-upgrade to detect and resolve deprecated policies in your configuration. 10.0.0.206 - - [16/Jun/2026:05:22:41 +0000] "GET /v3/domains/default HTTP/1.1" 200 224 10.0.0.206 - - [16/Jun/2026:05:22:41 +0000] "PUT /v3/domains/default/users/e5c3640c4d534042b95afcac1a782e0b/roles/7e573d8e40634e759c3194c804dac9f2 HTTP/1.1" 204 - 10.0.0.56 - - [16/Jun/2026:05:22:51 +0000] "GET / HTTP/1.1" 300 281 10.0.0.56 - - [16/Jun/2026:05:22:52 +0000] "GET /v3 HTTP/1.1" 200 266
[Tue Jun 16 05:22:52.860803 2026] [wsgi:error] [pid 9:tid 139716456548032] [remote 10.0.0.56:53242] 2026-06-16 05:22:52.860 9 WARNING keystone.common.password_hashing [None req-b234e892-ffe4-461a-a4be-c35d18c6028b - - - - - -] Truncating password to algorithm specific maximum length 72 characters.
[Tue Jun 16 05:22:53.140407 2026] [wsgi:error] [pid 9:tid 139716456548032] [remote 10.0.0.56:53242] 2026-06-16 05:22:53.140 9 WARNING keystone.common.fernet_utils [None req-b234e892-ffe4-461a-a4be-c35d18c6028b - - - - - -] key_repository is world readable: /etc/keystone/fernet-keys/ 10.0.0.56 - - [16/Jun/2026:05:22:52 +0000] "POST /v3/auth/tokens HTTP/1.1" 201 1360 10.0.0.56 - - [16/Jun/2026:05:22:53 +0000] "GET / HTTP/1.1" 300 281 10.0.0.56 - - [16/Jun/2026:05:22:53 +0000] "GET /v3/domains/atmosphere HTTP/1.1" 404 90 10.0.0.56 - - [16/Jun/2026:05:22:53 +0000] "GET /v3/domains?name=atmosphere HTTP/1.1" 200 370 10.0.0.56 - - [16/Jun/2026:05:22:53 +0000] "GET /v3/domains/ca554d7e0c6e4d099a79eff2be1ca0fb HTTP/1.1" 200 247 10.0.0.56 - - [16/Jun/2026:05:22:54 +0000] "GET /v3 HTTP/1.1" 200 266
[Tue Jun 16 05:22:54.126238 2026] [wsgi:error] [pid 12:tid 139716456548032] [remote 10.0.0.56:53242] 2026-06-16 05:22:54.125 12 WARNING keystone.common.password_hashing [None req-46f76028-f4e8-4b92-aa64-310b071ef986 - - - - - -] Truncating password to algorithm specific maximum length 72 characters.
[Tue Jun 16 05:22:54.398859 2026] [wsgi:error] [pid 12:tid 139716456548032] [remote 10.0.0.56:53242] 2026-06-16 05:22:54.398 12 WARNING keystone.common.fernet_utils [None req-46f76028-f4e8-4b92-aa64-310b071ef986 - - - - - -] key_repository is world readable: /etc/keystone/fernet-keys/ 10.0.0.56 - - [16/Jun/2026:05:22:54 +0000] "POST /v3/auth/tokens HTTP/1.1" 201 1360 10.0.0.56 - - [16/Jun/2026:05:22:54 +0000] "GET / HTTP/1.1" 300 281 10.0.0.56 - - [16/Jun/2026:05:22:54 +0000] "GET /v3/OS-FEDERATION/identity_providers/atmosphere HTTP/1.1" 404 101 10.0.0.56 - - [16/Jun/2026:05:22:54 +0000] "GET /v3/OS-FEDERATION/identity_providers HTTP/1.1" 200 156 10.0.0.56 - - [16/Jun/2026:05:22:54 +0000] "PUT /v3/OS-FEDERATION/identity_providers/atmosphere HTTP/1.1" 201 342 10.0.0.56 - - [16/Jun/2026:05:22:55 +0000] "GET /v3 HTTP/1.1" 200 266
[Tue Jun 16 05:22:55.125468 2026] [wsgi:error] [pid 9:tid 139716456548032] [remote 10.0.0.56:53232] 2026-06-16 05:22:55.125 9 WARNING keystone.common.password_hashing [None req-b291cc86-e621-4eae-b5dd-12d48c26c24a - - - - - -] Truncating password to algorithm specific maximum length 72 characters.
[Tue Jun 16 05:22:55.407582 2026] [wsgi:error] [pid 9:tid 139716456548032] [remote 10.0.0.56:53232] 2026-06-16 05:22:55.407 9 WARNING keystone.common.fernet_utils [None req-b291cc86-e621-4eae-b5dd-12d48c26c24a - - - - - -] key_repository is world readable: /etc/keystone/fernet-keys/ 10.0.0.56 - - [16/Jun/2026:05:22:55 +0000] "POST /v3/auth/tokens HTTP/1.1" 201 1360 10.0.0.56 - - [16/Jun/2026:05:22:55 +0000] "GET / HTTP/1.1" 300 281 10.0.0.56 - - [16/Jun/2026:05:22:55 +0000] "GET /v3/OS-FEDERATION/mappings/atmosphere-openid HTTP/1.1" 404 98 10.0.0.56 - - [16/Jun/2026:05:22:55 +0000] "GET /v3/OS-FEDERATION/mappings HTTP/1.1" 200 136 10.0.0.56 - - [16/Jun/2026:05:22:55 +0000] "PUT /v3/OS-FEDERATION/mappings/atmosphere-openid HTTP/1.1" 201 357 10.0.0.56 - - [16/Jun/2026:05:22:56 +0000] "GET /v3 HTTP/1.1" 200 266
[Tue Jun 16 05:22:56.181632 2026] [wsgi:error] [pid 12:tid 139716456548032] [remote 10.0.0.56:53232] 2026-06-16 05:22:56.181 12 WARNING keystone.common.password_hashing [None req-69bf4fc8-2511-4e2d-a4fb-38f9a2cd5029 - - - - - -] Truncating password to algorithm specific maximum length 72 characters.
[Tue Jun 16 05:22:56.470162 2026] [wsgi:error] [pid 12:tid 139716456548032] [remote 10.0.0.56:53232] 2026-06-16 05:22:56.469 12 WARNING keystone.common.fernet_utils [None req-69bf4fc8-2511-4e2d-a4fb-38f9a2cd5029 - - - - - -] key_repository is world readable: /etc/keystone/fernet-keys/ 10.0.0.56 - - [16/Jun/2026:05:22:56 +0000] "POST /v3/auth/tokens HTTP/1.1" 201 1360 10.0.0.56 - - [16/Jun/2026:05:22:56 +0000] "GET / HTTP/1.1" 300 281 10.0.0.56 - - [16/Jun/2026:05:22:56 +0000] "GET /v3/OS-FEDERATION/identity_providers/atmosphere/protocols/openid?idp_id=atmosphere HTTP/1.1" 404 131 10.0.0.56 - - [16/Jun/2026:05:22:56 +0000] "GET /v3/OS-FEDERATION/identity_providers/atmosphere/protocols HTTP/1.1" 200 168 10.0.0.56 - - [16/Jun/2026:05:22:56 +0000] "PUT /v3/OS-FEDERATION/identity_providers/atmosphere/protocols/openid HTTP/1.1" 201 224 10.0.0.56 - - [16/Jun/2026:05:23:09 +0000] "GET /v3/ HTTP/1.1" 200 250 10.0.0.56 - - [16/Jun/2026:05:23:09 +0000] "GET /v3/ HTTP/1.1" 200 250 10.0.0.56 - - [16/Jun/2026:05:24:09 +0000] "GET /v3/ HTTP/1.1" 200 250 10.0.0.56 - - [16/Jun/2026:05:24:09 +0000] "GET /v3/ HTTP/1.1" 200 250 10.0.0.252 - - [16/Jun/2026:05:24:26 +0000] "GET / HTTP/1.1" 300 295
[Tue Jun 16 05:24:26.130824 2026] [wsgi:error] [pid 12:tid 139716456548032] [remote 10.0.0.252:60872] 2026-06-16 05:24:26.130 12 WARNING keystone.common.password_hashing [None req-88dfe616-c4a9-4248-a6ea-791fe572a39e - - - - - -] Truncating password to algorithm specific maximum length 72 characters.
[Tue Jun 16 05:24:26.432578 2026] [wsgi:error] [pid 12:tid 139716456548032] [remote 10.0.0.252:60872] 2026-06-16 05:24:26.432 12 WARNING keystone.common.fernet_utils [None req-88dfe616-c4a9-4248-a6ea-791fe572a39e - - - - - -] key_repository is world readable: /etc/keystone/fernet-keys/ 10.0.0.252 - - [16/Jun/2026:05:24:26 +0000] "POST /v3/auth/tokens HTTP/1.1" 201 1360 10.0.0.252 - - [16/Jun/2026:05:24:26 +0000] "GET /v3/services HTTP/1.1" 200 355 10.0.0.252 - - [16/Jun/2026:05:24:30 +0000] "GET / HTTP/1.1" 300 295
[Tue Jun 16 05:24:30.851198 2026] [wsgi:error] [pid 10:tid 139716456548032] [remote 10.0.0.252:60878] 2026-06-16 05:24:30.850 10 WARNING keystone.common.password_hashing [None req-83c00510-9365-4d84-8514-bc58c64fcd23 - - - - - -] Truncating password to algorithm specific maximum length 72 characters.
[Tue Jun 16 05:24:31.140320 2026] [wsgi:error] [pid 10:tid 139716456548032] [remote 10.0.0.252:60878] 2026-06-16 05:24:31.140 10 WARNING keystone.common.fernet_utils [None req-83c00510-9365-4d84-8514-bc58c64fcd23 - - - - - -] key_repository is world readable: /etc/keystone/fernet-keys/ 10.0.0.252 - - [16/Jun/2026:05:24:30 +0000] "POST /v3/auth/tokens HTTP/1.1" 201 1360 10.0.0.252 - - [16/Jun/2026:05:24:31 +0000] "GET /v3/services HTTP/1.1" 200 355 10.0.0.252 - - [16/Jun/2026:05:24:35 +0000] "GET / HTTP/1.1" 300 295
[Tue Jun 16 05:24:35.042360 2026] [wsgi:error] [pid 11:tid 139716456548032] [remote 10.0.0.252:60882] 2026-06-16 05:24:35.042 11 WARNING keystone.common.password_hashing [None req-c1f253c0-a043-4304-8788-74c3145bd434 - - - - - -] Truncating password to algorithm specific maximum length 72 characters.
[Tue Jun 16 05:24:35.320868 2026] [wsgi:error] [pid 11:tid 139716456548032] [remote 10.0.0.252:60882] 2026-06-16 05:24:35.320 11 WARNING keystone.common.fernet_utils [None req-c1f253c0-a043-4304-8788-74c3145bd434 - - - - - -] key_repository is world readable: /etc/keystone/fernet-keys/ 10.0.0.252 - - [16/Jun/2026:05:24:35 +0000] "POST /v3/auth/tokens HTTP/1.1" 201 1360 10.0.0.252 - - [16/Jun/2026:05:24:35 +0000] "GET /v3/services HTTP/1.1" 200 355 10.0.0.252 - - [16/Jun/2026:05:24:39 +0000] "GET / HTTP/1.1" 300 295
[Tue Jun 16 05:24:39.121934 2026] [wsgi:error] [pid 9:tid 139716456548032] [remote 10.0.0.252:60380] 2026-06-16 05:24:39.121 9 WARNING keystone.common.password_hashing [None req-74e7a9ae-2f96-45bd-844f-7a34febf3a28 - - - - - -] Truncating password to algorithm specific maximum length 72 characters.
[Tue Jun 16 05:24:39.393390 2026] [wsgi:error] [pid 9:tid 139716456548032] [remote 10.0.0.252:60380] 2026-06-16 05:24:39.393 9 WARNING keystone.common.fernet_utils [None req-74e7a9ae-2f96-45bd-844f-7a34febf3a28 - - - - - -] key_repository is world readable: /etc/keystone/fernet-keys/ 10.0.0.252 - - [16/Jun/2026:05:24:39 +0000] "POST /v3/auth/tokens HTTP/1.1" 201 1360 10.0.0.252 - - [16/Jun/2026:05:24:39 +0000] "POST /v3/services HTTP/1.1" 201 296 10.0.0.116 - - [16/Jun/2026:05:24:52 +0000] "GET / HTTP/1.1" 300 295
[Tue Jun 16 05:24:52.901005 2026] [wsgi:error] [pid 12:tid 139716456548032] [remote 10.0.0.116:53992] 2026-06-16 05:24:52.900 12 WARNING keystone.common.password_hashing [None req-e3f887e8-61f0-4bac-a6db-947a8d83332d - - - - - -] Truncating password to algorithm specific maximum length 72 characters. 10.0.0.116 - - [16/Jun/2026:05:24:52 +0000] "GET / HTTP/1.1" 300 295 10.0.0.116 - - [16/Jun/2026:05:24:52 +0000] "GET / HTTP/1.1" 300 295
[Tue Jun 16 05:24:52.990894 2026] [wsgi:error] [pid 11:tid 139716456548032] [remote 10.0.0.116:54002] 2026-06-16 05:24:52.990 11 WARNING keystone.common.password_hashing [None req-9d056863-9d96-467f-be95-86654cf96f0d - - - - - -] Truncating password to algorithm specific maximum length 72 characters.
[Tue Jun 16 05:24:53.003209 2026] [wsgi:error] [pid 9:tid 139716456548032] [remote 10.0.0.116:54010] 2026-06-16 05:24:53.003 9 WARNING keystone.common.password_hashing [None req-dd8eb8d3-b35c-4719-9861-a4622d7807f4 - - - - - -] Truncating password to algorithm specific maximum length 72 characters.
[Tue Jun 16 05:24:53.205797 2026] [wsgi:error] [pid 12:tid 139716456548032] [remote 10.0.0.116:53992] 2026-06-16 05:24:53.205 12 WARNING keystone.common.fernet_utils [None req-e3f887e8-61f0-4bac-a6db-947a8d83332d - - - - - -] key_repository is world readable: /etc/keystone/fernet-keys/ 10.0.0.116 - - [16/Jun/2026:05:24:52 +0000] "POST /v3/auth/tokens HTTP/1.1" 201 1464
[Tue Jun 16 05:24:53.268914 2026] [wsgi:error] [pid 11:tid 139716456548032] [remote 10.0.0.116:54002] 2026-06-16 05:24:53.268 11 WARNING keystone.common.fernet_utils [None req-9d056863-9d96-467f-be95-86654cf96f0d - - - - - -] key_repository is world readable: /etc/keystone/fernet-keys/ 10.0.0.116 - - [16/Jun/2026:05:24:52 +0000] "POST /v3/auth/tokens HTTP/1.1" 201 1464
[Tue Jun 16 05:24:53.282079 2026] [wsgi:error] [pid 9:tid 139716456548032] [remote 10.0.0.116:54010] 2026-06-16 05:24:53.281 9 WARNING keystone.common.fernet_utils [None req-dd8eb8d3-b35c-4719-9861-a4622d7807f4 - - - - - -] key_repository is world readable: /etc/keystone/fernet-keys/ 10.0.0.116 - - [16/Jun/2026:05:24:52 +0000] "POST /v3/auth/tokens HTTP/1.1" 201 1464 10.0.0.116 - - [16/Jun/2026:05:24:53 +0000] "GET /v3/services HTTP/1.1" 200 639 10.0.0.116 - - [16/Jun/2026:05:24:53 +0000] "GET /v3/services HTTP/1.1" 200 639 10.0.0.116 - - [16/Jun/2026:05:24:53 +0000] "GET /v3/services HTTP/1.1" 200 639 10.0.0.116 - - [16/Jun/2026:05:24:55 +0000] "GET / HTTP/1.1" 300 295
[Tue Jun 16 05:24:55.079166 2026] [wsgi:error] [pid 10:tid 139716456548032] [remote 10.0.0.116:54016] 2026-06-16 05:24:55.078 10 WARNING keystone.common.password_hashing [None req-8f4fd211-05b6-4fd9-b4d9-aa358944e7ed - - - - - -] Truncating password to algorithm specific maximum length 72 characters. 10.0.0.116 - - [16/Jun/2026:05:24:55 +0000] "GET / HTTP/1.1" 300 295
[Tue Jun 16 05:24:55.152843 2026] [wsgi:error] [pid 11:tid 139716456548032] [remote 10.0.0.116:54020] 2026-06-16 05:24:55.152 11 WARNING keystone.common.password_hashing [None req-2aa311bf-8d6c-471a-a175-832ecf200474 - - - - - -] Truncating password to algorithm specific maximum length 72 characters. 10.0.0.116 - - [16/Jun/2026:05:24:55 +0000] "GET / HTTP/1.1" 300 295
[Tue Jun 16 05:24:55.182426 2026] [wsgi:error] [pid 12:tid 139716456548032] [remote 10.0.0.116:54030] 2026-06-16 05:24:55.182 12 WARNING keystone.common.password_hashing [None req-b83f712f-485e-4fd4-9998-d2e6c477b348 - - - - - -] Truncating password to algorithm specific maximum length 72 characters.
[Tue Jun 16 05:24:55.366125 2026] [wsgi:error] [pid 10:tid 139716456548032] [remote 10.0.0.116:54016] 2026-06-16 05:24:55.365 10 WARNING keystone.common.fernet_utils [None req-8f4fd211-05b6-4fd9-b4d9-aa358944e7ed - - - - - -] key_repository is world readable: /etc/keystone/fernet-keys/ 10.0.0.116 - - [16/Jun/2026:05:24:55 +0000] "POST /v3/auth/tokens HTTP/1.1" 201 1464
[Tue Jun 16 05:24:55.432908 2026] [wsgi:error] [pid 11:tid 139716456548032] [remote 10.0.0.116:54020] 2026-06-16 05:24:55.432 11 WARNING keystone.common.fernet_utils [None req-2aa311bf-8d6c-471a-a175-832ecf200474 - - - - - -] key_repository is world readable: /etc/keystone/fernet-keys/ 10.0.0.116 - - [16/Jun/2026:05:24:55 +0000] "POST /v3/auth/tokens HTTP/1.1" 201 1464
[Tue Jun 16 05:24:55.468197 2026] [wsgi:error] [pid 12:tid 139716456548032] [remote 10.0.0.116:54030] 2026-06-16 05:24:55.467 12 WARNING keystone.common.fernet_utils [None req-b83f712f-485e-4fd4-9998-d2e6c477b348 - - - - - -] key_repository is world readable: /etc/keystone/fernet-keys/ 10.0.0.116 - - [16/Jun/2026:05:24:55 +0000] "POST /v3/auth/tokens HTTP/1.1" 201 1464 10.0.0.116 - - [16/Jun/2026:05:24:55 +0000] "GET /v3/endpoints HTTP/1.1" 200 1227 10.0.0.116 - - [16/Jun/2026:05:24:55 +0000] "GET /v3/services/fe23b2b18d4b483fa73ad38019db096b HTTP/1.1" 200 233 10.0.0.116 - - [16/Jun/2026:05:24:55 +0000] "GET /v3/services/fe23b2b18d4b483fa73ad38019db096b HTTP/1.1" 200 233 10.0.0.116 - - [16/Jun/2026:05:24:55 +0000] "GET /v3/services/fe23b2b18d4b483fa73ad38019db096b HTTP/1.1" 200 233 10.0.0.116 - - [16/Jun/2026:05:24:55 +0000] "GET /v3/endpoints HTTP/1.1" 200 1227 10.0.0.116 - - [16/Jun/2026:05:24:55 +0000] "GET /v3/services/fe23b2b18d4b483fa73ad38019db096b HTTP/1.1" 200 233 10.0.0.116 - - [16/Jun/2026:05:24:55 +0000] "GET /v3/endpoints HTTP/1.1" 200 1227 10.0.0.116 - - [16/Jun/2026:05:24:55 +0000] "GET /v3/services/fe23b2b18d4b483fa73ad38019db096b HTTP/1.1" 200 233 10.0.0.116 - - [16/Jun/2026:05:24:55 +0000] "GET /v3/services/fe23b2b18d4b483fa73ad38019db096b HTTP/1.1" 200 233 10.0.0.116 - - [16/Jun/2026:05:24:55 +0000] "GET /v3/services/fe23b2b18d4b483fa73ad38019db096b HTTP/1.1" 200 233 10.0.0.116 - - [16/Jun/2026:05:24:55 +0000] "GET /v3/services/fe23b2b18d4b483fa73ad38019db096b HTTP/1.1" 200 233 10.0.0.116 - - [16/Jun/2026:05:24:55 +0000] "GET /v3/services/fe23b2b18d4b483fa73ad38019db096b HTTP/1.1" 200 233 10.0.0.116 - - [16/Jun/2026:05:24:57 +0000] "GET / HTTP/1.1" 300 295 10.0.0.116 - - [16/Jun/2026:05:24:57 +0000] "GET / HTTP/1.1" 300 295
[Tue Jun 16 05:24:57.164118 2026] [wsgi:error] [pid 11:tid 139716456548032] [remote 10.0.0.116:50312] 2026-06-16 05:24:57.163 11 WARNING keystone.common.password_hashing [None req-f144cbe7-92c8-4577-b1d5-8f0a8a63a006 - - - - - -] Truncating password to algorithm specific maximum length 72 characters. 10.0.0.116 - - [16/Jun/2026:05:24:57 +0000] "GET / HTTP/1.1" 300 295
[Tue Jun 16 05:24:57.176469 2026] [wsgi:error] [pid 12:tid 139716456548032] [remote 10.0.0.116:50316] 2026-06-16 05:24:57.176 12 WARNING keystone.common.password_hashing [None req-7110d052-0238-4788-ada2-f43a0862488b - - - - - -] Truncating password to algorithm specific maximum length 72 characters.
[Tue Jun 16 05:24:57.189402 2026] [wsgi:error] [pid 10:tid 139716456548032] [remote 10.0.0.116:50332] 2026-06-16 05:24:57.189 10 WARNING keystone.common.password_hashing [None req-772a62d9-591e-4a56-a5e7-18bd21b3465e - - - - - -] Truncating password to algorithm specific maximum length 72 characters.
[Tue Jun 16 05:24:57.439449 2026] [wsgi:error] [pid 11:tid 139716456548032] [remote 10.0.0.116:50312] 2026-06-16 05:24:57.439 11 WARNING keystone.common.fernet_utils [None req-f144cbe7-92c8-4577-b1d5-8f0a8a63a006 - - - - - -] key_repository is world readable: /etc/keystone/fernet-keys/ 10.0.0.116 - - [16/Jun/2026:05:24:57 +0000] "POST /v3/auth/tokens HTTP/1.1" 201 1464
[Tue Jun 16 05:24:57.450584 2026] [wsgi:error] [pid 12:tid 139716456548032] [remote 10.0.0.116:50316] 2026-06-16 05:24:57.450 12 WARNING keystone.common.fernet_utils [None req-7110d052-0238-4788-ada2-f43a0862488b - - - - - -] key_repository is world readable: /etc/keystone/fernet-keys/ 10.0.0.116 - - [16/Jun/2026:05:24:57 +0000] "POST /v3/auth/tokens HTTP/1.1" 201 1464
[Tue Jun 16 05:24:57.486253 2026] [wsgi:error] [pid 10:tid 139716456548032] [remote 10.0.0.116:50332] 2026-06-16 05:24:57.486 10 WARNING keystone.common.fernet_utils [None req-772a62d9-591e-4a56-a5e7-18bd21b3465e - - - - - -] key_repository is world readable: /etc/keystone/fernet-keys/ 10.0.0.116 - - [16/Jun/2026:05:24:57 +0000] "POST /v3/auth/tokens HTTP/1.1" 201 1464 10.0.0.116 - - [16/Jun/2026:05:24:57 +0000] "GET /v3/services/f34b36201021460aac8f3f991fa4318b HTTP/1.1" 200 296 10.0.0.116 - - [16/Jun/2026:05:24:57 +0000] "GET /v3/services/f34b36201021460aac8f3f991fa4318b HTTP/1.1" 200 296 10.0.0.116 - - [16/Jun/2026:05:24:57 +0000] "GET /v3/regions/RegionOne HTTP/1.1" 200 173 10.0.0.116 - - [16/Jun/2026:05:24:57 +0000] "GET /v3/services/f34b36201021460aac8f3f991fa4318b HTTP/1.1" 200 296 10.0.0.116 - - [16/Jun/2026:05:24:57 +0000] "GET /v3/regions/RegionOne HTTP/1.1" 200 173 10.0.0.116 - - [16/Jun/2026:05:24:57 +0000] "GET /v3/regions/RegionOne HTTP/1.1" 200 173 10.0.0.116 - - [16/Jun/2026:05:24:57 +0000] "POST /v3/endpoints HTTP/1.1" 201 380 10.0.0.116 - - [16/Jun/2026:05:24:57 +0000] "POST /v3/endpoints HTTP/1.1" 201 383 10.0.0.116 - - [16/Jun/2026:05:24:57 +0000] "POST /v3/endpoints HTTP/1.1" 201 370 10.0.0.116 - - [16/Jun/2026:05:24:59 +0000] "GET / HTTP/1.1" 300 295
[Tue Jun 16 05:24:59.268357 2026] [wsgi:error] [pid 10:tid 139716456548032] [remote 10.0.0.116:50346] 2026-06-16 05:24:59.268 10 WARNING keystone.common.password_hashing [None req-6e2cf415-3c14-4ddd-893c-8bb9d31e1c1c - - - - - -] Truncating password to algorithm specific maximum length 72 characters. 10.0.0.116 - - [16/Jun/2026:05:24:59 +0000] "GET / HTTP/1.1" 300 295
[Tue Jun 16 05:24:59.302949 2026] [wsgi:error] [pid 9:tid 139716456548032] [remote 10.0.0.116:50360] 2026-06-16 05:24:59.302 9 WARNING keystone.common.password_hashing [None req-395fc0af-93ed-44e5-ba00-edb9efac3d17 - - - - - -] Truncating password to algorithm specific maximum length 72 characters. 10.0.0.116 - - [16/Jun/2026:05:24:59 +0000] "GET / HTTP/1.1" 300 295
[Tue Jun 16 05:24:59.469809 2026] [wsgi:error] [pid 11:tid 139716456548032] [remote 10.0.0.116:50372] 2026-06-16 05:24:59.469 11 WARNING keystone.common.password_hashing [None req-dfed8018-2f66-4a8b-9dd1-128a8dfe08d4 - - - - - -] Truncating password to algorithm specific maximum length 72 characters.
[Tue Jun 16 05:24:59.544794 2026] [wsgi:error] [pid 10:tid 139716456548032] [remote 10.0.0.116:50346] 2026-06-16 05:24:59.544 10 WARNING keystone.common.fernet_utils [None req-6e2cf415-3c14-4ddd-893c-8bb9d31e1c1c - - - - - -] key_repository is world readable: /etc/keystone/fernet-keys/ 10.0.0.116 - - [16/Jun/2026:05:24:59 +0000] "POST /v3/auth/tokens HTTP/1.1" 201 1992
[Tue Jun 16 05:24:59.582848 2026] [wsgi:error] [pid 9:tid 139716456548032] [remote 10.0.0.116:50360] 2026-06-16 05:24:59.582 9 WARNING keystone.common.fernet_utils [None req-395fc0af-93ed-44e5-ba00-edb9efac3d17 - - - - - -] key_repository is world readable: /etc/keystone/fernet-keys/ 10.0.0.116 - - [16/Jun/2026:05:24:59 +0000] "POST /v3/auth/tokens HTTP/1.1" 201 1992 10.0.0.116 - - [16/Jun/2026:05:24:59 +0000] "GET /v3/endpoints/1098ed960af74e379567962232421930 HTTP/1.1" 200 380 10.0.0.116 - - [16/Jun/2026:05:24:59 +0000] "GET /v3/services/f34b36201021460aac8f3f991fa4318b HTTP/1.1" 200 296 10.0.0.116 - - [16/Jun/2026:05:24:59 +0000] "GET /v3/endpoints/a1d66330446a48389f2e9ea6eead7725 HTTP/1.1" 200 383 10.0.0.116 - - [16/Jun/2026:05:24:59 +0000] "GET /v3/services/f34b36201021460aac8f3f991fa4318b HTTP/1.1" 200 296
[Tue Jun 16 05:24:59.742966 2026] [wsgi:error] [pid 11:tid 139716456548032] [remote 10.0.0.116:50372] 2026-06-16 05:24:59.742 11 WARNING keystone.common.fernet_utils [None req-dfed8018-2f66-4a8b-9dd1-128a8dfe08d4 - - - - - -] key_repository is world readable: /etc/keystone/fernet-keys/ 10.0.0.116 - - [16/Jun/2026:05:24:59 +0000] "POST /v3/auth/tokens HTTP/1.1" 201 1992 10.0.0.116 - - [16/Jun/2026:05:24:59 +0000] "GET /v3/endpoints/86af51fd3b474e9899861e127170265a HTTP/1.1" 200 370 10.0.0.116 - - [16/Jun/2026:05:24:59 +0000] "GET /v3/services/f34b36201021460aac8f3f991fa4318b HTTP/1.1" 200 296 10.0.0.56 - - [16/Jun/2026:05:25:09 +0000] "GET /v3/ HTTP/1.1" 200 250 10.0.0.56 - - [16/Jun/2026:05:25:09 +0000] "GET /v3/ HTTP/1.1" 200 250 10.0.0.4 - - [16/Jun/2026:05:25:12 +0000] "GET / HTTP/1.1" 300 295
[Tue Jun 16 05:25:12.576028 2026] [wsgi:error] [pid 10:tid 139716456548032] [remote 10.0.0.4:42930] 2026-06-16 05:25:12.575 10 WARNING keystone.common.password_hashing [None req-b44184a3-503c-49a3-977e-d500f9da9ad3 - - - - - -] Truncating password to algorithm specific maximum length 72 characters.
[Tue Jun 16 05:25:12.854731 2026] [wsgi:error] [pid 10:tid 139716456548032] [remote 10.0.0.4:42930] 2026-06-16 05:25:12.854 10 WARNING keystone.common.fernet_utils [None req-b44184a3-503c-49a3-977e-d500f9da9ad3 - - - - - -] key_repository is world readable: /etc/keystone/fernet-keys/ 10.0.0.4 - - [16/Jun/2026:05:25:12 +0000] "POST /v3/auth/tokens HTTP/1.1" 201 1992 10.0.0.4 - - [16/Jun/2026:05:25:12 +0000] "POST /v3/domains HTTP/1.1" 201 284 10.0.0.4 - - [16/Jun/2026:05:25:14 +0000] "GET / HTTP/1.1" 300 295
[Tue Jun 16 05:25:14.685638 2026] [wsgi:error] [pid 9:tid 139716456548032] [remote 10.0.0.4:42940] 2026-06-16 05:25:14.685 9 WARNING keystone.common.password_hashing [None req-f141d0c0-af09-4df8-9f2e-4a7f20c84af4 - - - - - -] Truncating password to algorithm specific maximum length 72 characters.
[Tue Jun 16 05:25:14.967999 2026] [wsgi:error] [pid 9:tid 139716456548032] [remote 10.0.0.4:42940] 2026-06-16 05:25:14.967 9 WARNING keystone.common.fernet_utils [None req-f141d0c0-af09-4df8-9f2e-4a7f20c84af4 - - - - - -] key_repository is world readable: /etc/keystone/fernet-keys/ 10.0.0.4 - - [16/Jun/2026:05:25:14 +0000] "POST /v3/auth/tokens HTTP/1.1" 201 1992
[Tue Jun 16 05:25:15.139475 2026] [wsgi:error] [pid 10:tid 139716456548032] [remote 10.0.0.4:42940] 2026-06-16 05:25:15.127 10 ERROR keystone.server.flask.application [None req-fdc65f5c-5f96-4b02-b1d7-327a801f7cba e5c3640c4d534042b95afcac1a782e0b 3c9fe75daf7b426ea0e1967c0653200d - - default default] Conflict occurred attempting to store project - it is not permitted to have two projects acting as domains with the same name: service.: keystone.exception.Conflict: Conflict occurred attempting to store project - it is not permitted to have two projects acting as domains with the same name: service.
[Tue Jun 16 05:25:15.139499 2026] [wsgi:error] [pid 10:tid 139716456548032] [remote 10.0.0.4:42940] 2026-06-16 05:25:15.127 10 ERROR keystone.server.flask.application
Traceback (most recent call last):
[Tue Jun 16 05:25:15.139501 2026] [wsgi:error] [pid 10:tid 139716456548032] [remote 10.0.0.4:42940] 2026-06-16 05:25:15.127 10 ERROR keystone.server.flask.application
File "/var/lib/openstack/lib/python3.12/site-packages/sqlalchemy/engine/base.py", line 1969, in _exec_single_context
[Tue Jun 16 05:25:15.139503 2026] [wsgi:error] [pid 10:tid 139716456548032] [remote 10.0.0.4:42940] 2026-06-16 05:25:15.127 10 ERROR keystone.server.flask.application self.dialect.do_execute(
[Tue Jun 16 05:25:15.139504 2026] [wsgi:error] [pid 10:tid 139716456548032] [remote 10.0.0.4:42940] 2026-06-16 05:25:15.127 10 ERROR keystone.server.flask.application
File "/var/lib/openstack/lib/python3.12/site-packages/sqlalchemy/engine/default.py", line 952, in do_execute
[Tue Jun 16 05:25:15.139506 2026] [wsgi:error] [pid 10:tid 139716456548032] [remote 10.0.0.4:42940] 2026-06-16 05:25:15.127 10 ERROR keystone.server.flask.application cursor.execute(statement, parameters)
[Tue Jun 16 05:25:15.139507 2026] [wsgi:error] [pid 10:tid 139716456548032] [remote 10.0.0.4:42940] 2026-06-16 05:25:15.127 10 ERROR keystone.server.flask.application
File "/var/lib/openstack/lib/python3.12/site-packages/pymysql/cursors.py", line 159, in execute
[Tue Jun 16 05:25:15.139509 2026] [wsgi:error] [pid 10:tid 139716456548032] [remote 10.0.0.4:42940] 2026-06-16 05:25:15.127 10 ERROR keystone.server.flask.application result = self._query(query)
[Tue Jun 16 05:25:15.139510 2026] [wsgi:error] [pid 10:tid 139716456548032] [remote 10.0.0.4:42940] 2026-06-16 05:25:15.127 10 ERROR keystone.server.flask.application ^^^^^^^^^^^^^^^^^^
[Tue Jun 16 05:25:15.139511 2026] [wsgi:error] [pid 10:tid 139716456548032] [remote 10.0.0.4:42940] 2026-06-16 05:25:15.127 10 ERROR keystone.server.flask.application
File "/var/lib/openstack/lib/python3.12/site-packages/pymysql/cursors.py", line 330, in _query
[Tue Jun 16 05:25:15.139513 2026] [wsgi:error] [pid 10:tid 139716456548032] [remote 10.0.0.4:42940] 2026-06-16 05:25:15.127 10 ERROR keystone.server.flask.application conn.query(q)
[Tue Jun 16 05:25:15.139514 2026] [wsgi:error] [pid 10:tid 139716456548032] [remote 10.0.0.4:42940] 2026-06-16 05:25:15.127 10 ERROR keystone.server.flask.application
File "/var/lib/openstack/lib/python3.12/site-packages/pymysql/connections.py", line 582, in query
[Tue Jun 16 05:25:15.139516 2026] [wsgi:error] [pid 10:tid 139716456548032] [remote 10.0.0.4:42940] 2026-06-16 05:25:15.127 10 ERROR keystone.server.flask.application self._affected_rows = self._read_query_result(unbuffered=unbuffered)
[Tue Jun 16 05:25:15.139518 2026] [wsgi:error] [pid 10:tid 139716456548032] [remote 10.0.0.4:42940] 2026-06-16 05:25:15.127 10 ERROR keystone.server.flask.application ^^^^^^^^^^^^^^^^^^^^^^^^^^^^^^^^^^^^^^^^^^^^^^
[Tue Jun 16 05:25:15.139519 2026] [wsgi:error] [pid 10:tid 139716456548032] [remote 10.0.0.4:42940] 2026-06-16 05:25:15.127 10 ERROR keystone.server.flask.application
File "/var/lib/openstack/lib/python3.12/site-packages/pymysql/connections.py", line 847, in _read_query_result
[Tue Jun 16 05:25:15.139521 2026] [wsgi:error] [pid 10:tid 139716456548032] [remote 10.0.0.4:42940] 2026-06-16 05:25:15.127 10 ERROR keystone.server.flask.application result.read()
[Tue Jun 16 05:25:15.139524 2026] [wsgi:error] [pid 10:tid 139716456548032] [remote 10.0.0.4:42940] 2026-06-16 05:25:15.127 10 ERROR keystone.server.flask.application
File "/var/lib/openstack/lib/python3.12/site-packages/pymysql/connections.py", line 1245, in read
[Tue Jun 16 05:25:15.139525 2026] [wsgi:error] [pid 10:tid 139716456548032] [remote 10.0.0.4:42940] 2026-06-16 05:25:15.127 10 ERROR keystone.server.flask.application first_packet = self.connection._read_packet()
[Tue Jun 16 05:25:15.139526 2026] [wsgi:error] [pid 10:tid 139716456548032] [remote 10.0.0.4:42940] 2026-06-16 05:25:15.127 10 ERROR keystone.server.flask.application ^^^^^^^^^^^^^^^^^^^^^^^^^^^^^^
[Tue Jun 16 05:25:15.139528 2026] [wsgi:error] [pid 10:tid 139716456548032] [remote 10.0.0.4:42940] 2026-06-16 05:25:15.127 10 ERROR keystone.server.flask.application
File "/var/lib/openstack/lib/python3.12/site-packages/pymysql/connections.py", line 803, in _read_packet
[Tue Jun 16 05:25:15.139529 2026] [wsgi:error] [pid 10:tid 139716456548032] [remote 10.0.0.4:42940] 2026-06-16 05:25:15.127 10 ERROR keystone.server.flask.application packet.raise_for_error()
[Tue Jun 16 05:25:15.139531 2026] [wsgi:error] [pid 10:tid 139716456548032] [remote 10.0.0.4:42940] 2026-06-16 05:25:15.127 10 ERROR keystone.server.flask.application
File "/var/lib/openstack/lib/python3.12/site-packages/pymysql/protocol.py", line 219, in raise_for_error
[Tue Jun 16 05:25:15.139532 2026] [wsgi:error] [pid 10:tid 139716456548032] [remote 10.0.0.4:42940] 2026-06-16 05:25:15.127 10 ERROR keystone.server.flask.application err.raise_mysql_exception(self._data)
[Tue Jun 16 05:25:15.139533 2026] [wsgi:error] [pid 10:tid 139716456548032] [remote 10.0.0.4:42940] 2026-06-16 05:25:15.127 10 ERROR keystone.server.flask.application
File "/var/lib/openstack/lib/python3.12/site-packages/pymysql/err.py", line 154, in raise_mysql_exception
[Tue Jun 16 05:25:15.139535 2026] [wsgi:error] [pid 10:tid 139716456548032] [remote 10.0.0.4:42940] 2026-06-16 05:25:15.127 10 ERROR keystone.server.flask.application raise errorclass(errno, errval, sqlstate=sqlstate)
[Tue Jun 16 05:25:15.139536 2026] [wsgi:error] [pid 10:tid 139716456548032] [remote 10.0.0.4:42940] 2026-06-16 05:25:15.127 10 ERROR keystone.server.flask.application pymysql.err.IntegrityError: (1062, "Duplicate entry '<>-service' for key 'project.ixu_project_name_domain_id'")
[Tue Jun 16 05:25:15.139538 2026] [wsgi:error] [pid 10:tid 139716456548032] [remote 10.0.0.4:42940] 2026-06-16 05:25:15.127 10 ERROR keystone.server.flask.application
[Tue Jun 16 05:25:15.139539 2026] [wsgi:error] [pid 10:tid 139716456548032] [remote 10.0.0.4:42940] 2026-06-16 05:25:15.127 10 ERROR keystone.server.flask.application The above exception was the direct cause of the following exception:
[Tue Jun 16 05:25:15.139540 2026] [wsgi:error] [pid 10:tid 139716456548032] [remote 10.0.0.4:42940] 2026-06-16 05:25:15.127 10 ERROR keystone.server.flask.application
[Tue Jun 16 05:25:15.139541 2026] [wsgi:error] [pid 10:tid 139716456548032] [remote 10.0.0.4:42940] 2026-06-16 05:25:15.127 10 ERROR keystone.server.flask.application
Traceback (most recent call last):
[Tue Jun 16 05:25:15.139543 2026] [wsgi:error] [pid 10:tid 139716456548032] [remote 10.0.0.4:42940] 2026-06-16 05:25:15.127 10 ERROR keystone.server.flask.application
File "/var/lib/openstack/lib/python3.12/site-packages/keystone/common/sql/core.py", line 575, in wrapper
[Tue Jun 16 05:25:15.139544 2026] [wsgi:error] [pid 10:tid 139716456548032] [remote 10.0.0.4:42940] 2026-06-16 05:25:15.127 10 ERROR keystone.server.flask.application return method(*args, **kwargs)
[Tue Jun 16 05:25:15.139563 2026] [wsgi:error] [pid 10:tid 139716456548032] [remote 10.0.0.4:42940] 2026-06-16 05:25:15.127 10 ERROR keystone.server.flask.application ^^^^^^^^^^^^^^^^^^^^^^^
[Tue Jun 16 05:25:15.139565 2026] [wsgi:error] [pid 10:tid 139716456548032] [remote 10.0.0.4:42940] 2026-06-16 05:25:15.127 10 ERROR keystone.server.flask.application
File "/var/lib/openstack/lib/python3.12/site-packages/keystone/resource/backends/sql.py", line 278, in create_project
[Tue Jun 16 05:25:15.139567 2026] [wsgi:error] [pid 10:tid 139716456548032] [remote 10.0.0.4:42940] 2026-06-16 05:25:15.127 10 ERROR keystone.server.flask.application with sql.session_for_write() as session:
[Tue Jun 16 05:25:15.139568 2026] [wsgi:error] [pid 10:tid 139716456548032] [remote 10.0.0.4:42940] 2026-06-16 05:25:15.127 10 ERROR keystone.server.flask.application
File "/usr/lib/python3.12/contextlib.py", line 144, in __exit__
[Tue Jun 16 05:25:15.139570 2026] [wsgi:error] [pid 10:tid 139716456548032] [remote 10.0.0.4:42940] 2026-06-16 05:25:15.127 10 ERROR keystone.server.flask.application next(self.gen)
[Tue Jun 16 05:25:15.139571 2026] [wsgi:error] [pid 10:tid 139716456548032] [remote 10.0.0.4:42940] 2026-06-16 05:25:15.127 10 ERROR keystone.server.flask.application
File "/var/lib/openstack/lib/python3.12/site-packages/oslo_db/sqlalchemy/enginefacade.py", line 1175, in _transaction_scope
[Tue Jun 16 05:25:15.139573 2026] [wsgi:error] [pid 10:tid 139716456548032] [remote 10.0.0.4:42940] 2026-06-16 05:25:15.127 10 ERROR keystone.server.flask.application with current._produce_block(
[Tue Jun 16 05:25:15.139575 2026] [wsgi:error] [pid 10:tid 139716456548032] [remote 10.0.0.4:42940] 2026-06-16 05:25:15.127 10 ERROR keystone.server.flask.application
File "/usr/lib/python3.12/contextlib.py", line 144, in __exit__
[Tue Jun 16 05:25:15.139576 2026] [wsgi:error] [pid 10:tid 139716456548032] [remote 10.0.0.4:42940] 2026-06-16 05:25:15.127 10 ERROR keystone.server.flask.application next(self.gen)
[Tue Jun 16 05:25:15.139578 2026] [wsgi:error] [pid 10:tid 139716456548032] [remote 10.0.0.4:42940] 2026-06-16 05:25:15.127 10 ERROR keystone.server.flask.application
File "/var/lib/openstack/lib/python3.12/site-packages/oslo_db/sqlalchemy/enginefacade.py", line 837, in _session
[Tue Jun 16 05:25:15.139580 2026] [wsgi:error] [pid 10:tid 139716456548032] [remote 10.0.0.4:42940] 2026-06-16 05:25:15.127 10 ERROR keystone.server.flask.application with excutils.save_and_reraise_exception():
[Tue Jun 16 05:25:15.139581 2026] [wsgi:error] [pid 10:tid 139716456548032] [remote 10.0.0.4:42940] 2026-06-16 05:25:15.127 10 ERROR keystone.server.flask.application
File "/var/lib/openstack/lib/python3.12/site-packages/oslo_utils/excutils.py", line 266, in __exit__
[Tue Jun 16 05:25:15.139583 2026] [wsgi:error] [pid 10:tid 139716456548032] [remote 10.0.0.4:42940] 2026-06-16 05:25:15.127 10 ERROR keystone.server.flask.application self.force_reraise()
[Tue Jun 16 05:25:15.139584 2026] [wsgi:error] [pid 10:tid 139716456548032] [remote 10.0.0.4:42940] 2026-06-16 05:25:15.127 10 ERROR keystone.server.flask.application
File "/var/lib/openstack/lib/python3.12/site-packages/oslo_utils/excutils.py", line 232, in force_reraise
[Tue Jun 16 05:25:15.139586 2026] [wsgi:error] [pid 10:tid 139716456548032] [remote 10.0.0.4:42940] 2026-06-16 05:25:15.127 10 ERROR keystone.server.flask.application raise self.value
[Tue Jun 16 05:25:15.139588 2026] [wsgi:error] [pid 10:tid 139716456548032] [remote 10.0.0.4:42940] 2026-06-16 05:25:15.127 10 ERROR keystone.server.flask.application
File "/var/lib/openstack/lib/python3.12/site-packages/oslo_db/sqlalchemy/enginefacade.py", line 835, in _session
[Tue Jun 16 05:25:15.139590 2026] [wsgi:error] [pid 10:tid 139716456548032] [remote 10.0.0.4:42940] 2026-06-16 05:25:15.127 10 ERROR keystone.server.flask.application self._end_session_transaction(self.session)
[Tue Jun 16 05:25:15.139593 2026] [wsgi:error] [pid 10:tid 139716456548032] [remote 10.0.0.4:42940] 2026-06-16 05:25:15.127 10 ERROR keystone.server.flask.application
File "/var/lib/openstack/lib/python3.12/site-packages/oslo_db/sqlalchemy/enginefacade.py", line 748, in _end_session_transaction
[Tue Jun 16 05:25:15.139595 2026] [wsgi:error] [pid 10:tid 139716456548032] [remote 10.0.0.4:42940] 2026-06-16 05:25:15.127 10 ERROR keystone.server.flask.application session.commit()
[Tue Jun 16 05:25:15.139597 2026] [wsgi:error] [pid 10:tid 139716456548032] [remote 10.0.0.4:42940] 2026-06-16 05:25:15.127 10 ERROR keystone.server.flask.application
File "/var/lib/openstack/lib/python3.12/site-packages/sqlalchemy/orm/session.py", line 2034, in commit
[Tue Jun 16 05:25:15.139599 2026] [wsgi:error] [pid 10:tid 139716456548032] [remote 10.0.0.4:42940] 2026-06-16 05:25:15.127 10 ERROR keystone.server.flask.application trans.commit(_to_root=True)
[Tue Jun 16 05:25:15.139601 2026] [wsgi:error] [pid 10:tid 139716456548032] [remote 10.0.0.4:42940] 2026-06-16 05:25:15.127 10 ERROR keystone.server.flask.application File "", line 2, in commit
[Tue Jun 16 05:25:15.139603 2026] [wsgi:error] [pid 10:tid 139716456548032] [remote 10.0.0.4:42940] 2026-06-16 05:25:15.127 10 ERROR keystone.server.flask.application
File "/var/lib/openstack/lib/python3.12/site-packages/sqlalchemy/orm/state_changes.py", line 137, in _go
[Tue Jun 16 05:25:15.139606 2026] [wsgi:error] [pid 10:tid 139716456548032] [remote 10.0.0.4:42940] 2026-06-16 05:25:15.127 10 ERROR keystone.server.flask.application ret_value = fn(self, *arg, **kw)
[Tue Jun 16 05:25:15.139609 2026] [wsgi:error] [pid 10:tid 139716456548032] [remote 10.0.0.4:42940] 2026-06-16 05:25:15.127 10 ERROR keystone.server.flask.application ^^^^^^^^^^^^^^^^^^^^
[Tue Jun 16 05:25:15.139611 2026] [wsgi:error] [pid 10:tid 139716456548032] [remote 10.0.0.4:42940] 2026-06-16 05:25:15.127 10 ERROR keystone.server.flask.application
File "/var/lib/openstack/lib/python3.12/site-packages/sqlalchemy/orm/session.py", line 1315, in commit
[Tue Jun 16 05:25:15.139614 2026] [wsgi:error] [pid 10:tid 139716456548032] [remote 10.0.0.4:42940] 2026-06-16 05:25:15.127 10 ERROR keystone.server.flask.application self._prepare_impl()
[Tue Jun 16 05:25:15.139616 2026] [wsgi:error] [pid 10:tid 139716456548032] [remote 10.0.0.4:42940] 2026-06-16 05:25:15.127 10 ERROR keystone.server.flask.application File "", line 2, in _prepare_impl
[Tue Jun 16 05:25:15.139619 2026] [wsgi:error] [pid 10:tid 139716456548032] [remote 10.0.0.4:42940] 2026-06-16 05:25:15.127 10 ERROR keystone.server.flask.application
File "/var/lib/openstack/lib/python3.12/site-packages/sqlalchemy/orm/state_changes.py", line 137, in _go
[Tue Jun 16 05:25:15.139622 2026] [wsgi:error] [pid 10:tid 139716456548032] [remote 10.0.0.4:42940] 2026-06-16 05:25:15.127 10 ERROR keystone.server.flask.application ret_value = fn(self, *arg, **kw)
[Tue Jun 16 05:25:15.139624 2026] [wsgi:error] [pid 10:tid 139716456548032] [remote 10.0.0.4:42940] 2026-06-16 05:25:15.127 10 ERROR keystone.server.flask.application ^^^^^^^^^^^^^^^^^^^^
[Tue Jun 16 05:25:15.139626 2026] [wsgi:error] [pid 10:tid 139716456548032] [remote 10.0.0.4:42940] 2026-06-16 05:25:15.127 10 ERROR keystone.server.flask.application
File "/var/lib/openstack/lib/python3.12/site-packages/sqlalchemy/orm/session.py", line 1290, in _prepare_impl
[Tue Jun 16 05:25:15.139629 2026] [wsgi:error] [pid 10:tid 139716456548032] [remote 10.0.0.4:42940] 2026-06-16 05:25:15.127 10 ERROR keystone.server.flask.application self.session.flush()
[Tue Jun 16 05:25:15.139632 2026] [wsgi:error] [pid 10:tid 139716456548032] [remote 10.0.0.4:42940] 2026-06-16 05:25:15.127 10 ERROR keystone.server.flask.application
File "/var/lib/openstack/lib/python3.12/site-packages/sqlalchemy/orm/session.py", line 4352, in flush
[Tue Jun 16 05:25:15.139634 2026] [wsgi:error] [pid 10:tid 139716456548032] [remote 10.0.0.4:42940] 2026-06-16 05:25:15.127 10 ERROR keystone.server.flask.application self._flush(objects)
[Tue Jun 16 05:25:15.139636 2026] [wsgi:error] [pid 10:tid 139716456548032] [remote 10.0.0.4:42940] 2026-06-16 05:25:15.127 10 ERROR keystone.server.flask.application
File "/var/lib/openstack/lib/python3.12/site-packages/sqlalchemy/orm/session.py", line 4487, in _flush
[Tue Jun 16 05:25:15.139638 2026] [wsgi:error] [pid 10:tid 139716456548032] [remote 10.0.0.4:42940] 2026-06-16 05:25:15.127 10 ERROR keystone.server.flask.application with util.safe_reraise():
[Tue Jun 16 05:25:15.139641 2026] [wsgi:error] [pid 10:tid 139716456548032] [remote 10.0.0.4:42940] 2026-06-16 05:25:15.127 10 ERROR keystone.server.flask.application
File "/var/lib/openstack/lib/python3.12/site-packages/sqlalchemy/util/langhelpers.py", line 122, in __exit__
[Tue Jun 16 05:25:15.139643 2026] [wsgi:error] [pid 10:tid 139716456548032] [remote 10.0.0.4:42940] 2026-06-16 05:25:15.127 10 ERROR keystone.server.flask.application raise exc_value.with_traceback(exc_tb)
[Tue Jun 16 05:25:15.139644 2026] [wsgi:error] [pid 10:tid 139716456548032] [remote 10.0.0.4:42940] 2026-06-16 05:25:15.127 10 ERROR keystone.server.flask.application
File "/var/lib/openstack/lib/python3.12/site-packages/sqlalchemy/orm/session.py", line 4448, in _flush
[Tue Jun 16 05:25:15.139646 2026] [wsgi:error] [pid 10:tid 139716456548032] [remote 10.0.0.4:42940] 2026-06-16 05:25:15.127 10 ERROR keystone.server.flask.application flush_context.execute()
[Tue Jun 16 05:25:15.139647 2026] [wsgi:error] [pid 10:tid 139716456548032] [remote 10.0.0.4:42940] 2026-06-16 05:25:15.127 10 ERROR keystone.server.flask.application
