2026-06-13 23:58:11.334 7 INFO neutron.services.segments.plugin [-] Segment aed55204-1d89-46de-a9d6-86382d6bba02 resource provider not found; error: Placement Client Error (4xx): {"errors": [{"status": 404, "title": "Not Found", "detail": "The resource could not be found.\n\n No resource provider with uuid aed55204-1d89-46de-a9d6-86382d6bba02 found for delete ", "request_id": "req-5799af4b-cc80-4bd5-b31b-aad97f81d9d8"}]} [pid: 8|app: 0|req: 694/1380] 10.0.0.9 () {32 vars in 737 bytes} [Sat Jun 13 23:58:11 2026] DELETE /v2.0/security-groups/9e810860-5c4e-4097-b250-283cd9f4c64a => generated 0 bytes in 311 msecs (HTTP/1.1 204) 2 headers in 112 bytes (1 switches on core 0) [pid: 8|app: 0|req: 695/1381] 10.0.0.131 () {34 vars in 989 bytes} [Sat Jun 13 23:58:11 2026] GET /v2.0/ports?device_id=d59de75f-5a0c-48ea-833d-67c5927dbfe9 => generated 12 bytes in 16 msecs (HTTP/1.1 200) 4 headers in 156 bytes (1 switches on core 0) [pid: 7|app: 0|req: 687/1382] 10.0.0.9 () {32 vars in 771 bytes} [Sat Jun 13 23:58:11 2026] GET /v2.0/security-groups?tenant_id=0037d6dfbbb7447a923dcff97cb3b9be&name=default => generated 2925 bytes in 168 msecs (HTTP/1.1 200) 4 headers in 158 bytes (1 switches on core 0) [pid: 7|app: 0|req: 688/1383] 10.0.0.9 () {32 vars in 771 bytes} [Sat Jun 13 23:58:11 2026] GET /v2.0/security-groups?tenant_id=1c808331d56f4b9ca592963996ad37ee&name=default => generated 2925 bytes in 39 msecs (HTTP/1.1 200) 4 headers in 158 bytes (1 switches on core 0) [pid: 8|app: 0|req: 696/1384] 10.0.0.9 () {32 vars in 737 bytes} [Sat Jun 13 23:58:11 2026] DELETE /v2.0/security-groups/b7044131-b377-4039-8648-fa4211c82742 => generated 0 bytes in 315 msecs (HTTP/1.1 204) 2 headers in 112 bytes (1 switches on core 0) [pid: 7|app: 0|req: 689/1385] 10.0.0.9 () {32 vars in 737 bytes} [Sat Jun 13 23:58:11 2026] DELETE /v2.0/security-groups/b3648a43-48bd-4daa-a85b-319d7699f9c6 => generated 0 bytes in 347 msecs (HTTP/1.1 204) 2 headers in 112 bytes (1 switches on core 0)
2026-06-13 23:58:11.928 8 INFO neutron.services.segments.plugin [-] Segment 6124c8ed-e20e-41db-b437-cc5f3dd99581 resource provider aggregate not found
2026-06-13 23:58:11.948 8 INFO neutron.services.segments.plugin [-] Segment 6124c8ed-e20e-41db-b437-cc5f3dd99581 resource provider not found; error: Placement Client Error (4xx): {"errors": [{"status": 404, "title": "Not Found", "detail": "The resource could not be found.\n\n No resource provider with uuid 6124c8ed-e20e-41db-b437-cc5f3dd99581 found for delete ", "request_id": "req-c67b3ec1-d06b-4046-a0e9-435e229de151"}]}
2026-06-13 23:58:11.953 8 INFO neutron.services.segments.plugin [-] Segment 6124c8ed-e20e-41db-b437-cc5f3dd99581 resource provider aggregate not found
2026-06-13 23:58:11.972 8 INFO neutron.services.segments.plugin [-] Segment 6124c8ed-e20e-41db-b437-cc5f3dd99581 resource provider not found; error: Placement Client Error (4xx): {"errors": [{"status": 404, "title": "Not Found", "detail": "The resource could not be found.\n\n No resource provider with uuid 6124c8ed-e20e-41db-b437-cc5f3dd99581 found for delete ", "request_id": "req-67ea86da-4a79-470e-82ae-8d02a7cb4491"}]}
2026-06-13 23:58:12.271 8 INFO neutron.db.ovn_revision_numbers_db [None req-e72013dc-7e3e-44a7-9785-b7e64a6f3780 f4d05326e4774ee193b23f2eb5266e0a a179875f9d324b1eb16e22e09375f7cc - - default default] Successfully bumped revision number for resource 74fe2e4d-61c2-4242-a764-a6eb3599ab7e (type: security_groups) to 1
2026-06-13 23:58:12.284 8 INFO neutron.db.ovn_revision_numbers_db [None req-e72013dc-7e3e-44a7-9785-b7e64a6f3780 f4d05326e4774ee193b23f2eb5266e0a a179875f9d324b1eb16e22e09375f7cc - - default default] Successfully bumped revision number for resource 743b9895-6dd4-4c80-934d-9ca12b369916 (type: security_group_rules) to 0
2026-06-13 23:58:12.299 8 INFO neutron.db.ovn_revision_numbers_db [None req-e72013dc-7e3e-44a7-9785-b7e64a6f3780 f4d05326e4774ee193b23f2eb5266e0a a179875f9d324b1eb16e22e09375f7cc - - default default] Successfully bumped revision number for resource 88f05007-f41c-4fb5-ad0d-f1d74f9e136c (type: security_group_rules) to 0
2026-06-13 23:58:12.312 8 INFO neutron.db.ovn_revision_numbers_db [None req-e72013dc-7e3e-44a7-9785-b7e64a6f3780 f4d05326e4774ee193b23f2eb5266e0a a179875f9d324b1eb16e22e09375f7cc - - default default] Successfully bumped revision number for resource c7c415c9-660f-47ba-8395-776f99f99cb6 (type: security_group_rules) to 0
2026-06-13 23:58:12.325 8 INFO neutron.db.ovn_revision_numbers_db [None req-e72013dc-7e3e-44a7-9785-b7e64a6f3780 f4d05326e4774ee193b23f2eb5266e0a a179875f9d324b1eb16e22e09375f7cc - - default default] Successfully bumped revision number for resource ec2caabf-d92b-4fe1-b4c6-316d3c45ec98 (type: security_group_rules) to 0 [pid: 8|app: 0|req: 697/1386] 10.0.0.9 () {32 vars in 771 bytes} [Sat Jun 13 23:58:12 2026] GET /v2.0/security-groups?tenant_id=e4100725f6054c748062fa512bb5b5dc&name=default => generated 2925 bytes in 345 msecs (HTTP/1.1 200) 4 headers in 158 bytes (1 switches on core 0) [pid: 8|app: 0|req: 698/1387] 10.0.0.9 () {32 vars in 737 bytes} [Sat Jun 13 23:58:12 2026] DELETE /v2.0/security-groups/ae95bd9b-8c20-454b-bcad-da698838de9e => generated 0 bytes in 271 msecs (HTTP/1.1 204) 2 headers in 112 bytes (1 switches on core 0)
2026-06-13 23:58:12.722 8 INFO neutron.api.v2.resource [None req-dd44f22e-938c-44cf-a07c-89d0939f6033 27a49556cbc849b9b2366c8bf4255cad 4bac8d5578144c38a67a555db6879170 - - default default] show failed (client error): The resource could not be found. [pid: 8|app: 0|req: 699/1388] 10.0.0.9 () {32 vars in 734 bytes} [Sat Jun 13 23:58:12 2026] GET /v2.0/security-groups/ae95bd9b-8c20-454b-bcad-da698838de9e => generated 146 bytes in 15 msecs (HTTP/1.1 404) 4 headers in 164 bytes (1 switches on core 0) [pid: 7|app: 0|req: 690/1389] 10.0.0.9 () {32 vars in 737 bytes} [Sat Jun 13 23:58:12 2026] DELETE /v2.0/security-groups/74fe2e4d-61c2-4242-a764-a6eb3599ab7e => generated 0 bytes in 361 msecs (HTTP/1.1 204) 2 headers in 112 bytes (1 switches on core 0)
2026-06-13 23:58:12.913 8 INFO neutron_taas.services.taas.taas_plugin [None req-b08e3e59-5d8b-4ffb-8409-0ea99cb88b99 27a49556cbc849b9b2366c8bf4255cad 4bac8d5578144c38a67a555db6879170 - - default default] TaaS: Handle Delete Port: 197fc2ab-d909-4468-8c9b-e36b8379a11f
2026-06-13 23:58:12.915 8 INFO neutron_taas.services.taas.tap_mirror_plugin [None req-b08e3e59-5d8b-4ffb-8409-0ea99cb88b99 27a49556cbc849b9b2366c8bf4255cad 4bac8d5578144c38a67a555db6879170 - - default default] Tap Mirror: Handle Delete Port: 197fc2ab-d909-4468-8c9b-e36b8379a11f [pid: 8|app: 0|req: 700/1390] 10.0.0.9 () {32 vars in 729 bytes} [Sat Jun 13 23:58:12 2026] DELETE /v2.0/floatingips/51cb05a4-bee5-480b-b471-dec7234bfd14 => generated 0 bytes in 419 msecs (HTTP/1.1 204) 2 headers in 112 bytes (1 switches on core 0)
2026-06-13 23:58:13.445 7 INFO neutron_taas.services.taas.taas_plugin [None req-9c6b40dc-b6dd-4773-925d-597d88ea95af f4d05326e4774ee193b23f2eb5266e0a a179875f9d324b1eb16e22e09375f7cc - - default default] TaaS: Handle Delete Port: ff663b99-5e76-4f4c-a2e7-98f133fbcf03
2026-06-13 23:58:13.448 7 INFO neutron_taas.services.taas.tap_mirror_plugin [None req-9c6b40dc-b6dd-4773-925d-597d88ea95af f4d05326e4774ee193b23f2eb5266e0a a179875f9d324b1eb16e22e09375f7cc - - default default] Tap Mirror: Handle Delete Port: ff663b99-5e76-4f4c-a2e7-98f133fbcf03
2026-06-13 23:58:14.046 8 INFO neutron.db.ovn_revision_numbers_db [None req-95377f52-4450-4ccc-abf4-554ffedecb67 e32be8ce816a43c6a8613fe9d454d202 1499b50286684218b85c33d6bf112eae - - default default] Successfully bumped revision number for resource 985736ca-1b2d-45be-9dad-12d9748732e1 (type: security_groups) to 1
2026-06-13 23:58:14.061 8 INFO neutron.db.ovn_revision_numbers_db [None req-95377f52-4450-4ccc-abf4-554ffedecb67 e32be8ce816a43c6a8613fe9d454d202 1499b50286684218b85c33d6bf112eae - - default default] Successfully bumped revision number for resource 30954805-1b1a-44da-b98d-95da24068616 (type: security_group_rules) to 0
2026-06-13 23:58:14.073 8 INFO neutron.db.ovn_revision_numbers_db [None req-95377f52-4450-4ccc-abf4-554ffedecb67 e32be8ce816a43c6a8613fe9d454d202 1499b50286684218b85c33d6bf112eae - - default default] Successfully bumped revision number for resource 7a0192eb-621b-4a0b-9816-4506e7fc30e6 (type: security_group_rules) to 0
2026-06-13 23:58:14.086 8 INFO neutron.db.ovn_revision_numbers_db [None req-95377f52-4450-4ccc-abf4-554ffedecb67 e32be8ce816a43c6a8613fe9d454d202 1499b50286684218b85c33d6bf112eae - - default default] Successfully bumped revision number for resource fa688f38-4d78-46dd-b5a4-266a7a1a3174 (type: security_group_rules) to 0
2026-06-13 23:58:14.103 8 INFO neutron.db.ovn_revision_numbers_db [None req-95377f52-4450-4ccc-abf4-554ffedecb67 e32be8ce816a43c6a8613fe9d454d202 1499b50286684218b85c33d6bf112eae - - default default] Successfully bumped revision number for resource fe0eeaed-c804-4d69-94db-d36e8321d671 (type: security_group_rules) to 0 [pid: 7|app: 0|req: 691/1391] 10.0.0.9 () {34 vars in 786 bytes} [Sat Jun 13 23:58:13 2026] PUT /v2.0/routers/46f4e51a-4aff-4194-ab49-83c7eb62dd94/remove_router_interface => generated 309 bytes in 990 msecs (HTTP/1.1 200) 4 headers in 157 bytes (1 switches on core 0) /var/lib/openstack/lib/python3.12/site-packages/pycadf/identifier.py:70: UserWarning: Invalid uuid: neutron. To ensure interoperability, identifiers should be a valid uuid. warnings.warn(('Invalid uuid: %s. To ensure interoperability, '
2026-06-13 23:58:14.215 8 INFO neutron.db.segments_db [None req-95377f52-4450-4ccc-abf4-554ffedecb67 e32be8ce816a43c6a8613fe9d454d202 1499b50286684218b85c33d6bf112eae - - default default] Added segment 009ef567-fa17-4c82-a9b2-8fc669b3f82a of type geneve for network f689d124-3a68-4445-a967-eecef660c4ec
2026-06-13 23:58:14.337 8 INFO neutron.db.ovn_revision_numbers_db [None req-95377f52-4450-4ccc-abf4-554ffedecb67 e32be8ce816a43c6a8613fe9d454d202 1499b50286684218b85c33d6bf112eae - - default default] Successfully bumped revision number for resource f689d124-3a68-4445-a967-eecef660c4ec (type: networks) to 1
2026-06-13 23:58:14.489 7 INFO neutron_taas.services.taas.taas_plugin [None req-feb72860-ea4b-4f53-9934-e200ada23d4a f4d05326e4774ee193b23f2eb5266e0a a179875f9d324b1eb16e22e09375f7cc - - default default] TaaS: Handle Delete Port: 80dbae66-679d-4811-a126-28d0de894966
2026-06-13 23:58:14.492 8 WARNING neutron.scheduler.dhcp_agent_scheduler [None req-95377f52-4450-4ccc-abf4-554ffedecb67 e32be8ce816a43c6a8613fe9d454d202 1499b50286684218b85c33d6bf112eae - - default default] No more DHCP agents
2026-06-13 23:58:14.493 7 INFO neutron_taas.services.taas.tap_mirror_plugin [None req-feb72860-ea4b-4f53-9934-e200ada23d4a f4d05326e4774ee193b23f2eb5266e0a a179875f9d324b1eb16e22e09375f7cc - - default default] Tap Mirror: Handle Delete Port: 80dbae66-679d-4811-a126-28d0de894966
2026-06-13 23:58:14.494 8 WARNING neutron.api.rpc.agentnotifiers.dhcp_rpc_agent_api [None req-95377f52-4450-4ccc-abf4-554ffedecb67 e32be8ce816a43c6a8613fe9d454d202 1499b50286684218b85c33d6bf112eae - - default default] Unable to schedule network f689d124-3a68-4445-a967-eecef660c4ec: no agents available; will retry on subsequent port and subnet creation events.
2026-06-13 23:58:14.565 8 INFO neutron.plugins.ml2.drivers.ovn.mech_driver.mech_driver [None req-e6d81a84-e0af-43ac-974d-aa0946ebdd35 - - - - - -] OVN reports status down for port: 0e953e37-4240-4e69-a80f-528de37c08ca
2026-06-13 23:58:14.646 8 INFO neutron.db.ovn_revision_numbers_db [None req-95377f52-4450-4ccc-abf4-554ffedecb67 e32be8ce816a43c6a8613fe9d454d202 1499b50286684218b85c33d6bf112eae - - default default] Successfully bumped revision number for resource 0e953e37-4240-4e69-a80f-528de37c08ca (type: ports) to 1 [pid: 8|app: 0|req: 701/1392] 10.0.0.9 () {34 vars in 667 bytes} [Sat Jun 13 23:58:13 2026] POST /v2.0/networks => generated 629 bytes in 1092 msecs (HTTP/1.1 201) 4 headers in 162 bytes (1 switches on core 0)
2026-06-13 23:58:14.813 8 INFO neutron.db.segments_db [None req-78c93209-48d6-4850-bf26-c6cf0024fc64 e32be8ce816a43c6a8613fe9d454d202 1499b50286684218b85c33d6bf112eae - - default default] Added segment 49e774bc-75cc-4606-b9ef-eb78e1511032 of type geneve for network f1d53d8c-4fa7-40f4-b07a-620bdd2c8595
2026-06-13 23:58:14.954 8 INFO neutron.db.ovn_revision_numbers_db [None req-78c93209-48d6-4850-bf26-c6cf0024fc64 e32be8ce816a43c6a8613fe9d454d202 1499b50286684218b85c33d6bf112eae - - default default] Successfully bumped revision number for resource f1d53d8c-4fa7-40f4-b07a-620bdd2c8595 (type: networks) to 1 [pid: 7|app: 0|req: 692/1393] 10.0.0.9 () {32 vars in 721 bytes} [Sat Jun 13 23:58:14 2026] DELETE /v2.0/routers/46f4e51a-4aff-4194-ab49-83c7eb62dd94 => generated 0 bytes in 985 msecs (HTTP/1.1 204) 2 headers in 112 bytes (1 switches on core 0)
2026-06-13 23:58:15.204 8 WARNING neutron.scheduler.dhcp_agent_scheduler [None req-78c93209-48d6-4850-bf26-c6cf0024fc64 e32be8ce816a43c6a8613fe9d454d202 1499b50286684218b85c33d6bf112eae - - default default] No more DHCP agents
2026-06-13 23:58:15.205 8 WARNING neutron.api.rpc.agentnotifiers.dhcp_rpc_agent_api [None req-78c93209-48d6-4850-bf26-c6cf0024fc64 e32be8ce816a43c6a8613fe9d454d202 1499b50286684218b85c33d6bf112eae - - default default] Unable to schedule network f1d53d8c-4fa7-40f4-b07a-620bdd2c8595: no agents available; will retry on subsequent port and subnet creation events.
2026-06-13 23:58:15.270 8 INFO neutron.plugins.ml2.drivers.ovn.mech_driver.mech_driver [None req-e6d81a84-e0af-43ac-974d-aa0946ebdd35 - - - - - -] OVN reports status down for port: d8ba3e20-22fc-4cac-a0f2-22c74de90893
2026-06-13 23:58:15.339 8 INFO neutron.db.ovn_revision_numbers_db [None req-78c93209-48d6-4850-bf26-c6cf0024fc64 e32be8ce816a43c6a8613fe9d454d202 1499b50286684218b85c33d6bf112eae - - default default] Successfully bumped revision number for resource d8ba3e20-22fc-4cac-a0f2-22c74de90893 (type: ports) to 1 [pid: 8|app: 0|req: 702/1394] 10.0.0.9 () {34 vars in 667 bytes} [Sat Jun 13 23:58:14 2026] POST /v2.0/networks => generated 629 bytes in 679 msecs (HTTP/1.1 201) 4 headers in 162 bytes (1 switches on core 0)
2026-06-13 23:58:15.443 7 INFO neutron.db.ovn_revision_numbers_db [None req-306f447d-4b9a-451d-9635-f4ed0aca0fb4 f4d05326e4774ee193b23f2eb5266e0a a179875f9d324b1eb16e22e09375f7cc - - default default] Successfully bumped revision number for resource 4091abb6-cdce-4526-8468-5c4297d3a944 (type: security_groups) to 1
2026-06-13 23:58:15.453 7 INFO neutron.db.ovn_revision_numbers_db [None req-306f447d-4b9a-451d-9635-f4ed0aca0fb4 f4d05326e4774ee193b23f2eb5266e0a a179875f9d324b1eb16e22e09375f7cc - - default default] Successfully bumped revision number for resource 50c4f90b-5bd0-4ec7-ac9d-697429cfaa0c (type: security_group_rules) to 0
2026-06-13 23:58:15.465 7 INFO neutron.db.ovn_revision_numbers_db [None req-306f447d-4b9a-451d-9635-f4ed0aca0fb4 f4d05326e4774ee193b23f2eb5266e0a a179875f9d324b1eb16e22e09375f7cc - - default default] Successfully bumped revision number for resource 9e5c3475-4f4c-4410-8a2c-75811586715e (type: security_group_rules) to 0
2026-06-13 23:58:15.476 7 INFO neutron.db.ovn_revision_numbers_db [None req-306f447d-4b9a-451d-9635-f4ed0aca0fb4 f4d05326e4774ee193b23f2eb5266e0a a179875f9d324b1eb16e22e09375f7cc - - default default] Successfully bumped revision number for resource d6b4387f-c80b-48e8-98f9-7d0a5c1a7dc0 (type: security_group_rules) to 0
2026-06-13 23:58:15.487 7 INFO neutron.db.ovn_revision_numbers_db [None req-306f447d-4b9a-451d-9635-f4ed0aca0fb4 f4d05326e4774ee193b23f2eb5266e0a a179875f9d324b1eb16e22e09375f7cc - - default default] Successfully bumped revision number for resource e1e5da23-3619-43ef-ade2-004b7070d8b2 (type: security_group_rules) to 0 [pid: 7|app: 0|req: 693/1395] 10.0.0.9 () {32 vars in 771 bytes} [Sat Jun 13 23:58:15 2026] GET /v2.0/security-groups?tenant_id=8a4dad15f2744fbb98bfa57ef2c52214&name=default => generated 2925 bytes in 391 msecs (HTTP/1.1 200) 4 headers in 158 bytes (1 switches on core 0) [pid: 8|app: 0|req: 703/1396] 10.0.0.9 () {32 vars in 721 bytes} [Sat Jun 13 23:58:15 2026] DELETE /v2.0/subnets/1c261fac-427e-49a6-a725-4dee8cefc5ab => generated 0 bytes in 211 msecs (HTTP/1.1 204) 3 headers in 131 bytes (1 switches on core 0)
2026-06-13 23:58:15.734 7 WARNING neutron.scheduler.dhcp_agent_scheduler [None req-34462e69-5be3-4792-ad5e-d6df7eb68d7d e32be8ce816a43c6a8613fe9d454d202 1499b50286684218b85c33d6bf112eae - - default default] No more DHCP agents
2026-06-13 23:58:15.736 7 WARNING neutron.api.rpc.agentnotifiers.dhcp_rpc_agent_api [None req-34462e69-5be3-4792-ad5e-d6df7eb68d7d e32be8ce816a43c6a8613fe9d454d202 1499b50286684218b85c33d6bf112eae - - default default] Unable to schedule network f689d124-3a68-4445-a967-eecef660c4ec: no agents available; will retry on subsequent port and subnet creation events. [pid: 8|app: 0|req: 704/1397] 10.0.0.9 () {32 vars in 737 bytes} [Sat Jun 13 23:58:15 2026] DELETE /v2.0/security-groups/4091abb6-cdce-4526-8468-5c4297d3a944 => generated 0 bytes in 320 msecs (HTTP/1.1 204) 2 headers in 112 bytes (1 switches on core 0)
2026-06-13 23:58:16.046 8 INFO neutron_taas.services.taas.taas_plugin [None req-a1343fe1-72b5-41e4-85e8-9f3185efeca8 f4d05326e4774ee193b23f2eb5266e0a a179875f9d324b1eb16e22e09375f7cc - - default default] TaaS: Handle Delete Port: 4401f652-c249-4fbd-a353-dc969fd71def
2026-06-13 23:58:16.049 8 INFO neutron_taas.services.taas.tap_mirror_plugin [None req-a1343fe1-72b5-41e4-85e8-9f3185efeca8 f4d05326e4774ee193b23f2eb5266e0a a179875f9d324b1eb16e22e09375f7cc - - default default] Tap Mirror: Handle Delete Port: 4401f652-c249-4fbd-a353-dc969fd71def
2026-06-13 23:58:16.272 7 INFO neutron.db.ovn_revision_numbers_db [None req-cfb6824c-b6e9-4e81-8fb8-82b563882cc9 - - - - - -] Successfully bumped revision number for resource 0e953e37-4240-4e69-a80f-528de37c08ca (type: ports) to 2
2026-06-13 23:58:16.306 7 INFO neutron.db.ovn_revision_numbers_db [None req-cfb6824c-b6e9-4e81-8fb8-82b563882cc9 - - - - - -] Successfully bumped revision number for resource f7c5ec7c-4cb4-4c41-ab6e-6be5c568ea77 (type: subnets) to 0
2026-06-13 23:58:16.310 8 INFO neutron.services.segments.plugin [-] Segment 61544431-ce66-48e9-bc0d-e14eae2c252b resource provider aggregate not found
2026-06-13 23:58:16.315 8 INFO neutron.services.segments.plugin [-] Segment 61544431-ce66-48e9-bc0d-e14eae2c252b resource provider aggregate not found [pid: 7|app: 0|req: 694/1398] 10.0.0.9 () {34 vars in 666 bytes} [Sat Jun 13 23:58:15 2026] POST /v2.0/subnets => generated 626 bytes in 801 msecs (HTTP/1.1 201) 4 headers in 162 bytes (1 switches on core 0)
2026-06-13 23:58:16.336 8 INFO neutron.services.segments.plugin [-] Segment 61544431-ce66-48e9-bc0d-e14eae2c252b resource provider not found; error: Placement Client Error (4xx): {"errors": [{"status": 404, "title": "Not Found", "detail": "The resource could not be found.\n\n No resource provider with uuid 61544431-ce66-48e9-bc0d-e14eae2c252b found for delete ", "request_id": "req-1c8fc761-bdd9-4aee-a55e-22fb3f1c9ea6"}]}
2026-06-13 23:58:16.339 8 INFO neutron.services.segments.plugin [-] Segment 61544431-ce66-48e9-bc0d-e14eae2c252b resource provider not found; error: Placement Client Error (4xx): {"errors": [{"status": 404, "title": "Not Found", "detail": "The resource could not be found.\n\n No resource provider with uuid 61544431-ce66-48e9-bc0d-e14eae2c252b found for delete ", "request_id": "req-dc59e5a3-1e69-4a7c-b75b-ee4684d9f5d1"}]} [pid: 8|app: 0|req: 705/1399] 10.0.0.9 () {32 vars in 723 bytes} [Sat Jun 13 23:58:15 2026] DELETE /v2.0/networks/825848ae-d46d-499c-b8ea-64621a9d21bb => generated 0 bytes in 457 msecs (HTTP/1.1 204) 3 headers in 131 bytes (1 switches on core 0) [pid: 8|app: 0|req: 706/1400] 10.0.0.9 () {32 vars in 771 bytes} [Sat Jun 13 23:58:16 2026] GET /v2.0/security-groups?tenant_id=4bac8d5578144c38a67a555db6879170&name=default => generated 2925 bytes in 37 msecs (HTTP/1.1 200) 4 headers in 158 bytes (1 switches on core 0)
2026-06-13 23:58:16.560 7 WARNING neutron.scheduler.dhcp_agent_scheduler [None req-4795465e-f429-414a-8e27-0374bdcc98e3 e32be8ce816a43c6a8613fe9d454d202 1499b50286684218b85c33d6bf112eae - - default default] No more DHCP agents
2026-06-13 23:58:16.562 7 WARNING neutron.api.rpc.agentnotifiers.dhcp_rpc_agent_api [None req-4795465e-f429-414a-8e27-0374bdcc98e3 e32be8ce816a43c6a8613fe9d454d202 1499b50286684218b85c33d6bf112eae - - default default] Unable to schedule network f1d53d8c-4fa7-40f4-b07a-620bdd2c8595: no agents available; will retry on subsequent port and subnet creation events. [pid: 8|app: 0|req: 707/1401] 10.0.0.9 () {32 vars in 737 bytes} [Sat Jun 13 23:58:16 2026] DELETE /v2.0/security-groups/60aa1e05-c7db-46a4-8616-6ee11a6dd7fb => generated 0 bytes in 276 msecs (HTTP/1.1 204) 2 headers in 112 bytes (1 switches on core 0)
2026-06-13 23:58:17.072 7 INFO neutron.db.ovn_revision_numbers_db [None req-7539178c-d8b7-459f-973e-000c79dc8f29 - - - - - -] Successfully bumped revision number for resource d8ba3e20-22fc-4cac-a0f2-22c74de90893 (type: ports) to 2
2026-06-13 23:58:17.111 7 INFO neutron.db.ovn_revision_numbers_db [None req-7539178c-d8b7-459f-973e-000c79dc8f29 - - - - - -] Successfully bumped revision number for resource de993313-5b67-4754-9596-03fe072f1cae (type: subnets) to 0 [pid: 7|app: 0|req: 695/1402] 10.0.0.9 () {34 vars in 666 bytes} [Sat Jun 13 23:58:16 2026] POST /v2.0/subnets => generated 626 bytes in 800 msecs (HTTP/1.1 201) 4 headers in 162 bytes (1 switches on core 0)
2026-06-13 23:58:17.282 7 INFO neutron.db.ovn_revision_numbers_db [None req-bae96da8-e225-4512-bff3-96dfe073ac23 e32be8ce816a43c6a8613fe9d454d202 1499b50286684218b85c33d6bf112eae - - default default] Successfully bumped revision number for resource 1b8457e9-379a-4f98-ba79-7a4f5635db90 (type: routers) to 1 [pid: 7|app: 0|req: 696/1403] 10.0.0.9 () {34 vars in 666 bytes} [Sat Jun 13 23:58:17 2026] POST /v2.0/routers => generated 603 bytes in 176 msecs (HTTP/1.1 201) 4 headers in 162 bytes (1 switches on core 0)
2026-06-13 23:58:17.322 8 INFO neutron.db.ovn_revision_numbers_db [None req-e165cf74-c43f-4c3e-8a0d-81cfbd15ec13 9ae72a1fa9cf4cb19cefe44777716ccc 2906a580d07d4b5da604d3270ba51b69 - - default default] Successfully bumped revision number for resource 26d2379f-0fa5-408d-a17c-2a716053caa6 (type: security_groups) to 1
2026-06-13 23:58:17.334 8 INFO neutron.db.ovn_revision_numbers_db [None req-e165cf74-c43f-4c3e-8a0d-81cfbd15ec13 9ae72a1fa9cf4cb19cefe44777716ccc 2906a580d07d4b5da604d3270ba51b69 - - default default] Successfully bumped revision number for resource 0c6519c7-24d6-4ee7-91b7-fbb7b3ef2249 (type: security_group_rules) to 0
2026-06-13 23:58:17.347 8 INFO neutron.db.ovn_revision_numbers_db [None req-e165cf74-c43f-4c3e-8a0d-81cfbd15ec13 9ae72a1fa9cf4cb19cefe44777716ccc 2906a580d07d4b5da604d3270ba51b69 - - default default] Successfully bumped revision number for resource b4f5bb62-1d8e-4e9c-ac87-25214b4a0711 (type: security_group_rules) to 0
2026-06-13 23:58:17.357 8 INFO neutron.db.ovn_revision_numbers_db [None req-e165cf74-c43f-4c3e-8a0d-81cfbd15ec13 9ae72a1fa9cf4cb19cefe44777716ccc 2906a580d07d4b5da604d3270ba51b69 - - default default] Successfully bumped revision number for resource d405318f-4a46-462d-98fd-656621eac8e2 (type: security_group_rules) to 0
2026-06-13 23:58:17.370 8 INFO neutron.db.ovn_revision_numbers_db [None req-e165cf74-c43f-4c3e-8a0d-81cfbd15ec13 9ae72a1fa9cf4cb19cefe44777716ccc 2906a580d07d4b5da604d3270ba51b69 - - default default] Successfully bumped revision number for resource e72efdee-c098-4422-a0bd-18687d0995d0 (type: security_group_rules) to 0
2026-06-13 23:58:17.447 8 INFO neutron.db.segments_db [None req-e165cf74-c43f-4c3e-8a0d-81cfbd15ec13 9ae72a1fa9cf4cb19cefe44777716ccc 2906a580d07d4b5da604d3270ba51b69 - - default default] Added segment feee1f1a-5064-45a8-a51a-55a79d70e3c1 of type geneve for network a5deaef1-6182-4e21-a0cb-cb9b49b0ab26
2026-06-13 23:58:17.579 8 INFO neutron.db.ovn_revision_numbers_db [None req-e165cf74-c43f-4c3e-8a0d-81cfbd15ec13 9ae72a1fa9cf4cb19cefe44777716ccc 2906a580d07d4b5da604d3270ba51b69 - - default default] Successfully bumped revision number for resource a5deaef1-6182-4e21-a0cb-cb9b49b0ab26 (type: networks) to 1
2026-06-13 23:58:17.736 8 WARNING neutron.scheduler.dhcp_agent_scheduler [None req-e165cf74-c43f-4c3e-8a0d-81cfbd15ec13 9ae72a1fa9cf4cb19cefe44777716ccc 2906a580d07d4b5da604d3270ba51b69 - - default default] No more DHCP agents
2026-06-13 23:58:17.738 8 WARNING neutron.api.rpc.agentnotifiers.dhcp_rpc_agent_api [None req-e165cf74-c43f-4c3e-8a0d-81cfbd15ec13 9ae72a1fa9cf4cb19cefe44777716ccc 2906a580d07d4b5da604d3270ba51b69 - - default default] Unable to schedule network a5deaef1-6182-4e21-a0cb-cb9b49b0ab26: no agents available; will retry on subsequent port and subnet creation events.
2026-06-13 23:58:17.753 7 WARNING neutron.scheduler.dhcp_agent_scheduler [None req-eb856c91-ae26-4171-abef-1b59caaa8ed2 e32be8ce816a43c6a8613fe9d454d202 1499b50286684218b85c33d6bf112eae - - default default] No more DHCP agents
2026-06-13 23:58:17.754 7 WARNING neutron.api.rpc.agentnotifiers.dhcp_rpc_agent_api [None req-eb856c91-ae26-4171-abef-1b59caaa8ed2 e32be8ce816a43c6a8613fe9d454d202 1499b50286684218b85c33d6bf112eae - - default default] Unable to schedule network f689d124-3a68-4445-a967-eecef660c4ec: no agents available; will retry on subsequent port and subnet creation events.
2026-06-13 23:58:17.813 8 INFO neutron.plugins.ml2.drivers.ovn.mech_driver.mech_driver [None req-e6d81a84-e0af-43ac-974d-aa0946ebdd35 - - - - - -] OVN reports status down for port: c33d11c1-167d-4c06-b9f3-ac99aca678d0
2026-06-13 23:58:17.900 8 INFO neutron.db.ovn_revision_numbers_db [None req-e165cf74-c43f-4c3e-8a0d-81cfbd15ec13 9ae72a1fa9cf4cb19cefe44777716ccc 2906a580d07d4b5da604d3270ba51b69 - - default default] Successfully bumped revision number for resource c33d11c1-167d-4c06-b9f3-ac99aca678d0 (type: ports) to 1 [pid: 8|app: 0|req: 708/1404] 10.0.0.9 () {34 vars in 667 bytes} [Sat Jun 13 23:58:17 2026] POST /v2.0/networks => generated 632 bytes in 942 msecs (HTTP/1.1 201) 4 headers in 162 bytes (1 switches on core 0)
2026-06-13 23:58:18.025 8 INFO neutron.plugins.ml2.drivers.ovn.mech_driver.mech_driver [None req-e6d81a84-e0af-43ac-974d-aa0946ebdd35 - - - - - -] OVN reports status down for port: 4c079e2f-0a4d-41fb-b717-d1760ce8ef5f
2026-06-13 23:58:18.029 7 INFO neutron.db.ovn_revision_numbers_db [None req-eb856c91-ae26-4171-abef-1b59caaa8ed2 e32be8ce816a43c6a8613fe9d454d202 1499b50286684218b85c33d6bf112eae - - default default] Successfully bumped revision number for resource 4c079e2f-0a4d-41fb-b717-d1760ce8ef5f (type: ports) to 1
2026-06-13 23:58:18.243 8 WARNING neutron.scheduler.dhcp_agent_scheduler [None req-495eb338-fd04-4c67-bc39-2ab62e87d0f3 9ae72a1fa9cf4cb19cefe44777716ccc 2906a580d07d4b5da604d3270ba51b69 - - default default] No more DHCP agents
2026-06-13 23:58:18.244 8 WARNING neutron.api.rpc.agentnotifiers.dhcp_rpc_agent_api [None req-495eb338-fd04-4c67-bc39-2ab62e87d0f3 9ae72a1fa9cf4cb19cefe44777716ccc 2906a580d07d4b5da604d3270ba51b69 - - default default] Unable to schedule network a5deaef1-6182-4e21-a0cb-cb9b49b0ab26: no agents available; will retry on subsequent port and subnet creation events.
2026-06-13 23:58:18.315 8 INFO neutron.plugins.ml2.drivers.ovn.mech_driver.mech_driver [None req-e6d81a84-e0af-43ac-974d-aa0946ebdd35 - - - - - -] OVN reports status down for port: 49e5de30-c6d5-465a-a642-0223c10e6fdf
2026-06-13 23:58:18.393 8 INFO neutron.db.ovn_revision_numbers_db [None req-495eb338-fd04-4c67-bc39-2ab62e87d0f3 9ae72a1fa9cf4cb19cefe44777716ccc 2906a580d07d4b5da604d3270ba51b69 - - default default] Successfully bumped revision number for resource 49e5de30-c6d5-465a-a642-0223c10e6fdf (type: ports) to 1 [pid: 8|app: 0|req: 709/1405] 10.0.0.9 () {34 vars in 661 bytes} [Sat Jun 13 23:58:17 2026] POST /v2.0/ports => generated 743 bytes in 488 msecs (HTTP/1.1 201) 4 headers in 162 bytes (1 switches on core 0) /var/lib/openstack/lib/python3.12/site-packages/pycadf/identifier.py:70: UserWarning: Invalid uuid: neutron. To ensure interoperability, identifiers should be a valid uuid. warnings.warn(('Invalid uuid: %s. To ensure interoperability, '
2026-06-13 23:58:18.555 8 INFO neutron.db.segments_db [None req-2bb295ec-b016-4e91-9776-8f6074be8a54 9ae72a1fa9cf4cb19cefe44777716ccc 2906a580d07d4b5da604d3270ba51b69 - - default default] Added segment 789918e0-3ae5-4eaa-9538-91cc832c917e of type geneve for network d539258f-c076-497d-926d-fd2112c52edd
2026-06-13 23:58:18.630 8 INFO neutron.plugins.ml2.drivers.ovn.mech_driver.mech_driver [None req-e6d81a84-e0af-43ac-974d-aa0946ebdd35 - - - - - -] OVN reports status up for port: 4c079e2f-0a4d-41fb-b717-d1760ce8ef5f
2026-06-13 23:58:18.650 8 INFO neutron.plugins.ml2.plugin [None req-e6d81a84-e0af-43ac-974d-aa0946ebdd35 - - - - - -] Attempt 1 to provision port 4c079e2f-0a4d-41fb-b717-d1760ce8ef5f
2026-06-13 23:58:18.664 7 WARNING neutron.scheduler.dhcp_agent_scheduler [None req-eb856c91-ae26-4171-abef-1b59caaa8ed2 e32be8ce816a43c6a8613fe9d454d202 1499b50286684218b85c33d6bf112eae - - default default] No more DHCP agents
2026-06-13 23:58:18.665 7 WARNING neutron.api.rpc.agentnotifiers.dhcp_rpc_agent_api [None req-eb856c91-ae26-4171-abef-1b59caaa8ed2 e32be8ce816a43c6a8613fe9d454d202 1499b50286684218b85c33d6bf112eae - - default default] Unable to schedule network f689d124-3a68-4445-a967-eecef660c4ec: no agents available; will retry on subsequent port and subnet creation events.
2026-06-13 23:58:18.764 8 INFO neutron.db.ovn_revision_numbers_db [None req-2bb295ec-b016-4e91-9776-8f6074be8a54 9ae72a1fa9cf4cb19cefe44777716ccc 2906a580d07d4b5da604d3270ba51b69 - - default default] Successfully bumped revision number for resource d539258f-c076-497d-926d-fd2112c52edd (type: networks) to 1
2026-06-13 23:58:18.921 7 INFO neutron.db.ovn_revision_numbers_db [None req-eb856c91-ae26-4171-abef-1b59caaa8ed2 e32be8ce816a43c6a8613fe9d454d202 1499b50286684218b85c33d6bf112eae - - default default] Successfully bumped revision number for resource 4c079e2f-0a4d-41fb-b717-d1760ce8ef5f (type: router_ports) to 1 [pid: 7|app: 0|req: 697/1406] 10.0.0.9 () {34 vars in 780 bytes} [Sat Jun 13 23:58:17 2026] PUT /v2.0/routers/1b8457e9-379a-4f98-ba79-7a4f5635db90/add_router_interface => generated 309 bytes in 1612 msecs (HTTP/1.1 200) 4 headers in 157 bytes (1 switches on core 0)
2026-06-13 23:58:19.225 8 WARNING neutron.scheduler.dhcp_agent_scheduler [None req-2bb295ec-b016-4e91-9776-8f6074be8a54 9ae72a1fa9cf4cb19cefe44777716ccc 2906a580d07d4b5da604d3270ba51b69 - - default default] No more DHCP agents
2026-06-13 23:58:19.226 8 WARNING neutron.api.rpc.agentnotifiers.dhcp_rpc_agent_api [None req-2bb295ec-b016-4e91-9776-8f6074be8a54 9ae72a1fa9cf4cb19cefe44777716ccc 2906a580d07d4b5da604d3270ba51b69 - - default default] Unable to schedule network d539258f-c076-497d-926d-fd2112c52edd: no agents available; will retry on subsequent port and subnet creation events.
2026-06-13 23:58:19.231 7 INFO neutron.db.ovn_revision_numbers_db [None req-e4059b29-c309-438a-8b98-660b08969835 f4d05326e4774ee193b23f2eb5266e0a a179875f9d324b1eb16e22e09375f7cc - - default default] Successfully bumped revision number for resource 9791a9f1-c13d-4556-a888-fd385b564a62 (type: security_groups) to 1
2026-06-13 23:58:19.247 7 INFO neutron.db.ovn_revision_numbers_db [None req-e4059b29-c309-438a-8b98-660b08969835 f4d05326e4774ee193b23f2eb5266e0a a179875f9d324b1eb16e22e09375f7cc - - default default] Successfully bumped revision number for resource 18774f6e-50ab-4886-b472-ee83ff502af6 (type: security_group_rules) to 0
2026-06-13 23:58:19.261 7 INFO neutron.db.ovn_revision_numbers_db [None req-e4059b29-c309-438a-8b98-660b08969835 f4d05326e4774ee193b23f2eb5266e0a a179875f9d324b1eb16e22e09375f7cc - - default default] Successfully bumped revision number for resource 641cf990-d082-43c4-8d6c-ff8be46c8c8e (type: security_group_rules) to 0
2026-06-13 23:58:19.277 7 INFO neutron.db.ovn_revision_numbers_db [None req-e4059b29-c309-438a-8b98-660b08969835 f4d05326e4774ee193b23f2eb5266e0a a179875f9d324b1eb16e22e09375f7cc - - default default] Successfully bumped revision number for resource a8d7470f-bbbf-4d72-8589-e7b3f3dbbafc (type: security_group_rules) to 0
2026-06-13 23:58:19.301 7 INFO neutron.db.ovn_revision_numbers_db [None req-e4059b29-c309-438a-8b98-660b08969835 f4d05326e4774ee193b23f2eb5266e0a a179875f9d324b1eb16e22e09375f7cc - - default default] Successfully bumped revision number for resource affe6fc3-2dac-4e18-bd01-07efe8ec75e8 (type: security_group_rules) to 0
2026-06-13 23:58:19.399 7 INFO neutron.db.segments_db [None req-e4059b29-c309-438a-8b98-660b08969835 f4d05326e4774ee193b23f2eb5266e0a a179875f9d324b1eb16e22e09375f7cc - - default default] Added segment a5bc4d51-8083-4426-9233-f815df531c05 of type geneve for network bec8f088-0241-4055-aded-336ba123c720
2026-06-13 23:58:19.471 8 INFO neutron.db.ovn_revision_numbers_db [None req-2bb295ec-b016-4e91-9776-8f6074be8a54 9ae72a1fa9cf4cb19cefe44777716ccc 2906a580d07d4b5da604d3270ba51b69 - - default default] Successfully bumped revision number for resource f2b7c4a8-33cc-493f-b250-24627739e154 (type: ports) to 1 [pid: 8|app: 0|req: 710/1407] 10.0.0.9 () {34 vars in 667 bytes} [Sat Jun 13 23:58:18 2026] POST /v2.0/networks => generated 632 bytes in 1064 msecs (HTTP/1.1 201) 4 headers in 162 bytes (1 switches on core 0)
2026-06-13 23:58:19.556 7 INFO neutron.db.ovn_revision_numbers_db [None req-e4059b29-c309-438a-8b98-660b08969835 f4d05326e4774ee193b23f2eb5266e0a a179875f9d324b1eb16e22e09375f7cc - - default default] Successfully bumped revision number for resource bec8f088-0241-4055-aded-336ba123c720 (type: networks) to 1
2026-06-13 23:58:19.591 8 INFO neutron.db.ovn_revision_numbers_db [None req-e6d81a84-e0af-43ac-974d-aa0946ebdd35 - - - - - -] Successfully bumped revision number for resource 4c079e2f-0a4d-41fb-b717-d1760ce8ef5f (type: ports) to 2 [pid: 8|app: 0|req: 711/1408] 10.0.0.9 () {32 vars in 714 bytes} [Sat Jun 13 23:58:19 2026] GET /v2.0/ports/4c079e2f-0a4d-41fb-b717-d1760ce8ef5f => generated 943 bytes in 155 msecs (HTTP/1.1 200) 4 headers in 157 bytes (1 switches on core 0)
2026-06-13 23:58:19.702 7 WARNING neutron.scheduler.dhcp_agent_scheduler [None req-e4059b29-c309-438a-8b98-660b08969835 f4d05326e4774ee193b23f2eb5266e0a a179875f9d324b1eb16e22e09375f7cc - - default default] No more DHCP agents
2026-06-13 23:58:19.706 7 WARNING neutron.api.rpc.agentnotifiers.dhcp_rpc_agent_api [None req-e4059b29-c309-438a-8b98-660b08969835 f4d05326e4774ee193b23f2eb5266e0a a179875f9d324b1eb16e22e09375f7cc - - default default] Unable to schedule network bec8f088-0241-4055-aded-336ba123c720: no agents available; will retry on subsequent port and subnet creation events.
2026-06-13 23:58:19.833 7 INFO neutron.db.ovn_revision_numbers_db [None req-e4059b29-c309-438a-8b98-660b08969835 f4d05326e4774ee193b23f2eb5266e0a a179875f9d324b1eb16e22e09375f7cc - - default default] Successfully bumped revision number for resource 3839465a-e6c8-43d1-8623-fc5e194ee9f7 (type: ports) to 1 [pid: 7|app: 0|req: 698/1409] 10.0.0.9 () {34 vars in 668 bytes} [Sat Jun 13 23:58:18 2026] POST /v2.0/networks => generated 747 bytes in 937 msecs (HTTP/1.1 201) 4 headers in 162 bytes (1 switches on core 0)
2026-06-13 23:58:19.983 8 WARNING neutron.scheduler.dhcp_agent_scheduler [None req-1d7c638f-d4e0-409c-ab47-75975c52b5e1 9ae72a1fa9cf4cb19cefe44777716ccc 2906a580d07d4b5da604d3270ba51b69 - - default default] No more DHCP agents
2026-06-13 23:58:19.985 8 WARNING neutron.api.rpc.agentnotifiers.dhcp_rpc_agent_api [None req-1d7c638f-d4e0-409c-ab47-75975c52b5e1 9ae72a1fa9cf4cb19cefe44777716ccc 2906a580d07d4b5da604d3270ba51b69 - - default default] Unable to schedule network d539258f-c076-497d-926d-fd2112c52edd: no agents available; will retry on subsequent port and subnet creation events.
2026-06-13 23:58:20.117 8 INFO neutron.db.ovn_revision_numbers_db [None req-1d7c638f-d4e0-409c-ab47-75975c52b5e1 9ae72a1fa9cf4cb19cefe44777716ccc 2906a580d07d4b5da604d3270ba51b69 - - default default] Successfully bumped revision number for resource 870ef800-23ec-4827-afc0-f895f54de3e9 (type: ports) to 1 [pid: 8|app: 0|req: 712/1410] 10.0.0.9 () {34 vars in 661 bytes} [Sat Jun 13 23:58:19 2026] POST /v2.0/ports => generated 743 bytes in 476 msecs (HTTP/1.1 201) 4 headers in 162 bytes (1 switches on core 0) /var/lib/openstack/lib/python3.12/site-packages/pycadf/identifier.py:70: UserWarning: Invalid uuid: neutron. To ensure interoperability, identifiers should be a valid uuid. warnings.warn(('Invalid uuid: %s. To ensure interoperability, '
2026-06-13 23:58:20.284 8 WARNING neutron.scheduler.dhcp_agent_scheduler [None req-a9838742-06e3-4e82-93b1-3375bdc31fda f4d05326e4774ee193b23f2eb5266e0a a179875f9d324b1eb16e22e09375f7cc - - default default] No more DHCP agents
2026-06-13 23:58:20.286 8 WARNING neutron.api.rpc.agentnotifiers.dhcp_rpc_agent_api [None req-a9838742-06e3-4e82-93b1-3375bdc31fda f4d05326e4774ee193b23f2eb5266e0a a179875f9d324b1eb16e22e09375f7cc - - default default] Unable to schedule network bec8f088-0241-4055-aded-336ba123c720: no agents available; will retry on subsequent port and subnet creation events.
2026-06-13 23:58:20.333 7 WARNING neutron.scheduler.dhcp_agent_scheduler [None req-06c54239-0b4c-4893-8f2c-27b9c79af5bc e32be8ce816a43c6a8613fe9d454d202 1499b50286684218b85c33d6bf112eae - - default default] No more DHCP agents
2026-06-13 23:58:20.335 7 WARNING neutron.api.rpc.agentnotifiers.dhcp_rpc_agent_api [None req-06c54239-0b4c-4893-8f2c-27b9c79af5bc e32be8ce816a43c6a8613fe9d454d202 1499b50286684218b85c33d6bf112eae - - default default] Unable to schedule network f1d53d8c-4fa7-40f4-b07a-620bdd2c8595: no agents available; will retry on subsequent port and subnet creation events.
2026-06-13 23:58:20.505 7 INFO neutron.db.ovn_revision_numbers_db [None req-06c54239-0b4c-4893-8f2c-27b9c79af5bc e32be8ce816a43c6a8613fe9d454d202 1499b50286684218b85c33d6bf112eae - - default default] Successfully bumped revision number for resource a7d5892b-862c-4e76-a4b8-2f47341d4b9a (type: ports) to 1
2026-06-13 23:58:20.760 8 INFO neutron.db.ovn_revision_numbers_db [None req-84bf47bb-0a36-4815-aa68-11d473694a89 - - - - - -] Successfully bumped revision number for resource 3839465a-e6c8-43d1-8623-fc5e194ee9f7 (type: ports) to 2
2026-06-13 23:58:20.791 8 INFO neutron.db.ovn_revision_numbers_db [None req-84bf47bb-0a36-4815-aa68-11d473694a89 - - - - - -] Successfully bumped revision number for resource bd66418b-ab18-4808-9dc1-16415cb0d73f (type: subnets) to 0 [pid: 8|app: 0|req: 713/1411] 10.0.0.9 () {34 vars in 666 bytes} [Sat Jun 13 23:58:20 2026] POST /v2.0/subnets => generated 691 bytes in 641 msecs (HTTP/1.1 201) 4 headers in 162 bytes (1 switches on core 0)
2026-06-13 23:58:20.916 8 INFO neutron.db.segments_db [None req-2779d6e7-119f-427a-85fd-2f4d442eed33 9ae72a1fa9cf4cb19cefe44777716ccc 2906a580d07d4b5da604d3270ba51b69 - - default default] Added segment 1c691344-e06c-4bbd-946a-0436ed90cf71 of type geneve for network 3d91deb7-21fd-41d4-ae9b-bc40d3c7da72
2026-06-13 23:58:21.068 8 INFO neutron.db.ovn_revision_numbers_db [None req-2779d6e7-119f-427a-85fd-2f4d442eed33 9ae72a1fa9cf4cb19cefe44777716ccc 2906a580d07d4b5da604d3270ba51b69 - - default default] Successfully bumped revision number for resource 3d91deb7-21fd-41d4-ae9b-bc40d3c7da72 (type: networks) to 1
2026-06-13 23:58:21.256 8 WARNING neutron.scheduler.dhcp_agent_scheduler [None req-2779d6e7-119f-427a-85fd-2f4d442eed33 9ae72a1fa9cf4cb19cefe44777716ccc 2906a580d07d4b5da604d3270ba51b69 - - default default] No more DHCP agents
2026-06-13 23:58:21.257 8 WARNING neutron.api.rpc.agentnotifiers.dhcp_rpc_agent_api [None req-2779d6e7-119f-427a-85fd-2f4d442eed33 9ae72a1fa9cf4cb19cefe44777716ccc 2906a580d07d4b5da604d3270ba51b69 - - default default] Unable to schedule network 3d91deb7-21fd-41d4-ae9b-bc40d3c7da72: no agents available; will retry on subsequent port and subnet creation events.
2026-06-13 23:58:21.264 7 WARNING neutron.scheduler.dhcp_agent_scheduler [None req-06c54239-0b4c-4893-8f2c-27b9c79af5bc e32be8ce816a43c6a8613fe9d454d202 1499b50286684218b85c33d6bf112eae - - default default] No more DHCP agents
2026-06-13 23:58:21.265 7 WARNING neutron.api.rpc.agentnotifiers.dhcp_rpc_agent_api [None req-06c54239-0b4c-4893-8f2c-27b9c79af5bc e32be8ce816a43c6a8613fe9d454d202 1499b50286684218b85c33d6bf112eae - - default default] Unable to schedule network f1d53d8c-4fa7-40f4-b07a-620bdd2c8595: no agents available; will retry on subsequent port and subnet creation events.
2026-06-13 23:58:21.364 8 INFO neutron.db.ovn_revision_numbers_db [None req-2779d6e7-119f-427a-85fd-2f4d442eed33 9ae72a1fa9cf4cb19cefe44777716ccc 2906a580d07d4b5da604d3270ba51b69 - - default default] Successfully bumped revision number for resource 4733cec4-2df6-422c-8176-327474c0ae2b (type: ports) to 1 [pid: 8|app: 0|req: 714/1412] 10.0.0.9 () {34 vars in 667 bytes} [Sat Jun 13 23:58:20 2026] POST /v2.0/networks => generated 632 bytes in 580 msecs (HTTP/1.1 201) 4 headers in 162 bytes (1 switches on core 0)
2026-06-13 23:58:21.516 7 INFO neutron.db.ovn_revision_numbers_db [None req-06c54239-0b4c-4893-8f2c-27b9c79af5bc e32be8ce816a43c6a8613fe9d454d202 1499b50286684218b85c33d6bf112eae - - default default] Successfully bumped revision number for resource a7d5892b-862c-4e76-a4b8-2f47341d4b9a (type: router_ports) to 1 [pid: 7|app: 0|req: 699/1413] 10.0.0.9 () {34 vars in 780 bytes} [Sat Jun 13 23:58:19 2026] PUT /v2.0/routers/1b8457e9-379a-4f98-ba79-7a4f5635db90/add_router_interface => generated 309 bytes in 1656 msecs (HTTP/1.1 200) 4 headers in 157 bytes (1 switches on core 0)
2026-06-13 23:58:21.718 7 WARNING neutron.scheduler.dhcp_agent_scheduler [None req-ac5f0618-8c64-4806-b9fb-ee7de0e0ff05 9ae72a1fa9cf4cb19cefe44777716ccc 2906a580d07d4b5da604d3270ba51b69 - - default default] No more DHCP agents
2026-06-13 23:58:21.719 7 WARNING neutron.api.rpc.agentnotifiers.dhcp_rpc_agent_api [None req-ac5f0618-8c64-4806-b9fb-ee7de0e0ff05 9ae72a1fa9cf4cb19cefe44777716ccc 2906a580d07d4b5da604d3270ba51b69 - - default default] Unable to schedule network 3d91deb7-21fd-41d4-ae9b-bc40d3c7da72: no agents available; will retry on subsequent port and subnet creation events.
2026-06-13 23:58:21.885 7 INFO neutron.db.ovn_revision_numbers_db [None req-ac5f0618-8c64-4806-b9fb-ee7de0e0ff05 9ae72a1fa9cf4cb19cefe44777716ccc 2906a580d07d4b5da604d3270ba51b69 - - default default] Successfully bumped revision number for resource e5d91aab-43e8-4ce1-b089-9cd22d03bca8 (type: ports) to 1 [pid: 7|app: 0|req: 700/1414] 10.0.0.9 () {34 vars in 661 bytes} [Sat Jun 13 23:58:21 2026] POST /v2.0/ports => generated 743 bytes in 434 msecs (HTTP/1.1 201) 4 headers in 162 bytes (1 switches on core 0) /var/lib/openstack/lib/python3.12/site-packages/pycadf/identifier.py:70: UserWarning: Invalid uuid: neutron. To ensure interoperability, identifiers should be a valid uuid. warnings.warn(('Invalid uuid: %s. To ensure interoperability, '
2026-06-13 23:58:21.999 8 WARNING neutron.scheduler.dhcp_agent_scheduler [None req-3a23d131-4c47-4937-9e91-b4a895ba849b f4d05326e4774ee193b23f2eb5266e0a a179875f9d324b1eb16e22e09375f7cc - - default default] No more DHCP agents
2026-06-13 23:58:22.001 8 WARNING neutron.api.rpc.agentnotifiers.dhcp_rpc_agent_api [None req-3a23d131-4c47-4937-9e91-b4a895ba849b f4d05326e4774ee193b23f2eb5266e0a a179875f9d324b1eb16e22e09375f7cc - - default default] Unable to schedule network ae5f4ad3-e372-4a1e-a4bc-c2439ab28cef: no agents available; will retry on subsequent port and subnet creation events. [pid: 7|app: 0|req: 701/1415] 10.0.0.9 () {32 vars in 714 bytes} [Sat Jun 13 23:58:21 2026] GET /v2.0/ports/a7d5892b-862c-4e76-a4b8-2f47341d4b9a => generated 941 bytes in 76 msecs (HTTP/1.1 200) 4 headers in 157 bytes (1 switches on core 0)
2026-06-13 23:58:22.117 7 INFO neutron.db.segments_db [None req-62b22b8e-da98-4781-862d-c576e8cde059 9ae72a1fa9cf4cb19cefe44777716ccc 2906a580d07d4b5da604d3270ba51b69 - - default default] Added segment 247b6af8-acdb-4ecc-9981-e0c837e57e3a of type geneve for network 156bcd46-ed8c-40c3-a04d-c11bf997ac5b
2026-06-13 23:58:22.192 8 INFO neutron.db.ovn_revision_numbers_db [None req-3a23d131-4c47-4937-9e91-b4a895ba849b f4d05326e4774ee193b23f2eb5266e0a a179875f9d324b1eb16e22e09375f7cc - - default default] Successfully bumped revision number for resource e56137dc-6e8b-45b6-9e62-fb1966d33b57 (type: ports) to 1
2026-06-13 23:58:22.282 7 INFO neutron.db.ovn_revision_numbers_db [None req-62b22b8e-da98-4781-862d-c576e8cde059 9ae72a1fa9cf4cb19cefe44777716ccc 2906a580d07d4b5da604d3270ba51b69 - - default default] Successfully bumped revision number for resource 156bcd46-ed8c-40c3-a04d-c11bf997ac5b (type: networks) to 1
2026-06-13 23:58:22.425 7 WARNING neutron.scheduler.dhcp_agent_scheduler [None req-62b22b8e-da98-4781-862d-c576e8cde059 9ae72a1fa9cf4cb19cefe44777716ccc 2906a580d07d4b5da604d3270ba51b69 - - default default] No more DHCP agents
2026-06-13 23:58:22.426 7 WARNING neutron.api.rpc.agentnotifiers.dhcp_rpc_agent_api [None req-62b22b8e-da98-4781-862d-c576e8cde059 9ae72a1fa9cf4cb19cefe44777716ccc 2906a580d07d4b5da604d3270ba51b69 - - default default] Unable to schedule network 156bcd46-ed8c-40c3-a04d-c11bf997ac5b: no agents available; will retry on subsequent port and subnet creation events.
2026-06-13 23:58:22.525 7 INFO neutron.db.ovn_revision_numbers_db [None req-62b22b8e-da98-4781-862d-c576e8cde059 9ae72a1fa9cf4cb19cefe44777716ccc 2906a580d07d4b5da604d3270ba51b69 - - default default] Successfully bumped revision number for resource e0b87935-7090-43d6-b42d-c86f47a2da7e (type: ports) to 1 [pid: 7|app: 0|req: 702/1416] 10.0.0.9 () {34 vars in 667 bytes} [Sat Jun 13 23:58:22 2026] POST /v2.0/networks => generated 632 bytes in 513 msecs (HTTP/1.1 201) 4 headers in 162 bytes (1 switches on core 0) [pid: 7|app: 0|req: 703/1417] 10.0.0.9 () {32 vars in 714 bytes} [Sat Jun 13 23:58:22 2026] GET /v2.0/ports/a7d5892b-862c-4e76-a4b8-2f47341d4b9a => generated 941 bytes in 40 msecs (HTTP/1.1 200) 4 headers in 157 bytes (1 switches on core 0)
2026-06-13 23:58:22.802 7 WARNING neutron.scheduler.dhcp_agent_scheduler [None req-2c411527-057a-41d6-a036-ad6c097cb5a6 9ae72a1fa9cf4cb19cefe44777716ccc 2906a580d07d4b5da604d3270ba51b69 - - default default] No more DHCP agents
2026-06-13 23:58:22.803 7 WARNING neutron.api.rpc.agentnotifiers.dhcp_rpc_agent_api [None req-2c411527-057a-41d6-a036-ad6c097cb5a6 9ae72a1fa9cf4cb19cefe44777716ccc 2906a580d07d4b5da604d3270ba51b69 - - default default] Unable to schedule network 156bcd46-ed8c-40c3-a04d-c11bf997ac5b: no agents available; will retry on subsequent port and subnet creation events.
2026-06-13 23:58:22.920 8 INFO neutron.plugins.ml2.drivers.ovn.mech_driver.ovsdb.commands [None req-e2b56681-61ff-4c2f-84c1-8393e7944c19 - - - - - -] Schedule LRP lrp-e56137dc-6e8b-45b6-9e62-fb1966d33b57 on gateway 514d2f2c-2dab-42aa-9020-8555d6a2b6db with priority 1
2026-06-13 23:58:23.023 8 INFO neutron.plugins.ml2.drivers.ovn.mech_driver.ovsdb.ovsdb_monitor [None req-99994217-02b9-4ba2-bb6c-c8b0d593208d - - - - - -] Router 322d1be9-8cf1-444b-88d4-e262fea73cec is bound to host instance
2026-06-13 23:58:23.065 8 INFO neutron.db.ovn_revision_numbers_db [None req-3a23d131-4c47-4937-9e91-b4a895ba849b f4d05326e4774ee193b23f2eb5266e0a a179875f9d324b1eb16e22e09375f7cc - - default default] Successfully bumped revision number for resource e56137dc-6e8b-45b6-9e62-fb1966d33b57 (type: router_ports) to 1
2026-06-13 23:58:23.074 7 INFO neutron.db.ovn_revision_numbers_db [None req-2c411527-057a-41d6-a036-ad6c097cb5a6 9ae72a1fa9cf4cb19cefe44777716ccc 2906a580d07d4b5da604d3270ba51b69 - - default default] Successfully bumped revision number for resource 50a14eef-19ed-435e-b518-8b72e79e3f64 (type: ports) to 1 [pid: 7|app: 0|req: 704/1418] 10.0.0.9 () {34 vars in 661 bytes} [Sat Jun 13 23:58:22 2026] POST /v2.0/ports => generated 743 bytes in 537 msecs (HTTP/1.1 201) 4 headers in 162 bytes (1 switches on core 0) /var/lib/openstack/lib/python3.12/site-packages/pycadf/identifier.py:70: UserWarning: Invalid uuid: neutron. To ensure interoperability, identifiers should be a valid uuid. warnings.warn(('Invalid uuid: %s. To ensure interoperability, '
2026-06-13 23:58:23.195 8 INFO neutron.db.ovn_revision_numbers_db [None req-3a23d131-4c47-4937-9e91-b4a895ba849b f4d05326e4774ee193b23f2eb5266e0a a179875f9d324b1eb16e22e09375f7cc - - default default] Successfully bumped revision number for resource 322d1be9-8cf1-444b-88d4-e262fea73cec (type: routers) to 2 [pid: 8|app: 0|req: 715/1419] 10.0.0.9 () {34 vars in 666 bytes} [Sat Jun 13 23:58:21 2026] POST /v2.0/routers => generated 969 bytes in 1831 msecs (HTTP/1.1 201) 4 headers in 162 bytes (1 switches on core 0)
2026-06-13 23:58:23.240 7 INFO neutron.db.segments_db [None req-6bd0638d-194a-47de-97f8-414abbcc17f4 9ae72a1fa9cf4cb19cefe44777716ccc 2906a580d07d4b5da604d3270ba51b69 - - default default] Added segment c43afcd4-cc2f-4601-af64-f6ccbebaede9 of type geneve for network 93abef7a-e7ef-4c6c-8d3c-93154518ca59
2026-06-13 23:58:23.395 7 INFO neutron.db.ovn_revision_numbers_db [None req-6bd0638d-194a-47de-97f8-414abbcc17f4 9ae72a1fa9cf4cb19cefe44777716ccc 2906a580d07d4b5da604d3270ba51b69 - - default default] Successfully bumped revision number for resource 93abef7a-e7ef-4c6c-8d3c-93154518ca59 (type: networks) to 1
2026-06-13 23:58:23.584 7 WARNING neutron.scheduler.dhcp_agent_scheduler [None req-6bd0638d-194a-47de-97f8-414abbcc17f4 9ae72a1fa9cf4cb19cefe44777716ccc 2906a580d07d4b5da604d3270ba51b69 - - default default] No more DHCP agents
2026-06-13 23:58:23.588 7 WARNING neutron.api.rpc.agentnotifiers.dhcp_rpc_agent_api [None req-6bd0638d-194a-47de-97f8-414abbcc17f4 9ae72a1fa9cf4cb19cefe44777716ccc 2906a580d07d4b5da604d3270ba51b69 - - default default] Unable to schedule network 93abef7a-e7ef-4c6c-8d3c-93154518ca59: no agents available; will retry on subsequent port and subnet creation events.
