2026-04-23 08:59:54.987 9 INFO neutron.wsgi [None req-9330bdac-46df-451c-a21f-316551b1a927 8cf4f528fcae4a0f83bdabd7dd0da55c d3bf5fc60afa48128fc0d361ee1a584b - - default default] 10.0.0.148 "DELETE /v2.0/policies/ec914ea9-4013-4f33-b889-99160dee80a1/tags/red HTTP/1.1" status: 204 len: 168 time: 0.0366740
2026-04-23 08:59:55.007 9 INFO neutron.wsgi [None req-5fc31e7c-9e16-49c9-872c-6b745379d904 8cf4f528fcae4a0f83bdabd7dd0da55c d3bf5fc60afa48128fc0d361ee1a584b - - default default] 10.0.0.148 "GET /v2.0/policies/ec914ea9-4013-4f33-b889-99160dee80a1/tags HTTP/1.1" status: 200 len: 223 time: 0.0139711
2026-04-23 08:59:55.029 9 INFO neutron.api.v2.resource [None req-e54ca092-6cb7-4ec1-8702-4d6afd309b71 8cf4f528fcae4a0f83bdabd7dd0da55c d3bf5fc60afa48128fc0d361ee1a584b - - default default] delete failed (client error): The resource could not be found.
2026-04-23 08:59:55.031 9 INFO neutron.wsgi [None req-e54ca092-6cb7-4ec1-8702-4d6afd309b71 8cf4f528fcae4a0f83bdabd7dd0da55c d3bf5fc60afa48128fc0d361ee1a584b - - default default] 10.0.0.148 "DELETE /v2.0/policies/ec914ea9-4013-4f33-b889-99160dee80a1/tags/green HTTP/1.1" status: 404 len: 299 time: 0.0195637
2026-04-23 08:59:55.061 9 INFO neutron.wsgi [None req-915b3057-94b9-4cda-a0a3-2375fae5255b 8cf4f528fcae4a0f83bdabd7dd0da55c d3bf5fc60afa48128fc0d361ee1a584b - - default default] 10.0.0.148 "DELETE /v2.0/policies/ec914ea9-4013-4f33-b889-99160dee80a1/tags HTTP/1.1" status: 204 len: 168 time: 0.0238414
2026-04-23 08:59:55.078 9 INFO neutron.wsgi [None req-f5575845-1f93-4586-b281-c4dd1ba318bf 8cf4f528fcae4a0f83bdabd7dd0da55c d3bf5fc60afa48128fc0d361ee1a584b - - default default] 10.0.0.148 "GET /v2.0/policies/ec914ea9-4013-4f33-b889-99160dee80a1/tags HTTP/1.1" status: 200 len: 205 time: 0.0124123
2026-04-23 08:59:55.167 9 INFO neutron.wsgi [None req-d7b580e4-10d0-441b-b49a-f29c0644474d 8cf4f528fcae4a0f83bdabd7dd0da55c d3bf5fc60afa48128fc0d361ee1a584b - - default default] 10.0.0.148 "DELETE /v2.0/qos/policies/ec914ea9-4013-4f33-b889-99160dee80a1 HTTP/1.1" status: 204 len: 168 time: 0.0664065
2026-04-23 08:59:56.121 10 INFO neutron.db.ovn_revision_numbers_db [None req-b52cdecc-7895-4c9a-8a97-ddfb40f650ff 3b8fed1cce4145eda7e305becc078a7e f8496f8ba56a4b14a1b7d6a9aa2af247 - - default default] Successfully bumped revision number for resource 75ec0b54-f3ea-4408-8d72-5bd7405b9a12 (type: security_groups) to 1
2026-04-23 08:59:56.133 10 INFO neutron.db.ovn_revision_numbers_db [None req-b52cdecc-7895-4c9a-8a97-ddfb40f650ff 3b8fed1cce4145eda7e305becc078a7e f8496f8ba56a4b14a1b7d6a9aa2af247 - - default default] Successfully bumped revision number for resource 1f5a5604-8c94-46fb-87b9-c99d0a4abcc2 (type: security_group_rules) to 0
2026-04-23 08:59:56.145 10 INFO neutron.db.ovn_revision_numbers_db [None req-b52cdecc-7895-4c9a-8a97-ddfb40f650ff 3b8fed1cce4145eda7e305becc078a7e f8496f8ba56a4b14a1b7d6a9aa2af247 - - default default] Successfully bumped revision number for resource 268b3271-5c02-40b3-9d5e-eda3b4241821 (type: security_group_rules) to 0
2026-04-23 08:59:56.163 10 INFO neutron.db.ovn_revision_numbers_db [None req-b52cdecc-7895-4c9a-8a97-ddfb40f650ff 3b8fed1cce4145eda7e305becc078a7e f8496f8ba56a4b14a1b7d6a9aa2af247 - - default default] Successfully bumped revision number for resource 7bcd3164-0e48-42a4-ac2c-40e682955ac0 (type: security_group_rules) to 0
2026-04-23 08:59:56.177 10 INFO neutron.db.ovn_revision_numbers_db [None req-b52cdecc-7895-4c9a-8a97-ddfb40f650ff 3b8fed1cce4145eda7e305becc078a7e f8496f8ba56a4b14a1b7d6a9aa2af247 - - default default] Successfully bumped revision number for resource b849bc18-f8d5-4864-a773-d9e2cd409fc3 (type: security_group_rules) to 0
2026-04-23 08:59:56.198 10 INFO neutron.wsgi [None req-b52cdecc-7895-4c9a-8a97-ddfb40f650ff 3b8fed1cce4145eda7e305becc078a7e f8496f8ba56a4b14a1b7d6a9aa2af247 - - default default] 10.0.0.148 "GET /v2.0/security-groups?tenant_id=d3bf5fc60afa48128fc0d361ee1a584b&name=default HTTP/1.1" status: 200 len: 3000 time: 0.3574312
2026-04-23 08:59:56.360 9 INFO neutron.wsgi [req-fa06ea54-9ae1-4848-a4b4-6cacf3562bbd req-994052ed-ab78-4028-bfef-f066ff26a214 0b90aaf067b5401a83d2c0610e4ae3a9 cb697062842e4831b466dd2615203c97 - - 5cc8a6ff47d14da9a8777c2cc4ba702d 5cc8a6ff47d14da9a8777c2cc4ba702d] 10.0.0.167 "GET /v2.0/ports?device_id=71c3f9ba-38c0-4004-97e2-f11ebb1442a3 HTTP/1.1" status: 200 len: 1634 time: 0.0397246
2026-04-23 08:59:56.403 10 INFO neutron.wsgi [None req-47869958-b74c-41f9-b650-4d284d9cb28c 3b8fed1cce4145eda7e305becc078a7e f8496f8ba56a4b14a1b7d6a9aa2af247 - - default default] 10.0.0.148 "DELETE /v2.0/security-groups/75ec0b54-f3ea-4408-8d72-5bd7405b9a12 HTTP/1.1" status: 204 len: 168 time: 0.1981666
2026-04-23 08:59:56.411 9 INFO neutron.wsgi [req-fa06ea54-9ae1-4848-a4b4-6cacf3562bbd req-f6d064a3-35d0-40e4-87ab-ab7bb32db463 0b90aaf067b5401a83d2c0610e4ae3a9 cb697062842e4831b466dd2615203c97 - - 5cc8a6ff47d14da9a8777c2cc4ba702d 5cc8a6ff47d14da9a8777c2cc4ba702d] 10.0.0.167 "GET /v2.0/security-groups?id=e686bc68-5919-48ca-baf6-be4065b16b73&fields=id&fields=name HTTP/1.1" status: 200 len: 310 time: 0.0440490
2026-04-23 08:59:56.680 10 INFO neutron.db.ovn_revision_numbers_db [None req-bc3f1d98-b89d-4d2a-b999-d1ce3ec94a21 3b8fed1cce4145eda7e305becc078a7e f8496f8ba56a4b14a1b7d6a9aa2af247 - - default default] Successfully bumped revision number for resource 02b2db77-3070-4d48-8eee-bf6f63c72ec7 (type: security_groups) to 1
2026-04-23 08:59:56.696 10 INFO neutron.db.ovn_revision_numbers_db [None req-bc3f1d98-b89d-4d2a-b999-d1ce3ec94a21 3b8fed1cce4145eda7e305becc078a7e f8496f8ba56a4b14a1b7d6a9aa2af247 - - default default] Successfully bumped revision number for resource 3cc15aa5-bde7-4a72-ba6f-0e2b42ad3de4 (type: security_group_rules) to 0
2026-04-23 08:59:56.710 10 INFO neutron.db.ovn_revision_numbers_db [None req-bc3f1d98-b89d-4d2a-b999-d1ce3ec94a21 3b8fed1cce4145eda7e305becc078a7e f8496f8ba56a4b14a1b7d6a9aa2af247 - - default default] Successfully bumped revision number for resource 71507611-fad3-40e6-af0e-8435f5c58da5 (type: security_group_rules) to 0
2026-04-23 08:59:56.721 10 INFO neutron.db.ovn_revision_numbers_db [None req-bc3f1d98-b89d-4d2a-b999-d1ce3ec94a21 3b8fed1cce4145eda7e305becc078a7e f8496f8ba56a4b14a1b7d6a9aa2af247 - - default default] Successfully bumped revision number for resource 943d1b08-1a99-491e-ac1c-7d6f21328d76 (type: security_group_rules) to 0
2026-04-23 08:59:56.733 10 INFO neutron.db.ovn_revision_numbers_db [None req-bc3f1d98-b89d-4d2a-b999-d1ce3ec94a21 3b8fed1cce4145eda7e305becc078a7e f8496f8ba56a4b14a1b7d6a9aa2af247 - - default default] Successfully bumped revision number for resource cc2f4b75-5724-438a-bda0-6043f8d0736f (type: security_group_rules) to 0
2026-04-23 08:59:56.756 10 INFO neutron.wsgi [None req-bc3f1d98-b89d-4d2a-b999-d1ce3ec94a21 3b8fed1cce4145eda7e305becc078a7e f8496f8ba56a4b14a1b7d6a9aa2af247 - - default default] 10.0.0.148 "GET /v2.0/security-groups?tenant_id=8a7f6ff8c192491286faab8d1e49d940&name=default HTTP/1.1" status: 200 len: 3000 time: 0.1891263
2026-04-23 08:59:56.955 10 INFO neutron.wsgi [None req-23ab79c7-b247-43a9-8630-33c9a14f173b 3b8fed1cce4145eda7e305becc078a7e f8496f8ba56a4b14a1b7d6a9aa2af247 - - default default] 10.0.0.148 "DELETE /v2.0/security-groups/02b2db77-3070-4d48-8eee-bf6f63c72ec7 HTTP/1.1" status: 204 len: 168 time: 0.1842685
2026-04-23 08:59:57.722 10 INFO neutron.db.ovn_revision_numbers_db [None req-ab1dc083-3be3-435b-8f47-46221c79eedd cad06574db844a04ad3c74571883ebb4 8c9377777f5f458b94043bb52c54ae84 - - default default] Successfully bumped revision number for resource ea1c3df7-b3f4-46dd-818d-48f9f6745fa3 (type: routers) to 1
2026-04-23 08:59:57.740 10 INFO neutron.wsgi [None req-ab1dc083-3be3-435b-8f47-46221c79eedd cad06574db844a04ad3c74571883ebb4 8c9377777f5f458b94043bb52c54ae84 - - default default] 10.0.0.148 "POST /v2.0/routers HTTP/1.1" status: 201 len: 654 time: 0.3606243
2026-04-23 08:59:57.940 10 INFO neutron.db.ovn_revision_numbers_db [None req-a1077af8-7b3d-48f1-9fc9-e5fce1da34b4 cad06574db844a04ad3c74571883ebb4 8c9377777f5f458b94043bb52c54ae84 - - default default] Successfully bumped revision number for resource fce17923-452c-4cd1-b4aa-42419a8ad643 (type: routers) to 1
2026-04-23 08:59:57.959 10 INFO neutron.wsgi [None req-a1077af8-7b3d-48f1-9fc9-e5fce1da34b4 cad06574db844a04ad3c74571883ebb4 8c9377777f5f458b94043bb52c54ae84 - - default default] 10.0.0.148 "POST /v2.0/routers HTTP/1.1" status: 201 len: 654 time: 0.2139091
2026-04-23 08:59:58.142 10 INFO neutron.db.ovn_revision_numbers_db [None req-579948cc-1dc7-4364-8e77-43be622b939b cad06574db844a04ad3c74571883ebb4 8c9377777f5f458b94043bb52c54ae84 - - default default] Successfully bumped revision number for resource 53ae0248-3943-4aaa-8063-33802a6707ec (type: routers) to 1
2026-04-23 08:59:58.158 10 INFO neutron.wsgi [None req-579948cc-1dc7-4364-8e77-43be622b939b cad06574db844a04ad3c74571883ebb4 8c9377777f5f458b94043bb52c54ae84 - - default default] 10.0.0.148 "POST /v2.0/routers HTTP/1.1" status: 201 len: 654 time: 0.1849592
2026-04-23 08:59:58.310 10 INFO neutron.db.ovn_revision_numbers_db [None req-db449932-710e-4dfc-8cac-e6fbd0cb7321 cad06574db844a04ad3c74571883ebb4 8c9377777f5f458b94043bb52c54ae84 - - default default] Successfully bumped revision number for resource 0322e7ba-ffd0-4ac8-8571-d572332edd02 (type: routers) to 1
2026-04-23 08:59:58.325 10 INFO neutron.wsgi [None req-db449932-710e-4dfc-8cac-e6fbd0cb7321 cad06574db844a04ad3c74571883ebb4 8c9377777f5f458b94043bb52c54ae84 - - default default] 10.0.0.148 "POST /v2.0/routers HTTP/1.1" status: 201 len: 654 time: 0.1607435
2026-04-23 08:59:58.501 10 INFO neutron.db.ovn_revision_numbers_db [None req-65b31a07-6299-4f7a-b8db-5bd3847000d7 cad06574db844a04ad3c74571883ebb4 8c9377777f5f458b94043bb52c54ae84 - - default default] Successfully bumped revision number for resource 5473e065-f3af-4914-b865-ea07933dfc4b (type: routers) to 1
2026-04-23 08:59:58.518 10 INFO neutron.wsgi [None req-65b31a07-6299-4f7a-b8db-5bd3847000d7 cad06574db844a04ad3c74571883ebb4 8c9377777f5f458b94043bb52c54ae84 - - default default] 10.0.0.148 "POST /v2.0/routers HTTP/1.1" status: 201 len: 654 time: 0.1849937
2026-04-23 08:59:58.592 10 INFO neutron.wsgi [None req-29d91016-dca6-439f-b5c9-61d7bf12bf0a cad06574db844a04ad3c74571883ebb4 8c9377777f5f458b94043bb52c54ae84 - - default default] 10.0.0.148 "PUT /v2.0/routers/ea1c3df7-b3f4-46dd-818d-48f9f6745fa3/tags HTTP/1.1" status: 200 len: 210 time: 0.0672441
2026-04-23 08:59:58.665 10 INFO neutron.wsgi [None req-a75296cf-6d80-4608-a0cb-3cfbbb766edd cad06574db844a04ad3c74571883ebb4 8c9377777f5f458b94043bb52c54ae84 - - default default] 10.0.0.148 "PUT /v2.0/routers/fce17923-452c-4cd1-b4aa-42419a8ad643/tags HTTP/1.1" status: 200 len: 218 time: 0.0670176
2026-04-23 08:59:58.731 10 INFO neutron.wsgi [None req-4be9c60f-d457-419c-9433-fa6171289b9d cad06574db844a04ad3c74571883ebb4 8c9377777f5f458b94043bb52c54ae84 - - default default] 10.0.0.148 "PUT /v2.0/routers/53ae0248-3943-4aaa-8063-33802a6707ec/tags HTTP/1.1" status: 200 len: 227 time: 0.0604639
2026-04-23 08:59:58.784 10 INFO neutron.wsgi [None req-986fe723-fc30-410c-8d4c-a2ed74180eff cad06574db844a04ad3c74571883ebb4 8c9377777f5f458b94043bb52c54ae84 - - default default] 10.0.0.148 "PUT /v2.0/routers/0322e7ba-ffd0-4ac8-8571-d572332edd02/tags HTTP/1.1" status: 200 len: 212 time: 0.0475814
2026-04-23 08:59:58.874 10 INFO neutron.wsgi [None req-4da8525c-73e2-43e6-98c7-13a7666f9c1d cad06574db844a04ad3c74571883ebb4 8c9377777f5f458b94043bb52c54ae84 - - default default] 10.0.0.148 "GET /v2.0/routers?tags=red HTTP/1.1" status: 200 len: 1601 time: 0.0839086
2026-04-23 08:59:58.952 10 INFO neutron.wsgi [None req-86f23a6f-e89e-48a0-9c6c-ba2efdf7735d cad06574db844a04ad3c74571883ebb4 8c9377777f5f458b94043bb52c54ae84 - - default default] 10.0.0.148 "GET /v2.0/routers?tags=red%2Cblue HTTP/1.1" status: 200 len: 1144 time: 0.0714154
2026-04-23 08:59:59.041 10 INFO neutron.wsgi [None req-d5203f16-0338-4f40-ab87-79e45bef7288 cad06574db844a04ad3c74571883ebb4 8c9377777f5f458b94043bb52c54ae84 - - default default] 10.0.0.148 "GET /v2.0/routers?tags-any=blue HTTP/1.1" status: 200 len: 1144 time: 0.0830257
2026-04-23 08:59:59.099 10 INFO neutron.wsgi [None req-3fc7e6cd-c2d0-497a-9aa4-2c7fbcf7cbd4 cad06574db844a04ad3c74571883ebb4 8c9377777f5f458b94043bb52c54ae84 - - default default] 10.0.0.148 "GET /v2.0/routers?tags-any=red%2Cblue HTTP/1.1" status: 200 len: 1601 time: 0.0522487
2026-04-23 08:59:59.478 10 INFO neutron.wsgi [None req-4b14a963-c0dc-422a-a964-3e91db1688c8 cad06574db844a04ad3c74571883ebb4 8c9377777f5f458b94043bb52c54ae84 - - default default] 10.0.0.148 "GET /v2.0/routers?not-tags=red HTTP/1.1" status: 200 len: 1116 time: 0.3731363
2026-04-23 08:59:59.558 10 INFO neutron.wsgi [None req-de554b36-e0d8-46f2-b285-7734649de6e0 cad06574db844a04ad3c74571883ebb4 8c9377777f5f458b94043bb52c54ae84 - - default default] 10.0.0.148 "GET /v2.0/routers?not-tags=red%2Cblue HTTP/1.1" status: 200 len: 1573 time: 0.0737526
2026-04-23 08:59:59.640 10 INFO neutron.wsgi [None req-6bbec43b-f640-4f35-91ae-987a11c9f140 cad06574db844a04ad3c74571883ebb4 8c9377777f5f458b94043bb52c54ae84 - - default default] 10.0.0.148 "GET /v2.0/routers?not-tags-any=blue HTTP/1.1" status: 200 len: 1573 time: 0.0762913
2026-04-23 08:59:59.718 9 INFO neutron.wsgi [None req-18daa3ec-5808-46e2-a277-b8b99121e4e3 cad06574db844a04ad3c74571883ebb4 8c9377777f5f458b94043bb52c54ae84 - - default default] 10.0.0.148 "GET /v2.0/routers?not-tags-any=red%2Cblue HTTP/1.1" status: 200 len: 1116 time: 0.0708544
2026-04-23 08:59:59.748 10 INFO neutron.wsgi [-] 10.0.0.75 "GET / HTTP/1.1" status: 200 len: 246 time: 0.0037744
2026-04-23 08:59:59.750 10 INFO neutron.wsgi [-] 10.0.0.75 "GET / HTTP/1.1" status: 200 len: 246 time: 0.0013337
2026-04-23 08:59:59.772 9 INFO neutron.wsgi [None req-1a7c6841-0a92-4ea1-b169-1fa7f5d5d0d3 cad06574db844a04ad3c74571883ebb4 8c9377777f5f458b94043bb52c54ae84 - - default default] 10.0.0.148 "GET /v2.0/routers/ea1c3df7-b3f4-46dd-818d-48f9f6745fa3 HTTP/1.1" status: 200 len: 660 time: 0.0487509
2026-04-23 09:00:00.251 10 INFO neutron.db.ovn_revision_numbers_db [None req-242f782b-c967-43bf-b6c2-809ac76eca89 cad06574db844a04ad3c74571883ebb4 8c9377777f5f458b94043bb52c54ae84 - - default default] Successfully bumped revision number for resource ea1c3df7-b3f4-46dd-818d-48f9f6745fa3 (type: routers) to 2
2026-04-23 09:00:00.255 10 INFO neutron.wsgi [None req-242f782b-c967-43bf-b6c2-809ac76eca89 cad06574db844a04ad3c74571883ebb4 8c9377777f5f458b94043bb52c54ae84 - - default default] 10.0.0.148 "PUT /v2.0/routers/ea1c3df7-b3f4-46dd-818d-48f9f6745fa3 HTTP/1.1" status: 200 len: 660 time: 0.4748988
2026-04-23 09:00:00.296 10 INFO neutron.wsgi [None req-71447d1e-e14e-436a-854a-aa8792513950 cad06574db844a04ad3c74571883ebb4 8c9377777f5f458b94043bb52c54ae84 - - default default] 10.0.0.148 "GET /v2.0/ports?device_id=ea1c3df7-b3f4-46dd-818d-48f9f6745fa3 HTTP/1.1" status: 200 len: 205 time: 0.0361099
2026-04-23 09:00:00.595 10 INFO neutron.wsgi [None req-d9b206d4-d7ef-476c-a681-000cada6c063 cad06574db844a04ad3c74571883ebb4 8c9377777f5f458b94043bb52c54ae84 - - default default] 10.0.0.148 "DELETE /v2.0/routers/ea1c3df7-b3f4-46dd-818d-48f9f6745fa3 HTTP/1.1" status: 204 len: 168 time: 0.2921510
2026-04-23 09:00:00.653 10 INFO neutron.wsgi [None req-31ae742d-49b9-4198-968f-e31c26539701 cad06574db844a04ad3c74571883ebb4 8c9377777f5f458b94043bb52c54ae84 - - default default] 10.0.0.148 "GET /v2.0/routers/fce17923-452c-4cd1-b4aa-42419a8ad643 HTTP/1.1" status: 200 len: 668 time: 0.0525017
2026-04-23 09:00:00.932 10 INFO neutron.wsgi [None req-3364b7c1-3880-4899-922d-1b05b80a19f2 7f6782968b4c4953897ea0683d2376f8 721dff4a4ad84ac0bc51ed5a3dd4d8fc - - default default] 10.0.0.148 "GET /v2.0/subnets/09573038-4c15-4a48-bd7f-10d012e97fa3 HTTP/1.1" status: 200 len: 845 time: 0.0571270
2026-04-23 09:00:01.097 10 INFO neutron.db.ovn_revision_numbers_db [None req-ac5c9aa8-196a-437a-8c29-52adb84c1458 cad06574db844a04ad3c74571883ebb4 8c9377777f5f458b94043bb52c54ae84 - - default default] Successfully bumped revision number for resource fce17923-452c-4cd1-b4aa-42419a8ad643 (type: routers) to 2
2026-04-23 09:00:01.100 10 INFO neutron.wsgi [None req-ac5c9aa8-196a-437a-8c29-52adb84c1458 cad06574db844a04ad3c74571883ebb4 8c9377777f5f458b94043bb52c54ae84 - - default default] 10.0.0.148 "PUT /v2.0/routers/fce17923-452c-4cd1-b4aa-42419a8ad643 HTTP/1.1" status: 200 len: 668 time: 0.4370224
2026-04-23 09:00:01.138 9 INFO neutron.wsgi [None req-56089bc0-5fd4-45ed-892d-9a35a3c7eef1 cad06574db844a04ad3c74571883ebb4 8c9377777f5f458b94043bb52c54ae84 - - default default] 10.0.0.148 "GET /v2.0/ports?device_id=fce17923-452c-4cd1-b4aa-42419a8ad643 HTTP/1.1" status: 200 len: 205 time: 0.0318477
2026-04-23 09:00:01.546 9 INFO neutron.wsgi [None req-740e321b-8bdb-47cb-b9ac-a81b87c6e472 3b8fed1cce4145eda7e305becc078a7e f8496f8ba56a4b14a1b7d6a9aa2af247 - - default default] 10.0.0.238 "GET /v2.0/extensions/security-group HTTP/1.1" status: 200 len: 369 time: 0.0583560
2026-04-23 09:00:01.558 9 INFO neutron.wsgi [None req-2f033e5e-8e8d-4784-bb16-fa04fa9df0e4 3b8fed1cce4145eda7e305becc078a7e f8496f8ba56a4b14a1b7d6a9aa2af247 - - default default] 10.0.0.238 "GET /v2.0/extensions/dns-integration HTTP/1.1" status: 200 len: 371 time: 0.0041614
2026-04-23 09:00:01.566 9 INFO neutron.wsgi [None req-886599f1-5b3f-40a7-ad31-7facb943026e 3b8fed1cce4145eda7e305becc078a7e f8496f8ba56a4b14a1b7d6a9aa2af247 - - default default] 10.0.0.238 "GET /v2.0/extensions/qos HTTP/1.1" status: 200 len: 365 time: 0.0040498
2026-04-23 09:00:01.582 9 INFO neutron.wsgi [None req-94bfd665-6f25-43e0-a64a-dc0172d4c180 3b8fed1cce4145eda7e305becc078a7e f8496f8ba56a4b14a1b7d6a9aa2af247 - - default default] 10.0.0.238 "GET /v2.0/extensions/allowed-address-pairs HTTP/1.1" status: 200 len: 383 time: 0.0100992
2026-04-23 09:00:01.745 10 INFO neutron.wsgi [None req-aa70a0a3-2bc2-43ee-991c-9f7cfe5ba747 cad06574db844a04ad3c74571883ebb4 8c9377777f5f458b94043bb52c54ae84 - - default default] 10.0.0.148 "DELETE /v2.0/routers/fce17923-452c-4cd1-b4aa-42419a8ad643 HTTP/1.1" status: 204 len: 168 time: 0.5848391
2026-04-23 09:00:01.801 10 INFO neutron.wsgi [None req-fe5539c5-0e5a-4ba7-93db-7ebdbe0c6b0b cad06574db844a04ad3c74571883ebb4 8c9377777f5f458b94043bb52c54ae84 - - default default] 10.0.0.148 "GET /v2.0/routers/53ae0248-3943-4aaa-8063-33802a6707ec HTTP/1.1" status: 200 len: 677 time: 0.0496991
2026-04-23 09:00:02.073 9 INFO neutron.wsgi [-] 10.0.0.238 "GET / HTTP/1.1" status: 200 len: 284 time: 0.0020652
2026-04-23 09:00:02.116 9 INFO neutron.wsgi [None req-74c10a72-da48-430d-a687-a801212c2714 c07932cbf9ba46088e0b27751ebcbe33 12adb23398d04c379010c1549345f67b - - default default] 10.0.0.238 "GET /v2.0/subnets/09573038-4c15-4a48-bd7f-10d012e97fa3 HTTP/1.1" status: 200 len: 832 time: 0.0388496
2026-04-23 09:00:02.131 9 INFO neutron.wsgi [None req-ffb38fb8-7e31-4bba-ab24-ee0903e848b9 3b8fed1cce4145eda7e305becc078a7e f8496f8ba56a4b14a1b7d6a9aa2af247 - - default default] 10.0.0.238 "GET /v2.0/extensions/security-group HTTP/1.1" status: 200 len: 369 time: 0.0053935
2026-04-23 09:00:02.139 9 INFO neutron.wsgi [None req-bc0de8f1-b182-40c9-960b-cef44ce69812 3b8fed1cce4145eda7e305becc078a7e f8496f8ba56a4b14a1b7d6a9aa2af247 - - default default] 10.0.0.238 "GET /v2.0/extensions/dns-integration HTTP/1.1" status: 200 len: 371 time: 0.0045366
2026-04-23 09:00:02.151 9 INFO neutron.wsgi [None req-07011bc2-9554-4499-87f0-2fa0e08c50b1 3b8fed1cce4145eda7e305becc078a7e f8496f8ba56a4b14a1b7d6a9aa2af247 - - default default] 10.0.0.238 "GET /v2.0/extensions/qos HTTP/1.1" status: 200 len: 365 time: 0.0074081
2026-04-23 09:00:02.166 9 INFO neutron.wsgi [None req-dc17cd65-0c4a-4eba-8a5a-789aaad4a3cc 3b8fed1cce4145eda7e305becc078a7e f8496f8ba56a4b14a1b7d6a9aa2af247 - - default default] 10.0.0.238 "GET /v2.0/extensions/allowed-address-pairs HTTP/1.1" status: 200 len: 383 time: 0.0071075
2026-04-23 09:00:02.207 9 INFO neutron.wsgi [None req-bf779959-93a3-4588-bb6a-167794460b57 3b8fed1cce4145eda7e305becc078a7e f8496f8ba56a4b14a1b7d6a9aa2af247 - - default default] 10.0.0.238 "GET /v2.0/subnets/09573038-4c15-4a48-bd7f-10d012e97fa3 HTTP/1.1" status: 200 len: 850 time: 0.0342851
2026-04-23 09:00:02.237 10 INFO neutron.db.ovn_revision_numbers_db [None req-9a6b20eb-1e6e-4cd9-82d2-6d50ce1e38bb cad06574db844a04ad3c74571883ebb4 8c9377777f5f458b94043bb52c54ae84 - - default default] Successfully bumped revision number for resource 53ae0248-3943-4aaa-8063-33802a6707ec (type: routers) to 2
2026-04-23 09:00:02.241 10 INFO neutron.wsgi [None req-9a6b20eb-1e6e-4cd9-82d2-6d50ce1e38bb cad06574db844a04ad3c74571883ebb4 8c9377777f5f458b94043bb52c54ae84 - - default default] 10.0.0.148 "PUT /v2.0/routers/53ae0248-3943-4aaa-8063-33802a6707ec HTTP/1.1" status: 200 len: 677 time: 0.4345775
2026-04-23 09:00:02.270 10 INFO neutron.wsgi [None req-e4fef769-0948-4a28-9eda-0130b8fea00c cad06574db844a04ad3c74571883ebb4 8c9377777f5f458b94043bb52c54ae84 - - default default] 10.0.0.148 "GET /v2.0/ports?device_id=53ae0248-3943-4aaa-8063-33802a6707ec HTTP/1.1" status: 200 len: 205 time: 0.0231590
2026-04-23 09:00:02.401 9 INFO neutron.wsgi [None req-f47aa8ea-a21e-4f18-81a6-531e2bef457f 3b8fed1cce4145eda7e305becc078a7e f8496f8ba56a4b14a1b7d6a9aa2af247 - - default default] 10.0.0.238 "GET /v2.0/extensions/security-group HTTP/1.1" status: 200 len: 369 time: 0.0071993
2026-04-23 09:00:02.411 9 INFO neutron.wsgi [None req-80906422-8fbf-4bb1-8200-c2359435c6cc 3b8fed1cce4145eda7e305becc078a7e f8496f8ba56a4b14a1b7d6a9aa2af247 - - default default] 10.0.0.238 "GET /v2.0/extensions/dns-integration HTTP/1.1" status: 200 len: 371 time: 0.0050418
2026-04-23 09:00:02.420 9 INFO neutron.wsgi [None req-a45dbbc5-167d-4d0e-924a-ca3d0c126c64 3b8fed1cce4145eda7e305becc078a7e f8496f8ba56a4b14a1b7d6a9aa2af247 - - default default] 10.0.0.238 "GET /v2.0/extensions/qos HTTP/1.1" status: 200 len: 365 time: 0.0050411
2026-04-23 09:00:02.432 9 INFO neutron.wsgi [None req-d152a0c8-27cd-4e6f-a5c8-f819cddd13f6 3b8fed1cce4145eda7e305becc078a7e f8496f8ba56a4b14a1b7d6a9aa2af247 - - default default] 10.0.0.238 "GET /v2.0/extensions/allowed-address-pairs HTTP/1.1" status: 200 len: 383 time: 0.0066581
2026-04-23 09:00:02.481 10 INFO neutron.wsgi [None req-a0e0842d-bb87-46ae-beab-a4d0e47d5b62 cad06574db844a04ad3c74571883ebb4 8c9377777f5f458b94043bb52c54ae84 - - default default] 10.0.0.148 "DELETE /v2.0/routers/53ae0248-3943-4aaa-8063-33802a6707ec HTTP/1.1" status: 204 len: 168 time: 0.2050905
2026-04-23 09:00:02.507 9 INFO neutron.wsgi [None req-5072ecc9-96d7-4b2a-9b77-45103709f8d8 3b8fed1cce4145eda7e305becc078a7e f8496f8ba56a4b14a1b7d6a9aa2af247 - - default default] 10.0.0.238 "GET /v2.0/networks/e5a8e4d7-69b5-4716-b4c8-e870af49d0df HTTP/1.1" status: 200 len: 1001 time: 0.0686395
2026-04-23 09:00:02.522 9 INFO neutron.wsgi [None req-aa042009-05c9-4992-8601-d6bdf8b269ba 3b8fed1cce4145eda7e305becc078a7e f8496f8ba56a4b14a1b7d6a9aa2af247 - - default default] 10.0.0.238 "GET /v2.0/extensions/project-id HTTP/1.1" status: 200 len: 403 time: 0.0076642
2026-04-23 09:00:02.539 10 INFO neutron.wsgi [None req-9f57507d-d437-47b2-a292-0d0522a82774 cad06574db844a04ad3c74571883ebb4 8c9377777f5f458b94043bb52c54ae84 - - default default] 10.0.0.148 "GET /v2.0/routers/0322e7ba-ffd0-4ac8-8571-d572332edd02 HTTP/1.1" status: 200 len: 662 time: 0.0505714
2026-04-23 09:00:02.850 9 WARNING neutron.scheduler.dhcp_agent_scheduler [None req-d55f4c70-a9ee-4143-9c1a-e1b40c5746d9 3b8fed1cce4145eda7e305becc078a7e f8496f8ba56a4b14a1b7d6a9aa2af247 - - default default] No more DHCP agents
2026-04-23 09:00:02.852 9 WARNING neutron.api.rpc.agentnotifiers.dhcp_rpc_agent_api [None req-d55f4c70-a9ee-4143-9c1a-e1b40c5746d9 3b8fed1cce4145eda7e305becc078a7e f8496f8ba56a4b14a1b7d6a9aa2af247 - - default default] Unable to schedule network e5a8e4d7-69b5-4716-b4c8-e870af49d0df: no agents available; will retry on subsequent port and subnet creation events.
2026-04-23 09:00:02.994 10 INFO neutron.db.ovn_revision_numbers_db [None req-05a916ac-33c7-489e-ad72-b24af7fec4b2 cad06574db844a04ad3c74571883ebb4 8c9377777f5f458b94043bb52c54ae84 - - default default] Successfully bumped revision number for resource 0322e7ba-ffd0-4ac8-8571-d572332edd02 (type: routers) to 2
2026-04-23 09:00:02.999 10 INFO neutron.wsgi [None req-05a916ac-33c7-489e-ad72-b24af7fec4b2 cad06574db844a04ad3c74571883ebb4 8c9377777f5f458b94043bb52c54ae84 - - default default] 10.0.0.148 "PUT /v2.0/routers/0322e7ba-ffd0-4ac8-8571-d572332edd02 HTTP/1.1" status: 200 len: 662 time: 0.4542818
2026-04-23 09:00:03.002 9 INFO neutron.db.ovn_revision_numbers_db [None req-d55f4c70-a9ee-4143-9c1a-e1b40c5746d9 3b8fed1cce4145eda7e305becc078a7e f8496f8ba56a4b14a1b7d6a9aa2af247 - - default default] Successfully bumped revision number for resource 7e383d71-abc0-4eec-9b6f-4a8f4b994c8f (type: ports) to 1
2026-04-23 09:00:03.025 9 INFO neutron.wsgi [None req-d55f4c70-a9ee-4143-9c1a-e1b40c5746d9 3b8fed1cce4145eda7e305becc078a7e f8496f8ba56a4b14a1b7d6a9aa2af247 - - default default] 10.0.0.238 "POST /v2.0/ports HTTP/1.1" status: 201 len: 1337 time: 0.4989090
2026-04-23 09:00:03.028 10 INFO neutron.wsgi [None req-71b3a6a3-de3d-4014-95e0-4a20ba285296 cad06574db844a04ad3c74571883ebb4 8c9377777f5f458b94043bb52c54ae84 - - default default] 10.0.0.148 "GET /v2.0/ports?device_id=0322e7ba-ffd0-4ac8-8571-d572332edd02 HTTP/1.1" status: 200 len: 205 time: 0.0222676
2026-04-23 09:00:03.295 10 INFO neutron.wsgi [None req-3a060ab9-30bb-4add-9af0-3a755a5a98d6 cad06574db844a04ad3c74571883ebb4 8c9377777f5f458b94043bb52c54ae84 - - default default] 10.0.0.148 "DELETE /v2.0/routers/0322e7ba-ffd0-4ac8-8571-d572332edd02 HTTP/1.1" status: 204 len: 168 time: 0.2615325 /var/lib/openstack/lib/python3.10/site-packages/pycadf/identifier.py:71: UserWarning: Invalid uuid: neutron. To ensure interoperability, identifiers should be a valid uuid. warnings.warn(('Invalid uuid: %s. To ensure interoperability, '
2026-04-23 09:00:03.346 9 INFO neutron.wsgi [None req-1a3a6701-96e0-4690-91f3-31fe680ea9d6 cad06574db844a04ad3c74571883ebb4 8c9377777f5f458b94043bb52c54ae84 - - default default] 10.0.0.148 "GET /v2.0/routers/5473e065-f3af-4914-b865-ea07933dfc4b HTTP/1.1" status: 200 len: 655 time: 0.0447900
2026-04-23 09:00:03.868 9 INFO neutron.wsgi [None req-2e8668b1-68cc-4bd1-ae51-603ba61b62b5 cad06574db844a04ad3c74571883ebb4 8c9377777f5f458b94043bb52c54ae84 - - default default] 10.0.0.148 "PUT /v2.0/routers/5473e065-f3af-4914-b865-ea07933dfc4b HTTP/1.1" status: 200 len: 655 time: 0.5174198
2026-04-23 09:00:03.901 9 INFO neutron.wsgi [None req-a98d51a0-ea66-49ec-94ae-f6c2dd268144 cad06574db844a04ad3c74571883ebb4 8c9377777f5f458b94043bb52c54ae84 - - default default] 10.0.0.148 "GET /v2.0/ports?device_id=5473e065-f3af-4914-b865-ea07933dfc4b HTTP/1.1" status: 200 len: 205 time: 0.0251474
2026-04-23 09:00:04.649 9 INFO neutron.wsgi [None req-382c52b6-f636-426a-b7de-9e002d60fa1a cad06574db844a04ad3c74571883ebb4 8c9377777f5f458b94043bb52c54ae84 - - default default] 10.0.0.148 "DELETE /v2.0/routers/5473e065-f3af-4914-b865-ea07933dfc4b HTTP/1.1" status: 204 len: 168 time: 0.7421474
2026-04-23 09:00:04.667 9 INFO neutron.wsgi [None req-15eeface-79c0-4dc0-a311-5a1ebb68d7ad 3b8fed1cce4145eda7e305becc078a7e f8496f8ba56a4b14a1b7d6a9aa2af247 - - default default] 199.19.213.52 "GET /v2.0/extensions/security-group HTTP/1.1" status: 200 len: 369 time: 0.0499163
2026-04-23 09:00:04.675 9 INFO neutron.wsgi [None req-3429e676-5229-4239-b2c5-21ffb9fe859e 3b8fed1cce4145eda7e305becc078a7e f8496f8ba56a4b14a1b7d6a9aa2af247 - - default default] 199.19.213.52 "GET /v2.0/extensions/dns-integration HTTP/1.1" status: 200 len: 371 time: 0.0035262
2026-04-23 09:00:04.682 9 INFO neutron.wsgi [None req-a23915c4-dc6b-42d7-a6e7-ab67e77a5c38 3b8fed1cce4145eda7e305becc078a7e f8496f8ba56a4b14a1b7d6a9aa2af247 - - default default] 199.19.213.52 "GET /v2.0/extensions/qos HTTP/1.1" status: 200 len: 365 time: 0.0041983
2026-04-23 09:00:04.690 9 INFO neutron.wsgi [None req-a51ebc56-f6d6-4dc2-8d8e-c112b60eabb3 3b8fed1cce4145eda7e305becc078a7e f8496f8ba56a4b14a1b7d6a9aa2af247 - - default default] 199.19.213.52 "GET /v2.0/extensions/allowed-address-pairs HTTP/1.1" status: 200 len: 383 time: 0.0043283
2026-04-23 09:00:04.728 9 INFO neutron.wsgi [None req-6d796103-e081-4f47-8c71-d816f08b3b97 3b8fed1cce4145eda7e305becc078a7e f8496f8ba56a4b14a1b7d6a9aa2af247 - - default default] 199.19.213.52 "GET /v2.0/ports/7e383d71-abc0-4eec-9b6f-4a8f4b994c8f HTTP/1.1" status: 200 len: 1332 time: 0.0297551
2026-04-23 09:00:04.850 9 INFO neutron.wsgi [None req-93ec6665-1553-4609-a9b0-41b99c74e600 3b8fed1cce4145eda7e305becc078a7e f8496f8ba56a4b14a1b7d6a9aa2af247 - - default default] 199.19.213.52 "GET /v2.0/extensions/security-group HTTP/1.1" status: 200 len: 369 time: 0.0073974
2026-04-23 09:00:04.857 9 INFO neutron.wsgi [None req-e9ec35fb-678e-4ab0-944b-8ed6f15588f1 3b8fed1cce4145eda7e305becc078a7e f8496f8ba56a4b14a1b7d6a9aa2af247 - - default default] 199.19.213.52 "GET /v2.0/extensions/dns-integration HTTP/1.1" status: 200 len: 371 time: 0.0034359
2026-04-23 09:00:04.867 9 INFO neutron.wsgi [None req-c528a9db-cfae-4a7a-9e5e-8abc64f0932a 3b8fed1cce4145eda7e305becc078a7e f8496f8ba56a4b14a1b7d6a9aa2af247 - - default default] 199.19.213.52 "GET /v2.0/extensions/qos HTTP/1.1" status: 200 len: 365 time: 0.0042434
2026-04-23 09:00:04.881 9 INFO neutron.wsgi [None req-c82d5260-acac-42d2-a716-3416c94a2809 3b8fed1cce4145eda7e305becc078a7e f8496f8ba56a4b14a1b7d6a9aa2af247 - - default default] 199.19.213.52 "GET /v2.0/extensions/allowed-address-pairs HTTP/1.1" status: 200 len: 383 time: 0.0057433
2026-04-23 09:00:04.915 9 INFO neutron.wsgi [None req-bb020dbd-e54b-4832-b971-318887551c88 3b8fed1cce4145eda7e305becc078a7e f8496f8ba56a4b14a1b7d6a9aa2af247 - - default default] 199.19.213.52 "GET /v2.0/security-groups?name=lb-efa45017-399f-4201-9f61-fabeb7070f81 HTTP/1.1" status: 200 len: 221 time: 0.0275662
2026-04-23 09:00:05.030 9 INFO neutron.db.ovn_revision_numbers_db [None req-600aa7f2-3b32-4e0d-867a-34b807c08d3d 3b8fed1cce4145eda7e305becc078a7e f8496f8ba56a4b14a1b7d6a9aa2af247 - - default default] Successfully bumped revision number for resource c56bd21d-2960-47cf-b618-ad44c966afe4 (type: security_groups) to 1
2026-04-23 09:00:05.044 9 INFO neutron.db.ovn_revision_numbers_db [None req-600aa7f2-3b32-4e0d-867a-34b807c08d3d 3b8fed1cce4145eda7e305becc078a7e f8496f8ba56a4b14a1b7d6a9aa2af247 - - default default] Successfully bumped revision number for resource 1662d296-608c-4111-8f90-4091dec5466a (type: security_group_rules) to 0
2026-04-23 09:00:05.060 9 INFO neutron.db.ovn_revision_numbers_db [None req-600aa7f2-3b32-4e0d-867a-34b807c08d3d 3b8fed1cce4145eda7e305becc078a7e f8496f8ba56a4b14a1b7d6a9aa2af247 - - default default] Successfully bumped revision number for resource 3b02b4dd-8b5a-4372-9a36-d242aa12b05d (type: security_group_rules) to 0
2026-04-23 09:00:05.087 9 INFO neutron.wsgi [None req-600aa7f2-3b32-4e0d-867a-34b807c08d3d 3b8fed1cce4145eda7e305becc078a7e f8496f8ba56a4b14a1b7d6a9aa2af247 - - default default] 199.19.213.52 "POST /v2.0/security-groups HTTP/1.1" status: 201 len: 1779 time: 0.1670067
2026-04-23 09:00:05.125 9 INFO neutron.wsgi [None req-f7e3d8f2-2eff-457f-984f-2d173abb12c9 3b8fed1cce4145eda7e305becc078a7e f8496f8ba56a4b14a1b7d6a9aa2af247 - - default default] 199.19.213.52 "GET /v2.0/security-group-rules?security_group_id=c56bd21d-2960-47cf-b618-ad44c966afe4 HTTP/1.1" status: 200 len: 1318 time: 0.0300179
2026-04-23 09:00:05.475 9 INFO neutron.db.ovn_revision_numbers_db [None req-9b65f4c1-e086-4715-a6a9-fa581ad32e1b 3b8fed1cce4145eda7e305becc078a7e f8496f8ba56a4b14a1b7d6a9aa2af247 - - default default] Successfully bumped revision number for resource 7e383d71-abc0-4eec-9b6f-4a8f4b994c8f (type: ports) to 2
2026-04-23 09:00:05.484 9 INFO neutron.wsgi [None req-9b65f4c1-e086-4715-a6a9-fa581ad32e1b 3b8fed1cce4145eda7e305becc078a7e f8496f8ba56a4b14a1b7d6a9aa2af247 - - default default] 199.19.213.52 "PUT /v2.0/ports/7e383d71-abc0-4eec-9b6f-4a8f4b994c8f HTTP/1.1" status: 200 len: 1332 time: 0.3527167 /var/lib/openstack/lib/python3.10/site-packages/pycadf/identifier.py:71: UserWarning: Invalid uuid: neutron. To ensure interoperability, identifiers should be a valid uuid. warnings.warn(('Invalid uuid: %s. To ensure interoperability, '
2026-04-23 09:00:05.507 9 INFO neutron.wsgi [None req-4b454c51-9e7d-4c5d-969d-12e9871e8547 3b8fed1cce4145eda7e305becc078a7e f8496f8ba56a4b14a1b7d6a9aa2af247 - - default default] 199.19.213.52 "GET /v2.0/extensions/security-group HTTP/1.1" status: 200 len: 369 time: 0.0078914
2026-04-23 09:00:05.515 9 INFO neutron.wsgi [None req-e3f3c6b3-3b2d-4c8e-a301-c3abda306624 3b8fed1cce4145eda7e305becc078a7e f8496f8ba56a4b14a1b7d6a9aa2af247 - - default default] 199.19.213.52 "GET /v2.0/extensions/dns-integration HTTP/1.1" status: 200 len: 371 time: 0.0041683
2026-04-23 09:00:05.523 9 INFO neutron.wsgi [None req-dc5481d0-1511-429d-9da6-b7ea9126cc67 3b8fed1cce4145eda7e305becc078a7e f8496f8ba56a4b14a1b7d6a9aa2af247 - - default default] 199.19.213.52 "GET /v2.0/extensions/qos HTTP/1.1" status: 200 len: 365 time: 0.0040874
2026-04-23 09:00:05.535 9 INFO neutron.wsgi [None req-2759ee0e-bf95-45b9-ade3-6cdda72bd9a4 3b8fed1cce4145eda7e305becc078a7e f8496f8ba56a4b14a1b7d6a9aa2af247 - - default default] 199.19.213.52 "GET /v2.0/extensions/allowed-address-pairs HTTP/1.1" status: 200 len: 383 time: 0.0076897
2026-04-23 09:00:05.574 9 INFO neutron.wsgi [None req-33f5c0a4-1f28-4751-90d9-e674c4e2b60f 3b8fed1cce4145eda7e305becc078a7e f8496f8ba56a4b14a1b7d6a9aa2af247 - - default default] 199.19.213.52 "GET /v2.0/subnets/09573038-4c15-4a48-bd7f-10d012e97fa3 HTTP/1.1" status: 200 len: 850 time: 0.0311856
2026-04-23 09:00:05.927 10 INFO neutron.db.ovn_revision_numbers_db [None req-924a1d4a-d1d4-4735-9490-46639a31e5b6 3b8fed1cce4145eda7e305becc078a7e f8496f8ba56a4b14a1b7d6a9aa2af247 - - default default] Successfully bumped revision number for resource 5765cf24-a220-4c36-8a8e-742298ba9197 (type: security_groups) to 1
2026-04-23 09:00:05.942 10 INFO neutron.db.ovn_revision_numbers_db [None req-924a1d4a-d1d4-4735-9490-46639a31e5b6 3b8fed1cce4145eda7e305becc078a7e f8496f8ba56a4b14a1b7d6a9aa2af247 - - default default] Successfully bumped revision number for resource 1e05b149-05f4-46ce-a2f8-839f63a0a4f5 (type: security_group_rules) to 0
2026-04-23 09:00:05.957 10 INFO neutron.db.ovn_revision_numbers_db [None req-924a1d4a-d1d4-4735-9490-46639a31e5b6 3b8fed1cce4145eda7e305becc078a7e f8496f8ba56a4b14a1b7d6a9aa2af247 - - default default] Successfully bumped revision number for resource b8ad2cd6-7e43-4413-b560-cbee64380278 (type: security_group_rules) to 0
2026-04-23 09:00:05.971 10 INFO neutron.db.ovn_revision_numbers_db [None req-924a1d4a-d1d4-4735-9490-46639a31e5b6 3b8fed1cce4145eda7e305becc078a7e f8496f8ba56a4b14a1b7d6a9aa2af247 - - default default] Successfully bumped revision number for resource c576d53c-e83d-445a-8465-2b07a9f6d26c (type: security_group_rules) to 0
2026-04-23 09:00:05.987 10 INFO neutron.db.ovn_revision_numbers_db [None req-924a1d4a-d1d4-4735-9490-46639a31e5b6 3b8fed1cce4145eda7e305becc078a7e f8496f8ba56a4b14a1b7d6a9aa2af247 - - default default] Successfully bumped revision number for resource df8be36b-202d-4565-af63-9ae91b9b2c37 (type: security_group_rules) to 0
2026-04-23 09:00:06.010 10 INFO neutron.wsgi [None req-924a1d4a-d1d4-4735-9490-46639a31e5b6 3b8fed1cce4145eda7e305becc078a7e f8496f8ba56a4b14a1b7d6a9aa2af247 - - default default] 10.0.0.148 "GET /v2.0/security-groups?tenant_id=8c9377777f5f458b94043bb52c54ae84&name=default HTTP/1.1" status: 200 len: 3000 time: 0.4556770
2026-04-23 09:00:06.234 10 INFO neutron.wsgi [None req-f40e1bf0-0d3a-4bb4-afb4-1c65d26c1559 3b8fed1cce4145eda7e305becc078a7e f8496f8ba56a4b14a1b7d6a9aa2af247 - - default default] 10.0.0.148 "DELETE /v2.0/security-groups/5765cf24-a220-4c36-8a8e-742298ba9197 HTTP/1.1" status: 204 len: 168 time: 0.2174594
2026-04-23 09:00:06.458 10 INFO neutron.db.ovn_revision_numbers_db [None req-beff10d9-bee4-418a-a4cc-62e332f5704d 3b8fed1cce4145eda7e305becc078a7e f8496f8ba56a4b14a1b7d6a9aa2af247 - - default default] Successfully bumped revision number for resource 9cc8096e-44ce-4b3d-8d78-a8f091207dd3 (type: security_groups) to 1
2026-04-23 09:00:06.474 10 INFO neutron.db.ovn_revision_numbers_db [None req-beff10d9-bee4-418a-a4cc-62e332f5704d 3b8fed1cce4145eda7e305becc078a7e f8496f8ba56a4b14a1b7d6a9aa2af247 - - default default] Successfully bumped revision number for resource 0cc2e1ab-94f8-4c7b-9d5c-0bc2f130cf4f (type: security_group_rules) to 0
2026-04-23 09:00:06.491 10 INFO neutron.db.ovn_revision_numbers_db [None req-beff10d9-bee4-418a-a4cc-62e332f5704d 3b8fed1cce4145eda7e305becc078a7e f8496f8ba56a4b14a1b7d6a9aa2af247 - - default default] Successfully bumped revision number for resource 38ef6bd2-a691-4ea5-b3ca-7458c6c20c7e (type: security_group_rules) to 0
2026-04-23 09:00:06.509 10 INFO neutron.db.ovn_revision_numbers_db [None req-beff10d9-bee4-418a-a4cc-62e332f5704d 3b8fed1cce4145eda7e305becc078a7e f8496f8ba56a4b14a1b7d6a9aa2af247 - - default default] Successfully bumped revision number for resource 3a491543-53cc-4a6e-bfce-82f8e0338266 (type: security_group_rules) to 0
2026-04-23 09:00:06.540 10 INFO neutron.db.ovn_revision_numbers_db [None req-beff10d9-bee4-418a-a4cc-62e332f5704d 3b8fed1cce4145eda7e305becc078a7e f8496f8ba56a4b14a1b7d6a9aa2af247 - - default default] Successfully bumped revision number for resource 4142bc89-ac39-4b9a-bad7-6e98b969d8b2 (type: security_group_rules) to 0
2026-04-23 09:00:06.574 10 INFO neutron.wsgi [None req-beff10d9-bee4-418a-a4cc-62e332f5704d 3b8fed1cce4145eda7e305becc078a7e f8496f8ba56a4b14a1b7d6a9aa2af247 - - default default] 10.0.0.148 "GET /v2.0/security-groups?tenant_id=56d098a1b2884d799dea88950db436f9&name=default HTTP/1.1" status: 200 len: 3000 time: 0.2304461
2026-04-23 09:00:06.784 9 INFO neutron.wsgi [None req-56298e7d-b0f9-40c5-a228-1ffb39d7a11d 3b8fed1cce4145eda7e305becc078a7e f8496f8ba56a4b14a1b7d6a9aa2af247 - - default default] 10.0.0.148 "DELETE /v2.0/security-groups/9cc8096e-44ce-4b3d-8d78-a8f091207dd3 HTTP/1.1" status: 204 len: 168 time: 0.2030189
2026-04-23 09:00:07.023 9 INFO neutron.db.ovn_revision_numbers_db [None req-e9d529e2-2032-475d-9c2a-8f3b5c21611f 3b8fed1cce4145eda7e305becc078a7e f8496f8ba56a4b14a1b7d6a9aa2af247 - - default default] Successfully bumped revision number for resource 5e66d342-9667-483d-8a5b-b3832fc3f186 (type: security_groups) to 1
2026-04-23 09:00:07.037 9 INFO neutron.db.ovn_revision_numbers_db [None req-e9d529e2-2032-475d-9c2a-8f3b5c21611f 3b8fed1cce4145eda7e305becc078a7e f8496f8ba56a4b14a1b7d6a9aa2af247 - - default default] Successfully bumped revision number for resource 2f8bd946-3c93-4c91-8ff3-ccbc8ac8aa0b (type: security_group_rules) to 0
2026-04-23 09:00:07.052 9 INFO neutron.db.ovn_revision_numbers_db [None req-e9d529e2-2032-475d-9c2a-8f3b5c21611f 3b8fed1cce4145eda7e305becc078a7e f8496f8ba56a4b14a1b7d6a9aa2af247 - - default default] Successfully bumped revision number for resource 67b83691-1055-4366-9124-5f4b9b4dab5f (type: security_group_rules) to 0
2026-04-23 09:00:07.067 9 INFO neutron.db.ovn_revision_numbers_db [None req-e9d529e2-2032-475d-9c2a-8f3b5c21611f 3b8fed1cce4145eda7e305becc078a7e f8496f8ba56a4b14a1b7d6a9aa2af247 - - default default] Successfully bumped revision number for resource 7e2f4821-4436-42e7-acef-4ae85540bf79 (type: security_group_rules) to 0
2026-04-23 09:00:07.081 9 INFO neutron.db.ovn_revision_numbers_db [None req-e9d529e2-2032-475d-9c2a-8f3b5c21611f 3b8fed1cce4145eda7e305becc078a7e f8496f8ba56a4b14a1b7d6a9aa2af247 - - default default] Successfully bumped revision number for resource cd80670a-4c4a-41dd-9a60-db36b529a3de (type: security_group_rules) to 0
2026-04-23 09:00:07.104 9 INFO neutron.wsgi [None req-e9d529e2-2032-475d-9c2a-8f3b5c21611f 3b8fed1cce4145eda7e305becc078a7e f8496f8ba56a4b14a1b7d6a9aa2af247 - - default default] 10.0.0.148 "GET /v2.0/security-groups?tenant_id=616f081a378446d1ae2e721943631e85&name=default HTTP/1.1" status: 200 len: 3000 time: 0.2055676
2026-04-23 09:00:07.317 9 INFO neutron.wsgi [None req-1d38a9b1-c765-43af-885a-90476c5091f4 3b8fed1cce4145eda7e305becc078a7e f8496f8ba56a4b14a1b7d6a9aa2af247 - - default default] 10.0.0.148 "DELETE /v2.0/security-groups/5e66d342-9667-483d-8a5b-b3832fc3f186 HTTP/1.1" status: 204 len: 168 time: 0.2069898
2026-04-23 09:00:12.111 10 INFO neutron.db.ovn_revision_numbers_db [None req-d34be4e1-cfd6-4218-a9d9-4986e157edbc 6dec0c9c12d64111baaa52e0f22ab19e b132ecfca09b41c1bbf23e63f6b56884 - - default default] Successfully bumped revision number for resource 342f7ee5-f442-4e6f-ba3d-a03fd0bd3451 (type: security_groups) to 1
2026-04-23 09:00:12.124 10 INFO neutron.db.ovn_revision_numbers_db [None req-d34be4e1-cfd6-4218-a9d9-4986e157edbc 6dec0c9c12d64111baaa52e0f22ab19e b132ecfca09b41c1bbf23e63f6b56884 - - default default] Successfully bumped revision number for resource 24469dca-8918-47ee-88c1-e708a19e492a (type: security_group_rules) to 0
2026-04-23 09:00:12.138 10 INFO neutron.db.ovn_revision_numbers_db [None req-d34be4e1-cfd6-4218-a9d9-4986e157edbc 6dec0c9c12d64111baaa52e0f22ab19e b132ecfca09b41c1bbf23e63f6b56884 - - default default] Successfully bumped revision number for resource 27f871bd-fd5f-49e4-aadb-e483b1acb2ee (type: security_group_rules) to 0
2026-04-23 09:00:12.153 10 INFO neutron.db.ovn_revision_numbers_db [None req-d34be4e1-cfd6-4218-a9d9-4986e157edbc 6dec0c9c12d64111baaa52e0f22ab19e b132ecfca09b41c1bbf23e63f6b56884 - - default default] Successfully bumped revision number for resource aea02bf4-96e0-493d-814e-4a3a524657a5 (type: security_group_rules) to 0
2026-04-23 09:00:12.166 10 INFO neutron.db.ovn_revision_numbers_db [None req-d34be4e1-cfd6-4218-a9d9-4986e157edbc 6dec0c9c12d64111baaa52e0f22ab19e b132ecfca09b41c1bbf23e63f6b56884 - - default default] Successfully bumped revision number for resource cc998796-0be0-4d3c-b8f6-2139221ad033 (type: security_group_rules) to 0
2026-04-23 09:00:12.246 10 INFO neutron.db.ovn_revision_numbers_db [None req-d34be4e1-cfd6-4218-a9d9-4986e157edbc 6dec0c9c12d64111baaa52e0f22ab19e b132ecfca09b41c1bbf23e63f6b56884 - - default default] Successfully bumped revision number for resource 62a5d2b2-8e32-431d-94d2-707ae159cf18 (type: security_groups) to 1
2026-04-23 09:00:12.261 10 INFO neutron.db.ovn_revision_numbers_db [None req-d34be4e1-cfd6-4218-a9d9-4986e157edbc 6dec0c9c12d64111baaa52e0f22ab19e b132ecfca09b41c1bbf23e63f6b56884 - - default default] Successfully bumped revision number for resource 900958ae-0b67-47d8-9d21-b41ba84b3e4e (type: security_group_rules) to 0
2026-04-23 09:00:12.279 10 INFO neutron.db.ovn_revision_numbers_db [None req-d34be4e1-cfd6-4218-a9d9-4986e157edbc 6dec0c9c12d64111baaa52e0f22ab19e b132ecfca09b41c1bbf23e63f6b56884 - - default default] Successfully bumped revision number for resource efeeb857-09f4-4881-8388-d53ccce2c984 (type: security_group_rules) to 0
2026-04-23 09:00:12.317 10 INFO neutron.wsgi [None req-d34be4e1-cfd6-4218-a9d9-4986e157edbc 6dec0c9c12d64111baaa52e0f22ab19e b132ecfca09b41c1bbf23e63f6b56884 - - default default] 10.0.0.148 "POST /v2.0/security-groups HTTP/1.1" status: 201 len: 1739 time: 0.5225329
2026-04-23 09:00:12.442 9 INFO neutron.db.ovn_revision_numbers_db [None req-e710d538-8197-449f-845b-771cdd9b1e5b 6dec0c9c12d64111baaa52e0f22ab19e b132ecfca09b41c1bbf23e63f6b56884 - - default default] Successfully bumped revision number for resource 177493ed-7b5a-4f1d-9469-e36c47f6ff3e (type: security_groups) to 1
2026-04-23 09:00:12.456 9 INFO neutron.db.ovn_revision_numbers_db [None req-e710d538-8197-449f-845b-771cdd9b1e5b 6dec0c9c12d64111baaa52e0f22ab19e b132ecfca09b41c1bbf23e63f6b56884 - - default default] Successfully bumped revision number for resource 4c805a90-b868-49dc-8a9b-9e4e369ebd21 (type: security_group_rules) to 0
2026-04-23 09:00:12.471 9 INFO neutron.db.ovn_revision_numbers_db [None req-e710d538-8197-449f-845b-771cdd9b1e5b 6dec0c9c12d64111baaa52e0f22ab19e b132ecfca09b41c1bbf23e63f6b56884 - - default default] Successfully bumped revision number for resource 725e853c-0569-4d1a-ba8d-95961f481912 (type: security_group_rules) to 0
2026-04-23 09:00:12.489 9 INFO neutron.wsgi [None req-e710d538-8197-449f-845b-771cdd9b1e5b 6dec0c9c12d64111baaa52e0f22ab19e b132ecfca09b41c1bbf23e63f6b56884 - - default default] 10.0.0.148 "POST /v2.0/security-groups HTTP/1.1" status: 201 len: 1739 time: 0.1672552
2026-04-23 09:00:12.615 9 INFO neutron.db.ovn_revision_numbers_db [None req-2081e4ff-c4e4-444e-8acd-bac1224f2fc0 6dec0c9c12d64111baaa52e0f22ab19e b132ecfca09b41c1bbf23e63f6b56884 - - default default] Successfully bumped revision number for resource e87d019e-aca1-4458-8fb6-64d34245b67a (type: security_groups) to 1
2026-04-23 09:00:12.631 9 INFO neutron.db.ovn_revision_numbers_db [None req-2081e4ff-c4e4-444e-8acd-bac1224f2fc0 6dec0c9c12d64111baaa52e0f22ab19e b132ecfca09b41c1bbf23e63f6b56884 - - default default] Successfully bumped revision number for resource 2451a167-bd67-41a8-968f-852752953220 (type: security_group_rules) to 0
2026-04-23 09:00:12.647 9 INFO neutron.db.ovn_revision_numbers_db [None req-2081e4ff-c4e4-444e-8acd-bac1224f2fc0 6dec0c9c12d64111baaa52e0f22ab19e b132ecfca09b41c1bbf23e63f6b56884 - - default default] Successfully bumped revision number for resource c3820b66-9b95-49a8-978a-3b351e988678 (type: security_group_rules) to 0
2026-04-23 09:00:12.668 9 INFO neutron.wsgi [None req-2081e4ff-c4e4-444e-8acd-bac1224f2fc0 6dec0c9c12d64111baaa52e0f22ab19e b132ecfca09b41c1bbf23e63f6b56884 - - default default] 10.0.0.148 "POST /v2.0/security-groups HTTP/1.1" status: 201 len: 1739 time: 0.1715875
2026-04-23 09:00:12.794 9 INFO neutron.db.ovn_revision_numbers_db [None req-3a19b8c9-e29f-4a58-aa94-aea5a8544cb1 6dec0c9c12d64111baaa52e0f22ab19e b132ecfca09b41c1bbf23e63f6b56884 - - default default] Successfully bumped revision number for resource b0a4ab81-88dc-4717-8561-55514bac4070 (type: security_groups) to 1
2026-04-23 09:00:12.810 9 INFO neutron.db.ovn_revision_numbers_db [None req-3a19b8c9-e29f-4a58-aa94-aea5a8544cb1 6dec0c9c12d64111baaa52e0f22ab19e b132ecfca09b41c1bbf23e63f6b56884 - - default default] Successfully bumped revision number for resource 4a9e9a84-c138-4e15-b049-3f02533fd835 (type: security_group_rules) to 0
2026-04-23 09:00:12.828 9 INFO neutron.db.ovn_revision_numbers_db [None req-3a19b8c9-e29f-4a58-aa94-aea5a8544cb1 6dec0c9c12d64111baaa52e0f22ab19e b132ecfca09b41c1bbf23e63f6b56884 - - default default] Successfully bumped revision number for resource 547afad3-8ae8-4a9d-8dab-69a7e0cb2f03 (type: security_group_rules) to 0
2026-04-23 09:00:12.848 9 INFO neutron.wsgi [None req-3a19b8c9-e29f-4a58-aa94-aea5a8544cb1 6dec0c9c12d64111baaa52e0f22ab19e b132ecfca09b41c1bbf23e63f6b56884 - - default default] 10.0.0.148 "POST /v2.0/security-groups HTTP/1.1" status: 201 len: 1739 time: 0.1729214
2026-04-23 09:00:12.997 9 INFO neutron.db.ovn_revision_numbers_db [None req-e600028b-5d68-42ef-bacc-fa4b2a7c2cef 6dec0c9c12d64111baaa52e0f22ab19e b132ecfca09b41c1bbf23e63f6b56884 - - default default] Successfully bumped revision number for resource 3bacd824-d649-4b36-af39-1b5c277d24c2 (type: security_groups) to 1
2026-04-23 09:00:13.010 9 INFO neutron.db.ovn_revision_numbers_db [None req-e600028b-5d68-42ef-bacc-fa4b2a7c2cef 6dec0c9c12d64111baaa52e0f22ab19e b132ecfca09b41c1bbf23e63f6b56884 - - default default] Successfully bumped revision number for resource 26f36244-8695-4314-9e4e-c2fc1a448b90 (type: security_group_rules) to 0
2026-04-23 09:00:13.024 9 INFO neutron.db.ovn_revision_numbers_db [None req-e600028b-5d68-42ef-bacc-fa4b2a7c2cef 6dec0c9c12d64111baaa52e0f22ab19e b132ecfca09b41c1bbf23e63f6b56884 - - default default] Successfully bumped revision number for resource bb05b618-b612-460a-8f12-8642353a9ca0 (type: security_group_rules) to 0
2026-04-23 09:00:13.064 9 INFO neutron.wsgi [None req-e600028b-5d68-42ef-bacc-fa4b2a7c2cef 6dec0c9c12d64111baaa52e0f22ab19e b132ecfca09b41c1bbf23e63f6b56884 - - default default] 10.0.0.148 "POST /v2.0/security-groups HTTP/1.1" status: 201 len: 1739 time: 0.2110016
2026-04-23 09:00:13.095 10 INFO neutron.wsgi [None req-c7b3285d-8fee-4334-b14e-1a835610c5ea 6dec0c9c12d64111baaa52e0f22ab19e b132ecfca09b41c1bbf23e63f6b56884 - - default default] 10.0.0.148 "PUT /v2.0/security-groups/62a5d2b2-8e32-431d-94d2-707ae159cf18/tags HTTP/1.1" status: 200 len: 210 time: 0.0268641
2026-04-23 09:00:13.131 9 INFO neutron.wsgi [None req-e4eb75cc-016b-4f35-8dd4-0feca80d4cb7 6dec0c9c12d64111baaa52e0f22ab19e b132ecfca09b41c1bbf23e63f6b56884 - - default default] 10.0.0.148 "PUT /v2.0/security-groups/177493ed-7b5a-4f1d-9469-e36c47f6ff3e/tags HTTP/1.1" status: 200 len: 218 time: 0.0302882
2026-04-23 09:00:13.156 9 INFO neutron.wsgi [None req-23183796-2af2-4741-80f8-c6602216334a 6dec0c9c12d64111baaa52e0f22ab19e b132ecfca09b41c1bbf23e63f6b56884 - - default default] 10.0.0.148 "PUT /v2.0/security-groups/e87d019e-aca1-4458-8fb6-64d34245b67a/tags HTTP/1.1" status: 200 len: 227 time: 0.0227132
2026-04-23 09:00:13.183 9 INFO neutron.wsgi [None req-1f2b8d3d-04e0-4adf-b4e9-5503f47a99c4 6dec0c9c12d64111baaa52e0f22ab19e b132ecfca09b41c1bbf23e63f6b56884 - - default default] 10.0.0.148 "PUT /v2.0/security-groups/b0a4ab81-88dc-4717-8561-55514bac4070/tags HTTP/1.1" status: 200 len: 212 time: 0.0224133
2026-04-23 09:00:13.225 9 INFO neutron.wsgi [None req-1a6abf18-4e78-46fc-8a32-784f68b626f5 6dec0c9c12d64111baaa52e0f22ab19e b132ecfca09b41c1bbf23e63f6b56884 - - default default] 10.0.0.148 "GET /v2.0/security-groups?tags=red HTTP/1.1" status: 200 len: 4819 time: 0.0361092
2026-04-23 09:00:13.264 9 INFO neutron.wsgi [None req-c3596731-6c33-4436-a023-573cd60f6538 6dec0c9c12d64111baaa52e0f22ab19e b132ecfca09b41c1bbf23e63f6b56884 - - default default] 10.0.0.148 "GET /v2.0/security-groups?tags=red%2Cblue HTTP/1.1" status: 200 len: 3293 time: 0.0350378
