2026-04-23 09:01:22.382 10 INFO neutron.wsgi [None req-1e656dac-1d9c-495c-b1c3-974111f9390a 3b8fed1cce4145eda7e305becc078a7e f8496f8ba56a4b14a1b7d6a9aa2af247 - - default default] 199.19.213.52 "GET /v2.0/ports/3dd5015b-579e-4b5f-91b5-8b0165c4ebcc HTTP/1.1" status: 200 len: 1511 time: 0.0472767
2026-04-23 09:01:22.429 10 INFO neutron.wsgi [None req-6d3a5f8c-411b-434f-b4eb-ac3aba1bb520 3b8fed1cce4145eda7e305becc078a7e f8496f8ba56a4b14a1b7d6a9aa2af247 - - default default] 199.19.213.52 "GET /v2.0/subnets/09573038-4c15-4a48-bd7f-10d012e97fa3 HTTP/1.1" status: 200 len: 850 time: 0.0400970
2026-04-23 09:01:22.514 10 INFO neutron.wsgi [None req-3be2cb05-e2f5-4fb8-9220-b500223cc483 3b8fed1cce4145eda7e305becc078a7e f8496f8ba56a4b14a1b7d6a9aa2af247 - - default default] 199.19.213.52 "GET /v2.0/networks/e5a8e4d7-69b5-4716-b4c8-e870af49d0df HTTP/1.1" status: 200 len: 1001 time: 0.0785320
2026-04-23 09:01:22.563 10 INFO neutron.wsgi [None req-1e6edf78-125d-4912-a7b0-e65fbc06191c 3b8fed1cce4145eda7e305becc078a7e f8496f8ba56a4b14a1b7d6a9aa2af247 - - default default] 199.19.213.52 "GET /v2.0/ports/7e383d71-abc0-4eec-9b6f-4a8f4b994c8f HTTP/1.1" status: 200 len: 1340 time: 0.0419188
2026-04-23 09:01:22.611 10 INFO neutron.wsgi [None req-2bce2490-aa1c-483b-a52e-f3f090d02ad4 3b8fed1cce4145eda7e305becc078a7e f8496f8ba56a4b14a1b7d6a9aa2af247 - - default default] 199.19.213.52 "GET /v2.0/subnets/09573038-4c15-4a48-bd7f-10d012e97fa3 HTTP/1.1" status: 200 len: 850 time: 0.0416565
2026-04-23 09:01:23.060 10 INFO neutron.notifiers.nova [-] Nova event matching ['req-e467f0e0-dd92-4735-900e-9e60da7ea3b4'] response: {'server_uuid': '0c68636a-2f67-4b40-9744-ea17e7066b49', 'name': 'network-vif-plugged', 'status': 'completed', 'tag': 'a52cb3d0-5a82-404d-ac9e-8e901bb434e5', 'code': 200}
2026-04-23 09:01:23.061 10 INFO neutron.notifiers.nova [-] Nova event matching ['req-e467f0e0-dd92-4735-900e-9e60da7ea3b4'] response: {'name': 'network-changed', 'server_uuid': '0c68636a-2f67-4b40-9744-ea17e7066b49', 'tag': 'a52cb3d0-5a82-404d-ac9e-8e901bb434e5', 'status': 'completed', 'code': 200}
2026-04-23 09:01:23.126 9 INFO neutron.wsgi [req-1f9d4b2c-4a38-4ffc-a6f0-208ecc931ca9 req-14dc78e0-67d4-46db-8e79-9b3244e07bb9 0b90aaf067b5401a83d2c0610e4ae3a9 cb697062842e4831b466dd2615203c97 - - 5cc8a6ff47d14da9a8777c2cc4ba702d 5cc8a6ff47d14da9a8777c2cc4ba702d] 199.19.213.52 "GET /v2.0/ports?tenant_id=f8496f8ba56a4b14a1b7d6a9aa2af247&device_id=0c68636a-2f67-4b40-9744-ea17e7066b49 HTTP/1.1" status: 200 len: 3918 time: 0.0376318
2026-04-23 09:01:23.196 9 INFO neutron.wsgi [req-1f9d4b2c-4a38-4ffc-a6f0-208ecc931ca9 req-8cbdb135-fca5-4177-b58b-bd361f7f221a 0b90aaf067b5401a83d2c0610e4ae3a9 cb697062842e4831b466dd2615203c97 - - 5cc8a6ff47d14da9a8777c2cc4ba702d 5cc8a6ff47d14da9a8777c2cc4ba702d] 199.19.213.52 "GET /v2.0/networks?id=ad58d157-9c05-4811-b23b-36c3e4b8350c HTTP/1.1" status: 200 len: 1003 time: 0.0642982
2026-04-23 09:01:23.230 9 INFO neutron.wsgi [req-1f9d4b2c-4a38-4ffc-a6f0-208ecc931ca9 req-023a1ac6-0db5-4911-9d7a-b92dc925592f 0b90aaf067b5401a83d2c0610e4ae3a9 cb697062842e4831b466dd2615203c97 - - 5cc8a6ff47d14da9a8777c2cc4ba702d 5cc8a6ff47d14da9a8777c2cc4ba702d] 199.19.213.52 "GET /v2.0/floatingips?fixed_ip_address=10.2.1.219&port_id=a52cb3d0-5a82-404d-ac9e-8e901bb434e5 HTTP/1.1" status: 200 len: 217 time: 0.0260899
2026-04-23 09:01:23.268 9 INFO neutron.wsgi [req-1f9d4b2c-4a38-4ffc-a6f0-208ecc931ca9 req-ad40a35a-d5ee-492e-a648-e2bd16b9f22a 0b90aaf067b5401a83d2c0610e4ae3a9 cb697062842e4831b466dd2615203c97 - - 5cc8a6ff47d14da9a8777c2cc4ba702d 5cc8a6ff47d14da9a8777c2cc4ba702d] 199.19.213.52 "GET /v2.0/subnets?id=bc6805e4-d296-4afd-991f-07567b01e506 HTTP/1.1" status: 200 len: 852 time: 0.0328014
2026-04-23 09:01:23.299 9 INFO neutron.wsgi [req-1f9d4b2c-4a38-4ffc-a6f0-208ecc931ca9 req-4cbbbad5-eafe-4773-a5e7-dbf4f128ccda 0b90aaf067b5401a83d2c0610e4ae3a9 cb697062842e4831b466dd2615203c97 - - 5cc8a6ff47d14da9a8777c2cc4ba702d 5cc8a6ff47d14da9a8777c2cc4ba702d] 199.19.213.52 "GET /v2.0/ports?network_id=ad58d157-9c05-4811-b23b-36c3e4b8350c&device_owner=network%3Adhcp HTTP/1.1" status: 200 len: 210 time: 0.0223958
2026-04-23 09:01:23.370 9 INFO neutron.wsgi [req-1f9d4b2c-4a38-4ffc-a6f0-208ecc931ca9 req-dd2d382a-76aa-4061-9a6d-294245596743 0b90aaf067b5401a83d2c0610e4ae3a9 cb697062842e4831b466dd2615203c97 - - 5cc8a6ff47d14da9a8777c2cc4ba702d 5cc8a6ff47d14da9a8777c2cc4ba702d] 199.19.213.52 "GET /v2.0/networks/ad58d157-9c05-4811-b23b-36c3e4b8350c?fields=segments HTTP/1.1" status: 200 len: 212 time: 0.0627985
2026-04-23 09:01:23.458 9 INFO neutron.wsgi [req-1f9d4b2c-4a38-4ffc-a6f0-208ecc931ca9 req-9c56e4db-c8a6-4eeb-b1b1-e84b5b560310 0b90aaf067b5401a83d2c0610e4ae3a9 cb697062842e4831b466dd2615203c97 - - 5cc8a6ff47d14da9a8777c2cc4ba702d 5cc8a6ff47d14da9a8777c2cc4ba702d] 199.19.213.52 "GET /v2.0/networks/ad58d157-9c05-4811-b23b-36c3e4b8350c?fields=provider%3Aphysical_network&fields=provider%3Anetwork_type HTTP/1.1" status: 200 len: 277 time: 0.0807085
2026-04-23 09:01:27.520 9 INFO neutron.wsgi [None req-7074d4bf-70cb-4cd9-a7af-6364052c0600 3b8fed1cce4145eda7e305becc078a7e f8496f8ba56a4b14a1b7d6a9aa2af247 - - default default] 10.0.0.238 "GET /v2.0/extensions/security-group HTTP/1.1" status: 200 len: 369 time: 0.0109918
2026-04-23 09:01:27.534 9 INFO neutron.wsgi [None req-134723b8-d6e9-4b32-b595-00bb08031e27 3b8fed1cce4145eda7e305becc078a7e f8496f8ba56a4b14a1b7d6a9aa2af247 - - default default] 10.0.0.238 "GET /v2.0/extensions/dns-integration HTTP/1.1" status: 200 len: 371 time: 0.0071807
2026-04-23 09:01:27.542 9 INFO neutron.wsgi [None req-b3c6ee0d-822d-4be6-9ced-0af6a858c8f3 3b8fed1cce4145eda7e305becc078a7e f8496f8ba56a4b14a1b7d6a9aa2af247 - - default default] 10.0.0.238 "GET /v2.0/extensions/qos HTTP/1.1" status: 200 len: 365 time: 0.0030363
2026-04-23 09:01:27.552 9 INFO neutron.wsgi [None req-0463b42d-f730-4fc9-ae42-436aaf46b8a9 3b8fed1cce4145eda7e305becc078a7e f8496f8ba56a4b14a1b7d6a9aa2af247 - - default default] 10.0.0.238 "GET /v2.0/extensions/allowed-address-pairs HTTP/1.1" status: 200 len: 383 time: 0.0052471
2026-04-23 09:01:27.883 9 INFO neutron.wsgi [-] 10.0.0.238 "GET / HTTP/1.1" status: 200 len: 284 time: 0.0029156
2026-04-23 09:01:27.936 9 INFO neutron.wsgi [None req-080ec68b-cb1b-42d5-8d89-1a7a52a0b476 c07932cbf9ba46088e0b27751ebcbe33 12adb23398d04c379010c1549345f67b - - default default] 10.0.0.238 "GET /v2.0/subnets/d2bc0ed3-c8f6-4c38-b9c5-cac1707214f7 HTTP/1.1" status: 200 len: 830 time: 0.0413561
2026-04-23 09:01:28.456 9 INFO neutron.wsgi [None req-f22c8d01-7de7-435b-bcec-6b0e0c566d25 3b8fed1cce4145eda7e305becc078a7e f8496f8ba56a4b14a1b7d6a9aa2af247 - - default default] 199.19.213.52 "GET /v2.0/extensions/security-group HTTP/1.1" status: 200 len: 369 time: 0.0060790
2026-04-23 09:01:28.465 9 INFO neutron.wsgi [None req-2075b5b7-6574-4c79-a2b3-c759373845f3 3b8fed1cce4145eda7e305becc078a7e f8496f8ba56a4b14a1b7d6a9aa2af247 - - default default] 199.19.213.52 "GET /v2.0/extensions/dns-integration HTTP/1.1" status: 200 len: 371 time: 0.0042930
2026-04-23 09:01:28.473 9 INFO neutron.wsgi [None req-1ac2a325-e0d7-45cc-a892-f39fdbf32329 3b8fed1cce4145eda7e305becc078a7e f8496f8ba56a4b14a1b7d6a9aa2af247 - - default default] 199.19.213.52 "GET /v2.0/extensions/qos HTTP/1.1" status: 200 len: 365 time: 0.0041840
2026-04-23 09:01:28.489 9 INFO neutron.wsgi [None req-6171c932-2d85-481f-9df6-08893853a41c 3b8fed1cce4145eda7e305becc078a7e f8496f8ba56a4b14a1b7d6a9aa2af247 - - default default] 199.19.213.52 "GET /v2.0/extensions/allowed-address-pairs HTTP/1.1" status: 200 len: 383 time: 0.0064681
2026-04-23 09:01:28.533 9 INFO neutron.wsgi [None req-d059c885-c5fc-45f2-bc68-39ddd21f956e 3b8fed1cce4145eda7e305becc078a7e f8496f8ba56a4b14a1b7d6a9aa2af247 - - default default] 199.19.213.52 "GET /v2.0/subnets/bc6805e4-d296-4afd-991f-07567b01e506 HTTP/1.1" status: 200 len: 849 time: 0.0331740
2026-04-23 09:01:28.570 9 INFO neutron.wsgi [None req-d63ce14a-649e-42a1-a842-dde0b308d841 3b8fed1cce4145eda7e305becc078a7e f8496f8ba56a4b14a1b7d6a9aa2af247 - - default default] 199.19.213.52 "GET /v2.0/subnets/d2bc0ed3-c8f6-4c38-b9c5-cac1707214f7 HTTP/1.1" status: 200 len: 848 time: 0.0322468
2026-04-23 09:01:28.614 9 INFO neutron.wsgi [None req-f48874fb-2251-4eae-8603-1730a336feb8 3b8fed1cce4145eda7e305becc078a7e f8496f8ba56a4b14a1b7d6a9aa2af247 - - default default] 199.19.213.52 "GET /v2.0/ports?device_id=0c68636a-2f67-4b40-9744-ea17e7066b49 HTTP/1.1" status: 200 len: 3918 time: 0.0345540
2026-04-23 09:01:28.774 9 INFO neutron.wsgi [None req-53305a6a-0a61-46fb-ab5f-3ae386556db6 3b8fed1cce4145eda7e305becc078a7e f8496f8ba56a4b14a1b7d6a9aa2af247 - - default default] 199.19.213.52 "GET /v2.0/extensions/security-group HTTP/1.1" status: 200 len: 369 time: 0.0095906
2026-04-23 09:01:28.786 9 INFO neutron.wsgi [None req-9642a0b9-ba64-4e4c-88ad-1c988e330349 3b8fed1cce4145eda7e305becc078a7e f8496f8ba56a4b14a1b7d6a9aa2af247 - - default default] 199.19.213.52 "GET /v2.0/extensions/dns-integration HTTP/1.1" status: 200 len: 371 time: 0.0046623
2026-04-23 09:01:28.793 9 INFO neutron.wsgi [None req-d64d6571-1127-47e1-9853-4397e5a1ea4d 3b8fed1cce4145eda7e305becc078a7e f8496f8ba56a4b14a1b7d6a9aa2af247 - - default default] 199.19.213.52 "GET /v2.0/extensions/qos HTTP/1.1" status: 200 len: 365 time: 0.0040786
2026-04-23 09:01:28.806 9 INFO neutron.wsgi [None req-c38b0392-3c18-4fa9-ae6a-01b46e775954 3b8fed1cce4145eda7e305becc078a7e f8496f8ba56a4b14a1b7d6a9aa2af247 - - default default] 199.19.213.52 "GET /v2.0/extensions/allowed-address-pairs HTTP/1.1" status: 200 len: 383 time: 0.0046916
2026-04-23 09:01:28.980 9 INFO neutron.wsgi [req-ca1a88c5-7975-42a6-8fe9-cb810f719794 req-231daeb1-305c-45c1-9976-8224264c1acc 0b90aaf067b5401a83d2c0610e4ae3a9 cb697062842e4831b466dd2615203c97 - - 5cc8a6ff47d14da9a8777c2cc4ba702d 5cc8a6ff47d14da9a8777c2cc4ba702d] 199.19.213.52 "GET /v2.0/networks/76c70314-b3f7-4639-8c2b-527a3fa1487e?fields=segments HTTP/1.1" status: 200 len: 212 time: 0.0678053
2026-04-23 09:01:29.054 9 INFO neutron.wsgi [req-ca1a88c5-7975-42a6-8fe9-cb810f719794 req-015cf2d5-f717-4ebb-a07e-13fc07699ae5 0b90aaf067b5401a83d2c0610e4ae3a9 cb697062842e4831b466dd2615203c97 - - 5cc8a6ff47d14da9a8777c2cc4ba702d 5cc8a6ff47d14da9a8777c2cc4ba702d] 199.19.213.52 "GET /v2.0/networks/76c70314-b3f7-4639-8c2b-527a3fa1487e?fields=provider%3Aphysical_network&fields=provider%3Anetwork_type HTTP/1.1" status: 200 len: 277 time: 0.0669494
2026-04-23 09:01:29.146 9 INFO neutron.wsgi [req-ca1a88c5-7975-42a6-8fe9-cb810f719794 req-350f96e8-df94-41e1-a884-f223b7007d71 3b8fed1cce4145eda7e305becc078a7e f8496f8ba56a4b14a1b7d6a9aa2af247 - - default default] 199.19.213.52 "GET /v2.0/networks?id=76c70314-b3f7-4639-8c2b-527a3fa1487e HTTP/1.1" status: 200 len: 1001 time: 0.0717525
2026-04-23 09:01:29.466 9 WARNING neutron.scheduler.dhcp_agent_scheduler [req-ca1a88c5-7975-42a6-8fe9-cb810f719794 req-71df6412-c608-4779-bffa-c04137f8e9a8 3b8fed1cce4145eda7e305becc078a7e f8496f8ba56a4b14a1b7d6a9aa2af247 - - default default] No more DHCP agents
2026-04-23 09:01:29.468 9 WARNING neutron.api.rpc.agentnotifiers.dhcp_rpc_agent_api [req-ca1a88c5-7975-42a6-8fe9-cb810f719794 req-71df6412-c608-4779-bffa-c04137f8e9a8 3b8fed1cce4145eda7e305becc078a7e f8496f8ba56a4b14a1b7d6a9aa2af247 - - default default] Unable to schedule network 76c70314-b3f7-4639-8c2b-527a3fa1487e: no agents available; will retry on subsequent port and subnet creation events.
2026-04-23 09:01:29.640 9 INFO neutron.db.ovn_revision_numbers_db [req-ca1a88c5-7975-42a6-8fe9-cb810f719794 req-71df6412-c608-4779-bffa-c04137f8e9a8 3b8fed1cce4145eda7e305becc078a7e f8496f8ba56a4b14a1b7d6a9aa2af247 - - default default] Successfully bumped revision number for resource 08221514-7b67-4fa3-8599-de82191d1dcd (type: ports) to 1
2026-04-23 09:01:29.659 9 INFO neutron.wsgi [req-ca1a88c5-7975-42a6-8fe9-cb810f719794 req-71df6412-c608-4779-bffa-c04137f8e9a8 3b8fed1cce4145eda7e305becc078a7e f8496f8ba56a4b14a1b7d6a9aa2af247 - - default default] 199.19.213.52 "POST /v2.0/ports HTTP/1.1" status: 201 len: 1512 time: 0.5062211 /var/lib/openstack/lib/python3.10/site-packages/pycadf/identifier.py:71: UserWarning: Invalid uuid: neutron. To ensure interoperability, identifiers should be a valid uuid. warnings.warn(('Invalid uuid: %s. To ensure interoperability, '
2026-04-23 09:01:29.748 10 INFO neutron.wsgi [-] 10.0.0.75 "GET / HTTP/1.1" status: 200 len: 246 time: 0.0030336
2026-04-23 09:01:29.751 10 INFO neutron.wsgi [-] 10.0.0.75 "GET / HTTP/1.1" status: 200 len: 246 time: 0.0012958
2026-04-23 09:01:30.100 9 INFO neutron.db.ovn_revision_numbers_db [req-ca1a88c5-7975-42a6-8fe9-cb810f719794 req-e630d1bf-ea2d-4564-993f-fa2c9a903467 0b90aaf067b5401a83d2c0610e4ae3a9 cb697062842e4831b466dd2615203c97 - - 5cc8a6ff47d14da9a8777c2cc4ba702d 5cc8a6ff47d14da9a8777c2cc4ba702d] Successfully bumped revision number for resource 08221514-7b67-4fa3-8599-de82191d1dcd (type: ports) to 2
2026-04-23 09:01:30.298 9 INFO neutron.db.ovn_revision_numbers_db [req-ca1a88c5-7975-42a6-8fe9-cb810f719794 req-e630d1bf-ea2d-4564-993f-fa2c9a903467 0b90aaf067b5401a83d2c0610e4ae3a9 cb697062842e4831b466dd2615203c97 - - 5cc8a6ff47d14da9a8777c2cc4ba702d 5cc8a6ff47d14da9a8777c2cc4ba702d] Successfully bumped revision number for resource 08221514-7b67-4fa3-8599-de82191d1dcd (type: ports) to 2
2026-04-23 09:01:30.313 9 INFO neutron.wsgi [req-ca1a88c5-7975-42a6-8fe9-cb810f719794 req-e630d1bf-ea2d-4564-993f-fa2c9a903467 0b90aaf067b5401a83d2c0610e4ae3a9 cb697062842e4831b466dd2615203c97 - - 5cc8a6ff47d14da9a8777c2cc4ba702d 5cc8a6ff47d14da9a8777c2cc4ba702d] 199.19.213.52 "PUT /v2.0/ports/08221514-7b67-4fa3-8599-de82191d1dcd HTTP/1.1" status: 200 len: 1609 time: 0.6475799 /var/lib/openstack/lib/python3.10/site-packages/pycadf/identifier.py:71: UserWarning: Invalid uuid: neutron. To ensure interoperability, identifiers should be a valid uuid. warnings.warn(('Invalid uuid: %s. To ensure interoperability, '
2026-04-23 09:01:30.377 9 INFO neutron.notifiers.nova [-] Nova event matching ['req-bd42e473-2f7c-43cb-ae51-c7e0511a9a1b'] response: {'name': 'network-changed', 'server_uuid': '0c68636a-2f67-4b40-9744-ea17e7066b49', 'tag': '08221514-7b67-4fa3-8599-de82191d1dcd', 'status': 'completed', 'code': 200}
2026-04-23 09:01:30.402 9 INFO neutron.wsgi [req-ca1a88c5-7975-42a6-8fe9-cb810f719794 req-2c03c175-da03-4a9d-a3a8-2baef48d50a9 0b90aaf067b5401a83d2c0610e4ae3a9 cb697062842e4831b466dd2615203c97 - - 5cc8a6ff47d14da9a8777c2cc4ba702d 5cc8a6ff47d14da9a8777c2cc4ba702d] 199.19.213.52 "GET /v2.0/ports?tenant_id=f8496f8ba56a4b14a1b7d6a9aa2af247&device_id=0c68636a-2f67-4b40-9744-ea17e7066b49 HTTP/1.1" status: 200 len: 5347 time: 0.0376825
2026-04-23 09:01:30.438 9 INFO neutron.wsgi [req-ca1a88c5-7975-42a6-8fe9-cb810f719794 req-b62adab0-fc10-412f-8657-9ffc030565bd 0b90aaf067b5401a83d2c0610e4ae3a9 cb697062842e4831b466dd2615203c97 - - 5cc8a6ff47d14da9a8777c2cc4ba702d 5cc8a6ff47d14da9a8777c2cc4ba702d] 199.19.213.52 "GET /v2.0/floatingips?fixed_ip_address=172.24.3.168&port_id=a31c68cf-7501-4c6d-a41e-808f868077a3 HTTP/1.1" status: 200 len: 217 time: 0.0273561
2026-04-23 09:01:30.491 9 INFO neutron.wsgi [req-ca1a88c5-7975-42a6-8fe9-cb810f719794 req-aa604f89-ed74-4032-a73a-93c814ea6f63 0b90aaf067b5401a83d2c0610e4ae3a9 cb697062842e4831b466dd2615203c97 - - 5cc8a6ff47d14da9a8777c2cc4ba702d 5cc8a6ff47d14da9a8777c2cc4ba702d] 199.19.213.52 "GET /v2.0/subnets?id=4e93e3ad-30a1-440b-a999-459b32c3a6aa HTTP/1.1" status: 200 len: 829 time: 0.0463672
2026-04-23 09:01:30.516 9 INFO neutron.wsgi [req-ca1a88c5-7975-42a6-8fe9-cb810f719794 req-b9bfe43f-9022-404e-a11d-156ef25ccbbb 0b90aaf067b5401a83d2c0610e4ae3a9 cb697062842e4831b466dd2615203c97 - - 5cc8a6ff47d14da9a8777c2cc4ba702d 5cc8a6ff47d14da9a8777c2cc4ba702d] 199.19.213.52 "GET /v2.0/ports?network_id=8064d18a-396f-4020-933d-1b4310733a30&device_owner=network%3Adhcp HTTP/1.1" status: 200 len: 210 time: 0.0194626
2026-04-23 09:01:30.592 9 INFO neutron.wsgi [req-ca1a88c5-7975-42a6-8fe9-cb810f719794 req-6cb6e9f9-3a57-4f7c-9d56-6098f88eb7d2 0b90aaf067b5401a83d2c0610e4ae3a9 cb697062842e4831b466dd2615203c97 - - 5cc8a6ff47d14da9a8777c2cc4ba702d 5cc8a6ff47d14da9a8777c2cc4ba702d] 199.19.213.52 "GET /v2.0/networks/8064d18a-396f-4020-933d-1b4310733a30?fields=segments HTTP/1.1" status: 200 len: 212 time: 0.0685728
2026-04-23 09:01:30.666 9 INFO neutron.wsgi [req-ca1a88c5-7975-42a6-8fe9-cb810f719794 req-82127fd1-cf20-472d-935e-10b16be0ceed 0b90aaf067b5401a83d2c0610e4ae3a9 cb697062842e4831b466dd2615203c97 - - 5cc8a6ff47d14da9a8777c2cc4ba702d 5cc8a6ff47d14da9a8777c2cc4ba702d] 199.19.213.52 "GET /v2.0/networks/8064d18a-396f-4020-933d-1b4310733a30?fields=provider%3Aphysical_network&fields=provider%3Anetwork_type HTTP/1.1" status: 200 len: 277 time: 0.0683794
2026-04-23 09:01:30.704 9 INFO neutron.wsgi [req-ca1a88c5-7975-42a6-8fe9-cb810f719794 req-a8535334-fe45-4c25-85df-a0cb00992aba 0b90aaf067b5401a83d2c0610e4ae3a9 cb697062842e4831b466dd2615203c97 - - 5cc8a6ff47d14da9a8777c2cc4ba702d 5cc8a6ff47d14da9a8777c2cc4ba702d] 199.19.213.52 "GET /v2.0/floatingips?fixed_ip_address=10.1.1.6&port_id=3dd5015b-579e-4b5f-91b5-8b0165c4ebcc HTTP/1.1" status: 200 len: 217 time: 0.0313594
2026-04-23 09:01:30.752 9 INFO neutron.wsgi [req-ca1a88c5-7975-42a6-8fe9-cb810f719794 req-94c86886-5fd2-4c61-8cce-1b930f098b7e 0b90aaf067b5401a83d2c0610e4ae3a9 cb697062842e4831b466dd2615203c97 - - 5cc8a6ff47d14da9a8777c2cc4ba702d 5cc8a6ff47d14da9a8777c2cc4ba702d] 199.19.213.52 "GET /v2.0/subnets?id=09573038-4c15-4a48-bd7f-10d012e97fa3 HTTP/1.1" status: 200 len: 853 time: 0.0411053
2026-04-23 09:01:30.782 9 INFO neutron.wsgi [req-ca1a88c5-7975-42a6-8fe9-cb810f719794 req-dcb2d5fb-674d-47ac-a2af-22b656808061 0b90aaf067b5401a83d2c0610e4ae3a9 cb697062842e4831b466dd2615203c97 - - 5cc8a6ff47d14da9a8777c2cc4ba702d 5cc8a6ff47d14da9a8777c2cc4ba702d] 199.19.213.52 "GET /v2.0/ports?network_id=e5a8e4d7-69b5-4716-b4c8-e870af49d0df&device_owner=network%3Adhcp HTTP/1.1" status: 200 len: 210 time: 0.0239415
2026-04-23 09:01:30.852 9 INFO neutron.wsgi [req-ca1a88c5-7975-42a6-8fe9-cb810f719794 req-8ffe180d-ac1a-47f0-8064-318f221e240a 0b90aaf067b5401a83d2c0610e4ae3a9 cb697062842e4831b466dd2615203c97 - - 5cc8a6ff47d14da9a8777c2cc4ba702d 5cc8a6ff47d14da9a8777c2cc4ba702d] 199.19.213.52 "GET /v2.0/networks/e5a8e4d7-69b5-4716-b4c8-e870af49d0df?fields=segments HTTP/1.1" status: 200 len: 212 time: 0.0635848
2026-04-23 09:01:30.928 9 INFO neutron.wsgi [req-ca1a88c5-7975-42a6-8fe9-cb810f719794 req-3a994ca0-4ddf-4558-9db8-0657582e2422 0b90aaf067b5401a83d2c0610e4ae3a9 cb697062842e4831b466dd2615203c97 - - 5cc8a6ff47d14da9a8777c2cc4ba702d 5cc8a6ff47d14da9a8777c2cc4ba702d] 199.19.213.52 "GET /v2.0/networks/e5a8e4d7-69b5-4716-b4c8-e870af49d0df?fields=provider%3Aphysical_network&fields=provider%3Anetwork_type HTTP/1.1" status: 200 len: 277 time: 0.0697584
2026-04-23 09:01:30.959 9 INFO neutron.wsgi [req-ca1a88c5-7975-42a6-8fe9-cb810f719794 req-f6c506ff-ad86-4ece-95a0-0316a7944c2d 0b90aaf067b5401a83d2c0610e4ae3a9 cb697062842e4831b466dd2615203c97 - - 5cc8a6ff47d14da9a8777c2cc4ba702d 5cc8a6ff47d14da9a8777c2cc4ba702d] 199.19.213.52 "GET /v2.0/floatingips?fixed_ip_address=10.2.1.219&port_id=a52cb3d0-5a82-404d-ac9e-8e901bb434e5 HTTP/1.1" status: 200 len: 217 time: 0.0231209
2026-04-23 09:01:31.002 9 INFO neutron.wsgi [req-ca1a88c5-7975-42a6-8fe9-cb810f719794 req-811bc470-b525-4862-87fc-a5819f946844 0b90aaf067b5401a83d2c0610e4ae3a9 cb697062842e4831b466dd2615203c97 - - 5cc8a6ff47d14da9a8777c2cc4ba702d 5cc8a6ff47d14da9a8777c2cc4ba702d] 199.19.213.52 "GET /v2.0/subnets?id=bc6805e4-d296-4afd-991f-07567b01e506 HTTP/1.1" status: 200 len: 852 time: 0.0345995
2026-04-23 09:01:31.037 9 INFO neutron.wsgi [req-ca1a88c5-7975-42a6-8fe9-cb810f719794 req-199c7236-65bf-42e4-9c12-0a154ef124ee 0b90aaf067b5401a83d2c0610e4ae3a9 cb697062842e4831b466dd2615203c97 - - 5cc8a6ff47d14da9a8777c2cc4ba702d 5cc8a6ff47d14da9a8777c2cc4ba702d] 199.19.213.52 "GET /v2.0/ports?network_id=ad58d157-9c05-4811-b23b-36c3e4b8350c&device_owner=network%3Adhcp HTTP/1.1" status: 200 len: 210 time: 0.0274320
2026-04-23 09:01:31.108 9 INFO neutron.wsgi [req-ca1a88c5-7975-42a6-8fe9-cb810f719794 req-f4976f80-dbf1-4523-b78f-6137f07aba74 0b90aaf067b5401a83d2c0610e4ae3a9 cb697062842e4831b466dd2615203c97 - - 5cc8a6ff47d14da9a8777c2cc4ba702d 5cc8a6ff47d14da9a8777c2cc4ba702d] 199.19.213.52 "GET /v2.0/networks/ad58d157-9c05-4811-b23b-36c3e4b8350c?fields=segments HTTP/1.1" status: 200 len: 212 time: 0.0645366
2026-04-23 09:01:31.163 9 INFO neutron.wsgi [req-ca1a88c5-7975-42a6-8fe9-cb810f719794 req-fbed8025-825a-4611-864c-0f90270af815 0b90aaf067b5401a83d2c0610e4ae3a9 cb697062842e4831b466dd2615203c97 - - 5cc8a6ff47d14da9a8777c2cc4ba702d 5cc8a6ff47d14da9a8777c2cc4ba702d] 199.19.213.52 "GET /v2.0/networks/ad58d157-9c05-4811-b23b-36c3e4b8350c?fields=provider%3Aphysical_network&fields=provider%3Anetwork_type HTTP/1.1" status: 200 len: 277 time: 0.0491655
2026-04-23 09:01:31.197 9 INFO neutron.wsgi [req-ca1a88c5-7975-42a6-8fe9-cb810f719794 req-71ffd8db-f124-40d7-9748-3fd73238ca1d 0b90aaf067b5401a83d2c0610e4ae3a9 cb697062842e4831b466dd2615203c97 - - 5cc8a6ff47d14da9a8777c2cc4ba702d 5cc8a6ff47d14da9a8777c2cc4ba702d] 199.19.213.52 "GET /v2.0/floatingips?fixed_ip_address=10.2.2.218&port_id=08221514-7b67-4fa3-8599-de82191d1dcd HTTP/1.1" status: 200 len: 217 time: 0.0274374
2026-04-23 09:01:31.224 9 INFO neutron.wsgi [req-ca1a88c5-7975-42a6-8fe9-cb810f719794 req-47fab814-63ca-4c3f-9bb7-68c3284081bf 0b90aaf067b5401a83d2c0610e4ae3a9 cb697062842e4831b466dd2615203c97 - - 5cc8a6ff47d14da9a8777c2cc4ba702d 5cc8a6ff47d14da9a8777c2cc4ba702d] 199.19.213.52 "GET /v2.0/floatingips?fixed_ip_address=fd77%3A1457%3A4cf0%3A26a8%3A%3A254&port_id=08221514-7b67-4fa3-8599-de82191d1dcd HTTP/1.1" status: 200 len: 217 time: 0.0229645
2026-04-23 09:01:31.267 9 INFO neutron.wsgi [req-ca1a88c5-7975-42a6-8fe9-cb810f719794 req-28158299-3d83-48a6-9cc9-4698c9ff5d4a 0b90aaf067b5401a83d2c0610e4ae3a9 cb697062842e4831b466dd2615203c97 - - 5cc8a6ff47d14da9a8777c2cc4ba702d 5cc8a6ff47d14da9a8777c2cc4ba702d] 199.19.213.52 "GET /v2.0/subnets?id=32cee5d8-0903-4e95-affe-dec29a22b224&id=d2bc0ed3-c8f6-4c38-b9c5-cac1707214f7 HTTP/1.1" status: 200 len: 1566 time: 0.0364449
2026-04-23 09:01:31.295 9 INFO neutron.wsgi [req-ca1a88c5-7975-42a6-8fe9-cb810f719794 req-6e6a8207-854c-4e30-b20c-20f6a6ed30ca 0b90aaf067b5401a83d2c0610e4ae3a9 cb697062842e4831b466dd2615203c97 - - 5cc8a6ff47d14da9a8777c2cc4ba702d 5cc8a6ff47d14da9a8777c2cc4ba702d] 199.19.213.52 "GET /v2.0/ports?network_id=76c70314-b3f7-4639-8c2b-527a3fa1487e&device_owner=network%3Adhcp HTTP/1.1" status: 200 len: 210 time: 0.0203204
2026-04-23 09:01:31.315 9 INFO neutron.wsgi [req-ca1a88c5-7975-42a6-8fe9-cb810f719794 req-0874edc9-2d82-444a-bd20-8e07dd60ecbb 0b90aaf067b5401a83d2c0610e4ae3a9 cb697062842e4831b466dd2615203c97 - - 5cc8a6ff47d14da9a8777c2cc4ba702d 5cc8a6ff47d14da9a8777c2cc4ba702d] 199.19.213.52 "GET /v2.0/ports?network_id=76c70314-b3f7-4639-8c2b-527a3fa1487e&device_owner=network%3Adhcp HTTP/1.1" status: 200 len: 210 time: 0.0154462
2026-04-23 09:01:31.392 9 INFO neutron.wsgi [req-ca1a88c5-7975-42a6-8fe9-cb810f719794 req-f86947db-69e9-4383-8d9a-5014f686d939 0b90aaf067b5401a83d2c0610e4ae3a9 cb697062842e4831b466dd2615203c97 - - 5cc8a6ff47d14da9a8777c2cc4ba702d 5cc8a6ff47d14da9a8777c2cc4ba702d] 199.19.213.52 "GET /v2.0/networks/76c70314-b3f7-4639-8c2b-527a3fa1487e?fields=segments HTTP/1.1" status: 200 len: 212 time: 0.0701160
2026-04-23 09:01:31.474 9 INFO neutron.wsgi [req-ca1a88c5-7975-42a6-8fe9-cb810f719794 req-d5d3f54e-82eb-40d9-9e48-e7d87c202378 0b90aaf067b5401a83d2c0610e4ae3a9 cb697062842e4831b466dd2615203c97 - - 5cc8a6ff47d14da9a8777c2cc4ba702d 5cc8a6ff47d14da9a8777c2cc4ba702d] 199.19.213.52 "GET /v2.0/networks/76c70314-b3f7-4639-8c2b-527a3fa1487e?fields=provider%3Aphysical_network&fields=provider%3Anetwork_type HTTP/1.1" status: 200 len: 277 time: 0.0748675
2026-04-23 09:01:31.572 10 INFO neutron.plugins.ml2.drivers.ovn.mech_driver.mech_driver [None req-2aa377b6-9cdc-4a81-8588-818126d30799 - - - - - -] OVN reports status up for port: 08221514-7b67-4fa3-8599-de82191d1dcd
2026-04-23 09:01:31.591 10 INFO neutron.plugins.ml2.plugin [None req-2aa377b6-9cdc-4a81-8588-818126d30799 - - - - - -] Attempt 1 to provision port 08221514-7b67-4fa3-8599-de82191d1dcd
2026-04-23 09:01:31.598 9 INFO neutron.wsgi [req-59976045-ea87-4415-af43-c81814ac4c3c req-13f0ca3e-65ce-4fe5-babe-e0ef0b0033b3 0b90aaf067b5401a83d2c0610e4ae3a9 cb697062842e4831b466dd2615203c97 - - 5cc8a6ff47d14da9a8777c2cc4ba702d 5cc8a6ff47d14da9a8777c2cc4ba702d] 199.19.213.52 "GET /v2.0/ports?tenant_id=f8496f8ba56a4b14a1b7d6a9aa2af247&device_id=0c68636a-2f67-4b40-9744-ea17e7066b49 HTTP/1.1" status: 200 len: 5347 time: 0.0645151
2026-04-23 09:01:31.668 9 INFO neutron.wsgi [req-59976045-ea87-4415-af43-c81814ac4c3c req-6043fa55-2f44-4d22-93b9-f99db6b22656 0b90aaf067b5401a83d2c0610e4ae3a9 cb697062842e4831b466dd2615203c97 - - 5cc8a6ff47d14da9a8777c2cc4ba702d 5cc8a6ff47d14da9a8777c2cc4ba702d] 199.19.213.52 "GET /v2.0/networks?id=76c70314-b3f7-4639-8c2b-527a3fa1487e HTTP/1.1" status: 200 len: 1001 time: 0.0642869
2026-04-23 09:01:31.702 9 INFO neutron.wsgi [req-59976045-ea87-4415-af43-c81814ac4c3c req-0b1a9ac7-df0a-4714-86ab-c20048f9cfd2 0b90aaf067b5401a83d2c0610e4ae3a9 cb697062842e4831b466dd2615203c97 - - 5cc8a6ff47d14da9a8777c2cc4ba702d 5cc8a6ff47d14da9a8777c2cc4ba702d] 199.19.213.52 "GET /v2.0/floatingips?fixed_ip_address=10.2.2.218&port_id=08221514-7b67-4fa3-8599-de82191d1dcd HTTP/1.1" status: 200 len: 217 time: 0.0278926
2026-04-23 09:01:31.733 9 INFO neutron.wsgi [req-59976045-ea87-4415-af43-c81814ac4c3c req-20abc961-dfef-4b4c-8871-2efdb04bd260 0b90aaf067b5401a83d2c0610e4ae3a9 cb697062842e4831b466dd2615203c97 - - 5cc8a6ff47d14da9a8777c2cc4ba702d 5cc8a6ff47d14da9a8777c2cc4ba702d] 199.19.213.52 "GET /v2.0/floatingips?fixed_ip_address=fd77%3A1457%3A4cf0%3A26a8%3A%3A254&port_id=08221514-7b67-4fa3-8599-de82191d1dcd HTTP/1.1" status: 200 len: 217 time: 0.0217226
2026-04-23 09:01:31.750 10 INFO neutron.notifiers.nova [-] Nova event matching ['req-6e45acbc-b06d-4072-a7bd-266a83060148'] response: {'server_uuid': '0c68636a-2f67-4b40-9744-ea17e7066b49', 'name': 'network-vif-plugged', 'status': 'completed', 'tag': '08221514-7b67-4fa3-8599-de82191d1dcd', 'code': 200}
2026-04-23 09:01:31.789 9 INFO neutron.wsgi [req-59976045-ea87-4415-af43-c81814ac4c3c req-c0b5e38b-f69b-4269-804c-f591069c562e 0b90aaf067b5401a83d2c0610e4ae3a9 cb697062842e4831b466dd2615203c97 - - 5cc8a6ff47d14da9a8777c2cc4ba702d 5cc8a6ff47d14da9a8777c2cc4ba702d] 199.19.213.52 "GET /v2.0/subnets?id=32cee5d8-0903-4e95-affe-dec29a22b224&id=d2bc0ed3-c8f6-4c38-b9c5-cac1707214f7 HTTP/1.1" status: 200 len: 1566 time: 0.0484710
2026-04-23 09:01:31.798 9 INFO neutron.wsgi [req-ca1a88c5-7975-42a6-8fe9-cb810f719794 req-ab67cc7c-b479-4e66-beeb-03ffb56047d5 3b8fed1cce4145eda7e305becc078a7e f8496f8ba56a4b14a1b7d6a9aa2af247 - - default default] 10.0.0.105 "GET /v2.0/ports/08221514-7b67-4fa3-8599-de82191d1dcd HTTP/1.1" status: 200 len: 1639 time: 0.0356205
2026-04-23 09:01:31.819 9 INFO neutron.wsgi [req-59976045-ea87-4415-af43-c81814ac4c3c req-dc3c48c9-991b-4d48-b55a-28c93dc9242a 0b90aaf067b5401a83d2c0610e4ae3a9 cb697062842e4831b466dd2615203c97 - - 5cc8a6ff47d14da9a8777c2cc4ba702d 5cc8a6ff47d14da9a8777c2cc4ba702d] 199.19.213.52 "GET /v2.0/ports?network_id=76c70314-b3f7-4639-8c2b-527a3fa1487e&device_owner=network%3Adhcp HTTP/1.1" status: 200 len: 210 time: 0.0221341
2026-04-23 09:01:31.851 9 INFO neutron.wsgi [req-59976045-ea87-4415-af43-c81814ac4c3c req-94817764-fe07-4529-a494-d2121cdb41b7 0b90aaf067b5401a83d2c0610e4ae3a9 cb697062842e4831b466dd2615203c97 - - 5cc8a6ff47d14da9a8777c2cc4ba702d 5cc8a6ff47d14da9a8777c2cc4ba702d] 199.19.213.52 "GET /v2.0/ports?network_id=76c70314-b3f7-4639-8c2b-527a3fa1487e&device_owner=network%3Adhcp HTTP/1.1" status: 200 len: 210 time: 0.0232377
2026-04-23 09:01:31.854 9 INFO neutron.wsgi [None req-42952b02-bdd1-4894-8ea1-d0c54d0a2e5b 3b8fed1cce4145eda7e305becc078a7e f8496f8ba56a4b14a1b7d6a9aa2af247 - - default default] 199.19.213.52 "GET /v2.0/ports/08221514-7b67-4fa3-8599-de82191d1dcd HTTP/1.1" status: 200 len: 1639 time: 0.0415111
2026-04-23 09:01:31.897 10 INFO neutron.db.ovn_revision_numbers_db [None req-2aa377b6-9cdc-4a81-8588-818126d30799 - - - - - -] Successfully bumped revision number for resource 08221514-7b67-4fa3-8599-de82191d1dcd (type: ports) to 4
2026-04-23 09:01:31.904 9 INFO neutron.wsgi [None req-f5718484-b74e-4f8c-b43f-ec8d71e59281 3b8fed1cce4145eda7e305becc078a7e f8496f8ba56a4b14a1b7d6a9aa2af247 - - default default] 199.19.213.52 "GET /v2.0/ports/08221514-7b67-4fa3-8599-de82191d1dcd HTTP/1.1" status: 200 len: 1639 time: 0.0408561
2026-04-23 09:01:31.938 9 INFO neutron.wsgi [req-59976045-ea87-4415-af43-c81814ac4c3c req-72c76ee8-3b87-48f4-a7b0-a2cb34a1bf01 0b90aaf067b5401a83d2c0610e4ae3a9 cb697062842e4831b466dd2615203c97 - - 5cc8a6ff47d14da9a8777c2cc4ba702d 5cc8a6ff47d14da9a8777c2cc4ba702d] 199.19.213.52 "GET /v2.0/networks/76c70314-b3f7-4639-8c2b-527a3fa1487e?fields=segments HTTP/1.1" status: 200 len: 212 time: 0.0794246
2026-04-23 09:01:32.017 9 INFO neutron.wsgi [req-59976045-ea87-4415-af43-c81814ac4c3c req-db8a216e-0418-4db7-8552-e04b59ff0fc5 0b90aaf067b5401a83d2c0610e4ae3a9 cb697062842e4831b466dd2615203c97 - - 5cc8a6ff47d14da9a8777c2cc4ba702d 5cc8a6ff47d14da9a8777c2cc4ba702d] 199.19.213.52 "GET /v2.0/networks/76c70314-b3f7-4639-8c2b-527a3fa1487e?fields=provider%3Aphysical_network&fields=provider%3Anetwork_type HTTP/1.1" status: 200 len: 277 time: 0.0709641
2026-04-23 09:01:32.664 9 INFO neutron.db.ovn_revision_numbers_db [None req-cb9386b5-1579-446b-8672-1db467fbd0ea 3b8fed1cce4145eda7e305becc078a7e f8496f8ba56a4b14a1b7d6a9aa2af247 - - default default] Successfully bumped revision number for resource 08221514-7b67-4fa3-8599-de82191d1dcd (type: ports) to 5
2026-04-23 09:01:32.675 9 INFO neutron.wsgi [None req-cb9386b5-1579-446b-8672-1db467fbd0ea 3b8fed1cce4145eda7e305becc078a7e f8496f8ba56a4b14a1b7d6a9aa2af247 - - default default] 199.19.213.52 "PUT /v2.0/ports/08221514-7b67-4fa3-8599-de82191d1dcd HTTP/1.1" status: 200 len: 1378 time: 0.7631309 /var/lib/openstack/lib/python3.10/site-packages/pycadf/identifier.py:71: UserWarning: Invalid uuid: neutron. To ensure interoperability, identifiers should be a valid uuid. warnings.warn(('Invalid uuid: %s. To ensure interoperability, '
2026-04-23 09:01:32.716 9 INFO neutron.notifiers.nova [-] Nova event matching ['req-c096a052-809c-47ac-9739-d98c8d06fced'] response: {'name': 'network-changed', 'server_uuid': '0c68636a-2f67-4b40-9744-ea17e7066b49', 'tag': '08221514-7b67-4fa3-8599-de82191d1dcd', 'status': 'completed', 'code': 200}
2026-04-23 09:01:32.751 9 INFO neutron.wsgi [None req-630b8434-d0f7-4f5b-be89-9e45d57334c3 3b8fed1cce4145eda7e305becc078a7e f8496f8ba56a4b14a1b7d6a9aa2af247 - - default default] 199.19.213.52 "GET /v2.0/networks/76c70314-b3f7-4639-8c2b-527a3fa1487e HTTP/1.1" status: 200 len: 998 time: 0.0685639
2026-04-23 09:01:32.803 9 INFO neutron.wsgi [req-eb1f2ecd-4296-4b2f-8db6-698f33a7ae44 req-0e21e8c1-23f7-4e16-8bc9-df0b923ffa88 0b90aaf067b5401a83d2c0610e4ae3a9 cb697062842e4831b466dd2615203c97 - - 5cc8a6ff47d14da9a8777c2cc4ba702d 5cc8a6ff47d14da9a8777c2cc4ba702d] 199.19.213.52 "GET /v2.0/ports?tenant_id=f8496f8ba56a4b14a1b7d6a9aa2af247&device_id=0c68636a-2f67-4b40-9744-ea17e7066b49 HTTP/1.1" status: 200 len: 5116 time: 0.0631568
2026-04-23 09:01:32.830 9 INFO neutron.wsgi [None req-15dfc7c5-ee8e-448e-a3fb-6cc03d9be6b4 3b8fed1cce4145eda7e305becc078a7e f8496f8ba56a4b14a1b7d6a9aa2af247 - - default default] 199.19.213.52 "GET /v2.0/subnets/d2bc0ed3-c8f6-4c38-b9c5-cac1707214f7 HTTP/1.1" status: 200 len: 848 time: 0.0692210
2026-04-23 09:01:32.887 9 INFO neutron.wsgi [req-eb1f2ecd-4296-4b2f-8db6-698f33a7ae44 req-10c3d05a-dbdc-42f8-b446-763192717a47 0b90aaf067b5401a83d2c0610e4ae3a9 cb697062842e4831b466dd2615203c97 - - 5cc8a6ff47d14da9a8777c2cc4ba702d 5cc8a6ff47d14da9a8777c2cc4ba702d] 199.19.213.52 "GET /v2.0/networks?id=76c70314-b3f7-4639-8c2b-527a3fa1487e HTTP/1.1" status: 200 len: 1001 time: 0.0756288
2026-04-23 09:01:32.928 9 INFO neutron.wsgi [None req-d692faa9-3282-49d2-aca4-ee2f4992e81e 3b8fed1cce4145eda7e305becc078a7e f8496f8ba56a4b14a1b7d6a9aa2af247 - - default default] 199.19.213.52 "GET /v2.0/extensions/security-group HTTP/1.1" status: 200 len: 369 time: 0.0059509
2026-04-23 09:01:32.931 9 INFO neutron.wsgi [req-eb1f2ecd-4296-4b2f-8db6-698f33a7ae44 req-15dd8843-810a-42e9-a9fd-5981018b589f 0b90aaf067b5401a83d2c0610e4ae3a9 cb697062842e4831b466dd2615203c97 - - 5cc8a6ff47d14da9a8777c2cc4ba702d 5cc8a6ff47d14da9a8777c2cc4ba702d] 199.19.213.52 "GET /v2.0/floatingips?fixed_ip_address=10.2.2.218&port_id=08221514-7b67-4fa3-8599-de82191d1dcd HTTP/1.1" status: 200 len: 217 time: 0.0362051
2026-04-23 09:01:32.941 9 INFO neutron.wsgi [None req-101cc4c9-4ed9-401e-989f-3af59ac4494c 3b8fed1cce4145eda7e305becc078a7e f8496f8ba56a4b14a1b7d6a9aa2af247 - - default default] 199.19.213.52 "GET /v2.0/extensions/dns-integration HTTP/1.1" status: 200 len: 371 time: 0.0087736
2026-04-23 09:01:32.956 9 INFO neutron.wsgi [None req-8ba5b707-ddb4-49fd-abf7-6461dcceeed9 3b8fed1cce4145eda7e305becc078a7e f8496f8ba56a4b14a1b7d6a9aa2af247 - - default default] 199.19.213.52 "GET /v2.0/extensions/qos HTTP/1.1" status: 200 len: 365 time: 0.0058751
2026-04-23 09:01:32.971 9 INFO neutron.wsgi [None req-75953b61-8a33-4c67-ab48-55adfb50483c 3b8fed1cce4145eda7e305becc078a7e f8496f8ba56a4b14a1b7d6a9aa2af247 - - default default] 199.19.213.52 "GET /v2.0/extensions/allowed-address-pairs HTTP/1.1" status: 200 len: 383 time: 0.0041535
2026-04-23 09:01:32.980 9 INFO neutron.wsgi [req-eb1f2ecd-4296-4b2f-8db6-698f33a7ae44 req-28a7eff0-7a0f-4a6d-ba18-224cd4fb4764 0b90aaf067b5401a83d2c0610e4ae3a9 cb697062842e4831b466dd2615203c97 - - 5cc8a6ff47d14da9a8777c2cc4ba702d 5cc8a6ff47d14da9a8777c2cc4ba702d] 199.19.213.52 "GET /v2.0/subnets?id=d2bc0ed3-c8f6-4c38-b9c5-cac1707214f7 HTTP/1.1" status: 200 len: 851 time: 0.0373805
2026-04-23 09:01:33.017 9 INFO neutron.wsgi [req-eb1f2ecd-4296-4b2f-8db6-698f33a7ae44 req-cd1f3db4-37af-481a-9bd2-283687e98577 0b90aaf067b5401a83d2c0610e4ae3a9 cb697062842e4831b466dd2615203c97 - - 5cc8a6ff47d14da9a8777c2cc4ba702d 5cc8a6ff47d14da9a8777c2cc4ba702d] 199.19.213.52 "GET /v2.0/ports?network_id=76c70314-b3f7-4639-8c2b-527a3fa1487e&device_owner=network%3Adhcp HTTP/1.1" status: 200 len: 210 time: 0.0252202
2026-04-23 09:01:33.021 9 INFO neutron.wsgi [None req-3e8f8733-42e1-4420-a7e1-ee8fcc3cfa9d 3b8fed1cce4145eda7e305becc078a7e f8496f8ba56a4b14a1b7d6a9aa2af247 - - default default] 199.19.213.52 "GET /v2.0/subnets/09573038-4c15-4a48-bd7f-10d012e97fa3 HTTP/1.1" status: 200 len: 850 time: 0.0408192
2026-04-23 09:01:33.070 9 INFO neutron.wsgi [None req-0e40b460-faaa-406e-9646-b8e2d06a3a48 3b8fed1cce4145eda7e305becc078a7e f8496f8ba56a4b14a1b7d6a9aa2af247 - - default default] 199.19.213.52 "GET /v2.0/ports/7e383d71-abc0-4eec-9b6f-4a8f4b994c8f HTTP/1.1" status: 200 len: 1340 time: 0.0404077
2026-04-23 09:01:33.114 9 INFO neutron.wsgi [req-eb1f2ecd-4296-4b2f-8db6-698f33a7ae44 req-183190e3-c75c-4727-ba49-517151dfb94c 0b90aaf067b5401a83d2c0610e4ae3a9 cb697062842e4831b466dd2615203c97 - - 5cc8a6ff47d14da9a8777c2cc4ba702d 5cc8a6ff47d14da9a8777c2cc4ba702d] 199.19.213.52 "GET /v2.0/networks/76c70314-b3f7-4639-8c2b-527a3fa1487e?fields=segments HTTP/1.1" status: 200 len: 212 time: 0.0901170
2026-04-23 09:01:33.118 9 INFO neutron.wsgi [None req-bb3d8860-1800-4865-9b3a-76f719cb1564 3b8fed1cce4145eda7e305becc078a7e f8496f8ba56a4b14a1b7d6a9aa2af247 - - default default] 199.19.213.52 "GET /v2.0/ports/3dd5015b-579e-4b5f-91b5-8b0165c4ebcc HTTP/1.1" status: 200 len: 1511 time: 0.0414431
2026-04-23 09:01:33.176 9 INFO neutron.wsgi [None req-77f6af12-96a0-4042-875f-e13cb847a6ed 3b8fed1cce4145eda7e305becc078a7e f8496f8ba56a4b14a1b7d6a9aa2af247 - - default default] 199.19.213.52 "GET /v2.0/subnets/09573038-4c15-4a48-bd7f-10d012e97fa3 HTTP/1.1" status: 200 len: 850 time: 0.0514243
2026-04-23 09:01:33.217 9 INFO neutron.wsgi [req-eb1f2ecd-4296-4b2f-8db6-698f33a7ae44 req-c786a718-7ad1-4949-ba18-6363f61dd4c7 0b90aaf067b5401a83d2c0610e4ae3a9 cb697062842e4831b466dd2615203c97 - - 5cc8a6ff47d14da9a8777c2cc4ba702d 5cc8a6ff47d14da9a8777c2cc4ba702d] 199.19.213.52 "GET /v2.0/networks/76c70314-b3f7-4639-8c2b-527a3fa1487e?fields=provider%3Aphysical_network&fields=provider%3Anetwork_type HTTP/1.1" status: 200 len: 277 time: 0.0941436
2026-04-23 09:01:33.244 9 INFO neutron.wsgi [None req-c27a3301-9cd7-4ea7-91dc-468c5fa78730 3b8fed1cce4145eda7e305becc078a7e f8496f8ba56a4b14a1b7d6a9aa2af247 - - default default] 199.19.213.52 "GET /v2.0/networks/e5a8e4d7-69b5-4716-b4c8-e870af49d0df HTTP/1.1" status: 200 len: 1001 time: 0.0616324
2026-04-23 09:01:33.281 9 INFO neutron.wsgi [None req-209e3294-f97f-4fce-9a8e-1e017dba47dc 3b8fed1cce4145eda7e305becc078a7e f8496f8ba56a4b14a1b7d6a9aa2af247 - - default default] 199.19.213.52 "GET /v2.0/ports/7e383d71-abc0-4eec-9b6f-4a8f4b994c8f HTTP/1.1" status: 200 len: 1340 time: 0.0310273
2026-04-23 09:01:33.320 9 INFO neutron.wsgi [None req-8d5b60a0-d73a-42c1-b413-c726d97c8918 3b8fed1cce4145eda7e305becc078a7e f8496f8ba56a4b14a1b7d6a9aa2af247 - - default default] 199.19.213.52 "GET /v2.0/subnets/09573038-4c15-4a48-bd7f-10d012e97fa3 HTTP/1.1" status: 200 len: 850 time: 0.0325477
2026-04-23 09:01:33.803 10 INFO neutron.notifiers.nova [-] Nova event matching ['req-97e53f46-00ca-4544-a6e4-a274d8affe1a'] response: {'server_uuid': '0c68636a-2f67-4b40-9744-ea17e7066b49', 'name': 'network-vif-plugged', 'status': 'completed', 'tag': '08221514-7b67-4fa3-8599-de82191d1dcd', 'code': 200} /var/lib/openstack/lib/python3.10/site-packages/pycadf/identifier.py:71: UserWarning: Invalid uuid: neutron. To ensure interoperability, identifiers should be a valid uuid. warnings.warn(('Invalid uuid: %s. To ensure interoperability, '
2026-04-23 09:01:39.417 10 INFO neutron.wsgi [None req-1629f267-1106-4d6f-914f-45d6fac382bf 3b8fed1cce4145eda7e305becc078a7e f8496f8ba56a4b14a1b7d6a9aa2af247 - - default default] 10.0.0.38 "GET /v2.0/ports HTTP/1.1" status: 200 len: 24606 time: 0.1172130
2026-04-23 09:01:39.472 10 INFO neutron.wsgi [None req-338f1a1c-a563-4176-b184-4ef8c5a2c670 3b8fed1cce4145eda7e305becc078a7e f8496f8ba56a4b14a1b7d6a9aa2af247 - - default default] 10.0.0.38 "GET /v2.0/subnets HTTP/1.1" status: 200 len: 5495 time: 0.0420055
2026-04-23 09:01:39.484 10 INFO neutron.wsgi [None req-cc0d5081-228c-497a-b9df-62c865c3e7d7 3b8fed1cce4145eda7e305becc078a7e f8496f8ba56a4b14a1b7d6a9aa2af247 - - default default] 10.0.0.38 "GET /v2.0/subnetpools HTTP/1.1" status: 200 len: 193 time: 0.0098810
2026-04-23 09:01:39.553 10 INFO neutron.wsgi [None req-cf354c55-16ea-486b-b3c4-7bd43ca1f170 3b8fed1cce4145eda7e305becc078a7e f8496f8ba56a4b14a1b7d6a9aa2af247 - - default default] 10.0.0.38 "GET /v2.0/security-groups HTTP/1.1" status: 200 len: 30234 time: 0.0678074
2026-04-23 09:01:39.610 10 INFO neutron.wsgi [None req-88217a34-d019-4e82-903f-a64003381470 3b8fed1cce4145eda7e305becc078a7e f8496f8ba56a4b14a1b7d6a9aa2af247 - - default default] 10.0.0.38 "GET /v2.0/floatingips HTTP/1.1" status: 200 len: 2765 time: 0.0467613
2026-04-23 09:01:39.686 10 INFO neutron.wsgi [None req-6d84d4a1-b018-4a94-bb08-da30a9fe0fdd 3b8fed1cce4145eda7e305becc078a7e f8496f8ba56a4b14a1b7d6a9aa2af247 - - default default] 10.0.0.38 "GET /v2.0/routers HTTP/1.1" status: 200 len: 850 time: 0.0743742
2026-04-23 09:01:39.701 10 INFO neutron.wsgi [None req-1d7a276a-5c11-4e7a-b0d2-c1ea9f52fbc3 3b8fed1cce4145eda7e305becc078a7e f8496f8ba56a4b14a1b7d6a9aa2af247 - - default default] 10.0.0.38 "GET /v2.0/agents?binary=ovn-controller HTTP/1.1" status: 200 len: 591 time: 0.0136716
2026-04-23 09:01:39.777 10 INFO neutron.wsgi [None req-980fc911-d7c1-44e7-95d1-f5e70f5814e6 3b8fed1cce4145eda7e305becc078a7e f8496f8ba56a4b14a1b7d6a9aa2af247 - - default default] 10.0.0.38 "GET /v2.0/networks HTTP/1.1" status: 200 len: 4718 time: 0.0724750
2026-04-23 09:01:39.793 10 INFO neutron.wsgi [None req-b6f7a548-5b0c-47c0-bdeb-73476f19d96f 3b8fed1cce4145eda7e305becc078a7e f8496f8ba56a4b14a1b7d6a9aa2af247 - - default default] 10.0.0.38 "GET /v2.0/agents HTTP/1.1" status: 200 len: 997 time: 0.0133169
2026-04-23 09:01:39.808 10 INFO neutron.wsgi [None req-5b9ec5af-6523-418a-81fe-ba6a43d97f24 3b8fed1cce4145eda7e305becc078a7e f8496f8ba56a4b14a1b7d6a9aa2af247 - - default default] 10.0.0.38 "GET /v2.0/network-ip-availabilities HTTP/1.1" status: 200 len: 3361 time: 0.0142198
2026-04-23 09:01:39.864 10 INFO neutron.wsgi [None req-3cd19e27-7172-4a8a-82fb-3e12eb5f0a16 3b8fed1cce4145eda7e305becc078a7e f8496f8ba56a4b14a1b7d6a9aa2af247 - - default default] 10.0.0.38 "GET /v2.0/subnets HTTP/1.1" status: 200 len: 5495 time: 0.0456252
2026-04-23 09:01:42.116 10 INFO neutron.wsgi [None req-c6cf5e43-a823-4d9f-b381-96887a68a017 3b8fed1cce4145eda7e305becc078a7e f8496f8ba56a4b14a1b7d6a9aa2af247 - - default default] 199.19.213.52 "GET /v2.0/extensions/security-group HTTP/1.1" status: 200 len: 369 time: 0.0068743
2026-04-23 09:01:42.128 10 INFO neutron.wsgi [None req-78c70d4a-4d4a-4d8a-9b68-44f4265fcbcf 3b8fed1cce4145eda7e305becc078a7e f8496f8ba56a4b14a1b7d6a9aa2af247 - - default default] 199.19.213.52 "GET /v2.0/extensions/dns-integration HTTP/1.1" status: 200 len: 371 time: 0.0074155
2026-04-23 09:01:42.138 10 INFO neutron.wsgi [None req-69bf4611-efbe-4f5c-8e16-698ccc76bee5 3b8fed1cce4145eda7e305becc078a7e f8496f8ba56a4b14a1b7d6a9aa2af247 - - default default] 199.19.213.52 "GET /v2.0/extensions/qos HTTP/1.1" status: 200 len: 365 time: 0.0059228
2026-04-23 09:01:42.149 10 INFO neutron.wsgi [None req-2ea0f351-fb31-4767-9e30-9c5849bb821f 3b8fed1cce4145eda7e305becc078a7e f8496f8ba56a4b14a1b7d6a9aa2af247 - - default default] 199.19.213.52 "GET /v2.0/extensions/allowed-address-pairs HTTP/1.1" status: 200 len: 383 time: 0.0067620
2026-04-23 09:01:42.164 9 INFO neutron.wsgi [req-1d1789f6-2315-45c7-844b-d31a0e94717c req-2df735b3-198d-49a2-842e-459942458d76 0b90aaf067b5401a83d2c0610e4ae3a9 cb697062842e4831b466dd2615203c97 - - 5cc8a6ff47d14da9a8777c2cc4ba702d 5cc8a6ff47d14da9a8777c2cc4ba702d] 199.19.213.52 "GET /v2.0/ports?device_id=71c3f9ba-38c0-4004-97e2-f11ebb1442a3&fields=binding%3Ahost_id&fields=binding%3Avif_type HTTP/1.1" status: 200 len: 265 time: 0.0410757
2026-04-23 09:01:42.191 10 INFO neutron.wsgi [None req-081e958e-6e71-4834-bc9c-0ac8f143f427 3b8fed1cce4145eda7e305becc078a7e f8496f8ba56a4b14a1b7d6a9aa2af247 - - default default] 199.19.213.52 "GET /v2.0/subnets/bc6805e4-d296-4afd-991f-07567b01e506 HTTP/1.1" status: 200 len: 849 time: 0.0361946
2026-04-23 09:01:42.235 9 INFO neutron.wsgi [req-1d1789f6-2315-45c7-844b-d31a0e94717c req-2936ada4-c939-4f1f-95d2-67e8f629f6d7 0b90aaf067b5401a83d2c0610e4ae3a9 cb697062842e4831b466dd2615203c97 - - 5cc8a6ff47d14da9a8777c2cc4ba702d 5cc8a6ff47d14da9a8777c2cc4ba702d] 199.19.213.52 "GET /v2.0/ports?tenant_id=12adb23398d04c379010c1549345f67b&device_id=71c3f9ba-38c0-4004-97e2-f11ebb1442a3 HTTP/1.1" status: 200 len: 1634 time: 0.0439332
2026-04-23 09:01:42.236 10 INFO neutron.wsgi [None req-512f5d44-aacd-43ef-8950-068009487421 3b8fed1cce4145eda7e305becc078a7e f8496f8ba56a4b14a1b7d6a9aa2af247 - - default default] 199.19.213.52 "GET /v2.0/ports?device_id=0c68636a-2f67-4b40-9744-ea17e7066b49 HTTP/1.1" status: 200 len: 5116 time: 0.0360291
2026-04-23 09:01:42.330 9 INFO neutron.wsgi [req-1d1789f6-2315-45c7-844b-d31a0e94717c req-7adccb99-5860-464d-ba4b-cad656977959 0b90aaf067b5401a83d2c0610e4ae3a9 cb697062842e4831b466dd2615203c97 - - 5cc8a6ff47d14da9a8777c2cc4ba702d 5cc8a6ff47d14da9a8777c2cc4ba702d] 199.19.213.52 "GET /v2.0/networks?id=76c70314-b3f7-4639-8c2b-527a3fa1487e HTTP/1.1" status: 200 len: 1001 time: 0.0722537
2026-04-23 09:01:42.385 10 INFO neutron.wsgi [None req-61856b57-387a-4e1d-9317-2dad742cd02e 3b8fed1cce4145eda7e305becc078a7e f8496f8ba56a4b14a1b7d6a9aa2af247 - - default default] 199.19.213.52 "GET /v2.0/extensions/security-group HTTP/1.1" status: 200 len: 369 time: 0.0084255
2026-04-23 09:01:42.397 10 INFO neutron.wsgi [None req-2c9f53a8-0929-4923-bb66-378390021fb5 3b8fed1cce4145eda7e305becc078a7e f8496f8ba56a4b14a1b7d6a9aa2af247 - - default default] 199.19.213.52 "GET /v2.0/extensions/dns-integration HTTP/1.1" status: 200 len: 371 time: 0.0078800
2026-04-23 09:01:42.406 9 INFO neutron.wsgi [req-1d1789f6-2315-45c7-844b-d31a0e94717c req-65ac419a-ef51-4b17-9a34-35faa2b6103a 0b90aaf067b5401a83d2c0610e4ae3a9 cb697062842e4831b466dd2615203c97 - - 5cc8a6ff47d14da9a8777c2cc4ba702d 5cc8a6ff47d14da9a8777c2cc4ba702d] 199.19.213.52 "GET /v2.0/floatingips?fixed_ip_address=10.2.2.62&port_id=0653c22c-6ffb-499c-a158-a25b4faaf550 HTTP/1.1" status: 200 len: 1058 time: 0.0649197
2026-04-23 09:01:42.410 10 INFO neutron.wsgi [None req-d4faee31-55f4-45c0-a3e5-bacd8878494a 3b8fed1cce4145eda7e305becc078a7e f8496f8ba56a4b14a1b7d6a9aa2af247 - - default default] 199.19.213.52 "GET /v2.0/extensions/qos HTTP/1.1" status: 200 len: 365 time: 0.0059633
2026-04-23 09:01:42.418 10 INFO neutron.wsgi [None req-5b8ead92-8556-4202-9c3e-557e130cd785 3b8fed1cce4145eda7e305becc078a7e f8496f8ba56a4b14a1b7d6a9aa2af247 - - default default] 199.19.213.52 "GET /v2.0/extensions/allowed-address-pairs HTTP/1.1" status: 200 len: 383 time: 0.0034688
2026-04-23 09:01:42.441 9 INFO neutron.wsgi [req-1d1789f6-2315-45c7-844b-d31a0e94717c req-db1a509c-5f66-41d3-ae9c-e47b92b4f4ee 0b90aaf067b5401a83d2c0610e4ae3a9 cb697062842e4831b466dd2615203c97 - - 5cc8a6ff47d14da9a8777c2cc4ba702d 5cc8a6ff47d14da9a8777c2cc4ba702d] 199.19.213.52 "GET /v2.0/floatingips?fixed_ip_address=fd77%3A1457%3A4cf0%3A26a8%3A%3A76&port_id=0653c22c-6ffb-499c-a158-a25b4faaf550 HTTP/1.1" status: 200 len: 217 time: 0.0283265
2026-04-23 09:01:42.452 10 INFO neutron.wsgi [None req-3795bb1a-4db3-431c-aef6-d7a33bcba90a 3b8fed1cce4145eda7e305becc078a7e f8496f8ba56a4b14a1b7d6a9aa2af247 - - default default] 199.19.213.52 "GET /v2.0/ports/08221514-7b67-4fa3-8599-de82191d1dcd HTTP/1.1" status: 200 len: 1406 time: 0.0284693
2026-04-23 09:01:42.483 9 INFO neutron.wsgi [req-1d1789f6-2315-45c7-844b-d31a0e94717c req-6c211785-5b5a-4196-91af-99442bc43c58 0b90aaf067b5401a83d2c0610e4ae3a9 cb697062842e4831b466dd2615203c97 - - 5cc8a6ff47d14da9a8777c2cc4ba702d 5cc8a6ff47d14da9a8777c2cc4ba702d] 199.19.213.52 "GET /v2.0/subnets?id=32cee5d8-0903-4e95-affe-dec29a22b224&id=d2bc0ed3-c8f6-4c38-b9c5-cac1707214f7 HTTP/1.1" status: 200 len: 1566 time: 0.0371578
2026-04-23 09:01:42.517 9 INFO neutron.wsgi [req-1d1789f6-2315-45c7-844b-d31a0e94717c req-419d3388-b8eb-49a8-a30a-fe9af243b283 0b90aaf067b5401a83d2c0610e4ae3a9 cb697062842e4831b466dd2615203c97 - - 5cc8a6ff47d14da9a8777c2cc4ba702d 5cc8a6ff47d14da9a8777c2cc4ba702d] 199.19.213.52 "GET /v2.0/ports?network_id=76c70314-b3f7-4639-8c2b-527a3fa1487e&device_owner=network%3Adhcp HTTP/1.1" status: 200 len: 210 time: 0.0255499
2026-04-23 09:01:42.548 9 INFO neutron.wsgi [req-1d1789f6-2315-45c7-844b-d31a0e94717c req-8b127169-39be-458b-ac52-373b9420bc98 0b90aaf067b5401a83d2c0610e4ae3a9 cb697062842e4831b466dd2615203c97 - - 5cc8a6ff47d14da9a8777c2cc4ba702d 5cc8a6ff47d14da9a8777c2cc4ba702d] 199.19.213.52 "GET /v2.0/ports?network_id=76c70314-b3f7-4639-8c2b-527a3fa1487e&device_owner=network%3Adhcp HTTP/1.1" status: 200 len: 210 time: 0.0262845
2026-04-23 09:01:42.627 9 INFO neutron.wsgi [req-1d1789f6-2315-45c7-844b-d31a0e94717c req-4de006e6-b8ef-4845-9fe1-6d4c99edfc69 0b90aaf067b5401a83d2c0610e4ae3a9 cb697062842e4831b466dd2615203c97 - - 5cc8a6ff47d14da9a8777c2cc4ba702d 5cc8a6ff47d14da9a8777c2cc4ba702d] 199.19.213.52 "GET /v2.0/networks/76c70314-b3f7-4639-8c2b-527a3fa1487e?fields=segments HTTP/1.1" status: 200 len: 212 time: 0.0704911
2026-04-23 09:01:42.701 9 INFO neutron.wsgi [req-1d1789f6-2315-45c7-844b-d31a0e94717c req-49e1c723-ebf5-4a86-82a6-ee6fc0625f07 0b90aaf067b5401a83d2c0610e4ae3a9 cb697062842e4831b466dd2615203c97 - - 5cc8a6ff47d14da9a8777c2cc4ba702d 5cc8a6ff47d14da9a8777c2cc4ba702d] 199.19.213.52 "GET /v2.0/networks/76c70314-b3f7-4639-8c2b-527a3fa1487e?fields=provider%3Aphysical_network&fields=provider%3Anetwork_type HTTP/1.1" status: 200 len: 277 time: 0.0663986
2026-04-23 09:01:42.834 10 INFO neutron.db.ovn_revision_numbers_db [None req-e1471150-b7ea-41c6-aa6d-26355eeb0aa0 3b8fed1cce4145eda7e305becc078a7e f8496f8ba56a4b14a1b7d6a9aa2af247 - - default default] Successfully bumped revision number for resource 08221514-7b67-4fa3-8599-de82191d1dcd (type: ports) to 6
2026-04-23 09:01:42.847 10 INFO neutron.wsgi [None req-e1471150-b7ea-41c6-aa6d-26355eeb0aa0 3b8fed1cce4145eda7e305becc078a7e f8496f8ba56a4b14a1b7d6a9aa2af247 - - default default] 199.19.213.52 "PUT /v2.0/ports/08221514-7b67-4fa3-8599-de82191d1dcd HTTP/1.1" status: 200 len: 1203 time: 0.3895173 /var/lib/openstack/lib/python3.10/site-packages/pycadf/identifier.py:71: UserWarning: Invalid uuid: neutron. To ensure interoperability, identifiers should be a valid uuid. warnings.warn(('Invalid uuid: %s. To ensure interoperability, '
2026-04-23 09:01:42.898 10 INFO neutron.notifiers.nova [-] Nova event matching ['req-a186ec71-c6f6-4347-8419-f01f2446c03a'] response: {'name': 'network-changed', 'server_uuid': '0c68636a-2f67-4b40-9744-ea17e7066b49', 'tag': '08221514-7b67-4fa3-8599-de82191d1dcd', 'status': 'completed', 'code': 200}
2026-04-23 09:01:42.956 10 INFO neutron.wsgi [None req-92887fa2-ea57-4532-a8a8-d073c17e291a 3b8fed1cce4145eda7e305becc078a7e f8496f8ba56a4b14a1b7d6a9aa2af247 - - default default] 199.19.213.52 "GET /v2.0/networks/76c70314-b3f7-4639-8c2b-527a3fa1487e HTTP/1.1" status: 200 len: 998 time: 0.1002696
2026-04-23 09:01:42.962 9 INFO neutron.wsgi [req-cd8254a0-840c-4caa-97cb-16a5d037dc97 req-3e9bc90d-17e6-4b8d-8f70-c3a046c413b7 0b90aaf067b5401a83d2c0610e4ae3a9 cb697062842e4831b466dd2615203c97 - - 5cc8a6ff47d14da9a8777c2cc4ba702d 5cc8a6ff47d14da9a8777c2cc4ba702d] 199.19.213.52 "GET /v2.0/ports?tenant_id=f8496f8ba56a4b14a1b7d6a9aa2af247&device_id=0c68636a-2f67-4b40-9744-ea17e7066b49 HTTP/1.1" status: 200 len: 4941 time: 0.0484264
