2026-04-23 08:59:27.402 9 WARNING neutron.scheduler.dhcp_agent_scheduler [None req-2431ccd4-f2f3-4984-926d-2c07e07945a8 c07932cbf9ba46088e0b27751ebcbe33 12adb23398d04c379010c1549345f67b - - default default] No more DHCP agents
2026-04-23 08:59:27.404 9 WARNING neutron.api.rpc.agentnotifiers.dhcp_rpc_agent_api [None req-2431ccd4-f2f3-4984-926d-2c07e07945a8 c07932cbf9ba46088e0b27751ebcbe33 12adb23398d04c379010c1549345f67b - - default default] Unable to schedule network 76c70314-b3f7-4639-8c2b-527a3fa1487e: no agents available; will retry on subsequent port and subnet creation events.
2026-04-23 08:59:27.409 10 INFO neutron.services.segments.plugin [-] Segment 7fb4f9fb-33c0-4fb1-a2f6-5c7500476f17 resource provider aggregate not found
2026-04-23 08:59:27.417 10 INFO neutron.services.segments.plugin [-] Segment 7fb4f9fb-33c0-4fb1-a2f6-5c7500476f17 resource provider aggregate not found
2026-04-23 08:59:27.432 10 INFO neutron.services.segments.plugin [-] Segment 7fb4f9fb-33c0-4fb1-a2f6-5c7500476f17 resource provider not found; error: Placement Client Error (4xx): {"errors": [{"status": 404, "title": "Not Found", "detail": "The resource could not be found.\n\n No resource provider with uuid 7fb4f9fb-33c0-4fb1-a2f6-5c7500476f17 found for delete ", "request_id": "req-c0d5896a-be3a-4a7d-942d-4eedd1c2a320"}]}
2026-04-23 08:59:27.435 10 INFO neutron.services.segments.plugin [-] Segment 7fb4f9fb-33c0-4fb1-a2f6-5c7500476f17 resource provider not found; error: Placement Client Error (4xx): {"errors": [{"status": 404, "title": "Not Found", "detail": "The resource could not be found.\n\n No resource provider with uuid 7fb4f9fb-33c0-4fb1-a2f6-5c7500476f17 found for delete ", "request_id": "req-d8e49237-aa47-4deb-8502-71e9ed78f0df"}]}
2026-04-23 08:59:27.523 10 INFO neutron.db.ovn_revision_numbers_db [None req-0ccefa59-797e-4655-810e-594e4c71c8d2 3b7c86e980f847e49edef2c7022e5197 056bed14e13047ef99f81ef997e1f203 - - default default] Successfully bumped revision number for resource 0585b680-9870-4f18-8b2c-bccfa28be746 (type: networks) to 1
2026-04-23 08:59:27.586 9 INFO neutron.db.ovn_revision_numbers_db [None req-2431ccd4-f2f3-4984-926d-2c07e07945a8 c07932cbf9ba46088e0b27751ebcbe33 12adb23398d04c379010c1549345f67b - - default default] Successfully bumped revision number for resource 0f8c2852-41b9-463e-9171-930c9d536c97 (type: ports) to 1
2026-04-23 08:59:27.705 10 WARNING neutron.scheduler.dhcp_agent_scheduler [None req-0ccefa59-797e-4655-810e-594e4c71c8d2 3b7c86e980f847e49edef2c7022e5197 056bed14e13047ef99f81ef997e1f203 - - default default] No more DHCP agents
2026-04-23 08:59:27.707 10 WARNING neutron.api.rpc.agentnotifiers.dhcp_rpc_agent_api [None req-0ccefa59-797e-4655-810e-594e4c71c8d2 3b7c86e980f847e49edef2c7022e5197 056bed14e13047ef99f81ef997e1f203 - - default default] Unable to schedule network 0585b680-9870-4f18-8b2c-bccfa28be746: no agents available; will retry on subsequent port and subnet creation events.
2026-04-23 08:59:27.790 10 INFO neutron.db.ovn_revision_numbers_db [None req-0ccefa59-797e-4655-810e-594e4c71c8d2 3b7c86e980f847e49edef2c7022e5197 056bed14e13047ef99f81ef997e1f203 - - default default] Successfully bumped revision number for resource bafb2064-ab76-4d06-8bc8-a0d7d2b1c7df (type: ports) to 1
2026-04-23 08:59:27.816 10 INFO neutron.wsgi [None req-0ccefa59-797e-4655-810e-594e4c71c8d2 3b7c86e980f847e49edef2c7022e5197 056bed14e13047ef99f81ef997e1f203 - - default default] 10.0.0.148 "POST /v2.0/networks HTTP/1.1" status: 201 len: 831 time: 0.8745384
2026-04-23 08:59:28.123 10 WARNING neutron.scheduler.dhcp_agent_scheduler [None req-5b033fc6-2116-4773-976c-1a0d0a269c94 3b7c86e980f847e49edef2c7022e5197 056bed14e13047ef99f81ef997e1f203 - - default default] No more DHCP agents
2026-04-23 08:59:28.126 10 WARNING neutron.api.rpc.agentnotifiers.dhcp_rpc_agent_api [None req-5b033fc6-2116-4773-976c-1a0d0a269c94 3b7c86e980f847e49edef2c7022e5197 056bed14e13047ef99f81ef997e1f203 - - default default] Unable to schedule network 0585b680-9870-4f18-8b2c-bccfa28be746: no agents available; will retry on subsequent port and subnet creation events.
2026-04-23 08:59:28.222 9 INFO neutron.db.ovn_revision_numbers_db [None req-2431ccd4-f2f3-4984-926d-2c07e07945a8 c07932cbf9ba46088e0b27751ebcbe33 12adb23398d04c379010c1549345f67b - - default default] Successfully bumped revision number for resource 0f8c2852-41b9-463e-9171-930c9d536c97 (type: router_ports) to 1
2026-04-23 08:59:28.669 10 INFO neutron.db.ovn_revision_numbers_db [None req-5b033fc6-2116-4773-976c-1a0d0a269c94 3b7c86e980f847e49edef2c7022e5197 056bed14e13047ef99f81ef997e1f203 - - default default] Successfully bumped revision number for resource bafb2064-ab76-4d06-8bc8-a0d7d2b1c7df (type: ports) to 2
2026-04-23 08:59:28.708 10 INFO neutron.db.ovn_revision_numbers_db [None req-5b033fc6-2116-4773-976c-1a0d0a269c94 3b7c86e980f847e49edef2c7022e5197 056bed14e13047ef99f81ef997e1f203 - - default default] Successfully bumped revision number for resource 515b71f2-f110-409c-b091-9f819c8b3251 (type: subnets) to 0
2026-04-23 08:59:28.729 10 INFO neutron.wsgi [None req-5b033fc6-2116-4773-976c-1a0d0a269c94 3b7c86e980f847e49edef2c7022e5197 056bed14e13047ef99f81ef997e1f203 - - default default] 10.0.0.148 "POST /v2.0/subnets HTTP/1.1" status: 201 len: 801 time: 0.9036396
2026-04-23 08:59:28.817 9 INFO neutron.db.ovn_revision_numbers_db [None req-2431ccd4-f2f3-4984-926d-2c07e07945a8 c07932cbf9ba46088e0b27751ebcbe33 12adb23398d04c379010c1549345f67b - - default default] Successfully bumped revision number for resource 0f8c2852-41b9-463e-9171-930c9d536c97 (type: ports) to 1
2026-04-23 08:59:28.844 10 INFO neutron.db.segments_db [None req-6a0eff34-8791-4f02-b8cb-969a3a48b9f8 3b7c86e980f847e49edef2c7022e5197 056bed14e13047ef99f81ef997e1f203 - - default default] Added segment abbe26b9-df27-438d-9d7c-8fe327a8e895 of type geneve for network 930c2685-3868-4804-a0c3-9c073b0875f1
2026-04-23 08:59:28.913 9 WARNING neutron.scheduler.dhcp_agent_scheduler [None req-2431ccd4-f2f3-4984-926d-2c07e07945a8 c07932cbf9ba46088e0b27751ebcbe33 12adb23398d04c379010c1549345f67b - - default default] No more DHCP agents
2026-04-23 08:59:28.915 9 WARNING neutron.api.rpc.agentnotifiers.dhcp_rpc_agent_api [None req-2431ccd4-f2f3-4984-926d-2c07e07945a8 c07932cbf9ba46088e0b27751ebcbe33 12adb23398d04c379010c1549345f67b - - default default] Unable to schedule network 76c70314-b3f7-4639-8c2b-527a3fa1487e: no agents available; will retry on subsequent port and subnet creation events.
2026-04-23 08:59:29.024 10 INFO neutron.db.ovn_revision_numbers_db [None req-6a0eff34-8791-4f02-b8cb-969a3a48b9f8 3b7c86e980f847e49edef2c7022e5197 056bed14e13047ef99f81ef997e1f203 - - default default] Successfully bumped revision number for resource 930c2685-3868-4804-a0c3-9c073b0875f1 (type: networks) to 1
2026-04-23 08:59:29.252 10 WARNING neutron.scheduler.dhcp_agent_scheduler [None req-6a0eff34-8791-4f02-b8cb-969a3a48b9f8 3b7c86e980f847e49edef2c7022e5197 056bed14e13047ef99f81ef997e1f203 - - default default] No more DHCP agents
2026-04-23 08:59:29.255 10 WARNING neutron.api.rpc.agentnotifiers.dhcp_rpc_agent_api [None req-6a0eff34-8791-4f02-b8cb-969a3a48b9f8 3b7c86e980f847e49edef2c7022e5197 056bed14e13047ef99f81ef997e1f203 - - default default] Unable to schedule network 930c2685-3868-4804-a0c3-9c073b0875f1: no agents available; will retry on subsequent port and subnet creation events.
2026-04-23 08:59:29.364 10 INFO neutron.db.ovn_revision_numbers_db [None req-6a0eff34-8791-4f02-b8cb-969a3a48b9f8 3b7c86e980f847e49edef2c7022e5197 056bed14e13047ef99f81ef997e1f203 - - default default] Successfully bumped revision number for resource ef45a63f-e90b-4a5e-8e4d-c6de4426f09a (type: ports) to 1
2026-04-23 08:59:29.389 9 INFO neutron.db.ovn_revision_numbers_db [None req-2431ccd4-f2f3-4984-926d-2c07e07945a8 c07932cbf9ba46088e0b27751ebcbe33 12adb23398d04c379010c1549345f67b - - default default] Successfully bumped revision number for resource 0f8c2852-41b9-463e-9171-930c9d536c97 (type: router_ports) to 1
2026-04-23 08:59:29.392 9 INFO neutron.wsgi [None req-2431ccd4-f2f3-4984-926d-2c07e07945a8 c07932cbf9ba46088e0b27751ebcbe33 12adb23398d04c379010c1549345f67b - - default default] 10.0.0.148 "PUT /v2.0/routers/16f3f6eb-4649-43c0-8e83-2159ecafea67/add_router_interface HTTP/1.1" status: 200 len: 503 time: 2.6060598
2026-04-23 08:59:29.397 10 INFO neutron.wsgi [None req-6a0eff34-8791-4f02-b8cb-969a3a48b9f8 3b7c86e980f847e49edef2c7022e5197 056bed14e13047ef99f81ef997e1f203 - - default default] 10.0.0.148 "POST /v2.0/networks HTTP/1.1" status: 201 len: 831 time: 0.6551044
2026-04-23 08:59:29.583 9 WARNING neutron.plugins.ml2.drivers.ovn.mech_driver.ovsdb.ovn_client [None req-82efcabf-bda5-45ce-a1f2-a698d14cc178 - - - - - -] No hosting information found for port b4accd31-d32a-47ad-bfde-3654c5a205e4: RuntimeError: No hosting information found for port b4accd31-d32a-47ad-bfde-3654c5a205e4
2026-04-23 08:59:29.583 9 INFO neutron.plugins.ml2.drivers.ovn.mech_driver.mech_driver [None req-82efcabf-bda5-45ce-a1f2-a698d14cc178 - - - - - -] OVN reports status up for port: 7153be54-bba3-4015-8cac-198c5ff79d84
2026-04-23 08:59:29.597 9 INFO neutron.plugins.ml2.plugin [None req-82efcabf-bda5-45ce-a1f2-a698d14cc178 - - - - - -] Attempt 1 to provision port 7153be54-bba3-4015-8cac-198c5ff79d84
2026-04-23 08:59:29.656 9 INFO neutron.db.ovn_revision_numbers_db [None req-05a7686b-797a-4f14-b926-e7d19624f33c c07932cbf9ba46088e0b27751ebcbe33 12adb23398d04c379010c1549345f67b - - default default] Successfully bumped revision number for resource e686bc68-5919-48ca-baf6-be4065b16b73 (type: security_groups) to 1
2026-04-23 08:59:29.683 9 INFO neutron.db.ovn_revision_numbers_db [None req-05a7686b-797a-4f14-b926-e7d19624f33c c07932cbf9ba46088e0b27751ebcbe33 12adb23398d04c379010c1549345f67b - - default default] Successfully bumped revision number for resource 0516816c-6de7-4fa1-838b-39e504a42c3a (type: security_group_rules) to 0
2026-04-23 08:59:29.704 10 WARNING neutron.scheduler.dhcp_agent_scheduler [None req-c403b045-a3dd-4278-844a-975425eb5858 3b7c86e980f847e49edef2c7022e5197 056bed14e13047ef99f81ef997e1f203 - - default default] No more DHCP agents
2026-04-23 08:59:29.706 9 INFO neutron.db.ovn_revision_numbers_db [None req-05a7686b-797a-4f14-b926-e7d19624f33c c07932cbf9ba46088e0b27751ebcbe33 12adb23398d04c379010c1549345f67b - - default default] Successfully bumped revision number for resource 7f8fb390-9a07-4a0d-9235-7f1c662418ce (type: security_group_rules) to 0
2026-04-23 08:59:29.709 10 WARNING neutron.api.rpc.agentnotifiers.dhcp_rpc_agent_api [None req-c403b045-a3dd-4278-844a-975425eb5858 3b7c86e980f847e49edef2c7022e5197 056bed14e13047ef99f81ef997e1f203 - - default default] Unable to schedule network 930c2685-3868-4804-a0c3-9c073b0875f1: no agents available; will retry on subsequent port and subnet creation events.
2026-04-23 08:59:29.734 9 INFO neutron.wsgi [None req-05a7686b-797a-4f14-b926-e7d19624f33c c07932cbf9ba46088e0b27751ebcbe33 12adb23398d04c379010c1549345f67b - - default default] 10.0.0.148 "POST /v2.0/security-groups HTTP/1.1" status: 201 len: 1763 time: 0.2582817
2026-04-23 08:59:29.753 9 INFO neutron.wsgi [-] 10.0.0.75 "GET / HTTP/1.1" status: 200 len: 246 time: 0.0017331
2026-04-23 08:59:29.762 9 INFO neutron.wsgi [-] 10.0.0.75 "GET / HTTP/1.1" status: 200 len: 246 time: 0.0081344
2026-04-23 08:59:29.955 9 INFO neutron.db.ovn_revision_numbers_db [None req-82efcabf-bda5-45ce-a1f2-a698d14cc178 - - - - - -] Successfully bumped revision number for resource 7153be54-bba3-4015-8cac-198c5ff79d84 (type: ports) to 2
2026-04-23 08:59:29.996 10 INFO neutron.db.ovn_revision_numbers_db [None req-fce1b0bb-ff53-4811-86c2-75dd28a29af8 c07932cbf9ba46088e0b27751ebcbe33 12adb23398d04c379010c1549345f67b - - default default] Successfully bumped revision number for resource bdb3c5a9-57d0-45aa-a2ca-24d534326166 (type: security_group_rules) to 0
2026-04-23 08:59:30.050 10 INFO neutron.wsgi [None req-fce1b0bb-ff53-4811-86c2-75dd28a29af8 c07932cbf9ba46088e0b27751ebcbe33 12adb23398d04c379010c1549345f67b - - default default] 10.0.0.148 "POST /v2.0/security-group-rules HTTP/1.1" status: 201 len: 764 time: 0.3072696
2026-04-23 08:59:30.138 9 INFO neutron.db.ovn_revision_numbers_db [None req-82efcabf-bda5-45ce-a1f2-a698d14cc178 - - - - - -] Successfully bumped revision number for resource 7153be54-bba3-4015-8cac-198c5ff79d84 (type: router_ports) to 2
2026-04-23 08:59:30.281 9 INFO neutron.db.ovn_revision_numbers_db [None req-c77f2cff-1a45-4f68-8a38-ae50e7265787 c07932cbf9ba46088e0b27751ebcbe33 12adb23398d04c379010c1549345f67b - - default default] Successfully bumped revision number for resource 2112f4e8-22e5-4d2f-910d-0cfd02ac0604 (type: security_group_rules) to 0
2026-04-23 08:59:30.330 9 INFO neutron.wsgi [None req-c77f2cff-1a45-4f68-8a38-ae50e7265787 c07932cbf9ba46088e0b27751ebcbe33 12adb23398d04c379010c1549345f67b - - default default] 10.0.0.148 "POST /v2.0/security-group-rules HTTP/1.1" status: 201 len: 764 time: 0.2737467
2026-04-23 08:59:30.401 10 INFO neutron.db.ovn_revision_numbers_db [None req-c403b045-a3dd-4278-844a-975425eb5858 3b7c86e980f847e49edef2c7022e5197 056bed14e13047ef99f81ef997e1f203 - - default default] Successfully bumped revision number for resource ef45a63f-e90b-4a5e-8e4d-c6de4426f09a (type: ports) to 2
2026-04-23 08:59:30.441 10 INFO neutron.db.ovn_revision_numbers_db [None req-c403b045-a3dd-4278-844a-975425eb5858 3b7c86e980f847e49edef2c7022e5197 056bed14e13047ef99f81ef997e1f203 - - default default] Successfully bumped revision number for resource 78ed1cdd-d3f5-4fc1-8179-8cad0d2ff9bf (type: subnets) to 0
2026-04-23 08:59:30.458 10 INFO neutron.wsgi [None req-c403b045-a3dd-4278-844a-975425eb5858 3b7c86e980f847e49edef2c7022e5197 056bed14e13047ef99f81ef997e1f203 - - default default] 10.0.0.148 "POST /v2.0/subnets HTTP/1.1" status: 201 len: 804 time: 1.0455341
2026-04-23 08:59:30.488 9 INFO neutron.db.ovn_revision_numbers_db [None req-e94b17bf-1d2b-45c6-9487-c04561ebe7ee c07932cbf9ba46088e0b27751ebcbe33 12adb23398d04c379010c1549345f67b - - default default] Successfully bumped revision number for resource e4c0bc26-bb7f-4ac1-a6cc-f6b46b40aa44 (type: security_group_rules) to 0
2026-04-23 08:59:30.507 9 INFO neutron.wsgi [None req-0f00b5b0-6e30-44bc-93f0-619a1cbd4400 78acf1c1d9884f4f93129e4f6d1bf506 c2b87ac6d37449b18d18976887eeea52 - - default default] 10.0.0.141 "GET /v2.0/extensions HTTP/1.1" status: 200 len: 16525 time: 0.1202259
2026-04-23 08:59:30.539 9 INFO neutron.wsgi [None req-e94b17bf-1d2b-45c6-9487-c04561ebe7ee c07932cbf9ba46088e0b27751ebcbe33 12adb23398d04c379010c1549345f67b - - default default] 10.0.0.148 "POST /v2.0/security-group-rules HTTP/1.1" status: 201 len: 766 time: 0.2003078
2026-04-23 08:59:30.582 10 INFO neutron.db.segments_db [None req-16acdff4-45e3-4d74-b762-977297a016f1 3b7c86e980f847e49edef2c7022e5197 056bed14e13047ef99f81ef997e1f203 - - default default] Added segment 51852562-cf50-4686-9628-b1261fa4dee2 of type geneve for network ad10d541-f5b9-419a-a2cc-cac23042cfb7
2026-04-23 08:59:30.764 10 INFO neutron.wsgi [None req-ef32e1bf-a7ff-4e78-bc04-f6a3ed38de71 78acf1c1d9884f4f93129e4f6d1bf506 c2b87ac6d37449b18d18976887eeea52 - - default default] 10.0.0.141 "GET /v2.0/quotas/c2b87ac6d37449b18d18976887eeea52/details HTTP/1.1" status: 200 len: 756 time: 0.2356806
2026-04-23 08:59:30.767 10 INFO neutron.db.ovn_revision_numbers_db [None req-16acdff4-45e3-4d74-b762-977297a016f1 3b7c86e980f847e49edef2c7022e5197 056bed14e13047ef99f81ef997e1f203 - - default default] Successfully bumped revision number for resource ad10d541-f5b9-419a-a2cc-cac23042cfb7 (type: networks) to 1
2026-04-23 08:59:30.801 10 INFO neutron.db.ovn_revision_numbers_db [None req-0d85b022-87d4-40d6-9506-f1bc8754b8ec c07932cbf9ba46088e0b27751ebcbe33 12adb23398d04c379010c1549345f67b - - default default] Successfully bumped revision number for resource d52a322b-a60b-425a-9b89-90c265301b48 (type: security_group_rules) to 0
2026-04-23 08:59:30.842 10 INFO neutron.wsgi [None req-0d85b022-87d4-40d6-9506-f1bc8754b8ec c07932cbf9ba46088e0b27751ebcbe33 12adb23398d04c379010c1549345f67b - - default default] 10.0.0.148 "POST /v2.0/security-group-rules HTTP/1.1" status: 201 len: 768 time: 0.2977533
2026-04-23 08:59:30.947 10 WARNING neutron.scheduler.dhcp_agent_scheduler [None req-16acdff4-45e3-4d74-b762-977297a016f1 3b7c86e980f847e49edef2c7022e5197 056bed14e13047ef99f81ef997e1f203 - - default default] No more DHCP agents
2026-04-23 08:59:30.948 10 WARNING neutron.api.rpc.agentnotifiers.dhcp_rpc_agent_api [None req-16acdff4-45e3-4d74-b762-977297a016f1 3b7c86e980f847e49edef2c7022e5197 056bed14e13047ef99f81ef997e1f203 - - default default] Unable to schedule network ad10d541-f5b9-419a-a2cc-cac23042cfb7: no agents available; will retry on subsequent port and subnet creation events.
2026-04-23 08:59:30.989 9 INFO neutron.db.ovn_revision_numbers_db [None req-e5780742-8609-4381-86d8-169a2636ea33 c07932cbf9ba46088e0b27751ebcbe33 12adb23398d04c379010c1549345f67b - - default default] Successfully bumped revision number for resource 1fb99d1a-47aa-420a-b531-6123066f331f (type: security_group_rules) to 0
2026-04-23 08:59:31.020 9 INFO neutron.wsgi [None req-e5780742-8609-4381-86d8-169a2636ea33 c07932cbf9ba46088e0b27751ebcbe33 12adb23398d04c379010c1549345f67b - - default default] 10.0.0.148 "POST /v2.0/security-group-rules HTTP/1.1" status: 201 len: 768 time: 0.1713309
2026-04-23 08:59:31.158 9 INFO neutron.db.ovn_revision_numbers_db [None req-0296ac69-e814-432b-8785-331237ad5c80 c07932cbf9ba46088e0b27751ebcbe33 12adb23398d04c379010c1549345f67b - - default default] Successfully bumped revision number for resource 9dcb14aa-3254-4538-a1ae-1727b9ab104a (type: security_group_rules) to 0
2026-04-23 08:59:31.183 9 INFO neutron.wsgi [None req-0296ac69-e814-432b-8785-331237ad5c80 c07932cbf9ba46088e0b27751ebcbe33 12adb23398d04c379010c1549345f67b - - default default] 10.0.0.148 "POST /v2.0/security-group-rules HTTP/1.1" status: 201 len: 764 time: 0.1584694
2026-04-23 08:59:31.325 9 INFO neutron.db.ovn_revision_numbers_db [None req-a4fbe987-26c1-4b6c-936b-36eeb41ab4df c07932cbf9ba46088e0b27751ebcbe33 12adb23398d04c379010c1549345f67b - - default default] Successfully bumped revision number for resource 5b39bd0a-a9d2-4f1f-8697-d209424b014a (type: security_group_rules) to 0
2026-04-23 08:59:31.355 9 INFO neutron.wsgi [None req-a4fbe987-26c1-4b6c-936b-36eeb41ab4df c07932cbf9ba46088e0b27751ebcbe33 12adb23398d04c379010c1549345f67b - - default default] 10.0.0.148 "POST /v2.0/security-group-rules HTTP/1.1" status: 201 len: 764 time: 0.1674347
2026-04-23 08:59:31.365 10 INFO neutron.db.ovn_revision_numbers_db [None req-16acdff4-45e3-4d74-b762-977297a016f1 3b7c86e980f847e49edef2c7022e5197 056bed14e13047ef99f81ef997e1f203 - - default default] Successfully bumped revision number for resource 7821edbb-1d13-49ec-8478-e10330cd0395 (type: ports) to 1
2026-04-23 08:59:31.395 10 INFO neutron.wsgi [None req-16acdff4-45e3-4d74-b762-977297a016f1 3b7c86e980f847e49edef2c7022e5197 056bed14e13047ef99f81ef997e1f203 - - default default] 10.0.0.148 "POST /v2.0/networks HTTP/1.1" status: 201 len: 831 time: 0.9280789
2026-04-23 08:59:31.576 9 INFO neutron.db.ovn_revision_numbers_db [None req-350c77be-fbc7-43a3-bc95-9649c74f0a7f c07932cbf9ba46088e0b27751ebcbe33 12adb23398d04c379010c1549345f67b - - default default] Successfully bumped revision number for resource 2116a25c-ba8d-4aab-9438-077a3055329e (type: security_group_rules) to 0
2026-04-23 08:59:31.612 9 INFO neutron.wsgi [None req-350c77be-fbc7-43a3-bc95-9649c74f0a7f c07932cbf9ba46088e0b27751ebcbe33 12adb23398d04c379010c1549345f67b - - default default] 10.0.0.148 "POST /v2.0/security-group-rules HTTP/1.1" status: 201 len: 764 time: 0.2508404
2026-04-23 08:59:31.716 9 WARNING neutron.scheduler.dhcp_agent_scheduler [None req-eaf3bb54-e135-4981-a994-a13dad385e28 3b7c86e980f847e49edef2c7022e5197 056bed14e13047ef99f81ef997e1f203 - - default default] No more DHCP agents
2026-04-23 08:59:31.720 9 WARNING neutron.api.rpc.agentnotifiers.dhcp_rpc_agent_api [None req-eaf3bb54-e135-4981-a994-a13dad385e28 3b7c86e980f847e49edef2c7022e5197 056bed14e13047ef99f81ef997e1f203 - - default default] Unable to schedule network ad10d541-f5b9-419a-a2cc-cac23042cfb7: no agents available; will retry on subsequent port and subnet creation events.
2026-04-23 08:59:31.752 10 INFO neutron.db.ovn_revision_numbers_db [None req-adb39ceb-4485-4f81-9609-17d1e30ea9e1 c07932cbf9ba46088e0b27751ebcbe33 12adb23398d04c379010c1549345f67b - - default default] Successfully bumped revision number for resource 564d4fce-eef2-4350-8cc1-689559814dda (type: security_group_rules) to 0
2026-04-23 08:59:31.773 10 INFO neutron.wsgi [None req-adb39ceb-4485-4f81-9609-17d1e30ea9e1 c07932cbf9ba46088e0b27751ebcbe33 12adb23398d04c379010c1549345f67b - - default default] 10.0.0.148 "POST /v2.0/security-group-rules HTTP/1.1" status: 201 len: 766 time: 0.1550639
2026-04-23 08:59:31.915 10 INFO neutron.db.ovn_revision_numbers_db [None req-6728cadf-9214-4387-ac28-e5ff6a44f0f6 c07932cbf9ba46088e0b27751ebcbe33 12adb23398d04c379010c1549345f67b - - default default] Successfully bumped revision number for resource ce2ef6e1-e1d9-4fde-8db8-e970ffa08c78 (type: security_group_rules) to 0
2026-04-23 08:59:31.937 10 INFO neutron.wsgi [None req-6728cadf-9214-4387-ac28-e5ff6a44f0f6 c07932cbf9ba46088e0b27751ebcbe33 12adb23398d04c379010c1549345f67b - - default default] 10.0.0.148 "POST /v2.0/security-group-rules HTTP/1.1" status: 201 len: 768 time: 0.1559160
2026-04-23 08:59:32.092 10 INFO neutron.db.ovn_revision_numbers_db [None req-3b8238aa-573a-47ef-b359-c83a91f550a6 c07932cbf9ba46088e0b27751ebcbe33 12adb23398d04c379010c1549345f67b - - default default] Successfully bumped revision number for resource a757e15c-7547-4737-9980-c2db9ee25674 (type: security_group_rules) to 0
2026-04-23 08:59:32.119 10 INFO neutron.wsgi [None req-3b8238aa-573a-47ef-b359-c83a91f550a6 c07932cbf9ba46088e0b27751ebcbe33 12adb23398d04c379010c1549345f67b - - default default] 10.0.0.148 "POST /v2.0/security-group-rules HTTP/1.1" status: 201 len: 764 time: 0.1765933
2026-04-23 08:59:32.277 9 INFO neutron.db.ovn_revision_numbers_db [None req-eaf3bb54-e135-4981-a994-a13dad385e28 3b7c86e980f847e49edef2c7022e5197 056bed14e13047ef99f81ef997e1f203 - - default default] Successfully bumped revision number for resource 7821edbb-1d13-49ec-8478-e10330cd0395 (type: ports) to 2
2026-04-23 08:59:32.326 9 INFO neutron.db.ovn_revision_numbers_db [None req-eaf3bb54-e135-4981-a994-a13dad385e28 3b7c86e980f847e49edef2c7022e5197 056bed14e13047ef99f81ef997e1f203 - - default default] Successfully bumped revision number for resource a868310f-661b-4ede-b92c-993adbdf639a (type: subnets) to 0
2026-04-23 08:59:32.342 9 INFO neutron.wsgi [None req-eaf3bb54-e135-4981-a994-a13dad385e28 3b7c86e980f847e49edef2c7022e5197 056bed14e13047ef99f81ef997e1f203 - - default default] 10.0.0.148 "POST /v2.0/subnets HTTP/1.1" status: 201 len: 804 time: 0.9403584
2026-04-23 08:59:32.352 9 INFO neutron.wsgi [req-a3b335eb-49c8-4dc7-b2f4-2736c8fcadce req-18b8b40f-da19-4737-ac0c-f5a817dc650f c07932cbf9ba46088e0b27751ebcbe33 12adb23398d04c379010c1549345f67b - - default default] 10.0.0.105 "GET /v2.0/security-groups?name=tempest-lb_member_SG-642411559&fields=id&tenant_id=12adb23398d04c379010c1549345f67b HTTP/1.1" status: 200 len: 267 time: 0.0398259
2026-04-23 08:59:32.428 9 INFO neutron.wsgi [req-a3b335eb-49c8-4dc7-b2f4-2736c8fcadce req-da6ef228-9c5f-4568-bc39-5aa02357b7c7 c07932cbf9ba46088e0b27751ebcbe33 12adb23398d04c379010c1549345f67b - - default default] 10.0.0.105 "GET /v2.0/networks?id=ad58d157-9c05-4811-b23b-36c3e4b8350c HTTP/1.1" status: 200 len: 904 time: 0.0703297
2026-04-23 08:59:32.450 9 INFO neutron.wsgi [req-a3b335eb-49c8-4dc7-b2f4-2736c8fcadce req-d46daef1-da6d-45b9-88fa-5d095fe16d74 c07932cbf9ba46088e0b27751ebcbe33 12adb23398d04c379010c1549345f67b - - default default] 10.0.0.105 "GET /v2.0/quotas/12adb23398d04c379010c1549345f67b HTTP/1.1" status: 200 len: 386 time: 0.0151989
2026-04-23 08:59:32.452 9 INFO neutron.db.segments_db [None req-8c631213-6a63-4f01-9dce-b492b1bd8d57 3b7c86e980f847e49edef2c7022e5197 056bed14e13047ef99f81ef997e1f203 - - default default] Added segment 575466dc-1624-41b6-8952-39897af94fae of type geneve for network fd9cbf10-3188-464f-a9ec-f60e0f1696fa
2026-04-23 08:59:32.645 9 INFO neutron.db.ovn_revision_numbers_db [None req-8c631213-6a63-4f01-9dce-b492b1bd8d57 3b7c86e980f847e49edef2c7022e5197 056bed14e13047ef99f81ef997e1f203 - - default default] Successfully bumped revision number for resource fd9cbf10-3188-464f-a9ec-f60e0f1696fa (type: networks) to 1
2026-04-23 08:59:32.723 9 INFO neutron.wsgi [req-a3b335eb-49c8-4dc7-b2f4-2736c8fcadce req-36bb7743-c4fa-45b9-a02f-c23880c189f7 c07932cbf9ba46088e0b27751ebcbe33 12adb23398d04c379010c1549345f67b - - default default] 10.0.0.105 "GET /v2.0/ports?tenant_id=12adb23398d04c379010c1549345f67b&fields=id HTTP/1.1" status: 200 len: 486 time: 0.2670460
2026-04-23 08:59:32.818 9 INFO neutron.wsgi [req-a3b335eb-49c8-4dc7-b2f4-2736c8fcadce req-388c24e1-7799-456d-ad8d-96db37bf2602 0b90aaf067b5401a83d2c0610e4ae3a9 cb697062842e4831b466dd2615203c97 - - 5cc8a6ff47d14da9a8777c2cc4ba702d 5cc8a6ff47d14da9a8777c2cc4ba702d] 10.0.0.105 "GET /v2.0/networks/ad58d157-9c05-4811-b23b-36c3e4b8350c?fields=segments HTTP/1.1" status: 200 len: 212 time: 0.0855677
2026-04-23 08:59:32.874 9 WARNING neutron.scheduler.dhcp_agent_scheduler [None req-8c631213-6a63-4f01-9dce-b492b1bd8d57 3b7c86e980f847e49edef2c7022e5197 056bed14e13047ef99f81ef997e1f203 - - default default] No more DHCP agents
2026-04-23 08:59:32.878 9 WARNING neutron.api.rpc.agentnotifiers.dhcp_rpc_agent_api [None req-8c631213-6a63-4f01-9dce-b492b1bd8d57 3b7c86e980f847e49edef2c7022e5197 056bed14e13047ef99f81ef997e1f203 - - default default] Unable to schedule network fd9cbf10-3188-464f-a9ec-f60e0f1696fa: no agents available; will retry on subsequent port and subnet creation events.
2026-04-23 08:59:32.903 9 INFO neutron.wsgi [req-a3b335eb-49c8-4dc7-b2f4-2736c8fcadce req-d88ca24c-85c6-4f80-9e3e-6d2d6834000e 0b90aaf067b5401a83d2c0610e4ae3a9 cb697062842e4831b466dd2615203c97 - - 5cc8a6ff47d14da9a8777c2cc4ba702d 5cc8a6ff47d14da9a8777c2cc4ba702d] 10.0.0.105 "GET /v2.0/networks/ad58d157-9c05-4811-b23b-36c3e4b8350c?fields=provider%3Aphysical_network&fields=provider%3Anetwork_type HTTP/1.1" status: 200 len: 277 time: 0.0754337
2026-04-23 08:59:32.955 9 INFO neutron.db.ovn_revision_numbers_db [None req-8c631213-6a63-4f01-9dce-b492b1bd8d57 3b7c86e980f847e49edef2c7022e5197 056bed14e13047ef99f81ef997e1f203 - - default default] Successfully bumped revision number for resource 9b4e941c-2137-46ae-90fd-b02ec8f678b3 (type: ports) to 1
2026-04-23 08:59:32.973 9 INFO neutron.wsgi [None req-8c631213-6a63-4f01-9dce-b492b1bd8d57 3b7c86e980f847e49edef2c7022e5197 056bed14e13047ef99f81ef997e1f203 - - default default] 10.0.0.148 "POST /v2.0/networks HTTP/1.1" status: 201 len: 831 time: 0.6246476
2026-04-23 08:59:33.059 9 INFO neutron.wsgi [req-31356eb2-9b26-4e13-9da2-e160eacb9c07 req-7e509404-5fe8-464a-9fdd-cfe536ef5aba c07932cbf9ba46088e0b27751ebcbe33 12adb23398d04c379010c1549345f67b - - default default] 10.0.0.105 "GET /v2.0/ports?device_id=31b41bfe-b80a-4654-a3b0-6842b61755d1 HTTP/1.1" status: 200 len: 210 time: 0.0250401
2026-04-23 08:59:33.078 10 INFO neutron.wsgi [None req-70b0838b-d687-40e5-b735-cb3e658fbe88 78acf1c1d9884f4f93129e4f6d1bf506 c2b87ac6d37449b18d18976887eeea52 - - default default] 10.0.0.141 "GET /v2.0/extensions HTTP/1.1" status: 200 len: 16525 time: 0.0088494
2026-04-23 08:59:33.183 10 INFO neutron.wsgi [None req-c54b49f3-88e2-43a5-a962-457435f3aad7 78acf1c1d9884f4f93129e4f6d1bf506 c2b87ac6d37449b18d18976887eeea52 - - default default] 10.0.0.141 "GET /v2.0/quotas/c2b87ac6d37449b18d18976887eeea52/details HTTP/1.1" status: 200 len: 756 time: 0.0861144
2026-04-23 08:59:33.231 9 WARNING neutron.scheduler.dhcp_agent_scheduler [None req-fd9169d5-8ac3-42c5-a7ce-79bf7847a650 3b7c86e980f847e49edef2c7022e5197 056bed14e13047ef99f81ef997e1f203 - - default default] No more DHCP agents
2026-04-23 08:59:33.237 9 WARNING neutron.api.rpc.agentnotifiers.dhcp_rpc_agent_api [None req-fd9169d5-8ac3-42c5-a7ce-79bf7847a650 3b7c86e980f847e49edef2c7022e5197 056bed14e13047ef99f81ef997e1f203 - - default default] Unable to schedule network fd9cbf10-3188-464f-a9ec-f60e0f1696fa: no agents available; will retry on subsequent port and subnet creation events.
2026-04-23 08:59:33.826 9 INFO neutron.wsgi [req-a3b335eb-49c8-4dc7-b2f4-2736c8fcadce req-74ee8b94-a346-4a75-bee6-38b959dd18c1 c07932cbf9ba46088e0b27751ebcbe33 12adb23398d04c379010c1549345f67b - - default default] 199.19.213.52 "GET /v2.0/networks?id=ad58d157-9c05-4811-b23b-36c3e4b8350c HTTP/1.1" status: 200 len: 904 time: 0.0913405
2026-04-23 08:59:33.882 9 INFO neutron.db.ovn_revision_numbers_db [None req-fd9169d5-8ac3-42c5-a7ce-79bf7847a650 3b7c86e980f847e49edef2c7022e5197 056bed14e13047ef99f81ef997e1f203 - - default default] Successfully bumped revision number for resource 9b4e941c-2137-46ae-90fd-b02ec8f678b3 (type: ports) to 2
2026-04-23 08:59:33.898 9 INFO neutron.wsgi [req-a3b335eb-49c8-4dc7-b2f4-2736c8fcadce req-c9ed84a5-a86c-45ab-936a-51d903e40624 c07932cbf9ba46088e0b27751ebcbe33 12adb23398d04c379010c1549345f67b - - default default] 199.19.213.52 "GET /v2.0/security-groups?fields=id&fields=name&tenant_id=12adb23398d04c379010c1549345f67b HTTP/1.1" status: 200 len: 377 time: 0.0636313
2026-04-23 08:59:33.957 9 INFO neutron.db.ovn_revision_numbers_db [None req-fd9169d5-8ac3-42c5-a7ce-79bf7847a650 3b7c86e980f847e49edef2c7022e5197 056bed14e13047ef99f81ef997e1f203 - - default default] Successfully bumped revision number for resource 40d0d54b-8223-4ae9-a3d2-784276b95b1c (type: subnets) to 0
2026-04-23 08:59:33.994 9 INFO neutron.wsgi [None req-fd9169d5-8ac3-42c5-a7ce-79bf7847a650 3b7c86e980f847e49edef2c7022e5197 056bed14e13047ef99f81ef997e1f203 - - default default] 10.0.0.148 "POST /v2.0/subnets HTTP/1.1" status: 201 len: 804 time: 1.0146229
2026-04-23 08:59:34.115 10 INFO neutron.db.segments_db [None req-cb656b01-3839-4f26-b3a6-c5343fb25224 3b7c86e980f847e49edef2c7022e5197 056bed14e13047ef99f81ef997e1f203 - - default default] Added segment 9ddaac51-6b44-4bcb-a241-71aa5dffee73 of type geneve for network ce8a138b-3789-4973-902a-7798cae34ee4
2026-04-23 08:59:34.276 10 INFO neutron.db.ovn_revision_numbers_db [None req-cb656b01-3839-4f26-b3a6-c5343fb25224 3b7c86e980f847e49edef2c7022e5197 056bed14e13047ef99f81ef997e1f203 - - default default] Successfully bumped revision number for resource ce8a138b-3789-4973-902a-7798cae34ee4 (type: networks) to 1
2026-04-23 08:59:34.289 9 WARNING neutron.scheduler.dhcp_agent_scheduler [req-a3b335eb-49c8-4dc7-b2f4-2736c8fcadce req-6c1e3f25-3a8c-44f4-a4c0-1bcb5787bf2d c07932cbf9ba46088e0b27751ebcbe33 12adb23398d04c379010c1549345f67b - - default default] No more DHCP agents
2026-04-23 08:59:34.293 9 WARNING neutron.api.rpc.agentnotifiers.dhcp_rpc_agent_api [req-a3b335eb-49c8-4dc7-b2f4-2736c8fcadce req-6c1e3f25-3a8c-44f4-a4c0-1bcb5787bf2d c07932cbf9ba46088e0b27751ebcbe33 12adb23398d04c379010c1549345f67b - - default default] Unable to schedule network ad58d157-9c05-4811-b23b-36c3e4b8350c: no agents available; will retry on subsequent port and subnet creation events.
2026-04-23 08:59:34.473 9 INFO neutron.db.ovn_revision_numbers_db [req-a3b335eb-49c8-4dc7-b2f4-2736c8fcadce req-6c1e3f25-3a8c-44f4-a4c0-1bcb5787bf2d c07932cbf9ba46088e0b27751ebcbe33 12adb23398d04c379010c1549345f67b - - default default] Successfully bumped revision number for resource dd1aac8c-f0dc-4476-ad33-9e10af906bf9 (type: ports) to 1
2026-04-23 08:59:34.485 10 WARNING neutron.scheduler.dhcp_agent_scheduler [None req-cb656b01-3839-4f26-b3a6-c5343fb25224 3b7c86e980f847e49edef2c7022e5197 056bed14e13047ef99f81ef997e1f203 - - default default] No more DHCP agents
2026-04-23 08:59:34.487 10 WARNING neutron.api.rpc.agentnotifiers.dhcp_rpc_agent_api [None req-cb656b01-3839-4f26-b3a6-c5343fb25224 3b7c86e980f847e49edef2c7022e5197 056bed14e13047ef99f81ef997e1f203 - - default default] Unable to schedule network ce8a138b-3789-4973-902a-7798cae34ee4: no agents available; will retry on subsequent port and subnet creation events.
2026-04-23 08:59:34.504 9 INFO neutron.wsgi [req-a3b335eb-49c8-4dc7-b2f4-2736c8fcadce req-6c1e3f25-3a8c-44f4-a4c0-1bcb5787bf2d c07932cbf9ba46088e0b27751ebcbe33 12adb23398d04c379010c1549345f67b - - default default] 199.19.213.52 "POST /v2.0/ports HTTP/1.1" status: 201 len: 1384 time: 0.5932858 /var/lib/openstack/lib/python3.10/site-packages/pycadf/identifier.py:71: UserWarning: Invalid uuid: neutron. To ensure interoperability, identifiers should be a valid uuid. warnings.warn(('Invalid uuid: %s. To ensure interoperability, '
2026-04-23 08:59:34.569 10 INFO neutron.db.ovn_revision_numbers_db [None req-cb656b01-3839-4f26-b3a6-c5343fb25224 3b7c86e980f847e49edef2c7022e5197 056bed14e13047ef99f81ef997e1f203 - - default default] Successfully bumped revision number for resource 77f9802a-f477-4fa9-869b-dd85cd8bc4b2 (type: ports) to 1
2026-04-23 08:59:34.593 10 INFO neutron.wsgi [None req-cb656b01-3839-4f26-b3a6-c5343fb25224 3b7c86e980f847e49edef2c7022e5197 056bed14e13047ef99f81ef997e1f203 - - default default] 10.0.0.148 "POST /v2.0/networks HTTP/1.1" status: 201 len: 830 time: 0.5931175
2026-04-23 08:59:34.818 10 WARNING neutron.scheduler.dhcp_agent_scheduler [None req-f6d3dfee-0f66-4764-9a14-afdc5dda31f0 3b7c86e980f847e49edef2c7022e5197 056bed14e13047ef99f81ef997e1f203 - - default default] No more DHCP agents
2026-04-23 08:59:34.823 10 WARNING neutron.api.rpc.agentnotifiers.dhcp_rpc_agent_api [None req-f6d3dfee-0f66-4764-9a14-afdc5dda31f0 3b7c86e980f847e49edef2c7022e5197 056bed14e13047ef99f81ef997e1f203 - - default default] Unable to schedule network ce8a138b-3789-4973-902a-7798cae34ee4: no agents available; will retry on subsequent port and subnet creation events.
2026-04-23 08:59:34.975 9 INFO neutron.db.ovn_revision_numbers_db [req-a3b335eb-49c8-4dc7-b2f4-2736c8fcadce req-7b3dab6d-c0ba-46e5-afba-dd595790bf80 0b90aaf067b5401a83d2c0610e4ae3a9 cb697062842e4831b466dd2615203c97 - - 5cc8a6ff47d14da9a8777c2cc4ba702d 5cc8a6ff47d14da9a8777c2cc4ba702d] Successfully bumped revision number for resource dd1aac8c-f0dc-4476-ad33-9e10af906bf9 (type: ports) to 2
2026-04-23 08:59:35.204 9 INFO neutron.db.ovn_revision_numbers_db [req-a3b335eb-49c8-4dc7-b2f4-2736c8fcadce req-7b3dab6d-c0ba-46e5-afba-dd595790bf80 0b90aaf067b5401a83d2c0610e4ae3a9 cb697062842e4831b466dd2615203c97 - - 5cc8a6ff47d14da9a8777c2cc4ba702d 5cc8a6ff47d14da9a8777c2cc4ba702d] Successfully bumped revision number for resource dd1aac8c-f0dc-4476-ad33-9e10af906bf9 (type: ports) to 2
2026-04-23 08:59:35.220 9 INFO neutron.wsgi [req-a3b335eb-49c8-4dc7-b2f4-2736c8fcadce req-7b3dab6d-c0ba-46e5-afba-dd595790bf80 0b90aaf067b5401a83d2c0610e4ae3a9 cb697062842e4831b466dd2615203c97 - - 5cc8a6ff47d14da9a8777c2cc4ba702d 5cc8a6ff47d14da9a8777c2cc4ba702d] 199.19.213.52 "PUT /v2.0/ports/dd1aac8c-f0dc-4476-ad33-9e10af906bf9 HTTP/1.1" status: 200 len: 1601 time: 0.7075059 /var/lib/openstack/lib/python3.10/site-packages/pycadf/identifier.py:71: UserWarning: Invalid uuid: neutron. To ensure interoperability, identifiers should be a valid uuid. warnings.warn(('Invalid uuid: %s. To ensure interoperability, '
2026-04-23 08:59:35.271 9 INFO neutron.notifiers.nova [-] Nova event matching ['req-616dfe2c-37fe-4c72-a131-c7bebf7d4edd'] response: {'name': 'network-changed', 'server_uuid': '31b41bfe-b80a-4654-a3b0-6842b61755d1', 'tag': 'dd1aac8c-f0dc-4476-ad33-9e10af906bf9', 'status': 'completed', 'code': 200}
2026-04-23 08:59:35.354 10 INFO neutron.db.ovn_revision_numbers_db [None req-f6d3dfee-0f66-4764-9a14-afdc5dda31f0 3b7c86e980f847e49edef2c7022e5197 056bed14e13047ef99f81ef997e1f203 - - default default] Successfully bumped revision number for resource 77f9802a-f477-4fa9-869b-dd85cd8bc4b2 (type: ports) to 2
2026-04-23 08:59:35.407 10 INFO neutron.db.ovn_revision_numbers_db [None req-f6d3dfee-0f66-4764-9a14-afdc5dda31f0 3b7c86e980f847e49edef2c7022e5197 056bed14e13047ef99f81ef997e1f203 - - default default] Successfully bumped revision number for resource 468263c0-8087-46e1-9c27-eb3d8c1e0104 (type: subnets) to 0
2026-04-23 08:59:35.423 10 INFO neutron.wsgi [None req-f6d3dfee-0f66-4764-9a14-afdc5dda31f0 3b7c86e980f847e49edef2c7022e5197 056bed14e13047ef99f81ef997e1f203 - - default default] 10.0.0.148 "POST /v2.0/subnets HTTP/1.1" status: 201 len: 804 time: 0.8239732
2026-04-23 08:59:35.471 10 INFO neutron.wsgi [None req-f8fbcfa8-0f69-49c2-88da-52fb5160b376 3b7c86e980f847e49edef2c7022e5197 056bed14e13047ef99f81ef997e1f203 - - default default] 10.0.0.148 "PUT /v2.0/subnets/515b71f2-f110-409c-b091-9f819c8b3251/tags HTTP/1.1" status: 200 len: 210 time: 0.0418863
2026-04-23 08:59:35.514 10 INFO neutron.wsgi [None req-d159c8f5-f83c-4278-a96e-39415a958059 3b7c86e980f847e49edef2c7022e5197 056bed14e13047ef99f81ef997e1f203 - - default default] 10.0.0.148 "PUT /v2.0/subnets/78ed1cdd-d3f5-4fc1-8179-8cad0d2ff9bf/tags HTTP/1.1" status: 200 len: 218 time: 0.0377400
2026-04-23 08:59:35.558 10 INFO neutron.wsgi [None req-bf1b6ada-ec76-4080-86e9-2fce90b28d9d 3b7c86e980f847e49edef2c7022e5197 056bed14e13047ef99f81ef997e1f203 - - default default] 10.0.0.148 "PUT /v2.0/subnets/a868310f-661b-4ede-b92c-993adbdf639a/tags HTTP/1.1" status: 200 len: 227 time: 0.0393589
2026-04-23 08:59:35.613 10 INFO neutron.wsgi [None req-24a4682a-8545-4b8f-8ec0-35b77236e9d4 3b7c86e980f847e49edef2c7022e5197 056bed14e13047ef99f81ef997e1f203 - - default default] 10.0.0.148 "PUT /v2.0/subnets/40d0d54b-8223-4ae9-a3d2-784276b95b1c/tags HTTP/1.1" status: 200 len: 212 time: 0.0504050
2026-04-23 08:59:35.748 10 INFO neutron.wsgi [None req-b0504796-8335-4909-b29d-ce407349fb59 3b7c86e980f847e49edef2c7022e5197 056bed14e13047ef99f81ef997e1f203 - - default default] 10.0.0.148 "GET /v2.0/subnets?tags=red HTTP/1.1" status: 200 len: 2027 time: 0.1236846
2026-04-23 08:59:35.752 9 INFO neutron.wsgi [req-a3b335eb-49c8-4dc7-b2f4-2736c8fcadce req-83e32635-7b9f-4d40-860f-2a8baedb59bb 0b90aaf067b5401a83d2c0610e4ae3a9 cb697062842e4831b466dd2615203c97 - - 5cc8a6ff47d14da9a8777c2cc4ba702d 5cc8a6ff47d14da9a8777c2cc4ba702d] 199.19.213.52 "GET /v2.0/ports?tenant_id=12adb23398d04c379010c1549345f67b&device_id=31b41bfe-b80a-4654-a3b0-6842b61755d1 HTTP/1.1" status: 200 len: 1632 time: 0.4950857
2026-04-23 08:59:35.769 9 WARNING neutron.plugins.ml2.drivers.ovn.mech_driver.ovsdb.ovn_client [None req-82efcabf-bda5-45ce-a1f2-a698d14cc178 - - - - - -] No hosting information found for port 7153be54-bba3-4015-8cac-198c5ff79d84: RuntimeError: No hosting information found for port 7153be54-bba3-4015-8cac-198c5ff79d84
2026-04-23 08:59:35.769 9 INFO neutron.plugins.ml2.drivers.ovn.mech_driver.mech_driver [None req-82efcabf-bda5-45ce-a1f2-a698d14cc178 - - - - - -] OVN reports status up for port: 0f8c2852-41b9-463e-9171-930c9d536c97
2026-04-23 08:59:35.786 9 INFO neutron.wsgi [req-a3b335eb-49c8-4dc7-b2f4-2736c8fcadce req-4acab017-0caa-4c60-ab06-b1e84f34ef64 0b90aaf067b5401a83d2c0610e4ae3a9 cb697062842e4831b466dd2615203c97 - - 5cc8a6ff47d14da9a8777c2cc4ba702d 5cc8a6ff47d14da9a8777c2cc4ba702d] 199.19.213.52 "GET /v2.0/floatingips?fixed_ip_address=10.2.1.202&port_id=dd1aac8c-f0dc-4476-ad33-9e10af906bf9 HTTP/1.1" status: 200 len: 217 time: 0.0236149
2026-04-23 08:59:35.787 9 INFO neutron.plugins.ml2.plugin [None req-82efcabf-bda5-45ce-a1f2-a698d14cc178 - - - - - -] Attempt 1 to provision port 0f8c2852-41b9-463e-9171-930c9d536c97
2026-04-23 08:59:35.819 10 INFO neutron.wsgi [None req-efec7336-dd14-4b7f-89fe-aaf1745dd02a 3b7c86e980f847e49edef2c7022e5197 056bed14e13047ef99f81ef997e1f203 - - default default] 10.0.0.148 "GET /v2.0/subnets?tags=red%2Cblue HTTP/1.1" status: 200 len: 1430 time: 0.0657187
2026-04-23 08:59:35.822 9 INFO neutron.wsgi [req-a3b335eb-49c8-4dc7-b2f4-2736c8fcadce req-649cb75a-eea5-4dd3-b317-6eb5e244d15b 0b90aaf067b5401a83d2c0610e4ae3a9 cb697062842e4831b466dd2615203c97 - - 5cc8a6ff47d14da9a8777c2cc4ba702d 5cc8a6ff47d14da9a8777c2cc4ba702d] 199.19.213.52 "GET /v2.0/floatingips?fixed_ip_address=fd7b%3Af9f7%3Afff%3A4eca%3A%3Af4&port_id=dd1aac8c-f0dc-4476-ad33-9e10af906bf9 HTTP/1.1" status: 200 len: 217 time: 0.0268288
2026-04-23 08:59:35.881 9 INFO neutron.wsgi [req-a3b335eb-49c8-4dc7-b2f4-2736c8fcadce req-b3604e53-42ec-4604-b488-718211ddc3c1 0b90aaf067b5401a83d2c0610e4ae3a9 cb697062842e4831b466dd2615203c97 - - 5cc8a6ff47d14da9a8777c2cc4ba702d 5cc8a6ff47d14da9a8777c2cc4ba702d] 199.19.213.52 "GET /v2.0/subnets?id=4d4b5604-bbd9-414c-bd04-e87f336bc0ee&id=bc6805e4-d296-4afd-991f-07567b01e506 HTTP/1.1" status: 200 len: 1563 time: 0.0454762
2026-04-23 08:59:35.892 10 INFO neutron.wsgi [None req-2b823f2f-86b7-4feb-bb89-9917ca8a84d9 3b7c86e980f847e49edef2c7022e5197 056bed14e13047ef99f81ef997e1f203 - - default default] 10.0.0.148 "GET /v2.0/subnets?tags-any=blue HTTP/1.1" status: 200 len: 1430 time: 0.0643723
2026-04-23 08:59:35.914 9 INFO neutron.wsgi [req-a3b335eb-49c8-4dc7-b2f4-2736c8fcadce req-a1368412-ce38-4b40-a227-9fc082a2d3f8 0b90aaf067b5401a83d2c0610e4ae3a9 cb697062842e4831b466dd2615203c97 - - 5cc8a6ff47d14da9a8777c2cc4ba702d 5cc8a6ff47d14da9a8777c2cc4ba702d] 199.19.213.52 "GET /v2.0/ports?network_id=ad58d157-9c05-4811-b23b-36c3e4b8350c&device_owner=network%3Adhcp HTTP/1.1" status: 200 len: 210 time: 0.0229604
2026-04-23 08:59:35.947 9 INFO neutron.wsgi [req-a3b335eb-49c8-4dc7-b2f4-2736c8fcadce req-b0418c99-cef1-4911-b63c-caeb1ee454c7 0b90aaf067b5401a83d2c0610e4ae3a9 cb697062842e4831b466dd2615203c97 - - 5cc8a6ff47d14da9a8777c2cc4ba702d 5cc8a6ff47d14da9a8777c2cc4ba702d] 199.19.213.52 "GET /v2.0/ports?network_id=ad58d157-9c05-4811-b23b-36c3e4b8350c&device_owner=network%3Adhcp HTTP/1.1" status: 200 len: 210 time: 0.0264375
2026-04-23 08:59:35.951 10 INFO neutron.wsgi [None req-0269669f-6421-457a-9ae3-0a325f84789f 3b7c86e980f847e49edef2c7022e5197 056bed14e13047ef99f81ef997e1f203 - - default default] 10.0.0.148 "GET /v2.0/subnets?tags-any=red%2Cblue HTTP/1.1" status: 200 len: 2027 time: 0.0535944
2026-04-23 08:59:36.028 10 INFO neutron.wsgi [None req-1b55b739-8449-4933-8f04-41ddf714346b 3b7c86e980f847e49edef2c7022e5197 056bed14e13047ef99f81ef997e1f203 - - default default] 10.0.0.148 "GET /v2.0/subnets?not-tags=red HTTP/1.1" status: 200 len: 2018 time: 0.0718625
2026-04-23 08:59:36.090 9 INFO neutron.wsgi [req-a3b335eb-49c8-4dc7-b2f4-2736c8fcadce req-3fd5f82d-64f2-4b64-9054-3c4339cf8da5 0b90aaf067b5401a83d2c0610e4ae3a9 cb697062842e4831b466dd2615203c97 - - 5cc8a6ff47d14da9a8777c2cc4ba702d 5cc8a6ff47d14da9a8777c2cc4ba702d] 199.19.213.52 "GET /v2.0/networks/ad58d157-9c05-4811-b23b-36c3e4b8350c?fields=segments HTTP/1.1" status: 200 len: 212 time: 0.1339114
2026-04-23 08:59:36.115 10 INFO neutron.wsgi [None req-2b6eb474-1e1c-4198-8f6b-db315d2f1fd8 3b7c86e980f847e49edef2c7022e5197 056bed14e13047ef99f81ef997e1f203 - - default default] 10.0.0.148 "GET /v2.0/subnets?not-tags=red%2Cblue HTTP/1.1" status: 200 len: 2615 time: 0.0789454
2026-04-23 08:59:36.131 9 INFO neutron.db.ovn_revision_numbers_db [None req-4d0dc052-6891-4b75-982d-bc4bc82a5090 3b8fed1cce4145eda7e305becc078a7e f8496f8ba56a4b14a1b7d6a9aa2af247 - - default default] Successfully bumped revision number for resource f34a0193-60e7-46b1-a680-231d52e7a81a (type: security_groups) to 1
2026-04-23 08:59:36.166 9 INFO neutron.db.ovn_revision_numbers_db [None req-4d0dc052-6891-4b75-982d-bc4bc82a5090 3b8fed1cce4145eda7e305becc078a7e f8496f8ba56a4b14a1b7d6a9aa2af247 - - default default] Successfully bumped revision number for resource 0d5824e3-b1dc-4ed5-865c-9a8819e61171 (type: security_group_rules) to 0
2026-04-23 08:59:36.184 10 INFO neutron.wsgi [None req-b4c3c5a5-4698-4f75-ab30-a23d828ba170 3b7c86e980f847e49edef2c7022e5197 056bed14e13047ef99f81ef997e1f203 - - default default] 10.0.0.148 "GET /v2.0/subnets?not-tags-any=blue HTTP/1.1" status: 200 len: 2615 time: 0.0625732
2026-04-23 08:59:36.198 9 INFO neutron.wsgi [req-a3b335eb-49c8-4dc7-b2f4-2736c8fcadce req-c0878a5e-d1dc-4148-b14f-7e07c541bff1 0b90aaf067b5401a83d2c0610e4ae3a9 cb697062842e4831b466dd2615203c97 - - 5cc8a6ff47d14da9a8777c2cc4ba702d 5cc8a6ff47d14da9a8777c2cc4ba702d] 199.19.213.52 "GET /v2.0/networks/ad58d157-9c05-4811-b23b-36c3e4b8350c?fields=provider%3Aphysical_network&fields=provider%3Anetwork_type HTTP/1.1" status: 200 len: 277 time: 0.0981369
2026-04-23 08:59:36.200 9 INFO neutron.db.ovn_revision_numbers_db [None req-4d0dc052-6891-4b75-982d-bc4bc82a5090 3b8fed1cce4145eda7e305becc078a7e f8496f8ba56a4b14a1b7d6a9aa2af247 - - default default] Successfully bumped revision number for resource 5b43179d-737e-4780-b11d-bc4a3237f0d9 (type: security_group_rules) to 0
2026-04-23 08:59:36.217 9 INFO neutron.db.ovn_revision_numbers_db [None req-4d0dc052-6891-4b75-982d-bc4bc82a5090 3b8fed1cce4145eda7e305becc078a7e f8496f8ba56a4b14a1b7d6a9aa2af247 - - default default] Successfully bumped revision number for resource 618f844f-83b8-406c-ac62-d53ed674a1f9 (type: security_group_rules) to 0
2026-04-23 08:59:36.239 10 INFO neutron.wsgi [None req-91d24c85-9ffe-4862-a1d1-2978d1c33376 3b7c86e980f847e49edef2c7022e5197 056bed14e13047ef99f81ef997e1f203 - - default default] 10.0.0.148 "GET /v2.0/subnets?not-tags-any=red%2Cblue HTTP/1.1" status: 200 len: 2018 time: 0.0481327
2026-04-23 08:59:36.292 9 INFO neutron.db.ovn_revision_numbers_db [None req-4d0dc052-6891-4b75-982d-bc4bc82a5090 3b8fed1cce4145eda7e305becc078a7e f8496f8ba56a4b14a1b7d6a9aa2af247 - - default default] Successfully bumped revision number for resource 7a29ff89-e6ea-4854-a82d-f1c0d7de2070 (type: security_group_rules) to 0
2026-04-23 08:59:36.315 9 INFO neutron.db.ovn_revision_numbers_db [None req-82efcabf-bda5-45ce-a1f2-a698d14cc178 - - - - - -] Successfully bumped revision number for resource 0f8c2852-41b9-463e-9171-930c9d536c97 (type: ports) to 2
2026-04-23 08:59:36.323 9 INFO neutron.wsgi [req-4cba2273-6f72-4e72-ac34-8d0886e0f1db req-4cf0f5ee-b6bc-4acd-af91-16773e316b68 0b90aaf067b5401a83d2c0610e4ae3a9 cb697062842e4831b466dd2615203c97 - - 5cc8a6ff47d14da9a8777c2cc4ba702d 5cc8a6ff47d14da9a8777c2cc4ba702d] 199.19.213.52 "GET /v2.0/ports?tenant_id=12adb23398d04c379010c1549345f67b&device_id=31b41bfe-b80a-4654-a3b0-6842b61755d1 HTTP/1.1" status: 200 len: 1632 time: 0.0731688
2026-04-23 08:59:36.348 9 INFO neutron.wsgi [None req-4d0dc052-6891-4b75-982d-bc4bc82a5090 3b8fed1cce4145eda7e305becc078a7e f8496f8ba56a4b14a1b7d6a9aa2af247 - - default default] 10.0.0.148 "GET /v2.0/security-groups?tenant_id=c2b87ac6d37449b18d18976887eeea52&name=default HTTP/1.1" status: 200 len: 2996 time: 0.6012084
2026-04-23 08:59:36.467 9 INFO neutron.wsgi [req-4cba2273-6f72-4e72-ac34-8d0886e0f1db req-523f2b6b-21b5-49a0-a2cc-710041f09ca0 0b90aaf067b5401a83d2c0610e4ae3a9 cb697062842e4831b466dd2615203c97 - - 5cc8a6ff47d14da9a8777c2cc4ba702d 5cc8a6ff47d14da9a8777c2cc4ba702d] 199.19.213.52 "GET /v2.0/networks?id=ad58d157-9c05-4811-b23b-36c3e4b8350c HTTP/1.1" status: 200 len: 1003 time: 0.1327741
2026-04-23 08:59:36.484 10 INFO neutron.plugins.ml2.drivers.ovn.mech_driver.mech_driver [None req-2aa377b6-9cdc-4a81-8588-818126d30799 - - - - - -] OVN reports status up for port: dd1aac8c-f0dc-4476-ad33-9e10af906bf9
2026-04-23 08:59:36.503 9 INFO neutron.wsgi [req-4cba2273-6f72-4e72-ac34-8d0886e0f1db req-cad42585-5a28-4c6e-84b7-db4191a6dbb8 0b90aaf067b5401a83d2c0610e4ae3a9 cb697062842e4831b466dd2615203c97 - - 5cc8a6ff47d14da9a8777c2cc4ba702d 5cc8a6ff47d14da9a8777c2cc4ba702d] 199.19.213.52 "GET /v2.0/floatingips?fixed_ip_address=10.2.1.202&port_id=dd1aac8c-f0dc-4476-ad33-9e10af906bf9 HTTP/1.1" status: 200 len: 217 time: 0.0286169
2026-04-23 08:59:36.511 10 INFO neutron.plugins.ml2.plugin [None req-2aa377b6-9cdc-4a81-8588-818126d30799 - - - - - -] Attempt 1 to provision port dd1aac8c-f0dc-4476-ad33-9e10af906bf9
2026-04-23 08:59:36.528 10 INFO neutron.wsgi [None req-f507e902-fdfa-4231-9f26-4b0bb19d0938 3b7c86e980f847e49edef2c7022e5197 056bed14e13047ef99f81ef997e1f203 - - default default] 10.0.0.148 "DELETE /v2.0/subnets/515b71f2-f110-409c-b091-9f819c8b3251 HTTP/1.1" status: 204 len: 168 time: 0.2786293
2026-04-23 08:59:36.568 9 INFO neutron.wsgi [req-4cba2273-6f72-4e72-ac34-8d0886e0f1db req-0e03db5b-371d-4b20-ac56-e4fdf56088e7 0b90aaf067b5401a83d2c0610e4ae3a9 cb697062842e4831b466dd2615203c97 - - 5cc8a6ff47d14da9a8777c2cc4ba702d 5cc8a6ff47d14da9a8777c2cc4ba702d] 199.19.213.52 "GET /v2.0/floatingips?fixed_ip_address=fd7b%3Af9f7%3Afff%3A4eca%3A%3Af4&port_id=dd1aac8c-f0dc-4476-ad33-9e10af906bf9 HTTP/1.1" status: 200 len: 217 time: 0.0553970
2026-04-23 08:59:36.595 9 INFO neutron.db.ovn_revision_numbers_db [None req-82efcabf-bda5-45ce-a1f2-a698d14cc178 - - - - - -] Successfully bumped revision number for resource 0f8c2852-41b9-463e-9171-930c9d536c97 (type: router_ports) to 2
2026-04-23 08:59:36.636 9 INFO neutron.wsgi [req-4cba2273-6f72-4e72-ac34-8d0886e0f1db req-af45c4fc-6cd2-4cdf-b617-d7a5c549ac0b 0b90aaf067b5401a83d2c0610e4ae3a9 cb697062842e4831b466dd2615203c97 - - 5cc8a6ff47d14da9a8777c2cc4ba702d 5cc8a6ff47d14da9a8777c2cc4ba702d] 199.19.213.52 "GET /v2.0/subnets?id=4d4b5604-bbd9-414c-bd04-e87f336bc0ee&id=bc6805e4-d296-4afd-991f-07567b01e506 HTTP/1.1" status: 200 len: 1563 time: 0.0590992
2026-04-23 08:59:36.679 9 INFO neutron.wsgi [req-4cba2273-6f72-4e72-ac34-8d0886e0f1db req-9d6ef056-9bd5-4821-b7d8-e7b05736357d 0b90aaf067b5401a83d2c0610e4ae3a9 cb697062842e4831b466dd2615203c97 - - 5cc8a6ff47d14da9a8777c2cc4ba702d 5cc8a6ff47d14da9a8777c2cc4ba702d] 199.19.213.52 "GET /v2.0/ports?network_id=ad58d157-9c05-4811-b23b-36c3e4b8350c&device_owner=network%3Adhcp HTTP/1.1" status: 200 len: 210 time: 0.0258119
2026-04-23 08:59:36.723 9 INFO neutron.wsgi [req-4cba2273-6f72-4e72-ac34-8d0886e0f1db req-350aaae6-002d-4a08-a3d1-4bc83f074836 0b90aaf067b5401a83d2c0610e4ae3a9 cb697062842e4831b466dd2615203c97 - - 5cc8a6ff47d14da9a8777c2cc4ba702d 5cc8a6ff47d14da9a8777c2cc4ba702d] 199.19.213.52 "GET /v2.0/ports?network_id=ad58d157-9c05-4811-b23b-36c3e4b8350c&device_owner=network%3Adhcp HTTP/1.1" status: 200 len: 210 time: 0.0308261
