2026-04-23 08:58:59.173 10 INFO neutron.wsgi [None req-28a89ec5-751c-4474-82d3-c10bbb54f23d 3b8fed1cce4145eda7e305becc078a7e f8496f8ba56a4b14a1b7d6a9aa2af247 - - default default] 10.0.0.148 "GET /v2.0/security-groups?tenant_id=d888a7a0020541c08f07b9dab3f073b0&name=default HTTP/1.1" status: 200 len: 2996 time: 0.3611803
2026-04-23 08:58:59.196 10 INFO neutron.wsgi [None req-1bd88161-1ae8-4634-9cc4-fbf47723e976 9a9e3b540f904ecd82af492744bb48a1 b9458e93a9a04ada9c6fca28a808e042 - - default default] 10.0.0.148 "DELETE /v2.0/security-groups/0ac2db72-857d-46a2-822b-92016506e9f7 HTTP/1.1" status: 204 len: 168 time: 0.2024493
2026-04-23 08:58:59.208 9 INFO neutron.wsgi [None req-d14f60d0-b4b6-496e-8ace-20d1511fae31 dadbf83bd06647a29fec386f613cd050 00b27d463bd243ab9b8c815bd5bf8cc0 - - default default] 10.0.0.148 "GET /v2.0/qos/policies?tags=red%2Cblue HTTP/1.1" status: 200 len: 941 time: 0.0567279
2026-04-23 08:58:59.326 9 INFO neutron.wsgi [None req-d21140f5-2a1d-40d9-bdee-2e1d6ed81008 dadbf83bd06647a29fec386f613cd050 00b27d463bd243ab9b8c815bd5bf8cc0 - - default default] 10.0.0.148 "GET /v2.0/qos/policies?tags-any=blue HTTP/1.1" status: 200 len: 941 time: 0.1117144
2026-04-23 08:58:59.411 10 INFO neutron.wsgi [None req-1078a277-7f53-4600-9d30-ff5f9b9ce49b 3b8fed1cce4145eda7e305becc078a7e f8496f8ba56a4b14a1b7d6a9aa2af247 - - default default] 10.0.0.148 "DELETE /v2.0/security-groups/09c3fdae-65a3-4d0c-830d-13160a7c0108 HTTP/1.1" status: 204 len: 168 time: 0.2315490
2026-04-23 08:58:59.429 10 INFO neutron.wsgi [None req-949d5192-d04f-4dd4-95ce-fa3ee0880fa8 dadbf83bd06647a29fec386f613cd050 00b27d463bd243ab9b8c815bd5bf8cc0 - - default default] 10.0.0.148 "GET /v2.0/qos/policies?tags-any=red%2Cblue HTTP/1.1" status: 200 len: 1296 time: 0.0948386
2026-04-23 08:58:59.495 10 INFO neutron.wsgi [None req-b821d9e9-6ffe-4f5c-8176-4743efcb4148 dadbf83bd06647a29fec386f613cd050 00b27d463bd243ab9b8c815bd5bf8cc0 - - default default] 10.0.0.148 "GET /v2.0/qos/policies?not-tags=red HTTP/1.1" status: 200 len: 913 time: 0.0589077
2026-04-23 08:58:59.558 9 INFO neutron.wsgi [None req-32b7fb02-8fdb-416e-a2ec-2f7f33669eb3 3b8fed1cce4145eda7e305becc078a7e f8496f8ba56a4b14a1b7d6a9aa2af247 - - default default] 10.0.0.148 "GET /v2.0/security-groups?tenant_id=714679fa37fd46a5a948539bb0871322&name=default HTTP/1.1" status: 200 len: 2996 time: 0.0410023
2026-04-23 08:58:59.578 9 INFO neutron.wsgi [None req-6a20436b-6aa2-4208-9d4e-91c3e93bc008 9a9e3b540f904ecd82af492744bb48a1 b9458e93a9a04ada9c6fca28a808e042 - - default default] 10.0.0.148 "DELETE /v2.0/floatingips/e1f48894-2559-44d5-9a79-469754108c61 HTTP/1.1" status: 204 len: 168 time: 0.3450441
2026-04-23 08:58:59.595 10 INFO neutron.wsgi [None req-ebfc8884-59aa-4a28-9e39-f13fdd408924 dadbf83bd06647a29fec386f613cd050 00b27d463bd243ab9b8c815bd5bf8cc0 - - default default] 10.0.0.148 "GET /v2.0/qos/policies?not-tags=red%2Cblue HTTP/1.1" status: 200 len: 1268 time: 0.0920994
2026-04-23 08:58:59.710 10 INFO neutron.wsgi [None req-48021a71-41f9-47e9-8b70-b5c44fa016ef dadbf83bd06647a29fec386f613cd050 00b27d463bd243ab9b8c815bd5bf8cc0 - - default default] 10.0.0.148 "GET /v2.0/qos/policies?not-tags-any=blue HTTP/1.1" status: 200 len: 1268 time: 0.1090102
2026-04-23 08:58:59.747 10 INFO neutron.wsgi [-] 10.0.0.75 "GET / HTTP/1.1" status: 200 len: 246 time: 0.0021069
2026-04-23 08:58:59.749 10 INFO neutron.wsgi [-] 10.0.0.75 "GET / HTTP/1.1" status: 200 len: 246 time: 0.0010831
2026-04-23 08:58:59.774 9 INFO neutron.plugins.ml2.drivers.ovn.mech_driver.mech_driver [None req-82efcabf-bda5-45ce-a1f2-a698d14cc178 - - - - - -] OVN reports status down for port: 41ce819b-da19-42ec-b1a7-be9f84ecc4d1
2026-04-23 08:58:59.780 9 INFO neutron.wsgi [req-c347e288-e9ab-4e30-bf13-cb89401bb2aa req-47c3ad32-fa83-4e3f-9d54-7e1956508b53 9a9e3b540f904ecd82af492744bb48a1 b9458e93a9a04ada9c6fca28a808e042 - - default default] 10.0.0.105 "GET /v2.0/ports?device_id=9f5ae491-4582-4235-86e8-6ab49dd1d3d6 HTTP/1.1" status: 200 len: 1170 time: 0.0506561
2026-04-23 08:58:59.808 10 INFO neutron.wsgi [None req-1b2a69b7-7ca9-452c-80ab-26dcf41099e3 3b8fed1cce4145eda7e305becc078a7e f8496f8ba56a4b14a1b7d6a9aa2af247 - - default default] 10.0.0.148 "DELETE /v2.0/security-groups/a4417ff3-80f6-450f-9159-bf96421fabf4 HTTP/1.1" status: 204 len: 168 time: 0.2439713
2026-04-23 08:58:59.847 9 INFO neutron.wsgi [req-c347e288-e9ab-4e30-bf13-cb89401bb2aa req-d59bfd8b-2416-4281-91fd-f5583fca8ecf 9a9e3b540f904ecd82af492744bb48a1 b9458e93a9a04ada9c6fca28a808e042 - - default default] 10.0.0.105 "GET /v2.0/security-groups?id=ff1be5c9-0f04-489a-82b6-a29afc780cce&fields=id&fields=name HTTP/1.1" status: 200 len: 312 time: 0.0568583
2026-04-23 08:58:59.870 9 INFO neutron.wsgi [None req-ad1d6eff-c414-4286-9e76-0cd9f8991c2e dadbf83bd06647a29fec386f613cd050 00b27d463bd243ab9b8c815bd5bf8cc0 - - default default] 10.0.0.148 "GET /v2.0/qos/policies?not-tags-any=red%2Cblue HTTP/1.1" status: 200 len: 913 time: 0.1516984
2026-04-23 08:58:59.971 10 INFO neutron.notifiers.nova [-] Nova event matching ['req-2b57909f-9cf2-4d6b-a296-3df7e50993fe'] response: {'server_uuid': '3a47a8ca-c1a3-44f5-8980-d13a36551be3', 'name': 'network-vif-plugged', 'status': 'completed', 'tag': '0ff9413b-0b6f-4650-8b39-405a1f6a9190', 'code': 200}
2026-04-23 08:58:59.975 9 INFO neutron.wsgi [None req-b4c202db-c054-4d43-8a10-257db16d29e9 afa3062b1a0a4fdc956bcaf0e03a6a4e 32f3d4002c1e4edab9b22e51e97683a5 - - default default] 10.0.0.148 "DELETE /v2.0/qos/policies/db7897d5-a87c-48d4-9bd1-73c4c229be46 HTTP/1.1" status: 204 len: 168 time: 0.0989122
2026-04-23 08:59:00.113 10 INFO neutron.wsgi [None req-0d71131a-f48d-40c1-87ee-ee65471263f1 afa3062b1a0a4fdc956bcaf0e03a6a4e 32f3d4002c1e4edab9b22e51e97683a5 - - default default] 10.0.0.148 "DELETE /v2.0/qos/policies/e54430d6-3c6a-43c5-8e8e-03f1026a945f HTTP/1.1" status: 204 len: 168 time: 0.1272523
2026-04-23 08:59:00.117 9 INFO neutron.wsgi [req-374a861a-855b-4d94-9963-ea824b30f580 req-f142365a-804c-4313-a3a5-af48f56b7c3f 9a9e3b540f904ecd82af492744bb48a1 b9458e93a9a04ada9c6fca28a808e042 - - default default] 199.19.213.52 "GET /v2.0/ports?device_id=9f5ae491-4582-4235-86e8-6ab49dd1d3d6 HTTP/1.1" status: 200 len: 1168 time: 0.0485895
2026-04-23 08:59:00.178 9 INFO neutron.db.ovn_revision_numbers_db [None req-82efcabf-bda5-45ce-a1f2-a698d14cc178 - - - - - -] Successfully bumped revision number for resource 41ce819b-da19-42ec-b1a7-be9f84ecc4d1 (type: ports) to 5
2026-04-23 08:59:00.182 10 INFO neutron.wsgi [None req-210844a6-51f0-4376-94e0-37765747b33c afa3062b1a0a4fdc956bcaf0e03a6a4e 32f3d4002c1e4edab9b22e51e97683a5 - - default default] 10.0.0.148 "DELETE /v2.0/qos/policies/aef6c786-23d5-45ea-82e3-e7e2370f41d0 HTTP/1.1" status: 204 len: 168 time: 0.0623584
2026-04-23 08:59:00.245 10 INFO neutron.wsgi [None req-4178ba26-81d0-4652-82ca-e186cfecaf68 afa3062b1a0a4fdc956bcaf0e03a6a4e 32f3d4002c1e4edab9b22e51e97683a5 - - default default] 10.0.0.148 "DELETE /v2.0/qos/policies/69546335-71a5-4e40-b081-b23c1f1a0166 HTTP/1.1" status: 204 len: 168 time: 0.0575802
2026-04-23 08:59:00.339 10 INFO neutron.wsgi [None req-7356968d-6762-4e10-bb8f-4e693f8da8b3 afa3062b1a0a4fdc956bcaf0e03a6a4e 32f3d4002c1e4edab9b22e51e97683a5 - - default default] 10.0.0.148 "DELETE /v2.0/qos/policies/9eaaa581-0463-46fb-84f7-6b1c6eff75ae HTTP/1.1" status: 204 len: 168 time: 0.0882528
2026-04-23 08:59:00.454 9 INFO neutron.wsgi [req-374a861a-855b-4d94-9963-ea824b30f580 req-2d62c2d8-a885-4b6b-a909-500bf23a17cf 9a9e3b540f904ecd82af492744bb48a1 b9458e93a9a04ada9c6fca28a808e042 - - default default] 199.19.213.52 "DELETE /v2.0/ports/41ce819b-da19-42ec-b1a7-be9f84ecc4d1 HTTP/1.1" status: 204 len: 173 time: 0.3290725
2026-04-23 08:59:00.715 9 INFO neutron.notifiers.nova [-] Nova event matching ['req-8753b16f-36c0-4382-a649-5d19cc1b1abe'] response: {'server_uuid': '9f5ae491-4582-4235-86e8-6ab49dd1d3d6', 'name': 'network-vif-unplugged', 'status': 'completed', 'tag': '41ce819b-da19-42ec-b1a7-be9f84ecc4d1', 'code': 200}
2026-04-23 08:59:00.716 9 INFO neutron.notifiers.nova [-] Nova event matching ['req-8753b16f-36c0-4382-a649-5d19cc1b1abe'] response: {'server_uuid': '9f5ae491-4582-4235-86e8-6ab49dd1d3d6', 'name': 'network-vif-plugged', 'status': 'completed', 'tag': '41ce819b-da19-42ec-b1a7-be9f84ecc4d1', 'code': 200}
2026-04-23 08:59:00.716 9 INFO neutron.notifiers.nova [-] Nova event matching ['req-8753b16f-36c0-4382-a649-5d19cc1b1abe'] response: {'server_uuid': '9f5ae491-4582-4235-86e8-6ab49dd1d3d6', 'name': 'network-vif-deleted', 'tag': '41ce819b-da19-42ec-b1a7-be9f84ecc4d1', 'status': 'completed', 'code': 200}
2026-04-23 08:59:01.061 10 INFO neutron.wsgi [None req-a125ae19-1f80-4729-b07b-b137a0d73045 9a9e3b540f904ecd82af492744bb48a1 b9458e93a9a04ada9c6fca28a808e042 - - default default] 10.0.0.148 "DELETE /v2.0/security-groups/ff1be5c9-0f04-489a-82b6-a29afc780cce HTTP/1.1" status: 204 len: 168 time: 0.1457589 /var/lib/openstack/lib/python3.10/site-packages/pycadf/identifier.py:71: UserWarning: Invalid uuid: neutron. To ensure interoperability, identifiers should be a valid uuid. warnings.warn(('Invalid uuid: %s. To ensure interoperability, '
2026-04-23 08:59:01.626 10 INFO neutron.db.ovn_revision_numbers_db [None req-e8634234-ef49-429b-b4a2-19524486c16b 3b8fed1cce4145eda7e305becc078a7e f8496f8ba56a4b14a1b7d6a9aa2af247 - - default default] Successfully bumped revision number for resource d8549654-1961-4b37-82f8-28c474e1890b (type: security_groups) to 1
2026-04-23 08:59:01.641 10 INFO neutron.db.ovn_revision_numbers_db [None req-e8634234-ef49-429b-b4a2-19524486c16b 3b8fed1cce4145eda7e305becc078a7e f8496f8ba56a4b14a1b7d6a9aa2af247 - - default default] Successfully bumped revision number for resource 178bc778-5ab3-4867-933b-50793ba166d8 (type: security_group_rules) to 0
2026-04-23 08:59:01.658 10 INFO neutron.db.ovn_revision_numbers_db [None req-e8634234-ef49-429b-b4a2-19524486c16b 3b8fed1cce4145eda7e305becc078a7e f8496f8ba56a4b14a1b7d6a9aa2af247 - - default default] Successfully bumped revision number for resource 182c9566-b4ab-4f05-8487-6bcb0636b78a (type: security_group_rules) to 0
2026-04-23 08:59:01.673 10 INFO neutron.db.ovn_revision_numbers_db [None req-e8634234-ef49-429b-b4a2-19524486c16b 3b8fed1cce4145eda7e305becc078a7e f8496f8ba56a4b14a1b7d6a9aa2af247 - - default default] Successfully bumped revision number for resource 62172900-74ad-43f1-a432-99a149a8339e (type: security_group_rules) to 0
2026-04-23 08:59:01.688 10 INFO neutron.db.ovn_revision_numbers_db [None req-e8634234-ef49-429b-b4a2-19524486c16b 3b8fed1cce4145eda7e305becc078a7e f8496f8ba56a4b14a1b7d6a9aa2af247 - - default default] Successfully bumped revision number for resource d9cadc96-3209-42b3-9c45-f04fdfba97b0 (type: security_group_rules) to 0
2026-04-23 08:59:01.710 10 INFO neutron.wsgi [None req-e8634234-ef49-429b-b4a2-19524486c16b 3b8fed1cce4145eda7e305becc078a7e f8496f8ba56a4b14a1b7d6a9aa2af247 - - default default] 10.0.0.148 "GET /v2.0/security-groups?tenant_id=32f3d4002c1e4edab9b22e51e97683a5&name=default HTTP/1.1" status: 200 len: 2996 time: 0.4239635
2026-04-23 08:59:01.870 10 INFO neutron.wsgi [None req-d7c0f304-5419-41d1-99b7-93ffa2946188 3b8fed1cce4145eda7e305becc078a7e f8496f8ba56a4b14a1b7d6a9aa2af247 - - default default] 10.0.0.148 "DELETE /v2.0/security-groups/d8549654-1961-4b37-82f8-28c474e1890b HTTP/1.1" status: 204 len: 168 time: 0.1548455
2026-04-23 08:59:02.241 10 INFO neutron.db.ovn_revision_numbers_db [None req-f6a4ff44-a091-41fa-8b58-c805dda1e92a 3b8fed1cce4145eda7e305becc078a7e f8496f8ba56a4b14a1b7d6a9aa2af247 - - default default] Successfully bumped revision number for resource 9735cb25-a130-41b0-b3a5-7f991002959c (type: security_groups) to 1
2026-04-23 08:59:02.255 10 INFO neutron.db.ovn_revision_numbers_db [None req-f6a4ff44-a091-41fa-8b58-c805dda1e92a 3b8fed1cce4145eda7e305becc078a7e f8496f8ba56a4b14a1b7d6a9aa2af247 - - default default] Successfully bumped revision number for resource 5965d641-7bb8-48ee-8134-052ac25625c8 (type: security_group_rules) to 0
2026-04-23 08:59:02.269 10 INFO neutron.db.ovn_revision_numbers_db [None req-f6a4ff44-a091-41fa-8b58-c805dda1e92a 3b8fed1cce4145eda7e305becc078a7e f8496f8ba56a4b14a1b7d6a9aa2af247 - - default default] Successfully bumped revision number for resource 70f7d260-d8fb-4f26-b971-fd8c9a3799d2 (type: security_group_rules) to 0
2026-04-23 08:59:02.286 10 INFO neutron.db.ovn_revision_numbers_db [None req-f6a4ff44-a091-41fa-8b58-c805dda1e92a 3b8fed1cce4145eda7e305becc078a7e f8496f8ba56a4b14a1b7d6a9aa2af247 - - default default] Successfully bumped revision number for resource e2765f3e-a8ef-4401-85ea-758789a077d7 (type: security_group_rules) to 0
2026-04-23 08:59:02.301 10 INFO neutron.db.ovn_revision_numbers_db [None req-f6a4ff44-a091-41fa-8b58-c805dda1e92a 3b8fed1cce4145eda7e305becc078a7e f8496f8ba56a4b14a1b7d6a9aa2af247 - - default default] Successfully bumped revision number for resource f034ed58-60f8-4ff5-a9df-f369fab8f70b (type: security_group_rules) to 0
2026-04-23 08:59:02.332 10 INFO neutron.wsgi [None req-f6a4ff44-a091-41fa-8b58-c805dda1e92a 3b8fed1cce4145eda7e305becc078a7e f8496f8ba56a4b14a1b7d6a9aa2af247 - - default default] 10.0.0.148 "GET /v2.0/security-groups?tenant_id=4d8a51d1be034978b013a05be77c545f&name=default HTTP/1.1" status: 200 len: 2996 time: 0.2091577
2026-04-23 08:59:02.465 9 INFO neutron.wsgi [None req-6a053cce-eed1-4b4f-80fa-3efd52517524 9a9e3b540f904ecd82af492744bb48a1 b9458e93a9a04ada9c6fca28a808e042 - - default default] 10.0.0.148 "PUT /v2.0/routers/7e0ca037-f323-4e9f-a627-18783864c42a/remove_router_interface HTTP/1.1" status: 200 len: 503 time: 1.3618793 /var/lib/openstack/lib/python3.10/site-packages/pycadf/identifier.py:71: UserWarning: Invalid uuid: neutron. To ensure interoperability, identifiers should be a valid uuid. warnings.warn(('Invalid uuid: %s. To ensure interoperability, '
2026-04-23 08:59:02.547 10 INFO neutron.db.ovn_revision_numbers_db [None req-ecb24cb4-b4c1-4ec8-b46b-9ade82d8aed1 3b8fed1cce4145eda7e305becc078a7e f8496f8ba56a4b14a1b7d6a9aa2af247 - - default default] Successfully bumped revision number for resource 1a02176f-378f-44ee-874f-cce2de99a159 (type: security_groups) to 1
2026-04-23 08:59:02.561 10 INFO neutron.wsgi [None req-81ed8ac1-8151-41c1-a316-38daa76b9197 3b8fed1cce4145eda7e305becc078a7e f8496f8ba56a4b14a1b7d6a9aa2af247 - - default default] 10.0.0.148 "DELETE /v2.0/security-groups/9735cb25-a130-41b0-b3a5-7f991002959c HTTP/1.1" status: 204 len: 168 time: 0.2227325
2026-04-23 08:59:02.570 10 INFO neutron.db.ovn_revision_numbers_db [None req-ecb24cb4-b4c1-4ec8-b46b-9ade82d8aed1 3b8fed1cce4145eda7e305becc078a7e f8496f8ba56a4b14a1b7d6a9aa2af247 - - default default] Successfully bumped revision number for resource 23a0f86c-734b-4203-b88e-eed37f705530 (type: security_group_rules) to 0
2026-04-23 08:59:02.582 10 INFO neutron.db.ovn_revision_numbers_db [None req-ecb24cb4-b4c1-4ec8-b46b-9ade82d8aed1 3b8fed1cce4145eda7e305becc078a7e f8496f8ba56a4b14a1b7d6a9aa2af247 - - default default] Successfully bumped revision number for resource 58fcc396-5e6e-49ed-b2af-7d53dd75dcb6 (type: security_group_rules) to 0
2026-04-23 08:59:02.597 10 INFO neutron.db.ovn_revision_numbers_db [None req-ecb24cb4-b4c1-4ec8-b46b-9ade82d8aed1 3b8fed1cce4145eda7e305becc078a7e f8496f8ba56a4b14a1b7d6a9aa2af247 - - default default] Successfully bumped revision number for resource 81edcdb6-1e77-4988-851f-5425f95e72d8 (type: security_group_rules) to 0
2026-04-23 08:59:02.613 10 INFO neutron.db.ovn_revision_numbers_db [None req-ecb24cb4-b4c1-4ec8-b46b-9ade82d8aed1 3b8fed1cce4145eda7e305becc078a7e f8496f8ba56a4b14a1b7d6a9aa2af247 - - default default] Successfully bumped revision number for resource 9fc967bf-71b8-4698-bf31-14d1b54d7354 (type: security_group_rules) to 0
2026-04-23 08:59:02.633 10 INFO neutron.wsgi [None req-ecb24cb4-b4c1-4ec8-b46b-9ade82d8aed1 3b8fed1cce4145eda7e305becc078a7e f8496f8ba56a4b14a1b7d6a9aa2af247 - - default default] 10.0.0.148 "GET /v2.0/security-groups?tenant_id=80a15acbf8c645868c5f254dd6e9ae16&name=default HTTP/1.1" status: 200 len: 2996 time: 0.4023728
2026-04-23 08:59:02.759 9 INFO neutron.wsgi [None req-f7c1126c-b58d-44e5-8e3e-f38893ed955f 9a9e3b540f904ecd82af492744bb48a1 b9458e93a9a04ada9c6fca28a808e042 - - default default] 10.0.0.148 "DELETE /v2.0/subnets/372a2d4c-4166-430a-9430-996063a12d68 HTTP/1.1" status: 204 len: 168 time: 0.2858224
2026-04-23 08:59:02.840 10 INFO neutron.db.ovn_revision_numbers_db [None req-b096150d-2d40-4680-9ae0-2de3225d6639 3b8fed1cce4145eda7e305becc078a7e f8496f8ba56a4b14a1b7d6a9aa2af247 - - default default] Successfully bumped revision number for resource 1da2700a-2d99-4e9a-a05c-a9c115cc17de (type: security_groups) to 1
2026-04-23 08:59:02.853 10 INFO neutron.db.ovn_revision_numbers_db [None req-b096150d-2d40-4680-9ae0-2de3225d6639 3b8fed1cce4145eda7e305becc078a7e f8496f8ba56a4b14a1b7d6a9aa2af247 - - default default] Successfully bumped revision number for resource 43d5506c-4c19-4340-87ef-3cdca1bcf000 (type: security_group_rules) to 0
2026-04-23 08:59:02.870 10 INFO neutron.db.ovn_revision_numbers_db [None req-b096150d-2d40-4680-9ae0-2de3225d6639 3b8fed1cce4145eda7e305becc078a7e f8496f8ba56a4b14a1b7d6a9aa2af247 - - default default] Successfully bumped revision number for resource da2caba5-71b2-4270-b19a-f7ca10b9218f (type: security_group_rules) to 0
2026-04-23 08:59:02.894 10 INFO neutron.wsgi [None req-7a1311cc-7ba4-4801-bcde-dd26d8e5f1cb 3b8fed1cce4145eda7e305becc078a7e f8496f8ba56a4b14a1b7d6a9aa2af247 - - default default] 10.0.0.148 "DELETE /v2.0/security-groups/1a02176f-378f-44ee-874f-cce2de99a159 HTTP/1.1" status: 204 len: 168 time: 0.2553923
2026-04-23 08:59:02.907 10 INFO neutron.db.ovn_revision_numbers_db [None req-b096150d-2d40-4680-9ae0-2de3225d6639 3b8fed1cce4145eda7e305becc078a7e f8496f8ba56a4b14a1b7d6a9aa2af247 - - default default] Successfully bumped revision number for resource e41fb4bf-7f9e-40b8-a851-adb182956fc9 (type: security_group_rules) to 0
2026-04-23 08:59:02.921 10 INFO neutron.db.ovn_revision_numbers_db [None req-b096150d-2d40-4680-9ae0-2de3225d6639 3b8fed1cce4145eda7e305becc078a7e f8496f8ba56a4b14a1b7d6a9aa2af247 - - default default] Successfully bumped revision number for resource f71b797e-0ce5-4b3b-9bc1-f8885c783e76 (type: security_group_rules) to 0
2026-04-23 08:59:02.943 10 INFO neutron.wsgi [None req-b096150d-2d40-4680-9ae0-2de3225d6639 3b8fed1cce4145eda7e305becc078a7e f8496f8ba56a4b14a1b7d6a9aa2af247 - - default default] 10.0.0.148 "GET /v2.0/security-groups?tenant_id=00b27d463bd243ab9b8c815bd5bf8cc0&name=default HTTP/1.1" status: 200 len: 2996 time: 0.2539091
2026-04-23 08:59:03.193 10 INFO neutron.db.ovn_revision_numbers_db [None req-5843f164-75c7-41e0-b1b8-7eaca04aa621 3b8fed1cce4145eda7e305becc078a7e f8496f8ba56a4b14a1b7d6a9aa2af247 - - default default] Successfully bumped revision number for resource 05f7b0d8-a8c7-43b4-9373-02416db0a457 (type: security_groups) to 1
2026-04-23 08:59:03.197 10 INFO neutron.wsgi [None req-089ca5bd-268a-42b3-a75d-cdc24f812d38 3b8fed1cce4145eda7e305becc078a7e f8496f8ba56a4b14a1b7d6a9aa2af247 - - default default] 10.0.0.148 "DELETE /v2.0/security-groups/1da2700a-2d99-4e9a-a05c-a9c115cc17de HTTP/1.1" status: 204 len: 168 time: 0.2456856
2026-04-23 08:59:03.214 10 INFO neutron.db.ovn_revision_numbers_db [None req-5843f164-75c7-41e0-b1b8-7eaca04aa621 3b8fed1cce4145eda7e305becc078a7e f8496f8ba56a4b14a1b7d6a9aa2af247 - - default default] Successfully bumped revision number for resource 098ddd4c-88af-4495-8577-53a8f314f730 (type: security_group_rules) to 0
2026-04-23 08:59:03.230 10 INFO neutron.db.ovn_revision_numbers_db [None req-5843f164-75c7-41e0-b1b8-7eaca04aa621 3b8fed1cce4145eda7e305becc078a7e f8496f8ba56a4b14a1b7d6a9aa2af247 - - default default] Successfully bumped revision number for resource 2ea74e82-8d0e-49ab-acad-fb6a167290bd (type: security_group_rules) to 0
2026-04-23 08:59:03.246 10 INFO neutron.db.ovn_revision_numbers_db [None req-5843f164-75c7-41e0-b1b8-7eaca04aa621 3b8fed1cce4145eda7e305becc078a7e f8496f8ba56a4b14a1b7d6a9aa2af247 - - default default] Successfully bumped revision number for resource 5bfc11e4-a7da-4f7a-acb2-997e0df9a16f (type: security_group_rules) to 0
2026-04-23 08:59:03.260 10 INFO neutron.db.ovn_revision_numbers_db [None req-5843f164-75c7-41e0-b1b8-7eaca04aa621 3b8fed1cce4145eda7e305becc078a7e f8496f8ba56a4b14a1b7d6a9aa2af247 - - default default] Successfully bumped revision number for resource bb90b490-3ab7-440f-93d0-23a862bc41ad (type: security_group_rules) to 0
2026-04-23 08:59:03.284 10 INFO neutron.wsgi [None req-5843f164-75c7-41e0-b1b8-7eaca04aa621 3b8fed1cce4145eda7e305becc078a7e f8496f8ba56a4b14a1b7d6a9aa2af247 - - default default] 10.0.0.148 "GET /v2.0/security-groups?tenant_id=09408e359bcd4da8a9b047cce0011c4a&name=default HTTP/1.1" status: 200 len: 2996 time: 0.2269874
2026-04-23 08:59:03.289 9 INFO neutron.wsgi [None req-bfac4ceb-a338-4b4b-9125-39c7baec223a 9a9e3b540f904ecd82af492744bb48a1 b9458e93a9a04ada9c6fca28a808e042 - - default default] 10.0.0.148 "DELETE /v2.0/routers/7e0ca037-f323-4e9f-a627-18783864c42a HTTP/1.1" status: 204 len: 168 time: 0.5216451
2026-04-23 08:59:03.547 10 INFO neutron.wsgi [None req-0a48a614-c8a4-422a-9d9e-9e825d035acd 3b8fed1cce4145eda7e305becc078a7e f8496f8ba56a4b14a1b7d6a9aa2af247 - - default default] 10.0.0.148 "DELETE /v2.0/security-groups/05f7b0d8-a8c7-43b4-9373-02416db0a457 HTTP/1.1" status: 204 len: 168 time: 0.2583449
2026-04-23 08:59:03.654 9 INFO neutron.services.segments.plugin [-] Segment 6a05d6dc-7403-4b15-9ca4-4f9e0d25e79b resource provider aggregate not found
2026-04-23 08:59:03.659 9 INFO neutron.services.segments.plugin [-] Segment 6a05d6dc-7403-4b15-9ca4-4f9e0d25e79b resource provider aggregate not found
2026-04-23 08:59:03.682 9 INFO neutron.services.segments.plugin [-] Segment 6a05d6dc-7403-4b15-9ca4-4f9e0d25e79b resource provider not found; error: Placement Client Error (4xx): {"errors": [{"status": 404, "title": "Not Found", "detail": "The resource could not be found.\n\n No resource provider with uuid 6a05d6dc-7403-4b15-9ca4-4f9e0d25e79b found for delete ", "request_id": "req-2e99a156-bda7-4b1d-ad64-a7b84c15d79c"}]}
2026-04-23 08:59:03.701 9 INFO neutron.wsgi [None req-c42d428f-d0f8-46e3-99f4-ccb1690c20f1 9a9e3b540f904ecd82af492744bb48a1 b9458e93a9a04ada9c6fca28a808e042 - - default default] 10.0.0.148 "DELETE /v2.0/networks/8b4fec6b-d411-47b6-8116-2eb4257cb953 HTTP/1.1" status: 204 len: 168 time: 0.4074295
2026-04-23 08:59:03.703 9 INFO neutron.services.segments.plugin [-] Segment 6a05d6dc-7403-4b15-9ca4-4f9e0d25e79b resource provider not found; error: Placement Client Error (4xx): {"errors": [{"status": 404, "title": "Not Found", "detail": "The resource could not be found.\n\n No resource provider with uuid 6a05d6dc-7403-4b15-9ca4-4f9e0d25e79b found for delete ", "request_id": "req-d9c5ded7-160e-4be1-966c-00514311fe80"}]}
2026-04-23 08:59:04.477 9 INFO neutron.wsgi [None req-65e2968c-3e27-4399-8cef-0148c9de8838 3b8fed1cce4145eda7e305becc078a7e f8496f8ba56a4b14a1b7d6a9aa2af247 - - default default] 10.0.0.148 "GET /v2.0/security-groups?tenant_id=b9458e93a9a04ada9c6fca28a808e042&name=default HTTP/1.1" status: 200 len: 2996 time: 0.1339364
2026-04-23 08:59:04.706 9 INFO neutron.wsgi [None req-ebe1e2fc-88aa-482a-80f6-402e3616b888 3b8fed1cce4145eda7e305becc078a7e f8496f8ba56a4b14a1b7d6a9aa2af247 - - default default] 10.0.0.148 "DELETE /v2.0/security-groups/29afea8d-9c83-4841-8702-4317b19a1ac0 HTTP/1.1" status: 204 len: 168 time: 0.2219453
2026-04-23 08:59:05.045 10 INFO neutron.db.ovn_revision_numbers_db [None req-734d9e86-3ce0-46d4-8bb1-2be96a46c963 3b8fed1cce4145eda7e305becc078a7e f8496f8ba56a4b14a1b7d6a9aa2af247 - - default default] Successfully bumped revision number for resource c0d04dd7-6acc-4956-a480-0ae8cff9ea74 (type: security_groups) to 1
2026-04-23 08:59:05.067 10 INFO neutron.db.ovn_revision_numbers_db [None req-734d9e86-3ce0-46d4-8bb1-2be96a46c963 3b8fed1cce4145eda7e305becc078a7e f8496f8ba56a4b14a1b7d6a9aa2af247 - - default default] Successfully bumped revision number for resource 14c15e63-f914-4749-b06b-fdc1f77356dd (type: security_group_rules) to 0
2026-04-23 08:59:05.081 10 INFO neutron.db.ovn_revision_numbers_db [None req-734d9e86-3ce0-46d4-8bb1-2be96a46c963 3b8fed1cce4145eda7e305becc078a7e f8496f8ba56a4b14a1b7d6a9aa2af247 - - default default] Successfully bumped revision number for resource 361f4e52-c016-40b3-a2ba-7f9b97079e81 (type: security_group_rules) to 0
2026-04-23 08:59:05.103 10 INFO neutron.db.ovn_revision_numbers_db [None req-734d9e86-3ce0-46d4-8bb1-2be96a46c963 3b8fed1cce4145eda7e305becc078a7e f8496f8ba56a4b14a1b7d6a9aa2af247 - - default default] Successfully bumped revision number for resource 91031cdf-d539-44ce-8239-13116821f8bc (type: security_group_rules) to 0
2026-04-23 08:59:05.119 10 INFO neutron.db.ovn_revision_numbers_db [None req-734d9e86-3ce0-46d4-8bb1-2be96a46c963 3b8fed1cce4145eda7e305becc078a7e f8496f8ba56a4b14a1b7d6a9aa2af247 - - default default] Successfully bumped revision number for resource 93f7ef9b-373d-4fb3-bba8-80a9514229ef (type: security_group_rules) to 0
2026-04-23 08:59:05.141 10 INFO neutron.wsgi [None req-734d9e86-3ce0-46d4-8bb1-2be96a46c963 3b8fed1cce4145eda7e305becc078a7e f8496f8ba56a4b14a1b7d6a9aa2af247 - - default default] 10.0.0.148 "GET /v2.0/security-groups?tenant_id=55342c09cc6e4db685ecb815277b6acb&name=default HTTP/1.1" status: 200 len: 2996 time: 0.2151685
2026-04-23 08:59:05.648 9 INFO neutron.db.ovn_revision_numbers_db [None req-c0bcc572-9f54-4918-856c-dba093cf817b 3b8fed1cce4145eda7e305becc078a7e f8496f8ba56a4b14a1b7d6a9aa2af247 - - default default] Successfully bumped revision number for resource 2f721b82-e89e-4adc-9218-38a9afa53554 (type: security_groups) to 1
2026-04-23 08:59:05.665 9 INFO neutron.db.ovn_revision_numbers_db [None req-c0bcc572-9f54-4918-856c-dba093cf817b 3b8fed1cce4145eda7e305becc078a7e f8496f8ba56a4b14a1b7d6a9aa2af247 - - default default] Successfully bumped revision number for resource 1e3552c4-f533-46ac-a817-ce3a0f28b6a6 (type: security_group_rules) to 0
2026-04-23 08:59:05.672 10 INFO neutron.wsgi [None req-9b986631-3a46-4bd1-b00c-3ec08e84e5e7 3b8fed1cce4145eda7e305becc078a7e f8496f8ba56a4b14a1b7d6a9aa2af247 - - default default] 10.0.0.148 "DELETE /v2.0/security-groups/c0d04dd7-6acc-4956-a480-0ae8cff9ea74 HTTP/1.1" status: 204 len: 168 time: 0.5196292
2026-04-23 08:59:05.678 9 INFO neutron.db.ovn_revision_numbers_db [None req-c0bcc572-9f54-4918-856c-dba093cf817b 3b8fed1cce4145eda7e305becc078a7e f8496f8ba56a4b14a1b7d6a9aa2af247 - - default default] Successfully bumped revision number for resource a14a38ab-abf6-4fa8-9016-31850710707f (type: security_group_rules) to 0
2026-04-23 08:59:05.700 9 INFO neutron.db.ovn_revision_numbers_db [None req-c0bcc572-9f54-4918-856c-dba093cf817b 3b8fed1cce4145eda7e305becc078a7e f8496f8ba56a4b14a1b7d6a9aa2af247 - - default default] Successfully bumped revision number for resource be60661e-da8c-40d4-a8c9-80f1a5babea3 (type: security_group_rules) to 0
2026-04-23 08:59:05.719 9 INFO neutron.db.ovn_revision_numbers_db [None req-c0bcc572-9f54-4918-856c-dba093cf817b 3b8fed1cce4145eda7e305becc078a7e f8496f8ba56a4b14a1b7d6a9aa2af247 - - default default] Successfully bumped revision number for resource f6ae7493-45e3-4ca4-8125-66bf1c965e33 (type: security_group_rules) to 0
2026-04-23 08:59:05.773 9 INFO neutron.db.segments_db [None req-c0bcc572-9f54-4918-856c-dba093cf817b 3b8fed1cce4145eda7e305becc078a7e f8496f8ba56a4b14a1b7d6a9aa2af247 - - default default] Added segment 7fb4f9fb-33c0-4fb1-a2f6-5c7500476f17 of type geneve for network 93dbd345-a96c-4857-9037-8c88cca59342
2026-04-23 08:59:05.970 9 INFO neutron.db.ovn_revision_numbers_db [None req-c0bcc572-9f54-4918-856c-dba093cf817b 3b8fed1cce4145eda7e305becc078a7e f8496f8ba56a4b14a1b7d6a9aa2af247 - - default default] Successfully bumped revision number for resource 93dbd345-a96c-4857-9037-8c88cca59342 (type: networks) to 1
2026-04-23 08:59:06.178 9 WARNING neutron.scheduler.dhcp_agent_scheduler [None req-c0bcc572-9f54-4918-856c-dba093cf817b 3b8fed1cce4145eda7e305becc078a7e f8496f8ba56a4b14a1b7d6a9aa2af247 - - default default] No more DHCP agents
2026-04-23 08:59:06.182 9 WARNING neutron.api.rpc.agentnotifiers.dhcp_rpc_agent_api [None req-c0bcc572-9f54-4918-856c-dba093cf817b 3b8fed1cce4145eda7e305becc078a7e f8496f8ba56a4b14a1b7d6a9aa2af247 - - default default] Unable to schedule network 93dbd345-a96c-4857-9037-8c88cca59342: no agents available; will retry on subsequent port and subnet creation events.
2026-04-23 08:59:06.277 9 INFO neutron.db.ovn_revision_numbers_db [None req-c0bcc572-9f54-4918-856c-dba093cf817b 3b8fed1cce4145eda7e305becc078a7e f8496f8ba56a4b14a1b7d6a9aa2af247 - - default default] Successfully bumped revision number for resource e9a47f98-ae97-48d3-ada9-7f00ed92252b (type: ports) to 1
2026-04-23 08:59:06.297 9 INFO neutron.wsgi [None req-c0bcc572-9f54-4918-856c-dba093cf817b 3b8fed1cce4145eda7e305becc078a7e f8496f8ba56a4b14a1b7d6a9aa2af247 - - default default] 10.0.0.148 "POST /v2.0/networks HTTP/1.1" status: 201 len: 943 time: 0.9201467
2026-04-23 08:59:06.428 9 WARNING neutron.scheduler.dhcp_agent_scheduler [None req-7521667e-8e98-40d6-b390-9eb45cdeedc4 3b8fed1cce4145eda7e305becc078a7e f8496f8ba56a4b14a1b7d6a9aa2af247 - - default default] No more DHCP agents
2026-04-23 08:59:06.430 9 WARNING neutron.api.rpc.agentnotifiers.dhcp_rpc_agent_api [None req-7521667e-8e98-40d6-b390-9eb45cdeedc4 3b8fed1cce4145eda7e305becc078a7e f8496f8ba56a4b14a1b7d6a9aa2af247 - - default default] Unable to schedule network 93dbd345-a96c-4857-9037-8c88cca59342: no agents available; will retry on subsequent port and subnet creation events.
2026-04-23 08:59:07.246 10 WARNING neutron.scheduler.dhcp_agent_scheduler [None req-9ff8c637-0f5b-403c-980f-2e5869307229 d1373bea59f44649a940976628bcc6eb 9612eff85e3c423fb2cd0527cb58ccee - - default default] No more DHCP agents
2026-04-23 08:59:07.249 10 WARNING neutron.api.rpc.agentnotifiers.dhcp_rpc_agent_api [None req-9ff8c637-0f5b-403c-980f-2e5869307229 d1373bea59f44649a940976628bcc6eb 9612eff85e3c423fb2cd0527cb58ccee - - default default] Unable to schedule network ec5477bd-f30f-408e-8675-a1f6b6bc8187: no agents available; will retry on subsequent port and subnet creation events.
2026-04-23 08:59:07.251 9 INFO neutron.db.ovn_revision_numbers_db [None req-7521667e-8e98-40d6-b390-9eb45cdeedc4 3b8fed1cce4145eda7e305becc078a7e f8496f8ba56a4b14a1b7d6a9aa2af247 - - default default] Successfully bumped revision number for resource e9a47f98-ae97-48d3-ada9-7f00ed92252b (type: ports) to 2
2026-04-23 08:59:07.293 9 INFO neutron.db.ovn_revision_numbers_db [None req-7521667e-8e98-40d6-b390-9eb45cdeedc4 3b8fed1cce4145eda7e305becc078a7e f8496f8ba56a4b14a1b7d6a9aa2af247 - - default default] Successfully bumped revision number for resource 5110360b-1fa9-42ec-9308-f288f797aa8d (type: subnets) to 0
2026-04-23 08:59:07.307 9 INFO neutron.wsgi [None req-7521667e-8e98-40d6-b390-9eb45cdeedc4 3b8fed1cce4145eda7e305becc078a7e f8496f8ba56a4b14a1b7d6a9aa2af247 - - default default] 10.0.0.148 "POST /v2.0/subnets HTTP/1.1" status: 201 len: 863 time: 1.0051148
2026-04-23 08:59:07.580 10 INFO neutron.db.ovn_revision_numbers_db [None req-9ff8c637-0f5b-403c-980f-2e5869307229 d1373bea59f44649a940976628bcc6eb 9612eff85e3c423fb2cd0527cb58ccee - - default default] Successfully bumped revision number for resource 832278cf-2443-40c7-a2d7-0a308cd1baeb (type: floatingips) to 0
2026-04-23 08:59:07.595 10 INFO neutron.wsgi [None req-9ff8c637-0f5b-403c-980f-2e5869307229 d1373bea59f44649a940976628bcc6eb 9612eff85e3c423fb2cd0527cb58ccee - - default default] 10.0.0.148 "POST /v2.0/floatingips HTTP/1.1" status: 201 len: 751 time: 0.8904209
2026-04-23 08:59:07.642 10 INFO neutron.wsgi [None req-841d95d2-c0ec-4d2a-b78e-d59905fe340c d1373bea59f44649a940976628bcc6eb 9612eff85e3c423fb2cd0527cb58ccee - - default default] 10.0.0.148 "PUT /v2.0/floatingips/832278cf-2443-40c7-a2d7-0a308cd1baeb/tags HTTP/1.1" status: 200 len: 218 time: 0.0385721
2026-04-23 08:59:07.676 10 INFO neutron.wsgi [None req-cba583e8-4687-43be-95b7-9e39b99e6e8d d1373bea59f44649a940976628bcc6eb 9612eff85e3c423fb2cd0527cb58ccee - - default default] 10.0.0.148 "GET /v2.0/floatingips/832278cf-2443-40c7-a2d7-0a308cd1baeb/tags HTTP/1.1" status: 200 len: 218 time: 0.0276165
2026-04-23 08:59:07.697 9 WARNING neutron.scheduler.dhcp_agent_scheduler [None req-63fdb1fa-06af-44b0-bf52-2c6db748eeca 3b8fed1cce4145eda7e305becc078a7e f8496f8ba56a4b14a1b7d6a9aa2af247 - - default default] No more DHCP agents
2026-04-23 08:59:07.700 9 WARNING neutron.api.rpc.agentnotifiers.dhcp_rpc_agent_api [None req-63fdb1fa-06af-44b0-bf52-2c6db748eeca 3b8fed1cce4145eda7e305becc078a7e f8496f8ba56a4b14a1b7d6a9aa2af247 - - default default] Unable to schedule network ec5477bd-f30f-408e-8675-a1f6b6bc8187: no agents available; will retry on subsequent port and subnet creation events.
2026-04-23 08:59:07.718 10 INFO neutron.wsgi [None req-6f88335f-a421-4630-ab11-68620744c8fe d1373bea59f44649a940976628bcc6eb 9612eff85e3c423fb2cd0527cb58ccee - - default default] 10.0.0.148 "PUT /v2.0/floatingips/832278cf-2443-40c7-a2d7-0a308cd1baeb/tags/green HTTP/1.1" status: 201 len: 201 time: 0.0369418
2026-04-23 08:59:07.748 10 INFO neutron.wsgi [None req-06ba6edb-5353-4a9e-ac6b-35cf6db7ae33 d1373bea59f44649a940976628bcc6eb 9612eff85e3c423fb2cd0527cb58ccee - - default default] 10.0.0.148 "GET /v2.0/floatingips/832278cf-2443-40c7-a2d7-0a308cd1baeb/tags HTTP/1.1" status: 200 len: 227 time: 0.0255532
2026-04-23 08:59:07.789 10 INFO neutron.wsgi [None req-02533ca2-0740-4eec-97ae-cc78bf7e3b59 d1373bea59f44649a940976628bcc6eb 9612eff85e3c423fb2cd0527cb58ccee - - default default] 10.0.0.148 "PUT /v2.0/floatingips/832278cf-2443-40c7-a2d7-0a308cd1baeb/tags/red HTTP/1.1" status: 201 len: 201 time: 0.0345292
2026-04-23 08:59:07.818 10 INFO neutron.wsgi [None req-b7e260b2-ba9f-4b44-b572-a3d5aa08b5ae d1373bea59f44649a940976628bcc6eb 9612eff85e3c423fb2cd0527cb58ccee - - default default] 10.0.0.148 "GET /v2.0/floatingips/832278cf-2443-40c7-a2d7-0a308cd1baeb/tags HTTP/1.1" status: 200 len: 227 time: 0.0247376
2026-04-23 08:59:07.860 9 INFO neutron.db.ovn_revision_numbers_db [None req-63fdb1fa-06af-44b0-bf52-2c6db748eeca 3b8fed1cce4145eda7e305becc078a7e f8496f8ba56a4b14a1b7d6a9aa2af247 - - default default] Successfully bumped revision number for resource 1ae92091-1720-48f9-816f-9a4e9e061bcc (type: ports) to 1
2026-04-23 08:59:07.863 10 INFO neutron.wsgi [None req-f4698302-cd53-4da7-9434-9d782e7120b5 d1373bea59f44649a940976628bcc6eb 9612eff85e3c423fb2cd0527cb58ccee - - default default] 10.0.0.148 "PUT /v2.0/floatingips/832278cf-2443-40c7-a2d7-0a308cd1baeb/tags/black.or.white HTTP/1.1" status: 201 len: 201 time: 0.0385683
2026-04-23 08:59:07.893 10 INFO neutron.wsgi [None req-30119e3d-87fb-4278-b895-3949fc4aac6e d1373bea59f44649a940976628bcc6eb 9612eff85e3c423fb2cd0527cb58ccee - - default default] 10.0.0.148 "GET /v2.0/floatingips/832278cf-2443-40c7-a2d7-0a308cd1baeb/tags HTTP/1.1" status: 200 len: 245 time: 0.0264368
2026-04-23 08:59:07.933 10 INFO neutron.wsgi [None req-74c8c506-a12d-44a2-b58d-68d433dcde81 d1373bea59f44649a940976628bcc6eb 9612eff85e3c423fb2cd0527cb58ccee - - default default] 10.0.0.148 "PUT /v2.0/floatingips/832278cf-2443-40c7-a2d7-0a308cd1baeb/tags HTTP/1.1" status: 200 len: 230 time: 0.0355253
2026-04-23 08:59:07.967 10 INFO neutron.wsgi [None req-5236d363-b6b5-46da-94db-3c1b15c4de63 d1373bea59f44649a940976628bcc6eb 9612eff85e3c423fb2cd0527cb58ccee - - default default] 10.0.0.148 "GET /v2.0/floatingips/832278cf-2443-40c7-a2d7-0a308cd1baeb/tags HTTP/1.1" status: 200 len: 230 time: 0.0247262
2026-04-23 08:59:08.013 10 INFO neutron.wsgi [None req-86e7598e-006d-498a-b6bd-a8f28b822065 d1373bea59f44649a940976628bcc6eb 9612eff85e3c423fb2cd0527cb58ccee - - default default] 10.0.0.148 "GET /v2.0/floatingips/832278cf-2443-40c7-a2d7-0a308cd1baeb/tags/red HTTP/1.1" status: 204 len: 168 time: 0.0407236
2026-04-23 08:59:08.056 10 INFO neutron.api.v2.resource [None req-bd861c2b-b06c-4eec-9c21-97ca0a645487 d1373bea59f44649a940976628bcc6eb 9612eff85e3c423fb2cd0527cb58ccee - - default default] show failed (client error): The resource could not be found.
2026-04-23 08:59:08.058 10 INFO neutron.wsgi [None req-bd861c2b-b06c-4eec-9c21-97ca0a645487 d1373bea59f44649a940976628bcc6eb 9612eff85e3c423fb2cd0527cb58ccee - - default default] 10.0.0.148 "GET /v2.0/floatingips/832278cf-2443-40c7-a2d7-0a308cd1baeb/tags/green HTTP/1.1" status: 404 len: 299 time: 0.0396359
2026-04-23 08:59:08.119 10 INFO neutron.wsgi [None req-cf101521-d2bd-4559-813b-86c04fe46de2 d1373bea59f44649a940976628bcc6eb 9612eff85e3c423fb2cd0527cb58ccee - - default default] 10.0.0.148 "DELETE /v2.0/floatingips/832278cf-2443-40c7-a2d7-0a308cd1baeb/tags/red HTTP/1.1" status: 204 len: 168 time: 0.0528271
2026-04-23 08:59:08.162 10 INFO neutron.wsgi [None req-af12ed46-ed6d-4cec-8c62-f7457bf6ac4b d1373bea59f44649a940976628bcc6eb 9612eff85e3c423fb2cd0527cb58ccee - - default default] 10.0.0.148 "GET /v2.0/floatingips/832278cf-2443-40c7-a2d7-0a308cd1baeb/tags HTTP/1.1" status: 200 len: 223 time: 0.0378194
2026-04-23 08:59:08.222 10 INFO neutron.api.v2.resource [None req-0d5836a3-7640-4ccc-b866-188454685b6e d1373bea59f44649a940976628bcc6eb 9612eff85e3c423fb2cd0527cb58ccee - - default default] delete failed (client error): The resource could not be found.
2026-04-23 08:59:08.224 10 INFO neutron.wsgi [None req-0d5836a3-7640-4ccc-b866-188454685b6e d1373bea59f44649a940976628bcc6eb 9612eff85e3c423fb2cd0527cb58ccee - - default default] 10.0.0.148 "DELETE /v2.0/floatingips/832278cf-2443-40c7-a2d7-0a308cd1baeb/tags/green HTTP/1.1" status: 404 len: 299 time: 0.0552247
2026-04-23 08:59:08.307 9 INFO neutron.wsgi [None req-74ac1795-22f4-40e5-b5ec-96c37338f8fc d1373bea59f44649a940976628bcc6eb 9612eff85e3c423fb2cd0527cb58ccee - - default default] 10.0.0.148 "DELETE /v2.0/floatingips/832278cf-2443-40c7-a2d7-0a308cd1baeb/tags HTTP/1.1" status: 204 len: 168 time: 0.0778787
2026-04-23 08:59:08.342 10 INFO neutron.wsgi [None req-ba3b06b2-fbde-4738-9eea-a771efe85459 d1373bea59f44649a940976628bcc6eb 9612eff85e3c423fb2cd0527cb58ccee - - default default] 10.0.0.148 "GET /v2.0/floatingips/832278cf-2443-40c7-a2d7-0a308cd1baeb/tags HTTP/1.1" status: 200 len: 205 time: 0.0287232
2026-04-23 08:59:08.540 10 INFO neutron.plugins.ml2.drivers.ovn.mech_driver.ovsdb.ovsdb_monitor [None req-387a9ee3-1ae0-41ff-b490-49f621924e3c - - - - - -] Router 91ad8ce2-5611-487c-bfae-7193c8c88eeb is bound to host instance
2026-04-23 08:59:08.561 10 INFO neutron.plugins.ml2.drivers.ovn.mech_driver.mech_driver [None req-2aa377b6-9cdc-4a81-8588-818126d30799 - - - - - -] OVN reports status up for port: 1ae92091-1720-48f9-816f-9a4e9e061bcc
2026-04-23 08:59:08.578 10 INFO neutron.plugins.ml2.plugin [None req-2aa377b6-9cdc-4a81-8588-818126d30799 - - - - - -] Attempt 1 to provision port 1ae92091-1720-48f9-816f-9a4e9e061bcc
2026-04-23 08:59:08.589 9 INFO neutron.db.ovn_revision_numbers_db [None req-63fdb1fa-06af-44b0-bf52-2c6db748eeca 3b8fed1cce4145eda7e305becc078a7e f8496f8ba56a4b14a1b7d6a9aa2af247 - - default default] Successfully bumped revision number for resource 1ae92091-1720-48f9-816f-9a4e9e061bcc (type: router_ports) to 1
2026-04-23 08:59:08.674 9 INFO neutron.db.ovn_revision_numbers_db [None req-63fdb1fa-06af-44b0-bf52-2c6db748eeca 3b8fed1cce4145eda7e305becc078a7e f8496f8ba56a4b14a1b7d6a9aa2af247 - - default default] Successfully bumped revision number for resource 91ad8ce2-5611-487c-bfae-7193c8c88eeb (type: routers) to 2
2026-04-23 08:59:08.692 9 INFO neutron.wsgi [None req-63fdb1fa-06af-44b0-bf52-2c6db748eeca 3b8fed1cce4145eda7e305becc078a7e f8496f8ba56a4b14a1b7d6a9aa2af247 - - default default] 10.0.0.148 "POST /v2.0/routers HTTP/1.1" status: 201 len: 874 time: 1.3795698
2026-04-23 08:59:08.974 10 INFO neutron.wsgi [None req-f117f526-c621-4803-ae3f-07fdf20b8723 d1373bea59f44649a940976628bcc6eb 9612eff85e3c423fb2cd0527cb58ccee - - default default] 10.0.0.148 "DELETE /v2.0/floatingips/832278cf-2443-40c7-a2d7-0a308cd1baeb HTTP/1.1" status: 204 len: 168 time: 0.6258869
2026-04-23 08:59:09.176 9 WARNING neutron.scheduler.dhcp_agent_scheduler [None req-230fc7b5-8215-422e-b065-233e53264e04 3b8fed1cce4145eda7e305becc078a7e f8496f8ba56a4b14a1b7d6a9aa2af247 - - default default] No more DHCP agents
2026-04-23 08:59:09.180 9 WARNING neutron.api.rpc.agentnotifiers.dhcp_rpc_agent_api [None req-230fc7b5-8215-422e-b065-233e53264e04 3b8fed1cce4145eda7e305becc078a7e f8496f8ba56a4b14a1b7d6a9aa2af247 - - default default] Unable to schedule network 93dbd345-a96c-4857-9037-8c88cca59342: no agents available; will retry on subsequent port and subnet creation events.
2026-04-23 08:59:09.274 10 INFO neutron.db.ovn_revision_numbers_db [None req-387a9ee3-1ae0-41ff-b490-49f621924e3c - - - - - -] Successfully bumped revision number for resource 1ae92091-1720-48f9-816f-9a4e9e061bcc (type: ports) to 1
2026-04-23 08:59:09.400 9 INFO neutron.db.ovn_revision_numbers_db [None req-230fc7b5-8215-422e-b065-233e53264e04 3b8fed1cce4145eda7e305becc078a7e f8496f8ba56a4b14a1b7d6a9aa2af247 - - default default] Successfully bumped revision number for resource 53686b02-2925-4997-8004-ad4423a8d74a (type: ports) to 1
2026-04-23 08:59:09.592 10 INFO neutron.db.ovn_revision_numbers_db [None req-387a9ee3-1ae0-41ff-b490-49f621924e3c - - - - - -] Successfully bumped revision number for resource 1ae92091-1720-48f9-816f-9a4e9e061bcc (type: router_ports) to 3
2026-04-23 08:59:09.761 10 INFO neutron.db.ovn_revision_numbers_db [None req-387a9ee3-1ae0-41ff-b490-49f621924e3c - - - - - -] Successfully bumped revision number for resource 1ae92091-1720-48f9-816f-9a4e9e061bcc (type: ports) to 2
2026-04-23 08:59:09.882 9 INFO neutron.db.ovn_revision_numbers_db [None req-230fc7b5-8215-422e-b065-233e53264e04 3b8fed1cce4145eda7e305becc078a7e f8496f8ba56a4b14a1b7d6a9aa2af247 - - default default] Successfully bumped revision number for resource 53686b02-2925-4997-8004-ad4423a8d74a (type: router_ports) to 1
2026-04-23 08:59:10.050 10 INFO neutron.db.ovn_revision_numbers_db [None req-387a9ee3-1ae0-41ff-b490-49f621924e3c - - - - - -] Successfully bumped revision number for resource 1ae92091-1720-48f9-816f-9a4e9e061bcc (type: ports) to 4
2026-04-23 08:59:10.073 9 INFO neutron.db.ovn_revision_numbers_db [None req-230fc7b5-8215-422e-b065-233e53264e04 3b8fed1cce4145eda7e305becc078a7e f8496f8ba56a4b14a1b7d6a9aa2af247 - - default default] Successfully bumped revision number for resource 53686b02-2925-4997-8004-ad4423a8d74a (type: ports) to 1
2026-04-23 08:59:10.112 10 INFO neutron.db.ovn_revision_numbers_db [None req-999896d4-ebd1-4e22-ab70-0458ffdc5f13 3b8fed1cce4145eda7e305becc078a7e f8496f8ba56a4b14a1b7d6a9aa2af247 - - default default] Successfully bumped revision number for resource 6499f809-ad36-4bc1-b787-d86ff1c5105a (type: security_groups) to 1
2026-04-23 08:59:10.150 10 INFO neutron.db.ovn_revision_numbers_db [None req-999896d4-ebd1-4e22-ab70-0458ffdc5f13 3b8fed1cce4145eda7e305becc078a7e f8496f8ba56a4b14a1b7d6a9aa2af247 - - default default] Successfully bumped revision number for resource 160594ca-6871-4955-8135-c8b19b4064c0 (type: security_group_rules) to 0
2026-04-23 08:59:10.174 10 INFO neutron.db.ovn_revision_numbers_db [None req-999896d4-ebd1-4e22-ab70-0458ffdc5f13 3b8fed1cce4145eda7e305becc078a7e f8496f8ba56a4b14a1b7d6a9aa2af247 - - default default] Successfully bumped revision number for resource 5771791e-f8e2-4c9d-a47e-790d54b66bff (type: security_group_rules) to 0
2026-04-23 08:59:10.188 9 WARNING neutron.scheduler.dhcp_agent_scheduler [None req-230fc7b5-8215-422e-b065-233e53264e04 3b8fed1cce4145eda7e305becc078a7e f8496f8ba56a4b14a1b7d6a9aa2af247 - - default default] No more DHCP agents
2026-04-23 08:59:10.189 9 WARNING neutron.api.rpc.agentnotifiers.dhcp_rpc_agent_api [None req-230fc7b5-8215-422e-b065-233e53264e04 3b8fed1cce4145eda7e305becc078a7e f8496f8ba56a4b14a1b7d6a9aa2af247 - - default default] Unable to schedule network 93dbd345-a96c-4857-9037-8c88cca59342: no agents available; will retry on subsequent port and subnet creation events.
2026-04-23 08:59:10.193 10 INFO neutron.db.ovn_revision_numbers_db [None req-999896d4-ebd1-4e22-ab70-0458ffdc5f13 3b8fed1cce4145eda7e305becc078a7e f8496f8ba56a4b14a1b7d6a9aa2af247 - - default default] Successfully bumped revision number for resource cd80b264-09c8-4589-974e-9ac649320069 (type: security_group_rules) to 0
2026-04-23 08:59:10.230 10 INFO neutron.db.ovn_revision_numbers_db [None req-999896d4-ebd1-4e22-ab70-0458ffdc5f13 3b8fed1cce4145eda7e305becc078a7e f8496f8ba56a4b14a1b7d6a9aa2af247 - - default default] Successfully bumped revision number for resource e68e01e0-5796-4d97-810a-8a6e64c301ea (type: security_group_rules) to 0
2026-04-23 08:59:10.263 10 INFO neutron.wsgi [None req-999896d4-ebd1-4e22-ab70-0458ffdc5f13 3b8fed1cce4145eda7e305becc078a7e f8496f8ba56a4b14a1b7d6a9aa2af247 - - default default] 10.0.0.148 "GET /v2.0/security-groups?tenant_id=9612eff85e3c423fb2cd0527cb58ccee&name=default HTTP/1.1" status: 200 len: 2996 time: 0.4437411
2026-04-23 08:59:10.367 10 INFO neutron.db.ovn_revision_numbers_db [None req-387a9ee3-1ae0-41ff-b490-49f621924e3c - - - - - -] Successfully bumped revision number for resource 1ae92091-1720-48f9-816f-9a4e9e061bcc (type: router_ports) to 4
2026-04-23 08:59:10.501 9 INFO neutron.db.ovn_revision_numbers_db [None req-f66d0d97-9f51-4583-8f53-b19b8048b591 c07932cbf9ba46088e0b27751ebcbe33 12adb23398d04c379010c1549345f67b - - default default] Successfully bumped revision number for resource 699658a2-a8da-465f-b338-63650d662913 (type: security_groups) to 1
2026-04-23 08:59:10.518 9 INFO neutron.db.ovn_revision_numbers_db [None req-f66d0d97-9f51-4583-8f53-b19b8048b591 c07932cbf9ba46088e0b27751ebcbe33 12adb23398d04c379010c1549345f67b - - default default] Successfully bumped revision number for resource 31390524-c1d5-4933-87be-87535e799152 (type: security_group_rules) to 0
2026-04-23 08:59:10.565 9 INFO neutron.db.ovn_revision_numbers_db [None req-f66d0d97-9f51-4583-8f53-b19b8048b591 c07932cbf9ba46088e0b27751ebcbe33 12adb23398d04c379010c1549345f67b - - default default] Successfully bumped revision number for resource 51620b3b-76c4-488d-8929-9612286c5f34 (type: security_group_rules) to 0
2026-04-23 08:59:10.584 9 INFO neutron.db.ovn_revision_numbers_db [None req-f66d0d97-9f51-4583-8f53-b19b8048b591 c07932cbf9ba46088e0b27751ebcbe33 12adb23398d04c379010c1549345f67b - - default default] Successfully bumped revision number for resource a86858e1-4535-4360-b3f6-1641e7470bf4 (type: security_group_rules) to 0
2026-04-23 08:59:10.609 9 INFO neutron.db.ovn_revision_numbers_db [None req-f66d0d97-9f51-4583-8f53-b19b8048b591 c07932cbf9ba46088e0b27751ebcbe33 12adb23398d04c379010c1549345f67b - - default default] Successfully bumped revision number for resource b73b12d8-952f-4792-9ff2-2cbced290572 (type: security_group_rules) to 0
2026-04-23 08:59:10.641 9 INFO neutron.wsgi [None req-583cf604-895c-44f6-91b0-7dfc59d993f9 3b8fed1cce4145eda7e305becc078a7e f8496f8ba56a4b14a1b7d6a9aa2af247 - - default default] 10.0.0.148 "DELETE /v2.0/security-groups/6499f809-ad36-4bc1-b787-d86ff1c5105a HTTP/1.1" status: 204 len: 168 time: 0.3675261
2026-04-23 08:59:10.682 9 INFO neutron.db.segments_db [None req-f66d0d97-9f51-4583-8f53-b19b8048b591 c07932cbf9ba46088e0b27751ebcbe33 12adb23398d04c379010c1549345f67b - - default default] Added segment 444a8a26-3371-4eda-9b1d-4dbe73bea640 of type geneve for network e5a8e4d7-69b5-4716-b4c8-e870af49d0df
2026-04-23 08:59:10.692 10 INFO neutron.db.ovn_revision_numbers_db [None req-0f1a10a2-e4ae-45a4-9309-f24ef3c33ef1 7e632de5420f4ac0a46ba9031d497f17 ab7dbedf9af14d03867a48d4b7288aab - - default default] Successfully bumped revision number for resource 60bc49a6-8ad0-4af3-ba0b-fb94377e1bd1 (type: security_groups) to 1
2026-04-23 08:59:10.708 10 INFO neutron.db.ovn_revision_numbers_db [None req-0f1a10a2-e4ae-45a4-9309-f24ef3c33ef1 7e632de5420f4ac0a46ba9031d497f17 ab7dbedf9af14d03867a48d4b7288aab - - default default] Successfully bumped revision number for resource 39446a80-9c53-4bb2-a151-c81d6bf3bd20 (type: security_group_rules) to 0
2026-04-23 08:59:10.726 10 INFO neutron.db.ovn_revision_numbers_db [None req-0f1a10a2-e4ae-45a4-9309-f24ef3c33ef1 7e632de5420f4ac0a46ba9031d497f17 ab7dbedf9af14d03867a48d4b7288aab - - default default] Successfully bumped revision number for resource 74cb289c-b593-478a-bc0f-ba4b86d33a24 (type: security_group_rules) to 0
2026-04-23 08:59:10.743 10 INFO neutron.db.ovn_revision_numbers_db [None req-0f1a10a2-e4ae-45a4-9309-f24ef3c33ef1 7e632de5420f4ac0a46ba9031d497f17 ab7dbedf9af14d03867a48d4b7288aab - - default default] Successfully bumped revision number for resource 84648b9e-4f44-4588-ba61-3253a152748b (type: security_group_rules) to 0
2026-04-23 08:59:10.760 10 INFO neutron.db.ovn_revision_numbers_db [None req-0f1a10a2-e4ae-45a4-9309-f24ef3c33ef1 7e632de5420f4ac0a46ba9031d497f17 ab7dbedf9af14d03867a48d4b7288aab - - default default] Successfully bumped revision number for resource c7597547-5cee-4bb5-8c7a-2099f0287497 (type: security_group_rules) to 0
2026-04-23 08:59:10.816 10 INFO neutron.db.segments_db [None req-0f1a10a2-e4ae-45a4-9309-f24ef3c33ef1 7e632de5420f4ac0a46ba9031d497f17 ab7dbedf9af14d03867a48d4b7288aab - - default default] Added segment d3da8996-73d6-4e97-a127-4d68978820c4 of type geneve for network 7b43b997-c64a-4d5a-8764-8e1eadfc3ee1
2026-04-23 08:59:10.991 10 INFO neutron.db.ovn_revision_numbers_db [None req-b6d6ff49-8c85-4760-a64d-fc10d39ffa45 3b8fed1cce4145eda7e305becc078a7e f8496f8ba56a4b14a1b7d6a9aa2af247 - - default default] Successfully bumped revision number for resource a3860008-9c19-4099-ba3f-1d5663b1ed4f (type: security_groups) to 1
2026-04-23 08:59:11.000 10 INFO neutron.db.ovn_revision_numbers_db [None req-0f1a10a2-e4ae-45a4-9309-f24ef3c33ef1 7e632de5420f4ac0a46ba9031d497f17 ab7dbedf9af14d03867a48d4b7288aab - - default default] Successfully bumped revision number for resource 7b43b997-c64a-4d5a-8764-8e1eadfc3ee1 (type: networks) to 1
