2026-04-23 08:56:37.392 9 INFO neutron.wsgi [req-f4feb7df-0d63-450f-abd2-18e706f5b3f0 req-6a223b5a-80cc-4927-a9fc-fac275b7a969 0b90aaf067b5401a83d2c0610e4ae3a9 cb697062842e4831b466dd2615203c97 - - 5cc8a6ff47d14da9a8777c2cc4ba702d 5cc8a6ff47d14da9a8777c2cc4ba702d] 199.19.213.52 "GET /v2.0/subnets?id=c45e008f-574a-4248-8498-ef0967c4fffb HTTP/1.1" status: 200 len: 871 time: 0.0503674
2026-04-23 08:56:37.436 9 INFO neutron.wsgi [req-f4feb7df-0d63-450f-abd2-18e706f5b3f0 req-2ae282f0-09d5-43c4-b594-aafd001ddd11 0b90aaf067b5401a83d2c0610e4ae3a9 cb697062842e4831b466dd2615203c97 - - 5cc8a6ff47d14da9a8777c2cc4ba702d 5cc8a6ff47d14da9a8777c2cc4ba702d] 199.19.213.52 "GET /v2.0/ports?network_id=4431c008-96e5-4355-b724-daa960c1cb38&device_owner=network%3Adhcp HTTP/1.1" status: 200 len: 210 time: 0.0376027
2026-04-23 08:56:37.496 9 INFO neutron.wsgi [req-0dc1e01c-2702-4f65-93cb-e7798b1422a9 req-4646c68e-cc1a-4686-8bf7-587262ca81ff 493b59e8bfdf4069ad812a2daa05f9e9 abf4978fda1447c9b70bc5ce4e7e524e - - default default] 10.0.0.105 "GET /v2.0/ports?device_id=5c9fa3e0-101e-401e-a2bd-1db538b69b63 HTTP/1.1" status: 200 len: 1174 time: 0.1382236
2026-04-23 08:56:37.538 10 INFO neutron.plugins.ml2.drivers.ovn.mech_driver.ovsdb.ovsdb_monitor [None req-387a9ee3-1ae0-41ff-b490-49f621924e3c - - - - - -] Router fa015785-5f92-40f0-8281-a07f689cd391 is bound to host instance
2026-04-23 08:56:37.553 9 INFO neutron.wsgi [req-0dc1e01c-2702-4f65-93cb-e7798b1422a9 req-d04b4658-4587-4ca4-95f7-b64de1c00558 493b59e8bfdf4069ad812a2daa05f9e9 abf4978fda1447c9b70bc5ce4e7e524e - - default default] 10.0.0.105 "GET /v2.0/security-groups?id=6dd4956e-fed7-44a5-b738-848503360f53&fields=id&fields=name HTTP/1.1" status: 200 len: 286 time: 0.0442629
2026-04-23 08:56:37.555 10 INFO neutron.plugins.ml2.drivers.ovn.mech_driver.mech_driver [None req-2aa377b6-9cdc-4a81-8588-818126d30799 - - - - - -] OVN reports status up for port: 6440094f-38c1-425b-8016-5d82c37f6e25
2026-04-23 08:56:37.565 10 INFO neutron.plugins.ml2.plugin [None req-2aa377b6-9cdc-4a81-8588-818126d30799 - - - - - -] Attempt 1 to provision port 6440094f-38c1-425b-8016-5d82c37f6e25
2026-04-23 08:56:37.568 9 INFO neutron.wsgi [req-f4feb7df-0d63-450f-abd2-18e706f5b3f0 req-2d5fef34-c0a7-43fc-a74d-e52640075fa0 0b90aaf067b5401a83d2c0610e4ae3a9 cb697062842e4831b466dd2615203c97 - - 5cc8a6ff47d14da9a8777c2cc4ba702d 5cc8a6ff47d14da9a8777c2cc4ba702d] 199.19.213.52 "GET /v2.0/networks/4431c008-96e5-4355-b724-daa960c1cb38?fields=segments HTTP/1.1" status: 200 len: 212 time: 0.1248705
2026-04-23 08:56:37.591 9 INFO neutron.db.ovn_revision_numbers_db [None req-4e1a247f-8cd3-4bef-aed4-a9a7939d076b 3b8fed1cce4145eda7e305becc078a7e f8496f8ba56a4b14a1b7d6a9aa2af247 - - default default] Successfully bumped revision number for resource 6440094f-38c1-425b-8016-5d82c37f6e25 (type: router_ports) to 1
2026-04-23 08:56:37.662 9 INFO neutron.wsgi [req-f4feb7df-0d63-450f-abd2-18e706f5b3f0 req-ed9563c6-513e-4fd1-ba37-d6dc1bda63ff 0b90aaf067b5401a83d2c0610e4ae3a9 cb697062842e4831b466dd2615203c97 - - 5cc8a6ff47d14da9a8777c2cc4ba702d 5cc8a6ff47d14da9a8777c2cc4ba702d] 199.19.213.52 "GET /v2.0/networks/4431c008-96e5-4355-b724-daa960c1cb38?fields=provider%3Aphysical_network&fields=provider%3Anetwork_type HTTP/1.1" status: 200 len: 277 time: 0.0856977
2026-04-23 08:56:37.672 9 INFO neutron.db.ovn_revision_numbers_db [None req-4e1a247f-8cd3-4bef-aed4-a9a7939d076b 3b8fed1cce4145eda7e305becc078a7e f8496f8ba56a4b14a1b7d6a9aa2af247 - - default default] Successfully bumped revision number for resource fa015785-5f92-40f0-8281-a07f689cd391 (type: routers) to 2
2026-04-23 08:56:37.701 9 INFO neutron.wsgi [None req-4e1a247f-8cd3-4bef-aed4-a9a7939d076b 3b8fed1cce4145eda7e305becc078a7e f8496f8ba56a4b14a1b7d6a9aa2af247 - - default default] 10.0.0.148 "POST /v2.0/routers HTTP/1.1" status: 201 len: 870 time: 1.9257956
2026-04-23 08:56:37.968 10 INFO neutron.notifiers.nova [-] Nova event matching ['req-728c3f1b-33c8-465a-9041-1213050375d5'] response: {'server_uuid': '5c9fa3e0-101e-401e-a2bd-1db538b69b63', 'name': 'network-vif-plugged', 'status': 'completed', 'tag': '67008f57-b3cc-4f01-893b-eb0dab9e9a3f', 'code': 200}
2026-04-23 08:56:37.972 9 INFO neutron.wsgi [req-b25ce7ef-4969-45df-a539-85ba69ea314d req-5d595c66-6564-4c8d-b72e-9f6f6ecc5e55 493b59e8bfdf4069ad812a2daa05f9e9 abf4978fda1447c9b70bc5ce4e7e524e - - default default] 10.0.0.105 "GET /v2.0/ports?device_id=5c9fa3e0-101e-401e-a2bd-1db538b69b63 HTTP/1.1" status: 200 len: 1174 time: 0.0513537
2026-04-23 08:56:38.344 9 INFO neutron.wsgi [req-b25ce7ef-4969-45df-a539-85ba69ea314d req-bb391e80-bd01-4d49-9167-2b661eaceab2 493b59e8bfdf4069ad812a2daa05f9e9 abf4978fda1447c9b70bc5ce4e7e524e - - default default] 10.0.0.105 "GET /v2.0/security-groups?id=6dd4956e-fed7-44a5-b738-848503360f53&fields=id&fields=name HTTP/1.1" status: 200 len: 286 time: 0.3563304
2026-04-23 08:56:38.357 9 INFO neutron.wsgi [req-534dfaf7-ff5f-4e6e-91e4-6243093a3fbd req-9263fd55-427f-4cf2-ae7e-c4379d68d808 493b59e8bfdf4069ad812a2daa05f9e9 abf4978fda1447c9b70bc5ce4e7e524e - - default default] 199.19.213.52 "GET /v2.0/ports?device_id=5c9fa3e0-101e-401e-a2bd-1db538b69b63 HTTP/1.1" status: 200 len: 1174 time: 0.0487254
2026-04-23 08:56:38.388 10 INFO neutron.wsgi [None req-e32ff929-a5be-47f6-a4b8-97d034454662 3b8fed1cce4145eda7e305becc078a7e f8496f8ba56a4b14a1b7d6a9aa2af247 - - default default] 10.0.0.148 "GET /v2.0/security-groups?tenant_id=54dc8bccaa6d4b8d9600c322bddc4e46&name=default HTTP/1.1" status: 200 len: 2996 time: 0.6537650
2026-04-23 08:56:38.562 10 INFO neutron.db.ovn_revision_numbers_db [None req-387a9ee3-1ae0-41ff-b490-49f621924e3c - - - - - -] Successfully bumped revision number for resource 6440094f-38c1-425b-8016-5d82c37f6e25 (type: ports) to 1
2026-04-23 08:56:38.569 9 WARNING neutron.scheduler.dhcp_agent_scheduler [None req-47506ac8-6ee9-41df-9db4-c14ab30f850e 3b8fed1cce4145eda7e305becc078a7e f8496f8ba56a4b14a1b7d6a9aa2af247 - - default default] No more DHCP agents
2026-04-23 08:56:38.578 9 WARNING neutron.api.rpc.agentnotifiers.dhcp_rpc_agent_api [None req-47506ac8-6ee9-41df-9db4-c14ab30f850e 3b8fed1cce4145eda7e305becc078a7e f8496f8ba56a4b14a1b7d6a9aa2af247 - - default default] Unable to schedule network bec8a785-40a0-4409-b8ad-5e317beca23f: no agents available; will retry on subsequent port and subnet creation events.
2026-04-23 08:56:38.806 10 INFO neutron.db.ovn_revision_numbers_db [None req-af583b14-4d30-422c-a71f-0ec22cfb2556 3b8fed1cce4145eda7e305becc078a7e f8496f8ba56a4b14a1b7d6a9aa2af247 - - default default] Successfully bumped revision number for resource 94d43ab6-fc0a-4528-b3b5-b1ddc8c47059 (type: security_groups) to 1
2026-04-23 08:56:38.827 10 INFO neutron.db.ovn_revision_numbers_db [None req-af583b14-4d30-422c-a71f-0ec22cfb2556 3b8fed1cce4145eda7e305becc078a7e f8496f8ba56a4b14a1b7d6a9aa2af247 - - default default] Successfully bumped revision number for resource 384b2fd1-6823-4056-a7cd-f3c0ed1f76ab (type: security_group_rules) to 0
2026-04-23 08:56:38.859 10 INFO neutron.db.ovn_revision_numbers_db [None req-af583b14-4d30-422c-a71f-0ec22cfb2556 3b8fed1cce4145eda7e305becc078a7e f8496f8ba56a4b14a1b7d6a9aa2af247 - - default default] Successfully bumped revision number for resource 99769c09-f6d6-4905-9da7-40f3446671cb (type: security_group_rules) to 0
2026-04-23 08:56:38.868 10 INFO neutron.db.ovn_revision_numbers_db [None req-387a9ee3-1ae0-41ff-b490-49f621924e3c - - - - - -] Successfully bumped revision number for resource 6440094f-38c1-425b-8016-5d82c37f6e25 (type: router_ports) to 3
2026-04-23 08:56:38.883 10 INFO neutron.db.ovn_revision_numbers_db [None req-af583b14-4d30-422c-a71f-0ec22cfb2556 3b8fed1cce4145eda7e305becc078a7e f8496f8ba56a4b14a1b7d6a9aa2af247 - - default default] Successfully bumped revision number for resource a46a0bcb-8b36-445a-b9b6-b394a2b6d7a4 (type: security_group_rules) to 0
2026-04-23 08:56:38.895 9 INFO neutron.wsgi [req-534dfaf7-ff5f-4e6e-91e4-6243093a3fbd req-0c55c9b2-b436-4304-913e-73f37665c9a6 493b59e8bfdf4069ad812a2daa05f9e9 abf4978fda1447c9b70bc5ce4e7e524e - - default default] 199.19.213.52 "DELETE /v2.0/ports/67008f57-b3cc-4f01-893b-eb0dab9e9a3f HTTP/1.1" status: 204 len: 173 time: 0.5349805
2026-04-23 08:56:38.897 10 INFO neutron.db.ovn_revision_numbers_db [None req-af583b14-4d30-422c-a71f-0ec22cfb2556 3b8fed1cce4145eda7e305becc078a7e f8496f8ba56a4b14a1b7d6a9aa2af247 - - default default] Successfully bumped revision number for resource cf21d84b-42b1-4eec-8337-5f6816077c43 (type: security_group_rules) to 0
2026-04-23 08:56:38.902 9 INFO neutron.db.ovn_revision_numbers_db [None req-47506ac8-6ee9-41df-9db4-c14ab30f850e 3b8fed1cce4145eda7e305becc078a7e f8496f8ba56a4b14a1b7d6a9aa2af247 - - default default] Successfully bumped revision number for resource 69d9f46f-e725-4e62-a3e0-2b36c8756072 (type: ports) to 1
2026-04-23 08:56:38.911 9 INFO neutron.wsgi [None req-6f964c63-e86a-4738-9607-bc7b585a2621 3b8fed1cce4145eda7e305becc078a7e f8496f8ba56a4b14a1b7d6a9aa2af247 - - default default] 10.0.0.148 "DELETE /v2.0/security-groups/832e8849-d9aa-4385-8062-8cce3c4f2ddd HTTP/1.1" status: 204 len: 168 time: 0.5166130
2026-04-23 08:56:38.939 9 INFO neutron.notifiers.nova [-] Nova event matching ['req-53758573-9aab-4156-8106-0b322056dc59'] response: {'server_uuid': '5c9fa3e0-101e-401e-a2bd-1db538b69b63', 'name': 'network-vif-deleted', 'tag': '67008f57-b3cc-4f01-893b-eb0dab9e9a3f', 'status': 'completed', 'code': 200}
2026-04-23 08:56:38.947 10 INFO neutron.wsgi [None req-af583b14-4d30-422c-a71f-0ec22cfb2556 3b8fed1cce4145eda7e305becc078a7e f8496f8ba56a4b14a1b7d6a9aa2af247 - - default default] 10.0.0.148 "GET /v2.0/security-groups?tenant_id=cee8a341415f40e387df599a54a10145&name=default HTTP/1.1" status: 200 len: 2996 time: 0.4569113
2026-04-23 08:56:39.111 10 INFO neutron.db.ovn_revision_numbers_db [None req-387a9ee3-1ae0-41ff-b490-49f621924e3c - - - - - -] Successfully bumped revision number for resource 6440094f-38c1-425b-8016-5d82c37f6e25 (type: ports) to 2
2026-04-23 08:56:39.267 10 INFO neutron.wsgi [None req-e383230c-b37d-4225-a587-25d298888344 3b8fed1cce4145eda7e305becc078a7e f8496f8ba56a4b14a1b7d6a9aa2af247 - - default default] 10.0.0.148 "DELETE /v2.0/security-groups/94d43ab6-fc0a-4528-b3b5-b1ddc8c47059 HTTP/1.1" status: 204 len: 168 time: 0.3145652
2026-04-23 08:56:39.344 9 INFO neutron.plugins.ml2.drivers.ovn.mech_driver.mech_driver [None req-82efcabf-bda5-45ce-a1f2-a698d14cc178 - - - - - -] OVN reports status up for port: 69d9f46f-e725-4e62-a3e0-2b36c8756072
2026-04-23 08:56:39.372 9 INFO neutron.plugins.ml2.plugin [None req-82efcabf-bda5-45ce-a1f2-a698d14cc178 - - - - - -] Attempt 1 to provision port 69d9f46f-e725-4e62-a3e0-2b36c8756072
2026-04-23 08:56:39.425 9 INFO neutron.db.ovn_revision_numbers_db [None req-47506ac8-6ee9-41df-9db4-c14ab30f850e 3b8fed1cce4145eda7e305becc078a7e f8496f8ba56a4b14a1b7d6a9aa2af247 - - default default] Successfully bumped revision number for resource 69d9f46f-e725-4e62-a3e0-2b36c8756072 (type: router_ports) to 1
2026-04-23 08:56:39.477 10 INFO neutron.db.ovn_revision_numbers_db [None req-387a9ee3-1ae0-41ff-b490-49f621924e3c - - - - - -] Successfully bumped revision number for resource 6440094f-38c1-425b-8016-5d82c37f6e25 (type: ports) to 4
2026-04-23 08:56:39.700 9 INFO neutron.db.ovn_revision_numbers_db [None req-47506ac8-6ee9-41df-9db4-c14ab30f850e 3b8fed1cce4145eda7e305becc078a7e f8496f8ba56a4b14a1b7d6a9aa2af247 - - default default] Successfully bumped revision number for resource 69d9f46f-e725-4e62-a3e0-2b36c8756072 (type: ports) to 1
2026-04-23 08:56:39.740 9 INFO neutron.db.ovn_revision_numbers_db [None req-02ba3730-8e8f-44c6-8559-90d91d6ac40b 3b8fed1cce4145eda7e305becc078a7e f8496f8ba56a4b14a1b7d6a9aa2af247 - - default default] Successfully bumped revision number for resource a89e9cb0-6d3a-436c-b288-cd9f9b310127 (type: security_groups) to 1
2026-04-23 08:56:39.765 10 INFO neutron.wsgi [None req-5dcd23c1-9719-44aa-8d7b-c0c0f1fd2729 3b8fed1cce4145eda7e305becc078a7e f8496f8ba56a4b14a1b7d6a9aa2af247 - - default default] 10.0.0.38 "GET /v2.0/networks HTTP/1.1" status: 200 len: 3866 time: 0.4082878
2026-04-23 08:56:39.776 9 INFO neutron.db.ovn_revision_numbers_db [None req-02ba3730-8e8f-44c6-8559-90d91d6ac40b 3b8fed1cce4145eda7e305becc078a7e f8496f8ba56a4b14a1b7d6a9aa2af247 - - default default] Successfully bumped revision number for resource 09f39106-51a7-4290-843c-d5c5ab81a679 (type: security_group_rules) to 0
2026-04-23 08:56:39.807 9 INFO neutron.db.ovn_revision_numbers_db [None req-02ba3730-8e8f-44c6-8559-90d91d6ac40b 3b8fed1cce4145eda7e305becc078a7e f8496f8ba56a4b14a1b7d6a9aa2af247 - - default default] Successfully bumped revision number for resource 709d8f87-3b77-4c25-b10f-bf670238c498 (type: security_group_rules) to 0
2026-04-23 08:56:39.829 9 INFO neutron.db.ovn_revision_numbers_db [None req-82efcabf-bda5-45ce-a1f2-a698d14cc178 - - - - - -] Successfully bumped revision number for resource 69d9f46f-e725-4e62-a3e0-2b36c8756072 (type: ports) to 2
2026-04-23 08:56:39.831 9 WARNING neutron.scheduler.dhcp_agent_scheduler [None req-47506ac8-6ee9-41df-9db4-c14ab30f850e 3b8fed1cce4145eda7e305becc078a7e f8496f8ba56a4b14a1b7d6a9aa2af247 - - default default] No more DHCP agents
2026-04-23 08:56:39.831 9 INFO neutron.db.ovn_revision_numbers_db [None req-02ba3730-8e8f-44c6-8559-90d91d6ac40b 3b8fed1cce4145eda7e305becc078a7e f8496f8ba56a4b14a1b7d6a9aa2af247 - - default default] Successfully bumped revision number for resource 77a34850-91c6-460c-84dc-8e9f80cee34f (type: security_group_rules) to 0
2026-04-23 08:56:39.833 9 WARNING neutron.api.rpc.agentnotifiers.dhcp_rpc_agent_api [None req-47506ac8-6ee9-41df-9db4-c14ab30f850e 3b8fed1cce4145eda7e305becc078a7e f8496f8ba56a4b14a1b7d6a9aa2af247 - - default default] Unable to schedule network bec8a785-40a0-4409-b8ad-5e317beca23f: no agents available; will retry on subsequent port and subnet creation events.
2026-04-23 08:56:39.870 9 INFO neutron.db.ovn_revision_numbers_db [None req-02ba3730-8e8f-44c6-8559-90d91d6ac40b 3b8fed1cce4145eda7e305becc078a7e f8496f8ba56a4b14a1b7d6a9aa2af247 - - default default] Successfully bumped revision number for resource d206317d-6f5e-43c8-a17e-80d8686d5000 (type: security_group_rules) to 0
2026-04-23 08:56:39.897 10 INFO neutron.wsgi [None req-341032f3-1059-42c1-9022-c7fc1f0412a9 3b8fed1cce4145eda7e305becc078a7e f8496f8ba56a4b14a1b7d6a9aa2af247 - - default default] 10.0.0.38 "GET /v2.0/security-groups HTTP/1.1" status: 200 len: 25143 time: 0.1224041
2026-04-23 08:56:39.949 9 INFO neutron.wsgi [None req-02ba3730-8e8f-44c6-8559-90d91d6ac40b 3b8fed1cce4145eda7e305becc078a7e f8496f8ba56a4b14a1b7d6a9aa2af247 - - default default] 10.0.0.148 "GET /v2.0/security-groups?tenant_id=d40661af09f6447aba817b9b1e693811&name=default HTTP/1.1" status: 200 len: 2996 time: 0.4747066
2026-04-23 08:56:39.951 10 INFO neutron.db.ovn_revision_numbers_db [None req-387a9ee3-1ae0-41ff-b490-49f621924e3c - - - - - -] Successfully bumped revision number for resource 6440094f-38c1-425b-8016-5d82c37f6e25 (type: router_ports) to 4
2026-04-23 08:56:39.989 10 INFO neutron.wsgi [None req-b84dee15-3b77-4f5f-9258-458bfee3019f 3b8fed1cce4145eda7e305becc078a7e f8496f8ba56a4b14a1b7d6a9aa2af247 - - default default] 10.0.0.38 "GET /v2.0/ports HTTP/1.1" status: 200 len: 11802 time: 0.0760617
2026-04-23 08:56:40.031 10 INFO neutron.wsgi [None req-6b1e69db-ff5d-40ce-9bc0-3807fd1eb603 3b8fed1cce4145eda7e305becc078a7e f8496f8ba56a4b14a1b7d6a9aa2af247 - - default default] 10.0.0.38 "GET /v2.0/agents HTTP/1.1" status: 200 len: 997 time: 0.0346532
2026-04-23 08:56:40.063 10 INFO neutron.wsgi [None req-22f50729-762f-48d7-9856-d5806d08eadb 3b8fed1cce4145eda7e305becc078a7e f8496f8ba56a4b14a1b7d6a9aa2af247 - - default default] 10.0.0.38 "GET /v2.0/floatingips HTTP/1.1" status: 200 len: 193 time: 0.0294454
2026-04-23 08:56:40.075 9 INFO neutron.db.ovn_revision_numbers_db [None req-82efcabf-bda5-45ce-a1f2-a698d14cc178 - - - - - -] Successfully bumped revision number for resource 69d9f46f-e725-4e62-a3e0-2b36c8756072 (type: router_ports) to 2
2026-04-23 08:56:40.122 10 INFO neutron.wsgi [None req-a5360488-7c1e-4f5c-93dc-1da351891090 3b8fed1cce4145eda7e305becc078a7e f8496f8ba56a4b14a1b7d6a9aa2af247 - - default default] 10.0.0.38 "GET /v2.0/subnets HTTP/1.1" status: 200 len: 2746 time: 0.0553210
2026-04-23 08:56:40.255 10 INFO neutron.wsgi [None req-ee2e8b86-f7ca-47f4-a2f3-39ab7b006565 3b8fed1cce4145eda7e305becc078a7e f8496f8ba56a4b14a1b7d6a9aa2af247 - - default default] 10.0.0.38 "GET /v2.0/routers HTTP/1.1" status: 200 len: 1532 time: 0.1178520
2026-04-23 08:56:40.273 10 INFO neutron.wsgi [None req-2df79861-a9ea-458b-a588-ed96564ec818 3b8fed1cce4145eda7e305becc078a7e f8496f8ba56a4b14a1b7d6a9aa2af247 - - default default] 10.0.0.38 "GET /v2.0/agents?binary=ovn-controller HTTP/1.1" status: 200 len: 591 time: 0.0151691
2026-04-23 08:56:40.316 10 INFO neutron.wsgi [None req-de539f9f-561b-4c25-bc79-95593da60cce 3b8fed1cce4145eda7e305becc078a7e f8496f8ba56a4b14a1b7d6a9aa2af247 - - default default] 10.0.0.38 "GET /v2.0/subnets HTTP/1.1" status: 200 len: 2746 time: 0.0412538
2026-04-23 08:56:40.334 10 INFO neutron.wsgi [None req-4c7675a7-2763-44e7-943d-3f704c02492b 3b8fed1cce4145eda7e305becc078a7e f8496f8ba56a4b14a1b7d6a9aa2af247 - - default default] 10.0.0.38 "GET /v2.0/subnetpools HTTP/1.1" status: 200 len: 193 time: 0.0152099
2026-04-23 08:56:40.375 10 INFO neutron.wsgi [None req-7cce3425-31b5-457b-aa6a-4551c6feed1a 3b8fed1cce4145eda7e305becc078a7e f8496f8ba56a4b14a1b7d6a9aa2af247 - - default default] 10.0.0.38 "GET /v2.0/network-ip-availabilities HTTP/1.1" status: 200 len: 2226 time: 0.0378904
2026-04-23 08:56:40.384 9 INFO neutron.wsgi [None req-676c87ee-de19-4b43-8b9e-206242997f2b 3b8fed1cce4145eda7e305becc078a7e f8496f8ba56a4b14a1b7d6a9aa2af247 - - default default] 10.0.0.148 "DELETE /v2.0/security-groups/a89e9cb0-6d3a-436c-b288-cd9f9b310127 HTTP/1.1" status: 204 len: 168 time: 0.4118605
2026-04-23 08:56:40.395 10 INFO neutron.plugins.ml2.drivers.ovn.mech_driver.mech_driver [None req-2aa377b6-9cdc-4a81-8588-818126d30799 - - - - - -] OVN reports status down for port: 67008f57-b3cc-4f01-893b-eb0dab9e9a3f
2026-04-23 08:56:40.600 9 INFO neutron.db.ovn_revision_numbers_db [None req-47506ac8-6ee9-41df-9db4-c14ab30f850e 3b8fed1cce4145eda7e305becc078a7e f8496f8ba56a4b14a1b7d6a9aa2af247 - - default default] Successfully bumped revision number for resource 69d9f46f-e725-4e62-a3e0-2b36c8756072 (type: router_ports) to 2
2026-04-23 08:56:40.604 9 INFO neutron.wsgi [None req-47506ac8-6ee9-41df-9db4-c14ab30f850e 3b8fed1cce4145eda7e305becc078a7e f8496f8ba56a4b14a1b7d6a9aa2af247 - - default default] 10.0.0.148 "PUT /v2.0/routers/fa015785-5f92-40f0-8281-a07f689cd391/add_router_interface HTTP/1.1" status: 200 len: 503 time: 2.8958828
2026-04-23 08:56:40.926 10 INFO neutron.wsgi [None req-26da9b7b-9dcc-4be8-8ee5-b1a7511263b4 3b8fed1cce4145eda7e305becc078a7e f8496f8ba56a4b14a1b7d6a9aa2af247 - - default default] 10.0.0.148 "PUT /v2.0/routers/bfaca7e0-eb2e-41b5-9a4e-bac1ad084cbb/remove_router_interface HTTP/1.1" status: 200 len: 503 time: 1.5092068 /var/lib/openstack/lib/python3.10/site-packages/pycadf/identifier.py:71: UserWarning: Invalid uuid: neutron. To ensure interoperability, identifiers should be a valid uuid. warnings.warn(('Invalid uuid: %s. To ensure interoperability, '
2026-04-23 08:56:40.988 9 INFO neutron.db.ovn_revision_numbers_db [None req-84636b90-7089-4689-bae1-6b6142004836 bbf628a69d844b25b28cd3cfe3075eb0 7484f67377f54d85ba5ba7c7ca76f809 - - default default] Successfully bumped revision number for resource f839ba69-03bc-46bf-a192-d39803153870 (type: security_groups) to 1
2026-04-23 08:56:41.006 9 INFO neutron.db.ovn_revision_numbers_db [None req-84636b90-7089-4689-bae1-6b6142004836 bbf628a69d844b25b28cd3cfe3075eb0 7484f67377f54d85ba5ba7c7ca76f809 - - default default] Successfully bumped revision number for resource 17c3e8fd-f64b-452e-8683-0f4766ccd79e (type: security_group_rules) to 0
2026-04-23 08:56:41.025 9 INFO neutron.db.ovn_revision_numbers_db [None req-84636b90-7089-4689-bae1-6b6142004836 bbf628a69d844b25b28cd3cfe3075eb0 7484f67377f54d85ba5ba7c7ca76f809 - - default default] Successfully bumped revision number for resource a1931ff8-d5e2-4a21-a43f-a11e0c6a2a88 (type: security_group_rules) to 0
2026-04-23 08:56:41.038 9 INFO neutron.db.ovn_revision_numbers_db [None req-84636b90-7089-4689-bae1-6b6142004836 bbf628a69d844b25b28cd3cfe3075eb0 7484f67377f54d85ba5ba7c7ca76f809 - - default default] Successfully bumped revision number for resource dffe34f7-6f58-4857-8256-b36926a55a15 (type: security_group_rules) to 0
2026-04-23 08:56:41.050 9 INFO neutron.db.ovn_revision_numbers_db [None req-84636b90-7089-4689-bae1-6b6142004836 bbf628a69d844b25b28cd3cfe3075eb0 7484f67377f54d85ba5ba7c7ca76f809 - - default default] Successfully bumped revision number for resource e0dcddf8-e724-4bd9-8a03-6439d79de56e (type: security_group_rules) to 0
2026-04-23 08:56:41.111 9 INFO neutron.db.segments_db [None req-84636b90-7089-4689-bae1-6b6142004836 bbf628a69d844b25b28cd3cfe3075eb0 7484f67377f54d85ba5ba7c7ca76f809 - - default default] Added segment 174dbb0c-b6ef-46f0-a12c-248df9712855 of type geneve for network 74507a19-f095-4637-bb22-b694b0e10f08
2026-04-23 08:56:41.288 9 INFO neutron.db.ovn_revision_numbers_db [None req-84636b90-7089-4689-bae1-6b6142004836 bbf628a69d844b25b28cd3cfe3075eb0 7484f67377f54d85ba5ba7c7ca76f809 - - default default] Successfully bumped revision number for resource 74507a19-f095-4637-bb22-b694b0e10f08 (type: networks) to 1
2026-04-23 08:56:41.401 9 INFO neutron.db.ovn_revision_numbers_db [None req-52d43bda-c083-4330-b07c-68f1e3c07009 4ffb649d2f014d15a0e1426fd422e096 70215bdd68f748c7a8ec6f081c8de20d - - default default] Successfully bumped revision number for resource 25b8db68-538b-4539-9f8f-1abed6c4a73a (type: security_groups) to 1
2026-04-23 08:56:41.425 9 INFO neutron.db.ovn_revision_numbers_db [None req-52d43bda-c083-4330-b07c-68f1e3c07009 4ffb649d2f014d15a0e1426fd422e096 70215bdd68f748c7a8ec6f081c8de20d - - default default] Successfully bumped revision number for resource 77c4ae4f-bb3a-42f8-a8d1-a68ce3715d00 (type: security_group_rules) to 0
2026-04-23 08:56:41.439 9 INFO neutron.db.ovn_revision_numbers_db [None req-52d43bda-c083-4330-b07c-68f1e3c07009 4ffb649d2f014d15a0e1426fd422e096 70215bdd68f748c7a8ec6f081c8de20d - - default default] Successfully bumped revision number for resource cb7b9638-8a8b-4e66-8f69-9bdaecaf4660 (type: security_group_rules) to 0
2026-04-23 08:56:41.455 9 INFO neutron.wsgi [None req-52d43bda-c083-4330-b07c-68f1e3c07009 4ffb649d2f014d15a0e1426fd422e096 70215bdd68f748c7a8ec6f081c8de20d - - default default] 10.0.0.148 "POST /v2.0/security-groups HTTP/1.1" status: 201 len: 1795 time: 0.2737885
2026-04-23 08:56:41.499 9 WARNING neutron.scheduler.dhcp_agent_scheduler [None req-84636b90-7089-4689-bae1-6b6142004836 bbf628a69d844b25b28cd3cfe3075eb0 7484f67377f54d85ba5ba7c7ca76f809 - - default default] No more DHCP agents
2026-04-23 08:56:41.502 9 WARNING neutron.api.rpc.agentnotifiers.dhcp_rpc_agent_api [None req-84636b90-7089-4689-bae1-6b6142004836 bbf628a69d844b25b28cd3cfe3075eb0 7484f67377f54d85ba5ba7c7ca76f809 - - default default] Unable to schedule network 74507a19-f095-4637-bb22-b694b0e10f08: no agents available; will retry on subsequent port and subnet creation events.
2026-04-23 08:56:41.600 9 INFO neutron.db.ovn_revision_numbers_db [None req-84636b90-7089-4689-bae1-6b6142004836 bbf628a69d844b25b28cd3cfe3075eb0 7484f67377f54d85ba5ba7c7ca76f809 - - default default] Successfully bumped revision number for resource 3b0f586f-7ac5-41a0-9a6c-2644b4f11ff5 (type: ports) to 1
2026-04-23 08:56:41.632 9 INFO neutron.wsgi [None req-84636b90-7089-4689-bae1-6b6142004836 bbf628a69d844b25b28cd3cfe3075eb0 7484f67377f54d85ba5ba7c7ca76f809 - - default default] 10.0.0.148 "POST /v2.0/networks HTTP/1.1" status: 201 len: 844 time: 0.9024889
2026-04-23 08:56:41.654 9 INFO neutron.db.ovn_revision_numbers_db [None req-393c8033-a71a-44dc-a9a2-f95df1004668 4ffb649d2f014d15a0e1426fd422e096 70215bdd68f748c7a8ec6f081c8de20d - - default default] Successfully bumped revision number for resource 61a0b836-65b2-4ec8-a72c-254fee0e95b6 (type: security_group_rules) to 0
2026-04-23 08:56:41.813 10 INFO neutron.wsgi [None req-e1a451d6-6dd2-46e2-84c0-c4f478c018ad 3b8fed1cce4145eda7e305becc078a7e f8496f8ba56a4b14a1b7d6a9aa2af247 - - default default] 10.0.0.148 "DELETE /v2.0/routers/bfaca7e0-eb2e-41b5-9a4e-bac1ad084cbb HTTP/1.1" status: 204 len: 168 time: 0.8808584
2026-04-23 08:56:41.938 9 INFO neutron.wsgi [None req-393c8033-a71a-44dc-a9a2-f95df1004668 4ffb649d2f014d15a0e1426fd422e096 70215bdd68f748c7a8ec6f081c8de20d - - default default] 10.0.0.148 "POST /v2.0/security-group-rules HTTP/1.1" status: 201 len: 764 time: 0.4735465
2026-04-23 08:56:42.064 10 INFO neutron.wsgi [None req-a0b39603-d629-4b52-95a9-78ff722475da 3b8fed1cce4145eda7e305becc078a7e f8496f8ba56a4b14a1b7d6a9aa2af247 - - default default] 10.0.0.148 "DELETE /v2.0/subnets/c45e008f-574a-4248-8498-ef0967c4fffb HTTP/1.1" status: 204 len: 168 time: 0.2354109
2026-04-23 08:56:42.125 10 INFO neutron.db.ovn_revision_numbers_db [None req-265a91fd-5913-4b4a-8ce2-1ed7a4134d15 4ffb649d2f014d15a0e1426fd422e096 70215bdd68f748c7a8ec6f081c8de20d - - default default] Successfully bumped revision number for resource 0712a323-5188-4c2d-b5cf-ed0fcc06393b (type: security_group_rules) to 0
2026-04-23 08:56:42.147 10 INFO neutron.wsgi [None req-265a91fd-5913-4b4a-8ce2-1ed7a4134d15 4ffb649d2f014d15a0e1426fd422e096 70215bdd68f748c7a8ec6f081c8de20d - - default default] 10.0.0.148 "POST /v2.0/security-group-rules HTTP/1.1" status: 201 len: 769 time: 0.2014582
2026-04-23 08:56:42.182 9 WARNING neutron.scheduler.dhcp_agent_scheduler [None req-b39d70ec-c6d2-43c4-a952-533b61f82f02 bbf628a69d844b25b28cd3cfe3075eb0 7484f67377f54d85ba5ba7c7ca76f809 - - default default] No more DHCP agents
2026-04-23 08:56:42.186 9 WARNING neutron.api.rpc.agentnotifiers.dhcp_rpc_agent_api [None req-b39d70ec-c6d2-43c4-a952-533b61f82f02 bbf628a69d844b25b28cd3cfe3075eb0 7484f67377f54d85ba5ba7c7ca76f809 - - default default] Unable to schedule network 74507a19-f095-4637-bb22-b694b0e10f08: no agents available; will retry on subsequent port and subnet creation events.
2026-04-23 08:56:42.318 9 INFO neutron.db.ovn_revision_numbers_db [None req-b39d70ec-c6d2-43c4-a952-533b61f82f02 bbf628a69d844b25b28cd3cfe3075eb0 7484f67377f54d85ba5ba7c7ca76f809 - - default default] Successfully bumped revision number for resource f35c8f36-724e-4ad7-85e7-a76aac46ff6e (type: ports) to 1
2026-04-23 08:56:42.340 9 INFO neutron.wsgi [None req-b39d70ec-c6d2-43c4-a952-533b61f82f02 bbf628a69d844b25b28cd3cfe3075eb0 7484f67377f54d85ba5ba7c7ca76f809 - - default default] 10.0.0.148 "POST /v2.0/ports HTTP/1.1" status: 201 len: 974 time: 0.7043910 /var/lib/openstack/lib/python3.10/site-packages/pycadf/identifier.py:71: UserWarning: Invalid uuid: neutron. To ensure interoperability, identifiers should be a valid uuid. warnings.warn(('Invalid uuid: %s. To ensure interoperability, '
2026-04-23 08:56:42.408 10 WARNING neutron.scheduler.dhcp_agent_scheduler [None req-618b8f78-af84-48a5-aa90-054d709f726f 4ffb649d2f014d15a0e1426fd422e096 70215bdd68f748c7a8ec6f081c8de20d - - default default] No more DHCP agents
2026-04-23 08:56:42.410 10 WARNING neutron.api.rpc.agentnotifiers.dhcp_rpc_agent_api [None req-618b8f78-af84-48a5-aa90-054d709f726f 4ffb649d2f014d15a0e1426fd422e096 70215bdd68f748c7a8ec6f081c8de20d - - default default] Unable to schedule network ec5477bd-f30f-408e-8675-a1f6b6bc8187: no agents available; will retry on subsequent port and subnet creation events.
2026-04-23 08:56:42.467 9 INFO neutron.db.segments_db [None req-04d79ece-81cd-4fdb-9b86-6f5dbf7f7850 bbf628a69d844b25b28cd3cfe3075eb0 7484f67377f54d85ba5ba7c7ca76f809 - - default default] Added segment d579178d-4198-4c9f-af8d-3118cffb9a38 of type geneve for network b784e49d-495c-4783-a19f-7ed8b3041661
2026-04-23 08:56:42.557 9 INFO neutron.services.segments.plugin [-] Segment f5042d04-5c5b-4a83-b61e-aa518d12e23f resource provider aggregate not found
2026-04-23 08:56:42.563 9 INFO neutron.services.segments.plugin [-] Segment f5042d04-5c5b-4a83-b61e-aa518d12e23f resource provider aggregate not found
2026-04-23 08:56:42.588 9 INFO neutron.services.segments.plugin [-] Segment f5042d04-5c5b-4a83-b61e-aa518d12e23f resource provider not found; error: Placement Client Error (4xx): {"errors": [{"status": 404, "title": "Not Found", "detail": "The resource could not be found.\n\n No resource provider with uuid f5042d04-5c5b-4a83-b61e-aa518d12e23f found for delete ", "request_id": "req-346a38aa-a8f2-46db-b0f4-c076022fd193"}]}
2026-04-23 08:56:42.592 9 INFO neutron.services.segments.plugin [-] Segment f5042d04-5c5b-4a83-b61e-aa518d12e23f resource provider not found; error: Placement Client Error (4xx): {"errors": [{"status": 404, "title": "Not Found", "detail": "The resource could not be found.\n\n No resource provider with uuid f5042d04-5c5b-4a83-b61e-aa518d12e23f found for delete ", "request_id": "req-ce912ece-8470-48b4-ad67-fa7f52381c68"}]}
2026-04-23 08:56:42.642 9 INFO neutron.wsgi [None req-3ebd6850-9584-4479-bbaf-c11754d58e01 3b8fed1cce4145eda7e305becc078a7e f8496f8ba56a4b14a1b7d6a9aa2af247 - - default default] 10.0.0.148 "DELETE /v2.0/networks/4431c008-96e5-4355-b724-daa960c1cb38 HTTP/1.1" status: 204 len: 168 time: 0.5675714
2026-04-23 08:56:42.672 9 INFO neutron.db.ovn_revision_numbers_db [None req-04d79ece-81cd-4fdb-9b86-6f5dbf7f7850 bbf628a69d844b25b28cd3cfe3075eb0 7484f67377f54d85ba5ba7c7ca76f809 - - default default] Successfully bumped revision number for resource b784e49d-495c-4783-a19f-7ed8b3041661 (type: networks) to 1
2026-04-23 08:56:42.755 10 INFO neutron.db.ovn_revision_numbers_db [None req-618b8f78-af84-48a5-aa90-054d709f726f 4ffb649d2f014d15a0e1426fd422e096 70215bdd68f748c7a8ec6f081c8de20d - - default default] Successfully bumped revision number for resource 5481af90-f8fc-4d83-9ec1-b1a985c94e81 (type: floatingips) to 0
2026-04-23 08:56:42.771 10 INFO neutron.wsgi [None req-618b8f78-af84-48a5-aa90-054d709f726f 4ffb649d2f014d15a0e1426fd422e096 70215bdd68f748c7a8ec6f081c8de20d - - default default] 10.0.0.148 "POST /v2.0/floatingips HTTP/1.1" status: 201 len: 751 time: 0.6172521
2026-04-23 08:56:42.843 10 INFO neutron.wsgi [None req-d12d9bdb-eb69-42a7-839a-8c964d018756 3b8fed1cce4145eda7e305becc078a7e f8496f8ba56a4b14a1b7d6a9aa2af247 - - default default] 10.0.0.148 "GET /v2.0/security-groups?tenant_id=abf4978fda1447c9b70bc5ce4e7e524e&name=default HTTP/1.1" status: 200 len: 2996 time: 0.0382664
2026-04-23 08:56:42.867 9 WARNING neutron.scheduler.dhcp_agent_scheduler [None req-04d79ece-81cd-4fdb-9b86-6f5dbf7f7850 bbf628a69d844b25b28cd3cfe3075eb0 7484f67377f54d85ba5ba7c7ca76f809 - - default default] No more DHCP agents
2026-04-23 08:56:42.871 9 WARNING neutron.api.rpc.agentnotifiers.dhcp_rpc_agent_api [None req-04d79ece-81cd-4fdb-9b86-6f5dbf7f7850 bbf628a69d844b25b28cd3cfe3075eb0 7484f67377f54d85ba5ba7c7ca76f809 - - default default] Unable to schedule network b784e49d-495c-4783-a19f-7ed8b3041661: no agents available; will retry on subsequent port and subnet creation events.
2026-04-23 08:56:42.977 9 INFO neutron.db.ovn_revision_numbers_db [None req-04d79ece-81cd-4fdb-9b86-6f5dbf7f7850 bbf628a69d844b25b28cd3cfe3075eb0 7484f67377f54d85ba5ba7c7ca76f809 - - default default] Successfully bumped revision number for resource d4b1268b-a369-48b9-a46d-54026d207cdd (type: ports) to 1
2026-04-23 08:56:43.013 9 INFO neutron.wsgi [None req-04d79ece-81cd-4fdb-9b86-6f5dbf7f7850 bbf628a69d844b25b28cd3cfe3075eb0 7484f67377f54d85ba5ba7c7ca76f809 - - default default] 10.0.0.148 "POST /v2.0/networks HTTP/1.1" status: 201 len: 831 time: 0.6671247
2026-04-23 08:56:43.126 10 INFO neutron.wsgi [None req-4af995de-c264-4066-bd71-88c856c1a766 3b8fed1cce4145eda7e305becc078a7e f8496f8ba56a4b14a1b7d6a9aa2af247 - - default default] 10.0.0.148 "DELETE /v2.0/security-groups/6dd4956e-fed7-44a5-b738-848503360f53 HTTP/1.1" status: 204 len: 168 time: 0.2768147
2026-04-23 08:56:43.187 9 INFO neutron.db.ovn_revision_numbers_db [None req-c2ad775b-9700-4e73-9990-83ad7bbb829d 3b8fed1cce4145eda7e305becc078a7e f8496f8ba56a4b14a1b7d6a9aa2af247 - - default default] Successfully bumped revision number for resource 5ca52792-5bec-4a9a-b5a0-a60cc9189a45 (type: security_groups) to 1
2026-04-23 08:56:43.208 9 INFO neutron.db.ovn_revision_numbers_db [None req-c2ad775b-9700-4e73-9990-83ad7bbb829d 3b8fed1cce4145eda7e305becc078a7e f8496f8ba56a4b14a1b7d6a9aa2af247 - - default default] Successfully bumped revision number for resource 30bc1ce2-eb04-4664-80bc-17712debc53d (type: security_group_rules) to 0
2026-04-23 08:56:43.227 9 INFO neutron.db.ovn_revision_numbers_db [None req-c2ad775b-9700-4e73-9990-83ad7bbb829d 3b8fed1cce4145eda7e305becc078a7e f8496f8ba56a4b14a1b7d6a9aa2af247 - - default default] Successfully bumped revision number for resource 7afc6db1-ed5e-4cb6-b064-94f794ba3274 (type: security_group_rules) to 0
2026-04-23 08:56:43.254 9 INFO neutron.db.ovn_revision_numbers_db [None req-c2ad775b-9700-4e73-9990-83ad7bbb829d 3b8fed1cce4145eda7e305becc078a7e f8496f8ba56a4b14a1b7d6a9aa2af247 - - default default] Successfully bumped revision number for resource b63498cd-c978-4b85-9c7f-ec40f3619042 (type: security_group_rules) to 0
2026-04-23 08:56:43.282 9 INFO neutron.db.ovn_revision_numbers_db [None req-c2ad775b-9700-4e73-9990-83ad7bbb829d 3b8fed1cce4145eda7e305becc078a7e f8496f8ba56a4b14a1b7d6a9aa2af247 - - default default] Successfully bumped revision number for resource bb6a4915-f6e8-434c-88ed-80d9bd1d69b2 (type: security_group_rules) to 0
2026-04-23 08:56:43.306 9 INFO neutron.wsgi [req-79516907-8f3d-45f1-a23c-799f8c879e9a req-e289b02d-7e86-402c-a1a2-7092a6ab5d0b 4ffb649d2f014d15a0e1426fd422e096 70215bdd68f748c7a8ec6f081c8de20d - - default default] 10.0.0.105 "GET /v2.0/security-groups?name=tempest-securitygroup--126416541&fields=id&tenant_id=70215bdd68f748c7a8ec6f081c8de20d HTTP/1.1" status: 200 len: 267 time: 0.0658302
2026-04-23 08:56:43.354 9 WARNING neutron.scheduler.dhcp_agent_scheduler [None req-4271867f-2268-4069-b332-1b51bc896552 bbf628a69d844b25b28cd3cfe3075eb0 7484f67377f54d85ba5ba7c7ca76f809 - - default default] No more DHCP agents
2026-04-23 08:56:43.357 9 WARNING neutron.api.rpc.agentnotifiers.dhcp_rpc_agent_api [None req-4271867f-2268-4069-b332-1b51bc896552 bbf628a69d844b25b28cd3cfe3075eb0 7484f67377f54d85ba5ba7c7ca76f809 - - default default] Unable to schedule network b784e49d-495c-4783-a19f-7ed8b3041661: no agents available; will retry on subsequent port and subnet creation events.
2026-04-23 08:56:43.361 9 INFO neutron.wsgi [None req-c2ad775b-9700-4e73-9990-83ad7bbb829d 3b8fed1cce4145eda7e305becc078a7e f8496f8ba56a4b14a1b7d6a9aa2af247 - - default default] 10.0.0.148 "GET /v2.0/security-groups?tenant_id=3e7d04c927944334b9e02b28f2a3fed2&name=default HTTP/1.1" status: 200 len: 2996 time: 0.6229575
2026-04-23 08:56:43.422 9 INFO neutron.wsgi [req-79516907-8f3d-45f1-a23c-799f8c879e9a req-1959ad5a-3135-485b-bf56-898475257f4e 4ffb649d2f014d15a0e1426fd422e096 70215bdd68f748c7a8ec6f081c8de20d - - default default] 10.0.0.105 "GET /v2.0/networks?id=bec8a785-40a0-4409-b8ad-5e317beca23f HTTP/1.1" status: 200 len: 868 time: 0.1053803
2026-04-23 08:56:43.440 9 INFO neutron.wsgi [req-79516907-8f3d-45f1-a23c-799f8c879e9a req-79bbde86-2b33-4653-ac7a-ac0dd6715783 4ffb649d2f014d15a0e1426fd422e096 70215bdd68f748c7a8ec6f081c8de20d - - default default] 10.0.0.105 "GET /v2.0/quotas/70215bdd68f748c7a8ec6f081c8de20d HTTP/1.1" status: 200 len: 386 time: 0.0098817
2026-04-23 08:56:43.566 9 INFO neutron.wsgi [req-79516907-8f3d-45f1-a23c-799f8c879e9a req-b8b4508b-f20e-4ed8-a9c0-9e285190ff1d 4ffb649d2f014d15a0e1426fd422e096 70215bdd68f748c7a8ec6f081c8de20d - - default default] 10.0.0.105 "GET /v2.0/ports?tenant_id=70215bdd68f748c7a8ec6f081c8de20d&fields=id HTTP/1.1" status: 200 len: 302 time: 0.1166816
2026-04-23 08:56:43.575 10 INFO neutron.wsgi [None req-5e27626c-6451-4332-8665-bdd44183f508 3b8fed1cce4145eda7e305becc078a7e f8496f8ba56a4b14a1b7d6a9aa2af247 - - default default] 10.0.0.148 "DELETE /v2.0/security-groups/5ca52792-5bec-4a9a-b5a0-a60cc9189a45 HTTP/1.1" status: 204 len: 168 time: 0.2072437
2026-04-23 08:56:43.676 9 INFO neutron.wsgi [req-79516907-8f3d-45f1-a23c-799f8c879e9a req-7519e651-4ce1-48a8-bdaa-309f7b4028be 0b90aaf067b5401a83d2c0610e4ae3a9 cb697062842e4831b466dd2615203c97 - - 5cc8a6ff47d14da9a8777c2cc4ba702d 5cc8a6ff47d14da9a8777c2cc4ba702d] 10.0.0.105 "GET /v2.0/networks/bec8a785-40a0-4409-b8ad-5e317beca23f?fields=segments HTTP/1.1" status: 200 len: 212 time: 0.0955176
2026-04-23 08:56:43.751 9 INFO neutron.wsgi [req-79516907-8f3d-45f1-a23c-799f8c879e9a req-37bbdac7-1b8d-49cd-a39d-8f4ad3e53846 0b90aaf067b5401a83d2c0610e4ae3a9 cb697062842e4831b466dd2615203c97 - - 5cc8a6ff47d14da9a8777c2cc4ba702d 5cc8a6ff47d14da9a8777c2cc4ba702d] 10.0.0.105 "GET /v2.0/networks/bec8a785-40a0-4409-b8ad-5e317beca23f?fields=provider%3Aphysical_network&fields=provider%3Anetwork_type HTTP/1.1" status: 200 len: 277 time: 0.0706809
2026-04-23 08:56:43.955 9 INFO neutron.wsgi [req-42cb0faf-fea4-444c-aeb2-8aaa68611a3f req-227295af-459d-4a0a-82ab-aee27a64c0e2 4ffb649d2f014d15a0e1426fd422e096 70215bdd68f748c7a8ec6f081c8de20d - - default default] 10.0.0.105 "GET /v2.0/ports?device_id=58847c23-f68c-4f20-a4cb-ef2838db1b49 HTTP/1.1" status: 200 len: 210 time: 0.0243258
2026-04-23 08:56:43.998 9 INFO neutron.db.ovn_revision_numbers_db [None req-4271867f-2268-4069-b332-1b51bc896552 bbf628a69d844b25b28cd3cfe3075eb0 7484f67377f54d85ba5ba7c7ca76f809 - - default default] Successfully bumped revision number for resource d4b1268b-a369-48b9-a46d-54026d207cdd (type: ports) to 2
2026-04-23 08:56:44.041 9 INFO neutron.db.ovn_revision_numbers_db [None req-4271867f-2268-4069-b332-1b51bc896552 bbf628a69d844b25b28cd3cfe3075eb0 7484f67377f54d85ba5ba7c7ca76f809 - - default default] Successfully bumped revision number for resource b2c02450-ded0-4e5c-baec-a02578606ed6 (type: subnets) to 0
2026-04-23 08:56:44.059 9 INFO neutron.wsgi [None req-4271867f-2268-4069-b332-1b51bc896552 bbf628a69d844b25b28cd3cfe3075eb0 7484f67377f54d85ba5ba7c7ca76f809 - - default default] 10.0.0.148 "POST /v2.0/subnets HTTP/1.1" status: 201 len: 801 time: 1.0400846
2026-04-23 08:56:44.454 9 WARNING neutron.scheduler.dhcp_agent_scheduler [None req-907192ff-185d-4475-9b21-86f15198fe22 bbf628a69d844b25b28cd3cfe3075eb0 7484f67377f54d85ba5ba7c7ca76f809 - - default default] No more DHCP agents
2026-04-23 08:56:44.456 9 WARNING neutron.api.rpc.agentnotifiers.dhcp_rpc_agent_api [None req-907192ff-185d-4475-9b21-86f15198fe22 bbf628a69d844b25b28cd3cfe3075eb0 7484f67377f54d85ba5ba7c7ca76f809 - - default default] Unable to schedule network b784e49d-495c-4783-a19f-7ed8b3041661: no agents available; will retry on subsequent port and subnet creation events.
2026-04-23 08:56:44.618 9 INFO neutron.db.ovn_revision_numbers_db [None req-907192ff-185d-4475-9b21-86f15198fe22 bbf628a69d844b25b28cd3cfe3075eb0 7484f67377f54d85ba5ba7c7ca76f809 - - default default] Successfully bumped revision number for resource eded93ac-7d96-430e-b0fb-c4ba544d09b4 (type: ports) to 1 /var/lib/openstack/lib/python3.10/site-packages/pycadf/identifier.py:71: UserWarning: Invalid uuid: neutron. To ensure interoperability, identifiers should be a valid uuid. warnings.warn(('Invalid uuid: %s. To ensure interoperability, '
2026-04-23 08:56:44.677 9 INFO neutron.wsgi [None req-907192ff-185d-4475-9b21-86f15198fe22 bbf628a69d844b25b28cd3cfe3075eb0 7484f67377f54d85ba5ba7c7ca76f809 - - default default] 10.0.0.148 "POST /v2.0/ports HTTP/1.1" status: 201 len: 1149 time: 0.6118240
2026-04-23 08:56:44.709 9 INFO neutron.wsgi [req-79516907-8f3d-45f1-a23c-799f8c879e9a req-3586e652-063a-4b3b-9ef6-cab83cdd8956 4ffb649d2f014d15a0e1426fd422e096 70215bdd68f748c7a8ec6f081c8de20d - - default default] 199.19.213.52 "GET /v2.0/networks?id=bec8a785-40a0-4409-b8ad-5e317beca23f HTTP/1.1" status: 200 len: 868 time: 0.0828099
2026-04-23 08:56:44.751 9 INFO neutron.wsgi [-] 10.0.0.75 "GET / HTTP/1.1" status: 200 len: 246 time: 0.0061707
2026-04-23 08:56:44.753 9 INFO neutron.wsgi [-] 10.0.0.75 "GET / HTTP/1.1" status: 200 len: 246 time: 0.0009007
2026-04-23 08:56:44.780 9 INFO neutron.wsgi [req-79516907-8f3d-45f1-a23c-799f8c879e9a req-8a315a89-1e0c-4c03-ac76-a3f4aba8ea76 4ffb649d2f014d15a0e1426fd422e096 70215bdd68f748c7a8ec6f081c8de20d - - default default] 199.19.213.52 "GET /v2.0/security-groups?fields=id&fields=name&tenant_id=70215bdd68f748c7a8ec6f081c8de20d HTTP/1.1" status: 200 len: 379 time: 0.0623930
2026-04-23 08:56:45.047 9 INFO neutron.wsgi [req-360df652-36e3-4a77-a822-64795207a841 req-6cf2b159-c5ae-41b8-bbfd-16831e37d8b0 4ffb649d2f014d15a0e1426fd422e096 70215bdd68f748c7a8ec6f081c8de20d - - default default] 10.0.0.105 "GET /v2.0/ports?device_id=58847c23-f68c-4f20-a4cb-ef2838db1b49 HTTP/1.1" status: 200 len: 210 time: 0.0222635
2026-04-23 08:56:45.084 10 INFO neutron.wsgi [None req-388cba95-683c-4029-bf10-2c6ec7185561 bbf628a69d844b25b28cd3cfe3075eb0 7484f67377f54d85ba5ba7c7ca76f809 - - default default] 10.0.0.148 "DELETE /v2.0/ports/eded93ac-7d96-430e-b0fb-c4ba544d09b4 HTTP/1.1" status: 204 len: 168 time: 0.4015412
2026-04-23 08:56:45.126 10 INFO neutron.pecan_wsgi.hooks.translation [None req-64bc17f2-698e-4946-a2d8-59aadb6074c5 bbf628a69d844b25b28cd3cfe3075eb0 7484f67377f54d85ba5ba7c7ca76f809 - - default default] DELETE failed (client error): The resource could not be found.
2026-04-23 08:56:45.129 10 INFO neutron.wsgi [None req-64bc17f2-698e-4946-a2d8-59aadb6074c5 bbf628a69d844b25b28cd3cfe3075eb0 7484f67377f54d85ba5ba7c7ca76f809 - - default default] 10.0.0.148 "DELETE /v2.0/ports/eded93ac-7d96-430e-b0fb-c4ba544d09b4 HTTP/1.1" status: 404 len: 333 time: 0.0366774 /var/lib/openstack/lib/python3.10/site-packages/pycadf/identifier.py:71: UserWarning: Invalid uuid: neutron. To ensure interoperability, identifiers should be a valid uuid. warnings.warn(('Invalid uuid: %s. To ensure interoperability, '
2026-04-23 08:56:45.166 9 INFO neutron.pecan_wsgi.hooks.translation [None req-07b06d04-0cc2-4f78-8bef-0ee993ced3f9 bbf628a69d844b25b28cd3cfe3075eb0 7484f67377f54d85ba5ba7c7ca76f809 - - default default] GET failed (client error): The resource could not be found.
2026-04-23 08:56:45.168 9 INFO neutron.wsgi [None req-07b06d04-0cc2-4f78-8bef-0ee993ced3f9 bbf628a69d844b25b28cd3cfe3075eb0 7484f67377f54d85ba5ba7c7ca76f809 - - default default] 10.0.0.148 "GET /v2.0/ports/eded93ac-7d96-430e-b0fb-c4ba544d09b4 HTTP/1.1" status: 404 len: 333 time: 0.0346198
2026-04-23 08:56:45.177 9 WARNING neutron.scheduler.dhcp_agent_scheduler [req-79516907-8f3d-45f1-a23c-799f8c879e9a req-ced79d0a-9deb-4b16-92e2-f17958c925c8 4ffb649d2f014d15a0e1426fd422e096 70215bdd68f748c7a8ec6f081c8de20d - - default default] No more DHCP agents
2026-04-23 08:56:45.180 9 WARNING neutron.api.rpc.agentnotifiers.dhcp_rpc_agent_api [req-79516907-8f3d-45f1-a23c-799f8c879e9a req-ced79d0a-9deb-4b16-92e2-f17958c925c8 4ffb649d2f014d15a0e1426fd422e096 70215bdd68f748c7a8ec6f081c8de20d - - default default] Unable to schedule network bec8a785-40a0-4409-b8ad-5e317beca23f: no agents available; will retry on subsequent port and subnet creation events.
2026-04-23 08:56:45.391 9 INFO neutron.db.ovn_revision_numbers_db [req-79516907-8f3d-45f1-a23c-799f8c879e9a req-ced79d0a-9deb-4b16-92e2-f17958c925c8 4ffb649d2f014d15a0e1426fd422e096 70215bdd68f748c7a8ec6f081c8de20d - - default default] Successfully bumped revision number for resource dfff88e4-e7a0-4172-bd5c-dbd077c2c7e9 (type: ports) to 1
2026-04-23 08:56:45.420 9 INFO neutron.wsgi [req-79516907-8f3d-45f1-a23c-799f8c879e9a req-ced79d0a-9deb-4b16-92e2-f17958c925c8 4ffb649d2f014d15a0e1426fd422e096 70215bdd68f748c7a8ec6f081c8de20d - - default default] 199.19.213.52 "POST /v2.0/ports HTTP/1.1" status: 201 len: 1158 time: 0.6361444 /var/lib/openstack/lib/python3.10/site-packages/pycadf/identifier.py:71: UserWarning: Invalid uuid: neutron. To ensure interoperability, identifiers should be a valid uuid. warnings.warn(('Invalid uuid: %s. To ensure interoperability, '
2026-04-23 08:56:45.439 10 INFO neutron.wsgi [None req-759a316a-6538-49ad-9edf-5eb9c408a032 bbf628a69d844b25b28cd3cfe3075eb0 7484f67377f54d85ba5ba7c7ca76f809 - - default default] 10.0.0.148 "DELETE /v2.0/subnets/b2c02450-ded0-4e5c-baec-a02578606ed6 HTTP/1.1" status: 204 len: 168 time: 0.2611172
2026-04-23 08:56:45.784 9 WARNING neutron.plugins.ml2.drivers.ovn.mech_driver.ovsdb.ovn_client [None req-82efcabf-bda5-45ce-a1f2-a698d14cc178 - - - - - -] No hosting information found for port 69d9f46f-e725-4e62-a3e0-2b36c8756072: RuntimeError: No hosting information found for port 69d9f46f-e725-4e62-a3e0-2b36c8756072
2026-04-23 08:56:45.858 9 INFO neutron.db.ovn_revision_numbers_db [None req-29f6dcac-0540-43bf-862d-16f4922fa539 d489b9fec8f445db94b179269f9456ba 733b8f596b814e6ba980fafe78edc361 - - default default] Successfully bumped revision number for resource 0e154109-23bd-4d5e-8f55-e3f5169b3b57 (type: security_groups) to 1
2026-04-23 08:56:45.870 10 INFO neutron.services.segments.plugin [-] Segment d579178d-4198-4c9f-af8d-3118cffb9a38 resource provider aggregate not found
2026-04-23 08:56:45.882 9 INFO neutron.db.ovn_revision_numbers_db [None req-29f6dcac-0540-43bf-862d-16f4922fa539 d489b9fec8f445db94b179269f9456ba 733b8f596b814e6ba980fafe78edc361 - - default default] Successfully bumped revision number for resource 11b1faee-0f16-4ca1-a764-490cd462f996 (type: security_group_rules) to 0
2026-04-23 08:56:45.887 10 INFO neutron.services.segments.plugin [-] Segment d579178d-4198-4c9f-af8d-3118cffb9a38 resource provider aggregate not found
2026-04-23 08:56:45.890 9 INFO neutron.db.ovn_revision_numbers_db [req-79516907-8f3d-45f1-a23c-799f8c879e9a req-2a3cf9a3-8b62-4d61-8565-3350a9579952 0b90aaf067b5401a83d2c0610e4ae3a9 cb697062842e4831b466dd2615203c97 - - 5cc8a6ff47d14da9a8777c2cc4ba702d 5cc8a6ff47d14da9a8777c2cc4ba702d] Successfully bumped revision number for resource dfff88e4-e7a0-4172-bd5c-dbd077c2c7e9 (type: ports) to 2
2026-04-23 08:56:45.894 9 INFO neutron.db.ovn_revision_numbers_db [None req-29f6dcac-0540-43bf-862d-16f4922fa539 d489b9fec8f445db94b179269f9456ba 733b8f596b814e6ba980fafe78edc361 - - default default] Successfully bumped revision number for resource 3ba6f3d3-731f-4d31-a6ac-af6cf160791e (type: security_group_rules) to 0
2026-04-23 08:56:45.906 9 INFO neutron.db.ovn_revision_numbers_db [None req-29f6dcac-0540-43bf-862d-16f4922fa539 d489b9fec8f445db94b179269f9456ba 733b8f596b814e6ba980fafe78edc361 - - default default] Successfully bumped revision number for resource 7527b015-34cd-41f4-b774-8afd2a3bf678 (type: security_group_rules) to 0
2026-04-23 08:56:45.907 10 INFO neutron.services.segments.plugin [-] Segment d579178d-4198-4c9f-af8d-3118cffb9a38 resource provider not found; error: Placement Client Error (4xx): {"errors": [{"status": 404, "title": "Not Found", "detail": "The resource could not be found.\n\n No resource provider with uuid d579178d-4198-4c9f-af8d-3118cffb9a38 found for delete ", "request_id": "req-ec028034-da14-4f29-90ff-15a557088853"}]}
2026-04-23 08:56:45.911 10 INFO neutron.services.segments.plugin [-] Segment d579178d-4198-4c9f-af8d-3118cffb9a38 resource provider not found; error: Placement Client Error (4xx): {"errors": [{"status": 404, "title": "Not Found", "detail": "The resource could not be found.\n\n No resource provider with uuid d579178d-4198-4c9f-af8d-3118cffb9a38 found for delete ", "request_id": "req-b6201419-d091-4578-8a54-cff56df28630"}]}
2026-04-23 08:56:45.922 9 INFO neutron.db.ovn_revision_numbers_db [None req-29f6dcac-0540-43bf-862d-16f4922fa539 d489b9fec8f445db94b179269f9456ba 733b8f596b814e6ba980fafe78edc361 - - default default] Successfully bumped revision number for resource 7e30ec9b-af3c-436a-b13f-74e112c80fb4 (type: security_group_rules) to 0
2026-04-23 08:56:45.940 10 INFO neutron.wsgi [None req-8a41b59d-9994-4e37-84eb-d26bc8d83062 bbf628a69d844b25b28cd3cfe3075eb0 7484f67377f54d85ba5ba7c7ca76f809 - - default default] 10.0.0.148 "DELETE /v2.0/networks/b784e49d-495c-4783-a19f-7ed8b3041661 HTTP/1.1" status: 204 len: 168 time: 0.4940073 /var/lib/openstack/lib/python3.10/site-packages/pycadf/identifier.py:71: UserWarning: Invalid uuid: neutron. To ensure interoperability, identifiers should be a valid uuid. warnings.warn(('Invalid uuid: %s. To ensure interoperability, '
2026-04-23 08:56:46.016 9 INFO neutron.db.segments_db [None req-29f6dcac-0540-43bf-862d-16f4922fa539 d489b9fec8f445db94b179269f9456ba 733b8f596b814e6ba980fafe78edc361 - - default default] Added segment 384a83da-d7ac-4a53-92a4-a4c7d8ddbbf3 of type geneve for network 7b5b7d9e-6ad7-45a4-b762-d011eaf9df18
2026-04-23 08:56:46.069 9 INFO neutron.db.segments_db [None req-b680e164-6765-49e8-88fb-a8cda7be14b7 bbf628a69d844b25b28cd3cfe3075eb0 7484f67377f54d85ba5ba7c7ca76f809 - - default default] Added segment 89a8b779-836c-47fe-abb1-5996ea5d6988 of type geneve for network 15c15813-98ab-42f4-abb7-37fcf0590679 /var/lib/openstack/lib/python3.10/site-packages/pycadf/identifier.py:71: UserWarning: Invalid uuid: neutron. To ensure interoperability, identifiers should be a valid uuid. warnings.warn(('Invalid uuid: %s. To ensure interoperability, '
2026-04-23 08:56:46.500 9 INFO neutron.wsgi [req-05f8f587-a899-4cdb-b9b2-3ecd8956a888 req-b5c26341-d939-47f8-8625-cdc15e1042f7 4ffb649d2f014d15a0e1426fd422e096 70215bdd68f748c7a8ec6f081c8de20d - - default default] 10.0.0.105 "GET /v2.0/ports?device_id=58847c23-f68c-4f20-a4cb-ef2838db1b49 HTTP/1.1" status: 200 len: 1168 time: 0.0654173
2026-04-23 08:56:46.548 9 INFO neutron.db.segments_db [None req-29f6dcac-0540-43bf-862d-16f4922fa539 d489b9fec8f445db94b179269f9456ba 733b8f596b814e6ba980fafe78edc361 - - default default] Added segment 00fa3a4a-784a-4ffa-8ff7-5d69c03c606d of type geneve for network 7b8aec5f-10e2-46be-9292-f278da50bbc3
