2026-04-23 09:02:07.539 10 INFO neutron.wsgi [None req-18d11687-fa59-46ee-ad33-e1569c4572d4 3b8fed1cce4145eda7e305becc078a7e f8496f8ba56a4b14a1b7d6a9aa2af247 - - default default] 199.19.213.52 "GET /v2.0/ports/7e383d71-abc0-4eec-9b6f-4a8f4b994c8f HTTP/1.1" status: 200 len: 1332 time: 0.0311093
2026-04-23 09:02:07.583 10 INFO neutron.wsgi [None req-84c363ef-a067-4ba4-82bc-1010252da4cf 3b8fed1cce4145eda7e305becc078a7e f8496f8ba56a4b14a1b7d6a9aa2af247 - - default default] 199.19.213.52 "GET /v2.0/security-groups?name=lb-efa45017-399f-4201-9f61-fabeb7070f81 HTTP/1.1" status: 200 len: 1777 time: 0.0365152
2026-04-23 09:02:07.622 10 INFO neutron.wsgi [None req-d9b5c63f-0697-4f09-b048-1f7a7f5d6adc 3b8fed1cce4145eda7e305becc078a7e f8496f8ba56a4b14a1b7d6a9aa2af247 - - default default] 199.19.213.52 "GET /v2.0/ports/7e383d71-abc0-4eec-9b6f-4a8f4b994c8f HTTP/1.1" status: 200 len: 1332 time: 0.0311532
2026-04-23 09:02:08.033 10 INFO neutron.db.ovn_revision_numbers_db [None req-122f81fb-0c00-44f4-bd45-2ba759879a05 3b8fed1cce4145eda7e305becc078a7e f8496f8ba56a4b14a1b7d6a9aa2af247 - - default default] Successfully bumped revision number for resource 7e383d71-abc0-4eec-9b6f-4a8f4b994c8f (type: ports) to 9
2026-04-23 09:02:08.062 10 INFO neutron.wsgi [None req-122f81fb-0c00-44f4-bd45-2ba759879a05 3b8fed1cce4145eda7e305becc078a7e f8496f8ba56a4b14a1b7d6a9aa2af247 - - default default] 199.19.213.52 "PUT /v2.0/ports/7e383d71-abc0-4eec-9b6f-4a8f4b994c8f HTTP/1.1" status: 200 len: 1294 time: 0.4329333
2026-04-23 09:02:08.201 10 INFO neutron.wsgi [None req-28aaac89-8923-4b40-8489-409e6adf9c75 3b8fed1cce4145eda7e305becc078a7e f8496f8ba56a4b14a1b7d6a9aa2af247 - - default default] 199.19.213.52 "DELETE /v2.0/security-groups/c56bd21d-2960-47cf-b618-ad44c966afe4 HTTP/1.1" status: 204 len: 173 time: 0.1329448
2026-04-23 09:02:08.510 10 INFO neutron.wsgi [None req-61e8bd55-36ac-406f-acfb-8e5ea52e605c 3b8fed1cce4145eda7e305becc078a7e f8496f8ba56a4b14a1b7d6a9aa2af247 - - default default] 199.19.213.52 "DELETE /v2.0/ports/7e383d71-abc0-4eec-9b6f-4a8f4b994c8f HTTP/1.1" status: 204 len: 173 time: 0.3008130
2026-04-23 09:02:08.816 10 INFO neutron.plugins.ml2.drivers.ovn.mech_driver.mech_driver [None req-2aa377b6-9cdc-4a81-8588-818126d30799 - - - - - -] OVN reports status down for port: a31c68cf-7501-4c6d-a41e-808f868077a3
2026-04-23 09:02:09.031 10 INFO neutron.notifiers.nova [-] Nova event matching ['req-60c82f63-0291-4915-b7f0-3dd3fbd5a42c'] response: {'server_uuid': '0c68636a-2f67-4b40-9744-ea17e7066b49', 'name': 'network-vif-unplugged', 'status': 'completed', 'tag': 'a31c68cf-7501-4c6d-a41e-808f868077a3', 'code': 200}
2026-04-23 09:02:09.104 9 INFO neutron.wsgi [req-09096ad8-611e-4934-8bef-a325c3043dec req-838a107c-8352-43ef-9fb8-7eb614683a38 3b8fed1cce4145eda7e305becc078a7e f8496f8ba56a4b14a1b7d6a9aa2af247 - - default default] 199.19.213.52 "GET /v2.0/ports?device_id=0c68636a-2f67-4b40-9744-ea17e7066b49 HTTP/1.1" status: 200 len: 1415 time: 0.0362613
2026-04-23 09:02:09.135 10 INFO neutron.db.ovn_revision_numbers_db [None req-2aa377b6-9cdc-4a81-8588-818126d30799 - - - - - -] Successfully bumped revision number for resource a31c68cf-7501-4c6d-a41e-808f868077a3 (type: ports) to 5 /var/lib/openstack/lib/python3.10/site-packages/pycadf/identifier.py:71: UserWarning: Invalid uuid: neutron. To ensure interoperability, identifiers should be a valid uuid. warnings.warn(('Invalid uuid: %s. To ensure interoperability, '
2026-04-23 09:02:09.368 9 INFO neutron.wsgi [req-09096ad8-611e-4934-8bef-a325c3043dec req-bc62990e-7e09-496b-b2da-81e708a695e5 3b8fed1cce4145eda7e305becc078a7e f8496f8ba56a4b14a1b7d6a9aa2af247 - - default default] 199.19.213.52 "DELETE /v2.0/ports/a31c68cf-7501-4c6d-a41e-808f868077a3 HTTP/1.1" status: 204 len: 173 time: 0.2592561
2026-04-23 09:02:09.420 9 INFO neutron.notifiers.nova [-] Nova event matching ['req-32f48aba-61d5-4443-9f40-5e98b686ba96'] response: {'server_uuid': '0c68636a-2f67-4b40-9744-ea17e7066b49', 'name': 'network-vif-deleted', 'tag': 'a31c68cf-7501-4c6d-a41e-808f868077a3', 'status': 'completed', 'code': 200}
2026-04-23 09:02:10.009 10 INFO neutron.db.l3_db [None req-73d7211e-9015-461c-915b-47f6c820fb57 c07932cbf9ba46088e0b27751ebcbe33 12adb23398d04c379010c1549345f67b - - default default] Floating IP 7e6030c3-b994-44f0-b638-677518bc192b disassociated (deleted). External IP: 10.96.250.203, port: 0653c22c-6ffb-499c-a158-a25b4faaf550.
2026-04-23 09:02:10.089 10 INFO neutron.wsgi [None req-73d7211e-9015-461c-915b-47f6c820fb57 c07932cbf9ba46088e0b27751ebcbe33 12adb23398d04c379010c1549345f67b - - default default] 10.0.0.148 "DELETE /v2.0/floatingips/7e6030c3-b994-44f0-b638-677518bc192b HTTP/1.1" status: 204 len: 168 time: 0.8167953 /var/lib/openstack/lib/python3.10/site-packages/pycadf/identifier.py:71: UserWarning: Invalid uuid: neutron. To ensure interoperability, identifiers should be a valid uuid. warnings.warn(('Invalid uuid: %s. To ensure interoperability, '
2026-04-23 09:02:10.117 10 INFO neutron.api.v2.resource [None req-d02c8c80-cc33-4ab0-a825-9d4dda8f708c c07932cbf9ba46088e0b27751ebcbe33 12adb23398d04c379010c1549345f67b - - default default] show failed (client error): The resource could not be found.
2026-04-23 09:02:10.119 10 INFO neutron.wsgi [None req-d02c8c80-cc33-4ab0-a825-9d4dda8f708c c07932cbf9ba46088e0b27751ebcbe33 12adb23398d04c379010c1549345f67b - - default default] 10.0.0.148 "GET /v2.0/floatingips/7e6030c3-b994-44f0-b638-677518bc192b HTTP/1.1" status: 404 len: 345 time: 0.0243483
2026-04-23 09:02:10.347 10 INFO neutron.plugins.ml2.drivers.ovn.mech_driver.mech_driver [None req-2aa377b6-9cdc-4a81-8588-818126d30799 - - - - - -] OVN reports status down for port: 0653c22c-6ffb-499c-a158-a25b4faaf550
2026-04-23 09:02:10.419 9 INFO neutron.wsgi [req-89c1dbfe-aa6d-4d31-9e60-0f7d1fe12637 req-546ede70-7966-4712-84b5-8319eb10f2ef c07932cbf9ba46088e0b27751ebcbe33 12adb23398d04c379010c1549345f67b - - default default] 10.0.0.105 "GET /v2.0/ports?device_id=71c3f9ba-38c0-4004-97e2-f11ebb1442a3 HTTP/1.1" status: 200 len: 1396 time: 0.1339321
2026-04-23 09:02:10.481 9 INFO neutron.wsgi [req-89c1dbfe-aa6d-4d31-9e60-0f7d1fe12637 req-52676304-187a-49e4-9663-ff16e53ba6ac c07932cbf9ba46088e0b27751ebcbe33 12adb23398d04c379010c1549345f67b - - default default] 10.0.0.105 "GET /v2.0/security-groups?id=e686bc68-5919-48ca-baf6-be4065b16b73&fields=id&fields=name HTTP/1.1" status: 200 len: 310 time: 0.0551314
2026-04-23 09:02:10.653 9 INFO neutron.wsgi [req-28404a5d-28dd-4e0d-9b8d-91acf9bb4495 req-82069c48-ade7-4274-938e-cd488bf68f1a c07932cbf9ba46088e0b27751ebcbe33 12adb23398d04c379010c1549345f67b - - default default] 199.19.213.52 "GET /v2.0/ports?device_id=71c3f9ba-38c0-4004-97e2-f11ebb1442a3 HTTP/1.1" status: 200 len: 1394 time: 0.0441735
2026-04-23 09:02:10.701 10 INFO neutron.db.ovn_revision_numbers_db [None req-2aa377b6-9cdc-4a81-8588-818126d30799 - - - - - -] Successfully bumped revision number for resource 0653c22c-6ffb-499c-a158-a25b4faaf550 (type: ports) to 5
2026-04-23 09:02:11.011 9 INFO neutron.wsgi [req-28404a5d-28dd-4e0d-9b8d-91acf9bb4495 req-cf970201-0d46-40fa-ad1e-f3a9142f4c7d c07932cbf9ba46088e0b27751ebcbe33 12adb23398d04c379010c1549345f67b - - default default] 199.19.213.52 "DELETE /v2.0/ports/0653c22c-6ffb-499c-a158-a25b4faaf550 HTTP/1.1" status: 204 len: 173 time: 0.3506849
2026-04-23 09:02:11.075 10 INFO neutron.notifiers.nova [-] Nova event matching ['req-262f5d3f-cb8a-474d-b862-802fae3b5184'] response: {'server_uuid': '0c68636a-2f67-4b40-9744-ea17e7066b49', 'name': 'network-vif-plugged', 'status': 'completed', 'tag': 'a31c68cf-7501-4c6d-a41e-808f868077a3', 'code': 200}
2026-04-23 09:02:11.075 10 INFO neutron.notifiers.nova [-] Nova event matching ['req-262f5d3f-cb8a-474d-b862-802fae3b5184'] response: {'name': 'network-changed', 'server_uuid': '71c3f9ba-38c0-4004-97e2-f11ebb1442a3', 'tag': '0653c22c-6ffb-499c-a158-a25b4faaf550', 'status': 'completed', 'code': 200}
2026-04-23 09:02:11.076 10 INFO neutron.notifiers.nova [-] Nova event matching ['req-262f5d3f-cb8a-474d-b862-802fae3b5184'] response: {'server_uuid': '71c3f9ba-38c0-4004-97e2-f11ebb1442a3', 'name': 'network-vif-unplugged', 'status': 'completed', 'tag': '0653c22c-6ffb-499c-a158-a25b4faaf550', 'code': 200}
2026-04-23 09:02:11.076 10 INFO neutron.notifiers.nova [-] Nova event matching ['req-262f5d3f-cb8a-474d-b862-802fae3b5184'] response: {'server_uuid': '71c3f9ba-38c0-4004-97e2-f11ebb1442a3', 'name': 'network-vif-plugged', 'status': 'completed', 'tag': '0653c22c-6ffb-499c-a158-a25b4faaf550', 'code': 200}
2026-04-23 09:02:11.116 9 INFO neutron.wsgi [req-22db0bb8-1f97-4137-9f8c-f7438bc624cc req-07744a94-45b2-401f-b786-30258f9b353f 0b90aaf067b5401a83d2c0610e4ae3a9 cb697062842e4831b466dd2615203c97 - - 5cc8a6ff47d14da9a8777c2cc4ba702d 5cc8a6ff47d14da9a8777c2cc4ba702d] 199.19.213.52 "GET /v2.0/ports?tenant_id=12adb23398d04c379010c1549345f67b&device_id=71c3f9ba-38c0-4004-97e2-f11ebb1442a3 HTTP/1.1" status: 200 len: 210 time: 0.0225191
2026-04-23 09:02:11.224 9 INFO neutron.wsgi [req-22db0bb8-1f97-4137-9f8c-f7438bc624cc req-6f2831e3-4ddc-4153-9cac-dca418e81f51 0b90aaf067b5401a83d2c0610e4ae3a9 cb697062842e4831b466dd2615203c97 - - 5cc8a6ff47d14da9a8777c2cc4ba702d 5cc8a6ff47d14da9a8777c2cc4ba702d] 199.19.213.52 "GET /v2.0/networks?tenant_id=12adb23398d04c379010c1549345f67b&shared=False HTTP/1.1" status: 200 len: 2583 time: 0.1046119
2026-04-23 09:02:11.328 9 INFO neutron.wsgi [req-22db0bb8-1f97-4137-9f8c-f7438bc624cc req-e10a239c-b2d7-471c-9a5e-aa8ed5e791cd 0b90aaf067b5401a83d2c0610e4ae3a9 cb697062842e4831b466dd2615203c97 - - 5cc8a6ff47d14da9a8777c2cc4ba702d 5cc8a6ff47d14da9a8777c2cc4ba702d] 199.19.213.52 "GET /v2.0/networks?shared=True HTTP/1.1" status: 200 len: 952 time: 0.0988219
2026-04-23 09:02:11.462 9 INFO neutron.notifiers.nova [-] Nova event matching ['req-2f97f516-b1ab-42d7-9bb6-d116f6517431'] response: {'server_uuid': '71c3f9ba-38c0-4004-97e2-f11ebb1442a3', 'name': 'network-vif-deleted', 'tag': '0653c22c-6ffb-499c-a158-a25b4faaf550', 'status': 'completed', 'code': 200}
2026-04-23 09:02:14.747 9 INFO neutron.wsgi [-] 10.0.0.75 "GET / HTTP/1.1" status: 200 len: 246 time: 0.0020580
2026-04-23 09:02:14.748 10 INFO neutron.wsgi [-] 10.0.0.75 "GET / HTTP/1.1" status: 200 len: 246 time: 0.0029454
2026-04-23 09:02:15.981 9 INFO neutron.db.l3_db [None req-40047d35-3968-4b8a-8c27-899e5e53ad16 c07932cbf9ba46088e0b27751ebcbe33 12adb23398d04c379010c1549345f67b - - default default] Floating IP a3b47039-6815-4756-acb0-6fb906299761 disassociated (deleted). External IP: 10.96.250.220, port: dd1aac8c-f0dc-4476-ad33-9e10af906bf9.
2026-04-23 09:02:16.025 9 INFO neutron.wsgi [None req-40047d35-3968-4b8a-8c27-899e5e53ad16 c07932cbf9ba46088e0b27751ebcbe33 12adb23398d04c379010c1549345f67b - - default default] 10.0.0.148 "DELETE /v2.0/floatingips/a3b47039-6815-4756-acb0-6fb906299761 HTTP/1.1" status: 204 len: 168 time: 0.4732275 /var/lib/openstack/lib/python3.10/site-packages/pycadf/identifier.py:71: UserWarning: Invalid uuid: neutron. To ensure interoperability, identifiers should be a valid uuid. warnings.warn(('Invalid uuid: %s. To ensure interoperability, '
2026-04-23 09:02:16.065 10 INFO neutron.api.v2.resource [None req-bdb05a69-2c3b-4fb7-982c-28cff21c931b c07932cbf9ba46088e0b27751ebcbe33 12adb23398d04c379010c1549345f67b - - default default] show failed (client error): The resource could not be found.
2026-04-23 09:02:16.067 10 INFO neutron.wsgi [None req-bdb05a69-2c3b-4fb7-982c-28cff21c931b c07932cbf9ba46088e0b27751ebcbe33 12adb23398d04c379010c1549345f67b - - default default] 10.0.0.148 "GET /v2.0/floatingips/a3b47039-6815-4756-acb0-6fb906299761 HTTP/1.1" status: 404 len: 345 time: 0.0351717
2026-04-23 09:02:16.068 9 INFO neutron.notifiers.nova [-] Nova event matching ['req-9fda0c92-2438-48f5-9393-6673079d2964'] response: {'name': 'network-changed', 'server_uuid': '31b41bfe-b80a-4654-a3b0-6842b61755d1', 'tag': 'dd1aac8c-f0dc-4476-ad33-9e10af906bf9', 'status': 'completed', 'code': 200}
2026-04-23 09:02:16.130 9 INFO neutron.wsgi [req-98e789ef-0baf-4dac-80bf-76e9145a39a1 req-9ab1dc11-e538-4274-bac3-9b484e0d12fc 0b90aaf067b5401a83d2c0610e4ae3a9 cb697062842e4831b466dd2615203c97 - - 5cc8a6ff47d14da9a8777c2cc4ba702d 5cc8a6ff47d14da9a8777c2cc4ba702d] 199.19.213.52 "GET /v2.0/ports?tenant_id=12adb23398d04c379010c1549345f67b&device_id=31b41bfe-b80a-4654-a3b0-6842b61755d1 HTTP/1.1" status: 200 len: 1634 time: 0.0352998
2026-04-23 09:02:16.220 9 INFO neutron.wsgi [req-98e789ef-0baf-4dac-80bf-76e9145a39a1 req-0794762a-589b-4c44-9736-e07ef029dc34 0b90aaf067b5401a83d2c0610e4ae3a9 cb697062842e4831b466dd2615203c97 - - 5cc8a6ff47d14da9a8777c2cc4ba702d 5cc8a6ff47d14da9a8777c2cc4ba702d] 199.19.213.52 "GET /v2.0/networks?id=ad58d157-9c05-4811-b23b-36c3e4b8350c HTTP/1.1" status: 200 len: 1003 time: 0.0828948
2026-04-23 09:02:16.277 9 INFO neutron.wsgi [req-98e789ef-0baf-4dac-80bf-76e9145a39a1 req-f7052734-4f30-4563-80eb-2729a8156680 0b90aaf067b5401a83d2c0610e4ae3a9 cb697062842e4831b466dd2615203c97 - - 5cc8a6ff47d14da9a8777c2cc4ba702d 5cc8a6ff47d14da9a8777c2cc4ba702d] 199.19.213.52 "GET /v2.0/floatingips?fixed_ip_address=10.2.1.202&port_id=dd1aac8c-f0dc-4476-ad33-9e10af906bf9 HTTP/1.1" status: 200 len: 217 time: 0.0522034
2026-04-23 09:02:16.293 10 INFO neutron.plugins.ml2.drivers.ovn.mech_driver.mech_driver [None req-2aa377b6-9cdc-4a81-8588-818126d30799 - - - - - -] OVN reports status down for port: dd1aac8c-f0dc-4476-ad33-9e10af906bf9
2026-04-23 09:02:16.320 9 INFO neutron.wsgi [req-98e789ef-0baf-4dac-80bf-76e9145a39a1 req-0791721b-2e91-455c-87f7-ef05ad8eefbd 0b90aaf067b5401a83d2c0610e4ae3a9 cb697062842e4831b466dd2615203c97 - - 5cc8a6ff47d14da9a8777c2cc4ba702d 5cc8a6ff47d14da9a8777c2cc4ba702d] 199.19.213.52 "GET /v2.0/floatingips?fixed_ip_address=fd7b%3Af9f7%3Afff%3A4eca%3A%3Af4&port_id=dd1aac8c-f0dc-4476-ad33-9e10af906bf9 HTTP/1.1" status: 200 len: 217 time: 0.0326548
2026-04-23 09:02:16.371 9 INFO neutron.wsgi [req-98e789ef-0baf-4dac-80bf-76e9145a39a1 req-70858b96-37db-43e1-b80b-b1ccdb7be244 0b90aaf067b5401a83d2c0610e4ae3a9 cb697062842e4831b466dd2615203c97 - - 5cc8a6ff47d14da9a8777c2cc4ba702d 5cc8a6ff47d14da9a8777c2cc4ba702d] 199.19.213.52 "GET /v2.0/subnets?id=4d4b5604-bbd9-414c-bd04-e87f336bc0ee&id=bc6805e4-d296-4afd-991f-07567b01e506 HTTP/1.1" status: 200 len: 1563 time: 0.0362954
2026-04-23 09:02:16.379 9 INFO neutron.wsgi [req-ac8acd30-3b68-417e-b2b1-9ce38e64da23 req-916d0dbe-cb21-48a4-863a-727b7d9cff4a c07932cbf9ba46088e0b27751ebcbe33 12adb23398d04c379010c1549345f67b - - default default] 10.0.0.105 "GET /v2.0/ports?device_id=31b41bfe-b80a-4654-a3b0-6842b61755d1 HTTP/1.1" status: 200 len: 1396 time: 0.1447146
2026-04-23 09:02:16.415 9 INFO neutron.wsgi [req-98e789ef-0baf-4dac-80bf-76e9145a39a1 req-2c615fc3-75c0-4ec1-a1b0-ce98c2e5075e 0b90aaf067b5401a83d2c0610e4ae3a9 cb697062842e4831b466dd2615203c97 - - 5cc8a6ff47d14da9a8777c2cc4ba702d 5cc8a6ff47d14da9a8777c2cc4ba702d] 199.19.213.52 "GET /v2.0/ports?network_id=ad58d157-9c05-4811-b23b-36c3e4b8350c&device_owner=network%3Adhcp HTTP/1.1" status: 200 len: 210 time: 0.0355325
2026-04-23 09:02:16.466 9 INFO neutron.wsgi [req-ac8acd30-3b68-417e-b2b1-9ce38e64da23 req-2d0e1414-6745-459b-a478-b8bf5d62224c c07932cbf9ba46088e0b27751ebcbe33 12adb23398d04c379010c1549345f67b - - default default] 10.0.0.105 "GET /v2.0/security-groups?id=e686bc68-5919-48ca-baf6-be4065b16b73&fields=id&fields=name HTTP/1.1" status: 200 len: 310 time: 0.0809717
2026-04-23 09:02:16.468 9 INFO neutron.wsgi [req-98e789ef-0baf-4dac-80bf-76e9145a39a1 req-648d893e-5ae1-40f9-bb3a-1001bc28962a 0b90aaf067b5401a83d2c0610e4ae3a9 cb697062842e4831b466dd2615203c97 - - 5cc8a6ff47d14da9a8777c2cc4ba702d 5cc8a6ff47d14da9a8777c2cc4ba702d] 199.19.213.52 "GET /v2.0/ports?network_id=ad58d157-9c05-4811-b23b-36c3e4b8350c&device_owner=network%3Adhcp HTTP/1.1" status: 200 len: 210 time: 0.0338697
2026-04-23 09:02:16.496 10 INFO neutron.notifiers.nova [-] Nova event matching ['req-6bd8178b-8030-4321-94fe-ac29eb149c0f'] response: {'server_uuid': '31b41bfe-b80a-4654-a3b0-6842b61755d1', 'name': 'network-vif-unplugged', 'status': 'completed', 'tag': 'dd1aac8c-f0dc-4476-ad33-9e10af906bf9', 'code': 200}
2026-04-23 09:02:16.549 9 INFO neutron.wsgi [req-98e789ef-0baf-4dac-80bf-76e9145a39a1 req-71efce3c-0f79-4bdf-b1de-343e07ef2675 0b90aaf067b5401a83d2c0610e4ae3a9 cb697062842e4831b466dd2615203c97 - - 5cc8a6ff47d14da9a8777c2cc4ba702d 5cc8a6ff47d14da9a8777c2cc4ba702d] 199.19.213.52 "GET /v2.0/networks/ad58d157-9c05-4811-b23b-36c3e4b8350c?fields=segments HTTP/1.1" status: 200 len: 212 time: 0.0720940
2026-04-23 09:02:16.613 9 INFO neutron.wsgi [req-98e789ef-0baf-4dac-80bf-76e9145a39a1 req-1f3aa692-b696-4338-b5de-f509e79fa26d 0b90aaf067b5401a83d2c0610e4ae3a9 cb697062842e4831b466dd2615203c97 - - 5cc8a6ff47d14da9a8777c2cc4ba702d 5cc8a6ff47d14da9a8777c2cc4ba702d] 199.19.213.52 "GET /v2.0/networks/ad58d157-9c05-4811-b23b-36c3e4b8350c?fields=provider%3Aphysical_network&fields=provider%3Anetwork_type HTTP/1.1" status: 200 len: 277 time: 0.0577312
2026-04-23 09:02:16.746 10 INFO neutron.wsgi [req-2aacf8c2-eb20-48b7-9886-712c2805b95f req-0945c743-bd96-40f5-9b5e-44db245e173f c07932cbf9ba46088e0b27751ebcbe33 12adb23398d04c379010c1549345f67b - - default default] 199.19.213.52 "GET /v2.0/ports?device_id=31b41bfe-b80a-4654-a3b0-6842b61755d1 HTTP/1.1" status: 200 len: 1394 time: 0.1385841
2026-04-23 09:02:16.777 10 INFO neutron.db.ovn_revision_numbers_db [None req-2aa377b6-9cdc-4a81-8588-818126d30799 - - - - - -] Successfully bumped revision number for resource dd1aac8c-f0dc-4476-ad33-9e10af906bf9 (type: ports) to 5
2026-04-23 09:02:17.092 10 INFO neutron.wsgi [req-2aacf8c2-eb20-48b7-9886-712c2805b95f req-86b1c8e9-9e47-4867-806a-2258b5a46a26 c07932cbf9ba46088e0b27751ebcbe33 12adb23398d04c379010c1549345f67b - - default default] 199.19.213.52 "DELETE /v2.0/ports/dd1aac8c-f0dc-4476-ad33-9e10af906bf9 HTTP/1.1" status: 204 len: 173 time: 0.3393545
2026-04-23 09:02:18.550 10 INFO neutron.notifiers.nova [-] Nova event matching ['req-8ee7aed1-86c7-4d6c-b583-0735559c6b07'] response: {'server_uuid': '31b41bfe-b80a-4654-a3b0-6842b61755d1', 'name': 'network-vif-plugged', 'status': 'completed', 'tag': 'dd1aac8c-f0dc-4476-ad33-9e10af906bf9', 'code': 200}
2026-04-23 09:02:18.551 10 INFO neutron.notifiers.nova [-] Nova event matching ['req-8ee7aed1-86c7-4d6c-b583-0735559c6b07'] response: {'server_uuid': '31b41bfe-b80a-4654-a3b0-6842b61755d1', 'name': 'network-vif-deleted', 'tag': 'dd1aac8c-f0dc-4476-ad33-9e10af906bf9', 'status': 'completed', 'code': 200} /var/lib/openstack/lib/python3.10/site-packages/pycadf/identifier.py:71: UserWarning: Invalid uuid: neutron. To ensure interoperability, identifiers should be a valid uuid. warnings.warn(('Invalid uuid: %s. To ensure interoperability, '
2026-04-23 09:02:21.697 10 INFO neutron.wsgi [None req-f917f6b2-4e29-4573-8054-6831c1298a30 c07932cbf9ba46088e0b27751ebcbe33 12adb23398d04c379010c1549345f67b - - default default] 10.0.0.148 "DELETE /v2.0/security-group-rules/a757e15c-7547-4737-9980-c2db9ee25674 HTTP/1.1" status: 204 len: 168 time: 0.1505032
2026-04-23 09:02:21.709 10 INFO neutron.api.v2.resource [None req-7feb41b3-1535-43d3-ac56-79a439bb56bb c07932cbf9ba46088e0b27751ebcbe33 12adb23398d04c379010c1549345f67b - - default default] show failed (client error): The resource could not be found.
2026-04-23 09:02:21.710 10 INFO neutron.wsgi [None req-7feb41b3-1535-43d3-ac56-79a439bb56bb c07932cbf9ba46088e0b27751ebcbe33 12adb23398d04c379010c1549345f67b - - default default] 10.0.0.148 "GET /v2.0/security-group-rules/a757e15c-7547-4737-9980-c2db9ee25674 HTTP/1.1" status: 404 len: 356 time: 0.0092297
2026-04-23 09:02:21.836 10 INFO neutron.wsgi [None req-2f29b4fe-ca12-44ca-908f-29f1dac47905 c07932cbf9ba46088e0b27751ebcbe33 12adb23398d04c379010c1549345f67b - - default default] 10.0.0.148 "DELETE /v2.0/security-group-rules/ce2ef6e1-e1d9-4fde-8db8-e970ffa08c78 HTTP/1.1" status: 204 len: 168 time: 0.1218126
2026-04-23 09:02:21.851 10 INFO neutron.api.v2.resource [None req-f68f5cb5-fb12-443c-a258-a8597fb904c6 c07932cbf9ba46088e0b27751ebcbe33 12adb23398d04c379010c1549345f67b - - default default] show failed (client error): The resource could not be found.
2026-04-23 09:02:21.852 10 INFO neutron.wsgi [None req-f68f5cb5-fb12-443c-a258-a8597fb904c6 c07932cbf9ba46088e0b27751ebcbe33 12adb23398d04c379010c1549345f67b - - default default] 10.0.0.148 "GET /v2.0/security-group-rules/ce2ef6e1-e1d9-4fde-8db8-e970ffa08c78 HTTP/1.1" status: 404 len: 356 time: 0.0104661
2026-04-23 09:02:21.976 10 INFO neutron.wsgi [None req-92485dd3-6ee2-4a69-9bfe-86e0cddb8586 c07932cbf9ba46088e0b27751ebcbe33 12adb23398d04c379010c1549345f67b - - default default] 10.0.0.148 "DELETE /v2.0/security-group-rules/564d4fce-eef2-4350-8cc1-689559814dda HTTP/1.1" status: 204 len: 168 time: 0.1198578
2026-04-23 09:02:21.990 10 INFO neutron.api.v2.resource [None req-edda36fa-e7a2-4d4f-a304-34fa5336edc8 c07932cbf9ba46088e0b27751ebcbe33 12adb23398d04c379010c1549345f67b - - default default] show failed (client error): The resource could not be found.
2026-04-23 09:02:21.992 10 INFO neutron.wsgi [None req-edda36fa-e7a2-4d4f-a304-34fa5336edc8 c07932cbf9ba46088e0b27751ebcbe33 12adb23398d04c379010c1549345f67b - - default default] 10.0.0.148 "GET /v2.0/security-group-rules/564d4fce-eef2-4350-8cc1-689559814dda HTTP/1.1" status: 404 len: 356 time: 0.0096297
2026-04-23 09:02:22.122 10 INFO neutron.wsgi [None req-2de6826c-7240-4520-beb4-927f0ae3a257 c07932cbf9ba46088e0b27751ebcbe33 12adb23398d04c379010c1549345f67b - - default default] 10.0.0.148 "DELETE /v2.0/security-group-rules/2116a25c-ba8d-4aab-9438-077a3055329e HTTP/1.1" status: 204 len: 168 time: 0.1261902
2026-04-23 09:02:22.139 10 INFO neutron.api.v2.resource [None req-1643d60a-38f5-4eb9-b07b-ce3623b72c75 c07932cbf9ba46088e0b27751ebcbe33 12adb23398d04c379010c1549345f67b - - default default] show failed (client error): The resource could not be found.
2026-04-23 09:02:22.140 10 INFO neutron.wsgi [None req-1643d60a-38f5-4eb9-b07b-ce3623b72c75 c07932cbf9ba46088e0b27751ebcbe33 12adb23398d04c379010c1549345f67b - - default default] 10.0.0.148 "GET /v2.0/security-group-rules/2116a25c-ba8d-4aab-9438-077a3055329e HTTP/1.1" status: 404 len: 356 time: 0.0114868
2026-04-23 09:02:22.265 10 INFO neutron.wsgi [None req-0f5a3fb3-44b4-4a49-b8b3-eb09231a2e59 c07932cbf9ba46088e0b27751ebcbe33 12adb23398d04c379010c1549345f67b - - default default] 10.0.0.148 "DELETE /v2.0/security-group-rules/5b39bd0a-a9d2-4f1f-8697-d209424b014a HTTP/1.1" status: 204 len: 168 time: 0.1198058
2026-04-23 09:02:22.282 10 INFO neutron.api.v2.resource [None req-428f1081-948a-45c1-97c1-eeee6781b3b3 c07932cbf9ba46088e0b27751ebcbe33 12adb23398d04c379010c1549345f67b - - default default] show failed (client error): The resource could not be found.
2026-04-23 09:02:22.283 10 INFO neutron.wsgi [None req-428f1081-948a-45c1-97c1-eeee6781b3b3 c07932cbf9ba46088e0b27751ebcbe33 12adb23398d04c379010c1549345f67b - - default default] 10.0.0.148 "GET /v2.0/security-group-rules/5b39bd0a-a9d2-4f1f-8697-d209424b014a HTTP/1.1" status: 404 len: 356 time: 0.0115011
2026-04-23 09:02:22.404 10 INFO neutron.wsgi [None req-358ff4aa-f405-4bc5-ab54-cc5ee6df148a c07932cbf9ba46088e0b27751ebcbe33 12adb23398d04c379010c1549345f67b - - default default] 10.0.0.148 "DELETE /v2.0/security-group-rules/9dcb14aa-3254-4538-a1ae-1727b9ab104a HTTP/1.1" status: 204 len: 168 time: 0.1159005
2026-04-23 09:02:22.418 10 INFO neutron.api.v2.resource [None req-1242d4dd-11fb-4cc7-88a4-87727b5148d2 c07932cbf9ba46088e0b27751ebcbe33 12adb23398d04c379010c1549345f67b - - default default] show failed (client error): The resource could not be found.
2026-04-23 09:02:22.419 10 INFO neutron.wsgi [None req-1242d4dd-11fb-4cc7-88a4-87727b5148d2 c07932cbf9ba46088e0b27751ebcbe33 12adb23398d04c379010c1549345f67b - - default default] 10.0.0.148 "GET /v2.0/security-group-rules/9dcb14aa-3254-4538-a1ae-1727b9ab104a HTTP/1.1" status: 404 len: 356 time: 0.0086908
2026-04-23 09:02:22.563 10 INFO neutron.wsgi [None req-f71e9300-8409-42b6-98a6-c6aee912feb1 c07932cbf9ba46088e0b27751ebcbe33 12adb23398d04c379010c1549345f67b - - default default] 10.0.0.148 "DELETE /v2.0/security-group-rules/1fb99d1a-47aa-420a-b531-6123066f331f HTTP/1.1" status: 204 len: 168 time: 0.1392145
2026-04-23 09:02:22.575 10 INFO neutron.api.v2.resource [None req-9ddd89bf-8861-431c-b3ea-aafc76e80d33 c07932cbf9ba46088e0b27751ebcbe33 12adb23398d04c379010c1549345f67b - - default default] show failed (client error): The resource could not be found.
2026-04-23 09:02:22.577 10 INFO neutron.wsgi [None req-9ddd89bf-8861-431c-b3ea-aafc76e80d33 c07932cbf9ba46088e0b27751ebcbe33 12adb23398d04c379010c1549345f67b - - default default] 10.0.0.148 "GET /v2.0/security-group-rules/1fb99d1a-47aa-420a-b531-6123066f331f HTTP/1.1" status: 404 len: 356 time: 0.0093379
2026-04-23 09:02:22.694 10 INFO neutron.wsgi [None req-dcdc4551-88ca-4fb4-9f32-30c39530fdd2 c07932cbf9ba46088e0b27751ebcbe33 12adb23398d04c379010c1549345f67b - - default default] 10.0.0.148 "DELETE /v2.0/security-group-rules/d52a322b-a60b-425a-9b89-90c265301b48 HTTP/1.1" status: 204 len: 168 time: 0.1133354
2026-04-23 09:02:22.711 10 INFO neutron.api.v2.resource [None req-5453027c-a668-4204-a619-898833eb1a38 c07932cbf9ba46088e0b27751ebcbe33 12adb23398d04c379010c1549345f67b - - default default] show failed (client error): The resource could not be found.
2026-04-23 09:02:22.712 10 INFO neutron.wsgi [None req-5453027c-a668-4204-a619-898833eb1a38 c07932cbf9ba46088e0b27751ebcbe33 12adb23398d04c379010c1549345f67b - - default default] 10.0.0.148 "GET /v2.0/security-group-rules/d52a322b-a60b-425a-9b89-90c265301b48 HTTP/1.1" status: 404 len: 356 time: 0.0122523
2026-04-23 09:02:22.823 10 INFO neutron.wsgi [None req-10ef9881-160e-4a88-a8d7-16b29ee197da c07932cbf9ba46088e0b27751ebcbe33 12adb23398d04c379010c1549345f67b - - default default] 10.0.0.148 "DELETE /v2.0/security-group-rules/e4c0bc26-bb7f-4ac1-a6cc-f6b46b40aa44 HTTP/1.1" status: 204 len: 168 time: 0.1063509
2026-04-23 09:02:22.837 10 INFO neutron.api.v2.resource [None req-49a3cb78-3a99-4617-aea2-c5395e80053b c07932cbf9ba46088e0b27751ebcbe33 12adb23398d04c379010c1549345f67b - - default default] show failed (client error): The resource could not be found.
2026-04-23 09:02:22.838 10 INFO neutron.wsgi [None req-49a3cb78-3a99-4617-aea2-c5395e80053b c07932cbf9ba46088e0b27751ebcbe33 12adb23398d04c379010c1549345f67b - - default default] 10.0.0.148 "GET /v2.0/security-group-rules/e4c0bc26-bb7f-4ac1-a6cc-f6b46b40aa44 HTTP/1.1" status: 404 len: 356 time: 0.0095997
2026-04-23 09:02:22.951 10 INFO neutron.wsgi [None req-cb96836e-d9a8-44fb-ae58-3f827976bcec c07932cbf9ba46088e0b27751ebcbe33 12adb23398d04c379010c1549345f67b - - default default] 10.0.0.148 "DELETE /v2.0/security-group-rules/2112f4e8-22e5-4d2f-910d-0cfd02ac0604 HTTP/1.1" status: 204 len: 168 time: 0.1083241
2026-04-23 09:02:22.964 10 INFO neutron.api.v2.resource [None req-282073e0-ea8e-4cdf-95ff-fbe76a4a1ece c07932cbf9ba46088e0b27751ebcbe33 12adb23398d04c379010c1549345f67b - - default default] show failed (client error): The resource could not be found.
2026-04-23 09:02:22.965 10 INFO neutron.wsgi [None req-282073e0-ea8e-4cdf-95ff-fbe76a4a1ece c07932cbf9ba46088e0b27751ebcbe33 12adb23398d04c379010c1549345f67b - - default default] 10.0.0.148 "GET /v2.0/security-group-rules/2112f4e8-22e5-4d2f-910d-0cfd02ac0604 HTTP/1.1" status: 404 len: 356 time: 0.0083580
2026-04-23 09:02:23.080 10 INFO neutron.wsgi [None req-8fcddab6-6f63-4c8a-8448-4ea6146f90cf c07932cbf9ba46088e0b27751ebcbe33 12adb23398d04c379010c1549345f67b - - default default] 10.0.0.148 "DELETE /v2.0/security-group-rules/bdb3c5a9-57d0-45aa-a2ca-24d534326166 HTTP/1.1" status: 204 len: 168 time: 0.1097226
2026-04-23 09:02:23.096 10 INFO neutron.api.v2.resource [None req-cf7b5993-ab7f-4269-9e31-6ef58c58d852 c07932cbf9ba46088e0b27751ebcbe33 12adb23398d04c379010c1549345f67b - - default default] show failed (client error): The resource could not be found.
2026-04-23 09:02:23.097 10 INFO neutron.wsgi [None req-cf7b5993-ab7f-4269-9e31-6ef58c58d852 c07932cbf9ba46088e0b27751ebcbe33 12adb23398d04c379010c1549345f67b - - default default] 10.0.0.148 "GET /v2.0/security-group-rules/bdb3c5a9-57d0-45aa-a2ca-24d534326166 HTTP/1.1" status: 404 len: 356 time: 0.0101023
2026-04-23 09:02:23.221 10 INFO neutron.wsgi [None req-fdab9b3e-e2c4-41cb-be51-951e34824d94 c07932cbf9ba46088e0b27751ebcbe33 12adb23398d04c379010c1549345f67b - - default default] 10.0.0.148 "DELETE /v2.0/security-groups/e686bc68-5919-48ca-baf6-be4065b16b73 HTTP/1.1" status: 204 len: 168 time: 0.1172333
2026-04-23 09:02:23.237 10 INFO neutron.api.v2.resource [None req-2cdba806-098d-46ea-97c5-834d0defba72 c07932cbf9ba46088e0b27751ebcbe33 12adb23398d04c379010c1549345f67b - - default default] show failed (client error): The resource could not be found.
2026-04-23 09:02:23.238 10 INFO neutron.wsgi [None req-2cdba806-098d-46ea-97c5-834d0defba72 c07932cbf9ba46088e0b27751ebcbe33 12adb23398d04c379010c1549345f67b - - default default] 10.0.0.148 "GET /v2.0/security-groups/e686bc68-5919-48ca-baf6-be4065b16b73 HTTP/1.1" status: 404 len: 347 time: 0.0119975
2026-04-23 09:02:24.227 9 INFO neutron.wsgi [None req-bdb81dcc-996f-4a37-a1b6-ee9a70889f07 c07932cbf9ba46088e0b27751ebcbe33 12adb23398d04c379010c1549345f67b - - default default] 10.0.0.148 "PUT /v2.0/routers/16f3f6eb-4649-43c0-8e83-2159ecafea67/remove_router_interface HTTP/1.1" status: 200 len: 503 time: 0.9271441
2026-04-23 09:02:24.408 10 INFO neutron.api.v2.resource [None req-8e8cf107-60aa-41a0-909a-ba9ead02094b c07932cbf9ba46088e0b27751ebcbe33 12adb23398d04c379010c1549345f67b - - default default] remove_router_interface failed (client error): The resource could not be found.
2026-04-23 09:02:24.410 10 INFO neutron.wsgi [None req-8e8cf107-60aa-41a0-909a-ba9ead02094b c07932cbf9ba46088e0b27751ebcbe33 12adb23398d04c379010c1549345f67b - - default default] 10.0.0.148 "PUT /v2.0/routers/16f3f6eb-4649-43c0-8e83-2159ecafea67/remove_router_interface HTTP/1.1" status: 404 len: 399 time: 0.1775081 /var/lib/openstack/lib/python3.10/site-packages/pycadf/identifier.py:71: UserWarning: Invalid uuid: neutron. To ensure interoperability, identifiers should be a valid uuid. warnings.warn(('Invalid uuid: %s. To ensure interoperability, '
2026-04-23 09:02:25.633 9 INFO neutron.wsgi [None req-d8033c7a-9535-4842-b7a8-47394b766967 c07932cbf9ba46088e0b27751ebcbe33 12adb23398d04c379010c1549345f67b - - default default] 10.0.0.148 "PUT /v2.0/routers/16f3f6eb-4649-43c0-8e83-2159ecafea67/remove_router_interface HTTP/1.1" status: 200 len: 503 time: 1.2141409 /var/lib/openstack/lib/python3.10/site-packages/pycadf/identifier.py:71: UserWarning: Invalid uuid: neutron. To ensure interoperability, identifiers should be a valid uuid. warnings.warn(('Invalid uuid: %s. To ensure interoperability, '
2026-04-23 09:02:25.758 9 INFO neutron.api.v2.resource [None req-ef5ad58b-e612-41bd-8615-8b3f04938a27 c07932cbf9ba46088e0b27751ebcbe33 12adb23398d04c379010c1549345f67b - - default default] remove_router_interface failed (client error): The resource could not be found.
2026-04-23 09:02:25.759 9 INFO neutron.wsgi [None req-ef5ad58b-e612-41bd-8615-8b3f04938a27 c07932cbf9ba46088e0b27751ebcbe33 12adb23398d04c379010c1549345f67b - - default default] 10.0.0.148 "PUT /v2.0/routers/16f3f6eb-4649-43c0-8e83-2159ecafea67/remove_router_interface HTTP/1.1" status: 404 len: 399 time: 0.1201982
2026-04-23 09:02:26.699 9 INFO neutron.wsgi [None req-0e1baec3-70f8-4d33-a606-281c73d5f5cc c07932cbf9ba46088e0b27751ebcbe33 12adb23398d04c379010c1549345f67b - - default default] 10.0.0.148 "PUT /v2.0/routers/16f3f6eb-4649-43c0-8e83-2159ecafea67/remove_router_interface HTTP/1.1" status: 200 len: 503 time: 0.9329987
2026-04-23 09:02:26.835 10 INFO neutron.api.v2.resource [None req-a7236482-8248-4f6a-bb80-75b79fe5f85b c07932cbf9ba46088e0b27751ebcbe33 12adb23398d04c379010c1549345f67b - - default default] remove_router_interface failed (client error): The resource could not be found.
2026-04-23 09:02:26.838 10 INFO neutron.wsgi [None req-a7236482-8248-4f6a-bb80-75b79fe5f85b c07932cbf9ba46088e0b27751ebcbe33 12adb23398d04c379010c1549345f67b - - default default] 10.0.0.148 "PUT /v2.0/routers/16f3f6eb-4649-43c0-8e83-2159ecafea67/remove_router_interface HTTP/1.1" status: 404 len: 399 time: 0.1328275 /var/lib/openstack/lib/python3.10/site-packages/pycadf/identifier.py:71: UserWarning: Invalid uuid: neutron. To ensure interoperability, identifiers should be a valid uuid. warnings.warn(('Invalid uuid: %s. To ensure interoperability, '
2026-04-23 09:02:27.441 9 INFO neutron.wsgi [None req-51c16a33-2731-48cb-a75e-398bb5058fe4 c07932cbf9ba46088e0b27751ebcbe33 12adb23398d04c379010c1549345f67b - - default default] 10.0.0.148 "DELETE /v2.0/routers/16f3f6eb-4649-43c0-8e83-2159ecafea67 HTTP/1.1" status: 204 len: 168 time: 0.5973046
2026-04-23 09:02:27.472 9 INFO neutron.api.v2.resource [None req-07aa7d7f-688b-400a-9879-000ee503d68f c07932cbf9ba46088e0b27751ebcbe33 12adb23398d04c379010c1549345f67b - - default default] show failed (client error): The resource could not be found.
2026-04-23 09:02:27.474 9 INFO neutron.wsgi [None req-07aa7d7f-688b-400a-9879-000ee503d68f c07932cbf9ba46088e0b27751ebcbe33 12adb23398d04c379010c1549345f67b - - default default] 10.0.0.148 "GET /v2.0/routers/16f3f6eb-4649-43c0-8e83-2159ecafea67 HTTP/1.1" status: 404 len: 336 time: 0.0271540
2026-04-23 09:02:27.693 9 INFO neutron.wsgi [None req-c56b580d-9636-439e-8dc3-a808ba1e5b16 c07932cbf9ba46088e0b27751ebcbe33 12adb23398d04c379010c1549345f67b - - default default] 10.0.0.148 "DELETE /v2.0/subnets/32cee5d8-0903-4e95-affe-dec29a22b224 HTTP/1.1" status: 204 len: 168 time: 0.2146006
2026-04-23 09:02:27.714 9 INFO neutron.pecan_wsgi.hooks.translation [None req-88a9d748-6ace-41d8-aaa6-0fd40d8bacab c07932cbf9ba46088e0b27751ebcbe33 12adb23398d04c379010c1549345f67b - - default default] GET failed (client error): The resource could not be found.
2026-04-23 09:02:27.715 9 INFO neutron.wsgi [None req-88a9d748-6ace-41d8-aaa6-0fd40d8bacab c07932cbf9ba46088e0b27751ebcbe33 12adb23398d04c379010c1549345f67b - - default default] 10.0.0.148 "GET /v2.0/subnets/32cee5d8-0903-4e95-affe-dec29a22b224 HTTP/1.1" status: 404 len: 337 time: 0.0160685
2026-04-23 09:02:27.895 9 INFO neutron.wsgi [None req-5ce1e3a9-c762-4539-8a0a-1d23776874d6 c07932cbf9ba46088e0b27751ebcbe33 12adb23398d04c379010c1549345f67b - - default default] 10.0.0.148 "DELETE /v2.0/subnets/d2bc0ed3-c8f6-4c38-b9c5-cac1707214f7 HTTP/1.1" status: 204 len: 168 time: 0.1730278
2026-04-23 09:02:27.922 9 INFO neutron.pecan_wsgi.hooks.translation [None req-564eba46-15f6-40e9-84bd-aa1fce6415bc c07932cbf9ba46088e0b27751ebcbe33 12adb23398d04c379010c1549345f67b - - default default] GET failed (client error): The resource could not be found.
2026-04-23 09:02:27.923 9 INFO neutron.wsgi [None req-564eba46-15f6-40e9-84bd-aa1fce6415bc c07932cbf9ba46088e0b27751ebcbe33 12adb23398d04c379010c1549345f67b - - default default] 10.0.0.148 "GET /v2.0/subnets/d2bc0ed3-c8f6-4c38-b9c5-cac1707214f7 HTTP/1.1" status: 404 len: 337 time: 0.0222168
2026-04-23 09:02:28.351 9 INFO neutron.wsgi [None req-2f9e4105-2f8c-4393-afde-7978d8749c7c c07932cbf9ba46088e0b27751ebcbe33 12adb23398d04c379010c1549345f67b - - default default] 10.0.0.148 "DELETE /v2.0/networks/76c70314-b3f7-4639-8c2b-527a3fa1487e HTTP/1.1" status: 204 len: 168 time: 0.4237678
2026-04-23 09:02:28.370 10 INFO neutron.pecan_wsgi.hooks.translation [None req-a20a6763-b4c1-4c9a-a935-c0f74718530f c07932cbf9ba46088e0b27751ebcbe33 12adb23398d04c379010c1549345f67b - - default default] GET failed (client error): The resource could not be found.
2026-04-23 09:02:28.371 10 INFO neutron.wsgi [None req-a20a6763-b4c1-4c9a-a935-c0f74718530f c07932cbf9ba46088e0b27751ebcbe33 12adb23398d04c379010c1549345f67b - - default default] 10.0.0.148 "GET /v2.0/networks/76c70314-b3f7-4639-8c2b-527a3fa1487e HTTP/1.1" status: 404 len: 339 time: 0.0145860
2026-04-23 09:02:28.441 9 INFO neutron.services.segments.plugin [-] Segment 84916bcf-9e05-483b-ae40-1829bcd96632 resource provider aggregate not found
2026-04-23 09:02:28.450 9 INFO neutron.services.segments.plugin [-] Segment 84916bcf-9e05-483b-ae40-1829bcd96632 resource provider aggregate not found
2026-04-23 09:02:28.461 9 INFO neutron.services.segments.plugin [-] Segment 84916bcf-9e05-483b-ae40-1829bcd96632 resource provider not found; error: Placement Client Error (4xx): {"errors": [{"status": 404, "title": "Not Found", "detail": "The resource could not be found.\n\n No resource provider with uuid 84916bcf-9e05-483b-ae40-1829bcd96632 found for delete ", "request_id": "req-6290b3eb-7256-45d7-ad76-6f6bddf8ea18"}]}
2026-04-23 09:02:28.469 9 INFO neutron.services.segments.plugin [-] Segment 84916bcf-9e05-483b-ae40-1829bcd96632 resource provider not found; error: Placement Client Error (4xx): {"errors": [{"status": 404, "title": "Not Found", "detail": "The resource could not be found.\n\n No resource provider with uuid 84916bcf-9e05-483b-ae40-1829bcd96632 found for delete ", "request_id": "req-ad6e1303-3324-4e18-a63e-617b1f258f44"}]}
2026-04-23 09:02:28.551 10 INFO neutron.wsgi [None req-e4f214e1-c483-47ac-a9f9-598af8c70adb c07932cbf9ba46088e0b27751ebcbe33 12adb23398d04c379010c1549345f67b - - default default] 10.0.0.148 "DELETE /v2.0/subnets/4d4b5604-bbd9-414c-bd04-e87f336bc0ee HTTP/1.1" status: 204 len: 168 time: 0.1750648
2026-04-23 09:02:28.579 10 INFO neutron.pecan_wsgi.hooks.translation [None req-1d57ded5-effa-4096-af31-9048be7c8d5f c07932cbf9ba46088e0b27751ebcbe33 12adb23398d04c379010c1549345f67b - - default default] GET failed (client error): The resource could not be found.
2026-04-23 09:02:28.581 10 INFO neutron.wsgi [None req-1d57ded5-effa-4096-af31-9048be7c8d5f c07932cbf9ba46088e0b27751ebcbe33 12adb23398d04c379010c1549345f67b - - default default] 10.0.0.148 "GET /v2.0/subnets/4d4b5604-bbd9-414c-bd04-e87f336bc0ee HTTP/1.1" status: 404 len: 337 time: 0.0223384
2026-04-23 09:02:28.835 9 INFO neutron.wsgi [None req-6bb0ee42-5a38-4fda-a1d4-ac1a1b443495 c07932cbf9ba46088e0b27751ebcbe33 12adb23398d04c379010c1549345f67b - - default default] 10.0.0.148 "DELETE /v2.0/subnets/bc6805e4-d296-4afd-991f-07567b01e506 HTTP/1.1" status: 204 len: 168 time: 0.2443120
2026-04-23 09:02:28.868 9 INFO neutron.pecan_wsgi.hooks.translation [None req-b58dea62-ebd2-4ec0-b940-ee00ecc7b210 c07932cbf9ba46088e0b27751ebcbe33 12adb23398d04c379010c1549345f67b - - default default] GET failed (client error): The resource could not be found.
2026-04-23 09:02:28.871 9 INFO neutron.wsgi [None req-b58dea62-ebd2-4ec0-b940-ee00ecc7b210 c07932cbf9ba46088e0b27751ebcbe33 12adb23398d04c379010c1549345f67b - - default default] 10.0.0.148 "GET /v2.0/subnets/bc6805e4-d296-4afd-991f-07567b01e506 HTTP/1.1" status: 404 len: 337 time: 0.0296018
2026-04-23 09:02:29.302 9 INFO neutron.wsgi [None req-86fd62c7-be6f-4a10-893d-a6a1ed3c0c0a c07932cbf9ba46088e0b27751ebcbe33 12adb23398d04c379010c1549345f67b - - default default] 10.0.0.148 "DELETE /v2.0/networks/ad58d157-9c05-4811-b23b-36c3e4b8350c HTTP/1.1" status: 204 len: 168 time: 0.4273756
2026-04-23 09:02:29.322 10 INFO neutron.pecan_wsgi.hooks.translation [None req-f05045ff-3117-4221-9b35-1d901b00b923 c07932cbf9ba46088e0b27751ebcbe33 12adb23398d04c379010c1549345f67b - - default default] GET failed (client error): The resource could not be found.
2026-04-23 09:02:29.324 10 INFO neutron.wsgi [None req-f05045ff-3117-4221-9b35-1d901b00b923 c07932cbf9ba46088e0b27751ebcbe33 12adb23398d04c379010c1549345f67b - - default default] 10.0.0.148 "GET /v2.0/networks/ad58d157-9c05-4811-b23b-36c3e4b8350c HTTP/1.1" status: 404 len: 339 time: 0.0145531
2026-04-23 09:02:29.522 10 INFO neutron.wsgi [None req-c2714516-0626-4b01-9dbd-a9597bf40c19 c07932cbf9ba46088e0b27751ebcbe33 12adb23398d04c379010c1549345f67b - - default default] 10.0.0.148 "DELETE /v2.0/subnets/0768cb46-b684-448d-9f3a-f1a43fb6130d HTTP/1.1" status: 204 len: 168 time: 0.1934018
2026-04-23 09:02:29.548 10 INFO neutron.pecan_wsgi.hooks.translation [None req-703f7437-e477-446e-9872-76c58dad3fb2 c07932cbf9ba46088e0b27751ebcbe33 12adb23398d04c379010c1549345f67b - - default default] GET failed (client error): The resource could not be found.
2026-04-23 09:02:29.549 10 INFO neutron.wsgi [None req-703f7437-e477-446e-9872-76c58dad3fb2 c07932cbf9ba46088e0b27751ebcbe33 12adb23398d04c379010c1549345f67b - - default default] 10.0.0.148 "GET /v2.0/subnets/0768cb46-b684-448d-9f3a-f1a43fb6130d HTTP/1.1" status: 404 len: 337 time: 0.0213988
2026-04-23 09:02:29.749 9 INFO neutron.wsgi [-] 10.0.0.75 "GET / HTTP/1.1" status: 200 len: 246 time: 0.0044465
2026-04-23 09:02:29.752 9 INFO neutron.wsgi [-] 10.0.0.75 "GET / HTTP/1.1" status: 200 len: 246 time: 0.0020199
2026-04-23 09:02:29.794 10 INFO neutron.wsgi [None req-5b73876f-9e1c-4783-981f-b57b57a03edb c07932cbf9ba46088e0b27751ebcbe33 12adb23398d04c379010c1549345f67b - - default default] 10.0.0.148 "DELETE /v2.0/subnets/09573038-4c15-4a48-bd7f-10d012e97fa3 HTTP/1.1" status: 204 len: 168 time: 0.2374387
2026-04-23 09:02:29.819 10 INFO neutron.pecan_wsgi.hooks.translation [None req-af06d14b-ee13-4257-8892-2b6673a470d5 c07932cbf9ba46088e0b27751ebcbe33 12adb23398d04c379010c1549345f67b - - default default] GET failed (client error): The resource could not be found.
2026-04-23 09:02:29.821 10 INFO neutron.wsgi [None req-af06d14b-ee13-4257-8892-2b6673a470d5 c07932cbf9ba46088e0b27751ebcbe33 12adb23398d04c379010c1549345f67b - - default default] 10.0.0.148 "GET /v2.0/subnets/09573038-4c15-4a48-bd7f-10d012e97fa3 HTTP/1.1" status: 404 len: 337 time: 0.0199375
2026-04-23 09:02:30.191 10 INFO neutron.wsgi [None req-927699ed-1999-4942-ba56-64ce6fbb1960 c07932cbf9ba46088e0b27751ebcbe33 12adb23398d04c379010c1549345f67b - - default default] 10.0.0.148 "DELETE /v2.0/networks/e5a8e4d7-69b5-4716-b4c8-e870af49d0df HTTP/1.1" status: 204 len: 168 time: 0.3652608
2026-04-23 09:02:30.193 10 INFO neutron.services.segments.plugin [-] Segment 444a8a26-3371-4eda-9b1d-4dbe73bea640 resource provider aggregate not found
2026-04-23 09:02:30.198 10 INFO neutron.services.segments.plugin [-] Segment 444a8a26-3371-4eda-9b1d-4dbe73bea640 resource provider aggregate not found
2026-04-23 09:02:30.217 9 INFO neutron.pecan_wsgi.hooks.translation [None req-7d529ff7-7df6-474b-9d44-486825b10e70 c07932cbf9ba46088e0b27751ebcbe33 12adb23398d04c379010c1549345f67b - - default default] GET failed (client error): The resource could not be found.
2026-04-23 09:02:30.219 9 INFO neutron.wsgi [None req-7d529ff7-7df6-474b-9d44-486825b10e70 c07932cbf9ba46088e0b27751ebcbe33 12adb23398d04c379010c1549345f67b - - default default] 10.0.0.148 "GET /v2.0/networks/e5a8e4d7-69b5-4716-b4c8-e870af49d0df HTTP/1.1" status: 404 len: 339 time: 0.0210814
2026-04-23 09:02:30.221 10 INFO neutron.services.segments.plugin [-] Segment 444a8a26-3371-4eda-9b1d-4dbe73bea640 resource provider not found; error: Placement Client Error (4xx): {"errors": [{"status": 404, "title": "Not Found", "detail": "The resource could not be found.\n\n No resource provider with uuid 444a8a26-3371-4eda-9b1d-4dbe73bea640 found for delete ", "request_id": "req-61055668-f78c-4fe1-8847-afd2212b38e6"}]}
2026-04-23 09:02:30.223 10 INFO neutron.services.segments.plugin [-] Segment 444a8a26-3371-4eda-9b1d-4dbe73bea640 resource provider not found; error: Placement Client Error (4xx): {"errors": [{"status": 404, "title": "Not Found", "detail": "The resource could not be found.\n\n No resource provider with uuid 444a8a26-3371-4eda-9b1d-4dbe73bea640 found for delete ", "request_id": "req-8326ab56-a728-4925-a4c8-894f32571149"}]}
2026-04-23 09:02:30.506 9 INFO neutron.services.segments.plugin [-] Segment 5c84e28d-3ce0-46c0-aada-de985614ec30 resource provider aggregate not found
2026-04-23 09:02:30.511 9 INFO neutron.services.segments.plugin [-] Segment 5c84e28d-3ce0-46c0-aada-de985614ec30 resource provider aggregate not found
2026-04-23 09:02:30.528 9 INFO neutron.services.segments.plugin [-] Segment 5c84e28d-3ce0-46c0-aada-de985614ec30 resource provider not found; error: Placement Client Error (4xx): {"errors": [{"status": 404, "title": "Not Found", "detail": "The resource could not be found.\n\n No resource provider with uuid 5c84e28d-3ce0-46c0-aada-de985614ec30 found for delete ", "request_id": "req-f735035f-93c7-4608-963f-2f60fae07d79"}]}
2026-04-23 09:02:30.530 9 INFO neutron.services.segments.plugin [-] Segment 5c84e28d-3ce0-46c0-aada-de985614ec30 resource provider not found; error: Placement Client Error (4xx): {"errors": [{"status": 404, "title": "Not Found", "detail": "The resource could not be found.\n\n No resource provider with uuid 5c84e28d-3ce0-46c0-aada-de985614ec30 found for delete ", "request_id": "req-db23bb85-6340-49b2-83d7-1f697046c7d3"}]}
2026-04-23 09:02:32.479 9 INFO neutron.wsgi [None req-8c1dbb16-08ea-4216-b54b-acb4310e71f7 3b8fed1cce4145eda7e305becc078a7e f8496f8ba56a4b14a1b7d6a9aa2af247 - - default default] 10.0.0.148 "GET /v2.0/security-groups?tenant_id=12adb23398d04c379010c1549345f67b&name=default HTTP/1.1" status: 200 len: 2996 time: 0.2250299
2026-04-23 09:02:32.695 10 INFO neutron.wsgi [None req-3b0f693c-96f5-47d5-853d-5234ad152137 3b8fed1cce4145eda7e305becc078a7e f8496f8ba56a4b14a1b7d6a9aa2af247 - - default default] 10.0.0.148 "DELETE /v2.0/security-groups/699658a2-a8da-465f-b338-63650d662913 HTTP/1.1" status: 204 len: 168 time: 0.2093625
2026-04-23 09:02:32.896 10 INFO neutron.db.ovn_revision_numbers_db [None req-d6c29e40-c60e-4af6-b3ff-b15b6497e0d7 3b8fed1cce4145eda7e305becc078a7e f8496f8ba56a4b14a1b7d6a9aa2af247 - - default default] Successfully bumped revision number for resource cb79be05-0460-422a-8810-2608a2491b9c (type: security_groups) to 1
2026-04-23 09:02:32.914 10 INFO neutron.db.ovn_revision_numbers_db [None req-d6c29e40-c60e-4af6-b3ff-b15b6497e0d7 3b8fed1cce4145eda7e305becc078a7e f8496f8ba56a4b14a1b7d6a9aa2af247 - - default default] Successfully bumped revision number for resource 05127b73-23b1-4a01-a546-6e513267c425 (type: security_group_rules) to 0
2026-04-23 09:02:32.928 10 INFO neutron.db.ovn_revision_numbers_db [None req-d6c29e40-c60e-4af6-b3ff-b15b6497e0d7 3b8fed1cce4145eda7e305becc078a7e f8496f8ba56a4b14a1b7d6a9aa2af247 - - default default] Successfully bumped revision number for resource 0fb7eb74-0b18-4aa4-97fa-70b0c0313577 (type: security_group_rules) to 0
2026-04-23 09:02:32.941 10 INFO neutron.db.ovn_revision_numbers_db [None req-d6c29e40-c60e-4af6-b3ff-b15b6497e0d7 3b8fed1cce4145eda7e305becc078a7e f8496f8ba56a4b14a1b7d6a9aa2af247 - - default default] Successfully bumped revision number for resource bfb41c51-e972-42d2-9fd3-c9e30c5c9455 (type: security_group_rules) to 0
2026-04-23 09:02:32.955 10 INFO neutron.db.ovn_revision_numbers_db [None req-d6c29e40-c60e-4af6-b3ff-b15b6497e0d7 3b8fed1cce4145eda7e305becc078a7e f8496f8ba56a4b14a1b7d6a9aa2af247 - - default default] Successfully bumped revision number for resource e477131c-d3c2-41d3-8413-0853e0c4584f (type: security_group_rules) to 0
2026-04-23 09:02:32.979 10 INFO neutron.wsgi [None req-d6c29e40-c60e-4af6-b3ff-b15b6497e0d7 3b8fed1cce4145eda7e305becc078a7e f8496f8ba56a4b14a1b7d6a9aa2af247 - - default default] 10.0.0.148 "GET /v2.0/security-groups?tenant_id=a5d56c600c7147ae9e72bbd19e0f7976&name=default HTTP/1.1" status: 200 len: 3000 time: 0.1847067
2026-04-23 09:02:33.181 10 INFO neutron.wsgi [None req-d3438705-603e-4def-b0b0-de5aae4b8fff 3b8fed1cce4145eda7e305becc078a7e f8496f8ba56a4b14a1b7d6a9aa2af247 - - default default] 10.0.0.148 "DELETE /v2.0/security-groups/cb79be05-0460-422a-8810-2608a2491b9c HTTP/1.1" status: 204 len: 168 time: 0.1953232
2026-04-23 09:02:33.445 9 INFO neutron.db.ovn_revision_numbers_db [None req-12fe3a12-b541-483e-a45f-0cdf9d1ed3c8 3b8fed1cce4145eda7e305becc078a7e f8496f8ba56a4b14a1b7d6a9aa2af247 - - default default] Successfully bumped revision number for resource eaaec975-8388-4b74-a7b3-5bcc6a469e17 (type: security_groups) to 1
2026-04-23 09:02:33.460 9 INFO neutron.db.ovn_revision_numbers_db [None req-12fe3a12-b541-483e-a45f-0cdf9d1ed3c8 3b8fed1cce4145eda7e305becc078a7e f8496f8ba56a4b14a1b7d6a9aa2af247 - - default default] Successfully bumped revision number for resource 08b9782b-aed3-4f09-9916-f48ad9907229 (type: security_group_rules) to 0
2026-04-23 09:02:33.475 9 INFO neutron.db.ovn_revision_numbers_db [None req-12fe3a12-b541-483e-a45f-0cdf9d1ed3c8 3b8fed1cce4145eda7e305becc078a7e f8496f8ba56a4b14a1b7d6a9aa2af247 - - default default] Successfully bumped revision number for resource 29bc7143-bcee-4c13-ab09-54cf5f7952f9 (type: security_group_rules) to 0
2026-04-23 09:02:33.491 9 INFO neutron.db.ovn_revision_numbers_db [None req-12fe3a12-b541-483e-a45f-0cdf9d1ed3c8 3b8fed1cce4145eda7e305becc078a7e f8496f8ba56a4b14a1b7d6a9aa2af247 - - default default] Successfully bumped revision number for resource d638a466-a1d4-4d6a-a1c4-3ebed214aeae (type: security_group_rules) to 0
2026-04-23 09:02:33.505 9 INFO neutron.db.ovn_revision_numbers_db [None req-12fe3a12-b541-483e-a45f-0cdf9d1ed3c8 3b8fed1cce4145eda7e305becc078a7e f8496f8ba56a4b14a1b7d6a9aa2af247 - - default default] Successfully bumped revision number for resource f4bf3da3-87bc-4524-a190-d3a339f23383 (type: security_group_rules) to 0
2026-04-23 09:02:33.529 9 INFO neutron.wsgi [None req-12fe3a12-b541-483e-a45f-0cdf9d1ed3c8 3b8fed1cce4145eda7e305becc078a7e f8496f8ba56a4b14a1b7d6a9aa2af247 - - default default] 10.0.0.148 "GET /v2.0/security-groups?tenant_id=944e3bf5f4d6428898556f10a0a92c96&name=default HTTP/1.1" status: 200 len: 3000 time: 0.2077219
2026-04-23 09:02:33.744 9 INFO neutron.wsgi [None req-236731c1-3cda-4705-ad09-3f26056fda29 3b8fed1cce4145eda7e305becc078a7e f8496f8ba56a4b14a1b7d6a9aa2af247 - - default default] 10.0.0.148 "DELETE /v2.0/security-groups/eaaec975-8388-4b74-a7b3-5bcc6a469e17 HTTP/1.1" status: 204 len: 168 time: 0.2067261
