2026-04-23 08:59:11.013 10 INFO neutron.db.ovn_revision_numbers_db [None req-b6d6ff49-8c85-4760-a64d-fc10d39ffa45 3b8fed1cce4145eda7e305becc078a7e f8496f8ba56a4b14a1b7d6a9aa2af247 - - default default] Successfully bumped revision number for resource 3db1af4c-7c40-456e-a68f-ab2613d0fd21 (type: security_group_rules) to 0
2026-04-23 08:59:11.038 10 INFO neutron.db.ovn_revision_numbers_db [None req-b6d6ff49-8c85-4760-a64d-fc10d39ffa45 3b8fed1cce4145eda7e305becc078a7e f8496f8ba56a4b14a1b7d6a9aa2af247 - - default default] Successfully bumped revision number for resource 41dd7bbd-d2a0-400f-9fd2-c71ad3b95c1b (type: security_group_rules) to 0
2026-04-23 08:59:11.054 9 INFO neutron.db.ovn_revision_numbers_db [None req-230fc7b5-8215-422e-b065-233e53264e04 3b8fed1cce4145eda7e305becc078a7e f8496f8ba56a4b14a1b7d6a9aa2af247 - - default default] Successfully bumped revision number for resource 53686b02-2925-4997-8004-ad4423a8d74a (type: router_ports) to 1
2026-04-23 08:59:11.056 9 INFO neutron.wsgi [None req-230fc7b5-8215-422e-b065-233e53264e04 3b8fed1cce4145eda7e305becc078a7e f8496f8ba56a4b14a1b7d6a9aa2af247 - - default default] 10.0.0.148 "PUT /v2.0/routers/91ad8ce2-5611-487c-bfae-7193c8c88eeb/add_router_interface HTTP/1.1" status: 200 len: 503 time: 2.3586133
2026-04-23 08:59:11.076 10 INFO neutron.db.ovn_revision_numbers_db [None req-b6d6ff49-8c85-4760-a64d-fc10d39ffa45 3b8fed1cce4145eda7e305becc078a7e f8496f8ba56a4b14a1b7d6a9aa2af247 - - default default] Successfully bumped revision number for resource cd958b12-0b3e-4b01-b205-97f18d57dd2c (type: security_group_rules) to 0
2026-04-23 08:59:11.104 10 INFO neutron.db.ovn_revision_numbers_db [None req-b6d6ff49-8c85-4760-a64d-fc10d39ffa45 3b8fed1cce4145eda7e305becc078a7e f8496f8ba56a4b14a1b7d6a9aa2af247 - - default default] Successfully bumped revision number for resource d1a261ec-be75-4199-8516-35d40b67dc8d (type: security_group_rules) to 0
2026-04-23 08:59:11.136 9 INFO neutron.db.ovn_revision_numbers_db [None req-f66d0d97-9f51-4583-8f53-b19b8048b591 c07932cbf9ba46088e0b27751ebcbe33 12adb23398d04c379010c1549345f67b - - default default] Successfully bumped revision number for resource e5a8e4d7-69b5-4716-b4c8-e870af49d0df (type: networks) to 1
2026-04-23 08:59:11.143 10 INFO neutron.wsgi [None req-b6d6ff49-8c85-4760-a64d-fc10d39ffa45 3b8fed1cce4145eda7e305becc078a7e f8496f8ba56a4b14a1b7d6a9aa2af247 - - default default] 10.0.0.148 "GET /v2.0/security-groups?tenant_id=996e91eaa1b84f67b98f795fa8b41b8f&name=default HTTP/1.1" status: 200 len: 2996 time: 0.3548920
2026-04-23 08:59:11.228 10 WARNING neutron.scheduler.dhcp_agent_scheduler [None req-0f1a10a2-e4ae-45a4-9309-f24ef3c33ef1 7e632de5420f4ac0a46ba9031d497f17 ab7dbedf9af14d03867a48d4b7288aab - - default default] No more DHCP agents
2026-04-23 08:59:11.234 10 WARNING neutron.api.rpc.agentnotifiers.dhcp_rpc_agent_api [None req-0f1a10a2-e4ae-45a4-9309-f24ef3c33ef1 7e632de5420f4ac0a46ba9031d497f17 ab7dbedf9af14d03867a48d4b7288aab - - default default] Unable to schedule network 7b43b997-c64a-4d5a-8764-8e1eadfc3ee1: no agents available; will retry on subsequent port and subnet creation events.
2026-04-23 08:59:11.316 10 INFO neutron.db.ovn_revision_numbers_db [None req-0f1a10a2-e4ae-45a4-9309-f24ef3c33ef1 7e632de5420f4ac0a46ba9031d497f17 ab7dbedf9af14d03867a48d4b7288aab - - default default] Successfully bumped revision number for resource 90acc85f-4bdc-4dee-9ae7-ac9c2b3bf508 (type: ports) to 1
2026-04-23 08:59:11.324 9 WARNING neutron.scheduler.dhcp_agent_scheduler [None req-f66d0d97-9f51-4583-8f53-b19b8048b591 c07932cbf9ba46088e0b27751ebcbe33 12adb23398d04c379010c1549345f67b - - default default] No more DHCP agents
2026-04-23 08:59:11.326 9 WARNING neutron.api.rpc.agentnotifiers.dhcp_rpc_agent_api [None req-f66d0d97-9f51-4583-8f53-b19b8048b591 c07932cbf9ba46088e0b27751ebcbe33 12adb23398d04c379010c1549345f67b - - default default] Unable to schedule network e5a8e4d7-69b5-4716-b4c8-e870af49d0df: no agents available; will retry on subsequent port and subnet creation events.
2026-04-23 08:59:11.345 10 INFO neutron.wsgi [None req-0f1a10a2-e4ae-45a4-9309-f24ef3c33ef1 7e632de5420f4ac0a46ba9031d497f17 ab7dbedf9af14d03867a48d4b7288aab - - default default] 10.0.0.148 "POST /v2.0/networks HTTP/1.1" status: 201 len: 831 time: 0.8330686
2026-04-23 08:59:11.398 9 INFO neutron.db.ovn_revision_numbers_db [None req-f66d0d97-9f51-4583-8f53-b19b8048b591 c07932cbf9ba46088e0b27751ebcbe33 12adb23398d04c379010c1549345f67b - - default default] Successfully bumped revision number for resource 28db6d8e-04b1-4bf9-87d5-f8c754b0bd7d (type: ports) to 1
2026-04-23 08:59:11.423 9 INFO neutron.wsgi [None req-f66d0d97-9f51-4583-8f53-b19b8048b591 c07932cbf9ba46088e0b27751ebcbe33 12adb23398d04c379010c1549345f67b - - default default] 10.0.0.148 "POST /v2.0/networks HTTP/1.1" status: 201 len: 838 time: 1.3220842
2026-04-23 08:59:11.423 10 INFO neutron.plugins.ml2.drivers.ovn.mech_driver.mech_driver [None req-2aa377b6-9cdc-4a81-8588-818126d30799 - - - - - -] OVN reports status up for port: 53686b02-2925-4997-8004-ad4423a8d74a
2026-04-23 08:59:11.431 10 INFO neutron.plugins.ml2.plugin [None req-2aa377b6-9cdc-4a81-8588-818126d30799 - - - - - -] Attempt 1 to provision port 53686b02-2925-4997-8004-ad4423a8d74a
2026-04-23 08:59:11.437 10 INFO neutron.wsgi [None req-b2faf9d7-17c2-4f56-9662-ca7a06c9ea54 3b8fed1cce4145eda7e305becc078a7e f8496f8ba56a4b14a1b7d6a9aa2af247 - - default default] 10.0.0.148 "DELETE /v2.0/security-groups/a3860008-9c19-4099-ba3f-1d5663b1ed4f HTTP/1.1" status: 204 len: 168 time: 0.2863791
2026-04-23 08:59:11.472 10 INFO neutron.db.segments_db [None req-e50d1895-951f-4e17-8191-b052340119af 7e632de5420f4ac0a46ba9031d497f17 ab7dbedf9af14d03867a48d4b7288aab - - default default] Added segment af70a903-43c8-4abc-9f50-2714410431a9 of type geneve for network d168a61f-1050-4e0d-b707-25b25461eee1
2026-04-23 08:59:11.662 10 INFO neutron.db.ovn_revision_numbers_db [None req-e50d1895-951f-4e17-8191-b052340119af 7e632de5420f4ac0a46ba9031d497f17 ab7dbedf9af14d03867a48d4b7288aab - - default default] Successfully bumped revision number for resource d168a61f-1050-4e0d-b707-25b25461eee1 (type: networks) to 1
2026-04-23 08:59:11.728 9 WARNING neutron.scheduler.dhcp_agent_scheduler [None req-10ab83d7-ac13-4a0c-b4ee-899ecb6717f4 c07932cbf9ba46088e0b27751ebcbe33 12adb23398d04c379010c1549345f67b - - default default] No more DHCP agents
2026-04-23 08:59:11.731 9 WARNING neutron.api.rpc.agentnotifiers.dhcp_rpc_agent_api [None req-10ab83d7-ac13-4a0c-b4ee-899ecb6717f4 c07932cbf9ba46088e0b27751ebcbe33 12adb23398d04c379010c1549345f67b - - default default] Unable to schedule network e5a8e4d7-69b5-4716-b4c8-e870af49d0df: no agents available; will retry on subsequent port and subnet creation events.
2026-04-23 08:59:11.788 10 INFO neutron.db.ovn_revision_numbers_db [None req-2aa377b6-9cdc-4a81-8588-818126d30799 - - - - - -] Successfully bumped revision number for resource 53686b02-2925-4997-8004-ad4423a8d74a (type: ports) to 2
2026-04-23 08:59:11.876 10 WARNING neutron.scheduler.dhcp_agent_scheduler [None req-e50d1895-951f-4e17-8191-b052340119af 7e632de5420f4ac0a46ba9031d497f17 ab7dbedf9af14d03867a48d4b7288aab - - default default] No more DHCP agents
2026-04-23 08:59:11.879 10 WARNING neutron.api.rpc.agentnotifiers.dhcp_rpc_agent_api [None req-e50d1895-951f-4e17-8191-b052340119af 7e632de5420f4ac0a46ba9031d497f17 ab7dbedf9af14d03867a48d4b7288aab - - default default] Unable to schedule network d168a61f-1050-4e0d-b707-25b25461eee1: no agents available; will retry on subsequent port and subnet creation events.
2026-04-23 08:59:12.238 9 INFO neutron.db.ovn_revision_numbers_db [None req-10ab83d7-ac13-4a0c-b4ee-899ecb6717f4 c07932cbf9ba46088e0b27751ebcbe33 12adb23398d04c379010c1549345f67b - - default default] Successfully bumped revision number for resource 28db6d8e-04b1-4bf9-87d5-f8c754b0bd7d (type: ports) to 2
2026-04-23 08:59:12.270 10 INFO neutron.db.ovn_revision_numbers_db [None req-2aa377b6-9cdc-4a81-8588-818126d30799 - - - - - -] Successfully bumped revision number for resource 53686b02-2925-4997-8004-ad4423a8d74a (type: router_ports) to 2
2026-04-23 08:59:12.276 9 INFO neutron.db.ovn_revision_numbers_db [None req-10ab83d7-ac13-4a0c-b4ee-899ecb6717f4 c07932cbf9ba46088e0b27751ebcbe33 12adb23398d04c379010c1549345f67b - - default default] Successfully bumped revision number for resource 09573038-4c15-4a48-bd7f-10d012e97fa3 (type: subnets) to 0
2026-04-23 08:59:12.283 10 INFO neutron.db.ovn_revision_numbers_db [None req-e50d1895-951f-4e17-8191-b052340119af 7e632de5420f4ac0a46ba9031d497f17 ab7dbedf9af14d03867a48d4b7288aab - - default default] Successfully bumped revision number for resource 5a87b721-27b3-47d3-9c33-52f4050bdeb0 (type: ports) to 1
2026-04-23 08:59:12.297 9 INFO neutron.wsgi [None req-10ab83d7-ac13-4a0c-b4ee-899ecb6717f4 c07932cbf9ba46088e0b27751ebcbe33 12adb23398d04c379010c1549345f67b - - default default] 10.0.0.148 "POST /v2.0/subnets HTTP/1.1" status: 201 len: 832 time: 0.8682866
2026-04-23 08:59:12.312 10 INFO neutron.wsgi [None req-e50d1895-951f-4e17-8191-b052340119af 7e632de5420f4ac0a46ba9031d497f17 ab7dbedf9af14d03867a48d4b7288aab - - default default] 10.0.0.148 "POST /v2.0/networks HTTP/1.1" status: 201 len: 831 time: 0.9581270
2026-04-23 08:59:12.410 9 INFO neutron.db.segments_db [None req-d378bdbe-9df5-4f52-86e3-3770422021d9 7e632de5420f4ac0a46ba9031d497f17 ab7dbedf9af14d03867a48d4b7288aab - - default default] Added segment 1a7ef72a-1033-4e44-9a5d-ca6f74c733b3 of type geneve for network 4e89fbdb-9e0f-4bdc-89db-387be1db9aec
2026-04-23 08:59:12.514 9 INFO neutron.wsgi [None req-0104fa13-4cbe-4a2c-95a8-975eb0732e67 7f6782968b4c4953897ea0683d2376f8 721dff4a4ad84ac0bc51ed5a3dd4d8fc - - default default] 10.0.0.148 "GET /v2.0/subnetpools?name=shared-default-subnetpool-v6 HTTP/1.1" status: 200 len: 212 time: 0.2089388
2026-04-23 08:59:12.572 9 INFO neutron.db.ovn_revision_numbers_db [None req-d378bdbe-9df5-4f52-86e3-3770422021d9 7e632de5420f4ac0a46ba9031d497f17 ab7dbedf9af14d03867a48d4b7288aab - - default default] Successfully bumped revision number for resource 4e89fbdb-9e0f-4bdc-89db-387be1db9aec (type: networks) to 1
2026-04-23 08:59:12.747 9 WARNING neutron.scheduler.dhcp_agent_scheduler [None req-d378bdbe-9df5-4f52-86e3-3770422021d9 7e632de5420f4ac0a46ba9031d497f17 ab7dbedf9af14d03867a48d4b7288aab - - default default] No more DHCP agents
2026-04-23 08:59:12.751 9 WARNING neutron.api.rpc.agentnotifiers.dhcp_rpc_agent_api [None req-d378bdbe-9df5-4f52-86e3-3770422021d9 7e632de5420f4ac0a46ba9031d497f17 ab7dbedf9af14d03867a48d4b7288aab - - default default] Unable to schedule network 4e89fbdb-9e0f-4bdc-89db-387be1db9aec: no agents available; will retry on subsequent port and subnet creation events.
2026-04-23 08:59:12.862 9 INFO neutron.db.ovn_revision_numbers_db [None req-d378bdbe-9df5-4f52-86e3-3770422021d9 7e632de5420f4ac0a46ba9031d497f17 ab7dbedf9af14d03867a48d4b7288aab - - default default] Successfully bumped revision number for resource 2c75e4a7-8e7d-452f-a21b-b9385aabdc2b (type: ports) to 1
2026-04-23 08:59:12.885 10 WARNING neutron.scheduler.dhcp_agent_scheduler [None req-44598e6f-1990-4c2b-9c61-1f1008c7563c c07932cbf9ba46088e0b27751ebcbe33 12adb23398d04c379010c1549345f67b - - default default] No more DHCP agents
2026-04-23 08:59:12.886 9 INFO neutron.wsgi [None req-d378bdbe-9df5-4f52-86e3-3770422021d9 7e632de5420f4ac0a46ba9031d497f17 ab7dbedf9af14d03867a48d4b7288aab - - default default] 10.0.0.148 "POST /v2.0/networks HTTP/1.1" status: 201 len: 831 time: 0.5685754
2026-04-23 08:59:12.888 10 WARNING neutron.api.rpc.agentnotifiers.dhcp_rpc_agent_api [None req-44598e6f-1990-4c2b-9c61-1f1008c7563c c07932cbf9ba46088e0b27751ebcbe33 12adb23398d04c379010c1549345f67b - - default default] Unable to schedule network e5a8e4d7-69b5-4716-b4c8-e870af49d0df: no agents available; will retry on subsequent port and subnet creation events.
2026-04-23 08:59:12.954 10 INFO neutron.db.ovn_revision_numbers_db [None req-44598e6f-1990-4c2b-9c61-1f1008c7563c c07932cbf9ba46088e0b27751ebcbe33 12adb23398d04c379010c1549345f67b - - default default] Successfully bumped revision number for resource 0768cb46-b684-448d-9f3a-f1a43fb6130d (type: subnets) to 0
2026-04-23 08:59:12.984 10 INFO neutron.wsgi [None req-44598e6f-1990-4c2b-9c61-1f1008c7563c c07932cbf9ba46088e0b27751ebcbe33 12adb23398d04c379010c1549345f67b - - default default] 10.0.0.148 "POST /v2.0/subnets HTTP/1.1" status: 201 len: 905 time: 0.4634819
2026-04-23 08:59:13.028 10 INFO neutron.db.segments_db [None req-aa0cf109-1970-455d-b2c9-55331ef88fff 7e632de5420f4ac0a46ba9031d497f17 ab7dbedf9af14d03867a48d4b7288aab - - default default] Added segment f00df2d4-847f-4f5a-9ba6-ba6708af46f0 of type geneve for network 1f333712-9734-4fcb-9025-37e781c7b1dd
2026-04-23 08:59:13.106 10 INFO neutron.db.segments_db [None req-12da8697-2a25-49f7-877b-cc13737381f4 c07932cbf9ba46088e0b27751ebcbe33 12adb23398d04c379010c1549345f67b - - default default] Added segment 5c84e28d-3ce0-46c0-aada-de985614ec30 of type geneve for network ad58d157-9c05-4811-b23b-36c3e4b8350c
2026-04-23 08:59:13.200 10 INFO neutron.db.ovn_revision_numbers_db [None req-aa0cf109-1970-455d-b2c9-55331ef88fff 7e632de5420f4ac0a46ba9031d497f17 ab7dbedf9af14d03867a48d4b7288aab - - default default] Successfully bumped revision number for resource 1f333712-9734-4fcb-9025-37e781c7b1dd (type: networks) to 1
2026-04-23 08:59:13.386 10 INFO neutron.db.ovn_revision_numbers_db [None req-12da8697-2a25-49f7-877b-cc13737381f4 c07932cbf9ba46088e0b27751ebcbe33 12adb23398d04c379010c1549345f67b - - default default] Successfully bumped revision number for resource ad58d157-9c05-4811-b23b-36c3e4b8350c (type: networks) to 1
2026-04-23 08:59:13.481 10 WARNING neutron.scheduler.dhcp_agent_scheduler [None req-aa0cf109-1970-455d-b2c9-55331ef88fff 7e632de5420f4ac0a46ba9031d497f17 ab7dbedf9af14d03867a48d4b7288aab - - default default] No more DHCP agents
2026-04-23 08:59:13.488 10 WARNING neutron.api.rpc.agentnotifiers.dhcp_rpc_agent_api [None req-aa0cf109-1970-455d-b2c9-55331ef88fff 7e632de5420f4ac0a46ba9031d497f17 ab7dbedf9af14d03867a48d4b7288aab - - default default] Unable to schedule network 1f333712-9734-4fcb-9025-37e781c7b1dd: no agents available; will retry on subsequent port and subnet creation events.
2026-04-23 08:59:13.542 9 INFO neutron.wsgi [req-60b9914a-92b8-47bc-b167-ce8e142ccf15 req-5b6b5a53-ef41-46fe-9722-9ae301c834c3 1a1fbc6dd5e2416db28ccb45510585bb e324b58648244caf8f59d91b3539f4fb - - default default] 10.0.0.105 "GET /v2.0/networks?id=93dbd345-a96c-4857-9037-8c88cca59342 HTTP/1.1" status: 200 len: 872 time: 0.0814002
2026-04-23 08:59:13.559 9 INFO neutron.wsgi [req-60b9914a-92b8-47bc-b167-ce8e142ccf15 req-f133f0c2-2bcb-4896-9dfe-6f71531f7f4d 1a1fbc6dd5e2416db28ccb45510585bb e324b58648244caf8f59d91b3539f4fb - - default default] 10.0.0.105 "GET /v2.0/quotas/e324b58648244caf8f59d91b3539f4fb HTTP/1.1" status: 200 len: 386 time: 0.0108421
2026-04-23 08:59:13.627 10 WARNING neutron.scheduler.dhcp_agent_scheduler [None req-12da8697-2a25-49f7-877b-cc13737381f4 c07932cbf9ba46088e0b27751ebcbe33 12adb23398d04c379010c1549345f67b - - default default] No more DHCP agents
2026-04-23 08:59:13.629 10 WARNING neutron.api.rpc.agentnotifiers.dhcp_rpc_agent_api [None req-12da8697-2a25-49f7-877b-cc13737381f4 c07932cbf9ba46088e0b27751ebcbe33 12adb23398d04c379010c1549345f67b - - default default] Unable to schedule network ad58d157-9c05-4811-b23b-36c3e4b8350c: no agents available; will retry on subsequent port and subnet creation events.
2026-04-23 08:59:13.640 10 INFO neutron.db.ovn_revision_numbers_db [None req-aa0cf109-1970-455d-b2c9-55331ef88fff 7e632de5420f4ac0a46ba9031d497f17 ab7dbedf9af14d03867a48d4b7288aab - - default default] Successfully bumped revision number for resource 879f9526-e8b6-4d6f-9c1e-62ca3c72f0a7 (type: ports) to 1
2026-04-23 08:59:13.659 9 INFO neutron.wsgi [req-60b9914a-92b8-47bc-b167-ce8e142ccf15 req-73d4e692-7186-4a3c-b220-88b5b74f9821 1a1fbc6dd5e2416db28ccb45510585bb e324b58648244caf8f59d91b3539f4fb - - default default] 10.0.0.105 "GET /v2.0/ports?tenant_id=e324b58648244caf8f59d91b3539f4fb&fields=id HTTP/1.1" status: 200 len: 302 time: 0.0952427
2026-04-23 08:59:13.677 10 INFO neutron.wsgi [None req-aa0cf109-1970-455d-b2c9-55331ef88fff 7e632de5420f4ac0a46ba9031d497f17 ab7dbedf9af14d03867a48d4b7288aab - - default default] 10.0.0.148 "POST /v2.0/networks HTTP/1.1" status: 201 len: 831 time: 0.7855682
2026-04-23 08:59:13.721 9 INFO neutron.wsgi [req-60b9914a-92b8-47bc-b167-ce8e142ccf15 req-c0455a4d-6318-4ef2-beef-202e3217059d 0b90aaf067b5401a83d2c0610e4ae3a9 cb697062842e4831b466dd2615203c97 - - 5cc8a6ff47d14da9a8777c2cc4ba702d 5cc8a6ff47d14da9a8777c2cc4ba702d] 10.0.0.105 "GET /v2.0/networks/93dbd345-a96c-4857-9037-8c88cca59342?fields=segments HTTP/1.1" status: 200 len: 212 time: 0.0536010
2026-04-23 08:59:13.735 10 INFO neutron.db.ovn_revision_numbers_db [None req-12da8697-2a25-49f7-877b-cc13737381f4 c07932cbf9ba46088e0b27751ebcbe33 12adb23398d04c379010c1549345f67b - - default default] Successfully bumped revision number for resource 87702015-8e9f-4813-a724-e22a971dfd17 (type: ports) to 1
2026-04-23 08:59:13.758 10 INFO neutron.wsgi [None req-12da8697-2a25-49f7-877b-cc13737381f4 c07932cbf9ba46088e0b27751ebcbe33 12adb23398d04c379010c1549345f67b - - default default] 10.0.0.148 "POST /v2.0/networks HTTP/1.1" status: 201 len: 837 time: 0.7677348
2026-04-23 08:59:13.786 9 INFO neutron.wsgi [req-60b9914a-92b8-47bc-b167-ce8e142ccf15 req-3c41a5d1-186a-4a65-8b88-0e444c79df87 0b90aaf067b5401a83d2c0610e4ae3a9 cb697062842e4831b466dd2615203c97 - - 5cc8a6ff47d14da9a8777c2cc4ba702d 5cc8a6ff47d14da9a8777c2cc4ba702d] 10.0.0.105 "GET /v2.0/networks/93dbd345-a96c-4857-9037-8c88cca59342?fields=provider%3Aphysical_network&fields=provider%3Anetwork_type HTTP/1.1" status: 200 len: 277 time: 0.0577900
2026-04-23 08:59:13.804 10 INFO neutron.db.segments_db [None req-d5fafefd-3d98-4383-87dd-55dde5f6a206 7e632de5420f4ac0a46ba9031d497f17 ab7dbedf9af14d03867a48d4b7288aab - - default default] Added segment 86a8cf0e-d045-4d80-b3fb-dabddf470ecb of type geneve for network 941fe29b-98d7-4a1c-be36-d5630161b464
2026-04-23 08:59:13.927 9 INFO neutron.wsgi [req-c7674e4d-aab5-4736-9d22-271ad1e94b39 req-a913b140-a3a4-4061-8420-a7457b5f3577 1a1fbc6dd5e2416db28ccb45510585bb e324b58648244caf8f59d91b3539f4fb - - default default] 10.0.0.105 "GET /v2.0/ports?device_id=5916835c-51d0-4fff-a700-4506bffe5e55 HTTP/1.1" status: 200 len: 210 time: 0.0220578
2026-04-23 08:59:13.995 10 INFO neutron.db.ovn_revision_numbers_db [None req-d5fafefd-3d98-4383-87dd-55dde5f6a206 7e632de5420f4ac0a46ba9031d497f17 ab7dbedf9af14d03867a48d4b7288aab - - default default] Successfully bumped revision number for resource 941fe29b-98d7-4a1c-be36-d5630161b464 (type: networks) to 1
2026-04-23 08:59:14.119 10 WARNING neutron.scheduler.dhcp_agent_scheduler [None req-da94801c-c2a3-471c-bf97-c46ba2b7a7be c07932cbf9ba46088e0b27751ebcbe33 12adb23398d04c379010c1549345f67b - - default default] No more DHCP agents
2026-04-23 08:59:14.123 10 WARNING neutron.api.rpc.agentnotifiers.dhcp_rpc_agent_api [None req-da94801c-c2a3-471c-bf97-c46ba2b7a7be c07932cbf9ba46088e0b27751ebcbe33 12adb23398d04c379010c1549345f67b - - default default] Unable to schedule network ad58d157-9c05-4811-b23b-36c3e4b8350c: no agents available; will retry on subsequent port and subnet creation events.
2026-04-23 08:59:14.224 10 WARNING neutron.scheduler.dhcp_agent_scheduler [None req-d5fafefd-3d98-4383-87dd-55dde5f6a206 7e632de5420f4ac0a46ba9031d497f17 ab7dbedf9af14d03867a48d4b7288aab - - default default] No more DHCP agents
2026-04-23 08:59:14.231 10 WARNING neutron.api.rpc.agentnotifiers.dhcp_rpc_agent_api [None req-d5fafefd-3d98-4383-87dd-55dde5f6a206 7e632de5420f4ac0a46ba9031d497f17 ab7dbedf9af14d03867a48d4b7288aab - - default default] Unable to schedule network 941fe29b-98d7-4a1c-be36-d5630161b464: no agents available; will retry on subsequent port and subnet creation events.
2026-04-23 08:59:14.329 10 INFO neutron.db.ovn_revision_numbers_db [None req-d5fafefd-3d98-4383-87dd-55dde5f6a206 7e632de5420f4ac0a46ba9031d497f17 ab7dbedf9af14d03867a48d4b7288aab - - default default] Successfully bumped revision number for resource e0a11602-6666-4d6f-a927-4fad4533c8ef (type: ports) to 1
2026-04-23 08:59:14.357 10 INFO neutron.wsgi [None req-d5fafefd-3d98-4383-87dd-55dde5f6a206 7e632de5420f4ac0a46ba9031d497f17 ab7dbedf9af14d03867a48d4b7288aab - - default default] 10.0.0.148 "POST /v2.0/networks HTTP/1.1" status: 201 len: 831 time: 0.6704860
2026-04-23 08:59:14.413 9 INFO neutron.wsgi [None req-3863ccbf-b93b-4dd9-a170-319812a043ec 7e632de5420f4ac0a46ba9031d497f17 ab7dbedf9af14d03867a48d4b7288aab - - default default] 10.0.0.148 "PUT /v2.0/networks/7b43b997-c64a-4d5a-8764-8e1eadfc3ee1/tags HTTP/1.1" status: 200 len: 210 time: 0.0419583
2026-04-23 08:59:14.475 9 INFO neutron.wsgi [None req-84611023-a2ec-4d83-9727-95bd217979fa 7e632de5420f4ac0a46ba9031d497f17 ab7dbedf9af14d03867a48d4b7288aab - - default default] 10.0.0.148 "PUT /v2.0/networks/d168a61f-1050-4e0d-b707-25b25461eee1/tags HTTP/1.1" status: 200 len: 218 time: 0.0565312
2026-04-23 08:59:14.567 9 INFO neutron.wsgi [None req-498cfab3-df25-42b6-b319-90fc9c706ff5 7e632de5420f4ac0a46ba9031d497f17 ab7dbedf9af14d03867a48d4b7288aab - - default default] 10.0.0.148 "PUT /v2.0/networks/4e89fbdb-9e0f-4bdc-89db-387be1db9aec/tags HTTP/1.1" status: 200 len: 227 time: 0.0863736
2026-04-23 08:59:14.643 9 INFO neutron.wsgi [None req-a3cda710-d67f-48c3-8306-7afc949f5e0c 7e632de5420f4ac0a46ba9031d497f17 ab7dbedf9af14d03867a48d4b7288aab - - default default] 10.0.0.148 "PUT /v2.0/networks/1f333712-9734-4fcb-9025-37e781c7b1dd/tags HTTP/1.1" status: 200 len: 212 time: 0.0645106
2026-04-23 08:59:14.727 10 INFO neutron.db.ovn_revision_numbers_db [None req-da94801c-c2a3-471c-bf97-c46ba2b7a7be c07932cbf9ba46088e0b27751ebcbe33 12adb23398d04c379010c1549345f67b - - default default] Successfully bumped revision number for resource 87702015-8e9f-4813-a724-e22a971dfd17 (type: ports) to 2
2026-04-23 08:59:14.752 9 INFO neutron.wsgi [None req-1a5677cc-1d0c-4888-8050-c58cb429f6e1 7e632de5420f4ac0a46ba9031d497f17 ab7dbedf9af14d03867a48d4b7288aab - - default default] 10.0.0.148 "GET /v2.0/networks?tags=red HTTP/1.1" status: 200 len: 2070 time: 0.1011429
2026-04-23 08:59:14.752 10 INFO neutron.wsgi [-] 10.0.0.75 "GET / HTTP/1.1" status: 200 len: 246 time: 0.0031724
2026-04-23 08:59:14.754 10 INFO neutron.wsgi [-] 10.0.0.75 "GET / HTTP/1.1" status: 200 len: 246 time: 0.0011003
2026-04-23 08:59:14.758 9 INFO neutron.wsgi [req-60b9914a-92b8-47bc-b167-ce8e142ccf15 req-6b451db0-47df-4d19-942d-a0b992518140 1a1fbc6dd5e2416db28ccb45510585bb e324b58648244caf8f59d91b3539f4fb - - default default] 199.19.213.52 "GET /v2.0/networks?id=93dbd345-a96c-4857-9037-8c88cca59342 HTTP/1.1" status: 200 len: 872 time: 0.1285756
2026-04-23 08:59:14.804 10 INFO neutron.db.ovn_revision_numbers_db [None req-da94801c-c2a3-471c-bf97-c46ba2b7a7be c07932cbf9ba46088e0b27751ebcbe33 12adb23398d04c379010c1549345f67b - - default default] Successfully bumped revision number for resource bc6805e4-d296-4afd-991f-07567b01e506 (type: subnets) to 0
2026-04-23 08:59:14.825 10 INFO neutron.wsgi [None req-9624eca9-58c9-40b0-a9bb-00aebf11ea95 7e632de5420f4ac0a46ba9031d497f17 ab7dbedf9af14d03867a48d4b7288aab - - default default] 10.0.0.148 "GET /v2.0/networks?tags=red%2Cblue HTTP/1.1" status: 200 len: 1457 time: 0.0674422
2026-04-23 08:59:14.827 10 INFO neutron.wsgi [None req-da94801c-c2a3-471c-bf97-c46ba2b7a7be c07932cbf9ba46088e0b27751ebcbe33 12adb23398d04c379010c1549345f67b - - default default] 10.0.0.148 "POST /v2.0/subnets HTTP/1.1" status: 201 len: 831 time: 1.0621648
2026-04-23 08:59:14.909 9 INFO neutron.wsgi [None req-9b9a0e08-9374-4f19-8ab2-f0ea3a623470 7e632de5420f4ac0a46ba9031d497f17 ab7dbedf9af14d03867a48d4b7288aab - - default default] 10.0.0.148 "GET /v2.0/networks?tags-any=blue HTTP/1.1" status: 200 len: 1457 time: 0.0742943
2026-04-23 08:59:15.016 10 INFO neutron.wsgi [None req-288bb398-2e9d-4d49-9929-c3d735592eca 7e632de5420f4ac0a46ba9031d497f17 ab7dbedf9af14d03867a48d4b7288aab - - default default] 10.0.0.148 "GET /v2.0/networks?tags-any=red%2Cblue HTTP/1.1" status: 200 len: 2070 time: 0.1002767
2026-04-23 08:59:15.026 9 INFO neutron.wsgi [req-68cc9d9f-55e6-4016-9db1-ef5929fd3bca req-9550e15f-2512-461a-b142-50d93d0ee097 1a1fbc6dd5e2416db28ccb45510585bb e324b58648244caf8f59d91b3539f4fb - - default default] 10.0.0.105 "GET /v2.0/ports?device_id=5916835c-51d0-4fff-a700-4506bffe5e55 HTTP/1.1" status: 200 len: 210 time: 0.0245645
2026-04-23 08:59:15.164 10 INFO neutron.wsgi [None req-2fa0e184-79ab-4eae-9d7e-ca0bc5bb8f68 7e632de5420f4ac0a46ba9031d497f17 ab7dbedf9af14d03867a48d4b7288aab - - default default] 10.0.0.148 "GET /v2.0/networks?not-tags=red HTTP/1.1" status: 200 len: 2069 time: 0.1407497 /var/lib/openstack/lib/python3.10/site-packages/pycadf/identifier.py:71: UserWarning: Invalid uuid: neutron. To ensure interoperability, identifiers should be a valid uuid. warnings.warn(('Invalid uuid: %s. To ensure interoperability, '
2026-04-23 08:59:15.222 9 WARNING neutron.scheduler.dhcp_agent_scheduler [req-60b9914a-92b8-47bc-b167-ce8e142ccf15 req-213ab84e-77be-4f38-84bd-6bf082c43209 1a1fbc6dd5e2416db28ccb45510585bb e324b58648244caf8f59d91b3539f4fb - - default default] No more DHCP agents
2026-04-23 08:59:15.241 9 WARNING neutron.api.rpc.agentnotifiers.dhcp_rpc_agent_api [req-60b9914a-92b8-47bc-b167-ce8e142ccf15 req-213ab84e-77be-4f38-84bd-6bf082c43209 1a1fbc6dd5e2416db28ccb45510585bb e324b58648244caf8f59d91b3539f4fb - - default default] Unable to schedule network 93dbd345-a96c-4857-9037-8c88cca59342: no agents available; will retry on subsequent port and subnet creation events.
2026-04-23 08:59:15.259 10 WARNING neutron.scheduler.dhcp_agent_scheduler [None req-77dfb338-4755-45d8-9a05-f038aa6158c2 c07932cbf9ba46088e0b27751ebcbe33 12adb23398d04c379010c1549345f67b - - default default] No more DHCP agents
2026-04-23 08:59:15.272 10 WARNING neutron.api.rpc.agentnotifiers.dhcp_rpc_agent_api [None req-77dfb338-4755-45d8-9a05-f038aa6158c2 c07932cbf9ba46088e0b27751ebcbe33 12adb23398d04c379010c1549345f67b - - default default] Unable to schedule network ad58d157-9c05-4811-b23b-36c3e4b8350c: no agents available; will retry on subsequent port and subnet creation events.
2026-04-23 08:59:15.326 10 INFO neutron.db.ovn_revision_numbers_db [None req-77dfb338-4755-45d8-9a05-f038aa6158c2 c07932cbf9ba46088e0b27751ebcbe33 12adb23398d04c379010c1549345f67b - - default default] Successfully bumped revision number for resource 4d4b5604-bbd9-414c-bd04-e87f336bc0ee (type: subnets) to 0
2026-04-23 08:59:15.343 10 INFO neutron.db.ovn_revision_numbers_db [None req-ba24ff98-13c5-4cf4-8a95-3a84996be9ed f3ba8cba4919401d8018078e0f657289 13bb94fabddb4ba998f79889317cb4e1 - - default default] Successfully bumped revision number for resource 86265558-966d-48e6-bc8a-c2f2744f9a21 (type: security_groups) to 1
2026-04-23 08:59:15.343 9 INFO neutron.wsgi [None req-84383280-e5e1-46de-a454-889d91d6bf84 7e632de5420f4ac0a46ba9031d497f17 ab7dbedf9af14d03867a48d4b7288aab - - default default] 10.0.0.148 "GET /v2.0/networks?not-tags=red%2Cblue HTTP/1.1" status: 200 len: 2682 time: 0.1688344
2026-04-23 08:59:15.346 10 INFO neutron.wsgi [None req-77dfb338-4755-45d8-9a05-f038aa6158c2 c07932cbf9ba46088e0b27751ebcbe33 12adb23398d04c379010c1549345f67b - - default default] 10.0.0.148 "POST /v2.0/subnets HTTP/1.1" status: 201 len: 901 time: 0.5126488 /var/lib/openstack/lib/python3.10/site-packages/pycadf/identifier.py:71: UserWarning: Invalid uuid: neutron. To ensure interoperability, identifiers should be a valid uuid. warnings.warn(('Invalid uuid: %s. To ensure interoperability, '
2026-04-23 08:59:15.399 10 INFO neutron.db.ovn_revision_numbers_db [None req-ba24ff98-13c5-4cf4-8a95-3a84996be9ed f3ba8cba4919401d8018078e0f657289 13bb94fabddb4ba998f79889317cb4e1 - - default default] Successfully bumped revision number for resource 28897511-c98b-4256-bb71-af987c710a6d (type: security_group_rules) to 0
2026-04-23 08:59:15.440 10 INFO neutron.db.ovn_revision_numbers_db [None req-ba24ff98-13c5-4cf4-8a95-3a84996be9ed f3ba8cba4919401d8018078e0f657289 13bb94fabddb4ba998f79889317cb4e1 - - default default] Successfully bumped revision number for resource 3c4c3522-9ed2-4a5d-af65-c6b2b8186a6a (type: security_group_rules) to 0
2026-04-23 08:59:15.459 9 INFO neutron.db.segments_db [None req-2063c993-37ba-49b7-b024-3863247830f0 c07932cbf9ba46088e0b27751ebcbe33 12adb23398d04c379010c1549345f67b - - default default] Added segment 84916bcf-9e05-483b-ae40-1829bcd96632 of type geneve for network 76c70314-b3f7-4639-8c2b-527a3fa1487e
2026-04-23 08:59:15.466 10 INFO neutron.wsgi [None req-13805a3d-8292-497f-9b70-6fb804909abb 7e632de5420f4ac0a46ba9031d497f17 ab7dbedf9af14d03867a48d4b7288aab - - default default] 10.0.0.148 "GET /v2.0/networks?not-tags-any=blue HTTP/1.1" status: 200 len: 2682 time: 0.1183493
2026-04-23 08:59:15.470 10 INFO neutron.db.ovn_revision_numbers_db [None req-ba24ff98-13c5-4cf4-8a95-3a84996be9ed f3ba8cba4919401d8018078e0f657289 13bb94fabddb4ba998f79889317cb4e1 - - default default] Successfully bumped revision number for resource 99db1c3f-ea3e-4cc6-8174-7e4fe63ff86d (type: security_group_rules) to 0
2026-04-23 08:59:15.505 10 INFO neutron.db.ovn_revision_numbers_db [None req-ba24ff98-13c5-4cf4-8a95-3a84996be9ed f3ba8cba4919401d8018078e0f657289 13bb94fabddb4ba998f79889317cb4e1 - - default default] Successfully bumped revision number for resource de8d6eca-7486-4d50-83c4-7d7d6a103647 (type: security_group_rules) to 0
2026-04-23 08:59:15.589 9 INFO neutron.db.ovn_revision_numbers_db [req-60b9914a-92b8-47bc-b167-ce8e142ccf15 req-213ab84e-77be-4f38-84bd-6bf082c43209 1a1fbc6dd5e2416db28ccb45510585bb e324b58648244caf8f59d91b3539f4fb - - default default] Successfully bumped revision number for resource ab8a344a-f0cb-4f13-8a07-5981220c40e1 (type: ports) to 1
2026-04-23 08:59:15.607 10 INFO neutron.db.ovn_revision_numbers_db [None req-ba24ff98-13c5-4cf4-8a95-3a84996be9ed f3ba8cba4919401d8018078e0f657289 13bb94fabddb4ba998f79889317cb4e1 - - default default] Successfully bumped revision number for resource 8c52b9dd-7adc-4e04-ad73-12b612705c40 (type: security_groups) to 1
2026-04-23 08:59:15.611 9 INFO neutron.wsgi [None req-69d7512b-f89b-4f0b-9c0f-c7a8e30fc97e 7e632de5420f4ac0a46ba9031d497f17 ab7dbedf9af14d03867a48d4b7288aab - - default default] 10.0.0.148 "GET /v2.0/networks?not-tags-any=red%2Cblue HTTP/1.1" status: 200 len: 2069 time: 0.1398060
2026-04-23 08:59:15.624 10 INFO neutron.db.ovn_revision_numbers_db [None req-ba24ff98-13c5-4cf4-8a95-3a84996be9ed f3ba8cba4919401d8018078e0f657289 13bb94fabddb4ba998f79889317cb4e1 - - default default] Successfully bumped revision number for resource 0448329c-6e32-4040-a766-2efd95f7ff48 (type: security_group_rules) to 0
2026-04-23 08:59:15.639 10 INFO neutron.db.ovn_revision_numbers_db [None req-ba24ff98-13c5-4cf4-8a95-3a84996be9ed f3ba8cba4919401d8018078e0f657289 13bb94fabddb4ba998f79889317cb4e1 - - default default] Successfully bumped revision number for resource ed50963a-c4aa-489b-9fe9-4be99813f69b (type: security_group_rules) to 0
2026-04-23 08:59:15.645 9 INFO neutron.wsgi [req-60b9914a-92b8-47bc-b167-ce8e142ccf15 req-213ab84e-77be-4f38-84bd-6bf082c43209 1a1fbc6dd5e2416db28ccb45510585bb e324b58648244caf8f59d91b3539f4fb - - default default] 199.19.213.52 "POST /v2.0/ports HTTP/1.1" status: 201 len: 1162 time: 0.8759923
2026-04-23 08:59:15.657 10 INFO neutron.wsgi [None req-ba24ff98-13c5-4cf4-8a95-3a84996be9ed f3ba8cba4919401d8018078e0f657289 13bb94fabddb4ba998f79889317cb4e1 - - default default] 10.0.0.148 "POST /v2.0/security-groups HTTP/1.1" status: 201 len: 1737 time: 0.7398262
2026-04-23 08:59:15.708 10 INFO neutron.wsgi [None req-9d1946eb-c11d-4cc0-bc88-87d4e662b43e f3ba8cba4919401d8018078e0f657289 13bb94fabddb4ba998f79889317cb4e1 - - default default] 10.0.0.148 "PUT /v2.0/security-groups/8c52b9dd-7adc-4e04-ad73-12b612705c40/tags HTTP/1.1" status: 200 len: 218 time: 0.0445771
2026-04-23 08:59:15.732 10 INFO neutron.wsgi [None req-22d12a6b-b637-4a35-8eb5-8070b2c326ea f3ba8cba4919401d8018078e0f657289 13bb94fabddb4ba998f79889317cb4e1 - - default default] 10.0.0.148 "GET /v2.0/security-groups/8c52b9dd-7adc-4e04-ad73-12b612705c40/tags HTTP/1.1" status: 200 len: 218 time: 0.0178549
2026-04-23 08:59:15.764 10 INFO neutron.wsgi [None req-99d87771-dc3f-4e4b-a687-fb2dd1b7021d f3ba8cba4919401d8018078e0f657289 13bb94fabddb4ba998f79889317cb4e1 - - default default] 10.0.0.148 "PUT /v2.0/security-groups/8c52b9dd-7adc-4e04-ad73-12b612705c40/tags/green HTTP/1.1" status: 201 len: 201 time: 0.0276585
2026-04-23 08:59:15.783 10 INFO neutron.wsgi [None req-cca0cf25-eb16-46a8-a594-c7fa0fc677d1 f3ba8cba4919401d8018078e0f657289 13bb94fabddb4ba998f79889317cb4e1 - - default default] 10.0.0.148 "GET /v2.0/security-groups/8c52b9dd-7adc-4e04-ad73-12b612705c40/tags HTTP/1.1" status: 200 len: 227 time: 0.0149894
2026-04-23 08:59:15.807 10 INFO neutron.wsgi [None req-ad97da10-c123-4a35-9dcf-021fcdce3edc f3ba8cba4919401d8018078e0f657289 13bb94fabddb4ba998f79889317cb4e1 - - default default] 10.0.0.148 "PUT /v2.0/security-groups/8c52b9dd-7adc-4e04-ad73-12b612705c40/tags/red HTTP/1.1" status: 201 len: 201 time: 0.0168078
2026-04-23 08:59:15.830 10 INFO neutron.wsgi [None req-0c664962-2465-4db1-98d2-39c20b95ca72 f3ba8cba4919401d8018078e0f657289 13bb94fabddb4ba998f79889317cb4e1 - - default default] 10.0.0.148 "GET /v2.0/security-groups/8c52b9dd-7adc-4e04-ad73-12b612705c40/tags HTTP/1.1" status: 200 len: 227 time: 0.0187545
2026-04-23 08:59:15.866 10 INFO neutron.wsgi [None req-7005b0f6-4938-45b5-a9af-1bde90609070 f3ba8cba4919401d8018078e0f657289 13bb94fabddb4ba998f79889317cb4e1 - - default default] 10.0.0.148 "PUT /v2.0/security-groups/8c52b9dd-7adc-4e04-ad73-12b612705c40/tags/black.or.white HTTP/1.1" status: 201 len: 201 time: 0.0314381
2026-04-23 08:59:15.887 10 INFO neutron.wsgi [None req-7ee04c90-0b05-400e-aa3f-4be66705c337 f3ba8cba4919401d8018078e0f657289 13bb94fabddb4ba998f79889317cb4e1 - - default default] 10.0.0.148 "GET /v2.0/security-groups/8c52b9dd-7adc-4e04-ad73-12b612705c40/tags HTTP/1.1" status: 200 len: 245 time: 0.0161369
2026-04-23 08:59:15.940 10 INFO neutron.wsgi [None req-4624f3f3-481a-4e2e-8e4c-f4a1e40bce5b f3ba8cba4919401d8018078e0f657289 13bb94fabddb4ba998f79889317cb4e1 - - default default] 10.0.0.148 "PUT /v2.0/security-groups/8c52b9dd-7adc-4e04-ad73-12b612705c40/tags HTTP/1.1" status: 200 len: 230 time: 0.0485249
2026-04-23 08:59:15.995 10 INFO neutron.wsgi [None req-c2fa568e-f6b4-4865-a521-2b25cc4807cf f3ba8cba4919401d8018078e0f657289 13bb94fabddb4ba998f79889317cb4e1 - - default default] 10.0.0.148 "GET /v2.0/security-groups/8c52b9dd-7adc-4e04-ad73-12b612705c40/tags HTTP/1.1" status: 200 len: 230 time: 0.0493338
2026-04-23 08:59:16.021 10 INFO neutron.wsgi [None req-9e624484-3faa-48df-8491-5300453274b7 f3ba8cba4919401d8018078e0f657289 13bb94fabddb4ba998f79889317cb4e1 - - default default] 10.0.0.148 "GET /v2.0/security-groups/8c52b9dd-7adc-4e04-ad73-12b612705c40/tags/red HTTP/1.1" status: 204 len: 168 time: 0.0206487
2026-04-23 08:59:16.043 10 INFO neutron.api.v2.resource [None req-17d600ee-77cb-4bf8-ae7f-492f2db8228c f3ba8cba4919401d8018078e0f657289 13bb94fabddb4ba998f79889317cb4e1 - - default default] show failed (client error): The resource could not be found.
2026-04-23 08:59:16.044 10 INFO neutron.wsgi [None req-17d600ee-77cb-4bf8-ae7f-492f2db8228c f3ba8cba4919401d8018078e0f657289 13bb94fabddb4ba998f79889317cb4e1 - - default default] 10.0.0.148 "GET /v2.0/security-groups/8c52b9dd-7adc-4e04-ad73-12b612705c40/tags/green HTTP/1.1" status: 404 len: 299 time: 0.0190015
2026-04-23 08:59:16.101 10 INFO neutron.wsgi [None req-f1190e54-8f43-49af-884a-6cb071a6fa2d f3ba8cba4919401d8018078e0f657289 13bb94fabddb4ba998f79889317cb4e1 - - default default] 10.0.0.148 "DELETE /v2.0/security-groups/8c52b9dd-7adc-4e04-ad73-12b612705c40/tags/red HTTP/1.1" status: 204 len: 168 time: 0.0523007
2026-04-23 08:59:16.125 10 INFO neutron.wsgi [None req-b1d1c94a-5cbf-4926-a24f-6fdaa8f7c070 f3ba8cba4919401d8018078e0f657289 13bb94fabddb4ba998f79889317cb4e1 - - default default] 10.0.0.148 "GET /v2.0/security-groups/8c52b9dd-7adc-4e04-ad73-12b612705c40/tags HTTP/1.1" status: 200 len: 223 time: 0.0194807
2026-04-23 08:59:16.156 10 INFO neutron.api.v2.resource [None req-eee833b5-f1b3-408b-9558-dea607a0ea11 f3ba8cba4919401d8018078e0f657289 13bb94fabddb4ba998f79889317cb4e1 - - default default] delete failed (client error): The resource could not be found.
2026-04-23 08:59:16.157 10 INFO neutron.wsgi [None req-eee833b5-f1b3-408b-9558-dea607a0ea11 f3ba8cba4919401d8018078e0f657289 13bb94fabddb4ba998f79889317cb4e1 - - default default] 10.0.0.148 "DELETE /v2.0/security-groups/8c52b9dd-7adc-4e04-ad73-12b612705c40/tags/green HTTP/1.1" status: 404 len: 299 time: 0.0261946
2026-04-23 08:59:16.206 10 INFO neutron.wsgi [None req-b554fdae-f272-45df-91ad-3c03399b62fc f3ba8cba4919401d8018078e0f657289 13bb94fabddb4ba998f79889317cb4e1 - - default default] 10.0.0.148 "DELETE /v2.0/security-groups/8c52b9dd-7adc-4e04-ad73-12b612705c40/tags HTTP/1.1" status: 204 len: 168 time: 0.0405519
2026-04-23 08:59:16.216 9 INFO neutron.wsgi [req-d27847e9-fd26-4266-85e8-25e7f84cf597 req-6ec11728-28bc-48bd-951e-7aba9963807c 1a1fbc6dd5e2416db28ccb45510585bb e324b58648244caf8f59d91b3539f4fb - - default default] 10.0.0.105 "GET /v2.0/ports?device_id=5916835c-51d0-4fff-a700-4506bffe5e55 HTTP/1.1" status: 200 len: 1160 time: 0.0757227
2026-04-23 08:59:16.229 10 INFO neutron.wsgi [None req-0fa68bd6-ba5b-455f-b2c9-bf7e8d14f6d7 f3ba8cba4919401d8018078e0f657289 13bb94fabddb4ba998f79889317cb4e1 - - default default] 10.0.0.148 "GET /v2.0/security-groups/8c52b9dd-7adc-4e04-ad73-12b612705c40/tags HTTP/1.1" status: 200 len: 205 time: 0.0168457
2026-04-23 08:59:16.229 9 INFO neutron.db.ovn_revision_numbers_db [None req-2063c993-37ba-49b7-b024-3863247830f0 c07932cbf9ba46088e0b27751ebcbe33 12adb23398d04c379010c1549345f67b - - default default] Successfully bumped revision number for resource 76c70314-b3f7-4639-8c2b-527a3fa1487e (type: networks) to 1
2026-04-23 08:59:16.331 9 INFO neutron.wsgi [req-d27847e9-fd26-4266-85e8-25e7f84cf597 req-ace25b3c-26b7-44da-aabe-72a6adcc1d12 1a1fbc6dd5e2416db28ccb45510585bb e324b58648244caf8f59d91b3539f4fb - - default default] 10.0.0.105 "GET /v2.0/security-groups?id=2f721b82-e89e-4adc-9218-38a9afa53554&fields=id&fields=name HTTP/1.1" status: 200 len: 286 time: 0.1044064
2026-04-23 08:59:16.353 10 INFO neutron.wsgi [None req-2cd17523-459c-4fcf-b92b-3fff9d89ded6 f3ba8cba4919401d8018078e0f657289 13bb94fabddb4ba998f79889317cb4e1 - - default default] 10.0.0.148 "DELETE /v2.0/security-groups/8c52b9dd-7adc-4e04-ad73-12b612705c40 HTTP/1.1" status: 204 len: 168 time: 0.1170304
2026-04-23 08:59:16.557 9 WARNING neutron.scheduler.dhcp_agent_scheduler [None req-2063c993-37ba-49b7-b024-3863247830f0 c07932cbf9ba46088e0b27751ebcbe33 12adb23398d04c379010c1549345f67b - - default default] No more DHCP agents
2026-04-23 08:59:16.562 9 WARNING neutron.api.rpc.agentnotifiers.dhcp_rpc_agent_api [None req-2063c993-37ba-49b7-b024-3863247830f0 c07932cbf9ba46088e0b27751ebcbe33 12adb23398d04c379010c1549345f67b - - default default] Unable to schedule network 76c70314-b3f7-4639-8c2b-527a3fa1487e: no agents available; will retry on subsequent port and subnet creation events.
2026-04-23 08:59:16.731 9 INFO neutron.db.ovn_revision_numbers_db [None req-2063c993-37ba-49b7-b024-3863247830f0 c07932cbf9ba46088e0b27751ebcbe33 12adb23398d04c379010c1549345f67b - - default default] Successfully bumped revision number for resource 04304de4-2c35-4c40-b135-7da026c05283 (type: ports) to 1
2026-04-23 08:59:16.785 9 INFO neutron.wsgi [None req-2063c993-37ba-49b7-b024-3863247830f0 c07932cbf9ba46088e0b27751ebcbe33 12adb23398d04c379010c1549345f67b - - default default] 10.0.0.148 "POST /v2.0/networks HTTP/1.1" status: 201 len: 836 time: 1.4312787
2026-04-23 08:59:16.802 9 INFO neutron.services.segments.plugin [-] Segment d3da8996-73d6-4e97-a127-4d68978820c4 resource provider aggregate not found
2026-04-23 08:59:16.807 9 INFO neutron.services.segments.plugin [-] Segment d3da8996-73d6-4e97-a127-4d68978820c4 resource provider aggregate not found
2026-04-23 08:59:16.827 9 INFO neutron.services.segments.plugin [-] Segment d3da8996-73d6-4e97-a127-4d68978820c4 resource provider not found; error: Placement Client Error (4xx): {"errors": [{"status": 404, "title": "Not Found", "detail": "The resource could not be found.\n\n No resource provider with uuid d3da8996-73d6-4e97-a127-4d68978820c4 found for delete ", "request_id": "req-9f770695-e1cc-4c86-b608-f0d9514679f7"}]}
2026-04-23 08:59:16.831 9 INFO neutron.services.segments.plugin [-] Segment d3da8996-73d6-4e97-a127-4d68978820c4 resource provider not found; error: Placement Client Error (4xx): {"errors": [{"status": 404, "title": "Not Found", "detail": "The resource could not be found.\n\n No resource provider with uuid d3da8996-73d6-4e97-a127-4d68978820c4 found for delete ", "request_id": "req-7b8a0ecd-67a9-41d6-98eb-0d71b680969d"}]}
2026-04-23 08:59:16.857 9 INFO neutron.wsgi [None req-860a5d40-66e0-42f2-94f6-cb9ab347470d 7e632de5420f4ac0a46ba9031d497f17 ab7dbedf9af14d03867a48d4b7288aab - - default default] 10.0.0.148 "DELETE /v2.0/networks/7b43b997-c64a-4d5a-8764-8e1eadfc3ee1 HTTP/1.1" status: 204 len: 168 time: 1.2361331 /var/lib/openstack/lib/python3.10/site-packages/pycadf/identifier.py:71: UserWarning: Invalid uuid: neutron. To ensure interoperability, identifiers should be a valid uuid. warnings.warn(('Invalid uuid: %s. To ensure interoperability, '
2026-04-23 08:59:16.871 9 INFO neutron.db.ovn_revision_numbers_db [req-60b9914a-92b8-47bc-b167-ce8e142ccf15 req-c63a9f4d-8ef6-4a1c-a587-8b9b52b3ab5f 0b90aaf067b5401a83d2c0610e4ae3a9 cb697062842e4831b466dd2615203c97 - - 5cc8a6ff47d14da9a8777c2cc4ba702d 5cc8a6ff47d14da9a8777c2cc4ba702d] Successfully bumped revision number for resource ab8a344a-f0cb-4f13-8a07-5981220c40e1 (type: ports) to 2 /var/lib/openstack/lib/python3.10/site-packages/pycadf/identifier.py:71: UserWarning: Invalid uuid: neutron. To ensure interoperability, identifiers should be a valid uuid. warnings.warn(('Invalid uuid: %s. To ensure interoperability, '
2026-04-23 08:59:17.169 9 INFO neutron.db.ovn_revision_numbers_db [req-60b9914a-92b8-47bc-b167-ce8e142ccf15 req-c63a9f4d-8ef6-4a1c-a587-8b9b52b3ab5f 0b90aaf067b5401a83d2c0610e4ae3a9 cb697062842e4831b466dd2615203c97 - - 5cc8a6ff47d14da9a8777c2cc4ba702d 5cc8a6ff47d14da9a8777c2cc4ba702d] Successfully bumped revision number for resource ab8a344a-f0cb-4f13-8a07-5981220c40e1 (type: ports) to 2
2026-04-23 08:59:17.197 9 INFO neutron.wsgi [req-60b9914a-92b8-47bc-b167-ce8e142ccf15 req-c63a9f4d-8ef6-4a1c-a587-8b9b52b3ab5f 0b90aaf067b5401a83d2c0610e4ae3a9 cb697062842e4831b466dd2615203c97 - - 5cc8a6ff47d14da9a8777c2cc4ba702d 5cc8a6ff47d14da9a8777c2cc4ba702d] 199.19.213.52 "PUT /v2.0/ports/ab8a344a-f0cb-4f13-8a07-5981220c40e1 HTTP/1.1" status: 200 len: 1380 time: 1.5399194
2026-04-23 08:59:17.236 9 INFO neutron.notifiers.nova [-] Nova event matching ['req-2f8d416f-61c2-4274-9e8c-18c68bbefd6c'] response: {'name': 'network-changed', 'server_uuid': '5916835c-51d0-4fff-a700-4506bffe5e55', 'tag': 'ab8a344a-f0cb-4f13-8a07-5981220c40e1', 'status': 'completed', 'code': 200}
2026-04-23 08:59:17.288 9 INFO neutron.wsgi [req-60b9914a-92b8-47bc-b167-ce8e142ccf15 req-a7e26fee-fed0-462f-901f-02fde8ec52c6 0b90aaf067b5401a83d2c0610e4ae3a9 cb697062842e4831b466dd2615203c97 - - 5cc8a6ff47d14da9a8777c2cc4ba702d 5cc8a6ff47d14da9a8777c2cc4ba702d] 199.19.213.52 "GET /v2.0/ports?tenant_id=e324b58648244caf8f59d91b3539f4fb&device_id=5916835c-51d0-4fff-a700-4506bffe5e55 HTTP/1.1" status: 200 len: 1411 time: 0.0409772
2026-04-23 08:59:17.327 9 INFO neutron.wsgi [req-60b9914a-92b8-47bc-b167-ce8e142ccf15 req-aeeadd3b-ea4c-4843-b315-c993d19aaa35 0b90aaf067b5401a83d2c0610e4ae3a9 cb697062842e4831b466dd2615203c97 - - 5cc8a6ff47d14da9a8777c2cc4ba702d 5cc8a6ff47d14da9a8777c2cc4ba702d] 199.19.213.52 "GET /v2.0/floatingips?fixed_ip_address=10.100.0.14&port_id=ab8a344a-f0cb-4f13-8a07-5981220c40e1 HTTP/1.1" status: 200 len: 217 time: 0.0281801
2026-04-23 08:59:17.339 9 INFO neutron.db.ovn_revision_numbers_db [None req-a95156ec-886e-4ad8-bb8a-e721f3f964a4 3b8fed1cce4145eda7e305becc078a7e f8496f8ba56a4b14a1b7d6a9aa2af247 - - default default] Successfully bumped revision number for resource f6326069-f635-4c61-b698-2981f60ec7fa (type: security_groups) to 1
2026-04-23 08:59:17.368 9 INFO neutron.db.ovn_revision_numbers_db [None req-a95156ec-886e-4ad8-bb8a-e721f3f964a4 3b8fed1cce4145eda7e305becc078a7e f8496f8ba56a4b14a1b7d6a9aa2af247 - - default default] Successfully bumped revision number for resource 789d3702-e25d-43cd-912a-1d387a76a22a (type: security_group_rules) to 0
2026-04-23 08:59:17.376 9 INFO neutron.wsgi [req-60b9914a-92b8-47bc-b167-ce8e142ccf15 req-35b297c3-b685-40b6-bb1c-8f4df78b678a 0b90aaf067b5401a83d2c0610e4ae3a9 cb697062842e4831b466dd2615203c97 - - 5cc8a6ff47d14da9a8777c2cc4ba702d 5cc8a6ff47d14da9a8777c2cc4ba702d] 199.19.213.52 "GET /v2.0/subnets?id=5110360b-1fa9-42ec-9308-f288f797aa8d HTTP/1.1" status: 200 len: 866 time: 0.0388112
2026-04-23 08:59:17.396 9 INFO neutron.wsgi [None req-9ff28ba7-7364-413c-884d-6f8f05194153 7e632de5420f4ac0a46ba9031d497f17 ab7dbedf9af14d03867a48d4b7288aab - - default default] 10.0.0.148 "DELETE /v2.0/networks/d168a61f-1050-4e0d-b707-25b25461eee1 HTTP/1.1" status: 204 len: 168 time: 0.5324585
2026-04-23 08:59:17.404 9 INFO neutron.db.ovn_revision_numbers_db [None req-a95156ec-886e-4ad8-bb8a-e721f3f964a4 3b8fed1cce4145eda7e305becc078a7e f8496f8ba56a4b14a1b7d6a9aa2af247 - - default default] Successfully bumped revision number for resource b9751673-f649-443d-a205-3bf20ee5402b (type: security_group_rules) to 0
2026-04-23 08:59:17.406 9 INFO neutron.wsgi [req-60b9914a-92b8-47bc-b167-ce8e142ccf15 req-cab67697-c346-4121-8f79-24e62960b433 0b90aaf067b5401a83d2c0610e4ae3a9 cb697062842e4831b466dd2615203c97 - - 5cc8a6ff47d14da9a8777c2cc4ba702d 5cc8a6ff47d14da9a8777c2cc4ba702d] 199.19.213.52 "GET /v2.0/ports?network_id=93dbd345-a96c-4857-9037-8c88cca59342&device_owner=network%3Adhcp HTTP/1.1" status: 200 len: 210 time: 0.0239944
2026-04-23 08:59:17.453 9 INFO neutron.wsgi [req-2b8492f7-c567-4b3f-b2b2-84e23ad8c625 req-6ce741ac-d30f-402c-9763-7273baaeed7d 1a1fbc6dd5e2416db28ccb45510585bb e324b58648244caf8f59d91b3539f4fb - - default default] 10.0.0.105 "GET /v2.0/ports?device_id=5916835c-51d0-4fff-a700-4506bffe5e55 HTTP/1.1" status: 200 len: 1172 time: 0.0496125
2026-04-23 08:59:17.455 9 INFO neutron.db.ovn_revision_numbers_db [None req-a95156ec-886e-4ad8-bb8a-e721f3f964a4 3b8fed1cce4145eda7e305becc078a7e f8496f8ba56a4b14a1b7d6a9aa2af247 - - default default] Successfully bumped revision number for resource baef280d-97bb-4d4f-a8d0-92dd53246296 (type: security_group_rules) to 0
2026-04-23 08:59:17.460 10 WARNING neutron.scheduler.dhcp_agent_scheduler [None req-d15e15c9-9d94-428c-b263-c992bf669f32 c07932cbf9ba46088e0b27751ebcbe33 12adb23398d04c379010c1549345f67b - - default default] No more DHCP agents
2026-04-23 08:59:17.464 10 WARNING neutron.api.rpc.agentnotifiers.dhcp_rpc_agent_api [None req-d15e15c9-9d94-428c-b263-c992bf669f32 c07932cbf9ba46088e0b27751ebcbe33 12adb23398d04c379010c1549345f67b - - default default] Unable to schedule network 76c70314-b3f7-4639-8c2b-527a3fa1487e: no agents available; will retry on subsequent port and subnet creation events.
2026-04-23 08:59:17.488 9 INFO neutron.db.ovn_revision_numbers_db [None req-a95156ec-886e-4ad8-bb8a-e721f3f964a4 3b8fed1cce4145eda7e305becc078a7e f8496f8ba56a4b14a1b7d6a9aa2af247 - - default default] Successfully bumped revision number for resource f358d78b-4140-43b1-9cf8-3455e8c55d86 (type: security_group_rules) to 0
2026-04-23 08:59:17.519 9 INFO neutron.wsgi [req-60b9914a-92b8-47bc-b167-ce8e142ccf15 req-0425aff1-643c-449c-9d82-6779805f5569 0b90aaf067b5401a83d2c0610e4ae3a9 cb697062842e4831b466dd2615203c97 - - 5cc8a6ff47d14da9a8777c2cc4ba702d 5cc8a6ff47d14da9a8777c2cc4ba702d] 199.19.213.52 "GET /v2.0/networks/93dbd345-a96c-4857-9037-8c88cca59342?fields=segments HTTP/1.1" status: 200 len: 212 time: 0.1035609
2026-04-23 08:59:17.523 9 INFO neutron.wsgi [req-2b8492f7-c567-4b3f-b2b2-84e23ad8c625 req-786094e4-e89c-42cc-be43-c8454ab9b3e2 1a1fbc6dd5e2416db28ccb45510585bb e324b58648244caf8f59d91b3539f4fb - - default default] 10.0.0.105 "GET /v2.0/security-groups?id=2f721b82-e89e-4adc-9218-38a9afa53554&fields=id&fields=name HTTP/1.1" status: 200 len: 286 time: 0.0566010
2026-04-23 08:59:17.526 9 INFO neutron.wsgi [None req-a95156ec-886e-4ad8-bb8a-e721f3f964a4 3b8fed1cce4145eda7e305becc078a7e f8496f8ba56a4b14a1b7d6a9aa2af247 - - default default] 10.0.0.148 "GET /v2.0/security-groups?tenant_id=d83409739971492dbc8a478accfe75ae&name=default HTTP/1.1" status: 200 len: 2996 time: 0.4821362
2026-04-23 08:59:17.581 9 INFO neutron.wsgi [req-60b9914a-92b8-47bc-b167-ce8e142ccf15 req-a7932c1e-e706-43cf-80f3-cb1e4c5502b7 0b90aaf067b5401a83d2c0610e4ae3a9 cb697062842e4831b466dd2615203c97 - - 5cc8a6ff47d14da9a8777c2cc4ba702d 5cc8a6ff47d14da9a8777c2cc4ba702d] 199.19.213.52 "GET /v2.0/networks/93dbd345-a96c-4857-9037-8c88cca59342?fields=provider%3Aphysical_network&fields=provider%3Anetwork_type HTTP/1.1" status: 200 len: 277 time: 0.0536127
2026-04-23 08:59:17.668 9 INFO neutron.wsgi [req-b6a3244c-842d-4037-894c-eb7839912f31 req-a9ea4e0a-55a9-49f1-b11f-23d716bc245a 0b90aaf067b5401a83d2c0610e4ae3a9 cb697062842e4831b466dd2615203c97 - - 5cc8a6ff47d14da9a8777c2cc4ba702d 5cc8a6ff47d14da9a8777c2cc4ba702d] 199.19.213.52 "GET /v2.0/ports?tenant_id=e324b58648244caf8f59d91b3539f4fb&device_id=5916835c-51d0-4fff-a700-4506bffe5e55 HTTP/1.1" status: 200 len: 1411 time: 0.0372450
