2026-04-23 08:56:46.606 9 INFO neutron.db.ovn_revision_numbers_db [req-79516907-8f3d-45f1-a23c-799f8c879e9a req-2a3cf9a3-8b62-4d61-8565-3350a9579952 0b90aaf067b5401a83d2c0610e4ae3a9 cb697062842e4831b466dd2615203c97 - - 5cc8a6ff47d14da9a8777c2cc4ba702d 5cc8a6ff47d14da9a8777c2cc4ba702d] Successfully bumped revision number for resource dfff88e4-e7a0-4172-bd5c-dbd077c2c7e9 (type: ports) to 2
2026-04-23 08:56:46.626 9 INFO neutron.wsgi [req-05f8f587-a899-4cdb-b9b2-3ecd8956a888 req-5487f8df-f392-407f-a9ad-bffa758348b8 4ffb649d2f014d15a0e1426fd422e096 70215bdd68f748c7a8ec6f081c8de20d - - default default] 10.0.0.105 "GET /v2.0/security-groups?id=25b8db68-538b-4539-9f8f-1abed6c4a73a&fields=id&fields=name HTTP/1.1" status: 200 len: 312 time: 0.1072547
2026-04-23 08:56:46.674 9 INFO neutron.wsgi [req-79516907-8f3d-45f1-a23c-799f8c879e9a req-2a3cf9a3-8b62-4d61-8565-3350a9579952 0b90aaf067b5401a83d2c0610e4ae3a9 cb697062842e4831b466dd2615203c97 - - 5cc8a6ff47d14da9a8777c2cc4ba702d 5cc8a6ff47d14da9a8777c2cc4ba702d] 199.19.213.52 "PUT /v2.0/ports/dfff88e4-e7a0-4172-bd5c-dbd077c2c7e9 HTTP/1.1" status: 200 len: 1376 time: 1.2487476
2026-04-23 08:56:46.699 9 INFO neutron.db.ovn_revision_numbers_db [None req-b680e164-6765-49e8-88fb-a8cda7be14b7 bbf628a69d844b25b28cd3cfe3075eb0 7484f67377f54d85ba5ba7c7ca76f809 - - default default] Successfully bumped revision number for resource 15c15813-98ab-42f4-abb7-37fcf0590679 (type: networks) to 1
2026-04-23 08:56:46.718 9 INFO neutron.notifiers.nova [-] Nova event matching ['req-546f66b0-7291-430b-877e-d97ee1cea99e'] response: {'name': 'network-changed', 'server_uuid': '58847c23-f68c-4f20-a4cb-ef2838db1b49', 'tag': 'dfff88e4-e7a0-4172-bd5c-dbd077c2c7e9', 'status': 'completed', 'code': 200}
2026-04-23 08:56:46.796 9 INFO neutron.wsgi [req-79516907-8f3d-45f1-a23c-799f8c879e9a req-8005e316-3676-4637-8726-d5880f817c2d 0b90aaf067b5401a83d2c0610e4ae3a9 cb697062842e4831b466dd2615203c97 - - 5cc8a6ff47d14da9a8777c2cc4ba702d 5cc8a6ff47d14da9a8777c2cc4ba702d] 199.19.213.52 "GET /v2.0/ports?tenant_id=70215bdd68f748c7a8ec6f081c8de20d&device_id=58847c23-f68c-4f20-a4cb-ef2838db1b49 HTTP/1.1" status: 200 len: 1407 time: 0.0906212
2026-04-23 08:56:46.851 9 INFO neutron.wsgi [req-79516907-8f3d-45f1-a23c-799f8c879e9a req-638acc12-dab8-4225-809a-4ad9ffe07fc3 0b90aaf067b5401a83d2c0610e4ae3a9 cb697062842e4831b466dd2615203c97 - - 5cc8a6ff47d14da9a8777c2cc4ba702d 5cc8a6ff47d14da9a8777c2cc4ba702d] 199.19.213.52 "GET /v2.0/floatingips?fixed_ip_address=10.100.0.4&port_id=dfff88e4-e7a0-4172-bd5c-dbd077c2c7e9 HTTP/1.1" status: 200 len: 217 time: 0.0453377
2026-04-23 08:56:46.887 9 INFO neutron.db.ovn_revision_numbers_db [None req-29f6dcac-0540-43bf-862d-16f4922fa539 d489b9fec8f445db94b179269f9456ba 733b8f596b814e6ba980fafe78edc361 - - default default] Successfully bumped revision number for resource 7b5b7d9e-6ad7-45a4-b762-d011eaf9df18 (type: networks) to 1
2026-04-23 08:56:46.923 9 INFO neutron.wsgi [req-79516907-8f3d-45f1-a23c-799f8c879e9a req-b7786d69-0ac0-42a4-9dc8-57f338d77fa4 0b90aaf067b5401a83d2c0610e4ae3a9 cb697062842e4831b466dd2615203c97 - - 5cc8a6ff47d14da9a8777c2cc4ba702d 5cc8a6ff47d14da9a8777c2cc4ba702d] 199.19.213.52 "GET /v2.0/subnets?id=20396436-8d84-4fdc-bdd2-33a8d96934a3 HTTP/1.1" status: 200 len: 862 time: 0.0618091
2026-04-23 08:56:46.964 9 INFO neutron.wsgi [req-79516907-8f3d-45f1-a23c-799f8c879e9a req-79096e19-c73e-4d77-a65b-f4a7413031b5 0b90aaf067b5401a83d2c0610e4ae3a9 cb697062842e4831b466dd2615203c97 - - 5cc8a6ff47d14da9a8777c2cc4ba702d 5cc8a6ff47d14da9a8777c2cc4ba702d] 199.19.213.52 "GET /v2.0/ports?network_id=bec8a785-40a0-4409-b8ad-5e317beca23f&device_owner=network%3Adhcp HTTP/1.1" status: 200 len: 210 time: 0.0346396
2026-04-23 08:56:47.109 9 INFO neutron.wsgi [req-79516907-8f3d-45f1-a23c-799f8c879e9a req-ac10e20e-b6b7-4341-9db3-c04e63f1af38 0b90aaf067b5401a83d2c0610e4ae3a9 cb697062842e4831b466dd2615203c97 - - 5cc8a6ff47d14da9a8777c2cc4ba702d 5cc8a6ff47d14da9a8777c2cc4ba702d] 199.19.213.52 "GET /v2.0/networks/bec8a785-40a0-4409-b8ad-5e317beca23f?fields=segments HTTP/1.1" status: 200 len: 212 time: 0.1369019
2026-04-23 08:56:47.120 9 WARNING neutron.scheduler.dhcp_agent_scheduler [None req-b680e164-6765-49e8-88fb-a8cda7be14b7 bbf628a69d844b25b28cd3cfe3075eb0 7484f67377f54d85ba5ba7c7ca76f809 - - default default] No more DHCP agents
2026-04-23 08:56:47.132 9 WARNING neutron.api.rpc.agentnotifiers.dhcp_rpc_agent_api [None req-b680e164-6765-49e8-88fb-a8cda7be14b7 bbf628a69d844b25b28cd3cfe3075eb0 7484f67377f54d85ba5ba7c7ca76f809 - - default default] Unable to schedule network 15c15813-98ab-42f4-abb7-37fcf0590679: no agents available; will retry on subsequent port and subnet creation events.
2026-04-23 08:56:47.222 9 INFO neutron.wsgi [req-79516907-8f3d-45f1-a23c-799f8c879e9a req-952b707c-fa92-48d8-9ca7-a1971792f1ee 0b90aaf067b5401a83d2c0610e4ae3a9 cb697062842e4831b466dd2615203c97 - - 5cc8a6ff47d14da9a8777c2cc4ba702d 5cc8a6ff47d14da9a8777c2cc4ba702d] 199.19.213.52 "GET /v2.0/networks/bec8a785-40a0-4409-b8ad-5e317beca23f?fields=provider%3Aphysical_network&fields=provider%3Anetwork_type HTTP/1.1" status: 200 len: 277 time: 0.1000237
2026-04-23 08:56:47.253 9 WARNING neutron.scheduler.dhcp_agent_scheduler [None req-29f6dcac-0540-43bf-862d-16f4922fa539 d489b9fec8f445db94b179269f9456ba 733b8f596b814e6ba980fafe78edc361 - - default default] No more DHCP agents
2026-04-23 08:56:47.258 9 WARNING neutron.api.rpc.agentnotifiers.dhcp_rpc_agent_api [None req-29f6dcac-0540-43bf-862d-16f4922fa539 d489b9fec8f445db94b179269f9456ba 733b8f596b814e6ba980fafe78edc361 - - default default] Unable to schedule network 7b5b7d9e-6ad7-45a4-b762-d011eaf9df18: no agents available; will retry on subsequent port and subnet creation events.
2026-04-23 08:56:47.269 9 INFO neutron.db.ovn_revision_numbers_db [None req-b680e164-6765-49e8-88fb-a8cda7be14b7 bbf628a69d844b25b28cd3cfe3075eb0 7484f67377f54d85ba5ba7c7ca76f809 - - default default] Successfully bumped revision number for resource 468415c8-039a-4a89-a8bf-35adb254afa4 (type: ports) to 1
2026-04-23 08:56:47.319 9 INFO neutron.wsgi [None req-b680e164-6765-49e8-88fb-a8cda7be14b7 bbf628a69d844b25b28cd3cfe3075eb0 7484f67377f54d85ba5ba7c7ca76f809 - - default default] 10.0.0.148 "POST /v2.0/networks HTTP/1.1" status: 201 len: 831 time: 1.3691673
2026-04-23 08:56:47.322 9 INFO neutron.wsgi [req-3794ad2c-532d-472e-ac8c-aded8a67e020 req-1cb2b114-ce2b-4f93-a6e7-a013a6d0486e 0b90aaf067b5401a83d2c0610e4ae3a9 cb697062842e4831b466dd2615203c97 - - 5cc8a6ff47d14da9a8777c2cc4ba702d 5cc8a6ff47d14da9a8777c2cc4ba702d] 199.19.213.52 "GET /v2.0/ports?tenant_id=70215bdd68f748c7a8ec6f081c8de20d&device_id=58847c23-f68c-4f20-a4cb-ef2838db1b49 HTTP/1.1" status: 200 len: 1407 time: 0.0543103
2026-04-23 08:56:47.407 9 INFO neutron.db.ovn_revision_numbers_db [None req-29f6dcac-0540-43bf-862d-16f4922fa539 d489b9fec8f445db94b179269f9456ba 733b8f596b814e6ba980fafe78edc361 - - default default] Successfully bumped revision number for resource cd201f6c-5dc7-4ee1-8dac-10909329ab60 (type: ports) to 1
2026-04-23 08:56:47.416 9 INFO neutron.wsgi [req-3794ad2c-532d-472e-ac8c-aded8a67e020 req-aa7cf26c-b2d6-4758-bfd5-07f832911b60 0b90aaf067b5401a83d2c0610e4ae3a9 cb697062842e4831b466dd2615203c97 - - 5cc8a6ff47d14da9a8777c2cc4ba702d 5cc8a6ff47d14da9a8777c2cc4ba702d] 199.19.213.52 "GET /v2.0/networks?id=bec8a785-40a0-4409-b8ad-5e317beca23f HTTP/1.1" status: 200 len: 967 time: 0.0890174
2026-04-23 08:56:47.430 9 INFO neutron.plugins.ml2.drivers.ovn.mech_driver.mech_driver [None req-82efcabf-bda5-45ce-a1f2-a698d14cc178 - - - - - -] OVN reports status up for port: dfff88e4-e7a0-4172-bd5c-dbd077c2c7e9
2026-04-23 08:56:47.465 9 INFO neutron.plugins.ml2.plugin [None req-82efcabf-bda5-45ce-a1f2-a698d14cc178 - - - - - -] Attempt 1 to provision port dfff88e4-e7a0-4172-bd5c-dbd077c2c7e9
2026-04-23 08:56:47.475 9 INFO neutron.wsgi [req-3794ad2c-532d-472e-ac8c-aded8a67e020 req-ea0d1f7d-59df-4c7d-9e5e-9d33b74124a6 0b90aaf067b5401a83d2c0610e4ae3a9 cb697062842e4831b466dd2615203c97 - - 5cc8a6ff47d14da9a8777c2cc4ba702d 5cc8a6ff47d14da9a8777c2cc4ba702d] 199.19.213.52 "GET /v2.0/floatingips?fixed_ip_address=10.100.0.4&port_id=dfff88e4-e7a0-4172-bd5c-dbd077c2c7e9 HTTP/1.1" status: 200 len: 217 time: 0.0420296
2026-04-23 08:56:47.550 9 INFO neutron.wsgi [req-3794ad2c-532d-472e-ac8c-aded8a67e020 req-a4864276-7152-4e80-b3b1-03adc7d79df3 0b90aaf067b5401a83d2c0610e4ae3a9 cb697062842e4831b466dd2615203c97 - - 5cc8a6ff47d14da9a8777c2cc4ba702d 5cc8a6ff47d14da9a8777c2cc4ba702d] 199.19.213.52 "GET /v2.0/subnets?id=20396436-8d84-4fdc-bdd2-33a8d96934a3 HTTP/1.1" status: 200 len: 862 time: 0.0610199
2026-04-23 08:56:47.553 9 INFO neutron.db.ovn_revision_numbers_db [None req-29f6dcac-0540-43bf-862d-16f4922fa539 d489b9fec8f445db94b179269f9456ba 733b8f596b814e6ba980fafe78edc361 - - default default] Successfully bumped revision number for resource 7b8aec5f-10e2-46be-9292-f278da50bbc3 (type: networks) to 1
2026-04-23 08:56:47.589 9 INFO neutron.wsgi [req-3794ad2c-532d-472e-ac8c-aded8a67e020 req-3f8bea23-3254-425a-8dbc-7f5363291d08 0b90aaf067b5401a83d2c0610e4ae3a9 cb697062842e4831b466dd2615203c97 - - 5cc8a6ff47d14da9a8777c2cc4ba702d 5cc8a6ff47d14da9a8777c2cc4ba702d] 199.19.213.52 "GET /v2.0/ports?network_id=bec8a785-40a0-4409-b8ad-5e317beca23f&device_owner=network%3Adhcp HTTP/1.1" status: 200 len: 210 time: 0.0279505
2026-04-23 08:56:47.690 10 WARNING neutron.scheduler.dhcp_agent_scheduler [None req-2b1726a2-83d5-4144-bae5-fe1f309b5666 bbf628a69d844b25b28cd3cfe3075eb0 7484f67377f54d85ba5ba7c7ca76f809 - - default default] No more DHCP agents
2026-04-23 08:56:47.694 10 WARNING neutron.api.rpc.agentnotifiers.dhcp_rpc_agent_api [None req-2b1726a2-83d5-4144-bae5-fe1f309b5666 bbf628a69d844b25b28cd3cfe3075eb0 7484f67377f54d85ba5ba7c7ca76f809 - - default default] Unable to schedule network 15c15813-98ab-42f4-abb7-37fcf0590679: no agents available; will retry on subsequent port and subnet creation events.
2026-04-23 08:56:47.733 9 INFO neutron.wsgi [req-3794ad2c-532d-472e-ac8c-aded8a67e020 req-dab1d957-e5ae-416c-aee7-f98b9e1467d5 0b90aaf067b5401a83d2c0610e4ae3a9 cb697062842e4831b466dd2615203c97 - - 5cc8a6ff47d14da9a8777c2cc4ba702d 5cc8a6ff47d14da9a8777c2cc4ba702d] 199.19.213.52 "GET /v2.0/networks/bec8a785-40a0-4409-b8ad-5e317beca23f?fields=segments HTTP/1.1" status: 200 len: 212 time: 0.1332042
2026-04-23 08:56:47.760 9 INFO neutron.wsgi [req-ad37cbc4-4a7e-40e4-8e7e-c24c3a5c30d2 req-8df601f1-dd66-4a01-a5b2-7baf0b53eea1 4ffb649d2f014d15a0e1426fd422e096 70215bdd68f748c7a8ec6f081c8de20d - - default default] 10.0.0.105 "GET /v2.0/ports?device_id=58847c23-f68c-4f20-a4cb-ef2838db1b49 HTTP/1.1" status: 200 len: 1170 time: 0.0710769
2026-04-23 08:56:47.858 9 INFO neutron.wsgi [req-ad37cbc4-4a7e-40e4-8e7e-c24c3a5c30d2 req-14ca0ef6-099b-4e50-b4f1-6d81fea24196 4ffb649d2f014d15a0e1426fd422e096 70215bdd68f748c7a8ec6f081c8de20d - - default default] 10.0.0.105 "GET /v2.0/security-groups?id=25b8db68-538b-4539-9f8f-1abed6c4a73a&fields=id&fields=name HTTP/1.1" status: 200 len: 312 time: 0.0826941
2026-04-23 08:56:47.876 9 INFO neutron.wsgi [req-3794ad2c-532d-472e-ac8c-aded8a67e020 req-512100d8-97ae-40e9-b108-002dd25aaddb 0b90aaf067b5401a83d2c0610e4ae3a9 cb697062842e4831b466dd2615203c97 - - 5cc8a6ff47d14da9a8777c2cc4ba702d 5cc8a6ff47d14da9a8777c2cc4ba702d] 199.19.213.52 "GET /v2.0/networks/bec8a785-40a0-4409-b8ad-5e317beca23f?fields=provider%3Aphysical_network&fields=provider%3Anetwork_type HTTP/1.1" status: 200 len: 277 time: 0.1331708
2026-04-23 08:56:47.893 9 WARNING neutron.scheduler.dhcp_agent_scheduler [None req-29f6dcac-0540-43bf-862d-16f4922fa539 d489b9fec8f445db94b179269f9456ba 733b8f596b814e6ba980fafe78edc361 - - default default] No more DHCP agents
2026-04-23 08:56:47.899 9 WARNING neutron.api.rpc.agentnotifiers.dhcp_rpc_agent_api [None req-29f6dcac-0540-43bf-862d-16f4922fa539 d489b9fec8f445db94b179269f9456ba 733b8f596b814e6ba980fafe78edc361 - - default default] Unable to schedule network 7b8aec5f-10e2-46be-9292-f278da50bbc3: no agents available; will retry on subsequent port and subnet creation events.
2026-04-23 08:56:47.993 9 INFO neutron.db.ovn_revision_numbers_db [None req-29f6dcac-0540-43bf-862d-16f4922fa539 d489b9fec8f445db94b179269f9456ba 733b8f596b814e6ba980fafe78edc361 - - default default] Successfully bumped revision number for resource 8621eafb-7ec7-44ac-acac-300b11ce5bec (type: ports) to 1
2026-04-23 08:56:48.003 9 INFO neutron.db.ovn_revision_numbers_db [None req-82efcabf-bda5-45ce-a1f2-a698d14cc178 - - - - - -] Successfully bumped revision number for resource dfff88e4-e7a0-4172-bd5c-dbd077c2c7e9 (type: ports) to 4
2026-04-23 08:56:48.013 9 INFO neutron.wsgi [None req-29f6dcac-0540-43bf-862d-16f4922fa539 d489b9fec8f445db94b179269f9456ba 733b8f596b814e6ba980fafe78edc361 - - default default] 10.0.0.148 "POST /v2.0/networks HTTP/1.1" status: 201 len: 1446 time: 2.5616808
2026-04-23 08:56:48.146 9 INFO neutron.wsgi [None req-7c11c2c1-dab4-4ebe-8302-0a849818b9d3 d489b9fec8f445db94b179269f9456ba 733b8f596b814e6ba980fafe78edc361 - - default default] 10.0.0.148 "GET /v2.0/networks HTTP/1.1" status: 200 len: 2052 time: 0.1085060 /var/lib/openstack/lib/python3.10/site-packages/pycadf/identifier.py:71: UserWarning: Invalid uuid: neutron. To ensure interoperability, identifiers should be a valid uuid. warnings.warn(('Invalid uuid: %s. To ensure interoperability, '
2026-04-23 08:56:48.226 10 INFO neutron.db.ovn_revision_numbers_db [None req-58211a49-8923-4ffc-a10f-1ab6c7a03544 3b8fed1cce4145eda7e305becc078a7e f8496f8ba56a4b14a1b7d6a9aa2af247 - - default default] Successfully bumped revision number for resource 1acfeaae-2e07-458d-a222-432a9227cecc (type: security_groups) to 1
2026-04-23 08:56:48.253 10 INFO neutron.db.ovn_revision_numbers_db [None req-58211a49-8923-4ffc-a10f-1ab6c7a03544 3b8fed1cce4145eda7e305becc078a7e f8496f8ba56a4b14a1b7d6a9aa2af247 - - default default] Successfully bumped revision number for resource 09635f84-6266-4c17-8e51-8a479fd34954 (type: security_group_rules) to 0
2026-04-23 08:56:48.270 10 INFO neutron.db.ovn_revision_numbers_db [None req-58211a49-8923-4ffc-a10f-1ab6c7a03544 3b8fed1cce4145eda7e305becc078a7e f8496f8ba56a4b14a1b7d6a9aa2af247 - - default default] Successfully bumped revision number for resource 77e547ec-a802-4541-8df9-0968d75f45da (type: security_group_rules) to 0
2026-04-23 08:56:48.273 10 INFO neutron.db.ovn_revision_numbers_db [None req-2b1726a2-83d5-4144-bae5-fe1f309b5666 bbf628a69d844b25b28cd3cfe3075eb0 7484f67377f54d85ba5ba7c7ca76f809 - - default default] Successfully bumped revision number for resource 468415c8-039a-4a89-a8bf-35adb254afa4 (type: ports) to 2
2026-04-23 08:56:48.294 10 INFO neutron.db.ovn_revision_numbers_db [None req-58211a49-8923-4ffc-a10f-1ab6c7a03544 3b8fed1cce4145eda7e305becc078a7e f8496f8ba56a4b14a1b7d6a9aa2af247 - - default default] Successfully bumped revision number for resource bd621fbf-a411-43b0-884f-5552cd42ec91 (type: security_group_rules) to 0
2026-04-23 08:56:48.310 10 INFO neutron.db.ovn_revision_numbers_db [None req-58211a49-8923-4ffc-a10f-1ab6c7a03544 3b8fed1cce4145eda7e305becc078a7e f8496f8ba56a4b14a1b7d6a9aa2af247 - - default default] Successfully bumped revision number for resource c8ff9959-01c9-45df-a855-bd2afa8e8437 (type: security_group_rules) to 0
2026-04-23 08:56:48.314 10 INFO neutron.db.ovn_revision_numbers_db [None req-2b1726a2-83d5-4144-bae5-fe1f309b5666 bbf628a69d844b25b28cd3cfe3075eb0 7484f67377f54d85ba5ba7c7ca76f809 - - default default] Successfully bumped revision number for resource 1ede5c42-d304-4620-8492-335078a7a076 (type: subnets) to 0
2026-04-23 08:56:48.338 10 INFO neutron.wsgi [None req-58211a49-8923-4ffc-a10f-1ab6c7a03544 3b8fed1cce4145eda7e305becc078a7e f8496f8ba56a4b14a1b7d6a9aa2af247 - - default default] 10.0.0.148 "GET /v2.0/security-groups?tenant_id=951b966d01ed4c7bb015cb9a222f82fc&name=default HTTP/1.1" status: 200 len: 2996 time: 0.5420570
2026-04-23 08:56:48.346 10 INFO neutron.wsgi [None req-2b1726a2-83d5-4144-bae5-fe1f309b5666 bbf628a69d844b25b28cd3cfe3075eb0 7484f67377f54d85ba5ba7c7ca76f809 - - default default] 10.0.0.148 "POST /v2.0/subnets HTTP/1.1" status: 201 len: 801 time: 1.0187635
2026-04-23 08:56:48.753 9 INFO neutron.notifiers.nova [-] Nova event matching ['req-d0be6b34-97b2-4da4-884f-fde55aab62dc'] response: {'server_uuid': '58847c23-f68c-4f20-a4cb-ef2838db1b49', 'name': 'network-vif-plugged', 'status': 'completed', 'tag': 'dfff88e4-e7a0-4172-bd5c-dbd077c2c7e9', 'code': 200}
2026-04-23 08:56:48.753 9 INFO neutron.notifiers.nova [-] Nova event matching ['req-d0be6b34-97b2-4da4-884f-fde55aab62dc'] response: {'server_uuid': '58847c23-f68c-4f20-a4cb-ef2838db1b49', 'name': 'network-vif-plugged', 'status': 'completed', 'tag': 'dfff88e4-e7a0-4172-bd5c-dbd077c2c7e9', 'code': 200}
2026-04-23 08:56:48.873 9 INFO neutron.services.segments.plugin [-] Segment 384a83da-d7ac-4a53-92a4-a4c7d8ddbbf3 resource provider aggregate not found
2026-04-23 08:56:48.879 9 INFO neutron.services.segments.plugin [-] Segment 384a83da-d7ac-4a53-92a4-a4c7d8ddbbf3 resource provider aggregate not found
2026-04-23 08:56:48.895 9 INFO neutron.services.segments.plugin [-] Segment 384a83da-d7ac-4a53-92a4-a4c7d8ddbbf3 resource provider not found; error: Placement Client Error (4xx): {"errors": [{"status": 404, "title": "Not Found", "detail": "The resource could not be found.\n\n No resource provider with uuid 384a83da-d7ac-4a53-92a4-a4c7d8ddbbf3 found for delete ", "request_id": "req-cf0f0373-b77b-46c6-9165-926ba72cb2be"}]}
2026-04-23 08:56:48.910 9 INFO neutron.services.segments.plugin [-] Segment 384a83da-d7ac-4a53-92a4-a4c7d8ddbbf3 resource provider not found; error: Placement Client Error (4xx): {"errors": [{"status": 404, "title": "Not Found", "detail": "The resource could not be found.\n\n No resource provider with uuid 384a83da-d7ac-4a53-92a4-a4c7d8ddbbf3 found for delete ", "request_id": "req-a3185c7f-8e79-489f-a814-fe170b203c93"}]}
2026-04-23 08:56:48.937 9 INFO neutron.wsgi [None req-15ce92e1-f737-4e74-bbf0-278c65ab78aa d489b9fec8f445db94b179269f9456ba 733b8f596b814e6ba980fafe78edc361 - - default default] 10.0.0.148 "DELETE /v2.0/networks/7b5b7d9e-6ad7-45a4-b762-d011eaf9df18 HTTP/1.1" status: 204 len: 168 time: 0.7830205
2026-04-23 08:56:49.044 9 INFO neutron.wsgi [None req-92b97d73-0f40-416c-a366-46f0febf13cf 3b8fed1cce4145eda7e305becc078a7e f8496f8ba56a4b14a1b7d6a9aa2af247 - - default default] 10.0.0.148 "DELETE /v2.0/security-groups/1acfeaae-2e07-458d-a222-432a9227cecc HTTP/1.1" status: 204 len: 168 time: 0.6999261
2026-04-23 08:56:49.073 9 INFO neutron.wsgi [req-852389b1-8e0c-4cc3-be1e-8e33b5341bc5 req-826b5ab5-3a19-409d-a3e4-57f53ba9260b 4ffb649d2f014d15a0e1426fd422e096 70215bdd68f748c7a8ec6f081c8de20d - - default default] 10.0.0.105 "GET /v2.0/ports?device_id=58847c23-f68c-4f20-a4cb-ef2838db1b49 HTTP/1.1" status: 200 len: 1170 time: 0.1270216
2026-04-23 08:56:49.119 9 WARNING neutron.scheduler.dhcp_agent_scheduler [None req-8f5a6817-5933-4a51-953e-f5ad3c371215 bbf628a69d844b25b28cd3cfe3075eb0 7484f67377f54d85ba5ba7c7ca76f809 - - default default] No more DHCP agents
2026-04-23 08:56:49.124 9 WARNING neutron.api.rpc.agentnotifiers.dhcp_rpc_agent_api [None req-8f5a6817-5933-4a51-953e-f5ad3c371215 bbf628a69d844b25b28cd3cfe3075eb0 7484f67377f54d85ba5ba7c7ca76f809 - - default default] Unable to schedule network 15c15813-98ab-42f4-abb7-37fcf0590679: no agents available; will retry on subsequent port and subnet creation events.
2026-04-23 08:56:49.139 9 INFO neutron.wsgi [req-852389b1-8e0c-4cc3-be1e-8e33b5341bc5 req-ce90a205-ec34-4184-9ed6-1c1a60cf2b25 4ffb649d2f014d15a0e1426fd422e096 70215bdd68f748c7a8ec6f081c8de20d - - default default] 10.0.0.105 "GET /v2.0/security-groups?id=25b8db68-538b-4539-9f8f-1abed6c4a73a&fields=id&fields=name HTTP/1.1" status: 200 len: 312 time: 0.0603909
2026-04-23 08:56:49.313 9 INFO neutron.db.ovn_revision_numbers_db [None req-f3ce6d6a-3d3e-4a40-8990-22e496c7c2b1 3b8fed1cce4145eda7e305becc078a7e f8496f8ba56a4b14a1b7d6a9aa2af247 - - default default] Successfully bumped revision number for resource 03b8e2fc-c6e1-4118-a895-184c016c27a2 (type: security_groups) to 1
2026-04-23 08:56:49.321 9 INFO neutron.db.ovn_revision_numbers_db [None req-8f5a6817-5933-4a51-953e-f5ad3c371215 bbf628a69d844b25b28cd3cfe3075eb0 7484f67377f54d85ba5ba7c7ca76f809 - - default default] Successfully bumped revision number for resource 68de22c8-0a07-47a4-87ec-87d6f8f075ef (type: ports) to 1
2026-04-23 08:56:49.332 9 INFO neutron.db.ovn_revision_numbers_db [None req-f3ce6d6a-3d3e-4a40-8990-22e496c7c2b1 3b8fed1cce4145eda7e305becc078a7e f8496f8ba56a4b14a1b7d6a9aa2af247 - - default default] Successfully bumped revision number for resource 7e1220bc-7b0f-48d6-a4a1-e2c0a70d9b5b (type: security_group_rules) to 0
2026-04-23 08:56:49.351 9 INFO neutron.wsgi [None req-8f5a6817-5933-4a51-953e-f5ad3c371215 bbf628a69d844b25b28cd3cfe3075eb0 7484f67377f54d85ba5ba7c7ca76f809 - - default default] 10.0.0.148 "POST /v2.0/ports HTTP/1.1" status: 201 len: 1110 time: 0.9990802
2026-04-23 08:56:49.352 9 INFO neutron.db.ovn_revision_numbers_db [None req-f3ce6d6a-3d3e-4a40-8990-22e496c7c2b1 3b8fed1cce4145eda7e305becc078a7e f8496f8ba56a4b14a1b7d6a9aa2af247 - - default default] Successfully bumped revision number for resource 939152bd-b7b6-4f36-beae-efd2e7e5df1c (type: security_group_rules) to 0
2026-04-23 08:56:49.364 10 INFO neutron.services.segments.plugin [-] Segment 00fa3a4a-784a-4ffa-8ff7-5d69c03c606d resource provider aggregate not found
2026-04-23 08:56:49.375 10 INFO neutron.services.segments.plugin [-] Segment 00fa3a4a-784a-4ffa-8ff7-5d69c03c606d resource provider aggregate not found
2026-04-23 08:56:49.384 10 INFO neutron.services.segments.plugin [-] Segment 00fa3a4a-784a-4ffa-8ff7-5d69c03c606d resource provider not found; error: Placement Client Error (4xx): {"errors": [{"status": 404, "title": "Not Found", "detail": "The resource could not be found.\n\n No resource provider with uuid 00fa3a4a-784a-4ffa-8ff7-5d69c03c606d found for delete ", "request_id": "req-202f7d5e-facc-4903-ab41-13b169eeb468"}]}
2026-04-23 08:56:49.386 9 INFO neutron.db.ovn_revision_numbers_db [None req-f3ce6d6a-3d3e-4a40-8990-22e496c7c2b1 3b8fed1cce4145eda7e305becc078a7e f8496f8ba56a4b14a1b7d6a9aa2af247 - - default default] Successfully bumped revision number for resource c472e72b-e12a-4f47-884f-d18f426fad0d (type: security_group_rules) to 0
2026-04-23 08:56:49.395 10 INFO neutron.services.segments.plugin [-] Segment 00fa3a4a-784a-4ffa-8ff7-5d69c03c606d resource provider not found; error: Placement Client Error (4xx): {"errors": [{"status": 404, "title": "Not Found", "detail": "The resource could not be found.\n\n No resource provider with uuid 00fa3a4a-784a-4ffa-8ff7-5d69c03c606d found for delete ", "request_id": "req-6735661f-c3ad-4bb7-84fa-e2d851e7b77d"}]}
2026-04-23 08:56:49.412 9 INFO neutron.db.ovn_revision_numbers_db [None req-f3ce6d6a-3d3e-4a40-8990-22e496c7c2b1 3b8fed1cce4145eda7e305becc078a7e f8496f8ba56a4b14a1b7d6a9aa2af247 - - default default] Successfully bumped revision number for resource ec8e75bc-18be-457d-94c4-4ef0ad98d73b (type: security_group_rules) to 0
2026-04-23 08:56:49.420 10 INFO neutron.wsgi [None req-c0b7ce96-9817-405b-bfa2-d5cba40e9f3d d489b9fec8f445db94b179269f9456ba 733b8f596b814e6ba980fafe78edc361 - - default default] 10.0.0.148 "DELETE /v2.0/networks/7b8aec5f-10e2-46be-9292-f278da50bbc3 HTTP/1.1" status: 204 len: 168 time: 0.4764726
2026-04-23 08:56:49.443 9 INFO neutron.wsgi [None req-f3ce6d6a-3d3e-4a40-8990-22e496c7c2b1 3b8fed1cce4145eda7e305becc078a7e f8496f8ba56a4b14a1b7d6a9aa2af247 - - default default] 10.0.0.148 "GET /v2.0/security-groups?tenant_id=09d6f0a045b3423f8bf8fda80337a87d&name=default HTTP/1.1" status: 200 len: 2996 time: 0.2896316
2026-04-23 08:56:49.530 9 INFO neutron.wsgi [None req-18fbd5e6-23f5-44cd-baad-ec0471515ce0 d489b9fec8f445db94b179269f9456ba 733b8f596b814e6ba980fafe78edc361 - - default default] 10.0.0.148 "GET /v2.0/networks HTTP/1.1" status: 200 len: 845 time: 0.1041319
2026-04-23 08:56:49.668 9 INFO neutron.db.segments_db [None req-404b9e10-5733-408e-ae82-f2f663be35cf d489b9fec8f445db94b179269f9456ba 733b8f596b814e6ba980fafe78edc361 - - default default] Added segment 8c0152e3-3ce7-4ae8-a19e-fad4476da750 of type geneve for network 565cf68b-80d2-4102-8eeb-b9e0ac9223cb
2026-04-23 08:56:49.673 10 INFO neutron.wsgi [None req-b9f5139d-8d2d-4fa4-9a58-ae49cfa7e605 3b8fed1cce4145eda7e305becc078a7e f8496f8ba56a4b14a1b7d6a9aa2af247 - - default default] 10.0.0.148 "DELETE /v2.0/security-groups/03b8e2fc-c6e1-4118-a895-184c016c27a2 HTTP/1.1" status: 204 len: 168 time: 0.2195649
2026-04-23 08:56:49.830 9 INFO neutron.wsgi [None req-d4ac608f-a0d5-42f5-86c3-392271bb5b76 bbf628a69d844b25b28cd3cfe3075eb0 7484f67377f54d85ba5ba7c7ca76f809 - - default default] 10.0.0.148 "DELETE /v2.0/ports/68de22c8-0a07-47a4-87ec-87d6f8f075ef HTTP/1.1" status: 204 len: 168 time: 0.4682207
2026-04-23 08:56:49.834 9 INFO neutron.db.ovn_revision_numbers_db [None req-404b9e10-5733-408e-ae82-f2f663be35cf d489b9fec8f445db94b179269f9456ba 733b8f596b814e6ba980fafe78edc361 - - default default] Successfully bumped revision number for resource 565cf68b-80d2-4102-8eeb-b9e0ac9223cb (type: networks) to 1
2026-04-23 08:56:49.863 9 INFO neutron.pecan_wsgi.hooks.translation [None req-ebb53ed3-cf5c-4724-b3fb-b2c45e2e6152 bbf628a69d844b25b28cd3cfe3075eb0 7484f67377f54d85ba5ba7c7ca76f809 - - default default] GET failed (client error): The resource could not be found.
2026-04-23 08:56:49.865 9 INFO neutron.wsgi [None req-ebb53ed3-cf5c-4724-b3fb-b2c45e2e6152 bbf628a69d844b25b28cd3cfe3075eb0 7484f67377f54d85ba5ba7c7ca76f809 - - default default] 10.0.0.148 "GET /v2.0/ports/68de22c8-0a07-47a4-87ec-87d6f8f075ef HTTP/1.1" status: 404 len: 333 time: 0.0274374
2026-04-23 08:56:50.057 9 WARNING neutron.scheduler.dhcp_agent_scheduler [None req-404b9e10-5733-408e-ae82-f2f663be35cf d489b9fec8f445db94b179269f9456ba 733b8f596b814e6ba980fafe78edc361 - - default default] No more DHCP agents
2026-04-23 08:56:50.061 9 WARNING neutron.api.rpc.agentnotifiers.dhcp_rpc_agent_api [None req-404b9e10-5733-408e-ae82-f2f663be35cf d489b9fec8f445db94b179269f9456ba 733b8f596b814e6ba980fafe78edc361 - - default default] Unable to schedule network 565cf68b-80d2-4102-8eeb-b9e0ac9223cb: no agents available; will retry on subsequent port and subnet creation events.
2026-04-23 08:56:50.113 10 INFO neutron.wsgi [None req-d85002ad-645a-4dfb-b185-a5b1368ec2af bbf628a69d844b25b28cd3cfe3075eb0 7484f67377f54d85ba5ba7c7ca76f809 - - default default] 10.0.0.148 "DELETE /v2.0/subnets/1ede5c42-d304-4620-8492-335078a7a076 HTTP/1.1" status: 204 len: 168 time: 0.2407134
2026-04-23 08:56:50.170 9 INFO neutron.db.ovn_revision_numbers_db [None req-404b9e10-5733-408e-ae82-f2f663be35cf d489b9fec8f445db94b179269f9456ba 733b8f596b814e6ba980fafe78edc361 - - default default] Successfully bumped revision number for resource 8b5c6496-10a2-4323-9a87-661596cea647 (type: ports) to 1
2026-04-23 08:56:50.193 9 INFO neutron.wsgi [None req-404b9e10-5733-408e-ae82-f2f663be35cf d489b9fec8f445db94b179269f9456ba 733b8f596b814e6ba980fafe78edc361 - - default default] 10.0.0.148 "POST /v2.0/networks HTTP/1.1" status: 201 len: 852 time: 0.6557093
2026-04-23 08:56:50.270 9 INFO neutron.wsgi [req-62d63dd9-9dbd-462a-aa80-ea0398170865 req-bc99ce9a-1bcb-44ce-99b1-5898fa74c349 4ffb649d2f014d15a0e1426fd422e096 70215bdd68f748c7a8ec6f081c8de20d - - default default] 10.0.0.105 "GET /v2.0/ports?device_id=58847c23-f68c-4f20-a4cb-ef2838db1b49 HTTP/1.1" status: 200 len: 1170 time: 0.0417268
2026-04-23 08:56:50.307 10 INFO neutron.db.segments_db [None req-3d31c32d-48fa-4cbc-8234-afe86c1ea747 d489b9fec8f445db94b179269f9456ba 733b8f596b814e6ba980fafe78edc361 - - default default] Added segment 732f7201-b81d-4bff-8c8c-16d9362ef5b3 of type geneve for network 61cf5398-4a6d-42d3-8e05-ac9e3de76b4b
2026-04-23 08:56:50.352 9 INFO neutron.wsgi [req-62d63dd9-9dbd-462a-aa80-ea0398170865 req-d8f62e94-e847-40e5-a7f2-39bb87810438 4ffb649d2f014d15a0e1426fd422e096 70215bdd68f748c7a8ec6f081c8de20d - - default default] 10.0.0.105 "GET /v2.0/security-groups?id=25b8db68-538b-4539-9f8f-1abed6c4a73a&fields=id&fields=name HTTP/1.1" status: 200 len: 312 time: 0.0739655
2026-04-23 08:56:50.471 9 INFO neutron.wsgi [req-128ab96a-4958-4469-8595-00157ffb3bb1 req-1df35cb2-867e-46b4-ba08-719591466c6f 4ffb649d2f014d15a0e1426fd422e096 70215bdd68f748c7a8ec6f081c8de20d - - default default] 10.0.0.105 "GET /v2.0/ports?device_id=58847c23-f68c-4f20-a4cb-ef2838db1b49 HTTP/1.1" status: 200 len: 1170 time: 0.0459576
2026-04-23 08:56:50.476 10 INFO neutron.db.ovn_revision_numbers_db [None req-3d31c32d-48fa-4cbc-8234-afe86c1ea747 d489b9fec8f445db94b179269f9456ba 733b8f596b814e6ba980fafe78edc361 - - default default] Successfully bumped revision number for resource 61cf5398-4a6d-42d3-8e05-ac9e3de76b4b (type: networks) to 1
2026-04-23 08:56:50.607 9 INFO neutron.wsgi [None req-96437bce-9064-4714-a50c-15fd6c63cac7 bbf628a69d844b25b28cd3cfe3075eb0 7484f67377f54d85ba5ba7c7ca76f809 - - default default] 10.0.0.148 "DELETE /v2.0/networks/15c15813-98ab-42f4-abb7-37fcf0590679 HTTP/1.1" status: 204 len: 168 time: 0.4891789
2026-04-23 08:56:50.753 10 WARNING neutron.scheduler.dhcp_agent_scheduler [None req-3d31c32d-48fa-4cbc-8234-afe86c1ea747 d489b9fec8f445db94b179269f9456ba 733b8f596b814e6ba980fafe78edc361 - - default default] No more DHCP agents
2026-04-23 08:56:50.757 10 WARNING neutron.api.rpc.agentnotifiers.dhcp_rpc_agent_api [None req-3d31c32d-48fa-4cbc-8234-afe86c1ea747 d489b9fec8f445db94b179269f9456ba 733b8f596b814e6ba980fafe78edc361 - - default default] Unable to schedule network 61cf5398-4a6d-42d3-8e05-ac9e3de76b4b: no agents available; will retry on subsequent port and subnet creation events.
2026-04-23 08:56:50.787 10 INFO neutron.db.l3_db [None req-eb0abcad-7068-4148-ba00-fec075ea9ec7 4ffb649d2f014d15a0e1426fd422e096 70215bdd68f748c7a8ec6f081c8de20d - - default default] Floating IP 5481af90-f8fc-4d83-9ec1-b1a985c94e81 associated. External IP: 10.96.250.210, port: dfff88e4-e7a0-4172-bd5c-dbd077c2c7e9.
2026-04-23 08:56:50.864 10 INFO neutron.db.ovn_revision_numbers_db [None req-3d31c32d-48fa-4cbc-8234-afe86c1ea747 d489b9fec8f445db94b179269f9456ba 733b8f596b814e6ba980fafe78edc361 - - default default] Successfully bumped revision number for resource cf8f0dd8-31ac-4aee-9ad3-203f299c280b (type: ports) to 1
2026-04-23 08:56:50.906 10 INFO neutron.wsgi [None req-3d31c32d-48fa-4cbc-8234-afe86c1ea747 d489b9fec8f445db94b179269f9456ba 733b8f596b814e6ba980fafe78edc361 - - default default] 10.0.0.148 "POST /v2.0/networks HTTP/1.1" status: 201 len: 852 time: 0.7031395
2026-04-23 08:56:50.910 9 WARNING neutron.scheduler.dhcp_agent_scheduler [None req-ef20c4e1-3730-4783-9d2d-e04795add758 bbf628a69d844b25b28cd3cfe3075eb0 7484f67377f54d85ba5ba7c7ca76f809 - - default default] No more DHCP agents
2026-04-23 08:56:50.918 9 INFO neutron.services.segments.plugin [-] Segment 89a8b779-836c-47fe-abb1-5996ea5d6988 resource provider aggregate not found
2026-04-23 08:56:50.926 9 WARNING neutron.api.rpc.agentnotifiers.dhcp_rpc_agent_api [None req-ef20c4e1-3730-4783-9d2d-e04795add758 bbf628a69d844b25b28cd3cfe3075eb0 7484f67377f54d85ba5ba7c7ca76f809 - - default default] Unable to schedule network 74507a19-f095-4637-bb22-b694b0e10f08: no agents available; will retry on subsequent port and subnet creation events.
2026-04-23 08:56:50.938 9 INFO neutron.services.segments.plugin [-] Segment 89a8b779-836c-47fe-abb1-5996ea5d6988 resource provider not found; error: Placement Client Error (4xx): {"errors": [{"status": 404, "title": "Not Found", "detail": "The resource could not be found.\n\n No resource provider with uuid 89a8b779-836c-47fe-abb1-5996ea5d6988 found for delete ", "request_id": "req-e6efca40-ffe8-467f-899e-453d9e060e08"}]}
2026-04-23 08:56:50.939 9 INFO neutron.services.segments.plugin [-] Segment 89a8b779-836c-47fe-abb1-5996ea5d6988 resource provider aggregate not found
2026-04-23 08:56:50.955 9 INFO neutron.services.segments.plugin [-] Segment 89a8b779-836c-47fe-abb1-5996ea5d6988 resource provider not found; error: Placement Client Error (4xx): {"errors": [{"status": 404, "title": "Not Found", "detail": "The resource could not be found.\n\n No resource provider with uuid 89a8b779-836c-47fe-abb1-5996ea5d6988 found for delete ", "request_id": "req-f622dce5-c63d-411f-b41b-7124e28f3c8c"}]}
2026-04-23 08:56:51.081 9 INFO neutron.db.ovn_revision_numbers_db [None req-ef20c4e1-3730-4783-9d2d-e04795add758 bbf628a69d844b25b28cd3cfe3075eb0 7484f67377f54d85ba5ba7c7ca76f809 - - default default] Successfully bumped revision number for resource cef33515-1d78-427d-a7e0-e1f6cd31c07f (type: ports) to 1
2026-04-23 08:56:51.107 9 INFO neutron.wsgi [None req-ef20c4e1-3730-4783-9d2d-e04795add758 bbf628a69d844b25b28cd3cfe3075eb0 7484f67377f54d85ba5ba7c7ca76f809 - - default default] 10.0.0.148 "POST /v2.0/ports HTTP/1.1" status: 201 len: 974 time: 0.4877298 /var/lib/openstack/lib/python3.10/site-packages/pycadf/identifier.py:71: UserWarning: Invalid uuid: neutron. To ensure interoperability, identifiers should be a valid uuid. warnings.warn(('Invalid uuid: %s. To ensure interoperability, '
2026-04-23 08:56:51.271 10 INFO neutron.db.ovn_revision_numbers_db [None req-eb0abcad-7068-4148-ba00-fec075ea9ec7 4ffb649d2f014d15a0e1426fd422e096 70215bdd68f748c7a8ec6f081c8de20d - - default default] Successfully bumped revision number for resource 5481af90-f8fc-4d83-9ec1-b1a985c94e81 (type: floatingips) to 1
2026-04-23 08:56:51.331 10 INFO neutron.plugins.ml2.drivers.ovn.mech_driver.mech_driver [None req-2aa377b6-9cdc-4a81-8588-818126d30799 - - - - - -] OVN reports status down for port: cef33515-1d78-427d-a7e0-e1f6cd31c07f
2026-04-23 08:56:51.360 9 INFO neutron.db.ovn_revision_numbers_db [None req-3ddda6cb-3e57-4a43-bcfa-92661d8cc04c bbf628a69d844b25b28cd3cfe3075eb0 7484f67377f54d85ba5ba7c7ca76f809 - - default default] Successfully bumped revision number for resource cef33515-1d78-427d-a7e0-e1f6cd31c07f (type: ports) to 2
2026-04-23 08:56:51.371 9 INFO neutron.wsgi [None req-3ddda6cb-3e57-4a43-bcfa-92661d8cc04c bbf628a69d844b25b28cd3cfe3075eb0 7484f67377f54d85ba5ba7c7ca76f809 - - default default] 10.0.0.148 "PUT /v2.0/ports/cef33515-1d78-427d-a7e0-e1f6cd31c07f HTTP/1.1" status: 200 len: 946 time: 0.2592206 /var/lib/openstack/lib/python3.10/site-packages/pycadf/identifier.py:71: UserWarning: Invalid uuid: neutron. To ensure interoperability, identifiers should be a valid uuid. warnings.warn(('Invalid uuid: %s. To ensure interoperability, '
2026-04-23 08:56:51.465 10 INFO neutron.db.ovn_revision_numbers_db [None req-eb0abcad-7068-4148-ba00-fec075ea9ec7 4ffb649d2f014d15a0e1426fd422e096 70215bdd68f748c7a8ec6f081c8de20d - - default default] Successfully bumped revision number for resource 5481af90-f8fc-4d83-9ec1-b1a985c94e81 (type: floatingips) to 2
2026-04-23 08:56:51.507 10 INFO neutron.wsgi [None req-eb0abcad-7068-4148-ba00-fec075ea9ec7 4ffb649d2f014d15a0e1426fd422e096 70215bdd68f748c7a8ec6f081c8de20d - - default default] 10.0.0.148 "PUT /v2.0/floatingips/5481af90-f8fc-4d83-9ec1-b1a985c94e81 HTTP/1.1" status: 200 len: 1049 time: 1.0187144
2026-04-23 08:56:51.547 10 INFO neutron.notifiers.nova [-] Nova event matching ['req-2e3e03c7-1aa3-4948-8646-3d70b124fafe'] response: {'name': 'network-changed', 'server_uuid': '58847c23-f68c-4f20-a4cb-ef2838db1b49', 'tag': 'dfff88e4-e7a0-4172-bd5c-dbd077c2c7e9', 'status': 'completed', 'code': 200}
2026-04-23 08:56:51.610 9 INFO neutron.wsgi [req-79e2a6b7-f8d8-4e6a-9a2a-dfe09ca5f7ef req-7b4f16fe-02c4-4baa-a7d1-9088ff993c92 4ffb649d2f014d15a0e1426fd422e096 70215bdd68f748c7a8ec6f081c8de20d - - default default] 10.0.0.105 "GET /v2.0/ports?device_id=58847c23-f68c-4f20-a4cb-ef2838db1b49 HTTP/1.1" status: 200 len: 1170 time: 0.0617912
2026-04-23 08:56:51.630 9 INFO neutron.wsgi [req-972c571b-fafe-4a87-b368-9f07594758af req-c86297f0-1011-4c0d-b936-4e6740436885 0b90aaf067b5401a83d2c0610e4ae3a9 cb697062842e4831b466dd2615203c97 - - 5cc8a6ff47d14da9a8777c2cc4ba702d 5cc8a6ff47d14da9a8777c2cc4ba702d] 199.19.213.52 "GET /v2.0/ports?tenant_id=70215bdd68f748c7a8ec6f081c8de20d&device_id=58847c23-f68c-4f20-a4cb-ef2838db1b49 HTTP/1.1" status: 200 len: 1409 time: 0.0572903
2026-04-23 08:56:51.657 9 INFO neutron.wsgi [None req-3af49bf5-1919-47a0-a3e9-935e3f5b3e19 bbf628a69d844b25b28cd3cfe3075eb0 7484f67377f54d85ba5ba7c7ca76f809 - - default default] 10.0.0.148 "DELETE /v2.0/ports/cef33515-1d78-427d-a7e0-e1f6cd31c07f HTTP/1.1" status: 204 len: 168 time: 0.2811234
2026-04-23 08:56:51.695 9 INFO neutron.wsgi [req-79e2a6b7-f8d8-4e6a-9a2a-dfe09ca5f7ef req-bfc08df8-582f-40bd-ae8a-c974f11f86e8 4ffb649d2f014d15a0e1426fd422e096 70215bdd68f748c7a8ec6f081c8de20d - - default default] 10.0.0.105 "GET /v2.0/security-groups?id=25b8db68-538b-4539-9f8f-1abed6c4a73a&fields=id&fields=name HTTP/1.1" status: 200 len: 312 time: 0.0763006
2026-04-23 08:56:51.726 9 INFO neutron.wsgi [req-972c571b-fafe-4a87-b368-9f07594758af req-cb7a55b0-7b3b-426a-98a7-6d1a83eac8ca 0b90aaf067b5401a83d2c0610e4ae3a9 cb697062842e4831b466dd2615203c97 - - 5cc8a6ff47d14da9a8777c2cc4ba702d 5cc8a6ff47d14da9a8777c2cc4ba702d] 199.19.213.52 "GET /v2.0/networks?id=bec8a785-40a0-4409-b8ad-5e317beca23f HTTP/1.1" status: 200 len: 967 time: 0.0905039
2026-04-23 08:56:51.777 9 INFO neutron.wsgi [req-972c571b-fafe-4a87-b368-9f07594758af req-e1eb8acd-99f1-4e21-9dda-de97150b2515 0b90aaf067b5401a83d2c0610e4ae3a9 cb697062842e4831b466dd2615203c97 - - 5cc8a6ff47d14da9a8777c2cc4ba702d 5cc8a6ff47d14da9a8777c2cc4ba702d] 199.19.213.52 "GET /v2.0/floatingips?fixed_ip_address=10.100.0.4&port_id=dfff88e4-e7a0-4172-bd5c-dbd077c2c7e9 HTTP/1.1" status: 200 len: 1059 time: 0.0456903
2026-04-23 08:56:51.791 10 INFO neutron.wsgi [None req-4dc8c528-f10b-4098-9be1-5c3235dc7824 bbf628a69d844b25b28cd3cfe3075eb0 7484f67377f54d85ba5ba7c7ca76f809 - - default default] 10.0.0.148 "GET /v2.0/ports HTTP/1.1" status: 200 len: 1729 time: 0.1263807 /var/lib/openstack/lib/python3.10/site-packages/pycadf/identifier.py:71: UserWarning: Invalid uuid: neutron. To ensure interoperability, identifiers should be a valid uuid. warnings.warn(('Invalid uuid: %s. To ensure interoperability, '
2026-04-23 08:56:51.820 9 INFO neutron.wsgi [req-972c571b-fafe-4a87-b368-9f07594758af req-03fc9caf-4db9-4737-9a24-b3bd66c2cff4 0b90aaf067b5401a83d2c0610e4ae3a9 cb697062842e4831b466dd2615203c97 - - 5cc8a6ff47d14da9a8777c2cc4ba702d 5cc8a6ff47d14da9a8777c2cc4ba702d] 199.19.213.52 "GET /v2.0/subnets?id=20396436-8d84-4fdc-bdd2-33a8d96934a3 HTTP/1.1" status: 200 len: 862 time: 0.0372579
2026-04-23 08:56:51.821 10 INFO neutron.pecan_wsgi.hooks.translation [None req-0660ea88-553f-4c68-9363-59a3386cad8f bbf628a69d844b25b28cd3cfe3075eb0 7484f67377f54d85ba5ba7c7ca76f809 - - default default] GET failed (client error): The resource could not be found.
2026-04-23 08:56:51.823 10 INFO neutron.wsgi [None req-0660ea88-553f-4c68-9363-59a3386cad8f bbf628a69d844b25b28cd3cfe3075eb0 7484f67377f54d85ba5ba7c7ca76f809 - - default default] 10.0.0.148 "GET /v2.0/ports/cef33515-1d78-427d-a7e0-e1f6cd31c07f HTTP/1.1" status: 404 len: 333 time: 0.0257485
2026-04-23 08:56:51.852 9 INFO neutron.wsgi [req-972c571b-fafe-4a87-b368-9f07594758af req-291e33fb-d4bd-4ee6-ba78-3fb7b6bc6052 0b90aaf067b5401a83d2c0610e4ae3a9 cb697062842e4831b466dd2615203c97 - - 5cc8a6ff47d14da9a8777c2cc4ba702d 5cc8a6ff47d14da9a8777c2cc4ba702d] 199.19.213.52 "GET /v2.0/ports?network_id=bec8a785-40a0-4409-b8ad-5e317beca23f&device_owner=network%3Adhcp HTTP/1.1" status: 200 len: 210 time: 0.0238705
2026-04-23 08:56:51.886 10 INFO neutron.wsgi [None req-1baff6f1-6b7e-4113-915b-ad7547206f5e bbf628a69d844b25b28cd3cfe3075eb0 7484f67377f54d85ba5ba7c7ca76f809 - - default default] 10.0.0.148 "GET /v2.0/ports HTTP/1.1" status: 200 len: 1729 time: 0.0567110
2026-04-23 08:56:51.920 9 INFO neutron.wsgi [req-972c571b-fafe-4a87-b368-9f07594758af req-85484a2a-8990-4d8e-a92b-1d0071657dba 0b90aaf067b5401a83d2c0610e4ae3a9 cb697062842e4831b466dd2615203c97 - - 5cc8a6ff47d14da9a8777c2cc4ba702d 5cc8a6ff47d14da9a8777c2cc4ba702d] 199.19.213.52 "GET /v2.0/networks/bec8a785-40a0-4409-b8ad-5e317beca23f?fields=segments HTTP/1.1" status: 200 len: 212 time: 0.0604544
2026-04-23 08:56:51.934 10 INFO neutron.wsgi [None req-bcc79998-30e0-4924-b2ec-a2781a0839f3 bbf628a69d844b25b28cd3cfe3075eb0 7484f67377f54d85ba5ba7c7ca76f809 - - default default] 10.0.0.148 "GET /v2.0/ports/f35c8f36-724e-4ad7-85e7-a76aac46ff6e HTTP/1.1" status: 200 len: 969 time: 0.0406759
2026-04-23 08:56:51.962 9 INFO neutron.pecan_wsgi.hooks.translation [None req-06da6822-a908-4969-b11f-1b1ad5ec2247 bbf628a69d844b25b28cd3cfe3075eb0 7484f67377f54d85ba5ba7c7ca76f809 - - default default] DELETE failed (client error): The resource could not be found.
2026-04-23 08:56:51.964 9 INFO neutron.wsgi [None req-06da6822-a908-4969-b11f-1b1ad5ec2247 bbf628a69d844b25b28cd3cfe3075eb0 7484f67377f54d85ba5ba7c7ca76f809 - - default default] 10.0.0.148 "DELETE /v2.0/ports/68de22c8-0a07-47a4-87ec-87d6f8f075ef HTTP/1.1" status: 404 len: 333 time: 0.0238099
2026-04-23 08:56:51.964 10 WARNING neutron.scheduler.dhcp_agent_scheduler [None req-3241f685-ae23-4525-81ff-ee0510ec4708 d489b9fec8f445db94b179269f9456ba 733b8f596b814e6ba980fafe78edc361 - - default default] No more DHCP agents
2026-04-23 08:56:51.967 10 WARNING neutron.api.rpc.agentnotifiers.dhcp_rpc_agent_api [None req-3241f685-ae23-4525-81ff-ee0510ec4708 d489b9fec8f445db94b179269f9456ba 733b8f596b814e6ba980fafe78edc361 - - default default] Unable to schedule network 565cf68b-80d2-4102-8eeb-b9e0ac9223cb: no agents available; will retry on subsequent port and subnet creation events. /var/lib/openstack/lib/python3.10/site-packages/pycadf/identifier.py:71: UserWarning: Invalid uuid: neutron. To ensure interoperability, identifiers should be a valid uuid. warnings.warn(('Invalid uuid: %s. To ensure interoperability, '
2026-04-23 08:56:51.993 10 INFO neutron.pecan_wsgi.hooks.translation [None req-df37598c-2b84-4b96-a12b-bec02955d4a6 bbf628a69d844b25b28cd3cfe3075eb0 7484f67377f54d85ba5ba7c7ca76f809 - - default default] DELETE failed (client error): The resource could not be found.
2026-04-23 08:56:51.995 10 INFO neutron.wsgi [None req-df37598c-2b84-4b96-a12b-bec02955d4a6 bbf628a69d844b25b28cd3cfe3075eb0 7484f67377f54d85ba5ba7c7ca76f809 - - default default] 10.0.0.148 "DELETE /v2.0/subnets/1ede5c42-d304-4620-8492-335078a7a076 HTTP/1.1" status: 404 len: 337 time: 0.0248404
2026-04-23 08:56:52.000 9 INFO neutron.wsgi [req-972c571b-fafe-4a87-b368-9f07594758af req-cb324c80-c8c2-4864-85c7-972b635a8544 0b90aaf067b5401a83d2c0610e4ae3a9 cb697062842e4831b466dd2615203c97 - - 5cc8a6ff47d14da9a8777c2cc4ba702d 5cc8a6ff47d14da9a8777c2cc4ba702d] 199.19.213.52 "GET /v2.0/networks/bec8a785-40a0-4409-b8ad-5e317beca23f?fields=provider%3Aphysical_network&fields=provider%3Anetwork_type HTTP/1.1" status: 200 len: 277 time: 0.0728114
2026-04-23 08:56:52.034 9 INFO neutron.pecan_wsgi.hooks.translation [None req-34e167ae-304b-4c28-990e-dab5b5811114 bbf628a69d844b25b28cd3cfe3075eb0 7484f67377f54d85ba5ba7c7ca76f809 - - default default] DELETE failed (client error): The resource could not be found.
2026-04-23 08:56:52.036 9 INFO neutron.wsgi [None req-34e167ae-304b-4c28-990e-dab5b5811114 bbf628a69d844b25b28cd3cfe3075eb0 7484f67377f54d85ba5ba7c7ca76f809 - - default default] 10.0.0.148 "DELETE /v2.0/subnets/b2c02450-ded0-4e5c-baec-a02578606ed6 HTTP/1.1" status: 404 len: 337 time: 0.0352302
2026-04-23 08:56:52.066 9 INFO neutron.wsgi [req-343bf73d-54e8-41da-ae8e-921c67f87328 req-dd31c172-6d99-4ee3-ae66-a80e0b4b27b7 4ffb649d2f014d15a0e1426fd422e096 70215bdd68f748c7a8ec6f081c8de20d - - default default] 10.0.0.105 "GET /v2.0/ports?device_id=58847c23-f68c-4f20-a4cb-ef2838db1b49 HTTP/1.1" status: 200 len: 1170 time: 0.0637057
2026-04-23 08:56:52.068 10 INFO neutron.db.ovn_revision_numbers_db [None req-3241f685-ae23-4525-81ff-ee0510ec4708 d489b9fec8f445db94b179269f9456ba 733b8f596b814e6ba980fafe78edc361 - - default default] Successfully bumped revision number for resource 25e05c2d-eabd-4e90-b95d-e6b80dc3d6a5 (type: ports) to 1
2026-04-23 08:56:52.069 9 INFO neutron.plugins.ml2.drivers.ovn.mech_driver.mech_driver [None req-82efcabf-bda5-45ce-a1f2-a698d14cc178 - - - - - -] OVN reports status down for port: dfff88e4-e7a0-4172-bd5c-dbd077c2c7e9
2026-04-23 08:56:52.110 10 WARNING neutron.scheduler.dhcp_agent_scheduler [None req-3241f685-ae23-4525-81ff-ee0510ec4708 d489b9fec8f445db94b179269f9456ba 733b8f596b814e6ba980fafe78edc361 - - default default] No more DHCP agents
2026-04-23 08:56:52.115 10 WARNING neutron.api.rpc.agentnotifiers.dhcp_rpc_agent_api [None req-3241f685-ae23-4525-81ff-ee0510ec4708 d489b9fec8f445db94b179269f9456ba 733b8f596b814e6ba980fafe78edc361 - - default default] Unable to schedule network 61cf5398-4a6d-42d3-8e05-ac9e3de76b4b: no agents available; will retry on subsequent port and subnet creation events.
2026-04-23 08:56:52.144 9 INFO neutron.wsgi [req-343bf73d-54e8-41da-ae8e-921c67f87328 req-eb54e9b2-7c71-49da-b4cc-4d7619404c3a 4ffb649d2f014d15a0e1426fd422e096 70215bdd68f748c7a8ec6f081c8de20d - - default default] 10.0.0.105 "GET /v2.0/security-groups?id=25b8db68-538b-4539-9f8f-1abed6c4a73a&fields=id&fields=name HTTP/1.1" status: 200 len: 312 time: 0.0630925
2026-04-23 08:56:52.231 10 INFO neutron.db.ovn_revision_numbers_db [None req-3241f685-ae23-4525-81ff-ee0510ec4708 d489b9fec8f445db94b179269f9456ba 733b8f596b814e6ba980fafe78edc361 - - default default] Successfully bumped revision number for resource 69149f77-1d38-4ce6-9571-779dea3d57ba (type: ports) to 1
2026-04-23 08:56:52.272 10 INFO neutron.wsgi [None req-3241f685-ae23-4525-81ff-ee0510ec4708 d489b9fec8f445db94b179269f9456ba 733b8f596b814e6ba980fafe78edc361 - - default default] 10.0.0.148 "POST /v2.0/ports HTTP/1.1" status: 201 len: 1706 time: 1.3602724 /var/lib/openstack/lib/python3.10/site-packages/pycadf/identifier.py:71: UserWarning: Invalid uuid: neutron. To ensure interoperability, identifiers should be a valid uuid. warnings.warn(('Invalid uuid: %s. To ensure interoperability, '
2026-04-23 08:56:52.302 9 INFO neutron.notifiers.nova [-] Nova event matching ['req-05d89545-2321-4c6e-80ac-024610ba08d1'] response: {'server_uuid': '58847c23-f68c-4f20-a4cb-ef2838db1b49', 'name': 'network-vif-unplugged', 'status': 'completed', 'tag': 'dfff88e4-e7a0-4172-bd5c-dbd077c2c7e9', 'code': 200}
2026-04-23 08:56:52.409 9 INFO neutron.wsgi [req-4b709195-3d97-43c4-8965-9ca790c71c53 req-e2be23c4-7f1f-4927-9c6a-22826e924c1e 4ffb649d2f014d15a0e1426fd422e096 70215bdd68f748c7a8ec6f081c8de20d - - default default] 199.19.213.52 "GET /v2.0/ports?device_id=58847c23-f68c-4f20-a4cb-ef2838db1b49 HTTP/1.1" status: 200 len: 1168 time: 0.0618882
2026-04-23 08:56:52.451 10 INFO neutron.wsgi [None req-6739a8f8-5dfd-4559-9f17-166f2b47d6e4 d489b9fec8f445db94b179269f9456ba 733b8f596b814e6ba980fafe78edc361 - - default default] 10.0.0.148 "GET /v2.0/ports HTTP/1.1" status: 200 len: 3213 time: 0.1734259
2026-04-23 08:56:52.471 9 INFO neutron.wsgi [None req-b5b5727f-4bbc-4acb-a04e-9d417f84e1a0 bbf628a69d844b25b28cd3cfe3075eb0 7484f67377f54d85ba5ba7c7ca76f809 - - default default] 10.0.0.148 "DELETE /v2.0/ports/f35c8f36-724e-4ad7-85e7-a76aac46ff6e HTTP/1.1" status: 204 len: 168 time: 0.4287689
2026-04-23 08:56:52.758 10 INFO neutron.wsgi [None req-7ceb69bc-edf8-447a-b274-cac2a9295413 d489b9fec8f445db94b179269f9456ba 733b8f596b814e6ba980fafe78edc361 - - default default] 10.0.0.148 "DELETE /v2.0/ports/25e05c2d-eabd-4e90-b95d-e6b80dc3d6a5 HTTP/1.1" status: 204 len: 168 time: 0.2987533
2026-04-23 08:56:52.944 9 INFO neutron.db.ovn_revision_numbers_db [None req-82efcabf-bda5-45ce-a1f2-a698d14cc178 - - - - - -] Successfully bumped revision number for resource dfff88e4-e7a0-4172-bd5c-dbd077c2c7e9 (type: ports) to 5
2026-04-23 08:56:52.979 9 INFO neutron.db.ovn_revision_numbers_db [None req-9e603174-de07-4dfc-ac70-7ec5f78455b0 3b8fed1cce4145eda7e305becc078a7e f8496f8ba56a4b14a1b7d6a9aa2af247 - - default default] Successfully bumped revision number for resource 5587ca75-2c69-4781-806d-2478d99cf8fb (type: security_groups) to 1
2026-04-23 08:56:53.031 9 INFO neutron.db.ovn_revision_numbers_db [None req-9e603174-de07-4dfc-ac70-7ec5f78455b0 3b8fed1cce4145eda7e305becc078a7e f8496f8ba56a4b14a1b7d6a9aa2af247 - - default default] Successfully bumped revision number for resource 5f815e98-bfbd-4e42-8db2-30a4507cb211 (type: security_group_rules) to 0
2026-04-23 08:56:53.043 10 INFO neutron.wsgi [None req-c814a090-62ef-4ec5-b500-4db6bedbdb77 d489b9fec8f445db94b179269f9456ba 733b8f596b814e6ba980fafe78edc361 - - default default] 10.0.0.148 "DELETE /v2.0/ports/69149f77-1d38-4ce6-9571-779dea3d57ba HTTP/1.1" status: 204 len: 168 time: 0.2791598
2026-04-23 08:56:53.096 10 INFO neutron.wsgi [None req-77129eae-7588-4b1f-a608-bb7a83df6f9b d489b9fec8f445db94b179269f9456ba 733b8f596b814e6ba980fafe78edc361 - - default default] 10.0.0.148 "GET /v2.0/ports HTTP/1.1" status: 200 len: 1718 time: 0.0477283
2026-04-23 08:56:53.101 9 INFO neutron.db.ovn_revision_numbers_db [None req-9e603174-de07-4dfc-ac70-7ec5f78455b0 3b8fed1cce4145eda7e305becc078a7e f8496f8ba56a4b14a1b7d6a9aa2af247 - - default default] Successfully bumped revision number for resource 65584f08-e6d3-4102-84a4-7b25d7406de0 (type: security_group_rules) to 0
2026-04-23 08:56:53.147 9 INFO neutron.db.ovn_revision_numbers_db [None req-9e603174-de07-4dfc-ac70-7ec5f78455b0 3b8fed1cce4145eda7e305becc078a7e f8496f8ba56a4b14a1b7d6a9aa2af247 - - default default] Successfully bumped revision number for resource b42efeb0-2a34-4517-9b68-8c2b75b3999c (type: security_group_rules) to 0
2026-04-23 08:56:53.190 9 INFO neutron.db.ovn_revision_numbers_db [None req-9e603174-de07-4dfc-ac70-7ec5f78455b0 3b8fed1cce4145eda7e305becc078a7e f8496f8ba56a4b14a1b7d6a9aa2af247 - - default default] Successfully bumped revision number for resource f9562de6-d803-4176-9b6a-8e6b38372ea3 (type: security_group_rules) to 0
