2026-04-23 08:58:11.957 9 INFO neutron.wsgi [None req-e9092bf6-e94e-4af6-b766-bff720321664 fe7cae23370a40268c7a0f35e37ddb45 c33d35657f844040a2ecd433f5fef7b9 - - default default] 10.0.0.148 "GET /v2.0/ports?tags=red%2Cblue HTTP/1.1" status: 200 len: 1708 time: 0.0831380
2026-04-23 08:58:12.000 10 INFO neutron.db.ovn_revision_numbers_db [None req-eee2ffe9-f135-4401-a919-b8e8139a540a 9a9e3b540f904ecd82af492744bb48a1 b9458e93a9a04ada9c6fca28a808e042 - - default default] Successfully bumped revision number for resource 9c6c0c4a-a586-404e-a7ff-e2b9e2f930fc (type: ports) to 1
2026-04-23 08:58:12.028 9 INFO neutron.wsgi [None req-1b1e6f22-ebd2-48f9-8bba-5ec56741e2f8 fe7cae23370a40268c7a0f35e37ddb45 c33d35657f844040a2ecd433f5fef7b9 - - default default] 10.0.0.148 "GET /v2.0/ports?tags-any=blue HTTP/1.1" status: 200 len: 1708 time: 0.0619543
2026-04-23 08:58:12.165 10 WARNING neutron.scheduler.dhcp_agent_scheduler [None req-eee2ffe9-f135-4401-a919-b8e8139a540a 9a9e3b540f904ecd82af492744bb48a1 b9458e93a9a04ada9c6fca28a808e042 - - default default] No more DHCP agents
2026-04-23 08:58:12.168 10 WARNING neutron.api.rpc.agentnotifiers.dhcp_rpc_agent_api [None req-eee2ffe9-f135-4401-a919-b8e8139a540a 9a9e3b540f904ecd82af492744bb48a1 b9458e93a9a04ada9c6fca28a808e042 - - default default] Unable to schedule network 8b4fec6b-d411-47b6-8116-2eb4257cb953: no agents available; will retry on subsequent port and subnet creation events.
2026-04-23 08:58:12.208 10 INFO neutron.db.ovn_revision_numbers_db [None req-2aa377b6-9cdc-4a81-8588-818126d30799 - - - - - -] Successfully bumped revision number for resource 9c6c0c4a-a586-404e-a7ff-e2b9e2f930fc (type: ports) to 2
2026-04-23 08:58:12.323 10 INFO neutron.wsgi [None req-17fb46cd-faba-47f9-9f98-19980674984a fe7cae23370a40268c7a0f35e37ddb45 c33d35657f844040a2ecd433f5fef7b9 - - default default] 10.0.0.148 "GET /v2.0/ports?tags-any=red%2Cblue HTTP/1.1" status: 200 len: 2448 time: 0.2840068
2026-04-23 08:58:12.443 10 INFO neutron.db.ovn_revision_numbers_db [None req-2aa377b6-9cdc-4a81-8588-818126d30799 - - - - - -] Successfully bumped revision number for resource 9c6c0c4a-a586-404e-a7ff-e2b9e2f930fc (type: router_ports) to 2
2026-04-23 08:58:12.550 9 INFO neutron.wsgi [None req-ff405b4d-0d59-4288-b69f-0f09d357f817 fe7cae23370a40268c7a0f35e37ddb45 c33d35657f844040a2ecd433f5fef7b9 - - default default] 10.0.0.148 "GET /v2.0/ports?not-tags=red HTTP/1.1" status: 200 len: 5463 time: 0.2195666
2026-04-23 08:58:12.701 10 INFO neutron.db.ovn_revision_numbers_db [None req-eee2ffe9-f135-4401-a919-b8e8139a540a 9a9e3b540f904ecd82af492744bb48a1 b9458e93a9a04ada9c6fca28a808e042 - - default default] Successfully bumped revision number for resource 9c6c0c4a-a586-404e-a7ff-e2b9e2f930fc (type: router_ports) to 2
2026-04-23 08:58:12.703 10 INFO neutron.wsgi [None req-eee2ffe9-f135-4401-a919-b8e8139a540a 9a9e3b540f904ecd82af492744bb48a1 b9458e93a9a04ada9c6fca28a808e042 - - default default] 10.0.0.148 "PUT /v2.0/routers/7e0ca037-f323-4e9f-a627-18783864c42a/add_router_interface HTTP/1.1" status: 200 len: 503 time: 2.5318429
2026-04-23 08:58:12.760 10 INFO neutron.wsgi [None req-a2795480-fa41-4465-b3df-ac8ad0ba0221 fe7cae23370a40268c7a0f35e37ddb45 c33d35657f844040a2ecd433f5fef7b9 - - default default] 10.0.0.148 "GET /v2.0/ports?not-tags=red%2Cblue HTTP/1.1" status: 200 len: 6203 time: 0.2036405
2026-04-23 08:58:12.795 9 INFO neutron.wsgi [None req-24fa1bd0-f177-4f73-a27d-69c678b85566 202464ae25814dcfab18261cb693c415 55342c09cc6e4db685ecb815277b6acb - - default default] 10.0.0.148 "GET /v2.0/networks HTTP/1.1" status: 200 len: 8156 time: 0.0845072
2026-04-23 08:58:12.846 10 INFO neutron.wsgi [None req-caa2c377-5e48-4c60-8a7e-c9f646f302b3 fe7cae23370a40268c7a0f35e37ddb45 c33d35657f844040a2ecd433f5fef7b9 - - default default] 10.0.0.148 "GET /v2.0/ports?not-tags-any=blue HTTP/1.1" status: 200 len: 6203 time: 0.0802264
2026-04-23 08:58:12.859 10 INFO neutron.wsgi [None req-2b7dbd82-5c8a-49b7-9f69-d689de66bce3 202464ae25814dcfab18261cb693c415 55342c09cc6e4db685ecb815277b6acb - - default default] 10.0.0.148 "GET /v2.0/subnets HTTP/1.1" status: 200 len: 3402 time: 0.0582845
2026-04-23 08:58:12.949 9 INFO neutron.wsgi [None req-0ae87387-ac74-42c0-b745-151ee25c7547 fe7cae23370a40268c7a0f35e37ddb45 c33d35657f844040a2ecd433f5fef7b9 - - default default] 10.0.0.148 "GET /v2.0/ports?not-tags-any=red%2Cblue HTTP/1.1" status: 200 len: 5463 time: 0.0890954
2026-04-23 08:58:12.966 10 INFO neutron.wsgi [None req-fea562d0-63b8-46de-8a1d-31615010a0d0 202464ae25814dcfab18261cb693c415 55342c09cc6e4db685ecb815277b6acb - - default default] 10.0.0.148 "GET /v2.0/routers HTTP/1.1" status: 200 len: 2220 time: 0.1027920
2026-04-23 08:58:13.218 9 INFO neutron.db.ovn_revision_numbers_db [None req-1594a745-3eb8-448a-91e9-5b9a884210c4 9a9e3b540f904ecd82af492744bb48a1 b9458e93a9a04ada9c6fca28a808e042 - - default default] Successfully bumped revision number for resource ff1be5c9-0f04-489a-82b6-a29afc780cce (type: security_groups) to 1
2026-04-23 08:58:13.244 9 INFO neutron.db.ovn_revision_numbers_db [None req-1594a745-3eb8-448a-91e9-5b9a884210c4 9a9e3b540f904ecd82af492744bb48a1 b9458e93a9a04ada9c6fca28a808e042 - - default default] Successfully bumped revision number for resource 05e6d25d-984f-418c-b18d-761b2fe60025 (type: security_group_rules) to 0
2026-04-23 08:58:13.258 9 INFO neutron.wsgi [None req-d831d2a9-99be-4432-b8e5-1ec6ff547924 fe7cae23370a40268c7a0f35e37ddb45 c33d35657f844040a2ecd433f5fef7b9 - - default default] 10.0.0.148 "DELETE /v2.0/ports/28f3a52b-ae92-41e7-8d3a-bdfde016958b HTTP/1.1" status: 204 len: 168 time: 0.2950048
2026-04-23 08:58:13.259 9 INFO neutron.db.ovn_revision_numbers_db [None req-1594a745-3eb8-448a-91e9-5b9a884210c4 9a9e3b540f904ecd82af492744bb48a1 b9458e93a9a04ada9c6fca28a808e042 - - default default] Successfully bumped revision number for resource 1559b754-a52c-4cff-8232-85f0c93ea767 (type: security_group_rules) to 0
2026-04-23 08:58:13.274 9 INFO neutron.wsgi [None req-1594a745-3eb8-448a-91e9-5b9a884210c4 9a9e3b540f904ecd82af492744bb48a1 b9458e93a9a04ada9c6fca28a808e042 - - default default] 10.0.0.148 "POST /v2.0/security-groups HTTP/1.1" status: 201 len: 1809 time: 0.2416089
2026-04-23 08:58:13.385 9 INFO neutron.db.ovn_revision_numbers_db [None req-9f7a8a06-4d0a-485c-8594-cc9415e9cb02 9a9e3b540f904ecd82af492744bb48a1 b9458e93a9a04ada9c6fca28a808e042 - - default default] Successfully bumped revision number for resource 71bfa573-ea09-4ef7-a24b-0aedb22ab6cd (type: security_group_rules) to 0
2026-04-23 08:58:13.410 9 INFO neutron.wsgi [None req-9f7a8a06-4d0a-485c-8594-cc9415e9cb02 9a9e3b540f904ecd82af492744bb48a1 b9458e93a9a04ada9c6fca28a808e042 - - default default] 10.0.0.148 "POST /v2.0/security-group-rules HTTP/1.1" status: 201 len: 764 time: 0.1304395
2026-04-23 08:58:13.508 10 INFO neutron.wsgi [None req-a8df9301-6b6a-415a-be66-05091be6e043 fe7cae23370a40268c7a0f35e37ddb45 c33d35657f844040a2ecd433f5fef7b9 - - default default] 10.0.0.148 "DELETE /v2.0/ports/f5d6a6d6-e2e8-4749-b80e-2447a26ba359 HTTP/1.1" status: 204 len: 168 time: 0.2443380
2026-04-23 08:58:13.523 9 INFO neutron.db.ovn_revision_numbers_db [None req-c9277bdf-7629-45ae-ae25-9661432909c7 9a9e3b540f904ecd82af492744bb48a1 b9458e93a9a04ada9c6fca28a808e042 - - default default] Successfully bumped revision number for resource 2bf9dc72-eb7a-468e-adf5-6605359f6b05 (type: security_group_rules) to 0
2026-04-23 08:58:13.545 9 INFO neutron.wsgi [None req-c9277bdf-7629-45ae-ae25-9661432909c7 9a9e3b540f904ecd82af492744bb48a1 b9458e93a9a04ada9c6fca28a808e042 - - default default] 10.0.0.148 "POST /v2.0/security-group-rules HTTP/1.1" status: 201 len: 763 time: 0.1277888
2026-04-23 08:58:13.747 10 INFO neutron.db.ovn_revision_numbers_db [None req-f07a491c-57f8-44a2-aac4-c4c3e935eba5 9a9e3b540f904ecd82af492744bb48a1 b9458e93a9a04ada9c6fca28a808e042 - - default default] Successfully bumped revision number for resource b687c5e9-e53a-4e49-b97c-1dd61ff29961 (type: security_group_rules) to 0
2026-04-23 08:58:13.798 10 INFO neutron.wsgi [None req-f07a491c-57f8-44a2-aac4-c4c3e935eba5 9a9e3b540f904ecd82af492744bb48a1 b9458e93a9a04ada9c6fca28a808e042 - - default default] 10.0.0.148 "POST /v2.0/security-group-rules HTTP/1.1" status: 201 len: 769 time: 0.2479575
2026-04-23 08:58:13.842 10 INFO neutron.wsgi [None req-107ad6fb-d025-444f-863a-ae3430093832 fe7cae23370a40268c7a0f35e37ddb45 c33d35657f844040a2ecd433f5fef7b9 - - default default] 10.0.0.148 "DELETE /v2.0/ports/76b54aa4-73d3-4203-9dd1-2c1ca351bdbc HTTP/1.1" status: 204 len: 168 time: 0.3280320
2026-04-23 08:58:14.037 10 INFO neutron.db.ovn_revision_numbers_db [None req-3c74b974-e137-49e4-b2b9-2f119dab9a73 9a9e3b540f904ecd82af492744bb48a1 b9458e93a9a04ada9c6fca28a808e042 - - default default] Successfully bumped revision number for resource a282cb3c-6b91-451f-83a8-75da73db98f1 (type: security_group_rules) to 0
2026-04-23 08:58:14.083 10 INFO neutron.wsgi [None req-3c74b974-e137-49e4-b2b9-2f119dab9a73 9a9e3b540f904ecd82af492744bb48a1 b9458e93a9a04ada9c6fca28a808e042 - - default default] 10.0.0.148 "POST /v2.0/security-group-rules HTTP/1.1" status: 201 len: 768 time: 0.2782972
2026-04-23 08:58:14.117 9 INFO neutron.db.securitygroups_db [None req-77dd6b96-459d-424c-9d8f-5947511568ac 9a9e3b540f904ecd82af492744bb48a1 b9458e93a9a04ada9c6fca28a808e042 - - default default] Project b9458e93a9a04ada9c6fca28a808e042 added a security group rule with legacy IPv6 ICMP protocol name icmp, ipv6-icmp should be used instead. It was automatically converted.
2026-04-23 08:58:14.152 10 INFO neutron.wsgi [None req-d74dd623-b39c-45a2-9946-e9ae20b96618 fe7cae23370a40268c7a0f35e37ddb45 c33d35657f844040a2ecd433f5fef7b9 - - default default] 10.0.0.148 "DELETE /v2.0/ports/453fdb6f-5c1c-4d2f-812a-8aaa5cca1ef3 HTTP/1.1" status: 204 len: 168 time: 0.3046958
2026-04-23 08:58:14.207 9 INFO neutron.db.ovn_revision_numbers_db [None req-77dd6b96-459d-424c-9d8f-5947511568ac 9a9e3b540f904ecd82af492744bb48a1 b9458e93a9a04ada9c6fca28a808e042 - - default default] Successfully bumped revision number for resource 22a1e3b4-25c7-4529-83e0-b5ff71b38207 (type: security_group_rules) to 0
2026-04-23 08:58:14.233 9 INFO neutron.wsgi [None req-77dd6b96-459d-424c-9d8f-5947511568ac 9a9e3b540f904ecd82af492744bb48a1 b9458e93a9a04ada9c6fca28a808e042 - - default default] 10.0.0.148 "POST /v2.0/security-group-rules HTTP/1.1" status: 201 len: 774 time: 0.1430411
2026-04-23 08:58:14.266 9 INFO neutron.db.securitygroups_db [None req-e1d3e6e2-784e-4a4b-a58e-b54ac4edd402 9a9e3b540f904ecd82af492744bb48a1 b9458e93a9a04ada9c6fca28a808e042 - - default default] Project b9458e93a9a04ada9c6fca28a808e042 added a security group rule with legacy IPv6 ICMP protocol name icmp, ipv6-icmp should be used instead. It was automatically converted.
2026-04-23 08:58:14.373 10 INFO neutron.wsgi [None req-c892eaa6-5133-47d3-9ff9-8ccbab814644 fe7cae23370a40268c7a0f35e37ddb45 c33d35657f844040a2ecd433f5fef7b9 - - default default] 10.0.0.148 "DELETE /v2.0/ports/9db01e61-7645-4f1d-b775-ebb8cb63c16b HTTP/1.1" status: 204 len: 168 time: 0.2156355
2026-04-23 08:58:14.374 9 INFO neutron.db.ovn_revision_numbers_db [None req-e1d3e6e2-784e-4a4b-a58e-b54ac4edd402 9a9e3b540f904ecd82af492744bb48a1 b9458e93a9a04ada9c6fca28a808e042 - - default default] Successfully bumped revision number for resource 5f2d0824-93a5-407a-9c2a-2d679b98f28c (type: security_group_rules) to 0
2026-04-23 08:58:14.400 9 INFO neutron.wsgi [None req-e1d3e6e2-784e-4a4b-a58e-b54ac4edd402 9a9e3b540f904ecd82af492744bb48a1 b9458e93a9a04ada9c6fca28a808e042 - - default default] 10.0.0.148 "POST /v2.0/security-group-rules HTTP/1.1" status: 201 len: 773 time: 0.1598434
2026-04-23 08:58:14.747 10 INFO neutron.wsgi [-] 10.0.0.75 "GET / HTTP/1.1" status: 200 len: 246 time: 0.0025268
2026-04-23 08:58:14.748 9 INFO neutron.wsgi [-] 10.0.0.75 "GET / HTTP/1.1" status: 200 len: 246 time: 0.0032713
2026-04-23 08:58:14.759 10 INFO neutron.services.segments.plugin [-] Segment c0dca4a7-9d58-4434-8fd6-6b24126d7824 resource provider aggregate not found
2026-04-23 08:58:14.764 10 INFO neutron.services.segments.plugin [-] Segment c0dca4a7-9d58-4434-8fd6-6b24126d7824 resource provider aggregate not found
2026-04-23 08:58:14.779 10 INFO neutron.services.segments.plugin [-] Segment c0dca4a7-9d58-4434-8fd6-6b24126d7824 resource provider not found; error: Placement Client Error (4xx): {"errors": [{"status": 404, "title": "Not Found", "detail": "The resource could not be found.\n\n No resource provider with uuid c0dca4a7-9d58-4434-8fd6-6b24126d7824 found for delete ", "request_id": "req-c092e61f-63f4-45f0-b0ea-412415157edd"}]}
2026-04-23 08:58:14.780 10 INFO neutron.services.segments.plugin [-] Segment c0dca4a7-9d58-4434-8fd6-6b24126d7824 resource provider not found; error: Placement Client Error (4xx): {"errors": [{"status": 404, "title": "Not Found", "detail": "The resource could not be found.\n\n No resource provider with uuid c0dca4a7-9d58-4434-8fd6-6b24126d7824 found for delete ", "request_id": "req-41a5a165-8069-4f92-bb73-6d85ca7bf03e"}]}
2026-04-23 08:58:14.803 10 INFO neutron.wsgi [None req-3a7ae226-d3f1-4e2b-935c-4f06e0d74692 fe7cae23370a40268c7a0f35e37ddb45 c33d35657f844040a2ecd433f5fef7b9 - - default default] 10.0.0.148 "DELETE /v2.0/networks/99d2c2a0-2df2-4d23-b2ac-8940f4b52cf6 HTTP/1.1" status: 204 len: 168 time: 0.4247301
2026-04-23 08:58:15.069 9 INFO neutron.wsgi [None req-f591563f-ae60-4d3e-a420-a2c510102728 9a9e3b540f904ecd82af492744bb48a1 b9458e93a9a04ada9c6fca28a808e042 - - default default] 10.0.0.148 "GET /v2.0/networks HTTP/1.1" status: 200 len: 1492 time: 0.3089757
2026-04-23 08:58:15.196 9 INFO neutron.services.segments.plugin [-] Segment 15336d7d-d7b7-480a-83f5-4fdc935a4414 resource provider aggregate not found
2026-04-23 08:58:15.214 9 INFO neutron.services.segments.plugin [-] Segment 15336d7d-d7b7-480a-83f5-4fdc935a4414 resource provider aggregate not found
2026-04-23 08:58:15.232 9 INFO neutron.services.segments.plugin [-] Segment 15336d7d-d7b7-480a-83f5-4fdc935a4414 resource provider not found; error: Placement Client Error (4xx): {"errors": [{"status": 404, "title": "Not Found", "detail": "The resource could not be found.\n\n No resource provider with uuid 15336d7d-d7b7-480a-83f5-4fdc935a4414 found for delete ", "request_id": "req-e0839d0a-064f-40b6-be53-cc04f20b9f74"}]}
2026-04-23 08:58:15.253 9 INFO neutron.wsgi [req-d10ddfd1-b9e5-4506-a7bc-bdc4dad0a17d req-cc117eb3-155a-4dba-8a8c-775cff527c83 9a9e3b540f904ecd82af492744bb48a1 b9458e93a9a04ada9c6fca28a808e042 - - default default] 10.0.0.105 "GET /v2.0/security-groups?name=tempest-secgroup-smoke-675871366&fields=id&tenant_id=b9458e93a9a04ada9c6fca28a808e042 HTTP/1.1" status: 200 len: 267 time: 0.0987651
2026-04-23 08:58:15.254 9 INFO neutron.services.segments.plugin [-] Segment 15336d7d-d7b7-480a-83f5-4fdc935a4414 resource provider not found; error: Placement Client Error (4xx): {"errors": [{"status": 404, "title": "Not Found", "detail": "The resource could not be found.\n\n No resource provider with uuid 15336d7d-d7b7-480a-83f5-4fdc935a4414 found for delete ", "request_id": "req-1cbb15a6-4402-4356-b78b-d3735d59d29d"}]}
2026-04-23 08:58:15.273 9 INFO neutron.wsgi [None req-3d95b8a4-f340-40af-81a2-3b07d410785a fe7cae23370a40268c7a0f35e37ddb45 c33d35657f844040a2ecd433f5fef7b9 - - default default] 10.0.0.148 "DELETE /v2.0/networks/8a9f9280-e312-40b9-8317-88f5b6f166f2 HTTP/1.1" status: 204 len: 168 time: 0.4644668
2026-04-23 08:58:15.371 9 INFO neutron.wsgi [req-d10ddfd1-b9e5-4506-a7bc-bdc4dad0a17d req-0f0698c3-807f-4e9b-b215-170406426366 9a9e3b540f904ecd82af492744bb48a1 b9458e93a9a04ada9c6fca28a808e042 - - default default] 10.0.0.105 "GET /v2.0/networks?id=8b4fec6b-d411-47b6-8116-2eb4257cb953 HTTP/1.1" status: 200 len: 859 time: 0.0971408
2026-04-23 08:58:15.399 9 INFO neutron.wsgi [req-d10ddfd1-b9e5-4506-a7bc-bdc4dad0a17d req-df7c6aae-6680-4bfe-be9b-28a4ad867e7f 9a9e3b540f904ecd82af492744bb48a1 b9458e93a9a04ada9c6fca28a808e042 - - default default] 10.0.0.105 "GET /v2.0/quotas/b9458e93a9a04ada9c6fca28a808e042 HTTP/1.1" status: 200 len: 386 time: 0.0147502
2026-04-23 08:58:15.527 9 INFO neutron.wsgi [req-d10ddfd1-b9e5-4506-a7bc-bdc4dad0a17d req-4dcc5dd1-d985-441e-80cb-e4c5cef3c2a8 9a9e3b540f904ecd82af492744bb48a1 b9458e93a9a04ada9c6fca28a808e042 - - default default] 10.0.0.105 "GET /v2.0/ports?tenant_id=b9458e93a9a04ada9c6fca28a808e042&fields=id HTTP/1.1" status: 200 len: 302 time: 0.1208348
2026-04-23 08:58:15.542 10 INFO neutron.db.ovn_revision_numbers_db [None req-4442f466-2dcc-4b48-9887-36ffb8a0e157 3b8fed1cce4145eda7e305becc078a7e f8496f8ba56a4b14a1b7d6a9aa2af247 - - default default] Successfully bumped revision number for resource 1a528809-6efb-4e7f-9c41-89c0b1da9a06 (type: security_groups) to 1
2026-04-23 08:58:15.561 10 INFO neutron.db.ovn_revision_numbers_db [None req-4442f466-2dcc-4b48-9887-36ffb8a0e157 3b8fed1cce4145eda7e305becc078a7e f8496f8ba56a4b14a1b7d6a9aa2af247 - - default default] Successfully bumped revision number for resource 00a9af3f-b482-4a0a-80f9-4622eba8b982 (type: security_group_rules) to 0
2026-04-23 08:58:15.574 10 INFO neutron.db.ovn_revision_numbers_db [None req-4442f466-2dcc-4b48-9887-36ffb8a0e157 3b8fed1cce4145eda7e305becc078a7e f8496f8ba56a4b14a1b7d6a9aa2af247 - - default default] Successfully bumped revision number for resource 2bafa140-c069-41a1-894f-7d4ec92bc07b (type: security_group_rules) to 0
2026-04-23 08:58:15.592 10 INFO neutron.db.ovn_revision_numbers_db [None req-4442f466-2dcc-4b48-9887-36ffb8a0e157 3b8fed1cce4145eda7e305becc078a7e f8496f8ba56a4b14a1b7d6a9aa2af247 - - default default] Successfully bumped revision number for resource 49fdc8bb-8fde-4ec4-9785-b7624c10f3a5 (type: security_group_rules) to 0
2026-04-23 08:58:15.607 9 INFO neutron.wsgi [req-d10ddfd1-b9e5-4506-a7bc-bdc4dad0a17d req-e1000966-331d-4e99-835a-720a8b6b6022 0b90aaf067b5401a83d2c0610e4ae3a9 cb697062842e4831b466dd2615203c97 - - 5cc8a6ff47d14da9a8777c2cc4ba702d 5cc8a6ff47d14da9a8777c2cc4ba702d] 10.0.0.105 "GET /v2.0/networks/8b4fec6b-d411-47b6-8116-2eb4257cb953?fields=segments HTTP/1.1" status: 200 len: 212 time: 0.0670865
2026-04-23 08:58:15.612 10 INFO neutron.db.ovn_revision_numbers_db [None req-4442f466-2dcc-4b48-9887-36ffb8a0e157 3b8fed1cce4145eda7e305becc078a7e f8496f8ba56a4b14a1b7d6a9aa2af247 - - default default] Successfully bumped revision number for resource d249da84-2439-417a-867d-6abb6483f071 (type: security_group_rules) to 0
2026-04-23 08:58:15.634 10 INFO neutron.wsgi [None req-4442f466-2dcc-4b48-9887-36ffb8a0e157 3b8fed1cce4145eda7e305becc078a7e f8496f8ba56a4b14a1b7d6a9aa2af247 - - default default] 10.0.0.148 "GET /v2.0/security-groups?tenant_id=37d04725ab844372961ffcf7bce64e0b&name=default HTTP/1.1" status: 200 len: 2996 time: 0.3829482
2026-04-23 08:58:15.868 10 INFO neutron.wsgi [None req-42faee0f-911b-476d-8c0e-f1cbddb43084 3b8fed1cce4145eda7e305becc078a7e f8496f8ba56a4b14a1b7d6a9aa2af247 - - default default] 10.0.0.148 "DELETE /v2.0/security-groups/1a528809-6efb-4e7f-9c41-89c0b1da9a06 HTTP/1.1" status: 204 len: 168 time: 0.2280550
2026-04-23 08:58:15.982 9 INFO neutron.wsgi [req-d10ddfd1-b9e5-4506-a7bc-bdc4dad0a17d req-4a92635a-7e08-49b6-a315-7e55fba5b8fe 0b90aaf067b5401a83d2c0610e4ae3a9 cb697062842e4831b466dd2615203c97 - - 5cc8a6ff47d14da9a8777c2cc4ba702d 5cc8a6ff47d14da9a8777c2cc4ba702d] 10.0.0.105 "GET /v2.0/networks/8b4fec6b-d411-47b6-8116-2eb4257cb953?fields=provider%3Aphysical_network&fields=provider%3Anetwork_type HTTP/1.1" status: 200 len: 277 time: 0.3701448
2026-04-23 08:58:16.077 9 INFO neutron.wsgi [None req-59715b9a-ff06-4f43-aa91-d5605688cc07 fe7cae23370a40268c7a0f35e37ddb45 c33d35657f844040a2ecd433f5fef7b9 - - default default] 10.0.0.148 "DELETE /v2.0/networks/896ad371-1ec7-4f32-b94c-2a0d9869b158 HTTP/1.1" status: 204 len: 168 time: 0.7866893
2026-04-23 08:58:16.127 9 INFO neutron.db.ovn_revision_numbers_db [None req-2078d1a9-162b-413f-a8bd-592a48f208d3 3b8fed1cce4145eda7e305becc078a7e f8496f8ba56a4b14a1b7d6a9aa2af247 - - default default] Successfully bumped revision number for resource 7f8f4d14-dba9-4bda-a97b-4be0ccae9836 (type: security_groups) to 1
2026-04-23 08:58:16.153 9 INFO neutron.wsgi [req-02dd2d52-deae-40c6-a6c5-f17c167fa986 req-ad15d3fb-3e89-4b71-8e92-eac2033301c3 9a9e3b540f904ecd82af492744bb48a1 b9458e93a9a04ada9c6fca28a808e042 - - default default] 10.0.0.105 "GET /v2.0/ports?device_id=9f5ae491-4582-4235-86e8-6ab49dd1d3d6 HTTP/1.1" status: 200 len: 210 time: 0.0236163
2026-04-23 08:58:16.157 9 INFO neutron.db.ovn_revision_numbers_db [None req-2078d1a9-162b-413f-a8bd-592a48f208d3 3b8fed1cce4145eda7e305becc078a7e f8496f8ba56a4b14a1b7d6a9aa2af247 - - default default] Successfully bumped revision number for resource 6027af2f-f78e-4104-87cf-696763ff47d7 (type: security_group_rules) to 0
2026-04-23 08:58:16.172 9 INFO neutron.db.ovn_revision_numbers_db [None req-2078d1a9-162b-413f-a8bd-592a48f208d3 3b8fed1cce4145eda7e305becc078a7e f8496f8ba56a4b14a1b7d6a9aa2af247 - - default default] Successfully bumped revision number for resource 64d8eddb-d999-43ae-8582-37818598c7e2 (type: security_group_rules) to 0
2026-04-23 08:58:16.188 9 INFO neutron.db.ovn_revision_numbers_db [None req-2078d1a9-162b-413f-a8bd-592a48f208d3 3b8fed1cce4145eda7e305becc078a7e f8496f8ba56a4b14a1b7d6a9aa2af247 - - default default] Successfully bumped revision number for resource c6a02545-e8ce-4860-9dfb-83c62cbf4363 (type: security_group_rules) to 0
2026-04-23 08:58:16.211 9 INFO neutron.db.ovn_revision_numbers_db [None req-2078d1a9-162b-413f-a8bd-592a48f208d3 3b8fed1cce4145eda7e305becc078a7e f8496f8ba56a4b14a1b7d6a9aa2af247 - - default default] Successfully bumped revision number for resource d0343a39-22fa-4a05-85a1-8ba34de949cf (type: security_group_rules) to 0
2026-04-23 08:58:16.237 9 INFO neutron.wsgi [None req-2078d1a9-162b-413f-a8bd-592a48f208d3 3b8fed1cce4145eda7e305becc078a7e f8496f8ba56a4b14a1b7d6a9aa2af247 - - default default] 10.0.0.148 "GET /v2.0/security-groups?tenant_id=c64f3178383f4388b58365ac2d74fbe6&name=default HTTP/1.1" status: 200 len: 2996 time: 0.2374833
2026-04-23 08:58:16.448 9 INFO neutron.wsgi [None req-3d249a17-8a6d-4135-9048-b86f8428405f 3b8fed1cce4145eda7e305becc078a7e f8496f8ba56a4b14a1b7d6a9aa2af247 - - default default] 10.0.0.148 "DELETE /v2.0/security-groups/7f8f4d14-dba9-4bda-a97b-4be0ccae9836 HTTP/1.1" status: 204 len: 168 time: 0.2059438
2026-04-23 08:58:16.829 10 INFO neutron.services.segments.plugin [-] Segment 12e5f897-fdfc-47ef-b3df-d1d5b9eda48d resource provider aggregate not found
2026-04-23 08:58:16.834 10 INFO neutron.services.segments.plugin [-] Segment 12e5f897-fdfc-47ef-b3df-d1d5b9eda48d resource provider aggregate not found
2026-04-23 08:58:16.849 10 INFO neutron.services.segments.plugin [-] Segment 12e5f897-fdfc-47ef-b3df-d1d5b9eda48d resource provider not found; error: Placement Client Error (4xx): {"errors": [{"status": 404, "title": "Not Found", "detail": "The resource could not be found.\n\n No resource provider with uuid 12e5f897-fdfc-47ef-b3df-d1d5b9eda48d found for delete ", "request_id": "req-abc8c721-f9b0-4f2c-a0a4-8b73b975f04b"}]}
2026-04-23 08:58:16.851 10 INFO neutron.services.segments.plugin [-] Segment 12e5f897-fdfc-47ef-b3df-d1d5b9eda48d resource provider not found; error: Placement Client Error (4xx): {"errors": [{"status": 404, "title": "Not Found", "detail": "The resource could not be found.\n\n No resource provider with uuid 12e5f897-fdfc-47ef-b3df-d1d5b9eda48d found for delete ", "request_id": "req-37daa9a6-0ab3-46bf-8dec-b9e4178ca298"}]}
2026-04-23 08:58:16.878 10 INFO neutron.wsgi [None req-fd6ca505-8a53-4dc5-a5b0-eb2484ea1890 fe7cae23370a40268c7a0f35e37ddb45 c33d35657f844040a2ecd433f5fef7b9 - - default default] 10.0.0.148 "DELETE /v2.0/networks/80fe198c-8e85-48c6-bd05-e4d91169fecd HTTP/1.1" status: 204 len: 168 time: 0.7956316
2026-04-23 08:58:16.939 9 INFO neutron.wsgi [req-d10ddfd1-b9e5-4506-a7bc-bdc4dad0a17d req-27e79061-a7d2-4a5e-b9fa-086705192139 9a9e3b540f904ecd82af492744bb48a1 b9458e93a9a04ada9c6fca28a808e042 - - default default] 199.19.213.52 "GET /v2.0/networks?id=8b4fec6b-d411-47b6-8116-2eb4257cb953 HTTP/1.1" status: 200 len: 859 time: 0.0695739
2026-04-23 08:58:16.987 9 INFO neutron.wsgi [req-d10ddfd1-b9e5-4506-a7bc-bdc4dad0a17d req-1535b7f0-ff73-4d87-bd21-7937852a184c 9a9e3b540f904ecd82af492744bb48a1 b9458e93a9a04ada9c6fca28a808e042 - - default default] 199.19.213.52 "GET /v2.0/security-groups?fields=id&fields=name&tenant_id=b9458e93a9a04ada9c6fca28a808e042 HTTP/1.1" status: 200 len: 379 time: 0.0399835
2026-04-23 08:58:17.268 9 INFO neutron.wsgi [req-a5fbf86f-661b-4434-98f2-0afa80ad2306 req-028ddb57-5eeb-43a3-a46a-8250b7ddb5f9 9a9e3b540f904ecd82af492744bb48a1 b9458e93a9a04ada9c6fca28a808e042 - - default default] 10.0.0.105 "GET /v2.0/ports?device_id=9f5ae491-4582-4235-86e8-6ab49dd1d3d6 HTTP/1.1" status: 200 len: 210 time: 0.0504994
2026-04-23 08:58:17.271 9 INFO neutron.services.segments.plugin [-] Segment 40412b9b-5873-4500-b27b-205c378785cc resource provider aggregate not found
2026-04-23 08:58:17.280 9 INFO neutron.services.segments.plugin [-] Segment 40412b9b-5873-4500-b27b-205c378785cc resource provider aggregate not found
2026-04-23 08:58:17.297 9 INFO neutron.services.segments.plugin [-] Segment 40412b9b-5873-4500-b27b-205c378785cc resource provider not found; error: Placement Client Error (4xx): {"errors": [{"status": 404, "title": "Not Found", "detail": "The resource could not be found.\n\n No resource provider with uuid 40412b9b-5873-4500-b27b-205c378785cc found for delete ", "request_id": "req-5fb3f575-8a98-48cc-8562-7c96afa99c94"}]}
2026-04-23 08:58:17.299 9 INFO neutron.services.segments.plugin [-] Segment 40412b9b-5873-4500-b27b-205c378785cc resource provider not found; error: Placement Client Error (4xx): {"errors": [{"status": 404, "title": "Not Found", "detail": "The resource could not be found.\n\n No resource provider with uuid 40412b9b-5873-4500-b27b-205c378785cc found for delete ", "request_id": "req-b615530c-293a-4783-8201-fd9a661e1829"}]}
2026-04-23 08:58:17.316 10 INFO neutron.wsgi [None req-08e555b9-07d9-4a0c-9d6a-cac3ac61bec3 fe7cae23370a40268c7a0f35e37ddb45 c33d35657f844040a2ecd433f5fef7b9 - - default default] 10.0.0.148 "DELETE /v2.0/networks/c999101f-8cf7-426b-8e0e-72934fa9997d HTTP/1.1" status: 204 len: 168 time: 0.4260259
2026-04-23 08:58:17.371 9 WARNING neutron.scheduler.dhcp_agent_scheduler [req-d10ddfd1-b9e5-4506-a7bc-bdc4dad0a17d req-3566c0f4-6a9f-4231-aa71-9fd9d54b9850 9a9e3b540f904ecd82af492744bb48a1 b9458e93a9a04ada9c6fca28a808e042 - - default default] No more DHCP agents
2026-04-23 08:58:17.375 9 WARNING neutron.api.rpc.agentnotifiers.dhcp_rpc_agent_api [req-d10ddfd1-b9e5-4506-a7bc-bdc4dad0a17d req-3566c0f4-6a9f-4231-aa71-9fd9d54b9850 9a9e3b540f904ecd82af492744bb48a1 b9458e93a9a04ada9c6fca28a808e042 - - default default] Unable to schedule network 8b4fec6b-d411-47b6-8116-2eb4257cb953: no agents available; will retry on subsequent port and subnet creation events.
2026-04-23 08:58:17.417 10 WARNING neutron.plugins.ml2.drivers.ovn.mech_driver.ovsdb.ovn_client [None req-2aa377b6-9cdc-4a81-8588-818126d30799 - - - - - -] No hosting information found for port 9c6c0c4a-a586-404e-a7ff-e2b9e2f930fc: RuntimeError: No hosting information found for port 9c6c0c4a-a586-404e-a7ff-e2b9e2f930fc
2026-04-23 08:58:17.605 9 INFO neutron.db.ovn_revision_numbers_db [req-d10ddfd1-b9e5-4506-a7bc-bdc4dad0a17d req-3566c0f4-6a9f-4231-aa71-9fd9d54b9850 9a9e3b540f904ecd82af492744bb48a1 b9458e93a9a04ada9c6fca28a808e042 - - default default] Successfully bumped revision number for resource 41ce819b-da19-42ec-b1a7-be9f84ecc4d1 (type: ports) to 1
2026-04-23 08:58:17.629 9 INFO neutron.wsgi [req-d10ddfd1-b9e5-4506-a7bc-bdc4dad0a17d req-3566c0f4-6a9f-4231-aa71-9fd9d54b9850 9a9e3b540f904ecd82af492744bb48a1 b9458e93a9a04ada9c6fca28a808e042 - - default default] 199.19.213.52 "POST /v2.0/ports HTTP/1.1" status: 201 len: 1158 time: 0.6368756 /var/lib/openstack/lib/python3.10/site-packages/pycadf/identifier.py:71: UserWarning: Invalid uuid: neutron. To ensure interoperability, identifiers should be a valid uuid. warnings.warn(('Invalid uuid: %s. To ensure interoperability, '
2026-04-23 08:58:18.061 9 INFO neutron.db.ovn_revision_numbers_db [req-d10ddfd1-b9e5-4506-a7bc-bdc4dad0a17d req-cfde0bb5-08f1-47a9-9ea5-e4edd8eb9a4d 0b90aaf067b5401a83d2c0610e4ae3a9 cb697062842e4831b466dd2615203c97 - - 5cc8a6ff47d14da9a8777c2cc4ba702d 5cc8a6ff47d14da9a8777c2cc4ba702d] Successfully bumped revision number for resource 41ce819b-da19-42ec-b1a7-be9f84ecc4d1 (type: ports) to 2
2026-04-23 08:58:18.263 9 INFO neutron.db.ovn_revision_numbers_db [req-d10ddfd1-b9e5-4506-a7bc-bdc4dad0a17d req-cfde0bb5-08f1-47a9-9ea5-e4edd8eb9a4d 0b90aaf067b5401a83d2c0610e4ae3a9 cb697062842e4831b466dd2615203c97 - - 5cc8a6ff47d14da9a8777c2cc4ba702d 5cc8a6ff47d14da9a8777c2cc4ba702d] Successfully bumped revision number for resource 41ce819b-da19-42ec-b1a7-be9f84ecc4d1 (type: ports) to 2
2026-04-23 08:58:18.282 9 INFO neutron.wsgi [req-d10ddfd1-b9e5-4506-a7bc-bdc4dad0a17d req-cfde0bb5-08f1-47a9-9ea5-e4edd8eb9a4d 0b90aaf067b5401a83d2c0610e4ae3a9 cb697062842e4831b466dd2615203c97 - - 5cc8a6ff47d14da9a8777c2cc4ba702d 5cc8a6ff47d14da9a8777c2cc4ba702d] 199.19.213.52 "PUT /v2.0/ports/41ce819b-da19-42ec-b1a7-be9f84ecc4d1 HTTP/1.1" status: 200 len: 1376 time: 0.6414847 /var/lib/openstack/lib/python3.10/site-packages/pycadf/identifier.py:71: UserWarning: Invalid uuid: neutron. To ensure interoperability, identifiers should be a valid uuid. warnings.warn(('Invalid uuid: %s. To ensure interoperability, '
2026-04-23 08:58:18.342 9 INFO neutron.notifiers.nova [-] Nova event matching ['req-a51f5175-555a-4183-a642-a48614ba1134'] response: {'name': 'network-changed', 'server_uuid': '9f5ae491-4582-4235-86e8-6ab49dd1d3d6', 'tag': '41ce819b-da19-42ec-b1a7-be9f84ecc4d1', 'status': 'completed', 'code': 200}
2026-04-23 08:58:18.365 9 INFO neutron.wsgi [req-d10ddfd1-b9e5-4506-a7bc-bdc4dad0a17d req-aef2cd13-4579-424f-9a14-8a480f12e2fb 0b90aaf067b5401a83d2c0610e4ae3a9 cb697062842e4831b466dd2615203c97 - - 5cc8a6ff47d14da9a8777c2cc4ba702d 5cc8a6ff47d14da9a8777c2cc4ba702d] 199.19.213.52 "GET /v2.0/ports?tenant_id=b9458e93a9a04ada9c6fca28a808e042&device_id=9f5ae491-4582-4235-86e8-6ab49dd1d3d6 HTTP/1.1" status: 200 len: 1407 time: 0.0453804
2026-04-23 08:58:18.393 9 INFO neutron.wsgi [req-1d3fe3a9-5ff4-4f66-937a-e7ac2088a84e req-0f55d620-0e7a-4182-b71c-8a10e7fbd5a2 9a9e3b540f904ecd82af492744bb48a1 b9458e93a9a04ada9c6fca28a808e042 - - default default] 10.0.0.105 "GET /v2.0/ports?device_id=9f5ae491-4582-4235-86e8-6ab49dd1d3d6 HTTP/1.1" status: 200 len: 1168 time: 0.0486848
2026-04-23 08:58:18.408 9 INFO neutron.wsgi [req-d10ddfd1-b9e5-4506-a7bc-bdc4dad0a17d req-29ba99c7-75ec-470d-b508-730cea57068f 0b90aaf067b5401a83d2c0610e4ae3a9 cb697062842e4831b466dd2615203c97 - - 5cc8a6ff47d14da9a8777c2cc4ba702d 5cc8a6ff47d14da9a8777c2cc4ba702d] 199.19.213.52 "GET /v2.0/floatingips?fixed_ip_address=10.100.0.4&port_id=41ce819b-da19-42ec-b1a7-be9f84ecc4d1 HTTP/1.1" status: 200 len: 217 time: 0.0357003
2026-04-23 08:58:18.454 9 INFO neutron.wsgi [req-1d3fe3a9-5ff4-4f66-937a-e7ac2088a84e req-678ab201-4fcb-43cf-8cb1-403c581f4cca 9a9e3b540f904ecd82af492744bb48a1 b9458e93a9a04ada9c6fca28a808e042 - - default default] 10.0.0.105 "GET /v2.0/security-groups?id=ff1be5c9-0f04-489a-82b6-a29afc780cce&fields=id&fields=name HTTP/1.1" status: 200 len: 312 time: 0.0488045
2026-04-23 08:58:18.458 9 INFO neutron.wsgi [req-d10ddfd1-b9e5-4506-a7bc-bdc4dad0a17d req-6f00fe41-a6d9-4852-abb4-b0aaaacbf29e 0b90aaf067b5401a83d2c0610e4ae3a9 cb697062842e4831b466dd2615203c97 - - 5cc8a6ff47d14da9a8777c2cc4ba702d 5cc8a6ff47d14da9a8777c2cc4ba702d] 199.19.213.52 "GET /v2.0/subnets?id=372a2d4c-4166-430a-9430-996063a12d68 HTTP/1.1" status: 200 len: 852 time: 0.0420463
2026-04-23 08:58:18.481 9 INFO neutron.wsgi [req-d10ddfd1-b9e5-4506-a7bc-bdc4dad0a17d req-872ccf5a-9ff1-4b7f-8a8c-55e2ea9734eb 0b90aaf067b5401a83d2c0610e4ae3a9 cb697062842e4831b466dd2615203c97 - - 5cc8a6ff47d14da9a8777c2cc4ba702d 5cc8a6ff47d14da9a8777c2cc4ba702d] 199.19.213.52 "GET /v2.0/ports?network_id=8b4fec6b-d411-47b6-8116-2eb4257cb953&device_owner=network%3Adhcp HTTP/1.1" status: 200 len: 210 time: 0.0165005
2026-04-23 08:58:18.482 10 INFO neutron.db.ovn_revision_numbers_db [None req-6b8953da-a204-4864-bd49-e82b88f37b55 3b8fed1cce4145eda7e305becc078a7e f8496f8ba56a4b14a1b7d6a9aa2af247 - - default default] Successfully bumped revision number for resource c6902629-cb48-4fde-a857-b344926fc46f (type: security_groups) to 1
2026-04-23 08:58:18.496 10 INFO neutron.db.ovn_revision_numbers_db [None req-6b8953da-a204-4864-bd49-e82b88f37b55 3b8fed1cce4145eda7e305becc078a7e f8496f8ba56a4b14a1b7d6a9aa2af247 - - default default] Successfully bumped revision number for resource 0280a449-ca77-4c0c-b68f-1abb99abc049 (type: security_group_rules) to 0
2026-04-23 08:58:18.511 10 INFO neutron.db.ovn_revision_numbers_db [None req-6b8953da-a204-4864-bd49-e82b88f37b55 3b8fed1cce4145eda7e305becc078a7e f8496f8ba56a4b14a1b7d6a9aa2af247 - - default default] Successfully bumped revision number for resource 4e7f3ef9-57e0-416c-8e1b-3928e0f6120a (type: security_group_rules) to 0
2026-04-23 08:58:18.534 10 INFO neutron.db.ovn_revision_numbers_db [None req-6b8953da-a204-4864-bd49-e82b88f37b55 3b8fed1cce4145eda7e305becc078a7e f8496f8ba56a4b14a1b7d6a9aa2af247 - - default default] Successfully bumped revision number for resource 68d6c537-8a7e-4cee-8d18-40a04da1b636 (type: security_group_rules) to 0
2026-04-23 08:58:18.548 10 INFO neutron.db.ovn_revision_numbers_db [None req-6b8953da-a204-4864-bd49-e82b88f37b55 3b8fed1cce4145eda7e305becc078a7e f8496f8ba56a4b14a1b7d6a9aa2af247 - - default default] Successfully bumped revision number for resource 81690367-da0f-4861-97fb-80fc9c958315 (type: security_group_rules) to 0
2026-04-23 08:58:18.549 9 INFO neutron.wsgi [req-d10ddfd1-b9e5-4506-a7bc-bdc4dad0a17d req-29401fe2-b313-451e-8e9e-f3b566b8ddee 0b90aaf067b5401a83d2c0610e4ae3a9 cb697062842e4831b466dd2615203c97 - - 5cc8a6ff47d14da9a8777c2cc4ba702d 5cc8a6ff47d14da9a8777c2cc4ba702d] 199.19.213.52 "GET /v2.0/networks/8b4fec6b-d411-47b6-8116-2eb4257cb953?fields=segments HTTP/1.1" status: 200 len: 212 time: 0.0609138
2026-04-23 08:58:18.570 10 INFO neutron.wsgi [None req-6b8953da-a204-4864-bd49-e82b88f37b55 3b8fed1cce4145eda7e305becc078a7e f8496f8ba56a4b14a1b7d6a9aa2af247 - - default default] 10.0.0.148 "GET /v2.0/security-groups?tenant_id=e35c0a7f2c794d5796c34ec4ca001375&name=default HTTP/1.1" status: 200 len: 2996 time: 0.4097350
2026-04-23 08:58:18.630 9 INFO neutron.wsgi [req-d10ddfd1-b9e5-4506-a7bc-bdc4dad0a17d req-331d96a5-6921-4b01-9b75-e0801a93ebe9 0b90aaf067b5401a83d2c0610e4ae3a9 cb697062842e4831b466dd2615203c97 - - 5cc8a6ff47d14da9a8777c2cc4ba702d 5cc8a6ff47d14da9a8777c2cc4ba702d] 199.19.213.52 "GET /v2.0/networks/8b4fec6b-d411-47b6-8116-2eb4257cb953?fields=provider%3Aphysical_network&fields=provider%3Anetwork_type HTTP/1.1" status: 200 len: 277 time: 0.0754817
2026-04-23 08:58:18.721 9 INFO neutron.wsgi [req-962e1bc4-c82f-44c7-a5d4-f7c2fd98ffa3 req-75d23d85-e65c-4786-a460-7682599f82aa 0b90aaf067b5401a83d2c0610e4ae3a9 cb697062842e4831b466dd2615203c97 - - 5cc8a6ff47d14da9a8777c2cc4ba702d 5cc8a6ff47d14da9a8777c2cc4ba702d] 199.19.213.52 "GET /v2.0/ports?tenant_id=b9458e93a9a04ada9c6fca28a808e042&device_id=9f5ae491-4582-4235-86e8-6ab49dd1d3d6 HTTP/1.1" status: 200 len: 1407 time: 0.0437670
2026-04-23 08:58:18.766 10 INFO neutron.wsgi [None req-183ea150-6aec-4fac-ac7d-e9439aa3efe8 3b8fed1cce4145eda7e305becc078a7e f8496f8ba56a4b14a1b7d6a9aa2af247 - - default default] 10.0.0.148 "DELETE /v2.0/security-groups/c6902629-cb48-4fde-a857-b344926fc46f HTTP/1.1" status: 204 len: 168 time: 0.1903434
2026-04-23 08:58:18.796 9 INFO neutron.wsgi [req-962e1bc4-c82f-44c7-a5d4-f7c2fd98ffa3 req-a7d77e7c-4aea-40cf-9be8-7cc98f1e554b 0b90aaf067b5401a83d2c0610e4ae3a9 cb697062842e4831b466dd2615203c97 - - 5cc8a6ff47d14da9a8777c2cc4ba702d 5cc8a6ff47d14da9a8777c2cc4ba702d] 199.19.213.52 "GET /v2.0/networks?id=8b4fec6b-d411-47b6-8116-2eb4257cb953 HTTP/1.1" status: 200 len: 957 time: 0.0690792
2026-04-23 08:58:18.860 9 INFO neutron.wsgi [req-962e1bc4-c82f-44c7-a5d4-f7c2fd98ffa3 req-428a7c7e-3668-456a-87bd-821a21df7de6 0b90aaf067b5401a83d2c0610e4ae3a9 cb697062842e4831b466dd2615203c97 - - 5cc8a6ff47d14da9a8777c2cc4ba702d 5cc8a6ff47d14da9a8777c2cc4ba702d] 199.19.213.52 "GET /v2.0/floatingips?fixed_ip_address=10.100.0.4&port_id=41ce819b-da19-42ec-b1a7-be9f84ecc4d1 HTTP/1.1" status: 200 len: 217 time: 0.0429366
2026-04-23 08:58:18.873 9 INFO neutron.plugins.ml2.drivers.ovn.mech_driver.mech_driver [None req-82efcabf-bda5-45ce-a1f2-a698d14cc178 - - - - - -] OVN reports status up for port: 41ce819b-da19-42ec-b1a7-be9f84ecc4d1
2026-04-23 08:58:18.889 10 INFO neutron.services.segments.plugin [-] Segment e3f4e0a1-c1de-457f-a1eb-d3cc69033a81 resource provider aggregate not found
2026-04-23 08:58:18.896 10 INFO neutron.services.segments.plugin [-] Segment e3f4e0a1-c1de-457f-a1eb-d3cc69033a81 resource provider aggregate not found
2026-04-23 08:58:18.898 9 INFO neutron.plugins.ml2.plugin [None req-82efcabf-bda5-45ce-a1f2-a698d14cc178 - - - - - -] Attempt 1 to provision port 41ce819b-da19-42ec-b1a7-be9f84ecc4d1
2026-04-23 08:58:18.911 10 INFO neutron.services.segments.plugin [-] Segment e3f4e0a1-c1de-457f-a1eb-d3cc69033a81 resource provider not found; error: Placement Client Error (4xx): {"errors": [{"status": 404, "title": "Not Found", "detail": "The resource could not be found.\n\n No resource provider with uuid e3f4e0a1-c1de-457f-a1eb-d3cc69033a81 found for delete ", "request_id": "req-81a9c540-4572-44a0-9128-248bed268847"}]}
2026-04-23 08:58:18.913 10 INFO neutron.services.segments.plugin [-] Segment e3f4e0a1-c1de-457f-a1eb-d3cc69033a81 resource provider not found; error: Placement Client Error (4xx): {"errors": [{"status": 404, "title": "Not Found", "detail": "The resource could not be found.\n\n No resource provider with uuid e3f4e0a1-c1de-457f-a1eb-d3cc69033a81 found for delete ", "request_id": "req-9cdaf58e-a582-413e-9f16-764b817531d5"}]}
2026-04-23 08:58:18.914 9 INFO neutron.wsgi [req-962e1bc4-c82f-44c7-a5d4-f7c2fd98ffa3 req-be8d1a26-380b-4d4b-ae27-966c2aa296a1 0b90aaf067b5401a83d2c0610e4ae3a9 cb697062842e4831b466dd2615203c97 - - 5cc8a6ff47d14da9a8777c2cc4ba702d 5cc8a6ff47d14da9a8777c2cc4ba702d] 199.19.213.52 "GET /v2.0/subnets?id=372a2d4c-4166-430a-9430-996063a12d68 HTTP/1.1" status: 200 len: 852 time: 0.0424225
2026-04-23 08:58:18.942 9 INFO neutron.wsgi [req-962e1bc4-c82f-44c7-a5d4-f7c2fd98ffa3 req-f0a4f33b-24c6-42b3-a574-96e2830a0c5d 0b90aaf067b5401a83d2c0610e4ae3a9 cb697062842e4831b466dd2615203c97 - - 5cc8a6ff47d14da9a8777c2cc4ba702d 5cc8a6ff47d14da9a8777c2cc4ba702d] 199.19.213.52 "GET /v2.0/ports?network_id=8b4fec6b-d411-47b6-8116-2eb4257cb953&device_owner=network%3Adhcp HTTP/1.1" status: 200 len: 210 time: 0.0212607
2026-04-23 08:58:19.031 9 INFO neutron.wsgi [req-962e1bc4-c82f-44c7-a5d4-f7c2fd98ffa3 req-5ae89baf-fb96-4b0f-ba97-31b2b54b0a4f 0b90aaf067b5401a83d2c0610e4ae3a9 cb697062842e4831b466dd2615203c97 - - 5cc8a6ff47d14da9a8777c2cc4ba702d 5cc8a6ff47d14da9a8777c2cc4ba702d] 199.19.213.52 "GET /v2.0/networks/8b4fec6b-d411-47b6-8116-2eb4257cb953?fields=segments HTTP/1.1" status: 200 len: 212 time: 0.0761769
2026-04-23 08:58:19.070 10 INFO neutron.db.ovn_revision_numbers_db [None req-ef0f575a-4d97-42ba-a2fe-e8409c944b5b 3b8fed1cce4145eda7e305becc078a7e f8496f8ba56a4b14a1b7d6a9aa2af247 - - default default] Successfully bumped revision number for resource 43470b68-eeaf-4345-b63e-fcf65470c2cb (type: security_groups) to 1
2026-04-23 08:58:19.094 10 INFO neutron.db.ovn_revision_numbers_db [None req-ef0f575a-4d97-42ba-a2fe-e8409c944b5b 3b8fed1cce4145eda7e305becc078a7e f8496f8ba56a4b14a1b7d6a9aa2af247 - - default default] Successfully bumped revision number for resource 0505321e-de68-4a65-bc0a-4e7f412c8700 (type: security_group_rules) to 0
2026-04-23 08:58:19.110 10 INFO neutron.db.ovn_revision_numbers_db [None req-ef0f575a-4d97-42ba-a2fe-e8409c944b5b 3b8fed1cce4145eda7e305becc078a7e f8496f8ba56a4b14a1b7d6a9aa2af247 - - default default] Successfully bumped revision number for resource 3d511205-105f-4c10-b043-8f64bf4875e5 (type: security_group_rules) to 0
2026-04-23 08:58:19.114 9 INFO neutron.wsgi [req-962e1bc4-c82f-44c7-a5d4-f7c2fd98ffa3 req-1f7a2b5f-de12-4501-84c1-cb09c8718eab 0b90aaf067b5401a83d2c0610e4ae3a9 cb697062842e4831b466dd2615203c97 - - 5cc8a6ff47d14da9a8777c2cc4ba702d 5cc8a6ff47d14da9a8777c2cc4ba702d] 199.19.213.52 "GET /v2.0/networks/8b4fec6b-d411-47b6-8116-2eb4257cb953?fields=provider%3Aphysical_network&fields=provider%3Anetwork_type HTTP/1.1" status: 200 len: 277 time: 0.0744386
2026-04-23 08:58:19.132 10 INFO neutron.db.ovn_revision_numbers_db [None req-ef0f575a-4d97-42ba-a2fe-e8409c944b5b 3b8fed1cce4145eda7e305becc078a7e f8496f8ba56a4b14a1b7d6a9aa2af247 - - default default] Successfully bumped revision number for resource 43684e16-9b07-4c51-adce-d7db760bfce9 (type: security_group_rules) to 0
2026-04-23 08:58:19.146 10 INFO neutron.db.ovn_revision_numbers_db [None req-ef0f575a-4d97-42ba-a2fe-e8409c944b5b 3b8fed1cce4145eda7e305becc078a7e f8496f8ba56a4b14a1b7d6a9aa2af247 - - default default] Successfully bumped revision number for resource 44b05a72-03f4-4d10-8e81-b63db7602f9a (type: security_group_rules) to 0
2026-04-23 08:58:19.171 10 INFO neutron.wsgi [None req-ef0f575a-4d97-42ba-a2fe-e8409c944b5b 3b8fed1cce4145eda7e305becc078a7e f8496f8ba56a4b14a1b7d6a9aa2af247 - - default default] 10.0.0.148 "GET /v2.0/security-groups?tenant_id=d08b359b3d234afbb92ced80a1d581b0&name=default HTTP/1.1" status: 200 len: 2996 time: 0.2195654
2026-04-23 08:58:19.283 9 INFO neutron.db.ovn_revision_numbers_db [None req-82efcabf-bda5-45ce-a1f2-a698d14cc178 - - - - - -] Successfully bumped revision number for resource 41ce819b-da19-42ec-b1a7-be9f84ecc4d1 (type: ports) to 4
2026-04-23 08:58:19.423 9 INFO neutron.wsgi [None req-6ae0415a-f957-4718-bf62-2b52c3f96cb5 3b8fed1cce4145eda7e305becc078a7e f8496f8ba56a4b14a1b7d6a9aa2af247 - - default default] 10.0.0.148 "DELETE /v2.0/security-groups/43470b68-eeaf-4345-b63e-fcf65470c2cb HTTP/1.1" status: 204 len: 168 time: 0.2444472 /var/lib/openstack/lib/python3.10/site-packages/pycadf/identifier.py:71: UserWarning: Invalid uuid: neutron. To ensure interoperability, identifiers should be a valid uuid. warnings.warn(('Invalid uuid: %s. To ensure interoperability, '
2026-04-23 08:58:19.631 9 INFO neutron.wsgi [req-9c5b69d3-9f96-4568-8100-f315ca1ec5f2 req-ae8582d0-d74c-48e0-931f-199fc7b9ef3a 9a9e3b540f904ecd82af492744bb48a1 b9458e93a9a04ada9c6fca28a808e042 - - default default] 10.0.0.105 "GET /v2.0/ports?device_id=9f5ae491-4582-4235-86e8-6ab49dd1d3d6 HTTP/1.1" status: 200 len: 1170 time: 0.0865510
2026-04-23 08:58:19.671 10 INFO neutron.wsgi [None req-9d7f28b6-0f8f-4fe8-93c7-141896ef299f 3b8fed1cce4145eda7e305becc078a7e f8496f8ba56a4b14a1b7d6a9aa2af247 - - default default] 10.0.0.148 "GET /v2.0/security-groups?tenant_id=c33d35657f844040a2ecd433f5fef7b9&name=default HTTP/1.1" status: 200 len: 2996 time: 0.0421240
2026-04-23 08:58:19.707 9 INFO neutron.wsgi [req-9c5b69d3-9f96-4568-8100-f315ca1ec5f2 req-6b13b92c-e8e8-4f26-b965-c6b7ea953947 9a9e3b540f904ecd82af492744bb48a1 b9458e93a9a04ada9c6fca28a808e042 - - default default] 10.0.0.105 "GET /v2.0/security-groups?id=ff1be5c9-0f04-489a-82b6-a29afc780cce&fields=id&fields=name HTTP/1.1" status: 200 len: 312 time: 0.0670638
2026-04-23 08:58:19.897 10 INFO neutron.wsgi [None req-c2c418ea-e185-427f-805d-4fdb17b416d3 3b8fed1cce4145eda7e305becc078a7e f8496f8ba56a4b14a1b7d6a9aa2af247 - - default default] 10.0.0.148 "DELETE /v2.0/security-groups/273b1481-21a7-4da3-8259-19e51c08252f HTTP/1.1" status: 204 len: 168 time: 0.2195730
2026-04-23 08:58:20.393 9 INFO neutron.notifiers.nova [-] Nova event matching ['req-10c9cb3a-6616-4f08-b241-a8eb31a3b705'] response: {'server_uuid': '9f5ae491-4582-4235-86e8-6ab49dd1d3d6', 'name': 'network-vif-plugged', 'status': 'completed', 'tag': '41ce819b-da19-42ec-b1a7-be9f84ecc4d1', 'code': 200}
2026-04-23 08:58:20.393 9 INFO neutron.notifiers.nova [-] Nova event matching ['req-10c9cb3a-6616-4f08-b241-a8eb31a3b705'] response: {'server_uuid': '9f5ae491-4582-4235-86e8-6ab49dd1d3d6', 'name': 'network-vif-plugged', 'status': 'completed', 'tag': '41ce819b-da19-42ec-b1a7-be9f84ecc4d1', 'code': 200}
2026-04-23 08:58:20.876 9 INFO neutron.wsgi [req-b9892887-d102-499f-b40b-67f0d6b8cfcc req-a6e0a3ae-7e75-404f-b57c-fab22fe14885 9a9e3b540f904ecd82af492744bb48a1 b9458e93a9a04ada9c6fca28a808e042 - - default default] 10.0.0.105 "GET /v2.0/ports?device_id=9f5ae491-4582-4235-86e8-6ab49dd1d3d6 HTTP/1.1" status: 200 len: 1170 time: 0.0889664
2026-04-23 08:58:20.936 9 INFO neutron.wsgi [req-b9892887-d102-499f-b40b-67f0d6b8cfcc req-f8f8fc22-8a14-4848-a804-a36b5605f7c3 9a9e3b540f904ecd82af492744bb48a1 b9458e93a9a04ada9c6fca28a808e042 - - default default] 10.0.0.105 "GET /v2.0/security-groups?id=ff1be5c9-0f04-489a-82b6-a29afc780cce&fields=id&fields=name HTTP/1.1" status: 200 len: 312 time: 0.0531182
2026-04-23 08:58:21.055 9 INFO neutron.wsgi [req-4dfa1293-9774-424d-8a95-ac0dba2ebf25 req-dad9088a-74fd-4589-818c-6f3e70978bea 9a9e3b540f904ecd82af492744bb48a1 b9458e93a9a04ada9c6fca28a808e042 - - default default] 10.0.0.105 "GET /v2.0/ports?device_id=9f5ae491-4582-4235-86e8-6ab49dd1d3d6 HTTP/1.1" status: 200 len: 1170 time: 0.0510247
2026-04-23 08:58:21.116 9 INFO neutron.wsgi [req-4dfa1293-9774-424d-8a95-ac0dba2ebf25 req-fd0967cd-c459-4f1e-96b9-bdd513f6a8c8 9a9e3b540f904ecd82af492744bb48a1 b9458e93a9a04ada9c6fca28a808e042 - - default default] 10.0.0.105 "GET /v2.0/security-groups?id=ff1be5c9-0f04-489a-82b6-a29afc780cce&fields=id&fields=name HTTP/1.1" status: 200 len: 312 time: 0.0527802
2026-04-23 08:58:21.190 10 INFO neutron.wsgi [None req-39127767-26b4-4cfa-aa2e-3947f7c6b752 202464ae25814dcfab18261cb693c415 55342c09cc6e4db685ecb815277b6acb - - default default] 10.0.0.148 "GET /v2.0/ports?device_id=9f5ae491-4582-4235-86e8-6ab49dd1d3d6 HTTP/1.1" status: 200 len: 1404 time: 0.0465505
2026-04-23 08:58:21.497 10 WARNING neutron.scheduler.dhcp_agent_scheduler [None req-15f91460-eebb-4240-8ec1-b1b1d309fc77 9a9e3b540f904ecd82af492744bb48a1 b9458e93a9a04ada9c6fca28a808e042 - - default default] No more DHCP agents
2026-04-23 08:58:21.499 10 WARNING neutron.api.rpc.agentnotifiers.dhcp_rpc_agent_api [None req-15f91460-eebb-4240-8ec1-b1b1d309fc77 9a9e3b540f904ecd82af492744bb48a1 b9458e93a9a04ada9c6fca28a808e042 - - default default] Unable to schedule network ec5477bd-f30f-408e-8675-a1f6b6bc8187: no agents available; will retry on subsequent port and subnet creation events.
2026-04-23 08:58:22.031 10 INFO neutron.db.l3_db [None req-15f91460-eebb-4240-8ec1-b1b1d309fc77 9a9e3b540f904ecd82af492744bb48a1 b9458e93a9a04ada9c6fca28a808e042 - - default default] Floating IP e1f48894-2559-44d5-9a79-469754108c61 associated. External IP: 10.96.250.217, port: 41ce819b-da19-42ec-b1a7-be9f84ecc4d1.
2026-04-23 08:58:22.319 10 INFO neutron.db.ovn_revision_numbers_db [None req-15f91460-eebb-4240-8ec1-b1b1d309fc77 9a9e3b540f904ecd82af492744bb48a1 b9458e93a9a04ada9c6fca28a808e042 - - default default] Successfully bumped revision number for resource e1f48894-2559-44d5-9a79-469754108c61 (type: floatingips) to 0
2026-04-23 08:58:22.457 10 INFO neutron.db.ovn_revision_numbers_db [None req-15f91460-eebb-4240-8ec1-b1b1d309fc77 9a9e3b540f904ecd82af492744bb48a1 b9458e93a9a04ada9c6fca28a808e042 - - default default] Successfully bumped revision number for resource e1f48894-2559-44d5-9a79-469754108c61 (type: floatingips) to 1
2026-04-23 08:58:22.503 10 INFO neutron.wsgi [None req-15f91460-eebb-4240-8ec1-b1b1d309fc77 9a9e3b540f904ecd82af492744bb48a1 b9458e93a9a04ada9c6fca28a808e042 - - default default] 10.0.0.148 "POST /v2.0/floatingips HTTP/1.1" status: 201 len: 1054 time: 1.3075185
2026-04-23 08:58:22.563 10 INFO neutron.notifiers.nova [-] Nova event matching ['req-d08b3b9b-6aec-45cb-91b8-5c7dc3b3a9eb'] response: {'name': 'network-changed', 'server_uuid': '9f5ae491-4582-4235-86e8-6ab49dd1d3d6', 'tag': '41ce819b-da19-42ec-b1a7-be9f84ecc4d1', 'status': 'completed', 'code': 200}
2026-04-23 08:58:22.584 9 INFO neutron.wsgi [None req-49864979-6aa4-4b2e-ad9d-1bf91f38db6f 9a9e3b540f904ecd82af492744bb48a1 b9458e93a9a04ada9c6fca28a808e042 - - default default] 10.0.0.148 "GET /v2.0/floatingips/e1f48894-2559-44d5-9a79-469754108c61 HTTP/1.1" status: 200 len: 1051 time: 0.0682895
2026-04-23 08:58:22.618 9 INFO neutron.wsgi [req-315ff92a-a286-41c3-bfcd-ee5bf97d03e1 req-c7ab0bf3-4498-4d5e-8893-18f0bdcdfda5 0b90aaf067b5401a83d2c0610e4ae3a9 cb697062842e4831b466dd2615203c97 - - 5cc8a6ff47d14da9a8777c2cc4ba702d 5cc8a6ff47d14da9a8777c2cc4ba702d] 199.19.213.52 "GET /v2.0/ports?tenant_id=b9458e93a9a04ada9c6fca28a808e042&device_id=9f5ae491-4582-4235-86e8-6ab49dd1d3d6 HTTP/1.1" status: 200 len: 1409 time: 0.0333376
2026-04-23 08:58:22.699 9 INFO neutron.wsgi [req-315ff92a-a286-41c3-bfcd-ee5bf97d03e1 req-9409d9af-a9a3-4c00-be23-0c864617f338 0b90aaf067b5401a83d2c0610e4ae3a9 cb697062842e4831b466dd2615203c97 - - 5cc8a6ff47d14da9a8777c2cc4ba702d 5cc8a6ff47d14da9a8777c2cc4ba702d] 199.19.213.52 "GET /v2.0/networks?id=8b4fec6b-d411-47b6-8116-2eb4257cb953 HTTP/1.1" status: 200 len: 957 time: 0.0712645
2026-04-23 08:58:22.754 9 INFO neutron.wsgi [req-315ff92a-a286-41c3-bfcd-ee5bf97d03e1 req-90383fb9-6279-4ed1-bbd9-42e4e38fc16c 0b90aaf067b5401a83d2c0610e4ae3a9 cb697062842e4831b466dd2615203c97 - - 5cc8a6ff47d14da9a8777c2cc4ba702d 5cc8a6ff47d14da9a8777c2cc4ba702d] 199.19.213.52 "GET /v2.0/floatingips?fixed_ip_address=10.100.0.4&port_id=41ce819b-da19-42ec-b1a7-be9f84ecc4d1 HTTP/1.1" status: 200 len: 1059 time: 0.0478315
