2026-04-23 09:01:43.004 10 INFO neutron.wsgi [None req-0f5843a6-8677-44ed-85fc-7b882806cb3d 3b8fed1cce4145eda7e305becc078a7e f8496f8ba56a4b14a1b7d6a9aa2af247 - - default default] 199.19.213.52 "GET /v2.0/ports?device_id=0c68636a-2f67-4b40-9744-ea17e7066b49 HTTP/1.1" status: 200 len: 4941 time: 0.0405896
2026-04-23 09:01:43.037 9 INFO neutron.wsgi [req-cd8254a0-840c-4caa-97cb-16a5d037dc97 req-412dd469-3ffa-4cca-87ce-3209ce3ecd12 0b90aaf067b5401a83d2c0610e4ae3a9 cb697062842e4831b466dd2615203c97 - - 5cc8a6ff47d14da9a8777c2cc4ba702d 5cc8a6ff47d14da9a8777c2cc4ba702d] 199.19.213.52 "GET /v2.0/networks?id=76c70314-b3f7-4639-8c2b-527a3fa1487e HTTP/1.1" status: 200 len: 1001 time: 0.0669444
2026-04-23 09:01:43.133 9 INFO neutron.wsgi [req-cd8254a0-840c-4caa-97cb-16a5d037dc97 req-02c8ccb1-779e-43ae-8e73-b54a35969641 0b90aaf067b5401a83d2c0610e4ae3a9 cb697062842e4831b466dd2615203c97 - - 5cc8a6ff47d14da9a8777c2cc4ba702d 5cc8a6ff47d14da9a8777c2cc4ba702d] 199.19.213.52 "GET /v2.0/networks/76c70314-b3f7-4639-8c2b-527a3fa1487e?fields=segments HTTP/1.1" status: 200 len: 212 time: 0.0874109
2026-04-23 09:01:43.155 10 INFO neutron.wsgi [None req-c9d0bcc3-35d1-4c41-99b5-b772842c7df5 3b8fed1cce4145eda7e305becc078a7e f8496f8ba56a4b14a1b7d6a9aa2af247 - - default default] 199.19.213.52 "GET /v2.0/ports?device_id=0c68636a-2f67-4b40-9744-ea17e7066b49 HTTP/1.1" status: 200 len: 4941 time: 0.0428126
2026-04-23 09:01:43.215 9 INFO neutron.wsgi [req-cd8254a0-840c-4caa-97cb-16a5d037dc97 req-bb7dd311-df8a-45d7-b008-7098ae7bb187 0b90aaf067b5401a83d2c0610e4ae3a9 cb697062842e4831b466dd2615203c97 - - 5cc8a6ff47d14da9a8777c2cc4ba702d 5cc8a6ff47d14da9a8777c2cc4ba702d] 199.19.213.52 "GET /v2.0/networks/76c70314-b3f7-4639-8c2b-527a3fa1487e?fields=provider%3Aphysical_network&fields=provider%3Anetwork_type HTTP/1.1" status: 200 len: 277 time: 0.0677247
2026-04-23 09:01:43.417 10 INFO neutron.plugins.ml2.drivers.ovn.mech_driver.mech_driver [None req-2aa377b6-9cdc-4a81-8588-818126d30799 - - - - - -] OVN reports status down for port: 08221514-7b67-4fa3-8599-de82191d1dcd
2026-04-23 09:01:43.482 9 INFO neutron.wsgi [req-9ebcd576-4f8c-40c5-a62b-e0c62c44ae62 req-95807723-5eb7-4f4d-a74e-690660c8ea14 0b90aaf067b5401a83d2c0610e4ae3a9 cb697062842e4831b466dd2615203c97 - - 5cc8a6ff47d14da9a8777c2cc4ba702d 5cc8a6ff47d14da9a8777c2cc4ba702d] 199.19.213.52 "GET /v2.0/ports/08221514-7b67-4fa3-8599-de82191d1dcd HTTP/1.1" status: 200 len: 1231 time: 0.0335212
2026-04-23 09:01:43.675 10 INFO neutron.db.ovn_revision_numbers_db [None req-2aa377b6-9cdc-4a81-8588-818126d30799 - - - - - -] Successfully bumped revision number for resource 08221514-7b67-4fa3-8599-de82191d1dcd (type: ports) to 7
2026-04-23 09:01:43.721 9 INFO neutron.wsgi [req-9ebcd576-4f8c-40c5-a62b-e0c62c44ae62 req-013b667a-f247-4b8b-b4ad-e911bdeb61be 3b8fed1cce4145eda7e305becc078a7e f8496f8ba56a4b14a1b7d6a9aa2af247 - - default default] 199.19.213.52 "DELETE /v2.0/ports/08221514-7b67-4fa3-8599-de82191d1dcd HTTP/1.1" status: 204 len: 173 time: 0.2355931
2026-04-23 09:01:43.758 9 INFO neutron.notifiers.nova [-] Nova event matching ['req-751056bf-9ee8-4538-bac4-f383004c9c98'] response: {'server_uuid': '0c68636a-2f67-4b40-9744-ea17e7066b49', 'name': 'network-vif-deleted', 'tag': '08221514-7b67-4fa3-8599-de82191d1dcd', 'status': 'completed', 'code': 200}
2026-04-23 09:01:43.815 9 INFO neutron.wsgi [req-9ebcd576-4f8c-40c5-a62b-e0c62c44ae62 req-2580cfd7-4942-423a-a0d0-518ef9942c11 0b90aaf067b5401a83d2c0610e4ae3a9 cb697062842e4831b466dd2615203c97 - - 5cc8a6ff47d14da9a8777c2cc4ba702d 5cc8a6ff47d14da9a8777c2cc4ba702d] 199.19.213.52 "GET /v2.0/ports?tenant_id=f8496f8ba56a4b14a1b7d6a9aa2af247&device_id=0c68636a-2f67-4b40-9744-ea17e7066b49 HTTP/1.1" status: 200 len: 3918 time: 0.0406506
2026-04-23 09:01:43.884 9 INFO neutron.wsgi [req-9ebcd576-4f8c-40c5-a62b-e0c62c44ae62 req-44aa78a3-a701-4ace-b18f-3ddc7a1dd6b2 0b90aaf067b5401a83d2c0610e4ae3a9 cb697062842e4831b466dd2615203c97 - - 5cc8a6ff47d14da9a8777c2cc4ba702d 5cc8a6ff47d14da9a8777c2cc4ba702d] 199.19.213.52 "GET /v2.0/networks?id=8064d18a-396f-4020-933d-1b4310733a30&id=e5a8e4d7-69b5-4716-b4c8-e870af49d0df&id=ad58d157-9c05-4811-b23b-36c3e4b8350c&id=76c70314-b3f7-4639-8c2b-527a3fa1487e HTTP/1.1" status: 200 len: 3307 time: 0.0629621
2026-04-23 09:01:43.917 9 INFO neutron.wsgi [req-9ebcd576-4f8c-40c5-a62b-e0c62c44ae62 req-931e7678-6fc3-43d3-af53-ef307a43a1fa 0b90aaf067b5401a83d2c0610e4ae3a9 cb697062842e4831b466dd2615203c97 - - 5cc8a6ff47d14da9a8777c2cc4ba702d 5cc8a6ff47d14da9a8777c2cc4ba702d] 199.19.213.52 "GET /v2.0/floatingips?fixed_ip_address=172.24.3.168&port_id=a31c68cf-7501-4c6d-a41e-808f868077a3 HTTP/1.1" status: 200 len: 217 time: 0.0246563
2026-04-23 09:01:43.954 9 INFO neutron.wsgi [req-9ebcd576-4f8c-40c5-a62b-e0c62c44ae62 req-1eb77fed-8ab0-4643-a83c-afe97be13131 0b90aaf067b5401a83d2c0610e4ae3a9 cb697062842e4831b466dd2615203c97 - - 5cc8a6ff47d14da9a8777c2cc4ba702d 5cc8a6ff47d14da9a8777c2cc4ba702d] 199.19.213.52 "GET /v2.0/subnets?id=4e93e3ad-30a1-440b-a999-459b32c3a6aa HTTP/1.1" status: 200 len: 829 time: 0.0326202
2026-04-23 09:01:43.981 9 INFO neutron.wsgi [req-9ebcd576-4f8c-40c5-a62b-e0c62c44ae62 req-7a31cc23-82d2-4529-87f3-a7d1c36d6c60 0b90aaf067b5401a83d2c0610e4ae3a9 cb697062842e4831b466dd2615203c97 - - 5cc8a6ff47d14da9a8777c2cc4ba702d 5cc8a6ff47d14da9a8777c2cc4ba702d] 199.19.213.52 "GET /v2.0/ports?network_id=8064d18a-396f-4020-933d-1b4310733a30&device_owner=network%3Adhcp HTTP/1.1" status: 200 len: 210 time: 0.0191004
2026-04-23 09:01:44.057 9 INFO neutron.wsgi [req-9ebcd576-4f8c-40c5-a62b-e0c62c44ae62 req-8db8d8ac-8b32-4f7b-b88b-be0d01917dbe 0b90aaf067b5401a83d2c0610e4ae3a9 cb697062842e4831b466dd2615203c97 - - 5cc8a6ff47d14da9a8777c2cc4ba702d 5cc8a6ff47d14da9a8777c2cc4ba702d] 199.19.213.52 "GET /v2.0/networks/8064d18a-396f-4020-933d-1b4310733a30?fields=segments HTTP/1.1" status: 200 len: 212 time: 0.0688047
2026-04-23 09:01:44.126 9 INFO neutron.wsgi [req-9ebcd576-4f8c-40c5-a62b-e0c62c44ae62 req-24403524-6c6a-4097-a4a7-47b850623052 0b90aaf067b5401a83d2c0610e4ae3a9 cb697062842e4831b466dd2615203c97 - - 5cc8a6ff47d14da9a8777c2cc4ba702d 5cc8a6ff47d14da9a8777c2cc4ba702d] 199.19.213.52 "GET /v2.0/networks/8064d18a-396f-4020-933d-1b4310733a30?fields=provider%3Aphysical_network&fields=provider%3Anetwork_type HTTP/1.1" status: 200 len: 277 time: 0.0602248
2026-04-23 09:01:44.158 9 INFO neutron.wsgi [req-9ebcd576-4f8c-40c5-a62b-e0c62c44ae62 req-02d93df5-6514-40ae-9ffe-19cac739e8fc 0b90aaf067b5401a83d2c0610e4ae3a9 cb697062842e4831b466dd2615203c97 - - 5cc8a6ff47d14da9a8777c2cc4ba702d 5cc8a6ff47d14da9a8777c2cc4ba702d] 199.19.213.52 "GET /v2.0/floatingips?fixed_ip_address=10.1.1.6&port_id=3dd5015b-579e-4b5f-91b5-8b0165c4ebcc HTTP/1.1" status: 200 len: 217 time: 0.0238633
2026-04-23 09:01:44.196 9 INFO neutron.wsgi [req-9ebcd576-4f8c-40c5-a62b-e0c62c44ae62 req-11b31e30-54e4-4a39-ae48-148f06a51964 0b90aaf067b5401a83d2c0610e4ae3a9 cb697062842e4831b466dd2615203c97 - - 5cc8a6ff47d14da9a8777c2cc4ba702d 5cc8a6ff47d14da9a8777c2cc4ba702d] 199.19.213.52 "GET /v2.0/subnets?id=09573038-4c15-4a48-bd7f-10d012e97fa3 HTTP/1.1" status: 200 len: 853 time: 0.0309322
2026-04-23 09:01:44.200 10 INFO neutron.wsgi [None req-0b840184-16e9-4621-aed4-aae489cd197f 3b8fed1cce4145eda7e305becc078a7e f8496f8ba56a4b14a1b7d6a9aa2af247 - - default default] 199.19.213.52 "GET /v2.0/ports?device_id=0c68636a-2f67-4b40-9744-ea17e7066b49 HTTP/1.1" status: 200 len: 3918 time: 0.0363452
2026-04-23 09:01:44.224 9 INFO neutron.wsgi [req-9ebcd576-4f8c-40c5-a62b-e0c62c44ae62 req-14d75c62-4f0f-4746-b674-c313f0219c9e 0b90aaf067b5401a83d2c0610e4ae3a9 cb697062842e4831b466dd2615203c97 - - 5cc8a6ff47d14da9a8777c2cc4ba702d 5cc8a6ff47d14da9a8777c2cc4ba702d] 199.19.213.52 "GET /v2.0/ports?network_id=e5a8e4d7-69b5-4716-b4c8-e870af49d0df&device_owner=network%3Adhcp HTTP/1.1" status: 200 len: 210 time: 0.0206525
2026-04-23 09:01:44.227 10 INFO neutron.pecan_wsgi.hooks.translation [None req-0e4e886d-821d-40b2-97dc-8e9e7e07762a 3b8fed1cce4145eda7e305becc078a7e f8496f8ba56a4b14a1b7d6a9aa2af247 - - default default] DELETE failed (client error): The resource could not be found.
2026-04-23 09:01:44.230 10 INFO neutron.wsgi [None req-0e4e886d-821d-40b2-97dc-8e9e7e07762a 3b8fed1cce4145eda7e305becc078a7e f8496f8ba56a4b14a1b7d6a9aa2af247 - - default default] 199.19.213.52 "DELETE /v2.0/ports/08221514-7b67-4fa3-8599-de82191d1dcd HTTP/1.1" status: 404 len: 338 time: 0.0216839
2026-04-23 09:01:44.291 9 INFO neutron.wsgi [req-9ebcd576-4f8c-40c5-a62b-e0c62c44ae62 req-795c0356-64a9-4d45-ac59-f6a7748a43bf 0b90aaf067b5401a83d2c0610e4ae3a9 cb697062842e4831b466dd2615203c97 - - 5cc8a6ff47d14da9a8777c2cc4ba702d 5cc8a6ff47d14da9a8777c2cc4ba702d] 199.19.213.52 "GET /v2.0/networks/e5a8e4d7-69b5-4716-b4c8-e870af49d0df?fields=segments HTTP/1.1" status: 200 len: 212 time: 0.0593009
2026-04-23 09:01:44.304 10 INFO neutron.wsgi [None req-cf6c39c1-9588-4c67-bd9b-5bb6f043c4a4 3b8fed1cce4145eda7e305becc078a7e f8496f8ba56a4b14a1b7d6a9aa2af247 - - default default] 199.19.213.52 "GET /v2.0/extensions/security-group HTTP/1.1" status: 200 len: 369 time: 0.0068424
2026-04-23 09:01:44.312 10 INFO neutron.wsgi [None req-eb7d3991-680a-4ae2-a531-388636df5e0d 3b8fed1cce4145eda7e305becc078a7e f8496f8ba56a4b14a1b7d6a9aa2af247 - - default default] 199.19.213.52 "GET /v2.0/extensions/dns-integration HTTP/1.1" status: 200 len: 371 time: 0.0041318
2026-04-23 09:01:44.320 10 INFO neutron.wsgi [None req-bdef6f43-c76d-4fb5-ba08-52eed072c6f7 3b8fed1cce4145eda7e305becc078a7e f8496f8ba56a4b14a1b7d6a9aa2af247 - - default default] 199.19.213.52 "GET /v2.0/extensions/qos HTTP/1.1" status: 200 len: 365 time: 0.0042803
2026-04-23 09:01:44.331 10 INFO neutron.wsgi [None req-b0786b25-75a5-4cd3-a9ca-ddf6745ab687 3b8fed1cce4145eda7e305becc078a7e f8496f8ba56a4b14a1b7d6a9aa2af247 - - default default] 199.19.213.52 "GET /v2.0/extensions/allowed-address-pairs HTTP/1.1" status: 200 len: 383 time: 0.0055411
2026-04-23 09:01:44.356 9 INFO neutron.wsgi [req-9ebcd576-4f8c-40c5-a62b-e0c62c44ae62 req-46209ed0-779b-4909-b472-9e5687c1c91a 0b90aaf067b5401a83d2c0610e4ae3a9 cb697062842e4831b466dd2615203c97 - - 5cc8a6ff47d14da9a8777c2cc4ba702d 5cc8a6ff47d14da9a8777c2cc4ba702d] 199.19.213.52 "GET /v2.0/networks/e5a8e4d7-69b5-4716-b4c8-e870af49d0df?fields=provider%3Aphysical_network&fields=provider%3Anetwork_type HTTP/1.1" status: 200 len: 277 time: 0.0596547
2026-04-23 09:01:44.374 10 INFO neutron.wsgi [None req-2a112c7b-840c-4da6-9560-e49f10d4fbd1 3b8fed1cce4145eda7e305becc078a7e f8496f8ba56a4b14a1b7d6a9aa2af247 - - default default] 199.19.213.52 "GET /v2.0/subnets/09573038-4c15-4a48-bd7f-10d012e97fa3 HTTP/1.1" status: 200 len: 850 time: 0.0375819
2026-04-23 09:01:44.391 9 INFO neutron.wsgi [req-9ebcd576-4f8c-40c5-a62b-e0c62c44ae62 req-6822509b-2e6e-4509-8568-f4dccab8a779 0b90aaf067b5401a83d2c0610e4ae3a9 cb697062842e4831b466dd2615203c97 - - 5cc8a6ff47d14da9a8777c2cc4ba702d 5cc8a6ff47d14da9a8777c2cc4ba702d] 199.19.213.52 "GET /v2.0/floatingips?fixed_ip_address=10.2.1.219&port_id=a52cb3d0-5a82-404d-ac9e-8e901bb434e5 HTTP/1.1" status: 200 len: 217 time: 0.0263844
2026-04-23 09:01:44.406 10 INFO neutron.wsgi [None req-46ac3382-f9ba-47c2-9069-d8e66238280f 3b8fed1cce4145eda7e305becc078a7e f8496f8ba56a4b14a1b7d6a9aa2af247 - - default default] 199.19.213.52 "GET /v2.0/ports/7e383d71-abc0-4eec-9b6f-4a8f4b994c8f HTTP/1.1" status: 200 len: 1340 time: 0.0279369
2026-04-23 09:01:44.436 9 INFO neutron.wsgi [req-9ebcd576-4f8c-40c5-a62b-e0c62c44ae62 req-6ccb85cd-1494-45e5-8930-c66952ddeffe 0b90aaf067b5401a83d2c0610e4ae3a9 cb697062842e4831b466dd2615203c97 - - 5cc8a6ff47d14da9a8777c2cc4ba702d 5cc8a6ff47d14da9a8777c2cc4ba702d] 199.19.213.52 "GET /v2.0/subnets?id=bc6805e4-d296-4afd-991f-07567b01e506 HTTP/1.1" status: 200 len: 852 time: 0.0367522
2026-04-23 09:01:44.463 10 INFO neutron.wsgi [None req-d3a5de97-c831-4b7d-96e0-eb7542d16b4a 3b8fed1cce4145eda7e305becc078a7e f8496f8ba56a4b14a1b7d6a9aa2af247 - - default default] 199.19.213.52 "GET /v2.0/ports/3dd5015b-579e-4b5f-91b5-8b0165c4ebcc HTTP/1.1" status: 200 len: 1511 time: 0.0507393
2026-04-23 09:01:44.509 9 INFO neutron.wsgi [req-9ebcd576-4f8c-40c5-a62b-e0c62c44ae62 req-7d343b47-ddd9-4533-9864-5bea0813be4a 0b90aaf067b5401a83d2c0610e4ae3a9 cb697062842e4831b466dd2615203c97 - - 5cc8a6ff47d14da9a8777c2cc4ba702d 5cc8a6ff47d14da9a8777c2cc4ba702d] 199.19.213.52 "GET /v2.0/ports?network_id=ad58d157-9c05-4811-b23b-36c3e4b8350c&device_owner=network%3Adhcp HTTP/1.1" status: 200 len: 210 time: 0.0656199
2026-04-23 09:01:44.533 10 INFO neutron.wsgi [None req-6a7024fa-3e7c-4fbc-abb7-beffb197d481 3b8fed1cce4145eda7e305becc078a7e f8496f8ba56a4b14a1b7d6a9aa2af247 - - default default] 199.19.213.52 "GET /v2.0/subnets/09573038-4c15-4a48-bd7f-10d012e97fa3 HTTP/1.1" status: 200 len: 850 time: 0.0647683
2026-04-23 09:01:44.575 9 INFO neutron.wsgi [req-9ebcd576-4f8c-40c5-a62b-e0c62c44ae62 req-43f5c9cc-5d0f-4066-9d33-7fcd21b2e068 0b90aaf067b5401a83d2c0610e4ae3a9 cb697062842e4831b466dd2615203c97 - - 5cc8a6ff47d14da9a8777c2cc4ba702d 5cc8a6ff47d14da9a8777c2cc4ba702d] 199.19.213.52 "GET /v2.0/networks/ad58d157-9c05-4811-b23b-36c3e4b8350c?fields=segments HTTP/1.1" status: 200 len: 212 time: 0.0612934
2026-04-23 09:01:44.613 10 INFO neutron.wsgi [None req-7e37f60b-d3e4-48af-83c3-8221a8a4b4c7 3b8fed1cce4145eda7e305becc078a7e f8496f8ba56a4b14a1b7d6a9aa2af247 - - default default] 199.19.213.52 "GET /v2.0/networks/e5a8e4d7-69b5-4716-b4c8-e870af49d0df HTTP/1.1" status: 200 len: 1001 time: 0.0731730
2026-04-23 09:01:44.646 9 INFO neutron.wsgi [req-9ebcd576-4f8c-40c5-a62b-e0c62c44ae62 req-67f4c22f-a0ed-443b-b03c-ce12d98fedd5 0b90aaf067b5401a83d2c0610e4ae3a9 cb697062842e4831b466dd2615203c97 - - 5cc8a6ff47d14da9a8777c2cc4ba702d 5cc8a6ff47d14da9a8777c2cc4ba702d] 199.19.213.52 "GET /v2.0/networks/ad58d157-9c05-4811-b23b-36c3e4b8350c?fields=provider%3Aphysical_network&fields=provider%3Anetwork_type HTTP/1.1" status: 200 len: 277 time: 0.0623934
2026-04-23 09:01:44.654 10 INFO neutron.wsgi [None req-a562b206-4962-4f9a-bfa2-288e3dc39dec 3b8fed1cce4145eda7e305becc078a7e f8496f8ba56a4b14a1b7d6a9aa2af247 - - default default] 199.19.213.52 "GET /v2.0/ports/7e383d71-abc0-4eec-9b6f-4a8f4b994c8f HTTP/1.1" status: 200 len: 1340 time: 0.0349841
2026-04-23 09:01:44.695 10 INFO neutron.wsgi [None req-435abb06-3fd2-4bbf-bf41-3babd5220d73 3b8fed1cce4145eda7e305becc078a7e f8496f8ba56a4b14a1b7d6a9aa2af247 - - default default] 199.19.213.52 "GET /v2.0/subnets/09573038-4c15-4a48-bd7f-10d012e97fa3 HTTP/1.1" status: 200 len: 850 time: 0.0358512
2026-04-23 09:01:44.748 9 INFO neutron.wsgi [-] 10.0.0.75 "GET / HTTP/1.1" status: 200 len: 246 time: 0.0029080
2026-04-23 09:01:44.749 10 INFO neutron.wsgi [-] 10.0.0.75 "GET / HTTP/1.1" status: 200 len: 246 time: 0.0031209
2026-04-23 09:01:44.945 10 INFO neutron.notifiers.nova [-] Nova event matching ['req-ff21e58f-6036-47ec-b89e-61c414d819d3'] response: {'server_uuid': '0c68636a-2f67-4b40-9744-ea17e7066b49', 'name': 'network-vif-unplugged', 'status': 'completed', 'tag': '08221514-7b67-4fa3-8599-de82191d1dcd', 'code': 200}
2026-04-23 09:01:44.946 10 INFO neutron.notifiers.nova [-] Nova event matching ['req-ff21e58f-6036-47ec-b89e-61c414d819d3'] response: {'server_uuid': '0c68636a-2f67-4b40-9744-ea17e7066b49', 'name': 'network-vif-plugged', 'status': 'completed', 'tag': '08221514-7b67-4fa3-8599-de82191d1dcd', 'code': 200}
2026-04-23 09:01:47.612 9 INFO neutron.wsgi [None req-41513ade-05e8-4709-b186-bb34a2940004 3b8fed1cce4145eda7e305becc078a7e f8496f8ba56a4b14a1b7d6a9aa2af247 - - default default] 199.19.213.52 "GET /v2.0/extensions/security-group HTTP/1.1" status: 200 len: 369 time: 0.0083840
2026-04-23 09:01:47.619 9 INFO neutron.wsgi [None req-7130b7ac-c504-48a1-b3cb-4f525e89cc48 3b8fed1cce4145eda7e305becc078a7e f8496f8ba56a4b14a1b7d6a9aa2af247 - - default default] 199.19.213.52 "GET /v2.0/extensions/dns-integration HTTP/1.1" status: 200 len: 371 time: 0.0030653
2026-04-23 09:01:47.626 9 INFO neutron.wsgi [None req-08b8a944-eebd-4af8-bccf-61cc8763abb2 3b8fed1cce4145eda7e305becc078a7e f8496f8ba56a4b14a1b7d6a9aa2af247 - - default default] 199.19.213.52 "GET /v2.0/extensions/qos HTTP/1.1" status: 200 len: 365 time: 0.0039265
2026-04-23 09:01:47.636 9 INFO neutron.wsgi [None req-4efef222-10d8-4b1a-a199-2c8208a83c62 3b8fed1cce4145eda7e305becc078a7e f8496f8ba56a4b14a1b7d6a9aa2af247 - - default default] 199.19.213.52 "GET /v2.0/extensions/allowed-address-pairs HTTP/1.1" status: 200 len: 383 time: 0.0054233
2026-04-23 09:01:47.677 9 INFO neutron.wsgi [None req-34a4d6c4-4a7f-429f-9136-7b22e3973a6b 3b8fed1cce4145eda7e305becc078a7e f8496f8ba56a4b14a1b7d6a9aa2af247 - - default default] 199.19.213.52 "GET /v2.0/ports?device_id=0c68636a-2f67-4b40-9744-ea17e7066b49 HTTP/1.1" status: 200 len: 3918 time: 0.0358975
2026-04-23 09:01:47.839 9 INFO neutron.wsgi [None req-cc117145-96cc-4ff9-977f-5c75d83af258 3b8fed1cce4145eda7e305becc078a7e f8496f8ba56a4b14a1b7d6a9aa2af247 - - default default] 199.19.213.52 "GET /v2.0/extensions/security-group HTTP/1.1" status: 200 len: 369 time: 0.0067632
2026-04-23 09:01:47.847 9 INFO neutron.wsgi [None req-1694fa08-a165-4676-81fd-a384f8dbd963 3b8fed1cce4145eda7e305becc078a7e f8496f8ba56a4b14a1b7d6a9aa2af247 - - default default] 199.19.213.52 "GET /v2.0/extensions/dns-integration HTTP/1.1" status: 200 len: 371 time: 0.0043218
2026-04-23 09:01:47.855 9 INFO neutron.wsgi [None req-6f987860-a953-4491-85d9-e61f75677480 3b8fed1cce4145eda7e305becc078a7e f8496f8ba56a4b14a1b7d6a9aa2af247 - - default default] 199.19.213.52 "GET /v2.0/extensions/qos HTTP/1.1" status: 200 len: 365 time: 0.0041609
2026-04-23 09:01:47.867 9 INFO neutron.wsgi [None req-47ee443d-5c69-4928-85d7-fd4fb8c66751 3b8fed1cce4145eda7e305becc078a7e f8496f8ba56a4b14a1b7d6a9aa2af247 - - default default] 199.19.213.52 "GET /v2.0/extensions/allowed-address-pairs HTTP/1.1" status: 200 len: 383 time: 0.0059822
2026-04-23 09:01:47.913 9 INFO neutron.wsgi [None req-3a50ba86-e859-48da-b564-e0c4b3aaaac2 3b8fed1cce4145eda7e305becc078a7e f8496f8ba56a4b14a1b7d6a9aa2af247 - - default default] 199.19.213.52 "GET /v2.0/ports/a52cb3d0-5a82-404d-ac9e-8e901bb434e5 HTTP/1.1" status: 200 len: 1406 time: 0.0376072
2026-04-23 09:01:48.343 9 INFO neutron.db.ovn_revision_numbers_db [None req-d7a3d079-4ac0-4b80-820a-09c1112419e6 3b8fed1cce4145eda7e305becc078a7e f8496f8ba56a4b14a1b7d6a9aa2af247 - - default default] Successfully bumped revision number for resource a52cb3d0-5a82-404d-ac9e-8e901bb434e5 (type: ports) to 6
2026-04-23 09:01:48.359 9 INFO neutron.wsgi [None req-d7a3d079-4ac0-4b80-820a-09c1112419e6 3b8fed1cce4145eda7e305becc078a7e f8496f8ba56a4b14a1b7d6a9aa2af247 - - default default] 199.19.213.52 "PUT /v2.0/ports/a52cb3d0-5a82-404d-ac9e-8e901bb434e5 HTTP/1.1" status: 200 len: 1203 time: 0.4352484 /var/lib/openstack/lib/python3.10/site-packages/pycadf/identifier.py:71: UserWarning: Invalid uuid: neutron. To ensure interoperability, identifiers should be a valid uuid. warnings.warn(('Invalid uuid: %s. To ensure interoperability, '
2026-04-23 09:01:48.415 9 INFO neutron.notifiers.nova [-] Nova event matching ['req-27975170-14ee-4fd3-9444-b52f44642391'] response: {'name': 'network-changed', 'server_uuid': '0c68636a-2f67-4b40-9744-ea17e7066b49', 'tag': 'a52cb3d0-5a82-404d-ac9e-8e901bb434e5', 'status': 'completed', 'code': 200}
2026-04-23 09:01:48.473 9 INFO neutron.wsgi [None req-afd71a4c-f5c2-440a-a846-96f1f669dcbb 3b8fed1cce4145eda7e305becc078a7e f8496f8ba56a4b14a1b7d6a9aa2af247 - - default default] 199.19.213.52 "GET /v2.0/networks/ad58d157-9c05-4811-b23b-36c3e4b8350c HTTP/1.1" status: 200 len: 1000 time: 0.1051826
2026-04-23 09:01:48.477 9 INFO neutron.wsgi [req-8588a07e-3297-46df-85f1-7abd5c088bf6 req-4be44518-7419-4195-bfda-8a47fa63eb31 0b90aaf067b5401a83d2c0610e4ae3a9 cb697062842e4831b466dd2615203c97 - - 5cc8a6ff47d14da9a8777c2cc4ba702d 5cc8a6ff47d14da9a8777c2cc4ba702d] 199.19.213.52 "GET /v2.0/ports?tenant_id=f8496f8ba56a4b14a1b7d6a9aa2af247&device_id=0c68636a-2f67-4b40-9744-ea17e7066b49 HTTP/1.1" status: 200 len: 3743 time: 0.0411925
2026-04-23 09:01:48.528 9 INFO neutron.wsgi [None req-b42fa9c0-9f1f-43b8-8d90-81ab65d2c743 3b8fed1cce4145eda7e305becc078a7e f8496f8ba56a4b14a1b7d6a9aa2af247 - - default default] 199.19.213.52 "GET /v2.0/ports?device_id=0c68636a-2f67-4b40-9744-ea17e7066b49 HTTP/1.1" status: 200 len: 3743 time: 0.0470026
2026-04-23 09:01:48.556 9 INFO neutron.wsgi [req-8588a07e-3297-46df-85f1-7abd5c088bf6 req-dde28dc0-271e-4c3e-ba64-84bd959837ae 0b90aaf067b5401a83d2c0610e4ae3a9 cb697062842e4831b466dd2615203c97 - - 5cc8a6ff47d14da9a8777c2cc4ba702d 5cc8a6ff47d14da9a8777c2cc4ba702d] 199.19.213.52 "GET /v2.0/networks?id=ad58d157-9c05-4811-b23b-36c3e4b8350c HTTP/1.1" status: 200 len: 1003 time: 0.0686469
2026-04-23 09:01:48.643 9 INFO neutron.wsgi [None req-be2cbc28-b6b8-4be5-bcdd-656310c1c376 3b8fed1cce4145eda7e305becc078a7e f8496f8ba56a4b14a1b7d6a9aa2af247 - - default default] 199.19.213.52 "GET /v2.0/ports?device_id=0c68636a-2f67-4b40-9744-ea17e7066b49 HTTP/1.1" status: 200 len: 3743 time: 0.0519531
2026-04-23 09:01:48.652 9 INFO neutron.wsgi [req-8588a07e-3297-46df-85f1-7abd5c088bf6 req-dc4b5b8f-1073-401f-a9da-b21aeeb5dfbb 0b90aaf067b5401a83d2c0610e4ae3a9 cb697062842e4831b466dd2615203c97 - - 5cc8a6ff47d14da9a8777c2cc4ba702d 5cc8a6ff47d14da9a8777c2cc4ba702d] 199.19.213.52 "GET /v2.0/networks/ad58d157-9c05-4811-b23b-36c3e4b8350c?fields=segments HTTP/1.1" status: 200 len: 212 time: 0.0891297
2026-04-23 09:01:48.728 9 INFO neutron.wsgi [req-8588a07e-3297-46df-85f1-7abd5c088bf6 req-03a6a47d-b743-4a7e-8f0d-428b14a3a19e 0b90aaf067b5401a83d2c0610e4ae3a9 cb697062842e4831b466dd2615203c97 - - 5cc8a6ff47d14da9a8777c2cc4ba702d 5cc8a6ff47d14da9a8777c2cc4ba702d] 199.19.213.52 "GET /v2.0/networks/ad58d157-9c05-4811-b23b-36c3e4b8350c?fields=provider%3Aphysical_network&fields=provider%3Anetwork_type HTTP/1.1" status: 200 len: 277 time: 0.0664310
2026-04-23 09:01:48.920 10 INFO neutron.plugins.ml2.drivers.ovn.mech_driver.mech_driver [None req-2aa377b6-9cdc-4a81-8588-818126d30799 - - - - - -] OVN reports status down for port: a52cb3d0-5a82-404d-ac9e-8e901bb434e5
2026-04-23 09:01:48.965 9 INFO neutron.wsgi [req-c6ff0f74-9f48-4687-a300-5a3e0feb59e6 req-a8da6c53-3126-4a1b-8397-f2009c5d1e03 0b90aaf067b5401a83d2c0610e4ae3a9 cb697062842e4831b466dd2615203c97 - - 5cc8a6ff47d14da9a8777c2cc4ba702d 5cc8a6ff47d14da9a8777c2cc4ba702d] 199.19.213.52 "GET /v2.0/ports/a52cb3d0-5a82-404d-ac9e-8e901bb434e5 HTTP/1.1" status: 200 len: 1231 time: 0.0351577
2026-04-23 09:01:49.054 10 INFO neutron.notifiers.nova [-] Nova event matching ['req-4afbc86e-e636-41e7-9c8b-9d0e556d718c'] response: {'server_uuid': '0c68636a-2f67-4b40-9744-ea17e7066b49', 'name': 'network-vif-unplugged', 'status': 'completed', 'tag': 'a52cb3d0-5a82-404d-ac9e-8e901bb434e5', 'code': 200}
2026-04-23 09:01:49.209 9 INFO neutron.wsgi [req-c6ff0f74-9f48-4687-a300-5a3e0feb59e6 req-0068b53a-6ff5-4fc9-8978-9d17d5c708ce 3b8fed1cce4145eda7e305becc078a7e f8496f8ba56a4b14a1b7d6a9aa2af247 - - default default] 199.19.213.52 "DELETE /v2.0/ports/a52cb3d0-5a82-404d-ac9e-8e901bb434e5 HTTP/1.1" status: 204 len: 173 time: 0.2385323
2026-04-23 09:01:49.303 9 INFO neutron.wsgi [req-c6ff0f74-9f48-4687-a300-5a3e0feb59e6 req-0d02bae0-d136-4e17-8ce2-534766db0ced 0b90aaf067b5401a83d2c0610e4ae3a9 cb697062842e4831b466dd2615203c97 - - 5cc8a6ff47d14da9a8777c2cc4ba702d 5cc8a6ff47d14da9a8777c2cc4ba702d] 199.19.213.52 "GET /v2.0/ports?tenant_id=f8496f8ba56a4b14a1b7d6a9aa2af247&device_id=0c68636a-2f67-4b40-9744-ea17e7066b49 HTTP/1.1" status: 200 len: 2720 time: 0.0379236
2026-04-23 09:01:49.377 9 INFO neutron.wsgi [req-c6ff0f74-9f48-4687-a300-5a3e0feb59e6 req-b75be07a-0717-40a5-b12e-7f42fd0c27a0 0b90aaf067b5401a83d2c0610e4ae3a9 cb697062842e4831b466dd2615203c97 - - 5cc8a6ff47d14da9a8777c2cc4ba702d 5cc8a6ff47d14da9a8777c2cc4ba702d] 199.19.213.52 "GET /v2.0/networks?id=8064d18a-396f-4020-933d-1b4310733a30&id=e5a8e4d7-69b5-4716-b4c8-e870af49d0df&id=ad58d157-9c05-4811-b23b-36c3e4b8350c HTTP/1.1" status: 200 len: 2519 time: 0.0665414
2026-04-23 09:01:49.411 9 INFO neutron.wsgi [req-c6ff0f74-9f48-4687-a300-5a3e0feb59e6 req-28baa696-a92d-404c-96bc-2f75c432affb 0b90aaf067b5401a83d2c0610e4ae3a9 cb697062842e4831b466dd2615203c97 - - 5cc8a6ff47d14da9a8777c2cc4ba702d 5cc8a6ff47d14da9a8777c2cc4ba702d] 199.19.213.52 "GET /v2.0/floatingips?fixed_ip_address=172.24.3.168&port_id=a31c68cf-7501-4c6d-a41e-808f868077a3 HTTP/1.1" status: 200 len: 217 time: 0.0247514
2026-04-23 09:01:49.452 9 INFO neutron.wsgi [req-c6ff0f74-9f48-4687-a300-5a3e0feb59e6 req-92586cfe-846b-4b41-b37b-22a71b8abb35 0b90aaf067b5401a83d2c0610e4ae3a9 cb697062842e4831b466dd2615203c97 - - 5cc8a6ff47d14da9a8777c2cc4ba702d 5cc8a6ff47d14da9a8777c2cc4ba702d] 199.19.213.52 "GET /v2.0/subnets?id=4e93e3ad-30a1-440b-a999-459b32c3a6aa HTTP/1.1" status: 200 len: 829 time: 0.0304644
2026-04-23 09:01:49.483 9 INFO neutron.wsgi [req-c6ff0f74-9f48-4687-a300-5a3e0feb59e6 req-80873c71-79e1-47a3-a42f-6208df4f31ac 0b90aaf067b5401a83d2c0610e4ae3a9 cb697062842e4831b466dd2615203c97 - - 5cc8a6ff47d14da9a8777c2cc4ba702d 5cc8a6ff47d14da9a8777c2cc4ba702d] 199.19.213.52 "GET /v2.0/ports?network_id=8064d18a-396f-4020-933d-1b4310733a30&device_owner=network%3Adhcp HTTP/1.1" status: 200 len: 210 time: 0.0246673
2026-04-23 09:01:49.557 9 INFO neutron.wsgi [req-c6ff0f74-9f48-4687-a300-5a3e0feb59e6 req-0d4bb282-e218-4da8-950f-8e71b251f18c 0b90aaf067b5401a83d2c0610e4ae3a9 cb697062842e4831b466dd2615203c97 - - 5cc8a6ff47d14da9a8777c2cc4ba702d 5cc8a6ff47d14da9a8777c2cc4ba702d] 199.19.213.52 "GET /v2.0/networks/8064d18a-396f-4020-933d-1b4310733a30?fields=segments HTTP/1.1" status: 200 len: 212 time: 0.0655370
2026-04-23 09:01:49.624 9 INFO neutron.wsgi [req-c6ff0f74-9f48-4687-a300-5a3e0feb59e6 req-ed0ac78e-698a-4bcc-b681-b00bcbaec1c8 0b90aaf067b5401a83d2c0610e4ae3a9 cb697062842e4831b466dd2615203c97 - - 5cc8a6ff47d14da9a8777c2cc4ba702d 5cc8a6ff47d14da9a8777c2cc4ba702d] 199.19.213.52 "GET /v2.0/networks/8064d18a-396f-4020-933d-1b4310733a30?fields=provider%3Aphysical_network&fields=provider%3Anetwork_type HTTP/1.1" status: 200 len: 277 time: 0.0592124
2026-04-23 09:01:49.658 9 INFO neutron.wsgi [req-c6ff0f74-9f48-4687-a300-5a3e0feb59e6 req-3309a48e-b6e0-4769-b89c-b2a88208ac6c 0b90aaf067b5401a83d2c0610e4ae3a9 cb697062842e4831b466dd2615203c97 - - 5cc8a6ff47d14da9a8777c2cc4ba702d 5cc8a6ff47d14da9a8777c2cc4ba702d] 199.19.213.52 "GET /v2.0/floatingips?fixed_ip_address=10.1.1.6&port_id=3dd5015b-579e-4b5f-91b5-8b0165c4ebcc HTTP/1.1" status: 200 len: 217 time: 0.0255723
2026-04-23 09:01:49.691 9 INFO neutron.wsgi [None req-ead80056-7b3b-4219-bffe-3c15f7796617 3b8fed1cce4145eda7e305becc078a7e f8496f8ba56a4b14a1b7d6a9aa2af247 - - default default] 199.19.213.52 "GET /v2.0/ports?device_id=0c68636a-2f67-4b40-9744-ea17e7066b49 HTTP/1.1" status: 200 len: 2720 time: 0.0401471
2026-04-23 09:01:49.699 9 INFO neutron.wsgi [req-c6ff0f74-9f48-4687-a300-5a3e0feb59e6 req-70143293-5ff4-4173-865d-222f8eca4a3d 0b90aaf067b5401a83d2c0610e4ae3a9 cb697062842e4831b466dd2615203c97 - - 5cc8a6ff47d14da9a8777c2cc4ba702d 5cc8a6ff47d14da9a8777c2cc4ba702d] 199.19.213.52 "GET /v2.0/subnets?id=09573038-4c15-4a48-bd7f-10d012e97fa3 HTTP/1.1" status: 200 len: 853 time: 0.0321221
2026-04-23 09:01:49.718 9 INFO neutron.pecan_wsgi.hooks.translation [None req-6023c481-3d1e-4b2a-af8f-5c36f9474ea2 3b8fed1cce4145eda7e305becc078a7e f8496f8ba56a4b14a1b7d6a9aa2af247 - - default default] DELETE failed (client error): The resource could not be found.
2026-04-23 09:01:49.720 9 INFO neutron.wsgi [None req-6023c481-3d1e-4b2a-af8f-5c36f9474ea2 3b8fed1cce4145eda7e305becc078a7e f8496f8ba56a4b14a1b7d6a9aa2af247 - - default default] 199.19.213.52 "DELETE /v2.0/ports/a52cb3d0-5a82-404d-ac9e-8e901bb434e5 HTTP/1.1" status: 404 len: 338 time: 0.0209272
2026-04-23 09:01:49.730 9 INFO neutron.wsgi [req-c6ff0f74-9f48-4687-a300-5a3e0feb59e6 req-0a7db6e7-d7d5-4507-bb2d-13e5a751b050 0b90aaf067b5401a83d2c0610e4ae3a9 cb697062842e4831b466dd2615203c97 - - 5cc8a6ff47d14da9a8777c2cc4ba702d 5cc8a6ff47d14da9a8777c2cc4ba702d] 199.19.213.52 "GET /v2.0/ports?network_id=e5a8e4d7-69b5-4716-b4c8-e870af49d0df&device_owner=network%3Adhcp HTTP/1.1" status: 200 len: 210 time: 0.0248780
2026-04-23 09:01:49.795 9 INFO neutron.wsgi [None req-ac2f2f5b-1caf-4d64-9c15-0747de8ed0f6 3b8fed1cce4145eda7e305becc078a7e f8496f8ba56a4b14a1b7d6a9aa2af247 - - default default] 199.19.213.52 "GET /v2.0/extensions/security-group HTTP/1.1" status: 200 len: 369 time: 0.0047545
2026-04-23 09:01:49.797 9 INFO neutron.wsgi [req-c6ff0f74-9f48-4687-a300-5a3e0feb59e6 req-b9c6b9a6-c64a-4c6f-ba9c-4646b186370d 0b90aaf067b5401a83d2c0610e4ae3a9 cb697062842e4831b466dd2615203c97 - - 5cc8a6ff47d14da9a8777c2cc4ba702d 5cc8a6ff47d14da9a8777c2cc4ba702d] 199.19.213.52 "GET /v2.0/networks/e5a8e4d7-69b5-4716-b4c8-e870af49d0df?fields=segments HTTP/1.1" status: 200 len: 212 time: 0.0603652
2026-04-23 09:01:49.802 9 INFO neutron.wsgi [None req-ad06c139-e72d-4c70-89ca-10560e75e291 3b8fed1cce4145eda7e305becc078a7e f8496f8ba56a4b14a1b7d6a9aa2af247 - - default default] 199.19.213.52 "GET /v2.0/extensions/dns-integration HTTP/1.1" status: 200 len: 371 time: 0.0033388
2026-04-23 09:01:49.814 9 INFO neutron.wsgi [None req-c44f9dfe-3513-4ad6-bc1c-f457598d56a6 3b8fed1cce4145eda7e305becc078a7e f8496f8ba56a4b14a1b7d6a9aa2af247 - - default default] 199.19.213.52 "GET /v2.0/extensions/qos HTTP/1.1" status: 200 len: 365 time: 0.0033853
2026-04-23 09:01:49.824 9 INFO neutron.wsgi [None req-cd9d8920-61b2-49c3-8221-0c93387cd24a 3b8fed1cce4145eda7e305becc078a7e f8496f8ba56a4b14a1b7d6a9aa2af247 - - default default] 199.19.213.52 "GET /v2.0/extensions/allowed-address-pairs HTTP/1.1" status: 200 len: 383 time: 0.0040374
2026-04-23 09:01:49.884 9 INFO neutron.wsgi [None req-bef51336-ace7-4d7e-9501-45dc4ee12645 3b8fed1cce4145eda7e305becc078a7e f8496f8ba56a4b14a1b7d6a9aa2af247 - - default default] 199.19.213.52 "GET /v2.0/subnets/09573038-4c15-4a48-bd7f-10d012e97fa3 HTTP/1.1" status: 200 len: 850 time: 0.0441663
2026-04-23 09:01:49.908 9 INFO neutron.wsgi [req-c6ff0f74-9f48-4687-a300-5a3e0feb59e6 req-6663faf3-ab2a-439c-be58-83884788ed50 0b90aaf067b5401a83d2c0610e4ae3a9 cb697062842e4831b466dd2615203c97 - - 5cc8a6ff47d14da9a8777c2cc4ba702d 5cc8a6ff47d14da9a8777c2cc4ba702d] 199.19.213.52 "GET /v2.0/networks/e5a8e4d7-69b5-4716-b4c8-e870af49d0df?fields=provider%3Aphysical_network&fields=provider%3Anetwork_type HTTP/1.1" status: 200 len: 277 time: 0.1037219
2026-04-23 09:01:49.919 9 INFO neutron.wsgi [None req-9a331277-32fd-4bb1-bb5c-30c4d0cb65c5 3b8fed1cce4145eda7e305becc078a7e f8496f8ba56a4b14a1b7d6a9aa2af247 - - default default] 199.19.213.52 "GET /v2.0/ports/7e383d71-abc0-4eec-9b6f-4a8f4b994c8f HTTP/1.1" status: 200 len: 1340 time: 0.0310509
2026-04-23 09:01:49.958 9 INFO neutron.wsgi [None req-1fd7bed1-c815-4d9c-82e9-645ff96d0713 3b8fed1cce4145eda7e305becc078a7e f8496f8ba56a4b14a1b7d6a9aa2af247 - - default default] 199.19.213.52 "GET /v2.0/ports/3dd5015b-579e-4b5f-91b5-8b0165c4ebcc HTTP/1.1" status: 200 len: 1511 time: 0.0317619
2026-04-23 09:01:50.015 9 INFO neutron.wsgi [None req-385f8661-39ab-4d40-b70c-6157f93b86f0 3b8fed1cce4145eda7e305becc078a7e f8496f8ba56a4b14a1b7d6a9aa2af247 - - default default] 199.19.213.52 "GET /v2.0/subnets/09573038-4c15-4a48-bd7f-10d012e97fa3 HTTP/1.1" status: 200 len: 850 time: 0.0492268
2026-04-23 09:01:50.100 9 INFO neutron.wsgi [None req-f1afb5d0-cfc1-4185-b61b-7a42e72f5b47 3b8fed1cce4145eda7e305becc078a7e f8496f8ba56a4b14a1b7d6a9aa2af247 - - default default] 199.19.213.52 "GET /v2.0/networks/e5a8e4d7-69b5-4716-b4c8-e870af49d0df HTTP/1.1" status: 200 len: 1001 time: 0.0773053
2026-04-23 09:01:50.143 9 INFO neutron.wsgi [None req-a1de33e0-1ae3-408b-ba81-fe68d5d5c175 3b8fed1cce4145eda7e305becc078a7e f8496f8ba56a4b14a1b7d6a9aa2af247 - - default default] 199.19.213.52 "GET /v2.0/ports/7e383d71-abc0-4eec-9b6f-4a8f4b994c8f HTTP/1.1" status: 200 len: 1340 time: 0.0358906
2026-04-23 09:01:50.183 9 INFO neutron.wsgi [None req-7056bf06-105e-408d-9518-b862bc7e7ffb 3b8fed1cce4145eda7e305becc078a7e f8496f8ba56a4b14a1b7d6a9aa2af247 - - default default] 199.19.213.52 "GET /v2.0/subnets/09573038-4c15-4a48-bd7f-10d012e97fa3 HTTP/1.1" status: 200 len: 850 time: 0.0340688
2026-04-23 09:01:50.466 9 INFO neutron.notifiers.nova [-] Nova event matching ['req-78488230-92e4-4149-aa5a-b45cfc0e6b7f'] response: {'server_uuid': '0c68636a-2f67-4b40-9744-ea17e7066b49', 'name': 'network-vif-deleted', 'tag': 'a52cb3d0-5a82-404d-ac9e-8e901bb434e5', 'status': 'completed', 'code': 200}
2026-04-23 09:01:51.106 10 INFO neutron.notifiers.nova [-] Nova event matching ['req-a13524db-5613-4254-9c02-3df922300997'] response: {'server_uuid': '0c68636a-2f67-4b40-9744-ea17e7066b49', 'name': 'network-vif-plugged', 'status': 'completed', 'tag': 'a52cb3d0-5a82-404d-ac9e-8e901bb434e5', 'code': 200}
2026-04-23 09:01:58.908 9 INFO neutron.wsgi [None req-c8fb6c31-fe35-4f3e-9180-6fceb2a61f12 3b8fed1cce4145eda7e305becc078a7e f8496f8ba56a4b14a1b7d6a9aa2af247 - - default default] 199.19.213.52 "GET /v2.0/extensions/security-group HTTP/1.1" status: 200 len: 369 time: 0.0074742
2026-04-23 09:01:58.919 9 INFO neutron.wsgi [None req-396e72da-4a57-4f77-8a3f-206a375344da 3b8fed1cce4145eda7e305becc078a7e f8496f8ba56a4b14a1b7d6a9aa2af247 - - default default] 199.19.213.52 "GET /v2.0/extensions/dns-integration HTTP/1.1" status: 200 len: 371 time: 0.0060344
2026-04-23 09:01:58.928 9 INFO neutron.wsgi [None req-420eb155-476e-4e84-96b9-be88d212e2ee 3b8fed1cce4145eda7e305becc078a7e f8496f8ba56a4b14a1b7d6a9aa2af247 - - default default] 199.19.213.52 "GET /v2.0/extensions/qos HTTP/1.1" status: 200 len: 365 time: 0.0043118
2026-04-23 09:01:58.939 9 INFO neutron.wsgi [None req-024a3316-89c0-4d3d-b07d-981da4f1a99b 3b8fed1cce4145eda7e305becc078a7e f8496f8ba56a4b14a1b7d6a9aa2af247 - - default default] 199.19.213.52 "GET /v2.0/extensions/allowed-address-pairs HTTP/1.1" status: 200 len: 383 time: 0.0075817
2026-04-23 09:01:58.979 9 INFO neutron.wsgi [None req-4d15528b-61ec-4fac-a3da-719cef4eaf27 3b8fed1cce4145eda7e305becc078a7e f8496f8ba56a4b14a1b7d6a9aa2af247 - - default default] 199.19.213.52 "GET /v2.0/security-groups?name=lb-efa45017-399f-4201-9f61-fabeb7070f81 HTTP/1.1" status: 200 len: 2941 time: 0.0344279
2026-04-23 09:01:59.025 9 INFO neutron.wsgi [None req-a852d6f0-3946-4713-95cb-dff5b210657a 3b8fed1cce4145eda7e305becc078a7e f8496f8ba56a4b14a1b7d6a9aa2af247 - - default default] 199.19.213.52 "GET /v2.0/security-group-rules?security_group_id=c56bd21d-2960-47cf-b618-ad44c966afe4 HTTP/1.1" status: 200 len: 2406 time: 0.0379214
2026-04-23 09:01:59.151 9 INFO neutron.wsgi [None req-34b2095b-04b1-40c7-a4f6-1cdf46a65792 3b8fed1cce4145eda7e305becc078a7e f8496f8ba56a4b14a1b7d6a9aa2af247 - - default default] 199.19.213.52 "DELETE /v2.0/security-group-rules/7920a56b-fdc5-4bd6-abed-6368826ae207 HTTP/1.1" status: 204 len: 173 time: 0.1178968
2026-04-23 09:01:59.291 9 INFO neutron.wsgi [None req-e86a6bf6-7546-47f0-8139-d99e5ff589c3 3b8fed1cce4145eda7e305becc078a7e f8496f8ba56a4b14a1b7d6a9aa2af247 - - default default] 199.19.213.52 "DELETE /v2.0/security-group-rules/f26a7087-c2af-4b19-ab2a-b8f040a765c7 HTTP/1.1" status: 204 len: 173 time: 0.1334655
2026-04-23 09:01:59.750 9 INFO neutron.wsgi [-] 10.0.0.75 "GET / HTTP/1.1" status: 200 len: 246 time: 0.0029931
2026-04-23 09:01:59.750 10 INFO neutron.wsgi [-] 10.0.0.75 "GET / HTTP/1.1" status: 200 len: 246 time: 0.0038314
2026-04-23 09:02:03.729 10 INFO neutron.db.l3_db [None req-273ec88e-3c8e-4440-a983-c8e8d94d59b7 c07932cbf9ba46088e0b27751ebcbe33 12adb23398d04c379010c1549345f67b - - default default] Floating IP b3a7c064-932e-4775-a42e-bd20f7c771e7 disassociated (deleted). External IP: 10.96.250.210, port: 7e383d71-abc0-4eec-9b6f-4a8f4b994c8f.
2026-04-23 09:02:03.799 10 INFO neutron.wsgi [None req-273ec88e-3c8e-4440-a983-c8e8d94d59b7 c07932cbf9ba46088e0b27751ebcbe33 12adb23398d04c379010c1549345f67b - - default default] 10.0.0.148 "DELETE /v2.0/floatingips/b3a7c064-932e-4775-a42e-bd20f7c771e7 HTTP/1.1" status: 204 len: 168 time: 0.4977903
2026-04-23 09:02:03.858 10 INFO neutron.api.v2.resource [None req-f6c59374-d984-4e02-979d-3ba4700cd2a3 c07932cbf9ba46088e0b27751ebcbe33 12adb23398d04c379010c1549345f67b - - default default] show failed (client error): The resource could not be found.
2026-04-23 09:02:03.861 10 INFO neutron.wsgi [None req-f6c59374-d984-4e02-979d-3ba4700cd2a3 c07932cbf9ba46088e0b27751ebcbe33 12adb23398d04c379010c1549345f67b - - default default] 10.0.0.148 "GET /v2.0/floatingips/b3a7c064-932e-4775-a42e-bd20f7c771e7 HTTP/1.1" status: 404 len: 345 time: 0.0546644
2026-04-23 09:02:04.194 10 INFO neutron.wsgi [None req-7f3da54b-483c-469b-b9a4-8eee50a4b8c0 3b8fed1cce4145eda7e305becc078a7e f8496f8ba56a4b14a1b7d6a9aa2af247 - - default default] 199.19.213.52 "GET /v2.0/extensions/security-group HTTP/1.1" status: 200 len: 369 time: 0.0086482
2026-04-23 09:02:04.206 10 INFO neutron.wsgi [None req-9076b61e-6eb6-46ec-a7ed-a47ea0cc7cbf 3b8fed1cce4145eda7e305becc078a7e f8496f8ba56a4b14a1b7d6a9aa2af247 - - default default] 199.19.213.52 "GET /v2.0/extensions/dns-integration HTTP/1.1" status: 200 len: 371 time: 0.0043840
2026-04-23 09:02:04.213 10 INFO neutron.wsgi [None req-52717599-b46f-45ca-8bcc-9cbbc3a777a7 3b8fed1cce4145eda7e305becc078a7e f8496f8ba56a4b14a1b7d6a9aa2af247 - - default default] 199.19.213.52 "GET /v2.0/extensions/qos HTTP/1.1" status: 200 len: 365 time: 0.0041287
2026-04-23 09:02:04.229 10 INFO neutron.wsgi [None req-ba544667-1406-4f7a-89c1-311ff3f6b0fc 3b8fed1cce4145eda7e305becc078a7e f8496f8ba56a4b14a1b7d6a9aa2af247 - - default default] 199.19.213.52 "GET /v2.0/extensions/allowed-address-pairs HTTP/1.1" status: 200 len: 383 time: 0.0075288
2026-04-23 09:02:04.274 10 INFO neutron.wsgi [None req-c16485be-b881-410d-bfbd-849dd9ce289d 3b8fed1cce4145eda7e305becc078a7e f8496f8ba56a4b14a1b7d6a9aa2af247 - - default default] 199.19.213.52 "GET /v2.0/subnets/09573038-4c15-4a48-bd7f-10d012e97fa3 HTTP/1.1" status: 200 len: 850 time: 0.0362136
2026-04-23 09:02:04.308 10 INFO neutron.wsgi [None req-9d94b872-996a-4fa7-b33f-287b182252a4 3b8fed1cce4145eda7e305becc078a7e f8496f8ba56a4b14a1b7d6a9aa2af247 - - default default] 199.19.213.52 "GET /v2.0/ports?device_id=0c68636a-2f67-4b40-9744-ea17e7066b49 HTTP/1.1" status: 200 len: 2720 time: 0.0291293
2026-04-23 09:02:04.357 10 INFO neutron.wsgi [None req-ec676fb4-42f6-44ec-a5c7-0dc5f67aad08 3b8fed1cce4145eda7e305becc078a7e f8496f8ba56a4b14a1b7d6a9aa2af247 - - default default] 199.19.213.52 "GET /v2.0/ports?device_id=0c68636a-2f67-4b40-9744-ea17e7066b49 HTTP/1.1" status: 200 len: 2720 time: 0.0426252
2026-04-23 09:02:04.455 10 INFO neutron.wsgi [None req-c38d4cc5-6a4c-412f-94f7-f0955b3753c1 3b8fed1cce4145eda7e305becc078a7e f8496f8ba56a4b14a1b7d6a9aa2af247 - - default default] 199.19.213.52 "GET /v2.0/ports?device_id=0c68636a-2f67-4b40-9744-ea17e7066b49 HTTP/1.1" status: 200 len: 2720 time: 0.0359442
2026-04-23 09:02:04.724 9 INFO neutron.plugins.ml2.drivers.ovn.mech_driver.mech_driver [None req-82efcabf-bda5-45ce-a1f2-a698d14cc178 - - - - - -] OVN reports status down for port: 7e383d71-abc0-4eec-9b6f-4a8f4b994c8f
2026-04-23 09:02:04.730 10 INFO neutron.plugins.ml2.drivers.ovn.mech_driver.mech_driver [None req-2aa377b6-9cdc-4a81-8588-818126d30799 - - - - - -] OVN reports status down for port: 3dd5015b-579e-4b5f-91b5-8b0165c4ebcc /var/lib/openstack/lib/python3.10/site-packages/pycadf/identifier.py:71: UserWarning: Invalid uuid: neutron. To ensure interoperability, identifiers should be a valid uuid. warnings.warn(('Invalid uuid: %s. To ensure interoperability, '
2026-04-23 09:02:04.809 9 INFO neutron.wsgi [req-07839e10-d2d8-4e9e-8096-faf00c062cbf req-f17bb053-b950-4fa0-809a-2a5b0db5762d 0b90aaf067b5401a83d2c0610e4ae3a9 cb697062842e4831b466dd2615203c97 - - 5cc8a6ff47d14da9a8777c2cc4ba702d 5cc8a6ff47d14da9a8777c2cc4ba702d] 199.19.213.52 "GET /v2.0/ports/3dd5015b-579e-4b5f-91b5-8b0165c4ebcc HTTP/1.1" status: 200 len: 1511 time: 0.0434878
2026-04-23 09:02:04.860 9 INFO neutron.wsgi [req-07839e10-d2d8-4e9e-8096-faf00c062cbf req-80157b03-2c39-4b23-84f2-e64088f07623 3b8fed1cce4145eda7e305becc078a7e f8496f8ba56a4b14a1b7d6a9aa2af247 - - default default] 199.19.213.52 "GET /v2.0/ports/3dd5015b-579e-4b5f-91b5-8b0165c4ebcc?fields=binding%3Aprofile&fields=network_id HTTP/1.1" status: 200 len: 281 time: 0.0429788
2026-04-23 09:02:04.914 10 INFO neutron.notifiers.nova [-] Nova event matching ['req-3407fa44-3c6d-4ada-8b2b-154b0f53354e'] response: {'server_uuid': '0c68636a-2f67-4b40-9744-ea17e7066b49', 'name': 'network-vif-unplugged', 'status': 'completed', 'tag': '3dd5015b-579e-4b5f-91b5-8b0165c4ebcc', 'code': 200}
2026-04-23 09:02:04.922 10 INFO neutron.db.ovn_revision_numbers_db [None req-387a9ee3-1ae0-41ff-b490-49f621924e3c - - - - - -] Successfully bumped revision number for resource 7e383d71-abc0-4eec-9b6f-4a8f4b994c8f (type: ports) to 6
2026-04-23 09:02:05.078 10 INFO neutron.db.ovn_revision_numbers_db [None req-2aa377b6-9cdc-4a81-8588-818126d30799 - - - - - -] Successfully bumped revision number for resource 3dd5015b-579e-4b5f-91b5-8b0165c4ebcc (type: ports) to 7
2026-04-23 09:02:05.244 9 INFO neutron.wsgi [req-07839e10-d2d8-4e9e-8096-faf00c062cbf req-b22210c3-9abd-4a97-9206-2b03f87c31a9 3b8fed1cce4145eda7e305becc078a7e f8496f8ba56a4b14a1b7d6a9aa2af247 - - default default] 199.19.213.52 "GET /v2.0/networks/e5a8e4d7-69b5-4716-b4c8-e870af49d0df?fields=dns_domain HTTP/1.1" status: 200 len: 227 time: 0.3768561 /var/lib/openstack/lib/python3.10/site-packages/pycadf/identifier.py:71: UserWarning: Invalid uuid: neutron. To ensure interoperability, identifiers should be a valid uuid. warnings.warn(('Invalid uuid: %s. To ensure interoperability, '
2026-04-23 09:02:05.501 10 INFO neutron.wsgi [None req-d48ad27e-3fca-4099-bad6-8e3b2097b31f 3b8fed1cce4145eda7e305becc078a7e f8496f8ba56a4b14a1b7d6a9aa2af247 - - default default] 199.19.213.52 "GET /v2.0/ports?device_id=0c68636a-2f67-4b40-9744-ea17e7066b49 HTTP/1.1" status: 200 len: 2718 time: 0.0377302
2026-04-23 09:02:05.694 9 INFO neutron.db.ovn_revision_numbers_db [req-07839e10-d2d8-4e9e-8096-faf00c062cbf req-9e0b1e6e-196e-471e-a850-3c08beebdcf7 0b90aaf067b5401a83d2c0610e4ae3a9 cb697062842e4831b466dd2615203c97 - - 5cc8a6ff47d14da9a8777c2cc4ba702d 5cc8a6ff47d14da9a8777c2cc4ba702d] Successfully bumped revision number for resource 3dd5015b-579e-4b5f-91b5-8b0165c4ebcc (type: ports) to 8
2026-04-23 09:02:05.710 9 INFO neutron.wsgi [req-07839e10-d2d8-4e9e-8096-faf00c062cbf req-9e0b1e6e-196e-471e-a850-3c08beebdcf7 0b90aaf067b5401a83d2c0610e4ae3a9 cb697062842e4831b466dd2615203c97 - - 5cc8a6ff47d14da9a8777c2cc4ba702d 5cc8a6ff47d14da9a8777c2cc4ba702d] 199.19.213.52 "PUT /v2.0/ports/3dd5015b-579e-4b5f-91b5-8b0165c4ebcc HTTP/1.1" status: 200 len: 1343 time: 0.4570165 /var/lib/openstack/lib/python3.10/site-packages/pycadf/identifier.py:71: UserWarning: Invalid uuid: neutron. To ensure interoperability, identifiers should be a valid uuid. warnings.warn(('Invalid uuid: %s. To ensure interoperability, '
2026-04-23 09:02:05.797 9 INFO neutron.wsgi [req-07839e10-d2d8-4e9e-8096-faf00c062cbf req-88e48a98-66cb-4e4f-9cbb-05674d507008 0b90aaf067b5401a83d2c0610e4ae3a9 cb697062842e4831b466dd2615203c97 - - 5cc8a6ff47d14da9a8777c2cc4ba702d 5cc8a6ff47d14da9a8777c2cc4ba702d] 199.19.213.52 "GET /v2.0/ports?tenant_id=f8496f8ba56a4b14a1b7d6a9aa2af247&device_id=0c68636a-2f67-4b40-9744-ea17e7066b49 HTTP/1.1" status: 200 len: 1417 time: 0.0347633
2026-04-23 09:02:05.879 9 INFO neutron.wsgi [req-07839e10-d2d8-4e9e-8096-faf00c062cbf req-c68df07f-5c75-467a-ae13-ab52954c2ceb 0b90aaf067b5401a83d2c0610e4ae3a9 cb697062842e4831b466dd2615203c97 - - 5cc8a6ff47d14da9a8777c2cc4ba702d 5cc8a6ff47d14da9a8777c2cc4ba702d] 199.19.213.52 "GET /v2.0/networks?id=8064d18a-396f-4020-933d-1b4310733a30&id=e5a8e4d7-69b5-4716-b4c8-e870af49d0df HTTP/1.1" status: 200 len: 1729 time: 0.0763469
2026-04-23 09:02:05.912 9 INFO neutron.wsgi [req-07839e10-d2d8-4e9e-8096-faf00c062cbf req-7c26630c-4e3c-4fca-b541-d8d9440ce9d2 0b90aaf067b5401a83d2c0610e4ae3a9 cb697062842e4831b466dd2615203c97 - - 5cc8a6ff47d14da9a8777c2cc4ba702d 5cc8a6ff47d14da9a8777c2cc4ba702d] 199.19.213.52 "GET /v2.0/floatingips?fixed_ip_address=172.24.3.168&port_id=a31c68cf-7501-4c6d-a41e-808f868077a3 HTTP/1.1" status: 200 len: 217 time: 0.0253170
2026-04-23 09:02:05.947 9 INFO neutron.wsgi [req-07839e10-d2d8-4e9e-8096-faf00c062cbf req-bd9beda4-0c63-40f3-bc8b-c07b5443f919 0b90aaf067b5401a83d2c0610e4ae3a9 cb697062842e4831b466dd2615203c97 - - 5cc8a6ff47d14da9a8777c2cc4ba702d 5cc8a6ff47d14da9a8777c2cc4ba702d] 199.19.213.52 "GET /v2.0/subnets?id=4e93e3ad-30a1-440b-a999-459b32c3a6aa HTTP/1.1" status: 200 len: 829 time: 0.0289388
2026-04-23 09:02:05.978 9 INFO neutron.wsgi [req-07839e10-d2d8-4e9e-8096-faf00c062cbf req-e50fc042-765b-4515-94ab-9a63b7f14e72 0b90aaf067b5401a83d2c0610e4ae3a9 cb697062842e4831b466dd2615203c97 - - 5cc8a6ff47d14da9a8777c2cc4ba702d 5cc8a6ff47d14da9a8777c2cc4ba702d] 199.19.213.52 "GET /v2.0/ports?network_id=8064d18a-396f-4020-933d-1b4310733a30&device_owner=network%3Adhcp HTTP/1.1" status: 200 len: 210 time: 0.0262461
2026-04-23 09:02:06.046 9 INFO neutron.wsgi [req-07839e10-d2d8-4e9e-8096-faf00c062cbf req-e00f4e70-dcca-49e3-b2f0-e43306622b1f 0b90aaf067b5401a83d2c0610e4ae3a9 cb697062842e4831b466dd2615203c97 - - 5cc8a6ff47d14da9a8777c2cc4ba702d 5cc8a6ff47d14da9a8777c2cc4ba702d] 199.19.213.52 "GET /v2.0/networks/8064d18a-396f-4020-933d-1b4310733a30?fields=segments HTTP/1.1" status: 200 len: 212 time: 0.0611327
2026-04-23 09:02:06.110 9 INFO neutron.wsgi [req-07839e10-d2d8-4e9e-8096-faf00c062cbf req-6821f197-2c5a-4c62-a0c2-bd7eea4a1fa6 0b90aaf067b5401a83d2c0610e4ae3a9 cb697062842e4831b466dd2615203c97 - - 5cc8a6ff47d14da9a8777c2cc4ba702d 5cc8a6ff47d14da9a8777c2cc4ba702d] 199.19.213.52 "GET /v2.0/networks/8064d18a-396f-4020-933d-1b4310733a30?fields=provider%3Aphysical_network&fields=provider%3Anetwork_type HTTP/1.1" status: 200 len: 277 time: 0.0567391
2026-04-23 09:02:06.547 10 INFO neutron.wsgi [None req-540119a1-898a-44af-85e3-ed6c00d6c1a8 3b8fed1cce4145eda7e305becc078a7e f8496f8ba56a4b14a1b7d6a9aa2af247 - - default default] 199.19.213.52 "GET /v2.0/ports?device_id=0c68636a-2f67-4b40-9744-ea17e7066b49 HTTP/1.1" status: 200 len: 1417 time: 0.0363252
2026-04-23 09:02:06.978 10 INFO neutron.notifiers.nova [-] Nova event matching ['req-b97e768a-913c-49d9-b484-227aaafd8e7c'] response: {'server_uuid': '0c68636a-2f67-4b40-9744-ea17e7066b49', 'name': 'network-vif-plugged', 'status': 'completed', 'tag': '3dd5015b-579e-4b5f-91b5-8b0165c4ebcc', 'code': 200}
2026-04-23 09:02:06.998 10 INFO neutron.db.ovn_revision_numbers_db [None req-500fda1c-5165-4dfc-af34-8e0694cf8eaf 3b8fed1cce4145eda7e305becc078a7e f8496f8ba56a4b14a1b7d6a9aa2af247 - - default default] Successfully bumped revision number for resource 3dd5015b-579e-4b5f-91b5-8b0165c4ebcc (type: ports) to 9
2026-04-23 09:02:07.022 10 INFO neutron.wsgi [None req-500fda1c-5165-4dfc-af34-8e0694cf8eaf 3b8fed1cce4145eda7e305becc078a7e f8496f8ba56a4b14a1b7d6a9aa2af247 - - default default] 199.19.213.52 "PUT /v2.0/ports/3dd5015b-579e-4b5f-91b5-8b0165c4ebcc HTTP/1.1" status: 200 len: 1282 time: 0.4672012 /var/lib/openstack/lib/python3.10/site-packages/pycadf/identifier.py:71: UserWarning: Invalid uuid: neutron. To ensure interoperability, identifiers should be a valid uuid. warnings.warn(('Invalid uuid: %s. To ensure interoperability, '
2026-04-23 09:02:07.073 10 INFO neutron.wsgi [None req-a08d8afb-ee3c-4baa-abab-f82c8a2b929b 3b8fed1cce4145eda7e305becc078a7e f8496f8ba56a4b14a1b7d6a9aa2af247 - - default default] 199.19.213.52 "GET /v2.0/ports/3dd5015b-579e-4b5f-91b5-8b0165c4ebcc HTTP/1.1" status: 200 len: 1282 time: 0.0440898
2026-04-23 09:02:07.120 10 INFO neutron.db.ovn_revision_numbers_db [None req-387a9ee3-1ae0-41ff-b490-49f621924e3c - - - - - -] Successfully bumped revision number for resource 7e383d71-abc0-4eec-9b6f-4a8f4b994c8f (type: ports) to 8
2026-04-23 09:02:07.405 10 INFO neutron.wsgi [None req-d4f67883-5ebb-4fdb-88cb-8786e880727b 3b8fed1cce4145eda7e305becc078a7e f8496f8ba56a4b14a1b7d6a9aa2af247 - - default default] 199.19.213.52 "DELETE /v2.0/ports/3dd5015b-579e-4b5f-91b5-8b0165c4ebcc HTTP/1.1" status: 204 len: 173 time: 0.3234193
2026-04-23 09:02:07.451 10 INFO neutron.wsgi [None req-25068f54-3490-41a1-b60e-05fb38bb3438 3b8fed1cce4145eda7e305becc078a7e f8496f8ba56a4b14a1b7d6a9aa2af247 - - default default] 199.19.213.52 "GET /v2.0/extensions/security-group HTTP/1.1" status: 200 len: 369 time: 0.0077317
2026-04-23 09:02:07.461 10 INFO neutron.wsgi [None req-29b18baf-a962-4815-a898-29b8f2a0a3d5 3b8fed1cce4145eda7e305becc078a7e f8496f8ba56a4b14a1b7d6a9aa2af247 - - default default] 199.19.213.52 "GET /v2.0/extensions/dns-integration HTTP/1.1" status: 200 len: 371 time: 0.0040894
2026-04-23 09:02:07.469 10 INFO neutron.wsgi [None req-3d8515be-06de-4ab5-a70a-2a1c21b07799 3b8fed1cce4145eda7e305becc078a7e f8496f8ba56a4b14a1b7d6a9aa2af247 - - default default] 199.19.213.52 "GET /v2.0/extensions/qos HTTP/1.1" status: 200 len: 365 time: 0.0040331
2026-04-23 09:02:07.477 10 INFO neutron.wsgi [None req-8159e37a-3f40-4e18-888f-f18797bd557d 3b8fed1cce4145eda7e305becc078a7e f8496f8ba56a4b14a1b7d6a9aa2af247 - - default default] 199.19.213.52 "GET /v2.0/extensions/allowed-address-pairs HTTP/1.1" status: 200 len: 383 time: 0.0044639
2026-04-23 09:02:07.500 10 INFO neutron.pecan_wsgi.hooks.translation [None req-9be228a7-30da-4d15-b7b1-3eaceb82dc33 3b8fed1cce4145eda7e305becc078a7e f8496f8ba56a4b14a1b7d6a9aa2af247 - - default default] DELETE failed (client error): The resource could not be found.
2026-04-23 09:02:07.502 10 INFO neutron.wsgi [None req-9be228a7-30da-4d15-b7b1-3eaceb82dc33 3b8fed1cce4145eda7e305becc078a7e f8496f8ba56a4b14a1b7d6a9aa2af247 - - default default] 199.19.213.52 "DELETE /v2.0/ports/3dd5015b-579e-4b5f-91b5-8b0165c4ebcc HTTP/1.1" status: 404 len: 338 time: 0.0191555
