Feb 17 02:27:17.675265 np0000155889 nova-scheduler[108836]: DEBUG cotyledon.oslo_config_glue [-] vnc.auth_schemes = ['none'] {{(pid=108836) log_opt_values /opt/stack/data/venv/lib/python3.12/site-packages/oslo_config/cfg.py:2824}}
Feb 17 02:27:17.675393 np0000155889 nova-scheduler[108820]: DEBUG dbcounter [-] [108820] Writer thread running {{(pid=108820) stat_writer /opt/stack/data/venv/lib/python3.12/site-packages/dbcounter.py:102}}
Feb 17 02:27:17.675425 np0000155889 nova-scheduler[108836]: DEBUG cotyledon.oslo_config_glue [-] vnc.enabled = True {{(pid=108836) log_opt_values /opt/stack/data/venv/lib/python3.12/site-packages/oslo_config/cfg.py:2824}}
Feb 17 02:27:17.675425 np0000155889 nova-scheduler[108836]: DEBUG cotyledon.oslo_config_glue [-] vnc.novncproxy_base_url = http://127.0.0.1:6080/vnc_auto.html {{(pid=108836) log_opt_values /opt/stack/data/venv/lib/python3.12/site-packages/oslo_config/cfg.py:2824}}
Feb 17 02:27:17.675425 np0000155889 nova-scheduler[108836]: DEBUG cotyledon.oslo_config_glue [-] vnc.novncproxy_host = 0.0.0.0 {{(pid=108836) log_opt_values /opt/stack/data/venv/lib/python3.12/site-packages/oslo_config/cfg.py:2824}}
Feb 17 02:27:17.675425 np0000155889 nova-scheduler[108836]: DEBUG cotyledon.oslo_config_glue [-] vnc.novncproxy_port = 6080 {{(pid=108836) log_opt_values /opt/stack/data/venv/lib/python3.12/site-packages/oslo_config/cfg.py:2824}}
Feb 17 02:27:17.675425 np0000155889 nova-scheduler[108836]: DEBUG cotyledon.oslo_config_glue [-] vnc.server_listen = 127.0.0.1 {{(pid=108836) log_opt_values /opt/stack/data/venv/lib/python3.12/site-packages/oslo_config/cfg.py:2824}}
Feb 17 02:27:17.675425 np0000155889 nova-scheduler[108836]: DEBUG cotyledon.oslo_config_glue [-] vnc.server_proxyclient_address = 127.0.0.1 {{(pid=108836) log_opt_values /opt/stack/data/venv/lib/python3.12/site-packages/oslo_config/cfg.py:2824}}
Feb 17 02:27:17.675425 np0000155889 nova-scheduler[108836]: DEBUG cotyledon.oslo_config_glue [-] vnc.vencrypt_ca_certs = None {{(pid=108836) log_opt_values /opt/stack/data/venv/lib/python3.12/site-packages/oslo_config/cfg.py:2824}}
Feb 17 02:27:17.675425 np0000155889 nova-scheduler[108836]: DEBUG cotyledon.oslo_config_glue [-] vnc.vencrypt_client_cert = None {{(pid=108836) log_opt_values /opt/stack/data/venv/lib/python3.12/site-packages/oslo_config/cfg.py:2824}}
Feb 17 02:27:17.675425 np0000155889 nova-scheduler[108836]: DEBUG cotyledon.oslo_config_glue [-] vnc.vencrypt_client_key = None {{(pid=108836) log_opt_values /opt/stack/data/venv/lib/python3.12/site-packages/oslo_config/cfg.py:2824}}
Feb 17 02:27:17.675649 np0000155889 nova-scheduler[108836]: DEBUG cotyledon.oslo_config_glue [-] workarounds.disable_compute_service_check_for_ffu = False {{(pid=108836) log_opt_values /opt/stack/data/venv/lib/python3.12/site-packages/oslo_config/cfg.py:2824}}
Feb 17 02:27:17.675649 np0000155889 nova-scheduler[108836]: DEBUG cotyledon.oslo_config_glue [-] workarounds.disable_deep_image_inspection = False {{(pid=108836) log_opt_values /opt/stack/data/venv/lib/python3.12/site-packages/oslo_config/cfg.py:2824}}
Feb 17 02:27:17.675649 np0000155889 nova-scheduler[108836]: DEBUG cotyledon.oslo_config_glue [-] workarounds.disable_fallback_pcpu_query = False {{(pid=108836) log_opt_values /opt/stack/data/venv/lib/python3.12/site-packages/oslo_config/cfg.py:2824}}
Feb 17 02:27:17.675649 np0000155889 nova-scheduler[108836]: DEBUG cotyledon.oslo_config_glue [-] workarounds.disable_group_policy_check_upcall = False {{(pid=108836) log_opt_values /opt/stack/data/venv/lib/python3.12/site-packages/oslo_config/cfg.py:2824}}
Feb 17 02:27:17.675649 np0000155889 nova-scheduler[108836]: DEBUG cotyledon.oslo_config_glue [-] workarounds.disable_libvirt_livesnapshot = False {{(pid=108836) log_opt_values /opt/stack/data/venv/lib/python3.12/site-packages/oslo_config/cfg.py:2824}}
Feb 17 02:27:17.675649 np0000155889 nova-scheduler[108836]: DEBUG cotyledon.oslo_config_glue [-] workarounds.disable_rootwrap = False {{(pid=108836) log_opt_values /opt/stack/data/venv/lib/python3.12/site-packages/oslo_config/cfg.py:2824}}
Feb 17 02:27:17.675649 np0000155889 nova-scheduler[108836]: DEBUG cotyledon.oslo_config_glue [-] workarounds.enable_numa_live_migration = False {{(pid=108836) log_opt_values /opt/stack/data/venv/lib/python3.12/site-packages/oslo_config/cfg.py:2824}}
Feb 17 02:27:17.675649 np0000155889 nova-scheduler[108836]: DEBUG cotyledon.oslo_config_glue [-] workarounds.enable_qemu_monitor_announce_self = False {{(pid=108836) log_opt_values /opt/stack/data/venv/lib/python3.12/site-packages/oslo_config/cfg.py:2824}}
Feb 17 02:27:17.675649 np0000155889 nova-scheduler[108836]: DEBUG cotyledon.oslo_config_glue [-] workarounds.ensure_libvirt_rbd_instance_dir_cleanup = False {{(pid=108836) log_opt_values /opt/stack/data/venv/lib/python3.12/site-packages/oslo_config/cfg.py:2824}}
Feb 17 02:27:17.675855 np0000155889 nova-scheduler[108836]: DEBUG cotyledon.oslo_config_glue [-] workarounds.handle_virt_lifecycle_events = True {{(pid=108836) log_opt_values /opt/stack/data/venv/lib/python3.12/site-packages/oslo_config/cfg.py:2824}}
Feb 17 02:27:17.675855 np0000155889 nova-scheduler[108836]: DEBUG cotyledon.oslo_config_glue [-] workarounds.libvirt_disable_apic = False {{(pid=108836) log_opt_values /opt/stack/data/venv/lib/python3.12/site-packages/oslo_config/cfg.py:2824}}
Feb 17 02:27:17.675855 np0000155889 nova-scheduler[108836]: DEBUG cotyledon.oslo_config_glue [-] workarounds.never_download_image_if_on_rbd = False {{(pid=108836) log_opt_values /opt/stack/data/venv/lib/python3.12/site-packages/oslo_config/cfg.py:2824}}
Feb 17 02:27:17.675855 np0000155889 nova-scheduler[108836]: DEBUG cotyledon.oslo_config_glue [-] workarounds.qemu_monitor_announce_self_count = 3 {{(pid=108836) log_opt_values /opt/stack/data/venv/lib/python3.12/site-packages/oslo_config/cfg.py:2824}}
Feb 17 02:27:17.675855 np0000155889 nova-scheduler[108836]: DEBUG cotyledon.oslo_config_glue [-] workarounds.qemu_monitor_announce_self_interval = 1 {{(pid=108836) log_opt_values /opt/stack/data/venv/lib/python3.12/site-packages/oslo_config/cfg.py:2824}}
Feb 17 02:27:17.675855 np0000155889 nova-scheduler[108836]: DEBUG cotyledon.oslo_config_glue [-] workarounds.reserve_disk_resource_for_image_cache = False {{(pid=108836) log_opt_values /opt/stack/data/venv/lib/python3.12/site-packages/oslo_config/cfg.py:2824}}
Feb 17 02:27:17.675855 np0000155889 nova-scheduler[108836]: DEBUG cotyledon.oslo_config_glue [-] workarounds.skip_cpu_compare_at_startup = False {{(pid=108836) log_opt_values /opt/stack/data/venv/lib/python3.12/site-packages/oslo_config/cfg.py:2824}}
Feb 17 02:27:17.675855 np0000155889 nova-scheduler[108836]: DEBUG cotyledon.oslo_config_glue [-] workarounds.skip_cpu_compare_on_dest = False {{(pid=108836) log_opt_values /opt/stack/data/venv/lib/python3.12/site-packages/oslo_config/cfg.py:2824}}
Feb 17 02:27:17.675855 np0000155889 nova-scheduler[108836]: DEBUG cotyledon.oslo_config_glue [-] workarounds.skip_hypervisor_version_check_on_lm = False {{(pid=108836) log_opt_values /opt/stack/data/venv/lib/python3.12/site-packages/oslo_config/cfg.py:2824}}
Feb 17 02:27:17.676057 np0000155889 nova-scheduler[108836]: DEBUG cotyledon.oslo_config_glue [-] workarounds.skip_reserve_in_use_ironic_nodes = False {{(pid=108836) log_opt_values /opt/stack/data/venv/lib/python3.12/site-packages/oslo_config/cfg.py:2824}}
Feb 17 02:27:17.676057 np0000155889 nova-scheduler[108836]: DEBUG cotyledon.oslo_config_glue [-] workarounds.unified_limits_count_pcpu_as_vcpu = False {{(pid=108836) log_opt_values /opt/stack/data/venv/lib/python3.12/site-packages/oslo_config/cfg.py:2824}}
Feb 17 02:27:17.676057 np0000155889 nova-scheduler[108836]: DEBUG cotyledon.oslo_config_glue [-] workarounds.wait_for_vif_plugged_event_during_hard_reboot = [] {{(pid=108836) log_opt_values /opt/stack/data/venv/lib/python3.12/site-packages/oslo_config/cfg.py:2824}}
Feb 17 02:27:17.676057 np0000155889 nova-scheduler[108836]: DEBUG cotyledon.oslo_config_glue [-] wsgi.api_paste_config = /etc/nova/api-paste.ini {{(pid=108836) log_opt_values /opt/stack/data/venv/lib/python3.12/site-packages/oslo_config/cfg.py:2824}}
Feb 17 02:27:17.676057 np0000155889 nova-scheduler[108836]: DEBUG cotyledon.oslo_config_glue [-] wsgi.secure_proxy_ssl_header = None {{(pid=108836) log_opt_values /opt/stack/data/venv/lib/python3.12/site-packages/oslo_config/cfg.py:2824}}
Feb 17 02:27:17.676057 np0000155889 nova-scheduler[108836]: DEBUG cotyledon.oslo_config_glue [-] zvm.ca_file = None {{(pid=108836) log_opt_values /opt/stack/data/venv/lib/python3.12/site-packages/oslo_config/cfg.py:2824}}
Feb 17 02:27:17.676057 np0000155889 nova-scheduler[108836]: DEBUG cotyledon.oslo_config_glue [-] zvm.cloud_connector_url = None {{(pid=108836) log_opt_values /opt/stack/data/venv/lib/python3.12/site-packages/oslo_config/cfg.py:2824}}
Feb 17 02:27:17.676057 np0000155889 nova-scheduler[108836]: DEBUG cotyledon.oslo_config_glue [-] zvm.image_tmp_path = /opt/stack/data/nova/images {{(pid=108836) log_opt_values /opt/stack/data/venv/lib/python3.12/site-packages/oslo_config/cfg.py:2824}}
Feb 17 02:27:17.676057 np0000155889 nova-scheduler[108836]: DEBUG cotyledon.oslo_config_glue [-] zvm.reachable_timeout = 300 {{(pid=108836) log_opt_values /opt/stack/data/venv/lib/python3.12/site-packages/oslo_config/cfg.py:2824}}
Feb 17 02:27:17.676258 np0000155889 nova-scheduler[108836]: DEBUG cotyledon.oslo_config_glue [-] oslo_versionedobjects.fatal_exception_format_errors = False {{(pid=108836) log_opt_values /opt/stack/data/venv/lib/python3.12/site-packages/oslo_config/cfg.py:2824}}
Feb 17 02:27:17.676258 np0000155889 nova-scheduler[108836]: DEBUG cotyledon.oslo_config_glue [-] oslo_middleware.http_basic_auth_user_file = /etc/htpasswd {{(pid=108836) log_opt_values /opt/stack/data/venv/lib/python3.12/site-packages/oslo_config/cfg.py:2824}}
Feb 17 02:27:17.676258 np0000155889 nova-scheduler[108836]: DEBUG cotyledon.oslo_config_glue [-] oslo_messaging_metrics.metrics_buffer_size = 1000 {{(pid=108836) log_opt_values /opt/stack/data/venv/lib/python3.12/site-packages/oslo_config/cfg.py:2824}}
Feb 17 02:27:17.676258 np0000155889 nova-scheduler[108836]: DEBUG cotyledon.oslo_config_glue [-] oslo_messaging_metrics.metrics_enabled = False {{(pid=108836) log_opt_values /opt/stack/data/venv/lib/python3.12/site-packages/oslo_config/cfg.py:2824}}
Feb 17 02:27:17.676258 np0000155889 nova-scheduler[108836]: DEBUG cotyledon.oslo_config_glue [-] oslo_messaging_metrics.metrics_process_name = {{(pid=108836) log_opt_values /opt/stack/data/venv/lib/python3.12/site-packages/oslo_config/cfg.py:2824}}
Feb 17 02:27:17.676258 np0000155889 nova-scheduler[108836]: DEBUG cotyledon.oslo_config_glue [-] oslo_messaging_metrics.metrics_socket_file = /var/tmp/metrics_collector.sock {{(pid=108836) log_opt_values /opt/stack/data/venv/lib/python3.12/site-packages/oslo_config/cfg.py:2824}}
Feb 17 02:27:17.676258 np0000155889 nova-scheduler[108836]: DEBUG cotyledon.oslo_config_glue [-] oslo_messaging_metrics.metrics_thread_stop_timeout = 10 {{(pid=108836) log_opt_values /opt/stack/data/venv/lib/python3.12/site-packages/oslo_config/cfg.py:2824}}
Feb 17 02:27:17.676258 np0000155889 nova-scheduler[108836]: DEBUG cotyledon.oslo_config_glue [-] profiler.connection_string = messaging:// {{(pid=108836) log_opt_values /opt/stack/data/venv/lib/python3.12/site-packages/oslo_config/cfg.py:2824}}
Feb 17 02:27:17.676444 np0000155889 nova-scheduler[108836]: DEBUG cotyledon.oslo_config_glue [-] profiler.enabled = False {{(pid=108836) log_opt_values /opt/stack/data/venv/lib/python3.12/site-packages/oslo_config/cfg.py:2824}}
Feb 17 02:27:17.676444 np0000155889 nova-scheduler[108836]: DEBUG cotyledon.oslo_config_glue [-] profiler.es_doc_type = notification {{(pid=108836) log_opt_values /opt/stack/data/venv/lib/python3.12/site-packages/oslo_config/cfg.py:2824}}
Feb 17 02:27:17.676444 np0000155889 nova-scheduler[108836]: DEBUG cotyledon.oslo_config_glue [-] profiler.es_scroll_size = 10000 {{(pid=108836) log_opt_values /opt/stack/data/venv/lib/python3.12/site-packages/oslo_config/cfg.py:2824}}
Feb 17 02:27:17.676444 np0000155889 nova-scheduler[108836]: DEBUG cotyledon.oslo_config_glue [-] profiler.es_scroll_time = 2m {{(pid=108836) log_opt_values /opt/stack/data/venv/lib/python3.12/site-packages/oslo_config/cfg.py:2824}}
Feb 17 02:27:17.676444 np0000155889 nova-scheduler[108836]: DEBUG cotyledon.oslo_config_glue [-] profiler.filter_error_trace = False {{(pid=108836) log_opt_values /opt/stack/data/venv/lib/python3.12/site-packages/oslo_config/cfg.py:2824}}
Feb 17 02:27:17.676444 np0000155889 nova-scheduler[108836]: DEBUG cotyledon.oslo_config_glue [-] profiler.hmac_keys = **** {{(pid=108836) log_opt_values /opt/stack/data/venv/lib/python3.12/site-packages/oslo_config/cfg.py:2824}}
Feb 17 02:27:17.676444 np0000155889 nova-scheduler[108836]: DEBUG cotyledon.oslo_config_glue [-] profiler.sentinel_service_name = mymaster {{(pid=108836) log_opt_values /opt/stack/data/venv/lib/python3.12/site-packages/oslo_config/cfg.py:2824}}
Feb 17 02:27:17.676444 np0000155889 nova-scheduler[108836]: DEBUG cotyledon.oslo_config_glue [-] profiler.socket_timeout = 0.1 {{(pid=108836) log_opt_values /opt/stack/data/venv/lib/python3.12/site-packages/oslo_config/cfg.py:2824}}
Feb 17 02:27:17.676444 np0000155889 nova-scheduler[108836]: DEBUG cotyledon.oslo_config_glue [-] profiler.trace_requests = False {{(pid=108836) log_opt_values /opt/stack/data/venv/lib/python3.12/site-packages/oslo_config/cfg.py:2824}}
Feb 17 02:27:17.676674 np0000155889 nova-scheduler[108836]: DEBUG cotyledon.oslo_config_glue [-] profiler.trace_sqlalchemy = False {{(pid=108836) log_opt_values /opt/stack/data/venv/lib/python3.12/site-packages/oslo_config/cfg.py:2824}}
Feb 17 02:27:17.676674 np0000155889 nova-scheduler[108836]: DEBUG cotyledon.oslo_config_glue [-] profiler_jaeger.process_tags = {} {{(pid=108836) log_opt_values /opt/stack/data/venv/lib/python3.12/site-packages/oslo_config/cfg.py:2824}}
Feb 17 02:27:17.676674 np0000155889 nova-scheduler[108836]: DEBUG cotyledon.oslo_config_glue [-] profiler_jaeger.service_name_prefix = None {{(pid=108836) log_opt_values /opt/stack/data/venv/lib/python3.12/site-packages/oslo_config/cfg.py:2824}}
Feb 17 02:27:17.676674 np0000155889 nova-scheduler[108836]: DEBUG cotyledon.oslo_config_glue [-] profiler_otlp.service_name_prefix = None {{(pid=108836) log_opt_values /opt/stack/data/venv/lib/python3.12/site-packages/oslo_config/cfg.py:2824}}
Feb 17 02:27:17.676674 np0000155889 nova-scheduler[108836]: DEBUG cotyledon.oslo_config_glue [-] oslo_messaging_rabbit.amqp_auto_delete = False {{(pid=108836) log_opt_values /opt/stack/data/venv/lib/python3.12/site-packages/oslo_config/cfg.py:2824}}
Feb 17 02:27:17.676674 np0000155889 nova-scheduler[108836]: DEBUG cotyledon.oslo_config_glue [-] oslo_messaging_rabbit.amqp_durable_queues = False {{(pid=108836) log_opt_values /opt/stack/data/venv/lib/python3.12/site-packages/oslo_config/cfg.py:2824}}
Feb 17 02:27:17.676674 np0000155889 nova-scheduler[108836]: DEBUG cotyledon.oslo_config_glue [-] oslo_messaging_rabbit.conn_pool_min_size = 2 {{(pid=108836) log_opt_values /opt/stack/data/venv/lib/python3.12/site-packages/oslo_config/cfg.py:2824}}
Feb 17 02:27:17.676674 np0000155889 nova-scheduler[108836]: DEBUG cotyledon.oslo_config_glue [-] oslo_messaging_rabbit.conn_pool_ttl = 1200 {{(pid=108836) log_opt_values /opt/stack/data/venv/lib/python3.12/site-packages/oslo_config/cfg.py:2824}}
Feb 17 02:27:17.676674 np0000155889 nova-scheduler[108836]: DEBUG cotyledon.oslo_config_glue [-] oslo_messaging_rabbit.direct_mandatory_flag = True {{(pid=108836) log_opt_values /opt/stack/data/venv/lib/python3.12/site-packages/oslo_config/cfg.py:2824}}
Feb 17 02:27:17.676868 np0000155889 nova-scheduler[108836]: DEBUG cotyledon.oslo_config_glue [-] oslo_messaging_rabbit.enable_cancel_on_failover = False {{(pid=108836) log_opt_values /opt/stack/data/venv/lib/python3.12/site-packages/oslo_config/cfg.py:2824}}
Feb 17 02:27:17.676868 np0000155889 nova-scheduler[108836]: DEBUG cotyledon.oslo_config_glue [-] oslo_messaging_rabbit.heartbeat_in_pthread = False {{(pid=108836) log_opt_values /opt/stack/data/venv/lib/python3.12/site-packages/oslo_config/cfg.py:2824}}
Feb 17 02:27:17.676868 np0000155889 nova-scheduler[108836]: DEBUG cotyledon.oslo_config_glue [-] oslo_messaging_rabbit.heartbeat_rate = 3 {{(pid=108836) log_opt_values /opt/stack/data/venv/lib/python3.12/site-packages/oslo_config/cfg.py:2824}}
Feb 17 02:27:17.676868 np0000155889 nova-scheduler[108836]: DEBUG cotyledon.oslo_config_glue [-] oslo_messaging_rabbit.heartbeat_timeout_threshold = 60 {{(pid=108836) log_opt_values /opt/stack/data/venv/lib/python3.12/site-packages/oslo_config/cfg.py:2824}}
Feb 17 02:27:17.676868 np0000155889 nova-scheduler[108836]: DEBUG cotyledon.oslo_config_glue [-] oslo_messaging_rabbit.hostname = np0000155889 {{(pid=108836) log_opt_values /opt/stack/data/venv/lib/python3.12/site-packages/oslo_config/cfg.py:2824}}
Feb 17 02:27:17.676868 np0000155889 nova-scheduler[108836]: DEBUG cotyledon.oslo_config_glue [-] oslo_messaging_rabbit.kombu_compression = None {{(pid=108836) log_opt_values /opt/stack/data/venv/lib/python3.12/site-packages/oslo_config/cfg.py:2824}}
Feb 17 02:27:17.676868 np0000155889 nova-scheduler[108836]: DEBUG cotyledon.oslo_config_glue [-] oslo_messaging_rabbit.kombu_failover_strategy = round-robin {{(pid=108836) log_opt_values /opt/stack/data/venv/lib/python3.12/site-packages/oslo_config/cfg.py:2824}}
Feb 17 02:27:17.676868 np0000155889 nova-scheduler[108836]: DEBUG cotyledon.oslo_config_glue [-] oslo_messaging_rabbit.kombu_missing_consumer_retry_timeout = 60 {{(pid=108836) log_opt_values /opt/stack/data/venv/lib/python3.12/site-packages/oslo_config/cfg.py:2824}}
Feb 17 02:27:17.677049 np0000155889 nova-scheduler[108836]: DEBUG cotyledon.oslo_config_glue [-] oslo_messaging_rabbit.kombu_reconnect_delay = 1.0 {{(pid=108836) log_opt_values /opt/stack/data/venv/lib/python3.12/site-packages/oslo_config/cfg.py:2824}}
Feb 17 02:27:17.677049 np0000155889 nova-scheduler[108836]: DEBUG cotyledon.oslo_config_glue [-] oslo_messaging_rabbit.kombu_reconnect_splay = 0.0 {{(pid=108836) log_opt_values /opt/stack/data/venv/lib/python3.12/site-packages/oslo_config/cfg.py:2824}}
Feb 17 02:27:17.677049 np0000155889 nova-scheduler[108836]: DEBUG cotyledon.oslo_config_glue [-] oslo_messaging_rabbit.processname = nova-scheduler {{(pid=108836) log_opt_values /opt/stack/data/venv/lib/python3.12/site-packages/oslo_config/cfg.py:2824}}
Feb 17 02:27:17.677049 np0000155889 nova-scheduler[108836]: DEBUG cotyledon.oslo_config_glue [-] oslo_messaging_rabbit.rabbit_ha_queues = False {{(pid=108836) log_opt_values /opt/stack/data/venv/lib/python3.12/site-packages/oslo_config/cfg.py:2824}}
Feb 17 02:27:17.677049 np0000155889 nova-scheduler[108836]: DEBUG cotyledon.oslo_config_glue [-] oslo_messaging_rabbit.rabbit_interval_max = 30 {{(pid=108836) log_opt_values /opt/stack/data/venv/lib/python3.12/site-packages/oslo_config/cfg.py:2824}}
Feb 17 02:27:17.677049 np0000155889 nova-scheduler[108836]: DEBUG cotyledon.oslo_config_glue [-] oslo_messaging_rabbit.rabbit_login_method = AMQPLAIN {{(pid=108836) log_opt_values /opt/stack/data/venv/lib/python3.12/site-packages/oslo_config/cfg.py:2824}}
Feb 17 02:27:17.677049 np0000155889 nova-scheduler[108836]: DEBUG cotyledon.oslo_config_glue [-] oslo_messaging_rabbit.rabbit_qos_prefetch_count = 0 {{(pid=108836) log_opt_values /opt/stack/data/venv/lib/python3.12/site-packages/oslo_config/cfg.py:2824}}
Feb 17 02:27:17.677049 np0000155889 nova-scheduler[108836]: DEBUG cotyledon.oslo_config_glue [-] oslo_messaging_rabbit.rabbit_quorum_delivery_limit = 0 {{(pid=108836) log_opt_values /opt/stack/data/venv/lib/python3.12/site-packages/oslo_config/cfg.py:2824}}
Feb 17 02:27:17.677049 np0000155889 nova-scheduler[108836]: DEBUG cotyledon.oslo_config_glue [-] oslo_messaging_rabbit.rabbit_quorum_max_memory_bytes = 0 {{(pid=108836) log_opt_values /opt/stack/data/venv/lib/python3.12/site-packages/oslo_config/cfg.py:2824}}
Feb 17 02:27:17.677318 np0000155889 nova-scheduler[108836]: DEBUG cotyledon.oslo_config_glue [-] oslo_messaging_rabbit.rabbit_quorum_max_memory_length = 0 {{(pid=108836) log_opt_values /opt/stack/data/venv/lib/python3.12/site-packages/oslo_config/cfg.py:2824}}
Feb 17 02:27:17.677318 np0000155889 nova-scheduler[108836]: DEBUG cotyledon.oslo_config_glue [-] oslo_messaging_rabbit.rabbit_quorum_queue = False {{(pid=108836) log_opt_values /opt/stack/data/venv/lib/python3.12/site-packages/oslo_config/cfg.py:2824}}
Feb 17 02:27:17.677318 np0000155889 nova-scheduler[108836]: DEBUG cotyledon.oslo_config_glue [-] oslo_messaging_rabbit.rabbit_retry_backoff = 2 {{(pid=108836) log_opt_values /opt/stack/data/venv/lib/python3.12/site-packages/oslo_config/cfg.py:2824}}
Feb 17 02:27:17.677318 np0000155889 nova-scheduler[108836]: DEBUG cotyledon.oslo_config_glue [-] oslo_messaging_rabbit.rabbit_retry_interval = 1 {{(pid=108836) log_opt_values /opt/stack/data/venv/lib/python3.12/site-packages/oslo_config/cfg.py:2824}}
Feb 17 02:27:17.677318 np0000155889 nova-scheduler[108836]: DEBUG cotyledon.oslo_config_glue [-] oslo_messaging_rabbit.rabbit_stream_fanout = False {{(pid=108836) log_opt_values /opt/stack/data/venv/lib/python3.12/site-packages/oslo_config/cfg.py:2824}}
Feb 17 02:27:17.677318 np0000155889 nova-scheduler[108836]: DEBUG cotyledon.oslo_config_glue [-] oslo_messaging_rabbit.rabbit_transient_queues_ttl = 1800 {{(pid=108836) log_opt_values /opt/stack/data/venv/lib/python3.12/site-packages/oslo_config/cfg.py:2824}}
Feb 17 02:27:17.677318 np0000155889 nova-scheduler[108836]: DEBUG cotyledon.oslo_config_glue [-] oslo_messaging_rabbit.rabbit_transient_quorum_queue = False {{(pid=108836) log_opt_values /opt/stack/data/venv/lib/python3.12/site-packages/oslo_config/cfg.py:2824}}
Feb 17 02:27:17.677318 np0000155889 nova-scheduler[108836]: DEBUG cotyledon.oslo_config_glue [-] oslo_messaging_rabbit.rpc_conn_pool_size = 30 {{(pid=108836) log_opt_values /opt/stack/data/venv/lib/python3.12/site-packages/oslo_config/cfg.py:2824}}
Feb 17 02:27:17.677318 np0000155889 nova-scheduler[108836]: DEBUG cotyledon.oslo_config_glue [-] oslo_messaging_rabbit.ssl = False {{(pid=108836) log_opt_values /opt/stack/data/venv/lib/python3.12/site-packages/oslo_config/cfg.py:2824}}
Feb 17 02:27:17.677577 np0000155889 nova-scheduler[108836]: DEBUG cotyledon.oslo_config_glue [-] oslo_messaging_rabbit.ssl_ca_file = {{(pid=108836) log_opt_values /opt/stack/data/venv/lib/python3.12/site-packages/oslo_config/cfg.py:2824}}
Feb 17 02:27:17.677577 np0000155889 nova-scheduler[108836]: DEBUG cotyledon.oslo_config_glue [-] oslo_messaging_rabbit.ssl_cert_file = {{(pid=108836) log_opt_values /opt/stack/data/venv/lib/python3.12/site-packages/oslo_config/cfg.py:2824}}
Feb 17 02:27:17.677577 np0000155889 nova-scheduler[108836]: DEBUG cotyledon.oslo_config_glue [-] oslo_messaging_rabbit.ssl_enforce_fips_mode = False {{(pid=108836) log_opt_values /opt/stack/data/venv/lib/python3.12/site-packages/oslo_config/cfg.py:2824}}
Feb 17 02:27:17.677577 np0000155889 nova-scheduler[108836]: DEBUG cotyledon.oslo_config_glue [-] oslo_messaging_rabbit.ssl_key_file = {{(pid=108836) log_opt_values /opt/stack/data/venv/lib/python3.12/site-packages/oslo_config/cfg.py:2824}}
Feb 17 02:27:17.677577 np0000155889 nova-scheduler[108836]: DEBUG cotyledon.oslo_config_glue [-] oslo_messaging_rabbit.ssl_version = {{(pid=108836) log_opt_values /opt/stack/data/venv/lib/python3.12/site-packages/oslo_config/cfg.py:2824}}
Feb 17 02:27:17.677577 np0000155889 nova-scheduler[108836]: DEBUG cotyledon.oslo_config_glue [-] oslo_messaging_rabbit.use_queue_manager = False {{(pid=108836) log_opt_values /opt/stack/data/venv/lib/python3.12/site-packages/oslo_config/cfg.py:2824}}
Feb 17 02:27:17.677577 np0000155889 nova-scheduler[108836]: DEBUG cotyledon.oslo_config_glue [-] oslo_messaging_notifications.driver = ['messagingv2'] {{(pid=108836) log_opt_values /opt/stack/data/venv/lib/python3.12/site-packages/oslo_config/cfg.py:2824}}
Feb 17 02:27:17.677577 np0000155889 nova-scheduler[108836]: DEBUG cotyledon.oslo_config_glue [-] oslo_messaging_notifications.retry = -1 {{(pid=108836) log_opt_values /opt/stack/data/venv/lib/python3.12/site-packages/oslo_config/cfg.py:2824}}
Feb 17 02:27:17.677577 np0000155889 nova-scheduler[108836]: DEBUG cotyledon.oslo_config_glue [-] oslo_messaging_notifications.topics = ['notifications'] {{(pid=108836) log_opt_values /opt/stack/data/venv/lib/python3.12/site-packages/oslo_config/cfg.py:2824}}
Feb 17 02:27:17.677785 np0000155889 nova-scheduler[108836]: DEBUG cotyledon.oslo_config_glue [-] oslo_messaging_notifications.transport_url = **** {{(pid=108836) log_opt_values /opt/stack/data/venv/lib/python3.12/site-packages/oslo_config/cfg.py:2824}}
Feb 17 02:27:17.677785 np0000155889 nova-scheduler[108836]: DEBUG cotyledon.oslo_config_glue [-] oslo_limit.auth_section = None {{(pid=108836) log_opt_values /opt/stack/data/venv/lib/python3.12/site-packages/oslo_config/cfg.py:2824}}
Feb 17 02:27:17.677785 np0000155889 nova-scheduler[108836]: DEBUG cotyledon.oslo_config_glue [-] oslo_limit.auth_type = None {{(pid=108836) log_opt_values /opt/stack/data/venv/lib/python3.12/site-packages/oslo_config/cfg.py:2824}}
Feb 17 02:27:17.677785 np0000155889 nova-scheduler[108836]: DEBUG cotyledon.oslo_config_glue [-] oslo_limit.cafile = None {{(pid=108836) log_opt_values /opt/stack/data/venv/lib/python3.12/site-packages/oslo_config/cfg.py:2824}}
Feb 17 02:27:17.677785 np0000155889 nova-scheduler[108836]: DEBUG cotyledon.oslo_config_glue [-] oslo_limit.certfile = None {{(pid=108836) log_opt_values /opt/stack/data/venv/lib/python3.12/site-packages/oslo_config/cfg.py:2824}}
Feb 17 02:27:17.677785 np0000155889 nova-scheduler[108836]: DEBUG cotyledon.oslo_config_glue [-] oslo_limit.collect_timing = False {{(pid=108836) log_opt_values /opt/stack/data/venv/lib/python3.12/site-packages/oslo_config/cfg.py:2824}}
Feb 17 02:27:17.677785 np0000155889 nova-scheduler[108836]: DEBUG cotyledon.oslo_config_glue [-] oslo_limit.connect_retries = None {{(pid=108836) log_opt_values /opt/stack/data/venv/lib/python3.12/site-packages/oslo_config/cfg.py:2824}}
Feb 17 02:27:17.677785 np0000155889 nova-scheduler[108836]: DEBUG cotyledon.oslo_config_glue [-] oslo_limit.connect_retry_delay = None {{(pid=108836) log_opt_values /opt/stack/data/venv/lib/python3.12/site-packages/oslo_config/cfg.py:2824}}
Feb 17 02:27:17.677785 np0000155889 nova-scheduler[108836]: DEBUG cotyledon.oslo_config_glue [-] oslo_limit.endpoint_id = None {{(pid=108836) log_opt_values /opt/stack/data/venv/lib/python3.12/site-packages/oslo_config/cfg.py:2824}}
Feb 17 02:27:17.677989 np0000155889 nova-scheduler[108836]: DEBUG cotyledon.oslo_config_glue [-] oslo_limit.endpoint_interface = publicURL {{(pid=108836) log_opt_values /opt/stack/data/venv/lib/python3.12/site-packages/oslo_config/cfg.py:2824}}
Feb 17 02:27:17.677989 np0000155889 nova-scheduler[108836]: DEBUG cotyledon.oslo_config_glue [-] oslo_limit.endpoint_override = None {{(pid=108836) log_opt_values /opt/stack/data/venv/lib/python3.12/site-packages/oslo_config/cfg.py:2824}}
Feb 17 02:27:17.677989 np0000155889 nova-scheduler[108836]: DEBUG cotyledon.oslo_config_glue [-] oslo_limit.endpoint_region_name = None {{(pid=108836) log_opt_values /opt/stack/data/venv/lib/python3.12/site-packages/oslo_config/cfg.py:2824}}
Feb 17 02:27:17.677989 np0000155889 nova-scheduler[108836]: DEBUG cotyledon.oslo_config_glue [-] oslo_limit.endpoint_service_name = None {{(pid=108836) log_opt_values /opt/stack/data/venv/lib/python3.12/site-packages/oslo_config/cfg.py:2824}}
Feb 17 02:27:17.677989 np0000155889 nova-scheduler[108836]: DEBUG cotyledon.oslo_config_glue [-] oslo_limit.endpoint_service_type = None {{(pid=108836) log_opt_values /opt/stack/data/venv/lib/python3.12/site-packages/oslo_config/cfg.py:2824}}
Feb 17 02:27:17.677989 np0000155889 nova-scheduler[108836]: DEBUG cotyledon.oslo_config_glue [-] oslo_limit.insecure = False {{(pid=108836) log_opt_values /opt/stack/data/venv/lib/python3.12/site-packages/oslo_config/cfg.py:2824}}
Feb 17 02:27:17.677989 np0000155889 nova-scheduler[108836]: DEBUG cotyledon.oslo_config_glue [-] oslo_limit.keyfile = None {{(pid=108836) log_opt_values /opt/stack/data/venv/lib/python3.12/site-packages/oslo_config/cfg.py:2824}}
Feb 17 02:27:17.677989 np0000155889 nova-scheduler[108836]: DEBUG cotyledon.oslo_config_glue [-] oslo_limit.max_version = None {{(pid=108836) log_opt_values /opt/stack/data/venv/lib/python3.12/site-packages/oslo_config/cfg.py:2824}}
Feb 17 02:27:17.677989 np0000155889 nova-scheduler[108836]: DEBUG cotyledon.oslo_config_glue [-] oslo_limit.min_version = None {{(pid=108836) log_opt_values /opt/stack/data/venv/lib/python3.12/site-packages/oslo_config/cfg.py:2824}}
Feb 17 02:27:17.678241 np0000155889 nova-scheduler[108836]: DEBUG cotyledon.oslo_config_glue [-] oslo_limit.region_name = None {{(pid=108836) log_opt_values /opt/stack/data/venv/lib/python3.12/site-packages/oslo_config/cfg.py:2824}}
Feb 17 02:27:17.678241 np0000155889 nova-scheduler[108836]: DEBUG cotyledon.oslo_config_glue [-] oslo_limit.retriable_status_codes = None {{(pid=108836) log_opt_values /opt/stack/data/venv/lib/python3.12/site-packages/oslo_config/cfg.py:2824}}
Feb 17 02:27:17.678241 np0000155889 nova-scheduler[108836]: DEBUG cotyledon.oslo_config_glue [-] oslo_limit.service_name = None {{(pid=108836) log_opt_values /opt/stack/data/venv/lib/python3.12/site-packages/oslo_config/cfg.py:2824}}
Feb 17 02:27:17.678241 np0000155889 nova-scheduler[108836]: DEBUG cotyledon.oslo_config_glue [-] oslo_limit.service_type = None {{(pid=108836) log_opt_values /opt/stack/data/venv/lib/python3.12/site-packages/oslo_config/cfg.py:2824}}
Feb 17 02:27:17.678241 np0000155889 nova-scheduler[108836]: DEBUG cotyledon.oslo_config_glue [-] oslo_limit.split_loggers = False {{(pid=108836) log_opt_values /opt/stack/data/venv/lib/python3.12/site-packages/oslo_config/cfg.py:2824}}
Feb 17 02:27:17.678241 np0000155889 nova-scheduler[108836]: DEBUG cotyledon.oslo_config_glue [-] oslo_limit.status_code_retries = None {{(pid=108836) log_opt_values /opt/stack/data/venv/lib/python3.12/site-packages/oslo_config/cfg.py:2824}}
Feb 17 02:27:17.678241 np0000155889 nova-scheduler[108836]: DEBUG cotyledon.oslo_config_glue [-] oslo_limit.status_code_retry_delay = None {{(pid=108836) log_opt_values /opt/stack/data/venv/lib/python3.12/site-packages/oslo_config/cfg.py:2824}}
Feb 17 02:27:17.678241 np0000155889 nova-scheduler[108836]: DEBUG cotyledon.oslo_config_glue [-] oslo_limit.timeout = None {{(pid=108836) log_opt_values /opt/stack/data/venv/lib/python3.12/site-packages/oslo_config/cfg.py:2824}}
Feb 17 02:27:17.678241 np0000155889 nova-scheduler[108836]: DEBUG cotyledon.oslo_config_glue [-] oslo_limit.valid_interfaces = None {{(pid=108836) log_opt_values /opt/stack/data/venv/lib/python3.12/site-packages/oslo_config/cfg.py:2824}}
Feb 17 02:27:17.678531 np0000155889 nova-scheduler[108836]: DEBUG cotyledon.oslo_config_glue [-] oslo_limit.version = None {{(pid=108836) log_opt_values /opt/stack/data/venv/lib/python3.12/site-packages/oslo_config/cfg.py:2824}}
Feb 17 02:27:17.678531 np0000155889 nova-scheduler[108836]: DEBUG cotyledon.oslo_config_glue [-] oslo_reports.file_event_handler = None {{(pid=108836) log_opt_values /opt/stack/data/venv/lib/python3.12/site-packages/oslo_config/cfg.py:2824}}
Feb 17 02:27:17.678531 np0000155889 nova-scheduler[108836]: DEBUG cotyledon.oslo_config_glue [-] oslo_reports.file_event_handler_interval = 1 {{(pid=108836) log_opt_values /opt/stack/data/venv/lib/python3.12/site-packages/oslo_config/cfg.py:2824}}
Feb 17 02:27:17.678531 np0000155889 nova-scheduler[108836]: DEBUG cotyledon.oslo_config_glue [-] oslo_reports.log_dir = None {{(pid=108836) log_opt_values /opt/stack/data/venv/lib/python3.12/site-packages/oslo_config/cfg.py:2824}}
Feb 17 02:27:17.678531 np0000155889 nova-scheduler[108836]: DEBUG cotyledon.oslo_config_glue [-] ******************************************************************************** {{(pid=108836) log_opt_values /opt/stack/data/venv/lib/python3.12/site-packages/oslo_config/cfg.py:2828}}
Feb 17 02:27:17.678531 np0000155889 nova-scheduler[108836]: DEBUG cotyledon._service_worker [-] Run service ServiceWrapper(3) [108836] {{(pid=108836) wait_forever /opt/stack/data/venv/lib/python3.12/site-packages/cotyledon/_service_worker.py:218}}
Feb 17 02:27:17.678531 np0000155889 nova-scheduler[108836]: INFO nova.service [-] Starting scheduler node (version 32.1.0)
Feb 17 02:27:17.678787 np0000155889 nova-scheduler[108827]: INFO dbcounter [None req-4a26b235-1284-43d6-92b3-ee063ba54fc3 None None] Registered counter for database nova_cell0
Feb 17 02:27:17.678831 np0000155889 nova-scheduler[108813]: DEBUG nova.service [None req-24cca752-a2f3-45a2-9e22-e9441254533c None None] Creating RPC server for service scheduler {{(pid=108813) start /opt/stack/nova/nova/service.py:177}}
Feb 17 02:27:17.678878 np0000155889 nova-scheduler[108836]: INFO dbcounter [None req-c5ec326d-702b-47d3-ab24-38f771d652db None None] Registered counter for database nova_cell0
Feb 17 02:27:17.678914 np0000155889 nova-scheduler[108827]: DEBUG oslo_db.sqlalchemy.engines [None req-4a26b235-1284-43d6-92b3-ee063ba54fc3 None None] MySQL server mode set to STRICT_TRANS_TABLES,STRICT_ALL_TABLES,NO_ZERO_IN_DATE,NO_ZERO_DATE,ERROR_FOR_DIVISION_BY_ZERO,TRADITIONAL,NO_ENGINE_SUBSTITUTION {{(pid=108827) _check_effective_sql_mode /opt/stack/data/venv/lib/python3.12/site-packages/oslo_db/sqlalchemy/engines.py:325}}
Feb 17 02:27:17.678952 np0000155889 nova-scheduler[108820]: DEBUG nova.service [None req-cd471532-60d1-420b-bb38-9c8ab0073704 None None] Creating RPC server for service scheduler {{(pid=108820) start /opt/stack/nova/nova/service.py:177}}
Feb 17 02:27:17.678987 np0000155889 nova-scheduler[108836]: DEBUG oslo_db.sqlalchemy.engines [None req-c5ec326d-702b-47d3-ab24-38f771d652db None None] MySQL server mode set to STRICT_TRANS_TABLES,STRICT_ALL_TABLES,NO_ZERO_IN_DATE,NO_ZERO_DATE,ERROR_FOR_DIVISION_BY_ZERO,TRADITIONAL,NO_ENGINE_SUBSTITUTION {{(pid=108836) _check_effective_sql_mode /opt/stack/data/venv/lib/python3.12/site-packages/oslo_db/sqlalchemy/engines.py:325}}
Feb 17 02:27:17.679028 np0000155889 nova-scheduler[108827]: DEBUG dbcounter [-] [108827] Writer thread running {{(pid=108827) stat_writer /opt/stack/data/venv/lib/python3.12/site-packages/dbcounter.py:102}}
Feb 17 02:27:17.679063 np0000155889 nova-scheduler[108836]: DEBUG dbcounter [-] [108836] Writer thread running {{(pid=108836) stat_writer /opt/stack/data/venv/lib/python3.12/site-packages/dbcounter.py:102}}
Feb 17 02:27:17.679100 np0000155889 nova-scheduler[108827]: DEBUG nova.service [None req-4a26b235-1284-43d6-92b3-ee063ba54fc3 None None] Creating RPC server for service scheduler {{(pid=108827) start /opt/stack/nova/nova/service.py:177}}
Feb 17 02:27:17.679135 np0000155889 nova-scheduler[108813]: DEBUG nova.service [None req-24cca752-a2f3-45a2-9e22-e9441254533c None None] Join ServiceGroup membership for this service scheduler {{(pid=108813) start /opt/stack/nova/nova/service.py:194}}
Feb 17 02:27:17.679135 np0000155889 nova-scheduler[108813]: DEBUG nova.servicegroup.drivers.db [None req-24cca752-a2f3-45a2-9e22-e9441254533c None None] DB_Driver: join new ServiceGroup member np0000155889 to the scheduler group, service = {{(pid=108813) join /opt/stack/nova/nova/servicegroup/drivers/db.py:44}}
Feb 17 02:27:17.679210 np0000155889 nova-scheduler[108820]: DEBUG nova.service [None req-cd471532-60d1-420b-bb38-9c8ab0073704 None None] Join ServiceGroup membership for this service scheduler {{(pid=108820) start /opt/stack/nova/nova/service.py:194}}
Feb 17 02:27:17.679210 np0000155889 nova-scheduler[108820]: DEBUG nova.servicegroup.drivers.db [None req-cd471532-60d1-420b-bb38-9c8ab0073704 None None] DB_Driver: join new ServiceGroup member np0000155889 to the scheduler group, service = {{(pid=108820) join /opt/stack/nova/nova/servicegroup/drivers/db.py:44}}
Feb 17 02:27:17.679277 np0000155889 nova-scheduler[108836]: DEBUG nova.service [None req-c5ec326d-702b-47d3-ab24-38f771d652db None None] Creating RPC server for service scheduler {{(pid=108836) start /opt/stack/nova/nova/service.py:177}}
Feb 17 02:27:17.682339 np0000155889 nova-scheduler[108836]: DEBUG nova.service [None req-c5ec326d-702b-47d3-ab24-38f771d652db None None] Join ServiceGroup membership for this service scheduler {{(pid=108836) start /opt/stack/nova/nova/service.py:194}}
Feb 17 02:27:17.682569 np0000155889 nova-scheduler[108836]: DEBUG nova.servicegroup.drivers.db [None req-c5ec326d-702b-47d3-ab24-38f771d652db None None] DB_Driver: join new ServiceGroup member np0000155889 to the scheduler group, service = {{(pid=108836) join /opt/stack/nova/nova/servicegroup/drivers/db.py:44}}
Feb 17 02:27:17.682694 np0000155889 nova-scheduler[108827]: DEBUG nova.service [None req-4a26b235-1284-43d6-92b3-ee063ba54fc3 None None] Join ServiceGroup membership for this service scheduler {{(pid=108827) start /opt/stack/nova/nova/service.py:194}}
Feb 17 02:27:17.683073 np0000155889 nova-scheduler[108827]: DEBUG nova.servicegroup.drivers.db [None req-4a26b235-1284-43d6-92b3-ee063ba54fc3 None None] DB_Driver: join new ServiceGroup member np0000155889 to the scheduler group, service = {{(pid=108827) join /opt/stack/nova/nova/servicegroup/drivers/db.py:44}}
Feb 17 02:27:22.720674 np0000155889 nova-scheduler[108813]: DEBUG oslo.service.backend._threading.loopingcall [-] Fixed interval looping call 'nova.servicegroup.drivers.db.DbDriver._report_state' sleeping for 119.94 seconds {{(pid=108813) _run_loop /opt/stack/data/venv/lib/python3.12/site-packages/oslo_service/backend/_threading/loopingcall.py:125}}
Feb 17 02:27:22.723233 np0000155889 nova-scheduler[108820]: DEBUG oslo.service.backend._threading.loopingcall [-] Fixed interval looping call 'nova.servicegroup.drivers.db.DbDriver._report_state' sleeping for 119.94 seconds {{(pid=108820) _run_loop /opt/stack/data/venv/lib/python3.12/site-packages/oslo_service/backend/_threading/loopingcall.py:125}}
Feb 17 02:27:22.723694 np0000155889 nova-scheduler[108827]: DEBUG oslo.service.backend._threading.loopingcall [-] Fixed interval looping call 'nova.servicegroup.drivers.db.DbDriver._report_state' sleeping for 119.96 seconds {{(pid=108827) _run_loop /opt/stack/data/venv/lib/python3.12/site-packages/oslo_service/backend/_threading/loopingcall.py:125}}
Feb 17 02:27:22.724358 np0000155889 nova-scheduler[108836]: DEBUG oslo.service.backend._threading.loopingcall [-] Fixed interval looping call 'nova.servicegroup.drivers.db.DbDriver._report_state' sleeping for 119.96 seconds {{(pid=108836) _run_loop /opt/stack/data/venv/lib/python3.12/site-packages/oslo_service/backend/_threading/loopingcall.py:125}}
Feb 17 02:27:26.258338 np0000155889 nova-scheduler[108093]: DEBUG dbcounter [-] [108093] Writing DB stats nova_api:SELECT=3 {{(pid=108093) stat_writer /opt/stack/data/venv/lib/python3.12/site-packages/dbcounter.py:115}}
Feb 17 02:27:26.360779 np0000155889 nova-scheduler[108093]: DEBUG dbcounter [-] [108093] Writing DB stats nova_cell0:SELECT=1 {{(pid=108093) stat_writer /opt/stack/data/venv/lib/python3.12/site-packages/dbcounter.py:115}}
Feb 17 02:27:26.368423 np0000155889 nova-scheduler[108093]: DEBUG dbcounter [-] [108093] Writing DB stats nova_cell1:SELECT=1 {{(pid=108093) stat_writer /opt/stack/data/venv/lib/python3.12/site-packages/dbcounter.py:115}}
Feb 17 02:27:32.670597 np0000155889 nova-scheduler[108813]: DEBUG dbcounter [-] [108813] Writing DB stats nova_cell0:SELECT=4,nova_cell0:INSERT=1,nova_cell0:UPDATE=1 {{(pid=108813) stat_writer /opt/stack/data/venv/lib/python3.12/site-packages/dbcounter.py:115}}
Feb 17 02:27:32.673959 np0000155889 nova-scheduler[108820]: DEBUG dbcounter [-] [108820] Writing DB stats nova_cell0:SELECT=5,nova_cell0:INSERT=1,nova_cell0:UPDATE=1 {{(pid=108820) stat_writer /opt/stack/data/venv/lib/python3.12/site-packages/dbcounter.py:115}}
Feb 17 02:27:32.710070 np0000155889 nova-scheduler[108827]: DEBUG dbcounter [-] [108827] Writing DB stats nova_cell0:SELECT=3,nova_cell0:UPDATE=1 {{(pid=108827) stat_writer /opt/stack/data/venv/lib/python3.12/site-packages/dbcounter.py:115}}
Feb 17 02:27:32.722180 np0000155889 nova-scheduler[108836]: DEBUG dbcounter [-] [108836] Writing DB stats nova_cell0:SELECT=3,nova_cell0:UPDATE=1 {{(pid=108836) stat_writer /opt/stack/data/venv/lib/python3.12/site-packages/dbcounter.py:115}}
Feb 17 02:27:48.660057 np0000155889 nova-scheduler[108813]: DEBUG oslo.service.backend._threading.loopingcall [None req-bf330875-74f7-41b8-9bd1-becc1737f93a None None] Dynamic interval looping call 'nova.service.Service.periodic_tasks' sleeping for 60.00 seconds {{(pid=108813) _run_loop /opt/stack/data/venv/lib/python3.12/site-packages/oslo_service/backend/_threading/loopingcall.py:125}}
Feb 17 02:28:12.662138 np0000155889 nova-scheduler[108820]: DEBUG oslo.service.backend._threading.loopingcall [None req-75625ffc-12aa-4a17-96c9-b90fbbd90758 None None] Dynamic interval looping call 'nova.service.Service.periodic_tasks' sleeping for 60.00 seconds {{(pid=108820) _run_loop /opt/stack/data/venv/lib/python3.12/site-packages/oslo_service/backend/_threading/loopingcall.py:125}}
Feb 17 02:28:13.685148 np0000155889 nova-scheduler[108836]: DEBUG oslo.service.backend._threading.loopingcall [None req-0cacfe23-d0b3-4266-ab84-de3c2e19b489 None None] Dynamic interval looping call 'nova.service.Service.periodic_tasks' sleeping for 60.00 seconds {{(pid=108836) _run_loop /opt/stack/data/venv/lib/python3.12/site-packages/oslo_service/backend/_threading/loopingcall.py:125}}
Feb 17 02:28:16.687242 np0000155889 nova-scheduler[108827]: DEBUG oslo.service.backend._threading.loopingcall [None req-c1d1d202-ed84-40a5-8cea-9c8de406ba09 None None] Dynamic interval looping call 'nova.service.Service.periodic_tasks' sleeping for 60.00 seconds {{(pid=108827) _run_loop /opt/stack/data/venv/lib/python3.12/site-packages/oslo_service/backend/_threading/loopingcall.py:125}}
Feb 17 02:28:48.660950 np0000155889 nova-scheduler[108813]: DEBUG oslo.service.backend._threading.loopingcall [None req-bf330875-74f7-41b8-9bd1-becc1737f93a None None] Dynamic interval looping call 'nova.service.Service.periodic_tasks' sleeping for 60.00 seconds {{(pid=108813) _run_loop /opt/stack/data/venv/lib/python3.12/site-packages/oslo_service/backend/_threading/loopingcall.py:125}}
Feb 17 02:29:12.662674 np0000155889 nova-scheduler[108820]: DEBUG oslo.service.backend._threading.loopingcall [None req-75625ffc-12aa-4a17-96c9-b90fbbd90758 None None] Dynamic interval looping call 'nova.service.Service.periodic_tasks' sleeping for 60.00 seconds {{(pid=108820) _run_loop /opt/stack/data/venv/lib/python3.12/site-packages/oslo_service/backend/_threading/loopingcall.py:125}}
Feb 17 02:29:13.686048 np0000155889 nova-scheduler[108836]: DEBUG oslo.service.backend._threading.loopingcall [None req-0cacfe23-d0b3-4266-ab84-de3c2e19b489 None None] Dynamic interval looping call 'nova.service.Service.periodic_tasks' sleeping for 60.00 seconds {{(pid=108836) _run_loop /opt/stack/data/venv/lib/python3.12/site-packages/oslo_service/backend/_threading/loopingcall.py:125}}
Feb 17 02:29:16.687991 np0000155889 nova-scheduler[108827]: DEBUG oslo.service.backend._threading.loopingcall [None req-c1d1d202-ed84-40a5-8cea-9c8de406ba09 None None] Dynamic interval looping call 'nova.service.Service.periodic_tasks' sleeping for 60.00 seconds {{(pid=108827) _run_loop /opt/stack/data/venv/lib/python3.12/site-packages/oslo_service/backend/_threading/loopingcall.py:125}}
Feb 17 02:29:22.675021 np0000155889 nova-scheduler[108813]: DEBUG oslo.service.backend._threading.loopingcall [-] Fixed interval looping call 'nova.servicegroup.drivers.db.DbDriver._report_state' sleeping for 119.99 seconds {{(pid=108813) _run_loop /opt/stack/data/venv/lib/python3.12/site-packages/oslo_service/backend/_threading/loopingcall.py:125}}
Feb 17 02:29:22.676171 np0000155889 nova-scheduler[108820]: DEBUG oslo.service.backend._threading.loopingcall [-] Fixed interval looping call 'nova.servicegroup.drivers.db.DbDriver._report_state' sleeping for 119.99 seconds {{(pid=108820) _run_loop /opt/stack/data/venv/lib/python3.12/site-packages/oslo_service/backend/_threading/loopingcall.py:125}}
Feb 17 02:29:22.687874 np0000155889 nova-scheduler[108827]: DEBUG oslo.service.backend._threading.loopingcall [-] Fixed interval looping call 'nova.servicegroup.drivers.db.DbDriver._report_state' sleeping for 120.00 seconds {{(pid=108827) _run_loop /opt/stack/data/venv/lib/python3.12/site-packages/oslo_service/backend/_threading/loopingcall.py:125}}
Feb 17 02:29:22.688446 np0000155889 nova-scheduler[108836]: DEBUG oslo.service.backend._threading.loopingcall [-] Fixed interval looping call 'nova.servicegroup.drivers.db.DbDriver._report_state' sleeping for 120.00 seconds {{(pid=108836) _run_loop /opt/stack/data/venv/lib/python3.12/site-packages/oslo_service/backend/_threading/loopingcall.py:125}}
Feb 17 02:29:32.666758 np0000155889 nova-scheduler[108813]: DEBUG dbcounter [-] [108813] Writing DB stats nova_cell0:SELECT=1,nova_cell0:UPDATE=1 {{(pid=108813) stat_writer /opt/stack/data/venv/lib/python3.12/site-packages/dbcounter.py:115}}
Feb 17 02:29:32.668952 np0000155889 nova-scheduler[108820]: DEBUG dbcounter [-] [108820] Writing DB stats nova_cell0:SELECT=1,nova_cell0:UPDATE=1 {{(pid=108820) stat_writer /opt/stack/data/venv/lib/python3.12/site-packages/dbcounter.py:115}}
Feb 17 02:29:32.685852 np0000155889 nova-scheduler[108827]: DEBUG dbcounter [-] [108827] Writing DB stats nova_cell0:SELECT=1 {{(pid=108827) stat_writer /opt/stack/data/venv/lib/python3.12/site-packages/dbcounter.py:115}}
Feb 17 02:29:32.686695 np0000155889 nova-scheduler[108836]: DEBUG dbcounter [-] [108836] Writing DB stats nova_cell0:SELECT=1 {{(pid=108836) stat_writer /opt/stack/data/venv/lib/python3.12/site-packages/dbcounter.py:115}}
Feb 17 02:29:48.662099 np0000155889 nova-scheduler[108813]: DEBUG oslo.service.backend._threading.loopingcall [None req-bf330875-74f7-41b8-9bd1-becc1737f93a None None] Dynamic interval looping call 'nova.service.Service.periodic_tasks' sleeping for 60.00 seconds {{(pid=108813) _run_loop /opt/stack/data/venv/lib/python3.12/site-packages/oslo_service/backend/_threading/loopingcall.py:125}}
Feb 17 02:30:12.663429 np0000155889 nova-scheduler[108820]: DEBUG oslo.service.backend._threading.loopingcall [None req-75625ffc-12aa-4a17-96c9-b90fbbd90758 None None] Dynamic interval looping call 'nova.service.Service.periodic_tasks' sleeping for 60.00 seconds {{(pid=108820) _run_loop /opt/stack/data/venv/lib/python3.12/site-packages/oslo_service/backend/_threading/loopingcall.py:125}}
Feb 17 02:30:13.686582 np0000155889 nova-scheduler[108836]: DEBUG oslo.service.backend._threading.loopingcall [None req-0cacfe23-d0b3-4266-ab84-de3c2e19b489 None None] Dynamic interval looping call 'nova.service.Service.periodic_tasks' sleeping for 60.00 seconds {{(pid=108836) _run_loop /opt/stack/data/venv/lib/python3.12/site-packages/oslo_service/backend/_threading/loopingcall.py:125}}
Feb 17 02:30:16.688903 np0000155889 nova-scheduler[108827]: DEBUG oslo.service.backend._threading.loopingcall [None req-c1d1d202-ed84-40a5-8cea-9c8de406ba09 None None] Dynamic interval looping call 'nova.service.Service.periodic_tasks' sleeping for 60.00 seconds {{(pid=108827) _run_loop /opt/stack/data/venv/lib/python3.12/site-packages/oslo_service/backend/_threading/loopingcall.py:125}}
Feb 17 02:30:48.662864 np0000155889 nova-scheduler[108813]: DEBUG oslo.service.backend._threading.loopingcall [None req-bf330875-74f7-41b8-9bd1-becc1737f93a None None] Dynamic interval looping call 'nova.service.Service.periodic_tasks' sleeping for 60.00 seconds {{(pid=108813) _run_loop /opt/stack/data/venv/lib/python3.12/site-packages/oslo_service/backend/_threading/loopingcall.py:125}}
Feb 17 02:31:12.665268 np0000155889 nova-scheduler[108820]: DEBUG oslo.service.backend._threading.loopingcall [None req-75625ffc-12aa-4a17-96c9-b90fbbd90758 None None] Dynamic interval looping call 'nova.service.Service.periodic_tasks' sleeping for 60.00 seconds {{(pid=108820) _run_loop /opt/stack/data/venv/lib/python3.12/site-packages/oslo_service/backend/_threading/loopingcall.py:125}}
Feb 17 02:31:13.687370 np0000155889 nova-scheduler[108836]: DEBUG oslo.service.backend._threading.loopingcall [None req-0cacfe23-d0b3-4266-ab84-de3c2e19b489 None None] Dynamic interval looping call 'nova.service.Service.periodic_tasks' sleeping for 60.00 seconds {{(pid=108836) _run_loop /opt/stack/data/venv/lib/python3.12/site-packages/oslo_service/backend/_threading/loopingcall.py:125}}
Feb 17 02:31:16.689757 np0000155889 nova-scheduler[108827]: DEBUG oslo.service.backend._threading.loopingcall [None req-c1d1d202-ed84-40a5-8cea-9c8de406ba09 None None] Dynamic interval looping call 'nova.service.Service.periodic_tasks' sleeping for 60.00 seconds {{(pid=108827) _run_loop /opt/stack/data/venv/lib/python3.12/site-packages/oslo_service/backend/_threading/loopingcall.py:125}}
Feb 17 02:31:22.679024 np0000155889 nova-scheduler[108820]: DEBUG oslo.service.backend._threading.loopingcall [-] Fixed interval looping call 'nova.servicegroup.drivers.db.DbDriver._report_state' sleeping for 119.99 seconds {{(pid=108820) _run_loop /opt/stack/data/venv/lib/python3.12/site-packages/oslo_service/backend/_threading/loopingcall.py:125}}
Feb 17 02:31:22.679494 np0000155889 nova-scheduler[108813]: DEBUG oslo.service.backend._threading.loopingcall [-] Fixed interval looping call 'nova.servicegroup.drivers.db.DbDriver._report_state' sleeping for 119.99 seconds {{(pid=108813) _run_loop /opt/stack/data/venv/lib/python3.12/site-packages/oslo_service/backend/_threading/loopingcall.py:125}}
