2026-04-14 07:06:42.890 8 INFO placement.requestlog [None req-cdfb5129-9ec8-4d05-9324-4b71d1b71acd a9e8628778134410b7ceba6d21a9e56e c6adb0dd6483440a82c45f0d6072e1d8 - - a4328567bc7c4129b7d33f8c091db4e9 a4328567bc7c4129b7d33f8c091db4e9] 10.0.0.171 "DELETE /resource_providers/66716462-65ab-4d52-90a6-7b76597649a3" status: 404 len: 246 microversion: 1.1 [pid: 8|app: 0|req: 269/533] 10.0.0.171 () {34 vars in 816 bytes} [Tue Apr 14 07:06:42 2026] DELETE /resource_providers/66716462-65ab-4d52-90a6-7b76597649a3 => generated 246 bytes in 11 msecs (HTTP/1.1 404) 6 headers in 231 bytes (1 switches on core 0)
2026-04-14 07:06:42.903 7 INFO placement.requestlog [None req-0bf4a796-f3cd-4b85-873b-1b9f95d2e944 a9e8628778134410b7ceba6d21a9e56e c6adb0dd6483440a82c45f0d6072e1d8 - - a4328567bc7c4129b7d33f8c091db4e9 a4328567bc7c4129b7d33f8c091db4e9] 10.0.0.171 "DELETE /resource_providers/66716462-65ab-4d52-90a6-7b76597649a3" status: 404 len: 246 microversion: 1.1 [pid: 7|app: 0|req: 265/534] 10.0.0.171 () {34 vars in 816 bytes} [Tue Apr 14 07:06:42 2026] DELETE /resource_providers/66716462-65ab-4d52-90a6-7b76597649a3 => generated 246 bytes in 12 msecs (HTTP/1.1 404) 6 headers in 231 bytes (1 switches on core 0)
2026-04-14 07:06:45.023 8 INFO placement.requestlog [req-b49d8c2a-1484-4a82-accf-08554ac892ef req-7d72600c-c416-4f94-bcb1-273c804bed3b 187517b403344cbb92661db0ee7f7999 c6adb0dd6483440a82c45f0d6072e1d8 - - a4328567bc7c4129b7d33f8c091db4e9 a4328567bc7c4129b7d33f8c091db4e9] 199.204.45.132 "GET /resource_providers/9b722e47-9327-47f6-871a-374436b08c64/allocations" status: 200 len: 152 microversion: 1.0 [pid: 8|app: 0|req: 270/535] 199.204.45.132 () {32 vars in 857 bytes} [Tue Apr 14 07:06:45 2026] GET /resource_providers/9b722e47-9327-47f6-871a-374436b08c64/allocations => generated 152 bytes in 17 msecs (HTTP/1.1 200) 6 headers in 224 bytes (1 switches on core 0)
2026-04-14 07:06:45.059 7 INFO placement.requestlog [req-b49d8c2a-1484-4a82-accf-08554ac892ef req-46a255f3-36e5-4f5f-aac4-50acfd0b6db8 187517b403344cbb92661db0ee7f7999 c6adb0dd6483440a82c45f0d6072e1d8 - - a4328567bc7c4129b7d33f8c091db4e9 a4328567bc7c4129b7d33f8c091db4e9] 199.204.45.132 "GET /resource_providers/9b722e47-9327-47f6-871a-374436b08c64/allocations" status: 200 len: 152 microversion: 1.0 [pid: 7|app: 0|req: 266/536] 199.204.45.132 () {32 vars in 857 bytes} [Tue Apr 14 07:06:45 2026] GET /resource_providers/9b722e47-9327-47f6-871a-374436b08c64/allocations => generated 152 bytes in 27 msecs (HTTP/1.1 200) 6 headers in 224 bytes (1 switches on core 0)
2026-04-14 07:06:45.085 8 INFO placement.requestlog [req-b49d8c2a-1484-4a82-accf-08554ac892ef req-ef9f85e9-6ef0-4585-aa93-93be001db601 187517b403344cbb92661db0ee7f7999 c6adb0dd6483440a82c45f0d6072e1d8 - - a4328567bc7c4129b7d33f8c091db4e9 a4328567bc7c4129b7d33f8c091db4e9] 199.204.45.132 "GET /allocations/b47d864a-3b4f-46f0-86fd-8f6981872c53" status: 200 len: 257 microversion: 1.28 [pid: 8|app: 0|req: 271/537] 199.204.45.132 () {34 vars in 863 bytes} [Tue Apr 14 07:06:45 2026] GET /allocations/b47d864a-3b4f-46f0-86fd-8f6981872c53 => generated 257 bytes in 20 msecs (HTTP/1.1 200) 8 headers in 296 bytes (1 switches on core 0)
2026-04-14 07:06:46.374 7 INFO placement.requestlog [None req-bbba05a8-8805-466f-90ed-7d3944aaefb0 - - - - - -] 10.0.0.77 "GET /" status: 200 len: 136 microversion: 1.0
2026-04-14 07:06:46.374 8 INFO placement.requestlog [None req-c2a176ca-108a-4fb1-9388-e4f7eeefb2db - - - - - -] 10.0.0.77 "GET /" status: 200 len: 136 microversion: 1.0
2026-04-14 07:06:54.119 7 INFO placement.requestlog [None req-9b7e0a82-a8e5-4137-beed-e619a0721829 a9e8628778134410b7ceba6d21a9e56e c6adb0dd6483440a82c45f0d6072e1d8 - - a4328567bc7c4129b7d33f8c091db4e9 a4328567bc7c4129b7d33f8c091db4e9] 10.0.0.171 "GET /resource_providers/7e3e731e-d689-4e85-9301-59d5ff641fab/aggregates" status: 404 len: 235 microversion: 1.1 [pid: 7|app: 0|req: 268/540] 10.0.0.171 () {32 vars in 816 bytes} [Tue Apr 14 07:06:54 2026] GET /resource_providers/7e3e731e-d689-4e85-9301-59d5ff641fab/aggregates => generated 235 bytes in 11 msecs (HTTP/1.1 404) 5 headers in 202 bytes (1 switches on core 0)
2026-04-14 07:06:54.124 8 INFO placement.requestlog [None req-b0ef1b89-8726-4c0c-b1c3-9cc10fbfa353 a9e8628778134410b7ceba6d21a9e56e c6adb0dd6483440a82c45f0d6072e1d8 - - a4328567bc7c4129b7d33f8c091db4e9 a4328567bc7c4129b7d33f8c091db4e9] 10.0.0.171 "GET /resource_providers/7e3e731e-d689-4e85-9301-59d5ff641fab/aggregates" status: 404 len: 235 microversion: 1.1 [pid: 8|app: 0|req: 273/541] 10.0.0.171 () {32 vars in 816 bytes} [Tue Apr 14 07:06:54 2026] GET /resource_providers/7e3e731e-d689-4e85-9301-59d5ff641fab/aggregates => generated 235 bytes in 17 msecs (HTTP/1.1 404) 5 headers in 202 bytes (1 switches on core 0)
2026-04-14 07:06:54.141 7 INFO placement.requestlog [None req-c557dfe6-d644-4a8a-820c-a9c1130f9168 a9e8628778134410b7ceba6d21a9e56e c6adb0dd6483440a82c45f0d6072e1d8 - - a4328567bc7c4129b7d33f8c091db4e9 a4328567bc7c4129b7d33f8c091db4e9] 10.0.0.171 "DELETE /resource_providers/7e3e731e-d689-4e85-9301-59d5ff641fab" status: 404 len: 246 microversion: 1.1 [pid: 7|app: 0|req: 269/542] 10.0.0.171 () {34 vars in 816 bytes} [Tue Apr 14 07:06:54 2026] DELETE /resource_providers/7e3e731e-d689-4e85-9301-59d5ff641fab => generated 246 bytes in 10 msecs (HTTP/1.1 404) 6 headers in 231 bytes (1 switches on core 0)
2026-04-14 07:06:54.145 8 INFO placement.requestlog [None req-87c19235-f23b-4e11-a8d3-9598316e3fdd a9e8628778134410b7ceba6d21a9e56e c6adb0dd6483440a82c45f0d6072e1d8 - - a4328567bc7c4129b7d33f8c091db4e9 a4328567bc7c4129b7d33f8c091db4e9] 10.0.0.171 "DELETE /resource_providers/7e3e731e-d689-4e85-9301-59d5ff641fab" status: 404 len: 246 microversion: 1.1 [pid: 8|app: 0|req: 274/543] 10.0.0.171 () {34 vars in 816 bytes} [Tue Apr 14 07:06:54 2026] DELETE /resource_providers/7e3e731e-d689-4e85-9301-59d5ff641fab => generated 246 bytes in 14 msecs (HTTP/1.1 404) 6 headers in 231 bytes (1 switches on core 0)
2026-04-14 07:06:54.256 7 INFO placement.requestlog [req-abf4edf0-92e9-4b5e-9f20-75ca6eb7e521 req-62c981e0-32a6-45ae-80fd-4bbb3c01363d 187517b403344cbb92661db0ee7f7999 c6adb0dd6483440a82c45f0d6072e1d8 - - a4328567bc7c4129b7d33f8c091db4e9 a4328567bc7c4129b7d33f8c091db4e9] 10.0.0.20 "GET /allocation_candidates?limit=1000&resources=DISK_GB%3A1%2CMEMORY_MB%3A512%2CVCPU%3A1&root_required=%21COMPUTE_STATUS_DISABLED" status: 200 len: 2783 microversion: 1.36 [pid: 7|app: 0|req: 270/544] 10.0.0.20 () {34 vars in 1011 bytes} [Tue Apr 14 07:06:54 2026] GET /allocation_candidates?limit=1000&resources=DISK_GB%3A1%2CMEMORY_MB%3A512%2CVCPU%3A1&root_required=%21COMPUTE_STATUS_DISABLED => generated 2783 bytes in 56 msecs (HTTP/1.1 200) 8 headers in 297 bytes (1 switches on core 0)
2026-04-14 07:06:54.289 8 INFO placement.requestlog [req-abf4edf0-92e9-4b5e-9f20-75ca6eb7e521 req-6d207cfc-2395-4533-8afe-ded4cebc5248 187517b403344cbb92661db0ee7f7999 c6adb0dd6483440a82c45f0d6072e1d8 - - a4328567bc7c4129b7d33f8c091db4e9 a4328567bc7c4129b7d33f8c091db4e9] 10.0.0.20 "GET /allocations/97815148-48cc-4d91-807f-2ee2baf89c49" status: 200 len: 19 microversion: 1.28 [pid: 8|app: 0|req: 275/545] 10.0.0.20 () {34 vars in 860 bytes} [Tue Apr 14 07:06:54 2026] GET /allocations/97815148-48cc-4d91-807f-2ee2baf89c49 => generated 19 bytes in 12 msecs (HTTP/1.1 200) 8 headers in 295 bytes (1 switches on core 0)
2026-04-14 07:06:54.372 7 INFO placement.requestlog [req-abf4edf0-92e9-4b5e-9f20-75ca6eb7e521 req-a27c195d-5c36-4331-b0dd-8d8701b98ad2 187517b403344cbb92661db0ee7f7999 c6adb0dd6483440a82c45f0d6072e1d8 - - a4328567bc7c4129b7d33f8c091db4e9 a4328567bc7c4129b7d33f8c091db4e9] 10.0.0.20 "PUT /allocations/97815148-48cc-4d91-807f-2ee2baf89c49" status: 204 len: 0 microversion: 1.36 [pid: 7|app: 0|req: 271/546] 10.0.0.20 () {38 vars in 913 bytes} [Tue Apr 14 07:06:54 2026] PUT /allocations/97815148-48cc-4d91-807f-2ee2baf89c49 => generated 0 bytes in 74 msecs (HTTP/1.1 204) 5 headers in 199 bytes (1 switches on core 0)
2026-04-14 07:06:55.929 8 INFO placement.requestlog [req-abf4edf0-92e9-4b5e-9f20-75ca6eb7e521 req-84b014fc-1af3-4c3e-914d-ab69baeb67df 187517b403344cbb92661db0ee7f7999 c6adb0dd6483440a82c45f0d6072e1d8 - - a4328567bc7c4129b7d33f8c091db4e9 a4328567bc7c4129b7d33f8c091db4e9] 199.204.45.132 "GET /allocations/97815148-48cc-4d91-807f-2ee2baf89c49" status: 200 len: 257 microversion: 1.28 [pid: 8|app: 0|req: 276/547] 199.204.45.132 () {34 vars in 863 bytes} [Tue Apr 14 07:06:55 2026] GET /allocations/97815148-48cc-4d91-807f-2ee2baf89c49 => generated 257 bytes in 14 msecs (HTTP/1.1 200) 8 headers in 296 bytes (1 switches on core 0)
2026-04-14 07:06:56.163 7 INFO placement.requestlog [None req-0f848d1e-36a2-45d2-b898-02730aca3563 a9e8628778134410b7ceba6d21a9e56e c6adb0dd6483440a82c45f0d6072e1d8 - - a4328567bc7c4129b7d33f8c091db4e9 a4328567bc7c4129b7d33f8c091db4e9] 10.0.0.171 "GET /resource_providers/1e32de98-c42c-48f7-af38-e09ed2e8c0b2/aggregates" status: 404 len: 235 microversion: 1.1 [pid: 7|app: 0|req: 272/548] 10.0.0.171 () {32 vars in 816 bytes} [Tue Apr 14 07:06:56 2026] GET /resource_providers/1e32de98-c42c-48f7-af38-e09ed2e8c0b2/aggregates => generated 235 bytes in 10 msecs (HTTP/1.1 404) 5 headers in 202 bytes (1 switches on core 0)
2026-04-14 07:06:56.172 8 INFO placement.requestlog [None req-71929b7c-bf4d-47aa-84e9-4af98aa5a695 a9e8628778134410b7ceba6d21a9e56e c6adb0dd6483440a82c45f0d6072e1d8 - - a4328567bc7c4129b7d33f8c091db4e9 a4328567bc7c4129b7d33f8c091db4e9] 10.0.0.171 "GET /resource_providers/1e32de98-c42c-48f7-af38-e09ed2e8c0b2/aggregates" status: 404 len: 235 microversion: 1.1 [pid: 8|app: 0|req: 277/549] 10.0.0.171 () {32 vars in 816 bytes} [Tue Apr 14 07:06:56 2026] GET /resource_providers/1e32de98-c42c-48f7-af38-e09ed2e8c0b2/aggregates => generated 235 bytes in 12 msecs (HTTP/1.1 404) 5 headers in 202 bytes (1 switches on core 0)
2026-04-14 07:06:56.181 7 INFO placement.requestlog [None req-8f5f047c-a502-49bd-bddd-01cb07f1be26 a9e8628778134410b7ceba6d21a9e56e c6adb0dd6483440a82c45f0d6072e1d8 - - a4328567bc7c4129b7d33f8c091db4e9 a4328567bc7c4129b7d33f8c091db4e9] 10.0.0.171 "DELETE /resource_providers/1e32de98-c42c-48f7-af38-e09ed2e8c0b2" status: 404 len: 246 microversion: 1.1 [pid: 7|app: 0|req: 273/550] 10.0.0.171 () {34 vars in 816 bytes} [Tue Apr 14 07:06:56 2026] DELETE /resource_providers/1e32de98-c42c-48f7-af38-e09ed2e8c0b2 => generated 246 bytes in 9 msecs (HTTP/1.1 404) 6 headers in 231 bytes (1 switches on core 0)
2026-04-14 07:06:56.192 8 INFO placement.requestlog [None req-f3e1465d-0f6d-4f92-aa6c-3b03172ce773 a9e8628778134410b7ceba6d21a9e56e c6adb0dd6483440a82c45f0d6072e1d8 - - a4328567bc7c4129b7d33f8c091db4e9 a4328567bc7c4129b7d33f8c091db4e9] 10.0.0.171 "DELETE /resource_providers/1e32de98-c42c-48f7-af38-e09ed2e8c0b2" status: 404 len: 246 microversion: 1.1 [pid: 8|app: 0|req: 278/551] 10.0.0.171 () {34 vars in 816 bytes} [Tue Apr 14 07:06:56 2026] DELETE /resource_providers/1e32de98-c42c-48f7-af38-e09ed2e8c0b2 => generated 246 bytes in 12 msecs (HTTP/1.1 404) 6 headers in 231 bytes (1 switches on core 0)
2026-04-14 07:06:56.376 8 INFO placement.requestlog [None req-dc69bbc7-772f-4ec7-80c6-3492e7063d4e - - - - - -] 10.0.0.77 "GET /" status: 200 len: 136 microversion: 1.0
2026-04-14 07:06:56.376 7 INFO placement.requestlog [None req-96720b51-a449-4dd9-9615-9fea8ac877b7 - - - - - -] 10.0.0.77 "GET /" status: 200 len: 136 microversion: 1.0
2026-04-14 07:06:56.970 8 INFO placement.requestlog [req-abf4edf0-92e9-4b5e-9f20-75ca6eb7e521 req-04c0849c-c69b-4366-928c-31c4c35a4288 187517b403344cbb92661db0ee7f7999 c6adb0dd6483440a82c45f0d6072e1d8 - - a4328567bc7c4129b7d33f8c091db4e9 a4328567bc7c4129b7d33f8c091db4e9] 199.204.45.132 "GET /resource_providers/9b722e47-9327-47f6-871a-374436b08c64/allocations" status: 200 len: 252 microversion: 1.0 [pid: 8|app: 0|req: 280/554] 199.204.45.132 () {32 vars in 857 bytes} [Tue Apr 14 07:06:56 2026] GET /resource_providers/9b722e47-9327-47f6-871a-374436b08c64/allocations => generated 252 bytes in 17 msecs (HTTP/1.1 200) 6 headers in 224 bytes (1 switches on core 0)
2026-04-14 07:06:56.997 7 INFO placement.requestlog [req-abf4edf0-92e9-4b5e-9f20-75ca6eb7e521 req-308052a4-f19f-46fa-8821-da4226a26d76 187517b403344cbb92661db0ee7f7999 c6adb0dd6483440a82c45f0d6072e1d8 - - a4328567bc7c4129b7d33f8c091db4e9 a4328567bc7c4129b7d33f8c091db4e9] 199.204.45.132 "GET /allocations/97815148-48cc-4d91-807f-2ee2baf89c49" status: 200 len: 257 microversion: 1.28 [pid: 7|app: 0|req: 275/555] 199.204.45.132 () {34 vars in 863 bytes} [Tue Apr 14 07:06:56 2026] GET /allocations/97815148-48cc-4d91-807f-2ee2baf89c49 => generated 257 bytes in 19 msecs (HTTP/1.1 200) 8 headers in 296 bytes (1 switches on core 0)
2026-04-14 07:06:57.022 8 INFO placement.requestlog [req-abf4edf0-92e9-4b5e-9f20-75ca6eb7e521 req-a38a6169-96bc-48ec-bde7-962710609ca4 187517b403344cbb92661db0ee7f7999 c6adb0dd6483440a82c45f0d6072e1d8 - - a4328567bc7c4129b7d33f8c091db4e9 a4328567bc7c4129b7d33f8c091db4e9] 199.204.45.132 "GET /allocations/b47d864a-3b4f-46f0-86fd-8f6981872c53" status: 200 len: 257 microversion: 1.28 [pid: 8|app: 0|req: 281/556] 199.204.45.132 () {34 vars in 863 bytes} [Tue Apr 14 07:06:57 2026] GET /allocations/b47d864a-3b4f-46f0-86fd-8f6981872c53 => generated 257 bytes in 15 msecs (HTTP/1.1 200) 8 headers in 296 bytes (1 switches on core 0)
2026-04-14 07:06:57.064 7 INFO placement.requestlog [req-412136fb-1971-40a9-964f-2a80c6c39af4 req-0cbb453e-46c4-40d3-a3a9-1df5ea9db3c0 187517b403344cbb92661db0ee7f7999 c6adb0dd6483440a82c45f0d6072e1d8 - - a4328567bc7c4129b7d33f8c091db4e9 a4328567bc7c4129b7d33f8c091db4e9] 10.0.0.20 "GET /allocation_candidates?limit=1000&resources=DISK_GB%3A1%2CMEMORY_MB%3A512%2CVCPU%3A1&root_required=%21COMPUTE_STATUS_DISABLED" status: 200 len: 2784 microversion: 1.36 [pid: 7|app: 0|req: 276/557] 10.0.0.20 () {34 vars in 1011 bytes} [Tue Apr 14 07:06:57 2026] GET /allocation_candidates?limit=1000&resources=DISK_GB%3A1%2CMEMORY_MB%3A512%2CVCPU%3A1&root_required=%21COMPUTE_STATUS_DISABLED => generated 2784 bytes in 43 msecs (HTTP/1.1 200) 8 headers in 297 bytes (1 switches on core 0)
2026-04-14 07:06:57.103 8 INFO placement.requestlog [req-412136fb-1971-40a9-964f-2a80c6c39af4 req-3cfd6eb3-6959-49d4-b0ac-a13168c24f55 187517b403344cbb92661db0ee7f7999 c6adb0dd6483440a82c45f0d6072e1d8 - - a4328567bc7c4129b7d33f8c091db4e9 a4328567bc7c4129b7d33f8c091db4e9] 10.0.0.20 "GET /allocations/f226b26e-39f4-4c2b-82d5-7939da3fed72" status: 200 len: 19 microversion: 1.28 [pid: 8|app: 0|req: 282/558] 10.0.0.20 () {34 vars in 860 bytes} [Tue Apr 14 07:06:57 2026] GET /allocations/f226b26e-39f4-4c2b-82d5-7939da3fed72 => generated 19 bytes in 14 msecs (HTTP/1.1 200) 8 headers in 295 bytes (1 switches on core 0)
2026-04-14 07:06:57.157 8 INFO placement.requestlog [None req-582a4c9a-7497-4383-b3bb-059a99e2ce36 a9e8628778134410b7ceba6d21a9e56e c6adb0dd6483440a82c45f0d6072e1d8 - - a4328567bc7c4129b7d33f8c091db4e9 a4328567bc7c4129b7d33f8c091db4e9] 10.0.0.171 "GET /resource_providers/e9661208-cecc-407b-a78c-178391bce0c1/aggregates" status: 404 len: 235 microversion: 1.1 [pid: 8|app: 0|req: 283/559] 10.0.0.171 () {32 vars in 816 bytes} [Tue Apr 14 07:06:57 2026] GET /resource_providers/e9661208-cecc-407b-a78c-178391bce0c1/aggregates => generated 235 bytes in 12 msecs (HTTP/1.1 404) 5 headers in 202 bytes (1 switches on core 0)
2026-04-14 07:06:57.163 8 INFO placement.requestlog [None req-bf290fc9-e405-4c90-8184-70c8d61d2fd4 a9e8628778134410b7ceba6d21a9e56e c6adb0dd6483440a82c45f0d6072e1d8 - - a4328567bc7c4129b7d33f8c091db4e9 a4328567bc7c4129b7d33f8c091db4e9] 10.0.0.171 "GET /resource_providers/e9661208-cecc-407b-a78c-178391bce0c1/aggregates" status: 404 len: 235 microversion: 1.1 [pid: 8|app: 0|req: 284/560] 10.0.0.171 () {32 vars in 816 bytes} [Tue Apr 14 07:06:57 2026] GET /resource_providers/e9661208-cecc-407b-a78c-178391bce0c1/aggregates => generated 235 bytes in 5 msecs (HTTP/1.1 404) 5 headers in 202 bytes (1 switches on core 0)
2026-04-14 07:06:57.176 7 INFO placement.requestlog [req-412136fb-1971-40a9-964f-2a80c6c39af4 req-b7f06d04-f905-4a12-9410-ce4a66c89e04 187517b403344cbb92661db0ee7f7999 c6adb0dd6483440a82c45f0d6072e1d8 - - a4328567bc7c4129b7d33f8c091db4e9 a4328567bc7c4129b7d33f8c091db4e9] 10.0.0.20 "PUT /allocations/f226b26e-39f4-4c2b-82d5-7939da3fed72" status: 204 len: 0 microversion: 1.36 [pid: 7|app: 0|req: 277/561] 10.0.0.20 () {38 vars in 913 bytes} [Tue Apr 14 07:06:57 2026] PUT /allocations/f226b26e-39f4-4c2b-82d5-7939da3fed72 => generated 0 bytes in 67 msecs (HTTP/1.1 204) 5 headers in 199 bytes (1 switches on core 0)
2026-04-14 07:06:57.184 8 INFO placement.requestlog [None req-66bc2f52-a1fe-441b-8153-39a258ecc79f a9e8628778134410b7ceba6d21a9e56e c6adb0dd6483440a82c45f0d6072e1d8 - - a4328567bc7c4129b7d33f8c091db4e9 a4328567bc7c4129b7d33f8c091db4e9] 10.0.0.171 "DELETE /resource_providers/e9661208-cecc-407b-a78c-178391bce0c1" status: 404 len: 246 microversion: 1.1
2026-04-14 07:06:57.185 7 INFO placement.requestlog [None req-ad394afb-f623-4b58-8d0e-9dadb9af1c54 a9e8628778134410b7ceba6d21a9e56e c6adb0dd6483440a82c45f0d6072e1d8 - - a4328567bc7c4129b7d33f8c091db4e9 a4328567bc7c4129b7d33f8c091db4e9] 10.0.0.171 "DELETE /resource_providers/e9661208-cecc-407b-a78c-178391bce0c1" status: 404 len: 246 microversion: 1.1 [pid: 8|app: 0|req: 285/562] 10.0.0.171 () {34 vars in 816 bytes} [Tue Apr 14 07:06:57 2026] DELETE /resource_providers/e9661208-cecc-407b-a78c-178391bce0c1 => generated 246 bytes in 15 msecs (HTTP/1.1 404) 6 headers in 231 bytes (1 switches on core 0) [pid: 7|app: 0|req: 278/563] 10.0.0.171 () {34 vars in 816 bytes} [Tue Apr 14 07:06:57 2026] DELETE /resource_providers/e9661208-cecc-407b-a78c-178391bce0c1 => generated 246 bytes in 8 msecs (HTTP/1.1 404) 6 headers in 231 bytes (1 switches on core 0)
2026-04-14 07:06:58.148 8 INFO placement.requestlog [req-3c500917-4411-4ec9-a480-c7219d5d8c81 req-75b2b27c-7baf-4113-846d-6e9da3379c1c 187517b403344cbb92661db0ee7f7999 c6adb0dd6483440a82c45f0d6072e1d8 - - a4328567bc7c4129b7d33f8c091db4e9 a4328567bc7c4129b7d33f8c091db4e9] 199.204.45.132 "GET /resource_providers/9b722e47-9327-47f6-871a-374436b08c64/allocations" status: 200 len: 352 microversion: 1.0 [pid: 8|app: 0|req: 286/564] 199.204.45.132 () {32 vars in 857 bytes} [Tue Apr 14 07:06:58 2026] GET /resource_providers/9b722e47-9327-47f6-871a-374436b08c64/allocations => generated 352 bytes in 38 msecs (HTTP/1.1 200) 6 headers in 224 bytes (1 switches on core 0)
2026-04-14 07:06:58.169 7 INFO placement.requestlog [req-3c500917-4411-4ec9-a480-c7219d5d8c81 req-9667aa5d-20b9-4a13-8ef6-e33bfc828626 187517b403344cbb92661db0ee7f7999 c6adb0dd6483440a82c45f0d6072e1d8 - - a4328567bc7c4129b7d33f8c091db4e9 a4328567bc7c4129b7d33f8c091db4e9] 199.204.45.132 "GET /allocations/97815148-48cc-4d91-807f-2ee2baf89c49" status: 200 len: 257 microversion: 1.28 [pid: 7|app: 0|req: 279/565] 199.204.45.132 () {34 vars in 863 bytes} [Tue Apr 14 07:06:58 2026] GET /allocations/97815148-48cc-4d91-807f-2ee2baf89c49 => generated 257 bytes in 15 msecs (HTTP/1.1 200) 8 headers in 296 bytes (1 switches on core 0)
2026-04-14 07:06:58.189 8 INFO placement.requestlog [req-3c500917-4411-4ec9-a480-c7219d5d8c81 req-95676a6c-17e9-4c3d-afde-2aff4d4ead4b 187517b403344cbb92661db0ee7f7999 c6adb0dd6483440a82c45f0d6072e1d8 - - a4328567bc7c4129b7d33f8c091db4e9 a4328567bc7c4129b7d33f8c091db4e9] 199.204.45.132 "GET /allocations/b47d864a-3b4f-46f0-86fd-8f6981872c53" status: 200 len: 257 microversion: 1.28 [pid: 8|app: 0|req: 287/566] 199.204.45.132 () {34 vars in 863 bytes} [Tue Apr 14 07:06:58 2026] GET /allocations/b47d864a-3b4f-46f0-86fd-8f6981872c53 => generated 257 bytes in 13 msecs (HTTP/1.1 200) 8 headers in 296 bytes (1 switches on core 0)
2026-04-14 07:06:58.208 7 INFO placement.requestlog [req-3c500917-4411-4ec9-a480-c7219d5d8c81 req-e46fd45d-fab9-4f43-918b-5f93e8af6765 187517b403344cbb92661db0ee7f7999 c6adb0dd6483440a82c45f0d6072e1d8 - - a4328567bc7c4129b7d33f8c091db4e9 a4328567bc7c4129b7d33f8c091db4e9] 199.204.45.132 "GET /allocations/f226b26e-39f4-4c2b-82d5-7939da3fed72" status: 200 len: 257 microversion: 1.28 [pid: 7|app: 0|req: 280/567] 199.204.45.132 () {34 vars in 863 bytes} [Tue Apr 14 07:06:58 2026] GET /allocations/f226b26e-39f4-4c2b-82d5-7939da3fed72 => generated 257 bytes in 14 msecs (HTTP/1.1 200) 8 headers in 296 bytes (1 switches on core 0)
2026-04-14 07:06:58.706 8 INFO placement.requestlog [req-412136fb-1971-40a9-964f-2a80c6c39af4 req-103e67a3-a169-4dce-acaa-de4a5f289852 187517b403344cbb92661db0ee7f7999 c6adb0dd6483440a82c45f0d6072e1d8 - - a4328567bc7c4129b7d33f8c091db4e9 a4328567bc7c4129b7d33f8c091db4e9] 199.204.45.132 "GET /allocations/f226b26e-39f4-4c2b-82d5-7939da3fed72" status: 200 len: 257 microversion: 1.28 [pid: 8|app: 0|req: 288/568] 199.204.45.132 () {34 vars in 863 bytes} [Tue Apr 14 07:06:58 2026] GET /allocations/f226b26e-39f4-4c2b-82d5-7939da3fed72 => generated 257 bytes in 15 msecs (HTTP/1.1 200) 8 headers in 296 bytes (1 switches on core 0)
2026-04-14 07:06:59.269 7 INFO placement.requestlog [req-3c500917-4411-4ec9-a480-c7219d5d8c81 req-4fd813c5-8dca-43f1-b3a2-3e452f075969 187517b403344cbb92661db0ee7f7999 c6adb0dd6483440a82c45f0d6072e1d8 - - a4328567bc7c4129b7d33f8c091db4e9 a4328567bc7c4129b7d33f8c091db4e9] 199.204.45.132 "DELETE /allocations/b47d864a-3b4f-46f0-86fd-8f6981872c53" status: 204 len: 0 microversion: 1.0 [pid: 7|app: 0|req: 281/569] 199.204.45.132 () {34 vars in 841 bytes} [Tue Apr 14 07:06:59 2026] DELETE /allocations/b47d864a-3b4f-46f0-86fd-8f6981872c53 => generated 0 bytes in 31 msecs (HTTP/1.1 204) 5 headers in 198 bytes (1 switches on core 0)
2026-04-14 07:07:00.291 8 INFO placement.requestlog [req-412136fb-1971-40a9-964f-2a80c6c39af4 req-cc236926-8859-4d8e-8d55-bf7a533b8283 187517b403344cbb92661db0ee7f7999 c6adb0dd6483440a82c45f0d6072e1d8 - - a4328567bc7c4129b7d33f8c091db4e9 a4328567bc7c4129b7d33f8c091db4e9] 199.204.45.132 "GET /resource_providers/9b722e47-9327-47f6-871a-374436b08c64/allocations" status: 200 len: 252 microversion: 1.0 [pid: 8|app: 0|req: 289/570] 199.204.45.132 () {32 vars in 857 bytes} [Tue Apr 14 07:07:00 2026] GET /resource_providers/9b722e47-9327-47f6-871a-374436b08c64/allocations => generated 252 bytes in 29 msecs (HTTP/1.1 200) 6 headers in 224 bytes (1 switches on core 0)
2026-04-14 07:07:00.318 7 INFO placement.requestlog [req-412136fb-1971-40a9-964f-2a80c6c39af4 req-28977b6e-d334-4362-b6ee-563398a11119 187517b403344cbb92661db0ee7f7999 c6adb0dd6483440a82c45f0d6072e1d8 - - a4328567bc7c4129b7d33f8c091db4e9 a4328567bc7c4129b7d33f8c091db4e9] 199.204.45.132 "GET /allocations/97815148-48cc-4d91-807f-2ee2baf89c49" status: 200 len: 257 microversion: 1.28 [pid: 7|app: 0|req: 282/571] 199.204.45.132 () {34 vars in 863 bytes} [Tue Apr 14 07:07:00 2026] GET /allocations/97815148-48cc-4d91-807f-2ee2baf89c49 => generated 257 bytes in 24 msecs (HTTP/1.1 200) 8 headers in 296 bytes (1 switches on core 0)
2026-04-14 07:07:00.343 8 INFO placement.requestlog [req-412136fb-1971-40a9-964f-2a80c6c39af4 req-bdefb807-95c6-41e8-a89f-4684b7eb29f1 187517b403344cbb92661db0ee7f7999 c6adb0dd6483440a82c45f0d6072e1d8 - - a4328567bc7c4129b7d33f8c091db4e9 a4328567bc7c4129b7d33f8c091db4e9] 199.204.45.132 "GET /allocations/f226b26e-39f4-4c2b-82d5-7939da3fed72" status: 200 len: 257 microversion: 1.28 [pid: 8|app: 0|req: 290/572] 199.204.45.132 () {34 vars in 863 bytes} [Tue Apr 14 07:07:00 2026] GET /allocations/f226b26e-39f4-4c2b-82d5-7939da3fed72 => generated 257 bytes in 16 msecs (HTTP/1.1 200) 8 headers in 296 bytes (1 switches on core 0)
2026-04-14 07:07:03.586 7 INFO placement.requestlog [None req-757ac5d3-ffcd-405d-ae6c-c2c7b780c885 a9e8628778134410b7ceba6d21a9e56e c6adb0dd6483440a82c45f0d6072e1d8 - - a4328567bc7c4129b7d33f8c091db4e9 a4328567bc7c4129b7d33f8c091db4e9] 10.0.0.171 "GET /resource_providers/c3a412a4-9f4a-4951-a87d-4ad944961981/aggregates" status: 404 len: 235 microversion: 1.1 [pid: 7|app: 0|req: 283/573] 10.0.0.171 () {32 vars in 816 bytes} [Tue Apr 14 07:07:03 2026] GET /resource_providers/c3a412a4-9f4a-4951-a87d-4ad944961981/aggregates => generated 235 bytes in 15 msecs (HTTP/1.1 404) 5 headers in 202 bytes (1 switches on core 0)
2026-04-14 07:07:03.599 8 INFO placement.requestlog [None req-52aca4af-7ef0-451c-a88c-59a55ea8ef9a a9e8628778134410b7ceba6d21a9e56e c6adb0dd6483440a82c45f0d6072e1d8 - - a4328567bc7c4129b7d33f8c091db4e9 a4328567bc7c4129b7d33f8c091db4e9] 10.0.0.171 "GET /resource_providers/c3a412a4-9f4a-4951-a87d-4ad944961981/aggregates" status: 404 len: 235 microversion: 1.1 [pid: 8|app: 0|req: 291/574] 10.0.0.171 () {32 vars in 816 bytes} [Tue Apr 14 07:07:03 2026] GET /resource_providers/c3a412a4-9f4a-4951-a87d-4ad944961981/aggregates => generated 235 bytes in 19 msecs (HTTP/1.1 404) 5 headers in 202 bytes (1 switches on core 0)
2026-04-14 07:07:03.611 7 INFO placement.requestlog [None req-4658b7bc-2b40-462b-9649-d080f7e37fe1 a9e8628778134410b7ceba6d21a9e56e c6adb0dd6483440a82c45f0d6072e1d8 - - a4328567bc7c4129b7d33f8c091db4e9 a4328567bc7c4129b7d33f8c091db4e9] 10.0.0.171 "DELETE /resource_providers/c3a412a4-9f4a-4951-a87d-4ad944961981" status: 404 len: 246 microversion: 1.1 [pid: 7|app: 0|req: 284/575] 10.0.0.171 () {34 vars in 816 bytes} [Tue Apr 14 07:07:03 2026] DELETE /resource_providers/c3a412a4-9f4a-4951-a87d-4ad944961981 => generated 246 bytes in 13 msecs (HTTP/1.1 404) 6 headers in 231 bytes (1 switches on core 0)
2026-04-14 07:07:03.615 8 INFO placement.requestlog [None req-2d460c6b-af1e-44fd-ab6c-6091783bc314 a9e8628778134410b7ceba6d21a9e56e c6adb0dd6483440a82c45f0d6072e1d8 - - a4328567bc7c4129b7d33f8c091db4e9 a4328567bc7c4129b7d33f8c091db4e9] 10.0.0.171 "DELETE /resource_providers/c3a412a4-9f4a-4951-a87d-4ad944961981" status: 404 len: 246 microversion: 1.1 [pid: 8|app: 0|req: 292/576] 10.0.0.171 () {34 vars in 816 bytes} [Tue Apr 14 07:07:03 2026] DELETE /resource_providers/c3a412a4-9f4a-4951-a87d-4ad944961981 => generated 246 bytes in 8 msecs (HTTP/1.1 404) 6 headers in 231 bytes (1 switches on core 0)
2026-04-14 07:07:03.660 7 INFO placement.requestlog [None req-edcc4ead-9583-4bf0-8f2f-2a8c5da79df8 a9e8628778134410b7ceba6d21a9e56e c6adb0dd6483440a82c45f0d6072e1d8 - - a4328567bc7c4129b7d33f8c091db4e9 a4328567bc7c4129b7d33f8c091db4e9] 10.0.0.171 "GET /resource_providers/c6becc46-2dc3-4614-a434-76c2a4fc1337/aggregates" status: 404 len: 235 microversion: 1.1 [pid: 7|app: 0|req: 285/577] 10.0.0.171 () {32 vars in 816 bytes} [Tue Apr 14 07:07:03 2026] GET /resource_providers/c6becc46-2dc3-4614-a434-76c2a4fc1337/aggregates => generated 235 bytes in 11 msecs (HTTP/1.1 404) 5 headers in 202 bytes (1 switches on core 0)
2026-04-14 07:07:03.663 8 INFO placement.requestlog [None req-6849f84e-7f8a-4453-96cb-a4314d386a1d a9e8628778134410b7ceba6d21a9e56e c6adb0dd6483440a82c45f0d6072e1d8 - - a4328567bc7c4129b7d33f8c091db4e9 a4328567bc7c4129b7d33f8c091db4e9] 10.0.0.171 "GET /resource_providers/c6becc46-2dc3-4614-a434-76c2a4fc1337/aggregates" status: 404 len: 235 microversion: 1.1 [pid: 8|app: 0|req: 293/578] 10.0.0.171 () {32 vars in 816 bytes} [Tue Apr 14 07:07:03 2026] GET /resource_providers/c6becc46-2dc3-4614-a434-76c2a4fc1337/aggregates => generated 235 bytes in 14 msecs (HTTP/1.1 404) 5 headers in 202 bytes (1 switches on core 0)
2026-04-14 07:07:03.690 7 INFO placement.requestlog [None req-9edd6b85-eb54-4680-a3a7-e311023e383a a9e8628778134410b7ceba6d21a9e56e c6adb0dd6483440a82c45f0d6072e1d8 - - a4328567bc7c4129b7d33f8c091db4e9 a4328567bc7c4129b7d33f8c091db4e9] 10.0.0.171 "DELETE /resource_providers/c6becc46-2dc3-4614-a434-76c2a4fc1337" status: 404 len: 246 microversion: 1.1 [pid: 7|app: 0|req: 286/579] 10.0.0.171 () {34 vars in 816 bytes} [Tue Apr 14 07:07:03 2026] DELETE /resource_providers/c6becc46-2dc3-4614-a434-76c2a4fc1337 => generated 246 bytes in 11 msecs (HTTP/1.1 404) 6 headers in 231 bytes (1 switches on core 0)
2026-04-14 07:07:03.706 8 INFO placement.requestlog [None req-2da3d260-d17b-4e96-b086-e885652f46d3 a9e8628778134410b7ceba6d21a9e56e c6adb0dd6483440a82c45f0d6072e1d8 - - a4328567bc7c4129b7d33f8c091db4e9 a4328567bc7c4129b7d33f8c091db4e9] 10.0.0.171 "DELETE /resource_providers/c6becc46-2dc3-4614-a434-76c2a4fc1337" status: 404 len: 246 microversion: 1.1 [pid: 8|app: 0|req: 294/580] 10.0.0.171 () {34 vars in 816 bytes} [Tue Apr 14 07:07:03 2026] DELETE /resource_providers/c6becc46-2dc3-4614-a434-76c2a4fc1337 => generated 246 bytes in 27 msecs (HTTP/1.1 404) 6 headers in 231 bytes (1 switches on core 0)
2026-04-14 07:07:05.632 7 INFO placement.requestlog [None req-7428ca9c-9258-468f-84a8-40c0c58bbde6 a9e8628778134410b7ceba6d21a9e56e c6adb0dd6483440a82c45f0d6072e1d8 - - a4328567bc7c4129b7d33f8c091db4e9 a4328567bc7c4129b7d33f8c091db4e9] 10.0.0.171 "GET /resource_providers/f9620440-3a98-4745-b6f1-7815620cb2fe/aggregates" status: 404 len: 235 microversion: 1.1 [pid: 7|app: 0|req: 287/581] 10.0.0.171 () {32 vars in 816 bytes} [Tue Apr 14 07:07:05 2026] GET /resource_providers/f9620440-3a98-4745-b6f1-7815620cb2fe/aggregates => generated 235 bytes in 9 msecs (HTTP/1.1 404) 5 headers in 202 bytes (1 switches on core 0)
2026-04-14 07:07:05.638 8 INFO placement.requestlog [None req-941168af-2803-4dac-a2e4-dc19728388ba a9e8628778134410b7ceba6d21a9e56e c6adb0dd6483440a82c45f0d6072e1d8 - - a4328567bc7c4129b7d33f8c091db4e9 a4328567bc7c4129b7d33f8c091db4e9] 10.0.0.171 "GET /resource_providers/f9620440-3a98-4745-b6f1-7815620cb2fe/aggregates" status: 404 len: 235 microversion: 1.1 [pid: 8|app: 0|req: 295/582] 10.0.0.171 () {32 vars in 816 bytes} [Tue Apr 14 07:07:05 2026] GET /resource_providers/f9620440-3a98-4745-b6f1-7815620cb2fe/aggregates => generated 235 bytes in 14 msecs (HTTP/1.1 404) 5 headers in 202 bytes (1 switches on core 0)
2026-04-14 07:07:05.652 7 INFO placement.requestlog [None req-99b8d8b6-275b-4140-b885-8a9b89c7891e a9e8628778134410b7ceba6d21a9e56e c6adb0dd6483440a82c45f0d6072e1d8 - - a4328567bc7c4129b7d33f8c091db4e9 a4328567bc7c4129b7d33f8c091db4e9] 10.0.0.171 "DELETE /resource_providers/f9620440-3a98-4745-b6f1-7815620cb2fe" status: 404 len: 246 microversion: 1.1 [pid: 7|app: 0|req: 288/583] 10.0.0.171 () {34 vars in 816 bytes} [Tue Apr 14 07:07:05 2026] DELETE /resource_providers/f9620440-3a98-4745-b6f1-7815620cb2fe => generated 246 bytes in 12 msecs (HTTP/1.1 404) 6 headers in 231 bytes (1 switches on core 0)
2026-04-14 07:07:05.664 8 INFO placement.requestlog [None req-17507ef0-31b4-4aaa-83c5-50699c2da76d a9e8628778134410b7ceba6d21a9e56e c6adb0dd6483440a82c45f0d6072e1d8 - - a4328567bc7c4129b7d33f8c091db4e9 a4328567bc7c4129b7d33f8c091db4e9] 10.0.0.171 "DELETE /resource_providers/f9620440-3a98-4745-b6f1-7815620cb2fe" status: 404 len: 246 microversion: 1.1 [pid: 8|app: 0|req: 296/584] 10.0.0.171 () {34 vars in 816 bytes} [Tue Apr 14 07:07:05 2026] DELETE /resource_providers/f9620440-3a98-4745-b6f1-7815620cb2fe => generated 246 bytes in 16 msecs (HTTP/1.1 404) 6 headers in 231 bytes (1 switches on core 0)
2026-04-14 07:07:05.712 7 INFO placement.requestlog [None req-0d541dcf-33a9-4d6f-9642-5a52995142a4 a9e8628778134410b7ceba6d21a9e56e c6adb0dd6483440a82c45f0d6072e1d8 - - a4328567bc7c4129b7d33f8c091db4e9 a4328567bc7c4129b7d33f8c091db4e9] 10.0.0.171 "GET /resource_providers/a4220895-5b11-4d8c-8c33-ac0d6e150f93/aggregates" status: 404 len: 235 microversion: 1.1 [pid: 7|app: 0|req: 289/585] 10.0.0.171 () {32 vars in 816 bytes} [Tue Apr 14 07:07:05 2026] GET /resource_providers/a4220895-5b11-4d8c-8c33-ac0d6e150f93/aggregates => generated 235 bytes in 9 msecs (HTTP/1.1 404) 5 headers in 202 bytes (1 switches on core 0)
2026-04-14 07:07:05.738 7 INFO placement.requestlog [None req-dcf96af0-efa5-4efb-831b-c175bed1a522 a9e8628778134410b7ceba6d21a9e56e c6adb0dd6483440a82c45f0d6072e1d8 - - a4328567bc7c4129b7d33f8c091db4e9 a4328567bc7c4129b7d33f8c091db4e9] 10.0.0.171 "DELETE /resource_providers/a4220895-5b11-4d8c-8c33-ac0d6e150f93" status: 404 len: 246 microversion: 1.1 [pid: 7|app: 0|req: 290/586] 10.0.0.171 () {34 vars in 816 bytes} [Tue Apr 14 07:07:05 2026] DELETE /resource_providers/a4220895-5b11-4d8c-8c33-ac0d6e150f93 => generated 246 bytes in 11 msecs (HTTP/1.1 404) 6 headers in 231 bytes (1 switches on core 0)
2026-04-14 07:07:05.746 8 INFO placement.requestlog [None req-dbbe2853-458e-4c1b-888b-cfbdafd3ef39 a9e8628778134410b7ceba6d21a9e56e c6adb0dd6483440a82c45f0d6072e1d8 - - a4328567bc7c4129b7d33f8c091db4e9 a4328567bc7c4129b7d33f8c091db4e9] 10.0.0.171 "GET /resource_providers/a4220895-5b11-4d8c-8c33-ac0d6e150f93/aggregates" status: 404 len: 235 microversion: 1.1 [pid: 8|app: 0|req: 297/587] 10.0.0.171 () {32 vars in 816 bytes} [Tue Apr 14 07:07:05 2026] GET /resource_providers/a4220895-5b11-4d8c-8c33-ac0d6e150f93/aggregates => generated 235 bytes in 19 msecs (HTTP/1.1 404) 5 headers in 202 bytes (1 switches on core 0)
2026-04-14 07:07:05.769 7 INFO placement.requestlog [None req-49f3a28c-7f15-47bc-b927-ad7e7a36d0ee a9e8628778134410b7ceba6d21a9e56e c6adb0dd6483440a82c45f0d6072e1d8 - - a4328567bc7c4129b7d33f8c091db4e9 a4328567bc7c4129b7d33f8c091db4e9] 10.0.0.171 "DELETE /resource_providers/a4220895-5b11-4d8c-8c33-ac0d6e150f93" status: 404 len: 246 microversion: 1.1 [pid: 7|app: 0|req: 291/588] 10.0.0.171 () {34 vars in 816 bytes} [Tue Apr 14 07:07:05 2026] DELETE /resource_providers/a4220895-5b11-4d8c-8c33-ac0d6e150f93 => generated 246 bytes in 12 msecs (HTTP/1.1 404) 6 headers in 231 bytes (1 switches on core 0)
2026-04-14 07:07:06.375 7 INFO placement.requestlog [None req-60c4754a-0709-4cf1-8ac0-79e00c273e04 - - - - - -] 10.0.0.77 "GET /" status: 200 len: 136 microversion: 1.0
2026-04-14 07:07:06.376 8 INFO placement.requestlog [None req-050482b9-8803-459f-85e3-f57f2c1a060b - - - - - -] 10.0.0.77 "GET /" status: 200 len: 136 microversion: 1.0
2026-04-14 07:07:07.764 7 INFO placement.requestlog [None req-23b35c5c-4935-4660-afdb-1a5ffd44ab9a a9e8628778134410b7ceba6d21a9e56e c6adb0dd6483440a82c45f0d6072e1d8 - - a4328567bc7c4129b7d33f8c091db4e9 a4328567bc7c4129b7d33f8c091db4e9] 10.0.0.171 "GET /resource_providers/3a72411d-c034-4bd3-a640-5da070b1b88e/aggregates" status: 404 len: 235 microversion: 1.1 [pid: 7|app: 0|req: 293/591] 10.0.0.171 () {32 vars in 816 bytes} [Tue Apr 14 07:07:07 2026] GET /resource_providers/3a72411d-c034-4bd3-a640-5da070b1b88e/aggregates => generated 235 bytes in 9 msecs (HTTP/1.1 404) 5 headers in 202 bytes (1 switches on core 0)
2026-04-14 07:07:07.786 8 INFO placement.requestlog [None req-bd45e0b2-6b6f-4bbe-87c8-d5eaf7d44cd1 a9e8628778134410b7ceba6d21a9e56e c6adb0dd6483440a82c45f0d6072e1d8 - - a4328567bc7c4129b7d33f8c091db4e9 a4328567bc7c4129b7d33f8c091db4e9] 10.0.0.171 "DELETE /resource_providers/3a72411d-c034-4bd3-a640-5da070b1b88e" status: 404 len: 246 microversion: 1.1 [pid: 8|app: 0|req: 299/592] 10.0.0.171 () {34 vars in 816 bytes} [Tue Apr 14 07:07:07 2026] DELETE /resource_providers/3a72411d-c034-4bd3-a640-5da070b1b88e => generated 246 bytes in 13 msecs (HTTP/1.1 404) 6 headers in 231 bytes (1 switches on core 0)
2026-04-14 07:07:07.793 7 INFO placement.requestlog [None req-55b04fb4-85af-469c-928e-76528295dd06 a9e8628778134410b7ceba6d21a9e56e c6adb0dd6483440a82c45f0d6072e1d8 - - a4328567bc7c4129b7d33f8c091db4e9 a4328567bc7c4129b7d33f8c091db4e9] 10.0.0.171 "GET /resource_providers/3a72411d-c034-4bd3-a640-5da070b1b88e/aggregates" status: 404 len: 235 microversion: 1.1 [pid: 7|app: 0|req: 294/593] 10.0.0.171 () {32 vars in 816 bytes} [Tue Apr 14 07:07:07 2026] GET /resource_providers/3a72411d-c034-4bd3-a640-5da070b1b88e/aggregates => generated 235 bytes in 11 msecs (HTTP/1.1 404) 5 headers in 202 bytes (1 switches on core 0)
2026-04-14 07:07:07.813 8 INFO placement.requestlog [None req-5c7f41f8-f638-4db3-b856-63ded2bcf11f a9e8628778134410b7ceba6d21a9e56e c6adb0dd6483440a82c45f0d6072e1d8 - - a4328567bc7c4129b7d33f8c091db4e9 a4328567bc7c4129b7d33f8c091db4e9] 10.0.0.171 "DELETE /resource_providers/3a72411d-c034-4bd3-a640-5da070b1b88e" status: 404 len: 246 microversion: 1.1 [pid: 8|app: 0|req: 300/594] 10.0.0.171 () {34 vars in 816 bytes} [Tue Apr 14 07:07:07 2026] DELETE /resource_providers/3a72411d-c034-4bd3-a640-5da070b1b88e => generated 246 bytes in 12 msecs (HTTP/1.1 404) 6 headers in 231 bytes (1 switches on core 0)
2026-04-14 07:07:14.853 7 INFO placement.requestlog [req-9f31244c-e672-4d5d-8365-9ae40b0e8a79 req-bf9789b0-e994-42f0-8bee-a4abeb3ece79 187517b403344cbb92661db0ee7f7999 c6adb0dd6483440a82c45f0d6072e1d8 - - a4328567bc7c4129b7d33f8c091db4e9 a4328567bc7c4129b7d33f8c091db4e9] 199.204.45.132 "GET /resource_providers/9b722e47-9327-47f6-871a-374436b08c64/allocations" status: 200 len: 252 microversion: 1.0 [pid: 7|app: 0|req: 295/595] 199.204.45.132 () {32 vars in 857 bytes} [Tue Apr 14 07:07:14 2026] GET /resource_providers/9b722e47-9327-47f6-871a-374436b08c64/allocations => generated 252 bytes in 20 msecs (HTTP/1.1 200) 6 headers in 224 bytes (1 switches on core 0)
2026-04-14 07:07:14.871 8 INFO placement.requestlog [req-9f31244c-e672-4d5d-8365-9ae40b0e8a79 req-3e0b7987-ef2a-4413-9af9-0c3e6ccdb156 187517b403344cbb92661db0ee7f7999 c6adb0dd6483440a82c45f0d6072e1d8 - - a4328567bc7c4129b7d33f8c091db4e9 a4328567bc7c4129b7d33f8c091db4e9] 199.204.45.132 "GET /allocations/97815148-48cc-4d91-807f-2ee2baf89c49" status: 200 len: 257 microversion: 1.28 [pid: 8|app: 0|req: 301/596] 199.204.45.132 () {34 vars in 863 bytes} [Tue Apr 14 07:07:14 2026] GET /allocations/97815148-48cc-4d91-807f-2ee2baf89c49 => generated 257 bytes in 10 msecs (HTTP/1.1 200) 8 headers in 296 bytes (1 switches on core 0)
2026-04-14 07:07:14.890 7 INFO placement.requestlog [req-9f31244c-e672-4d5d-8365-9ae40b0e8a79 req-13443220-83c3-4e75-bc98-e3eae6a0f5c2 187517b403344cbb92661db0ee7f7999 c6adb0dd6483440a82c45f0d6072e1d8 - - a4328567bc7c4129b7d33f8c091db4e9 a4328567bc7c4129b7d33f8c091db4e9] 199.204.45.132 "GET /allocations/f226b26e-39f4-4c2b-82d5-7939da3fed72" status: 200 len: 257 microversion: 1.28 [pid: 7|app: 0|req: 296/597] 199.204.45.132 () {34 vars in 863 bytes} [Tue Apr 14 07:07:14 2026] GET /allocations/f226b26e-39f4-4c2b-82d5-7939da3fed72 => generated 257 bytes in 15 msecs (HTTP/1.1 200) 8 headers in 296 bytes (1 switches on core 0)
2026-04-14 07:07:15.714 8 INFO placement.requestlog [req-eac79664-bc43-4c7e-8aee-f248af48c48e req-2c46d7ec-53f9-4804-a846-d6c0861d19e1 187517b403344cbb92661db0ee7f7999 c6adb0dd6483440a82c45f0d6072e1d8 - - a4328567bc7c4129b7d33f8c091db4e9 a4328567bc7c4129b7d33f8c091db4e9] 10.0.0.20 "GET /allocation_candidates?limit=1000&resources=DISK_GB%3A1%2CMEMORY_MB%3A512%2CVCPU%3A1&root_required=%21COMPUTE_STATUS_DISABLED" status: 200 len: 2784 microversion: 1.36 [pid: 8|app: 0|req: 302/598] 10.0.0.20 () {34 vars in 1011 bytes} [Tue Apr 14 07:07:15 2026] GET /allocation_candidates?limit=1000&resources=DISK_GB%3A1%2CMEMORY_MB%3A512%2CVCPU%3A1&root_required=%21COMPUTE_STATUS_DISABLED => generated 2784 bytes in 47 msecs (HTTP/1.1 200) 8 headers in 297 bytes (1 switches on core 0)
2026-04-14 07:07:15.753 7 INFO placement.requestlog [req-eac79664-bc43-4c7e-8aee-f248af48c48e req-a0ad3b60-a4d7-4758-90b0-717409151f14 187517b403344cbb92661db0ee7f7999 c6adb0dd6483440a82c45f0d6072e1d8 - - a4328567bc7c4129b7d33f8c091db4e9 a4328567bc7c4129b7d33f8c091db4e9] 10.0.0.20 "GET /allocations/34f0dfcd-2a23-4dfc-86c1-0170c1afd468" status: 200 len: 19 microversion: 1.28 [pid: 7|app: 0|req: 297/599] 10.0.0.20 () {34 vars in 860 bytes} [Tue Apr 14 07:07:15 2026] GET /allocations/34f0dfcd-2a23-4dfc-86c1-0170c1afd468 => generated 19 bytes in 13 msecs (HTTP/1.1 200) 8 headers in 295 bytes (1 switches on core 0)
2026-04-14 07:07:15.818 8 INFO placement.requestlog [req-eac79664-bc43-4c7e-8aee-f248af48c48e req-5389c6aa-8eb0-4af7-ab61-efa629beeaa7 187517b403344cbb92661db0ee7f7999 c6adb0dd6483440a82c45f0d6072e1d8 - - a4328567bc7c4129b7d33f8c091db4e9 a4328567bc7c4129b7d33f8c091db4e9] 10.0.0.20 "PUT /allocations/34f0dfcd-2a23-4dfc-86c1-0170c1afd468" status: 204 len: 0 microversion: 1.36 [pid: 8|app: 0|req: 303/600] 10.0.0.20 () {38 vars in 913 bytes} [Tue Apr 14 07:07:15 2026] PUT /allocations/34f0dfcd-2a23-4dfc-86c1-0170c1afd468 => generated 0 bytes in 54 msecs (HTTP/1.1 204) 5 headers in 199 bytes (1 switches on core 0)
2026-04-14 07:07:15.931 7 INFO placement.requestlog [req-9f31244c-e672-4d5d-8365-9ae40b0e8a79 req-5dbe5cb8-cee9-4ccb-ab99-a6516239d529 187517b403344cbb92661db0ee7f7999 c6adb0dd6483440a82c45f0d6072e1d8 - - a4328567bc7c4129b7d33f8c091db4e9 a4328567bc7c4129b7d33f8c091db4e9] 199.204.45.132 "DELETE /allocations/97815148-48cc-4d91-807f-2ee2baf89c49" status: 204 len: 0 microversion: 1.0 [pid: 7|app: 0|req: 298/601] 199.204.45.132 () {34 vars in 841 bytes} [Tue Apr 14 07:07:15 2026] DELETE /allocations/97815148-48cc-4d91-807f-2ee2baf89c49 => generated 0 bytes in 20 msecs (HTTP/1.1 204) 5 headers in 198 bytes (1 switches on core 0)
2026-04-14 07:07:16.374 7 INFO placement.requestlog [None req-8c02e160-b5ce-4f94-b051-441b6796ff85 - - - - - -] 10.0.0.77 "GET /" status: 200 len: 136 microversion: 1.0
2026-04-14 07:07:16.374 8 INFO placement.requestlog [None req-14287018-3ada-473f-82f3-98bf7dcb5b4c - - - - - -] 10.0.0.77 "GET /" status: 200 len: 136 microversion: 1.0
2026-04-14 07:07:17.316 7 INFO placement.requestlog [req-eac79664-bc43-4c7e-8aee-f248af48c48e req-76fdfea5-bd71-48d8-a074-dd6421c8eaeb 187517b403344cbb92661db0ee7f7999 c6adb0dd6483440a82c45f0d6072e1d8 - - a4328567bc7c4129b7d33f8c091db4e9 a4328567bc7c4129b7d33f8c091db4e9] 199.204.45.132 "GET /allocations/34f0dfcd-2a23-4dfc-86c1-0170c1afd468" status: 200 len: 258 microversion: 1.28 [pid: 7|app: 0|req: 300/604] 199.204.45.132 () {34 vars in 863 bytes} [Tue Apr 14 07:07:17 2026] GET /allocations/34f0dfcd-2a23-4dfc-86c1-0170c1afd468 => generated 258 bytes in 16 msecs (HTTP/1.1 200) 8 headers in 296 bytes (1 switches on core 0)
2026-04-14 07:07:18.368 8 INFO placement.requestlog [req-eac79664-bc43-4c7e-8aee-f248af48c48e req-b2875e8d-ec9e-4558-9e84-f8cbe573d186 187517b403344cbb92661db0ee7f7999 c6adb0dd6483440a82c45f0d6072e1d8 - - a4328567bc7c4129b7d33f8c091db4e9 a4328567bc7c4129b7d33f8c091db4e9] 199.204.45.132 "GET /resource_providers/9b722e47-9327-47f6-871a-374436b08c64/allocations" status: 200 len: 253 microversion: 1.0 [pid: 8|app: 0|req: 305/605] 199.204.45.132 () {32 vars in 857 bytes} [Tue Apr 14 07:07:18 2026] GET /resource_providers/9b722e47-9327-47f6-871a-374436b08c64/allocations => generated 253 bytes in 23 msecs (HTTP/1.1 200) 6 headers in 224 bytes (1 switches on core 0)
2026-04-14 07:07:18.390 7 INFO placement.requestlog [req-eac79664-bc43-4c7e-8aee-f248af48c48e req-19f5c60d-902f-4340-a882-353d6cd4f957 187517b403344cbb92661db0ee7f7999 c6adb0dd6483440a82c45f0d6072e1d8 - - a4328567bc7c4129b7d33f8c091db4e9 a4328567bc7c4129b7d33f8c091db4e9] 199.204.45.132 "GET /allocations/34f0dfcd-2a23-4dfc-86c1-0170c1afd468" status: 200 len: 258 microversion: 1.28 [pid: 7|app: 0|req: 301/606] 199.204.45.132 () {34 vars in 863 bytes} [Tue Apr 14 07:07:18 2026] GET /allocations/34f0dfcd-2a23-4dfc-86c1-0170c1afd468 => generated 258 bytes in 13 msecs (HTTP/1.1 200) 8 headers in 296 bytes (1 switches on core 0)
2026-04-14 07:07:18.409 8 INFO placement.requestlog [req-eac79664-bc43-4c7e-8aee-f248af48c48e req-dbd77a31-ded9-441d-b685-f17d4b092d02 187517b403344cbb92661db0ee7f7999 c6adb0dd6483440a82c45f0d6072e1d8 - - a4328567bc7c4129b7d33f8c091db4e9 a4328567bc7c4129b7d33f8c091db4e9] 199.204.45.132 "GET /allocations/f226b26e-39f4-4c2b-82d5-7939da3fed72" status: 200 len: 258 microversion: 1.28 [pid: 8|app: 0|req: 306/607] 199.204.45.132 () {34 vars in 863 bytes} [Tue Apr 14 07:07:18 2026] GET /allocations/f226b26e-39f4-4c2b-82d5-7939da3fed72 => generated 258 bytes in 13 msecs (HTTP/1.1 200) 8 headers in 296 bytes (1 switches on core 0)
2026-04-14 07:07:19.694 8 INFO placement.requestlog [None req-33058580-b019-4c33-ba99-c3d12c712b7f a9e8628778134410b7ceba6d21a9e56e c6adb0dd6483440a82c45f0d6072e1d8 - - a4328567bc7c4129b7d33f8c091db4e9 a4328567bc7c4129b7d33f8c091db4e9] 10.0.0.171 "GET /resource_providers/0183cf92-8a3c-4b2c-a853-717a94c888ca/aggregates" status: 404 len: 235 microversion: 1.1 [pid: 8|app: 0|req: 307/608] 10.0.0.171 () {32 vars in 816 bytes} [Tue Apr 14 07:07:19 2026] GET /resource_providers/0183cf92-8a3c-4b2c-a853-717a94c888ca/aggregates => generated 235 bytes in 10 msecs (HTTP/1.1 404) 5 headers in 202 bytes (1 switches on core 0)
2026-04-14 07:07:19.700 7 INFO placement.requestlog [None req-119517dc-1af0-4894-b95f-277f77721ca3 a9e8628778134410b7ceba6d21a9e56e c6adb0dd6483440a82c45f0d6072e1d8 - - a4328567bc7c4129b7d33f8c091db4e9 a4328567bc7c4129b7d33f8c091db4e9] 10.0.0.171 "GET /resource_providers/0183cf92-8a3c-4b2c-a853-717a94c888ca/aggregates" status: 404 len: 235 microversion: 1.1 [pid: 7|app: 0|req: 302/609] 10.0.0.171 () {32 vars in 816 bytes} [Tue Apr 14 07:07:19 2026] GET /resource_providers/0183cf92-8a3c-4b2c-a853-717a94c888ca/aggregates => generated 235 bytes in 20 msecs (HTTP/1.1 404) 5 headers in 202 bytes (1 switches on core 0)
2026-04-14 07:07:19.723 8 INFO placement.requestlog [None req-1693c33c-2e7e-4ae2-b639-aa9d22bdf269 a9e8628778134410b7ceba6d21a9e56e c6adb0dd6483440a82c45f0d6072e1d8 - - a4328567bc7c4129b7d33f8c091db4e9 a4328567bc7c4129b7d33f8c091db4e9] 10.0.0.171 "DELETE /resource_providers/0183cf92-8a3c-4b2c-a853-717a94c888ca" status: 404 len: 246 microversion: 1.1 [pid: 8|app: 0|req: 308/610] 10.0.0.171 () {34 vars in 816 bytes} [Tue Apr 14 07:07:19 2026] DELETE /resource_providers/0183cf92-8a3c-4b2c-a853-717a94c888ca => generated 246 bytes in 8 msecs (HTTP/1.1 404) 6 headers in 231 bytes (1 switches on core 0)
2026-04-14 07:07:19.728 7 INFO placement.requestlog [None req-e6b3134b-9078-4c34-b15a-6bfdaaea3080 a9e8628778134410b7ceba6d21a9e56e c6adb0dd6483440a82c45f0d6072e1d8 - - a4328567bc7c4129b7d33f8c091db4e9 a4328567bc7c4129b7d33f8c091db4e9] 10.0.0.171 "DELETE /resource_providers/0183cf92-8a3c-4b2c-a853-717a94c888ca" status: 404 len: 246 microversion: 1.1 [pid: 7|app: 0|req: 303/611] 10.0.0.171 () {34 vars in 816 bytes} [Tue Apr 14 07:07:19 2026] DELETE /resource_providers/0183cf92-8a3c-4b2c-a853-717a94c888ca => generated 246 bytes in 11 msecs (HTTP/1.1 404) 6 headers in 231 bytes (1 switches on core 0)
2026-04-14 07:07:21.754 8 INFO placement.requestlog [None req-8f19f323-9154-48cc-8456-66447ce54a6c a9e8628778134410b7ceba6d21a9e56e c6adb0dd6483440a82c45f0d6072e1d8 - - a4328567bc7c4129b7d33f8c091db4e9 a4328567bc7c4129b7d33f8c091db4e9] 10.0.0.171 "GET /resource_providers/f3e27707-7fd1-4180-bbf1-140b23860ab4/aggregates" status: 404 len: 235 microversion: 1.1 [pid: 8|app: 0|req: 309/612] 10.0.0.171 () {32 vars in 816 bytes} [Tue Apr 14 07:07:21 2026] GET /resource_providers/f3e27707-7fd1-4180-bbf1-140b23860ab4/aggregates => generated 235 bytes in 12 msecs (HTTP/1.1 404) 5 headers in 202 bytes (1 switches on core 0)
2026-04-14 07:07:21.761 7 INFO placement.requestlog [None req-b9f22a2f-9b32-4c48-b180-9b2e68d524be a9e8628778134410b7ceba6d21a9e56e c6adb0dd6483440a82c45f0d6072e1d8 - - a4328567bc7c4129b7d33f8c091db4e9 a4328567bc7c4129b7d33f8c091db4e9] 10.0.0.171 "GET /resource_providers/f3e27707-7fd1-4180-bbf1-140b23860ab4/aggregates" status: 404 len: 235 microversion: 1.1 [pid: 7|app: 0|req: 304/613] 10.0.0.171 () {32 vars in 816 bytes} [Tue Apr 14 07:07:21 2026] GET /resource_providers/f3e27707-7fd1-4180-bbf1-140b23860ab4/aggregates => generated 235 bytes in 17 msecs (HTTP/1.1 404) 5 headers in 202 bytes (1 switches on core 0)
2026-04-14 07:07:21.792 8 INFO placement.requestlog [None req-c4f6c648-f762-48f8-8d24-f126bd3dfb65 a9e8628778134410b7ceba6d21a9e56e c6adb0dd6483440a82c45f0d6072e1d8 - - a4328567bc7c4129b7d33f8c091db4e9 a4328567bc7c4129b7d33f8c091db4e9] 10.0.0.171 "DELETE /resource_providers/f3e27707-7fd1-4180-bbf1-140b23860ab4" status: 404 len: 246 microversion: 1.1 [pid: 8|app: 0|req: 310/614] 10.0.0.171 () {34 vars in 816 bytes} [Tue Apr 14 07:07:21 2026] DELETE /resource_providers/f3e27707-7fd1-4180-bbf1-140b23860ab4 => generated 246 bytes in 14 msecs (HTTP/1.1 404) 6 headers in 231 bytes (1 switches on core 0)
2026-04-14 07:07:21.793 7 INFO placement.requestlog [None req-1488feb0-9047-43d2-bf49-3c98db9be93c a9e8628778134410b7ceba6d21a9e56e c6adb0dd6483440a82c45f0d6072e1d8 - - a4328567bc7c4129b7d33f8c091db4e9 a4328567bc7c4129b7d33f8c091db4e9] 10.0.0.171 "DELETE /resource_providers/f3e27707-7fd1-4180-bbf1-140b23860ab4" status: 404 len: 246 microversion: 1.1 [pid: 7|app: 0|req: 305/615] 10.0.0.171 () {34 vars in 816 bytes} [Tue Apr 14 07:07:21 2026] DELETE /resource_providers/f3e27707-7fd1-4180-bbf1-140b23860ab4 => generated 246 bytes in 11 msecs (HTTP/1.1 404) 6 headers in 231 bytes (1 switches on core 0)
2026-04-14 07:07:26.375 7 INFO placement.requestlog [None req-985a71a4-5258-4ae1-9349-355bceb43acc - - - - - -] 10.0.0.77 "GET /" status: 200 len: 136 microversion: 1.0
2026-04-14 07:07:26.375 8 INFO placement.requestlog [None req-ac67b602-9545-4632-94bf-6cae63160526 - - - - - -] 10.0.0.77 "GET /" status: 200 len: 136 microversion: 1.0
2026-04-14 07:07:29.995 8 INFO placement.requestlog [req-da490acc-b708-4d26-b185-46724bf80e3b req-73fc32a7-db22-492d-9a83-2dbabb15776d 187517b403344cbb92661db0ee7f7999 c6adb0dd6483440a82c45f0d6072e1d8 - - a4328567bc7c4129b7d33f8c091db4e9 a4328567bc7c4129b7d33f8c091db4e9] 10.0.0.20 "GET /allocation_candidates?limit=1000&resources=DISK_GB%3A1%2CMEMORY_MB%3A512%2CVCPU%3A1&root_required=%21COMPUTE_STATUS_DISABLED" status: 200 len: 2784 microversion: 1.36 [pid: 8|app: 0|req: 312/618] 10.0.0.20 () {34 vars in 1011 bytes} [Tue Apr 14 07:07:29 2026] GET /allocation_candidates?limit=1000&resources=DISK_GB%3A1%2CMEMORY_MB%3A512%2CVCPU%3A1&root_required=%21COMPUTE_STATUS_DISABLED => generated 2784 bytes in 55 msecs (HTTP/1.1 200) 8 headers in 297 bytes (1 switches on core 0)
