Traceback (most recent call last): File "/var/lib/openstack/lib/python3.12/site-packages/neutron/plugins/ml2/drivers/ovn/mech_driver/ovsdb/commands.py", line 267, in run_idl port = idlutils.row_by_value(self.api.idl, 'Logical_Switch_Port', ^^^^^^^^^^^^^^^^^^^^^^^^^^^^^^^^^^^^^^^^^^^^^^^^^^^^^^^^^^
File "/var/lib/openstack/lib/python3.12/site-packages/ovsdbapp/backend/ovs_idl/idlutils.py", line 114, in row_by_value raise RowNotFound(table=table, col=column, match=match) ovsdbapp.backend.ovs_idl.idlutils.RowNotFound: Cannot find Logical_Switch_Port with name=62ab3107-3524-4180-98d1-d6a9ca67bedc During handling of the above exception, another exception occurred: Traceback (most recent call last): File "/var/lib/openstack/lib/python3.12/site-packages/ovsdbapp/backend/ovs_idl/connection.py", line 121, in run txn.results.put(txn.do_commit()) ^^^^^^^^^^^^^^^
File "/var/lib/openstack/lib/python3.12/site-packages/ovsdbapp/backend/ovs_idl/transaction.py", line 92, in do_commit command.run_idl(txn)
File "/var/lib/openstack/lib/python3.12/site-packages/neutron/plugins/ml2/drivers/ovn/mech_driver/ovsdb/commands.py", line 273, in run_idl raise RuntimeError(msg) RuntimeError: Logical Switch Port 62ab3107-3524-4180-98d1-d6a9ca67bedc does not exist
2026-05-28 16:32:31.305 8 ERROR neutron.plugins.ml2.managers [None req-8c598e7a-2526-427f-8cf1-52b980b48996 - - - - - -] Mechanism driver 'ovn' failed in update_port_postcommit: RuntimeError: Logical Switch Port 62ab3107-3524-4180-98d1-d6a9ca67bedc does not exist
2026-05-28 16:32:31.305 8 ERROR neutron.plugins.ml2.managers
Traceback (most recent call last):
2026-05-28 16:32:31.305 8 ERROR neutron.plugins.ml2.managers
File "/var/lib/openstack/lib/python3.12/site-packages/neutron/plugins/ml2/drivers/ovn/mech_driver/ovsdb/commands.py", line 267, in run_idl
2026-05-28 16:32:31.305 8 ERROR neutron.plugins.ml2.managers port = idlutils.row_by_value(self.api.idl, 'Logical_Switch_Port',
2026-05-28 16:32:31.305 8 ERROR neutron.plugins.ml2.managers ^^^^^^^^^^^^^^^^^^^^^^^^^^^^^^^^^^^^^^^^^^^^^^^^^^^^^^^^^^
2026-05-28 16:32:31.305 8 ERROR neutron.plugins.ml2.managers
File "/var/lib/openstack/lib/python3.12/site-packages/ovsdbapp/backend/ovs_idl/idlutils.py", line 114, in row_by_value
2026-05-28 16:32:31.305 8 ERROR neutron.plugins.ml2.managers raise RowNotFound(table=table, col=column, match=match)
2026-05-28 16:32:31.305 8 ERROR neutron.plugins.ml2.managers ovsdbapp.backend.ovs_idl.idlutils.RowNotFound: Cannot find Logical_Switch_Port with name=62ab3107-3524-4180-98d1-d6a9ca67bedc
2026-05-28 16:32:31.305 8 ERROR neutron.plugins.ml2.managers
2026-05-28 16:32:31.305 8 ERROR neutron.plugins.ml2.managers During handling of the above exception, another exception occurred:
2026-05-28 16:32:31.305 8 ERROR neutron.plugins.ml2.managers
2026-05-28 16:32:31.305 8 ERROR neutron.plugins.ml2.managers
Traceback (most recent call last):
2026-05-28 16:32:31.305 8 ERROR neutron.plugins.ml2.managers
File "/var/lib/openstack/lib/python3.12/site-packages/neutron/plugins/ml2/managers.py", line 499, in _call_on_drivers
2026-05-28 16:32:31.305 8 ERROR neutron.plugins.ml2.managers getattr(driver.obj, method_name)(context)
2026-05-28 16:32:31.305 8 ERROR neutron.plugins.ml2.managers
File "/var/lib/openstack/lib/python3.12/site-packages/neutron/plugins/ml2/drivers/ovn/mech_driver/mech_driver.py", line 1034, in update_port_postcommit
2026-05-28 16:32:31.305 8 ERROR neutron.plugins.ml2.managers self._ovn_update_port(context.plugin_context, port, original_port,
2026-05-28 16:32:31.305 8 ERROR neutron.plugins.ml2.managers
File "/var/lib/openstack/lib/python3.12/site-packages/neutron/plugins/ml2/drivers/ovn/mech_driver/mech_driver.py", line 914, in _ovn_update_port
2026-05-28 16:32:31.305 8 ERROR neutron.plugins.ml2.managers self._ovn_client.update_port(plugin_context, port,
2026-05-28 16:32:31.305 8 ERROR neutron.plugins.ml2.managers
File "/var/lib/openstack/lib/python3.12/site-packages/neutron/plugins/ml2/drivers/ovn/mech_driver/ovsdb/ovn_client.py", line 700, in update_port
2026-05-28 16:32:31.305 8 ERROR neutron.plugins.ml2.managers with self._nb_idl.transaction(check_error=True,
2026-05-28 16:32:31.305 8 ERROR neutron.plugins.ml2.managers
File "/usr/lib/python3.12/contextlib.py", line 144, in __exit__
2026-05-28 16:32:31.305 8 ERROR neutron.plugins.ml2.managers next(self.gen)
2026-05-28 16:32:31.305 8 ERROR neutron.plugins.ml2.managers
File "/var/lib/openstack/lib/python3.12/site-packages/neutron/plugins/ml2/drivers/ovn/mech_driver/ovsdb/impl_idl_ovn.py", line 271, in transaction
2026-05-28 16:32:31.305 8 ERROR neutron.plugins.ml2.managers with super().transaction(*args, **kwargs) as t:
2026-05-28 16:32:31.305 8 ERROR neutron.plugins.ml2.managers
File "/usr/lib/python3.12/contextlib.py", line 144, in __exit__
2026-05-28 16:32:31.305 8 ERROR neutron.plugins.ml2.managers next(self.gen)
2026-05-28 16:32:31.305 8 ERROR neutron.plugins.ml2.managers
File "/var/lib/openstack/lib/python3.12/site-packages/ovsdbapp/api.py", line 114, in transaction
2026-05-28 16:32:31.305 8 ERROR neutron.plugins.ml2.managers with self.create_transaction(
2026-05-28 16:32:31.305 8 ERROR neutron.plugins.ml2.managers
File "/var/lib/openstack/lib/python3.12/site-packages/ovsdbapp/api.py", line 71, in __exit__
2026-05-28 16:32:31.305 8 ERROR neutron.plugins.ml2.managers self.result = self.commit()
2026-05-28 16:32:31.305 8 ERROR neutron.plugins.ml2.managers ^^^^^^^^^^^^^
2026-05-28 16:32:31.305 8 ERROR neutron.plugins.ml2.managers
File "/var/lib/openstack/lib/python3.12/site-packages/ovsdbapp/backend/ovs_idl/transaction.py", line 64, in commit
2026-05-28 16:32:31.305 8 ERROR neutron.plugins.ml2.managers raise result.ex
2026-05-28 16:32:31.305 8 ERROR neutron.plugins.ml2.managers
File "/var/lib/openstack/lib/python3.12/site-packages/ovsdbapp/backend/ovs_idl/connection.py", line 121, in run
2026-05-28 16:32:31.305 8 ERROR neutron.plugins.ml2.managers txn.results.put(txn.do_commit())
2026-05-28 16:32:31.305 8 ERROR neutron.plugins.ml2.managers ^^^^^^^^^^^^^^^
2026-05-28 16:32:31.305 8 ERROR neutron.plugins.ml2.managers
File "/var/lib/openstack/lib/python3.12/site-packages/ovsdbapp/backend/ovs_idl/transaction.py", line 92, in do_commit
2026-05-28 16:32:31.305 8 ERROR neutron.plugins.ml2.managers command.run_idl(txn)
2026-05-28 16:32:31.305 8 ERROR neutron.plugins.ml2.managers
File "/var/lib/openstack/lib/python3.12/site-packages/neutron/plugins/ml2/drivers/ovn/mech_driver/ovsdb/commands.py", line 273, in run_idl
2026-05-28 16:32:31.305 8 ERROR neutron.plugins.ml2.managers raise RuntimeError(msg)
2026-05-28 16:32:31.305 8 ERROR neutron.plugins.ml2.managers RuntimeError: Logical Switch Port 62ab3107-3524-4180-98d1-d6a9ca67bedc does not exist
2026-05-28 16:32:31.305 8 ERROR neutron.plugins.ml2.managers
2026-05-28 16:32:31.325 8 ERROR ovsdbapp.backend.ovs_idl.command [None req-8c598e7a-2526-427f-8cf1-52b980b48996 - - - - - -] Error executing command (LspGetUpCommand): ovsdbapp.backend.ovs_idl.idlutils.RowNotFound: Cannot find Logical_Switch_Port with name=62ab3107-3524-4180-98d1-d6a9ca67bedc
2026-05-28 16:32:31.325 8 ERROR ovsdbapp.backend.ovs_idl.command
Traceback (most recent call last):
2026-05-28 16:32:31.325 8 ERROR ovsdbapp.backend.ovs_idl.command
File "/var/lib/openstack/lib/python3.12/site-packages/ovsdbapp/backend/ovs_idl/command.py", line 47, in execute
2026-05-28 16:32:31.325 8 ERROR ovsdbapp.backend.ovs_idl.command self.run_idl(None)
2026-05-28 16:32:31.325 8 ERROR ovsdbapp.backend.ovs_idl.command
File "/var/lib/openstack/lib/python3.12/site-packages/ovsdbapp/schema/ovn_northbound/commands.py", line 681, in run_idl
2026-05-28 16:32:31.325 8 ERROR ovsdbapp.backend.ovs_idl.command lsp = self.api.lookup('Logical_Switch_Port', self.port)
2026-05-28 16:32:31.325 8 ERROR ovsdbapp.backend.ovs_idl.command ^^^^^^^^^^^^^^^^^^^^^^^^^^^^^^^^^^^^^^^^^^^^^^^^^
2026-05-28 16:32:31.325 8 ERROR ovsdbapp.backend.ovs_idl.command
File "/var/lib/openstack/lib/python3.12/site-packages/ovsdbapp/backend/ovs_idl/__init__.py", line 184, in lookup
2026-05-28 16:32:31.325 8 ERROR ovsdbapp.backend.ovs_idl.command return self._lookup(table, record)
2026-05-28 16:32:31.325 8 ERROR ovsdbapp.backend.ovs_idl.command ^^^^^^^^^^^^^^^^^^^^^^^^^^^
2026-05-28 16:32:31.325 8 ERROR ovsdbapp.backend.ovs_idl.command
File "/var/lib/openstack/lib/python3.12/site-packages/ovsdbapp/backend/ovs_idl/__init__.py", line 235, in _lookup
2026-05-28 16:32:31.325 8 ERROR ovsdbapp.backend.ovs_idl.command row = idlutils.row_by_value(self, rl.table, rl.column, record)
2026-05-28 16:32:31.325 8 ERROR ovsdbapp.backend.ovs_idl.command ^^^^^^^^^^^^^^^^^^^^^^^^^^^^^^^^^^^^^^^^^^^^^^^^^^^^^^^^
2026-05-28 16:32:31.325 8 ERROR ovsdbapp.backend.ovs_idl.command
File "/var/lib/openstack/lib/python3.12/site-packages/ovsdbapp/backend/ovs_idl/idlutils.py", line 114, in row_by_value
2026-05-28 16:32:31.325 8 ERROR ovsdbapp.backend.ovs_idl.command raise RowNotFound(table=table, col=column, match=match)
2026-05-28 16:32:31.325 8 ERROR ovsdbapp.backend.ovs_idl.command ovsdbapp.backend.ovs_idl.idlutils.RowNotFound: Cannot find Logical_Switch_Port with name=62ab3107-3524-4180-98d1-d6a9ca67bedc
2026-05-28 16:32:31.325 8 ERROR ovsdbapp.backend.ovs_idl.command
2026-05-28 16:32:31.329 8 ERROR ovsdbapp.event [None req-8c598e7a-2526-427f-8cf1-52b980b48996 - - - - - -] Unexpected exception in notify_loop: ovsdbapp.backend.ovs_idl.idlutils.RowNotFound: Cannot find Logical_Switch_Port with name=62ab3107-3524-4180-98d1-d6a9ca67bedc
2026-05-28 16:32:31.329 8 ERROR ovsdbapp.event
Traceback (most recent call last):
2026-05-28 16:32:31.329 8 ERROR ovsdbapp.event
File "/var/lib/openstack/lib/python3.12/site-packages/ovsdbapp/event.py", line 177, in notify_loop
2026-05-28 16:32:31.329 8 ERROR ovsdbapp.event match.run(event, row, updates)
2026-05-28 16:32:31.329 8 ERROR ovsdbapp.event
File "/var/lib/openstack/lib/python3.12/site-packages/neutron/plugins/ml2/drivers/ovn/mech_driver/ovsdb/ovsdb_monitor.py", line 536, in run
2026-05-28 16:32:31.329 8 ERROR ovsdbapp.event self.driver.set_port_status_up(row.name)
2026-05-28 16:32:31.329 8 ERROR ovsdbapp.event
File "/var/lib/openstack/lib/python3.12/site-packages/neutron/plugins/ml2/drivers/ovn/mech_driver/mech_driver.py", line 1333, in set_port_status_up
2026-05-28 16:32:31.329 8 ERROR ovsdbapp.event self._ovn_client.update_lsp_host_info(admin_context, db_port)
2026-05-28 16:32:31.329 8 ERROR ovsdbapp.event
File "/var/lib/openstack/lib/python3.12/site-packages/neutron/plugins/ml2/drivers/ovn/mech_driver/ovsdb/ovn_client.py", line 305, in update_lsp_host_info
2026-05-28 16:32:31.329 8 ERROR ovsdbapp.event port_up = self._nb_idl.lsp_get_up(db_port.id).execute(
2026-05-28 16:32:31.329 8 ERROR ovsdbapp.event ^^^^^^^^^^^^^^^^^^^^^^^^^^^^^^^^^^^^^^^^^^^^
2026-05-28 16:32:31.329 8 ERROR ovsdbapp.event
File "/var/lib/openstack/lib/python3.12/site-packages/ovsdbapp/backend/ovs_idl/command.py", line 47, in execute
2026-05-28 16:32:31.329 8 ERROR ovsdbapp.event self.run_idl(None)
2026-05-28 16:32:31.329 8 ERROR ovsdbapp.event
File "/var/lib/openstack/lib/python3.12/site-packages/ovsdbapp/schema/ovn_northbound/commands.py", line 681, in run_idl
2026-05-28 16:32:31.329 8 ERROR ovsdbapp.event lsp = self.api.lookup('Logical_Switch_Port', self.port)
2026-05-28 16:32:31.329 8 ERROR ovsdbapp.event ^^^^^^^^^^^^^^^^^^^^^^^^^^^^^^^^^^^^^^^^^^^^^^^^^
2026-05-28 16:32:31.329 8 ERROR ovsdbapp.event
File "/var/lib/openstack/lib/python3.12/site-packages/ovsdbapp/backend/ovs_idl/__init__.py", line 184, in lookup
2026-05-28 16:32:31.329 8 ERROR ovsdbapp.event return self._lookup(table, record)
2026-05-28 16:32:31.329 8 ERROR ovsdbapp.event ^^^^^^^^^^^^^^^^^^^^^^^^^^^
2026-05-28 16:32:31.329 8 ERROR ovsdbapp.event
File "/var/lib/openstack/lib/python3.12/site-packages/ovsdbapp/backend/ovs_idl/__init__.py", line 235, in _lookup
2026-05-28 16:32:31.329 8 ERROR ovsdbapp.event row = idlutils.row_by_value(self, rl.table, rl.column, record)
2026-05-28 16:32:31.329 8 ERROR ovsdbapp.event ^^^^^^^^^^^^^^^^^^^^^^^^^^^^^^^^^^^^^^^^^^^^^^^^^^^^^^^^
2026-05-28 16:32:31.329 8 ERROR ovsdbapp.event
File "/var/lib/openstack/lib/python3.12/site-packages/ovsdbapp/backend/ovs_idl/idlutils.py", line 114, in row_by_value
2026-05-28 16:32:31.329 8 ERROR ovsdbapp.event raise RowNotFound(table=table, col=column, match=match)
2026-05-28 16:32:31.329 8 ERROR ovsdbapp.event ovsdbapp.backend.ovs_idl.idlutils.RowNotFound: Cannot find Logical_Switch_Port with name=62ab3107-3524-4180-98d1-d6a9ca67bedc
2026-05-28 16:32:31.329 8 ERROR ovsdbapp.event
2026-05-28 16:32:31.354 8 INFO neutron.plugins.ml2.drivers.ovn.mech_driver.mech_driver [None req-8c598e7a-2526-427f-8cf1-52b980b48996 - - - - - -] OVN reports status down for port: f5b87106-a8fd-4565-9d59-1070fbeff7ca
2026-05-28 16:32:31.368 8 INFO neutron.plugins.ml2.drivers.ovn.mech_driver.mech_driver [None req-8c598e7a-2526-427f-8cf1-52b980b48996 - - - - - -] OVN reports status down for port: 2e2fd86e-fb59-4327-834b-1c015c86d88d
2026-05-28 16:32:31.380 8 INFO neutron.plugins.ml2.drivers.ovn.mech_driver.mech_driver [None req-8c598e7a-2526-427f-8cf1-52b980b48996 - - - - - -] OVN reports status down for port: b02d685d-113f-40f7-899e-d5bb535136a1
2026-05-28 16:32:31.411 8 INFO neutron.plugins.ml2.drivers.ovn.mech_driver.mech_driver [None req-8c598e7a-2526-427f-8cf1-52b980b48996 - - - - - -] OVN reports status down for port: c5643fe8-93f4-4b33-bc79-35f55a911ac1
2026-05-28 16:32:31.468 8 INFO neutron.db.ovn_revision_numbers_db [None req-049c44df-ca16-45d3-a67b-60154d8b87b1 971f440cb4ab423f9711f886554f5225 893c5eae5e7843b39497be8991533c39 - - default default] Successfully bumped revision number for resource d9853ba1-251b-429a-b317-e7897f2ce3e8 (type: networks) to 1
2026-05-28 16:32:31.473 8 INFO neutron.plugins.ml2.drivers.ovn.mech_driver.mech_driver [None req-8c598e7a-2526-427f-8cf1-52b980b48996 - - - - - -] OVN reports status down for port: c5643fe8-93f4-4b33-bc79-35f55a911ac1 [pid: 7|app: 0|req: 812/1602] 10.0.0.194 () {34 vars in 789 bytes} [Thu May 28 16:32:30 2026] PUT /v2.0/routers/874a9f8f-450c-4bad-8c03-d8bde20a6992/remove_router_interface => generated 309 bytes in 985 msecs (HTTP/1.1 200) 4 headers in 157 bytes (1 switches on core 0) /var/lib/openstack/lib/python3.12/site-packages/pycadf/identifier.py:70: UserWarning: Invalid uuid: neutron. To ensure interoperability, identifiers should be a valid uuid. warnings.warn(('Invalid uuid: %s. To ensure interoperability, '
2026-05-28 16:32:31.704 8 INFO neutron.plugins.ml2.drivers.ovn.mech_driver.mech_driver [None req-8c598e7a-2526-427f-8cf1-52b980b48996 - - - - - -] OVN reports status down for port: e563cd72-2853-437f-b0bf-56af5437f4a3 [pid: 7|app: 0|req: 813/1603] 10.0.0.56 () {28 vars in 590 bytes} [Thu May 28 16:32:31 2026] GET /v2.0/floatingips => generated 861 bytes in 42 msecs (HTTP/1.1 200) 4 headers in 157 bytes (1 switches on core 0) [pid: 7|app: 0|req: 814/1604] 10.0.0.212 () {34 vars in 990 bytes} [Thu May 28 16:32:31 2026] GET /v2.0/ports?device_id=d889963c-fbd8-4bc3-b2df-032716b64688 => generated 975 bytes in 81 msecs (HTTP/1.1 200) 4 headers in 157 bytes (1 switches on core 0)
2026-05-28 16:32:31.882 8 WARNING neutron.scheduler.dhcp_agent_scheduler [None req-049c44df-ca16-45d3-a67b-60154d8b87b1 971f440cb4ab423f9711f886554f5225 893c5eae5e7843b39497be8991533c39 - - default default] No more DHCP agents
2026-05-28 16:32:31.883 8 WARNING neutron.api.rpc.agentnotifiers.dhcp_rpc_agent_api [None req-049c44df-ca16-45d3-a67b-60154d8b87b1 971f440cb4ab423f9711f886554f5225 893c5eae5e7843b39497be8991533c39 - - default default] Unable to schedule network d9853ba1-251b-429a-b317-e7897f2ce3e8: no agents available; will retry on subsequent port and subnet creation events.
2026-05-28 16:32:31.908 8 INFO neutron.notifiers.nova [-] Nova event matching ['req-fc09486a-9a56-4d8e-98cd-66e7aaad1ef7'] response: {'server_uuid': 'd889963c-fbd8-4bc3-b2df-032716b64688', 'name': 'network-vif-unplugged', 'status': 'completed', 'tag': 'e563cd72-2853-437f-b0bf-56af5437f4a3', 'code': 200}
2026-05-28 16:32:32.132 8 INFO neutron.db.ovn_revision_numbers_db [None req-049c44df-ca16-45d3-a67b-60154d8b87b1 971f440cb4ab423f9711f886554f5225 893c5eae5e7843b39497be8991533c39 - - default default] Successfully bumped revision number for resource 8909e76b-b44e-4c73-bcf8-adb735efe76b (type: ports) to 1 [pid: 8|app: 0|req: 791/1605] 10.0.0.194 () {34 vars in 670 bytes} [Thu May 28 16:32:30 2026] POST /v2.0/networks => generated 663 bytes in 1622 msecs (HTTP/1.1 201) 4 headers in 162 bytes (1 switches on core 0) /var/lib/openstack/lib/python3.12/site-packages/pycadf/identifier.py:70: UserWarning: Invalid uuid: neutron. To ensure interoperability, identifiers should be a valid uuid. warnings.warn(('Invalid uuid: %s. To ensure interoperability, '
2026-05-28 16:32:32.198 7 INFO neutron_taas.services.taas.taas_plugin [None req-96e25944-82a0-4108-8411-c8940dfe765a d433befaab764b03b7892be38a4bc944 c9928dff65dc4986bf023c5921b302fb - - default default] TaaS: Handle Delete Port: 45007a8f-6e60-416f-97fd-2c64cc28728a
2026-05-28 16:32:32.202 7 INFO neutron_taas.services.taas.tap_mirror_plugin [None req-96e25944-82a0-4108-8411-c8940dfe765a d433befaab764b03b7892be38a4bc944 c9928dff65dc4986bf023c5921b302fb - - default default] Tap Mirror: Handle Delete Port: 45007a8f-6e60-416f-97fd-2c64cc28728a [pid: 8|app: 0|req: 792/1606] 10.0.0.56 () {28 vars in 618 bytes} [Thu May 28 16:32:32 2026] GET /v2.0/network-ip-availabilities => generated 2292 bytes in 22 msecs (HTTP/1.1 200) 4 headers in 158 bytes (1 switches on core 0)
2026-05-28 16:32:32.212 8 INFO neutron.db.ovn_revision_numbers_db [None req-8c598e7a-2526-427f-8cf1-52b980b48996 - - - - - -] Successfully bumped revision number for resource e563cd72-2853-437f-b0bf-56af5437f4a3 (type: ports) to 8 [pid: 8|app: 0|req: 793/1607] 10.0.0.212 () {34 vars in 1040 bytes} [Thu May 28 16:32:32 2026] GET /v2.0/security-groups?id=c36f4b75-1b05-482e-93e7-0a46cce847ff&fields=id&fields=name => generated 114 bytes in 60 msecs (HTTP/1.1 200) 4 headers in 157 bytes (1 switches on core 0) [pid: 8|app: 0|req: 794/1608] 199.204.45.38 () {34 vars in 993 bytes} [Thu May 28 16:32:32 2026] GET /v2.0/ports?device_id=d889963c-fbd8-4bc3-b2df-032716b64688 => generated 973 bytes in 80 msecs (HTTP/1.1 200) 4 headers in 157 bytes (1 switches on core 0) /var/lib/openstack/lib/python3.12/site-packages/pycadf/identifier.py:70: UserWarning: Invalid uuid: neutron. To ensure interoperability, identifiers should be a valid uuid. warnings.warn(('Invalid uuid: %s. To ensure interoperability, '
2026-05-28 16:32:32.357 8 INFO neutron.plugins.ml2.drivers.ovn.mech_driver.mech_driver [None req-8c785227-9ff2-4c5b-9834-b3371bd4da3b - - - - - -] OVN reports status down for port: 8909e76b-b44e-4c73-bcf8-adb735efe76b [pid: 7|app: 0|req: 815/1609] 10.0.0.194 () {32 vars in 724 bytes} [Thu May 28 16:32:31 2026] DELETE /v2.0/routers/874a9f8f-450c-4bad-8c03-d8bde20a6992 => generated 0 bytes in 846 msecs (HTTP/1.1 204) 2 headers in 112 bytes (1 switches on core 0) [pid: 7|app: 0|req: 816/1610] 10.0.0.194 () {32 vars in 623 bytes} [Thu May 28 16:32:32 2026] GET / => generated 151 bytes in 1 msecs (HTTP/1.1 200) 3 headers in 91 bytes (1 switches on core 0)
2026-05-28 16:32:32.639 8 WARNING neutron.scheduler.dhcp_agent_scheduler [None req-d1ddebb8-f5d5-4e57-99db-8535e87fa926 971f440cb4ab423f9711f886554f5225 893c5eae5e7843b39497be8991533c39 - - default default] No more DHCP agents
2026-05-28 16:32:32.641 8 WARNING neutron.api.rpc.agentnotifiers.dhcp_rpc_agent_api [None req-d1ddebb8-f5d5-4e57-99db-8535e87fa926 971f440cb4ab423f9711f886554f5225 893c5eae5e7843b39497be8991533c39 - - default default] Unable to schedule network d9853ba1-251b-429a-b317-e7897f2ce3e8: no agents available; will retry on subsequent port and subnet creation events. [pid: 7|app: 0|req: 817/1611] 10.0.0.56 () {28 vars in 582 bytes} [Thu May 28 16:32:32 2026] GET /v2.0/subnets => generated 2623 bytes in 36 msecs (HTTP/1.1 200) 4 headers in 158 bytes (1 switches on core 0)
2026-05-28 16:32:32.732 8 INFO neutron.plugins.ml2.drivers.ovn.mech_driver.mech_driver [None req-8c785227-9ff2-4c5b-9834-b3371bd4da3b - - - - - -] OVN reports status down for port: d4ac7d5d-a6b1-486e-845c-ffd2ddb7517c
2026-05-28 16:32:32.824 8 INFO neutron.db.ovn_revision_numbers_db [None req-d1ddebb8-f5d5-4e57-99db-8535e87fa926 971f440cb4ab423f9711f886554f5225 893c5eae5e7843b39497be8991533c39 - - default default] Successfully bumped revision number for resource d4ac7d5d-a6b1-486e-845c-ffd2ddb7517c (type: ports) to 1
2026-05-28 16:32:32.878 7 INFO neutron_taas.services.taas.taas_plugin [req-82dfab81-d470-4d18-9537-0bffac88a837 req-d338bd3d-38e6-4912-90d0-bb5696fdf7a6 9a1293da22a149ec97f9e1f454228641 7fd7c0456cd6498897aee6db94f53804 - - default default] TaaS: Handle Delete Port: e563cd72-2853-437f-b0bf-56af5437f4a3
2026-05-28 16:32:32.881 7 INFO neutron_taas.services.taas.tap_mirror_plugin [req-82dfab81-d470-4d18-9537-0bffac88a837 req-d338bd3d-38e6-4912-90d0-bb5696fdf7a6 9a1293da22a149ec97f9e1f454228641 7fd7c0456cd6498897aee6db94f53804 - - default default] Tap Mirror: Handle Delete Port: e563cd72-2853-437f-b0bf-56af5437f4a3 [pid: 8|app: 0|req: 795/1612] 10.0.0.194 () {34 vars in 665 bytes} [Thu May 28 16:32:32 2026] POST /v2.0/ports => generated 775 bytes in 548 msecs (HTTP/1.1 201) 4 headers in 162 bytes (1 switches on core 0) /var/lib/openstack/lib/python3.12/site-packages/pycadf/identifier.py:70: UserWarning: Invalid uuid: neutron. To ensure interoperability, identifiers should be a valid uuid. warnings.warn(('Invalid uuid: %s. To ensure interoperability, ' [pid: 8|app: 0|req: 796/1613] 10.0.0.194 () {32 vars in 724 bytes} [Thu May 28 16:32:32 2026] DELETE /v2.0/subnets/44007c82-4e73-4dcc-ae22-76fb648845e0 => generated 0 bytes in 146 msecs (HTTP/1.1 204) 3 headers in 131 bytes (1 switches on core 0)
2026-05-28 16:32:33.071 7 INFO neutron.db.l3_db [req-82dfab81-d470-4d18-9537-0bffac88a837 req-d338bd3d-38e6-4912-90d0-bb5696fdf7a6 9a1293da22a149ec97f9e1f454228641 7fd7c0456cd6498897aee6db94f53804 - - default default] Floating IP 76ed475f-7ec6-43f1-bc2d-fa1de63c797a disassociated. External IP: 10.96.250.205, port: e563cd72-2853-437f-b0bf-56af5437f4a3. /var/lib/openstack/lib/python3.12/site-packages/pycadf/identifier.py:70: UserWarning: Invalid uuid: neutron. To ensure interoperability, identifiers should be a valid uuid. warnings.warn(('Invalid uuid: %s. To ensure interoperability, ' [pid: 8|app: 0|req: 797/1614] 10.0.0.194 () {32 vars in 633 bytes} [Thu May 28 16:32:33 2026] GET /v2.0/ => generated 632 bytes in 169 msecs (HTTP/1.1 200) 4 headers in 157 bytes (1 switches on core 0) [pid: 8|app: 0|req: 798/1615] 10.0.0.56 () {28 vars in 590 bytes} [Thu May 28 16:32:33 2026] GET /v2.0/subnetpools => generated 19 bytes in 13 msecs (HTTP/1.1 200) 4 headers in 156 bytes (1 switches on core 0) [pid: 7|app: 0|req: 818/1616] 199.204.45.38 () {36 vars in 996 bytes} [Thu May 28 16:32:32 2026] DELETE /v2.0/ports/e563cd72-2853-437f-b0bf-56af5437f4a3 => generated 0 bytes in 566 msecs (HTTP/1.1 204) 3 headers in 131 bytes (1 switches on core 0)
2026-05-28 16:32:33.284 7 INFO neutron.notifiers.nova [-] Nova event matching ['req-5532e2be-e317-4a5d-b7bb-3a593c79d43f'] response: {'server_uuid': 'd889963c-fbd8-4bc3-b2df-032716b64688', 'name': 'network-vif-deleted', 'tag': 'e563cd72-2853-437f-b0bf-56af5437f4a3', 'status': 'completed', 'code': 200}
2026-05-28 16:32:33.322 8 INFO neutron.db.segments_db [None req-5222f5d4-0d60-4642-862b-6dc39cd5625d 971f440cb4ab423f9711f886554f5225 893c5eae5e7843b39497be8991533c39 - - default default] Added segment 6939fd86-838a-4ee0-8744-1319b3281bcd of type geneve for network 4fba0532-4cf9-41fe-948d-40df03d57e19
2026-05-28 16:32:33.355 7 INFO neutron_taas.services.taas.taas_plugin [None req-06c613de-b3eb-463b-9f3c-4241e401dce5 d433befaab764b03b7892be38a4bc944 c9928dff65dc4986bf023c5921b302fb - - default default] TaaS: Handle Delete Port: f2a5f58f-c0fa-41fc-a1f7-0ed5279e5a54
2026-05-28 16:32:33.358 7 INFO neutron_taas.services.taas.tap_mirror_plugin [None req-06c613de-b3eb-463b-9f3c-4241e401dce5 d433befaab764b03b7892be38a4bc944 c9928dff65dc4986bf023c5921b302fb - - default default] Tap Mirror: Handle Delete Port: f2a5f58f-c0fa-41fc-a1f7-0ed5279e5a54
2026-05-28 16:32:33.429 8 INFO neutron.db.ovn_revision_numbers_db [None req-5222f5d4-0d60-4642-862b-6dc39cd5625d 971f440cb4ab423f9711f886554f5225 893c5eae5e7843b39497be8991533c39 - - default default] Successfully bumped revision number for resource 4fba0532-4cf9-41fe-948d-40df03d57e19 (type: networks) to 1
2026-05-28 16:32:33.596 8 WARNING neutron.scheduler.dhcp_agent_scheduler [None req-5222f5d4-0d60-4642-862b-6dc39cd5625d 971f440cb4ab423f9711f886554f5225 893c5eae5e7843b39497be8991533c39 - - default default] No more DHCP agents
2026-05-28 16:32:33.597 8 WARNING neutron.api.rpc.agentnotifiers.dhcp_rpc_agent_api [None req-5222f5d4-0d60-4642-862b-6dc39cd5625d 971f440cb4ab423f9711f886554f5225 893c5eae5e7843b39497be8991533c39 - - default default] Unable to schedule network 4fba0532-4cf9-41fe-948d-40df03d57e19: no agents available; will retry on subsequent port and subnet creation events.
2026-05-28 16:32:33.604 7 INFO neutron.services.segments.plugin [-] Segment e724a249-30eb-489f-b9c3-15b1098008e1 resource provider aggregate not found
2026-05-28 16:32:33.614 7 INFO neutron.services.segments.plugin [-] Segment e724a249-30eb-489f-b9c3-15b1098008e1 resource provider aggregate not found
2026-05-28 16:32:33.637 7 INFO neutron.services.segments.plugin [-] Segment e724a249-30eb-489f-b9c3-15b1098008e1 resource provider not found; error: Placement Client Error (4xx): {"errors": [{"status": 404, "title": "Not Found", "detail": "The resource could not be found.\n\n No resource provider with uuid e724a249-30eb-489f-b9c3-15b1098008e1 found for delete ", "request_id": "req-641b33b2-36db-4f64-bfac-6da113373af4"}]}
2026-05-28 16:32:33.643 7 INFO neutron.services.segments.plugin [-] Segment e724a249-30eb-489f-b9c3-15b1098008e1 resource provider not found; error: Placement Client Error (4xx): {"errors": [{"status": 404, "title": "Not Found", "detail": "The resource could not be found.\n\n No resource provider with uuid e724a249-30eb-489f-b9c3-15b1098008e1 found for delete ", "request_id": "req-7ccce638-e594-40a2-a017-2e18206144a5"}]}
2026-05-28 16:32:33.668 8 INFO neutron.plugins.ml2.drivers.ovn.mech_driver.mech_driver [None req-8c785227-9ff2-4c5b-9834-b3371bd4da3b - - - - - -] OVN reports status down for port: 76d0c771-d688-44de-bacc-7e743a768863 [pid: 7|app: 0|req: 819/1617] 10.0.0.194 () {32 vars in 726 bytes} [Thu May 28 16:32:33 2026] DELETE /v2.0/networks/a3b99a8a-256b-4fdd-b519-754090e5fd21 => generated 0 bytes in 488 msecs (HTTP/1.1 204) 3 headers in 131 bytes (1 switches on core 0)
2026-05-28 16:32:33.744 8 INFO neutron.db.ovn_revision_numbers_db [None req-5222f5d4-0d60-4642-862b-6dc39cd5625d 971f440cb4ab423f9711f886554f5225 893c5eae5e7843b39497be8991533c39 - - default default] Successfully bumped revision number for resource 76d0c771-d688-44de-bacc-7e743a768863 (type: ports) to 1 [pid: 7|app: 0|req: 820/1618] 10.0.0.56 () {28 vars in 598 bytes} [Thu May 28 16:32:33 2026] GET /v2.0/security-groups => generated 28979 bytes in 45 msecs (HTTP/1.1 200) 4 headers in 159 bytes (1 switches on core 0) [pid: 8|app: 0|req: 799/1619] 10.0.0.194 () {34 vars in 670 bytes} [Thu May 28 16:32:33 2026] POST /v2.0/networks => generated 650 bytes in 549 msecs (HTTP/1.1 201) 4 headers in 162 bytes (1 switches on core 0) [pid: 7|app: 0|req: 821/1620] 10.0.0.212 () {34 vars in 990 bytes} [Thu May 28 16:32:33 2026] GET /v2.0/ports?device_id=d889963c-fbd8-4bc3-b2df-032716b64688 => generated 12 bytes in 26 msecs (HTTP/1.1 200) 4 headers in 156 bytes (1 switches on core 0)
2026-05-28 16:32:33.955 8 INFO neutron.notifiers.nova [-] Nova event matching ['req-f75776b4-9e7d-4af4-a9cc-8c69b02b82f1'] response: {'server_uuid': 'd889963c-fbd8-4bc3-b2df-032716b64688', 'name': 'network-vif-unplugged', 'status': 'completed', 'tag': 'e563cd72-2853-437f-b0bf-56af5437f4a3', 'code': 200}
2026-05-28 16:32:33.998 7 WARNING neutron.scheduler.dhcp_agent_scheduler [None req-b42a10f4-d00a-4ecd-b148-259f78e5092a 971f440cb4ab423f9711f886554f5225 893c5eae5e7843b39497be8991533c39 - - default default] No more DHCP agents
2026-05-28 16:32:34.000 7 WARNING neutron.api.rpc.agentnotifiers.dhcp_rpc_agent_api [None req-b42a10f4-d00a-4ecd-b148-259f78e5092a 971f440cb4ab423f9711f886554f5225 893c5eae5e7843b39497be8991533c39 - - default default] Unable to schedule network 4fba0532-4cf9-41fe-948d-40df03d57e19: no agents available; will retry on subsequent port and subnet creation events.
2026-05-28 16:32:34.080 8 INFO neutron.db.ovn_revision_numbers_db [None req-201e3bd7-357a-4e1e-a5ef-0f1d0d408f97 5fd6cc322f484178b24a613f3ca54714 4ff95e0975d648a3befd0a040ae7fe51 - - default default] Successfully bumped revision number for resource ab32f6e5-b394-4708-a52c-0cb830023a4e (type: security_groups) to 1
2026-05-28 16:32:34.096 8 INFO neutron.db.ovn_revision_numbers_db [None req-201e3bd7-357a-4e1e-a5ef-0f1d0d408f97 5fd6cc322f484178b24a613f3ca54714 4ff95e0975d648a3befd0a040ae7fe51 - - default default] Successfully bumped revision number for resource 0436be2b-1431-4bdc-b9ef-ceb8dd9ccb0a (type: security_group_rules) to 0
2026-05-28 16:32:34.111 8 INFO neutron.db.ovn_revision_numbers_db [None req-201e3bd7-357a-4e1e-a5ef-0f1d0d408f97 5fd6cc322f484178b24a613f3ca54714 4ff95e0975d648a3befd0a040ae7fe51 - - default default] Successfully bumped revision number for resource 9af24bc1-5878-47b6-927d-33b59fc828ac (type: security_group_rules) to 0
2026-05-28 16:32:34.124 8 INFO neutron.db.ovn_revision_numbers_db [None req-201e3bd7-357a-4e1e-a5ef-0f1d0d408f97 5fd6cc322f484178b24a613f3ca54714 4ff95e0975d648a3befd0a040ae7fe51 - - default default] Successfully bumped revision number for resource f34e1637-a09e-468b-9c6d-dba5e1cc026e (type: security_group_rules) to 0
2026-05-28 16:32:34.139 8 INFO neutron.db.ovn_revision_numbers_db [None req-201e3bd7-357a-4e1e-a5ef-0f1d0d408f97 5fd6cc322f484178b24a613f3ca54714 4ff95e0975d648a3befd0a040ae7fe51 - - default default] Successfully bumped revision number for resource f666cdf5-0a7d-4dce-8736-c1582777b405 (type: security_group_rules) to 0 [pid: 8|app: 0|req: 800/1621] 10.0.0.194 () {32 vars in 774 bytes} [Thu May 28 16:32:33 2026] GET /v2.0/security-groups?tenant_id=7e01350b131f47f581014b230f890e6a&name=default => generated 2925 bytes in 401 msecs (HTTP/1.1 200) 4 headers in 158 bytes (1 switches on core 0) [pid: 8|app: 0|req: 801/1622] 10.0.0.56 () {28 vars in 580 bytes} [Thu May 28 16:32:34 2026] GET /v2.0/agents => generated 1214 bytes in 11 msecs (HTTP/1.1 200) 4 headers in 158 bytes (1 switches on core 0) [pid: 8|app: 0|req: 802/1623] 10.0.0.194 () {32 vars in 774 bytes} [Thu May 28 16:32:34 2026] GET /v2.0/security-groups?tenant_id=c9928dff65dc4986bf023c5921b302fb&name=default => generated 2925 bytes in 174 msecs (HTTP/1.1 200) 4 headers in 158 bytes (1 switches on core 0)
2026-05-28 16:32:34.465 7 INFO neutron.db.ovn_revision_numbers_db [None req-63201c1c-a943-447c-94b6-4c56bfed6d58 - - - - - -] Successfully bumped revision number for resource 76d0c771-d688-44de-bacc-7e743a768863 (type: ports) to 2
2026-05-28 16:32:34.491 7 INFO neutron.db.ovn_revision_numbers_db [None req-63201c1c-a943-447c-94b6-4c56bfed6d58 - - - - - -] Successfully bumped revision number for resource efb6b95e-4dbf-4091-977a-76b601beba17 (type: subnets) to 0 [pid: 7|app: 0|req: 822/1624] 10.0.0.194 () {34 vars in 669 bytes} [Thu May 28 16:32:33 2026] POST /v2.0/subnets => generated 626 bytes in 706 msecs (HTTP/1.1 201) 4 headers in 162 bytes (1 switches on core 0) [pid: 7|app: 0|req: 823/1625] 10.0.0.56 () {28 vars in 584 bytes} [Thu May 28 16:32:34 2026] GET /v2.0/networks => generated 4625 bytes in 56 msecs (HTTP/1.1 200) 4 headers in 158 bytes (1 switches on core 0) [pid: 8|app: 0|req: 803/1626] 10.0.0.194 () {32 vars in 740 bytes} [Thu May 28 16:32:34 2026] DELETE /v2.0/security-groups/ab32f6e5-b394-4708-a52c-0cb830023a4e => generated 0 bytes in 317 msecs (HTTP/1.1 204) 2 headers in 112 bytes (1 switches on core 0) [pid: 7|app: 0|req: 824/1627] 10.0.0.194 () {32 vars in 740 bytes} [Thu May 28 16:32:34 2026] DELETE /v2.0/security-groups/1d801de0-ef1a-489e-bc38-3d0e231fe38e => generated 0 bytes in 279 msecs (HTTP/1.1 204) 2 headers in 112 bytes (1 switches on core 0) [pid: 7|app: 0|req: 825/1628] 10.0.0.56 () {28 vars in 582 bytes} [Thu May 28 16:32:34 2026] GET /v2.0/subnets => generated 2622 bytes in 33 msecs (HTTP/1.1 200) 4 headers in 158 bytes (1 switches on core 0) [pid: 7|app: 0|req: 826/1629] 10.0.0.212 () {34 vars in 990 bytes} [Thu May 28 16:32:34 2026] GET /v2.0/ports?device_id=d889963c-fbd8-4bc3-b2df-032716b64688 => generated 12 bytes in 19 msecs (HTTP/1.1 200) 4 headers in 156 bytes (1 switches on core 0)
2026-05-28 16:32:35.006 8 WARNING neutron.scheduler.dhcp_agent_scheduler [None req-eb873850-b412-4ac0-bdf3-01158a8437ea 971f440cb4ab423f9711f886554f5225 893c5eae5e7843b39497be8991533c39 - - default default] No more DHCP agents
2026-05-28 16:32:35.012 8 WARNING neutron.api.rpc.agentnotifiers.dhcp_rpc_agent_api [None req-eb873850-b412-4ac0-bdf3-01158a8437ea 971f440cb4ab423f9711f886554f5225 893c5eae5e7843b39497be8991533c39 - - default default] Unable to schedule network 4fba0532-4cf9-41fe-948d-40df03d57e19: no agents available; will retry on subsequent port and subnet creation events.
2026-05-28 16:32:35.146 8 INFO neutron.plugins.ml2.drivers.ovn.mech_driver.mech_driver [None req-8c785227-9ff2-4c5b-9834-b3371bd4da3b - - - - - -] OVN reports status down for port: 7409cc9a-d1ad-4d0e-8476-475127ac39f4
2026-05-28 16:32:35.246 8 INFO neutron.db.ovn_revision_numbers_db [None req-eb873850-b412-4ac0-bdf3-01158a8437ea 971f440cb4ab423f9711f886554f5225 893c5eae5e7843b39497be8991533c39 - - default default] Successfully bumped revision number for resource 7409cc9a-d1ad-4d0e-8476-475127ac39f4 (type: ports) to 1 [pid: 8|app: 0|req: 804/1630] 10.0.0.194 () {34 vars in 665 bytes} [Thu May 28 16:32:34 2026] POST /v2.0/ports => generated 954 bytes in 652 msecs (HTTP/1.1 201) 4 headers in 162 bytes (1 switches on core 0)
2026-05-28 16:32:35.466 7 INFO neutron_taas.services.taas.taas_plugin [None req-80e225c6-8561-4b24-b140-896e18a992b9 971f440cb4ab423f9711f886554f5225 893c5eae5e7843b39497be8991533c39 - - default default] TaaS: Handle Delete Port: 7409cc9a-d1ad-4d0e-8476-475127ac39f4
2026-05-28 16:32:35.470 7 INFO neutron_taas.services.taas.tap_mirror_plugin [None req-80e225c6-8561-4b24-b140-896e18a992b9 971f440cb4ab423f9711f886554f5225 893c5eae5e7843b39497be8991533c39 - - default default] Tap Mirror: Handle Delete Port: 7409cc9a-d1ad-4d0e-8476-475127ac39f4 [pid: 7|app: 0|req: 827/1631] 10.0.0.194 () {32 vars in 720 bytes} [Thu May 28 16:32:35 2026] DELETE /v2.0/ports/7409cc9a-d1ad-4d0e-8476-475127ac39f4 => generated 0 bytes in 315 msecs (HTTP/1.1 204) 3 headers in 131 bytes (1 switches on core 0) /var/lib/openstack/lib/python3.12/site-packages/pycadf/identifier.py:70: UserWarning: Invalid uuid: neutron. To ensure interoperability, identifiers should be a valid uuid. warnings.warn(('Invalid uuid: %s. To ensure interoperability, '
2026-05-28 16:32:35.685 8 INFO neutron.pecan_wsgi.hooks.translation [None req-871a44b7-d300-462b-97f9-66e28f60c8b3 971f440cb4ab423f9711f886554f5225 893c5eae5e7843b39497be8991533c39 - - default default] DELETE failed (client error): The resource could not be found. [pid: 8|app: 0|req: 805/1632] 10.0.0.194 () {32 vars in 720 bytes} [Thu May 28 16:32:35 2026] DELETE /v2.0/ports/7409cc9a-d1ad-4d0e-8476-475127ac39f4 => generated 132 bytes in 18 msecs (HTTP/1.1 404) 4 headers in 164 bytes (1 switches on core 0)
2026-05-28 16:32:35.709 7 INFO neutron.pecan_wsgi.hooks.translation [None req-29d18ade-6410-47e9-a53a-c64edb3122aa 971f440cb4ab423f9711f886554f5225 893c5eae5e7843b39497be8991533c39 - - default default] GET failed (client error): The resource could not be found. [pid: 7|app: 0|req: 828/1633] 10.0.0.194 () {32 vars in 717 bytes} [Thu May 28 16:32:35 2026] GET /v2.0/ports/7409cc9a-d1ad-4d0e-8476-475127ac39f4 => generated 132 bytes in 19 msecs (HTTP/1.1 404) 4 headers in 164 bytes (1 switches on core 0) [pid: 8|app: 0|req: 806/1634] 10.0.0.194 () {32 vars in 724 bytes} [Thu May 28 16:32:35 2026] DELETE /v2.0/subnets/efb6b95e-4dbf-4091-977a-76b601beba17 => generated 0 bytes in 190 msecs (HTTP/1.1 204) 3 headers in 131 bytes (1 switches on core 0) [pid: 8|app: 0|req: 807/1635] 10.0.0.212 () {34 vars in 990 bytes} [Thu May 28 16:32:35 2026] GET /v2.0/ports?device_id=d889963c-fbd8-4bc3-b2df-032716b64688 => generated 12 bytes in 23 msecs (HTTP/1.1 200) 4 headers in 156 bytes (1 switches on core 0)
2026-05-28 16:32:36.039 7 INFO neutron_taas.services.taas.taas_plugin [None req-68f60b6d-1054-4733-bb24-2f852eb25b3f 971f440cb4ab423f9711f886554f5225 893c5eae5e7843b39497be8991533c39 - - default default] TaaS: Handle Delete Port: 76d0c771-d688-44de-bacc-7e743a768863
2026-05-28 16:32:36.042 7 INFO neutron_taas.services.taas.tap_mirror_plugin [None req-68f60b6d-1054-4733-bb24-2f852eb25b3f 971f440cb4ab423f9711f886554f5225 893c5eae5e7843b39497be8991533c39 - - default default] Tap Mirror: Handle Delete Port: 76d0c771-d688-44de-bacc-7e743a768863
2026-05-28 16:32:36.242 7 INFO neutron.services.segments.plugin [-] Segment 6939fd86-838a-4ee0-8744-1319b3281bcd resource provider aggregate not found
2026-05-28 16:32:36.248 7 INFO neutron.services.segments.plugin [-] Segment 6939fd86-838a-4ee0-8744-1319b3281bcd resource provider aggregate not found
2026-05-28 16:32:36.262 7 INFO neutron.services.segments.plugin [-] Segment 6939fd86-838a-4ee0-8744-1319b3281bcd resource provider not found; error: Placement Client Error (4xx): {"errors": [{"status": 404, "title": "Not Found", "detail": "The resource could not be found.\n\n No resource provider with uuid 6939fd86-838a-4ee0-8744-1319b3281bcd found for delete ", "request_id": "req-5321bafa-5f21-47b9-978a-2f058dac4cc4"}]}
2026-05-28 16:32:36.264 7 INFO neutron.services.segments.plugin [-] Segment 6939fd86-838a-4ee0-8744-1319b3281bcd resource provider not found; error: Placement Client Error (4xx): {"errors": [{"status": 404, "title": "Not Found", "detail": "The resource could not be found.\n\n No resource provider with uuid 6939fd86-838a-4ee0-8744-1319b3281bcd found for delete ", "request_id": "req-1d2395e5-a8af-432a-a237-1ecb13866c4c"}]} [pid: 7|app: 0|req: 829/1636] 10.0.0.194 () {32 vars in 726 bytes} [Thu May 28 16:32:35 2026] DELETE /v2.0/networks/4fba0532-4cf9-41fe-948d-40df03d57e19 => generated 0 bytes in 397 msecs (HTTP/1.1 204) 3 headers in 131 bytes (1 switches on core 0)
2026-05-28 16:32:36.390 8 INFO neutron.db.segments_db [None req-5cbc5cfd-628a-4837-9d9a-5270367250c0 971f440cb4ab423f9711f886554f5225 893c5eae5e7843b39497be8991533c39 - - default default] Added segment c00f84a1-e034-4640-b139-a33c4134e08a of type geneve for network 2a24507d-2b87-4732-903a-65a704af0687
2026-05-28 16:32:36.508 8 INFO neutron.db.ovn_revision_numbers_db [None req-5cbc5cfd-628a-4837-9d9a-5270367250c0 971f440cb4ab423f9711f886554f5225 893c5eae5e7843b39497be8991533c39 - - default default] Successfully bumped revision number for resource 2a24507d-2b87-4732-903a-65a704af0687 (type: networks) to 1
2026-05-28 16:32:36.648 8 WARNING neutron.scheduler.dhcp_agent_scheduler [None req-5cbc5cfd-628a-4837-9d9a-5270367250c0 971f440cb4ab423f9711f886554f5225 893c5eae5e7843b39497be8991533c39 - - default default] No more DHCP agents
2026-05-28 16:32:36.649 8 WARNING neutron.api.rpc.agentnotifiers.dhcp_rpc_agent_api [None req-5cbc5cfd-628a-4837-9d9a-5270367250c0 971f440cb4ab423f9711f886554f5225 893c5eae5e7843b39497be8991533c39 - - default default] Unable to schedule network 2a24507d-2b87-4732-903a-65a704af0687: no agents available; will retry on subsequent port and subnet creation events.
2026-05-28 16:32:36.727 8 INFO neutron.plugins.ml2.drivers.ovn.mech_driver.mech_driver [None req-8c785227-9ff2-4c5b-9834-b3371bd4da3b - - - - - -] OVN reports status down for port: 617275bb-ad28-4e2f-a624-db297819fb31
2026-05-28 16:32:36.781 8 INFO neutron.db.ovn_revision_numbers_db [None req-5cbc5cfd-628a-4837-9d9a-5270367250c0 971f440cb4ab423f9711f886554f5225 893c5eae5e7843b39497be8991533c39 - - default default] Successfully bumped revision number for resource 617275bb-ad28-4e2f-a624-db297819fb31 (type: ports) to 1 [pid: 8|app: 0|req: 808/1637] 10.0.0.194 () {34 vars in 670 bytes} [Thu May 28 16:32:36 2026] POST /v2.0/networks => generated 651 bytes in 522 msecs (HTTP/1.1 201) 4 headers in 162 bytes (1 switches on core 0)
2026-05-28 16:32:37.018 7 INFO neutron.db.ovn_revision_numbers_db [None req-5ac7045d-a1da-4c7b-bb99-02f8092c7af5 d4e6e94e6014410eaa0758d571f064f6 1e158889902949db981d1524e2882bf7 - - default default] Successfully bumped revision number for resource f2a5363f-c1e8-4683-b289-2faa65a10ac8 (type: security_groups) to 1
2026-05-28 16:32:37.039 7 INFO neutron.db.ovn_revision_numbers_db [None req-5ac7045d-a1da-4c7b-bb99-02f8092c7af5 d4e6e94e6014410eaa0758d571f064f6 1e158889902949db981d1524e2882bf7 - - default default] Successfully bumped revision number for resource 8a4bd9f6-f528-4fd4-8513-a1e923d0314b (type: security_group_rules) to 0
2026-05-28 16:32:37.060 7 INFO neutron.db.ovn_revision_numbers_db [None req-5ac7045d-a1da-4c7b-bb99-02f8092c7af5 d4e6e94e6014410eaa0758d571f064f6 1e158889902949db981d1524e2882bf7 - - default default] Successfully bumped revision number for resource 949ec34f-9414-4fc5-8242-9598fd52358d (type: security_group_rules) to 0
2026-05-28 16:32:37.070 8 WARNING neutron.scheduler.dhcp_agent_scheduler [None req-21d0bbbf-70b0-42e0-adf0-07ecd197aeb3 971f440cb4ab423f9711f886554f5225 893c5eae5e7843b39497be8991533c39 - - default default] No more DHCP agents
2026-05-28 16:32:37.071 8 WARNING neutron.api.rpc.agentnotifiers.dhcp_rpc_agent_api [None req-21d0bbbf-70b0-42e0-adf0-07ecd197aeb3 971f440cb4ab423f9711f886554f5225 893c5eae5e7843b39497be8991533c39 - - default default] Unable to schedule network 2a24507d-2b87-4732-903a-65a704af0687: no agents available; will retry on subsequent port and subnet creation events.
2026-05-28 16:32:37.074 7 INFO neutron.db.ovn_revision_numbers_db [None req-5ac7045d-a1da-4c7b-bb99-02f8092c7af5 d4e6e94e6014410eaa0758d571f064f6 1e158889902949db981d1524e2882bf7 - - default default] Successfully bumped revision number for resource be9420b6-e864-4a8b-914c-2f7b7a98c8bd (type: security_group_rules) to 0
2026-05-28 16:32:37.084 7 INFO neutron.db.ovn_revision_numbers_db [None req-5ac7045d-a1da-4c7b-bb99-02f8092c7af5 d4e6e94e6014410eaa0758d571f064f6 1e158889902949db981d1524e2882bf7 - - default default] Successfully bumped revision number for resource f7ce3c87-db2b-4f9b-a22f-b74efc459ab8 (type: security_group_rules) to 0
2026-05-28 16:32:37.182 7 INFO neutron.db.segments_db [None req-5ac7045d-a1da-4c7b-bb99-02f8092c7af5 d4e6e94e6014410eaa0758d571f064f6 1e158889902949db981d1524e2882bf7 - - default default] Added segment 03a7da2e-5d33-4b5f-8ed1-490fcb83b2be of type geneve for network a2efab09-35e0-450c-bb11-708b0bc2bf4d
2026-05-28 16:32:37.272 7 INFO neutron.db.segments_db [None req-5ac7045d-a1da-4c7b-bb99-02f8092c7af5 d4e6e94e6014410eaa0758d571f064f6 1e158889902949db981d1524e2882bf7 - - default default] Added segment 5405b34a-6ab7-45a9-8283-a8b6c3bef039 of type geneve for network 8a5cda48-0bcd-4bb6-920d-97567389c79e
2026-05-28 16:32:37.407 7 INFO neutron.db.ovn_revision_numbers_db [None req-5ac7045d-a1da-4c7b-bb99-02f8092c7af5 d4e6e94e6014410eaa0758d571f064f6 1e158889902949db981d1524e2882bf7 - - default default] Successfully bumped revision number for resource a2efab09-35e0-450c-bb11-708b0bc2bf4d (type: networks) to 1
2026-05-28 16:32:37.576 8 INFO neutron.db.ovn_revision_numbers_db [None req-df33423c-4f2c-45f2-bf30-ac00e5de8bb0 - - - - - -] Successfully bumped revision number for resource 617275bb-ad28-4e2f-a624-db297819fb31 (type: ports) to 2
2026-05-28 16:32:37.602 7 WARNING neutron.scheduler.dhcp_agent_scheduler [None req-5ac7045d-a1da-4c7b-bb99-02f8092c7af5 d4e6e94e6014410eaa0758d571f064f6 1e158889902949db981d1524e2882bf7 - - default default] No more DHCP agents
2026-05-28 16:32:37.604 7 WARNING neutron.api.rpc.agentnotifiers.dhcp_rpc_agent_api [None req-5ac7045d-a1da-4c7b-bb99-02f8092c7af5 d4e6e94e6014410eaa0758d571f064f6 1e158889902949db981d1524e2882bf7 - - default default] Unable to schedule network a2efab09-35e0-450c-bb11-708b0bc2bf4d: no agents available; will retry on subsequent port and subnet creation events.
2026-05-28 16:32:37.613 8 INFO neutron.db.ovn_revision_numbers_db [None req-df33423c-4f2c-45f2-bf30-ac00e5de8bb0 - - - - - -] Successfully bumped revision number for resource cf0f6774-d5e9-4e3f-9a0e-7dba8cb0dc73 (type: subnets) to 0 [pid: 8|app: 0|req: 809/1638] 10.0.0.194 () {34 vars in 669 bytes} [Thu May 28 16:32:36 2026] POST /v2.0/subnets => generated 626 bytes in 800 msecs (HTTP/1.1 201) 4 headers in 162 bytes (1 switches on core 0)
2026-05-28 16:32:37.722 7 INFO neutron.db.ovn_revision_numbers_db [None req-5ac7045d-a1da-4c7b-bb99-02f8092c7af5 d4e6e94e6014410eaa0758d571f064f6 1e158889902949db981d1524e2882bf7 - - default default] Successfully bumped revision number for resource 963a083f-5e1c-4acb-9629-6c54fe96d75b (type: ports) to 1
2026-05-28 16:32:37.729 8 INFO neutron.plugins.ml2.drivers.ovn.mech_driver.mech_driver [None req-8c785227-9ff2-4c5b-9834-b3371bd4da3b - - - - - -] OVN reports status down for port: 963a083f-5e1c-4acb-9629-6c54fe96d75b
2026-05-28 16:32:37.824 7 INFO neutron.db.ovn_revision_numbers_db [None req-5ac7045d-a1da-4c7b-bb99-02f8092c7af5 d4e6e94e6014410eaa0758d571f064f6 1e158889902949db981d1524e2882bf7 - - default default] Successfully bumped revision number for resource 8a5cda48-0bcd-4bb6-920d-97567389c79e (type: networks) to 1 [pid: 8|app: 0|req: 810/1639] 10.0.0.194 () {32 vars in 740 bytes} [Thu May 28 16:32:37 2026] DELETE /v2.0/security-groups/c36f4b75-1b05-482e-93e7-0a46cce847ff => generated 0 bytes in 319 msecs (HTTP/1.1 204) 2 headers in 112 bytes (1 switches on core 0)
2026-05-28 16:32:38.038 7 WARNING neutron.scheduler.dhcp_agent_scheduler [None req-5ac7045d-a1da-4c7b-bb99-02f8092c7af5 d4e6e94e6014410eaa0758d571f064f6 1e158889902949db981d1524e2882bf7 - - default default] No more DHCP agents
2026-05-28 16:32:38.039 7 WARNING neutron.api.rpc.agentnotifiers.dhcp_rpc_agent_api [None req-5ac7045d-a1da-4c7b-bb99-02f8092c7af5 d4e6e94e6014410eaa0758d571f064f6 1e158889902949db981d1524e2882bf7 - - default default] Unable to schedule network 8a5cda48-0bcd-4bb6-920d-97567389c79e: no agents available; will retry on subsequent port and subnet creation events.
2026-05-28 16:32:38.170 7 INFO neutron.db.ovn_revision_numbers_db [None req-5ac7045d-a1da-4c7b-bb99-02f8092c7af5 d4e6e94e6014410eaa0758d571f064f6 1e158889902949db981d1524e2882bf7 - - default default] Successfully bumped revision number for resource 5a95cfbe-0d7e-4f6b-907a-7a1e93a1b458 (type: ports) to 1
2026-05-28 16:32:38.173 8 INFO neutron.plugins.ml2.drivers.ovn.mech_driver.mech_driver [None req-8c785227-9ff2-4c5b-9834-b3371bd4da3b - - - - - -] OVN reports status down for port: 5a95cfbe-0d7e-4f6b-907a-7a1e93a1b458 [pid: 7|app: 0|req: 830/1640] 10.0.0.194 () {34 vars in 670 bytes} [Thu May 28 16:32:36 2026] POST /v2.0/networks => generated 1284 bytes in 1546 msecs (HTTP/1.1 201) 4 headers in 163 bytes (1 switches on core 0)
2026-05-28 16:32:38.222 7 INFO neutron.api.v2.resource [None req-0c4442c3-4c70-4ee2-867a-45fde84e0435 9a1293da22a149ec97f9e1f454228641 7fd7c0456cd6498897aee6db94f53804 - - default default] show failed (client error): The resource could not be found. [pid: 7|app: 0|req: 831/1641] 10.0.0.194 () {32 vars in 737 bytes} [Thu May 28 16:32:38 2026] GET /v2.0/security-groups/c36f4b75-1b05-482e-93e7-0a46cce847ff => generated 146 bytes in 15 msecs (HTTP/1.1 404) 4 headers in 164 bytes (1 switches on core 0) [pid: 7|app: 0|req: 832/1642] 10.0.0.194 () {32 vars in 649 bytes} [Thu May 28 16:32:38 2026] GET /v2.0/networks => generated 1971 bytes in 70 msecs (HTTP/1.1 200) 4 headers in 158 bytes (1 switches on core 0)
2026-05-28 16:32:38.310 8 WARNING neutron.scheduler.dhcp_agent_scheduler [None req-dc393196-9040-4810-b0fd-c4e459968d6b 971f440cb4ab423f9711f886554f5225 893c5eae5e7843b39497be8991533c39 - - default default] No more DHCP agents
2026-05-28 16:32:38.311 8 WARNING neutron.api.rpc.agentnotifiers.dhcp_rpc_agent_api [None req-dc393196-9040-4810-b0fd-c4e459968d6b 971f440cb4ab423f9711f886554f5225 893c5eae5e7843b39497be8991533c39 - - default default] Unable to schedule network 2a24507d-2b87-4732-903a-65a704af0687: no agents available; will retry on subsequent port and subnet creation events.
2026-05-28 16:32:38.451 8 INFO neutron.plugins.ml2.drivers.ovn.mech_driver.mech_driver [None req-8c785227-9ff2-4c5b-9834-b3371bd4da3b - - - - - -] OVN reports status down for port: 8db0f43d-9fbb-44df-a357-dc46c2de6343
2026-05-28 16:32:38.499 7 INFO neutron_taas.services.taas.taas_plugin [None req-03617637-bd63-46bb-b072-2aef6cac8d2f 9a1293da22a149ec97f9e1f454228641 7fd7c0456cd6498897aee6db94f53804 - - default default] TaaS: Handle Delete Port: bcb6f3fe-ac30-46f9-9800-aa4307251fa2
2026-05-28 16:32:38.503 7 INFO neutron_taas.services.taas.tap_mirror_plugin [None req-03617637-bd63-46bb-b072-2aef6cac8d2f 9a1293da22a149ec97f9e1f454228641 7fd7c0456cd6498897aee6db94f53804 - - default default] Tap Mirror: Handle Delete Port: bcb6f3fe-ac30-46f9-9800-aa4307251fa2
