2026-05-28 16:35:04.242 7 INFO neutron.services.segments.plugin [-] Segment 21176765-7bab-441c-ac3f-9b9c24814ab3 resource provider not found; error: Placement Client Error (4xx): {"errors": [{"status": 404, "title": "Not Found", "detail": "The resource could not be found.\n\n No resource provider with uuid 21176765-7bab-441c-ac3f-9b9c24814ab3 found for delete ", "request_id": "req-2dde2eaa-04c6-4eb6-b3dd-7743b18c5e6f"}]}
2026-05-28 16:35:04.259 8 INFO neutron.db.ovn_revision_numbers_db [None req-2875730f-87bd-478c-afc9-a4fae4974919 ddac3809554c43fdb7ef435661e8d958 5b30b79d80994bd0824c61078d848e45 - - default default] Successfully bumped revision number for resource 7264316f-691e-4902-a573-a54ee104f3e3 (type: routers) to 2 [pid: 7|app: 0|req: 1328/2629] 10.0.0.194 () {32 vars in 726 bytes} [Thu May 28 16:35:03 2026] DELETE /v2.0/networks/c36109cd-4ab0-46c8-88cd-17500caf9c68 => generated 0 bytes in 728 msecs (HTTP/1.1 204) 3 headers in 131 bytes (1 switches on core 0) [pid: 8|app: 0|req: 1302/2630] 10.0.0.194 () {34 vars in 669 bytes} [Thu May 28 16:35:02 2026] POST /v2.0/routers => generated 937 bytes in 2116 msecs (HTTP/1.1 201) 4 headers in 162 bytes (1 switches on core 0)
2026-05-28 16:35:04.309 8 INFO neutron.plugins.ml2.drivers.ovn.mech_driver.mech_driver [None req-58232ac7-611f-406f-b2dd-f5eaba6e16a8 - - - - - -] OVN reports status down for port: b0d2ea88-7e0e-4aac-b8b3-0640ccfe7bc3
2026-05-28 16:35:04.356 7 INFO neutron.db.segments_db [None req-6a249fd9-b39f-4fc9-9f22-fa1ffee1745e cdaf91232912418caa9b3997071beaf1 6f7678c163d74641ad8130e1fbcb18ad - - default default] Added segment e06f4161-7f45-42f8-a4af-2b8173e8b59e of type geneve for network f13ea090-00fa-4bce-93e5-b0fb6e3ecfaa
2026-05-28 16:35:04.396 8 INFO neutron.plugins.ml2.drivers.ovn.mech_driver.mech_driver [None req-58232ac7-611f-406f-b2dd-f5eaba6e16a8 - - - - - -] OVN reports status down for port: 93b94505-2c97-4bce-b03c-57b2297c45d4
2026-05-28 16:35:04.471 7 INFO neutron.db.ovn_revision_numbers_db [None req-6a249fd9-b39f-4fc9-9f22-fa1ffee1745e cdaf91232912418caa9b3997071beaf1 6f7678c163d74641ad8130e1fbcb18ad - - default default] Successfully bumped revision number for resource f13ea090-00fa-4bce-93e5-b0fb6e3ecfaa (type: networks) to 1
2026-05-28 16:35:04.522 8 INFO neutron.plugins.ml2.drivers.ovn.mech_driver.mech_driver [None req-58232ac7-611f-406f-b2dd-f5eaba6e16a8 - - - - - -] OVN reports status down for port: 18a1e2ab-3bb7-49c2-964e-1ed29bb715ca
2026-05-28 16:35:04.590 7 WARNING neutron.scheduler.dhcp_agent_scheduler [None req-6a249fd9-b39f-4fc9-9f22-fa1ffee1745e cdaf91232912418caa9b3997071beaf1 6f7678c163d74641ad8130e1fbcb18ad - - default default] No more DHCP agents
2026-05-28 16:35:04.592 7 WARNING neutron.api.rpc.agentnotifiers.dhcp_rpc_agent_api [None req-6a249fd9-b39f-4fc9-9f22-fa1ffee1745e cdaf91232912418caa9b3997071beaf1 6f7678c163d74641ad8130e1fbcb18ad - - default default] Unable to schedule network f13ea090-00fa-4bce-93e5-b0fb6e3ecfaa: no agents available; will retry on subsequent port and subnet creation events.
2026-05-28 16:35:04.708 7 INFO neutron.db.ovn_revision_numbers_db [None req-6a249fd9-b39f-4fc9-9f22-fa1ffee1745e cdaf91232912418caa9b3997071beaf1 6f7678c163d74641ad8130e1fbcb18ad - - default default] Successfully bumped revision number for resource badb3db5-777d-4758-a2b7-cce77098487d (type: ports) to 1 [pid: 7|app: 0|req: 1329/2631] 10.0.0.194 () {34 vars in 670 bytes} [Thu May 28 16:35:04 2026] POST /v2.0/networks => generated 748 bytes in 451 msecs (HTTP/1.1 201) 4 headers in 162 bytes (1 switches on core 0)
2026-05-28 16:35:04.761 8 WARNING neutron.plugins.ml2.drivers.ovn.mech_driver.ovsdb.ovn_client [None req-58232ac7-611f-406f-b2dd-f5eaba6e16a8 - - - - - -] Logical_Switch_Port %s host information not removed, the port state is up
2026-05-28 16:35:04.764 8 INFO neutron.plugins.ml2.drivers.ovn.mech_driver.mech_driver [None req-58232ac7-611f-406f-b2dd-f5eaba6e16a8 - - - - - -] OVN reports status down for port: d5d71751-50c6-4047-9f34-791eb93c8472
2026-05-28 16:35:04.789 8 INFO neutron.plugins.ml2.drivers.ovn.mech_driver.mech_driver [None req-58232ac7-611f-406f-b2dd-f5eaba6e16a8 - - - - - -] OVN reports status up for port: 18a1e2ab-3bb7-49c2-964e-1ed29bb715ca
2026-05-28 16:35:04.813 8 INFO neutron.plugins.ml2.plugin [None req-58232ac7-611f-406f-b2dd-f5eaba6e16a8 - - - - - -] Attempt 1 to provision port 18a1e2ab-3bb7-49c2-964e-1ed29bb715ca
2026-05-28 16:35:04.852 7 WARNING neutron.scheduler.dhcp_agent_scheduler [None req-2f868e20-8348-4d25-98ca-3c033a8d55ff cdaf91232912418caa9b3997071beaf1 6f7678c163d74641ad8130e1fbcb18ad - - default default] No more DHCP agents
2026-05-28 16:35:04.853 7 WARNING neutron.api.rpc.agentnotifiers.dhcp_rpc_agent_api [None req-2f868e20-8348-4d25-98ca-3c033a8d55ff cdaf91232912418caa9b3997071beaf1 6f7678c163d74641ad8130e1fbcb18ad - - default default] Unable to schedule network f13ea090-00fa-4bce-93e5-b0fb6e3ecfaa: no agents available; will retry on subsequent port and subnet creation events.
2026-05-28 16:35:05.108 8 WARNING neutron.scheduler.dhcp_agent_scheduler [None req-81eb1a84-9d9b-42a9-8055-9018ea2d8390 ddac3809554c43fdb7ef435661e8d958 5b30b79d80994bd0824c61078d848e45 - - default default] No more DHCP agents
2026-05-28 16:35:05.110 8 WARNING neutron.api.rpc.agentnotifiers.dhcp_rpc_agent_api [None req-81eb1a84-9d9b-42a9-8055-9018ea2d8390 ddac3809554c43fdb7ef435661e8d958 5b30b79d80994bd0824c61078d848e45 - - default default] Unable to schedule network 7f3a84e1-5f5c-45fc-a0de-9b8e4bf66d68: no agents available; will retry on subsequent port and subnet creation events.
2026-05-28 16:35:05.286 8 INFO neutron.db.ovn_revision_numbers_db [None req-81eb1a84-9d9b-42a9-8055-9018ea2d8390 ddac3809554c43fdb7ef435661e8d958 5b30b79d80994bd0824c61078d848e45 - - default default] Successfully bumped revision number for resource 1947a105-fa53-4585-aed9-21a89d3f0708 (type: ports) to 1
2026-05-28 16:35:05.396 7 INFO neutron.db.ovn_revision_numbers_db [None req-af6c1dea-f9bc-4c52-ac75-fa7cc6cce08e - - - - - -] Successfully bumped revision number for resource badb3db5-777d-4758-a2b7-cce77098487d (type: ports) to 2
2026-05-28 16:35:05.424 7 INFO neutron.db.ovn_revision_numbers_db [None req-af6c1dea-f9bc-4c52-ac75-fa7cc6cce08e - - - - - -] Successfully bumped revision number for resource 4815e093-0e59-456f-aeab-eaf09cf8bc22 (type: subnets) to 0 [pid: 7|app: 0|req: 1330/2632] 10.0.0.194 () {34 vars in 669 bytes} [Thu May 28 16:35:04 2026] POST /v2.0/subnets => generated 647 bytes in 691 msecs (HTTP/1.1 201) 4 headers in 162 bytes (1 switches on core 0)
2026-05-28 16:35:05.451 7 WARNING neutron.api.v2.base [None req-defb209f-9d61-42d0-94dd-ca0fbc1d4023 cdaf91232912418caa9b3997071beaf1 6f7678c163d74641ad8130e1fbcb18ad - - default default] An exception happened while processing the request body. The exception message is [Invalid input for target_tenant. Reason: '1234123412341234123412341234123412341234123412341234123412341234123412341234123412341234123412341234123412341234123412341234123412341234123412341234123412341234123412341234123412341234123412341234123412341234123412341234123412341234123412341234123412341234123412341234123412341234123412341234123412341234123412341234123412341234123412341234123412341234123412341234123412341234123412341234123412341234' exceeds maximum length of 255.].: webob.exc.HTTPBadRequest: Invalid input for target_tenant. Reason: '1234123412341234123412341234123412341234123412341234123412341234123412341234123412341234123412341234123412341234123412341234123412341234123412341234123412341234123412341234123412341234123412341234123412341234123412341234123412341234123412341234123412341234123412341234123412341234123412341234123412341234123412341234123412341234123412341234123412341234123412341234123412341234123412341234123412341234' exceeds maximum length of 255.
2026-05-28 16:35:05.452 7 INFO neutron.api.v2.resource [None req-defb209f-9d61-42d0-94dd-ca0fbc1d4023 cdaf91232912418caa9b3997071beaf1 6f7678c163d74641ad8130e1fbcb18ad - - default default] create failed (client error): Invalid input for target_tenant. Reason: '1234123412341234123412341234123412341234123412341234123412341234123412341234123412341234123412341234123412341234123412341234123412341234123412341234123412341234123412341234123412341234123412341234123412341234123412341234123412341234123412341234123412341234123412341234123412341234123412341234123412341234123412341234123412341234123412341234123412341234123412341234123412341234123412341234123412341234' exceeds maximum length of 255. [pid: 7|app: 0|req: 1331/2633] 10.0.0.194 () {34 vars in 681 bytes} [Thu May 28 16:35:05 2026] POST /v2.0/rbac-policies => generated 547 bytes in 8 msecs (HTTP/1.1 400) 4 headers in 166 bytes (1 switches on core 0)
2026-05-28 16:35:05.583 7 INFO neutron_taas.services.taas.taas_plugin [None req-9d33a096-8d46-4707-ab63-cc884de68cc0 cdaf91232912418caa9b3997071beaf1 6f7678c163d74641ad8130e1fbcb18ad - - default default] TaaS: Handle Delete Port: badb3db5-777d-4758-a2b7-cce77098487d
2026-05-28 16:35:05.586 7 INFO neutron_taas.services.taas.tap_mirror_plugin [None req-9d33a096-8d46-4707-ab63-cc884de68cc0 cdaf91232912418caa9b3997071beaf1 6f7678c163d74641ad8130e1fbcb18ad - - default default] Tap Mirror: Handle Delete Port: badb3db5-777d-4758-a2b7-cce77098487d [pid: 7|app: 0|req: 1332/2634] 10.0.0.194 () {32 vars in 726 bytes} [Thu May 28 16:35:05 2026] DELETE /v2.0/networks/f13ea090-00fa-4bce-93e5-b0fb6e3ecfaa => generated 0 bytes in 564 msecs (HTTP/1.1 204) 3 headers in 131 bytes (1 switches on core 0)
2026-05-28 16:35:06.080 8 WARNING neutron.scheduler.dhcp_agent_scheduler [None req-81eb1a84-9d9b-42a9-8055-9018ea2d8390 ddac3809554c43fdb7ef435661e8d958 5b30b79d80994bd0824c61078d848e45 - - default default] No more DHCP agents
2026-05-28 16:35:06.081 8 WARNING neutron.api.rpc.agentnotifiers.dhcp_rpc_agent_api [None req-81eb1a84-9d9b-42a9-8055-9018ea2d8390 ddac3809554c43fdb7ef435661e8d958 5b30b79d80994bd0824c61078d848e45 - - default default] Unable to schedule network 7f3a84e1-5f5c-45fc-a0de-9b8e4bf66d68: no agents available; will retry on subsequent port and subnet creation events.
2026-05-28 16:35:06.116 7 INFO neutron.db.segments_db [None req-052bb9ab-d1ed-4b11-883d-16ac30cc7e80 cdaf91232912418caa9b3997071beaf1 6f7678c163d74641ad8130e1fbcb18ad - - default default] Added segment 8454268e-1fc4-48a8-af01-ad84a186653e of type geneve for network 1fe439a8-4d63-47d1-ba7b-5ffc02f884d5
2026-05-28 16:35:06.254 7 INFO neutron.services.segments.plugin [-] Segment e06f4161-7f45-42f8-a4af-2b8173e8b59e resource provider aggregate not found
2026-05-28 16:35:06.260 7 INFO neutron.db.ovn_revision_numbers_db [None req-052bb9ab-d1ed-4b11-883d-16ac30cc7e80 cdaf91232912418caa9b3997071beaf1 6f7678c163d74641ad8130e1fbcb18ad - - default default] Successfully bumped revision number for resource 1fe439a8-4d63-47d1-ba7b-5ffc02f884d5 (type: networks) to 1
2026-05-28 16:35:06.278 7 INFO neutron.services.segments.plugin [-] Segment e06f4161-7f45-42f8-a4af-2b8173e8b59e resource provider not found; error: Placement Client Error (4xx): {"errors": [{"status": 404, "title": "Not Found", "detail": "The resource could not be found.\n\n No resource provider with uuid e06f4161-7f45-42f8-a4af-2b8173e8b59e found for delete ", "request_id": "req-bf4d4bd8-e231-458f-b318-62e50c266e4d"}]}
2026-05-28 16:35:06.284 7 INFO neutron.services.segments.plugin [-] Segment e06f4161-7f45-42f8-a4af-2b8173e8b59e resource provider aggregate not found
2026-05-28 16:35:06.305 7 INFO neutron.services.segments.plugin [-] Segment e06f4161-7f45-42f8-a4af-2b8173e8b59e resource provider not found; error: Placement Client Error (4xx): {"errors": [{"status": 404, "title": "Not Found", "detail": "The resource could not be found.\n\n No resource provider with uuid e06f4161-7f45-42f8-a4af-2b8173e8b59e found for delete ", "request_id": "req-9c5fda4d-bfc8-44f8-8447-9dc585e30fa7"}]}
2026-05-28 16:35:06.509 7 WARNING neutron.scheduler.dhcp_agent_scheduler [None req-052bb9ab-d1ed-4b11-883d-16ac30cc7e80 cdaf91232912418caa9b3997071beaf1 6f7678c163d74641ad8130e1fbcb18ad - - default default] No more DHCP agents
2026-05-28 16:35:06.511 7 WARNING neutron.api.rpc.agentnotifiers.dhcp_rpc_agent_api [None req-052bb9ab-d1ed-4b11-883d-16ac30cc7e80 cdaf91232912418caa9b3997071beaf1 6f7678c163d74641ad8130e1fbcb18ad - - default default] Unable to schedule network 1fe439a8-4d63-47d1-ba7b-5ffc02f884d5: no agents available; will retry on subsequent port and subnet creation events.
2026-05-28 16:35:06.523 8 INFO neutron.db.ovn_revision_numbers_db [None req-81eb1a84-9d9b-42a9-8055-9018ea2d8390 ddac3809554c43fdb7ef435661e8d958 5b30b79d80994bd0824c61078d848e45 - - default default] Successfully bumped revision number for resource 1947a105-fa53-4585-aed9-21a89d3f0708 (type: router_ports) to 1 [pid: 8|app: 0|req: 1303/2635] 10.0.0.194 () {34 vars in 783 bytes} [Thu May 28 16:35:04 2026] PUT /v2.0/routers/7264316f-691e-4902-a573-a54ee104f3e3/add_router_interface => generated 309 bytes in 2213 msecs (HTTP/1.1 200) 4 headers in 157 bytes (1 switches on core 0)
2026-05-28 16:35:06.642 7 INFO neutron.db.ovn_revision_numbers_db [None req-052bb9ab-d1ed-4b11-883d-16ac30cc7e80 cdaf91232912418caa9b3997071beaf1 6f7678c163d74641ad8130e1fbcb18ad - - default default] Successfully bumped revision number for resource 427658f7-e85f-4b74-ae16-19c86954f783 (type: ports) to 1 [pid: 7|app: 0|req: 1333/2636] 10.0.0.194 () {34 vars in 670 bytes} [Thu May 28 16:35:06 2026] POST /v2.0/networks => generated 749 bytes in 645 msecs (HTTP/1.1 201) 4 headers in 162 bytes (1 switches on core 0)
2026-05-28 16:35:07.007 7 INFO neutron.db.ovn_revision_numbers_db [None req-f03b43ed-7082-4972-b228-fcf5ded17f7f a386cd57a3d24c5eb96f61d17ae8d447 e061bba6eaea4b5383acbdd8b67074e1 - - default default] Successfully bumped revision number for resource a92597a7-dbc8-474d-b4d0-fd5a97beaeaa (type: security_groups) to 1
2026-05-28 16:35:07.020 7 INFO neutron.db.ovn_revision_numbers_db [None req-f03b43ed-7082-4972-b228-fcf5ded17f7f a386cd57a3d24c5eb96f61d17ae8d447 e061bba6eaea4b5383acbdd8b67074e1 - - default default] Successfully bumped revision number for resource 5a9b5081-dd81-40a3-bb93-43ac2c517c3a (type: security_group_rules) to 0
2026-05-28 16:35:07.033 7 INFO neutron.db.ovn_revision_numbers_db [None req-f03b43ed-7082-4972-b228-fcf5ded17f7f a386cd57a3d24c5eb96f61d17ae8d447 e061bba6eaea4b5383acbdd8b67074e1 - - default default] Successfully bumped revision number for resource 92b58b8b-39ed-4131-bded-7b5a3ef260ca (type: security_group_rules) to 0
2026-05-28 16:35:07.044 7 INFO neutron.db.ovn_revision_numbers_db [None req-f03b43ed-7082-4972-b228-fcf5ded17f7f a386cd57a3d24c5eb96f61d17ae8d447 e061bba6eaea4b5383acbdd8b67074e1 - - default default] Successfully bumped revision number for resource c4de6a31-e803-4a2d-b832-959d68585df3 (type: security_group_rules) to 0
2026-05-28 16:35:07.064 7 INFO neutron.db.ovn_revision_numbers_db [None req-f03b43ed-7082-4972-b228-fcf5ded17f7f a386cd57a3d24c5eb96f61d17ae8d447 e061bba6eaea4b5383acbdd8b67074e1 - - default default] Successfully bumped revision number for resource e4092e30-f15e-42f3-a165-7cd01b5e303c (type: security_group_rules) to 0
2026-05-28 16:35:07.112 8 WARNING neutron.scheduler.dhcp_agent_scheduler [None req-0fc99657-661b-4a62-80f8-07a5e779c5a8 - - - - - -] No more DHCP agents
2026-05-28 16:35:07.114 8 WARNING neutron.api.rpc.agentnotifiers.dhcp_rpc_agent_api [None req-0fc99657-661b-4a62-80f8-07a5e779c5a8 - - - - - -] Unable to schedule network cff5c47c-72bd-434b-b856-70a271dfc526: no agents available; will retry on subsequent port and subnet creation events.
2026-05-28 16:35:07.145 7 INFO neutron.db.segments_db [None req-f03b43ed-7082-4972-b228-fcf5ded17f7f a386cd57a3d24c5eb96f61d17ae8d447 e061bba6eaea4b5383acbdd8b67074e1 - - default default] Added segment 39cadcf1-d865-4077-a628-2c37e9e860ef of type geneve for network b0c14715-cdec-42cd-a1a5-153be129cdf2
2026-05-28 16:35:07.295 7 INFO neutron.db.ovn_revision_numbers_db [None req-f03b43ed-7082-4972-b228-fcf5ded17f7f a386cd57a3d24c5eb96f61d17ae8d447 e061bba6eaea4b5383acbdd8b67074e1 - - default default] Successfully bumped revision number for resource b0c14715-cdec-42cd-a1a5-153be129cdf2 (type: networks) to 1
2026-05-28 16:35:07.362 8 INFO neutron.db.ovn_revision_numbers_db [None req-0fc99657-661b-4a62-80f8-07a5e779c5a8 - - - - - -] Successfully bumped revision number for resource 18dfde3e-6832-4011-8709-4a68fc73c8d9 (type: ports) to 1
2026-05-28 16:35:07.476 7 WARNING neutron.scheduler.dhcp_agent_scheduler [None req-f03b43ed-7082-4972-b228-fcf5ded17f7f a386cd57a3d24c5eb96f61d17ae8d447 e061bba6eaea4b5383acbdd8b67074e1 - - default default] No more DHCP agents
2026-05-28 16:35:07.478 7 WARNING neutron.api.rpc.agentnotifiers.dhcp_rpc_agent_api [None req-f03b43ed-7082-4972-b228-fcf5ded17f7f a386cd57a3d24c5eb96f61d17ae8d447 e061bba6eaea4b5383acbdd8b67074e1 - - default default] Unable to schedule network b0c14715-cdec-42cd-a1a5-153be129cdf2: no agents available; will retry on subsequent port and subnet creation events.
2026-05-28 16:35:07.590 7 INFO neutron.db.ovn_revision_numbers_db [None req-f03b43ed-7082-4972-b228-fcf5ded17f7f a386cd57a3d24c5eb96f61d17ae8d447 e061bba6eaea4b5383acbdd8b67074e1 - - default default] Successfully bumped revision number for resource 002295fb-8943-43a2-a14f-2f9b89742836 (type: ports) to 1 [pid: 7|app: 0|req: 1334/2637] 10.0.0.194 () {34 vars in 670 bytes} [Thu May 28 16:35:06 2026] POST /v2.0/networks => generated 658 bytes in 946 msecs (HTTP/1.1 201) 4 headers in 162 bytes (1 switches on core 0)
2026-05-28 16:35:07.705 8 INFO neutron.db.ovn_revision_numbers_db [None req-0fc99657-661b-4a62-80f8-07a5e779c5a8 - - - - - -] Successfully bumped revision number for resource 18dfde3e-6832-4011-8709-4a68fc73c8d9 (type: ports) to 3
2026-05-28 16:35:07.785 8 INFO neutron.db.segments_db [None req-0fc99657-661b-4a62-80f8-07a5e779c5a8 - - - - - -] Added segment 698de51e-9dda-4f89-8588-c1b68d3738d2 of type geneve for network 7367ac96-1859-46d1-b902-2e2cce7747c6
2026-05-28 16:35:07.795 7 WARNING neutron.scheduler.dhcp_agent_scheduler [None req-034285f8-2a29-4556-9a85-0d7b0f4e02e9 cdaf91232912418caa9b3997071beaf1 6f7678c163d74641ad8130e1fbcb18ad - - default default] No more DHCP agents
2026-05-28 16:35:07.797 7 WARNING neutron.api.rpc.agentnotifiers.dhcp_rpc_agent_api [None req-034285f8-2a29-4556-9a85-0d7b0f4e02e9 cdaf91232912418caa9b3997071beaf1 6f7678c163d74641ad8130e1fbcb18ad - - default default] Unable to schedule network 1fe439a8-4d63-47d1-ba7b-5ffc02f884d5: no agents available; will retry on subsequent port and subnet creation events.
2026-05-28 16:35:07.914 8 INFO neutron.db.ovn_revision_numbers_db [None req-aebd7c82-980e-4007-ac59-38fab1e97594 - - - - - -] Successfully bumped revision number for resource 7367ac96-1859-46d1-b902-2e2cce7747c6 (type: networks) to 1
2026-05-28 16:35:08.043 8 WARNING neutron.scheduler.dhcp_agent_scheduler [None req-aebd7c82-980e-4007-ac59-38fab1e97594 - - - - - -] No more DHCP agents
2026-05-28 16:35:08.044 8 WARNING neutron.api.rpc.agentnotifiers.dhcp_rpc_agent_api [None req-aebd7c82-980e-4007-ac59-38fab1e97594 - - - - - -] Unable to schedule network 7367ac96-1859-46d1-b902-2e2cce7747c6: no agents available; will retry on subsequent port and subnet creation events.
2026-05-28 16:35:08.167 8 INFO neutron.db.ovn_revision_numbers_db [None req-aebd7c82-980e-4007-ac59-38fab1e97594 - - - - - -] Successfully bumped revision number for resource 13ba9b98-6309-419d-a534-118b0e52b073 (type: ports) to 1
2026-05-28 16:35:08.335 8 WARNING neutron.scheduler.dhcp_agent_scheduler [None req-aebd7c82-980e-4007-ac59-38fab1e97594 - - - - - -] No more DHCP agents
2026-05-28 16:35:08.336 8 WARNING neutron.api.rpc.agentnotifiers.dhcp_rpc_agent_api [None req-aebd7c82-980e-4007-ac59-38fab1e97594 - - - - - -] Unable to schedule network 7367ac96-1859-46d1-b902-2e2cce7747c6: no agents available; will retry on subsequent port and subnet creation events.
2026-05-28 16:35:08.341 7 INFO neutron.db.ovn_revision_numbers_db [None req-df208a26-73ac-4087-8708-eedc71f2ac7d - - - - - -] Successfully bumped revision number for resource 427658f7-e85f-4b74-ae16-19c86954f783 (type: ports) to 2
2026-05-28 16:35:08.356 8 INFO neutron.db.ovn_revision_numbers_db [None req-aebd7c82-980e-4007-ac59-38fab1e97594 - - - - - -] Successfully bumped revision number for resource 187bc6dc-b6b6-408c-9c3b-86030ead4f8a (type: subnets) to 0
2026-05-28 16:35:08.365 7 INFO neutron.db.ovn_revision_numbers_db [None req-df208a26-73ac-4087-8708-eedc71f2ac7d - - - - - -] Successfully bumped revision number for resource b3568d9b-84c5-48a7-bd9f-7f84a319719a (type: subnets) to 0 [pid: 7|app: 0|req: 1335/2638] 10.0.0.194 () {34 vars in 669 bytes} [Thu May 28 16:35:07 2026] POST /v2.0/subnets => generated 647 bytes in 762 msecs (HTTP/1.1 201) 4 headers in 162 bytes (1 switches on core 0)
2026-05-28 16:35:08.538 7 WARNING neutron.scheduler.dhcp_agent_scheduler [None req-2a18d874-cf1c-46e2-b418-c47504c47307 a386cd57a3d24c5eb96f61d17ae8d447 e061bba6eaea4b5383acbdd8b67074e1 - - default default] No more DHCP agents
2026-05-28 16:35:08.539 7 WARNING neutron.api.rpc.agentnotifiers.dhcp_rpc_agent_api [None req-2a18d874-cf1c-46e2-b418-c47504c47307 a386cd57a3d24c5eb96f61d17ae8d447 e061bba6eaea4b5383acbdd8b67074e1 - - default default] Unable to schedule network b0c14715-cdec-42cd-a1a5-153be129cdf2: no agents available; will retry on subsequent port and subnet creation events.
2026-05-28 16:35:08.762 8 WARNING neutron.scheduler.dhcp_agent_scheduler [None req-aebd7c82-980e-4007-ac59-38fab1e97594 - - - - - -] No more DHCP agents
2026-05-28 16:35:08.763 8 WARNING neutron.api.rpc.agentnotifiers.dhcp_rpc_agent_api [None req-aebd7c82-980e-4007-ac59-38fab1e97594 - - - - - -] Unable to schedule network 7367ac96-1859-46d1-b902-2e2cce7747c6: no agents available; will retry on subsequent port and subnet creation events.
2026-05-28 16:35:08.976 8 INFO neutron.db.ovn_revision_numbers_db [None req-aebd7c82-980e-4007-ac59-38fab1e97594 - - - - - -] Successfully bumped revision number for resource f06766f7-3f8e-4409-acc4-7e56af2f6063 (type: ports) to 1
2026-05-28 16:35:09.099 7 INFO neutron.db.ovn_revision_numbers_db [None req-b1caaf4f-383e-4bd9-8871-9d01397720a2 - - - - - -] Successfully bumped revision number for resource 002295fb-8943-43a2-a14f-2f9b89742836 (type: ports) to 2
2026-05-28 16:35:09.125 7 INFO neutron.db.ovn_revision_numbers_db [None req-b1caaf4f-383e-4bd9-8871-9d01397720a2 - - - - - -] Successfully bumped revision number for resource 45dc3744-b184-41cf-a283-512a3f3fec0f (type: subnets) to 0 [pid: 7|app: 0|req: 1336/2639] 10.0.0.194 () {34 vars in 669 bytes} [Thu May 28 16:35:08 2026] POST /v2.0/subnets => generated 658 bytes in 764 msecs (HTTP/1.1 201) 4 headers in 162 bytes (1 switches on core 0) [pid: 7|app: 0|req: 1337/2640] 10.0.0.194 () {34 vars in 681 bytes} [Thu May 28 16:35:09 2026] POST /v2.0/rbac-policies => generated 324 bytes in 271 msecs (HTTP/1.1 201) 4 headers in 162 bytes (1 switches on core 0) [pid: 7|app: 0|req: 1340/2643] 10.0.0.194 () {32 vars in 722 bytes} [Thu May 28 16:35:09 2026] GET /v2.0/subnetpools?name=shared-default-subnetpool-v6 => generated 19 bytes in 34 msecs (HTTP/1.1 200) 4 headers in 156 bytes (1 switches on core 0)
2026-05-28 16:35:09.508 8 WARNING neutron.plugins.ml2.drivers.ovn.mech_driver.ovsdb.ovn_client [None req-58232ac7-611f-406f-b2dd-f5eaba6e16a8 - - - - - -] No hosting information found for port 18a1e2ab-3bb7-49c2-964e-1ed29bb715ca: RuntimeError: No hosting information found for port 18a1e2ab-3bb7-49c2-964e-1ed29bb715ca
2026-05-28 16:35:09.509 8 INFO neutron.plugins.ml2.drivers.ovn.mech_driver.mech_driver [None req-58232ac7-611f-406f-b2dd-f5eaba6e16a8 - - - - - -] OVN reports status down for port: badb3db5-777d-4758-a2b7-cce77098487d
2026-05-28 16:35:09.525 8 INFO neutron.plugins.ml2.drivers.ovn.mech_driver.mech_driver [None req-58232ac7-611f-406f-b2dd-f5eaba6e16a8 - - - - - -] OVN reports status down for port: 1947a105-fa53-4585-aed9-21a89d3f0708
2026-05-28 16:35:09.678 7 WARNING neutron.scheduler.dhcp_agent_scheduler [None req-c06b5c28-8c4c-4527-be85-17828a500c35 a386cd57a3d24c5eb96f61d17ae8d447 e061bba6eaea4b5383acbdd8b67074e1 - - default default] No more DHCP agents
2026-05-28 16:35:09.681 7 WARNING neutron.api.rpc.agentnotifiers.dhcp_rpc_agent_api [None req-c06b5c28-8c4c-4527-be85-17828a500c35 a386cd57a3d24c5eb96f61d17ae8d447 e061bba6eaea4b5383acbdd8b67074e1 - - default default] Unable to schedule network b0c14715-cdec-42cd-a1a5-153be129cdf2: no agents available; will retry on subsequent port and subnet creation events.
2026-05-28 16:35:09.684 8 WARNING neutron.plugins.ml2.drivers.ovn.mech_driver.ovsdb.ovn_client [None req-58232ac7-611f-406f-b2dd-f5eaba6e16a8 - - - - - -] Logical_Switch_Port %s host information not removed, the port state is up
2026-05-28 16:35:09.685 8 INFO neutron.plugins.ml2.drivers.ovn.mech_driver.mech_driver [None req-58232ac7-611f-406f-b2dd-f5eaba6e16a8 - - - - - -] OVN reports status up for port: 1947a105-fa53-4585-aed9-21a89d3f0708
2026-05-28 16:35:09.715 8 INFO neutron.plugins.ml2.plugin [None req-58232ac7-611f-406f-b2dd-f5eaba6e16a8 - - - - - -] Attempt 1 to provision port 1947a105-fa53-4585-aed9-21a89d3f0708
2026-05-28 16:35:09.729 7 INFO neutron.db.ovn_revision_numbers_db [None req-c06b5c28-8c4c-4527-be85-17828a500c35 a386cd57a3d24c5eb96f61d17ae8d447 e061bba6eaea4b5383acbdd8b67074e1 - - default default] Successfully bumped revision number for resource 14ef3a1e-3b01-49cd-8a8d-b98edec1dc71 (type: subnets) to 0 [pid: 7|app: 0|req: 1341/2644] 10.0.0.194 () {34 vars in 669 bytes} [Thu May 28 16:35:09 2026] POST /v2.0/subnets => generated 730 bytes in 294 msecs (HTTP/1.1 201) 4 headers in 162 bytes (1 switches on core 0)
2026-05-28 16:35:09.852 7 INFO neutron.db.segments_db [None req-f65be00b-8b6b-4507-8c57-7851de126673 a386cd57a3d24c5eb96f61d17ae8d447 e061bba6eaea4b5383acbdd8b67074e1 - - default default] Added segment 333cb734-1a29-42de-88f1-4414e68025aa of type geneve for network 1c068880-fd14-4d54-a18a-9109fefb293d
2026-05-28 16:35:09.859 8 WARNING neutron.scheduler.dhcp_agent_scheduler [None req-aebd7c82-980e-4007-ac59-38fab1e97594 - - - - - -] No more DHCP agents
2026-05-28 16:35:09.864 8 WARNING neutron.api.rpc.agentnotifiers.dhcp_rpc_agent_api [None req-aebd7c82-980e-4007-ac59-38fab1e97594 - - - - - -] Unable to schedule network 7367ac96-1859-46d1-b902-2e2cce7747c6: no agents available; will retry on subsequent port and subnet creation events.
2026-05-28 16:35:09.974 7 INFO neutron.db.ovn_revision_numbers_db [None req-f65be00b-8b6b-4507-8c57-7851de126673 a386cd57a3d24c5eb96f61d17ae8d447 e061bba6eaea4b5383acbdd8b67074e1 - - default default] Successfully bumped revision number for resource 1c068880-fd14-4d54-a18a-9109fefb293d (type: networks) to 1
2026-05-28 16:35:10.140 7 WARNING neutron.scheduler.dhcp_agent_scheduler [None req-f65be00b-8b6b-4507-8c57-7851de126673 a386cd57a3d24c5eb96f61d17ae8d447 e061bba6eaea4b5383acbdd8b67074e1 - - default default] No more DHCP agents
2026-05-28 16:35:10.142 7 WARNING neutron.api.rpc.agentnotifiers.dhcp_rpc_agent_api [None req-f65be00b-8b6b-4507-8c57-7851de126673 a386cd57a3d24c5eb96f61d17ae8d447 e061bba6eaea4b5383acbdd8b67074e1 - - default default] Unable to schedule network 1c068880-fd14-4d54-a18a-9109fefb293d: no agents available; will retry on subsequent port and subnet creation events.
2026-05-28 16:35:10.249 7 INFO neutron.db.ovn_revision_numbers_db [None req-f65be00b-8b6b-4507-8c57-7851de126673 a386cd57a3d24c5eb96f61d17ae8d447 e061bba6eaea4b5383acbdd8b67074e1 - - default default] Successfully bumped revision number for resource ab40775c-24a7-4a74-8613-48d78dd53f20 (type: ports) to 1 [pid: 7|app: 0|req: 1342/2645] 10.0.0.194 () {34 vars in 670 bytes} [Thu May 28 16:35:09 2026] POST /v2.0/networks => generated 657 bytes in 506 msecs (HTTP/1.1 201) 4 headers in 162 bytes (1 switches on core 0) [pid: 7|app: 0|req: 1343/2646] 10.0.0.194 () {32 vars in 723 bytes} [Thu May 28 16:35:10 2026] GET /v2.0/networks/1fe439a8-4d63-47d1-ba7b-5ffc02f884d5 => generated 693 bytes in 64 msecs (HTTP/1.1 200) 4 headers in 157 bytes (1 switches on core 0)
2026-05-28 16:35:10.522 7 WARNING neutron.scheduler.dhcp_agent_scheduler [None req-f0531f88-30c3-467e-aef9-03f6da259478 a386cd57a3d24c5eb96f61d17ae8d447 e061bba6eaea4b5383acbdd8b67074e1 - - default default] No more DHCP agents
2026-05-28 16:35:10.523 7 WARNING neutron.api.rpc.agentnotifiers.dhcp_rpc_agent_api [None req-f0531f88-30c3-467e-aef9-03f6da259478 a386cd57a3d24c5eb96f61d17ae8d447 e061bba6eaea4b5383acbdd8b67074e1 - - default default] Unable to schedule network 1c068880-fd14-4d54-a18a-9109fefb293d: no agents available; will retry on subsequent port and subnet creation events.
2026-05-28 16:35:10.604 8 INFO neutron.db.ovn_revision_numbers_db [None req-58232ac7-611f-406f-b2dd-f5eaba6e16a8 - - - - - -] Successfully bumped revision number for resource 1947a105-fa53-4585-aed9-21a89d3f0708 (type: ports) to 2
2026-05-28 16:35:10.892 8 INFO neutron.db.ovn_revision_numbers_db [None req-aebd7c82-980e-4007-ac59-38fab1e97594 - - - - - -] Successfully bumped revision number for resource f06766f7-3f8e-4409-acc4-7e56af2f6063 (type: router_ports) to 1
2026-05-28 16:35:11.034 7 INFO neutron.db.ovn_revision_numbers_db [None req-556a2f9c-3d3d-481f-94ed-57cd64325f17 - - - - - -] Successfully bumped revision number for resource ab40775c-24a7-4a74-8613-48d78dd53f20 (type: ports) to 2
2026-05-28 16:35:11.063 7 INFO neutron.db.ovn_revision_numbers_db [None req-556a2f9c-3d3d-481f-94ed-57cd64325f17 - - - - - -] Successfully bumped revision number for resource c6f1a232-47a4-40bc-898d-2a7e29224ddf (type: subnets) to 0 [pid: 7|app: 0|req: 1344/2647] 10.0.0.194 () {34 vars in 669 bytes} [Thu May 28 16:35:10 2026] POST /v2.0/subnets => generated 656 bytes in 746 msecs (HTTP/1.1 201) 4 headers in 162 bytes (1 switches on core 0)
2026-05-28 16:35:11.130 7 INFO neutron.pecan_wsgi.hooks.translation [None req-55a6059e-6f1b-4f6e-ab2d-9ad243aafb03 3c42d1694bd346e182fb7a92415f952e d31cf246d1c547c8992a5f3c670ec55a - - default default] GET failed (client error): The resource could not be found. [pid: 7|app: 0|req: 1345/2648] 10.0.0.194 () {32 vars in 723 bytes} [Thu May 28 16:35:11 2026] GET /v2.0/networks/1fe439a8-4d63-47d1-ba7b-5ffc02f884d5 => generated 138 bytes in 50 msecs (HTTP/1.1 404) 4 headers in 164 bytes (1 switches on core 0)
2026-05-28 16:35:11.152 8 WARNING neutron.scheduler.dhcp_agent_scheduler [None req-aebd7c82-980e-4007-ac59-38fab1e97594 - - - - - -] No more DHCP agents
2026-05-28 16:35:11.154 8 WARNING neutron.api.rpc.agentnotifiers.dhcp_rpc_agent_api [None req-aebd7c82-980e-4007-ac59-38fab1e97594 - - - - - -] Unable to schedule network 7367ac96-1859-46d1-b902-2e2cce7747c6: no agents available; will retry on subsequent port and subnet creation events.
2026-05-28 16:35:11.325 8 INFO neutron.db.ovn_revision_numbers_db [None req-aebd7c82-980e-4007-ac59-38fab1e97594 - - - - - -] Successfully bumped revision number for resource cb1acd11-f50b-4a34-8b32-a4dfb3d53d29 (type: ports) to 1
2026-05-28 16:35:11.372 7 WARNING neutron.scheduler.dhcp_agent_scheduler [None req-f04e2a34-5b73-4e3b-bf17-daa6bc676458 a386cd57a3d24c5eb96f61d17ae8d447 e061bba6eaea4b5383acbdd8b67074e1 - - default default] No more DHCP agents
2026-05-28 16:35:11.373 7 WARNING neutron.api.rpc.agentnotifiers.dhcp_rpc_agent_api [None req-f04e2a34-5b73-4e3b-bf17-daa6bc676458 a386cd57a3d24c5eb96f61d17ae8d447 e061bba6eaea4b5383acbdd8b67074e1 - - default default] Unable to schedule network 1c068880-fd14-4d54-a18a-9109fefb293d: no agents available; will retry on subsequent port and subnet creation events.
2026-05-28 16:35:11.410 7 INFO neutron.db.ovn_revision_numbers_db [None req-f04e2a34-5b73-4e3b-bf17-daa6bc676458 a386cd57a3d24c5eb96f61d17ae8d447 e061bba6eaea4b5383acbdd8b67074e1 - - default default] Successfully bumped revision number for resource 80ebf41f-0070-4de1-bd52-10635659ae52 (type: subnets) to 0 [pid: 7|app: 0|req: 1346/2649] 10.0.0.194 () {34 vars in 669 bytes} [Thu May 28 16:35:11 2026] POST /v2.0/subnets => generated 725 bytes in 297 msecs (HTTP/1.1 201) 4 headers in 162 bytes (1 switches on core 0)
2026-05-28 16:35:11.582 7 INFO neutron_taas.services.taas.taas_plugin [None req-1128bcfc-4a25-45c0-8321-771023ce5d08 cdaf91232912418caa9b3997071beaf1 6f7678c163d74641ad8130e1fbcb18ad - - default default] TaaS: Handle Delete Port: 427658f7-e85f-4b74-ae16-19c86954f783
2026-05-28 16:35:11.585 7 INFO neutron_taas.services.taas.tap_mirror_plugin [None req-1128bcfc-4a25-45c0-8321-771023ce5d08 cdaf91232912418caa9b3997071beaf1 6f7678c163d74641ad8130e1fbcb18ad - - default default] Tap Mirror: Handle Delete Port: 427658f7-e85f-4b74-ae16-19c86954f783
2026-05-28 16:35:11.586 8 INFO neutron.db.ovn_revision_numbers_db [None req-aebd7c82-980e-4007-ac59-38fab1e97594 - - - - - -] Successfully bumped revision number for resource cb1acd11-f50b-4a34-8b32-a4dfb3d53d29 (type: ports) to 3 [pid: 8|app: 0|req: 1304/2650] 10.0.0.194 () {34 vars in 685 bytes} [Thu May 28 16:35:06 2026] POST /v2.0/vpn/vpnservices => generated 459 bytes in 5285 msecs (HTTP/1.1 201) 4 headers in 162 bytes (1 switches on core 0)
2026-05-28 16:35:11.901 8 INFO neutron.db.segments_db [None req-7cb22c9d-b9a6-4570-b534-5db123aa37d9 a386cd57a3d24c5eb96f61d17ae8d447 e061bba6eaea4b5383acbdd8b67074e1 - - default default] Added segment f217b106-5a1d-4464-8eff-23ad280aa16c of type geneve for network aec3f494-a10e-4894-b28f-412d9ab3d000
2026-05-28 16:35:11.903 7 INFO neutron.services.segments.plugin [-] Segment 8454268e-1fc4-48a8-af01-ad84a186653e resource provider aggregate not found
2026-05-28 16:35:11.906 7 INFO neutron.services.segments.plugin [-] Segment 8454268e-1fc4-48a8-af01-ad84a186653e resource provider aggregate not found
2026-05-28 16:35:11.923 7 INFO neutron.services.segments.plugin [-] Segment 8454268e-1fc4-48a8-af01-ad84a186653e resource provider not found; error: Placement Client Error (4xx): {"errors": [{"status": 404, "title": "Not Found", "detail": "The resource could not be found.\n\n No resource provider with uuid 8454268e-1fc4-48a8-af01-ad84a186653e found for delete ", "request_id": "req-4da7b8f2-e375-4619-b06b-e018b77b9b4c"}]}
2026-05-28 16:35:11.924 7 INFO neutron.services.segments.plugin [-] Segment 8454268e-1fc4-48a8-af01-ad84a186653e resource provider not found; error: Placement Client Error (4xx): {"errors": [{"status": 404, "title": "Not Found", "detail": "The resource could not be found.\n\n No resource provider with uuid 8454268e-1fc4-48a8-af01-ad84a186653e found for delete ", "request_id": "req-4c2cda8d-a918-4b32-bdaa-1159fc2629fb"}]} [pid: 7|app: 0|req: 1347/2651] 10.0.0.194 () {32 vars in 726 bytes} [Thu May 28 16:35:11 2026] DELETE /v2.0/networks/1fe439a8-4d63-47d1-ba7b-5ffc02f884d5 => generated 0 bytes in 536 msecs (HTTP/1.1 204) 3 headers in 131 bytes (1 switches on core 0) [pid: 7|app: 0|req: 1348/2652] 10.0.0.194 () {32 vars in 663 bytes} [Thu May 28 16:35:11 2026] GET /v2.0/vpn/vpnservices => generated 1307 bytes in 11 msecs (HTTP/1.1 200) 4 headers in 158 bytes (1 switches on core 0)
2026-05-28 16:35:11.988 7 INFO neutron.pecan_wsgi.hooks.translation [None req-6d2bafa5-4a44-4c4b-b3df-fed3acfc72d6 cdaf91232912418caa9b3997071beaf1 6f7678c163d74641ad8130e1fbcb18ad - - default default] DELETE failed (client error): The resource could not be found. [pid: 7|app: 0|req: 1349/2653] 10.0.0.194 () {32 vars in 724 bytes} [Thu May 28 16:35:11 2026] DELETE /v2.0/subnets/e9b6543d-4a8a-4e43-a209-1b9b816b9fd7 => generated 136 bytes in 13 msecs (HTTP/1.1 404) 4 headers in 164 bytes (1 switches on core 0)
2026-05-28 16:35:12.057 8 INFO neutron.db.ovn_revision_numbers_db [None req-7cb22c9d-b9a6-4570-b534-5db123aa37d9 a386cd57a3d24c5eb96f61d17ae8d447 e061bba6eaea4b5383acbdd8b67074e1 - - default default] Successfully bumped revision number for resource aec3f494-a10e-4894-b28f-412d9ab3d000 (type: networks) to 1
2026-05-28 16:35:12.241 8 WARNING neutron.scheduler.dhcp_agent_scheduler [None req-7cb22c9d-b9a6-4570-b534-5db123aa37d9 a386cd57a3d24c5eb96f61d17ae8d447 e061bba6eaea4b5383acbdd8b67074e1 - - default default] No more DHCP agents
2026-05-28 16:35:12.242 8 WARNING neutron.api.rpc.agentnotifiers.dhcp_rpc_agent_api [None req-7cb22c9d-b9a6-4570-b534-5db123aa37d9 a386cd57a3d24c5eb96f61d17ae8d447 e061bba6eaea4b5383acbdd8b67074e1 - - default default] Unable to schedule network aec3f494-a10e-4894-b28f-412d9ab3d000: no agents available; will retry on subsequent port and subnet creation events.
2026-05-28 16:35:12.273 7 INFO neutron_taas.services.taas.taas_plugin [None req-b47cd11c-2c49-4189-8460-94b90a65b9ab ddac3809554c43fdb7ef435661e8d958 5b30b79d80994bd0824c61078d848e45 - - default default] TaaS: Handle Delete Port: 18dfde3e-6832-4011-8709-4a68fc73c8d9
2026-05-28 16:35:12.301 7 INFO neutron_taas.services.taas.tap_mirror_plugin [None req-b47cd11c-2c49-4189-8460-94b90a65b9ab ddac3809554c43fdb7ef435661e8d958 5b30b79d80994bd0824c61078d848e45 - - default default] Tap Mirror: Handle Delete Port: 18dfde3e-6832-4011-8709-4a68fc73c8d9
2026-05-28 16:35:12.368 8 INFO neutron.db.ovn_revision_numbers_db [None req-7cb22c9d-b9a6-4570-b534-5db123aa37d9 a386cd57a3d24c5eb96f61d17ae8d447 e061bba6eaea4b5383acbdd8b67074e1 - - default default] Successfully bumped revision number for resource dbb511bd-8876-40e7-92a4-bdf2dd287d27 (type: ports) to 1 [pid: 8|app: 0|req: 1305/2654] 10.0.0.194 () {34 vars in 670 bytes} [Thu May 28 16:35:11 2026] POST /v2.0/networks => generated 657 bytes in 572 msecs (HTTP/1.1 201) 4 headers in 162 bytes (1 switches on core 0)
2026-05-28 16:35:12.407 8 INFO neutron.pecan_wsgi.hooks.translation [None req-467595bb-2eeb-4087-9644-06a4b4260071 cdaf91232912418caa9b3997071beaf1 6f7678c163d74641ad8130e1fbcb18ad - - default default] DELETE failed (client error): The resource could not be found. [pid: 8|app: 0|req: 1306/2655] 10.0.0.194 () {32 vars in 724 bytes} [Thu May 28 16:35:12 2026] DELETE /v2.0/subnets/4815e093-0e59-456f-aeab-eaf09cf8bc22 => generated 136 bytes in 20 msecs (HTTP/1.1 404) 4 headers in 164 bytes (1 switches on core 0)
2026-05-28 16:35:12.626 7 INFO neutron_taas.services.taas.taas_plugin [None req-dca532ea-81e4-4dd5-9392-7b895b0d23d8 - - - - - -] TaaS: Handle Delete Port: cb1acd11-f50b-4a34-8b32-a4dfb3d53d29
2026-05-28 16:35:12.629 7 INFO neutron_taas.services.taas.tap_mirror_plugin [None req-dca532ea-81e4-4dd5-9392-7b895b0d23d8 - - - - - -] Tap Mirror: Handle Delete Port: cb1acd11-f50b-4a34-8b32-a4dfb3d53d29
2026-05-28 16:35:12.630 8 WARNING neutron.scheduler.dhcp_agent_scheduler [None req-6bb79241-d250-450b-bb51-3adc097a06ce a386cd57a3d24c5eb96f61d17ae8d447 e061bba6eaea4b5383acbdd8b67074e1 - - default default] No more DHCP agents
2026-05-28 16:35:12.631 8 WARNING neutron.api.rpc.agentnotifiers.dhcp_rpc_agent_api [None req-6bb79241-d250-450b-bb51-3adc097a06ce a386cd57a3d24c5eb96f61d17ae8d447 e061bba6eaea4b5383acbdd8b67074e1 - - default default] Unable to schedule network aec3f494-a10e-4894-b28f-412d9ab3d000: no agents available; will retry on subsequent port and subnet creation events.
2026-05-28 16:35:13.202 8 INFO neutron.db.ovn_revision_numbers_db [None req-42daf924-3d5e-4061-91d6-20a79247b2ec - - - - - -] Successfully bumped revision number for resource dbb511bd-8876-40e7-92a4-bdf2dd287d27 (type: ports) to 2
2026-05-28 16:35:13.232 8 INFO neutron.db.ovn_revision_numbers_db [None req-42daf924-3d5e-4061-91d6-20a79247b2ec - - - - - -] Successfully bumped revision number for resource b4f3601a-0487-445f-90e5-c17081391f74 (type: subnets) to 0 [pid: 8|app: 0|req: 1307/2656] 10.0.0.194 () {34 vars in 669 bytes} [Thu May 28 16:35:12 2026] POST /v2.0/subnets => generated 655 bytes in 841 msecs (HTTP/1.1 201) 4 headers in 162 bytes (1 switches on core 0)
2026-05-28 16:35:13.269 8 INFO neutron.pecan_wsgi.hooks.translation [None req-f902c7ce-0c74-432b-8701-e4a09ae37e9c cdaf91232912418caa9b3997071beaf1 6f7678c163d74641ad8130e1fbcb18ad - - default default] DELETE failed (client error): The resource could not be found. [pid: 8|app: 0|req: 1308/2657] 10.0.0.194 () {32 vars in 724 bytes} [Thu May 28 16:35:13 2026] DELETE /v2.0/subnets/b3568d9b-84c5-48a7-bd9f-7f84a319719a => generated 136 bytes in 18 msecs (HTTP/1.1 404) 4 headers in 164 bytes (1 switches on core 0)
2026-05-28 16:35:13.470 8 WARNING neutron.scheduler.dhcp_agent_scheduler [None req-b20118b0-df17-4711-b24f-612d8994c5cf a386cd57a3d24c5eb96f61d17ae8d447 e061bba6eaea4b5383acbdd8b67074e1 - - default default] No more DHCP agents
2026-05-28 16:35:13.471 8 WARNING neutron.api.rpc.agentnotifiers.dhcp_rpc_agent_api [None req-b20118b0-df17-4711-b24f-612d8994c5cf a386cd57a3d24c5eb96f61d17ae8d447 e061bba6eaea4b5383acbdd8b67074e1 - - default default] Unable to schedule network aec3f494-a10e-4894-b28f-412d9ab3d000: no agents available; will retry on subsequent port and subnet creation events.
2026-05-28 16:35:13.507 8 INFO neutron.db.ovn_revision_numbers_db [None req-b20118b0-df17-4711-b24f-612d8994c5cf a386cd57a3d24c5eb96f61d17ae8d447 e061bba6eaea4b5383acbdd8b67074e1 - - default default] Successfully bumped revision number for resource 6af9a331-b2c5-4e4f-af12-bf775411c01d (type: subnets) to 0 [pid: 8|app: 0|req: 1309/2658] 10.0.0.194 () {34 vars in 669 bytes} [Thu May 28 16:35:13 2026] POST /v2.0/subnets => generated 730 bytes in 251 msecs (HTTP/1.1 201) 4 headers in 162 bytes (1 switches on core 0)
2026-05-28 16:35:13.714 7 INFO neutron_taas.services.taas.taas_plugin [None req-bbbdc2ae-e815-4c62-bee0-ba0718ec18d2 - - - - - -] TaaS: Handle Delete Port: f06766f7-3f8e-4409-acc4-7e56af2f6063
2026-05-28 16:35:13.717 7 INFO neutron_taas.services.taas.tap_mirror_plugin [None req-bbbdc2ae-e815-4c62-bee0-ba0718ec18d2 - - - - - -] Tap Mirror: Handle Delete Port: f06766f7-3f8e-4409-acc4-7e56af2f6063
2026-05-28 16:35:14.521 8 WARNING neutron.scheduler.dhcp_agent_scheduler [None req-9c48358b-bca1-4e53-96ca-0cabcc307b56 a386cd57a3d24c5eb96f61d17ae8d447 e061bba6eaea4b5383acbdd8b67074e1 - - default default] No more DHCP agents
2026-05-28 16:35:14.522 8 WARNING neutron.api.rpc.agentnotifiers.dhcp_rpc_agent_api [None req-9c48358b-bca1-4e53-96ca-0cabcc307b56 a386cd57a3d24c5eb96f61d17ae8d447 e061bba6eaea4b5383acbdd8b67074e1 - - default default] Unable to schedule network cff5c47c-72bd-434b-b856-70a271dfc526: no agents available; will retry on subsequent port and subnet creation events.
2026-05-28 16:35:14.562 7 INFO neutron_taas.services.taas.taas_plugin [None req-bbbdc2ae-e815-4c62-bee0-ba0718ec18d2 - - - - - -] TaaS: Handle Delete Port: 13ba9b98-6309-419d-a534-118b0e52b073
2026-05-28 16:35:14.564 7 INFO neutron_taas.services.taas.tap_mirror_plugin [None req-bbbdc2ae-e815-4c62-bee0-ba0718ec18d2 - - - - - -] Tap Mirror: Handle Delete Port: 13ba9b98-6309-419d-a534-118b0e52b073
2026-05-28 16:35:14.708 8 INFO neutron.db.ovn_revision_numbers_db [None req-9c48358b-bca1-4e53-96ca-0cabcc307b56 a386cd57a3d24c5eb96f61d17ae8d447 e061bba6eaea4b5383acbdd8b67074e1 - - default default] Successfully bumped revision number for resource 278c31b1-9a48-49b8-8da6-ef111b53fa2d (type: ports) to 1
2026-05-28 16:35:14.811 7 INFO neutron.services.segments.plugin [-] Segment 698de51e-9dda-4f89-8588-c1b68d3738d2 resource provider aggregate not found
2026-05-28 16:35:14.816 7 INFO neutron.services.segments.plugin [-] Segment 698de51e-9dda-4f89-8588-c1b68d3738d2 resource provider aggregate not found
2026-05-28 16:35:14.833 7 INFO neutron.services.segments.plugin [-] Segment 698de51e-9dda-4f89-8588-c1b68d3738d2 resource provider not found; error: Placement Client Error (4xx): {"errors": [{"status": 404, "title": "Not Found", "detail": "The resource could not be found.\n\n No resource provider with uuid 698de51e-9dda-4f89-8588-c1b68d3738d2 found for delete ", "request_id": "req-04addcc5-c83d-478c-8c9e-bf92c124cd5d"}]}
2026-05-28 16:35:14.835 7 INFO neutron.services.segments.plugin [-] Segment 698de51e-9dda-4f89-8588-c1b68d3738d2 resource provider not found; error: Placement Client Error (4xx): {"errors": [{"status": 404, "title": "Not Found", "detail": "The resource could not be found.\n\n No resource provider with uuid 698de51e-9dda-4f89-8588-c1b68d3738d2 found for delete ", "request_id": "req-a3e3d913-bb50-4aaa-87d3-c1c7caf89eb3"}]} [pid: 7|app: 0|req: 1350/2659] 10.0.0.194 () {32 vars in 740 bytes} [Thu May 28 16:35:11 2026] DELETE /v2.0/vpn/vpnservices/0b0eae65-0424-4c91-91ef-c1474bc816bb => generated 0 bytes in 2882 msecs (HTTP/1.1 204) 2 headers in 112 bytes (1 switches on core 0) /var/lib/openstack/lib/python3.12/site-packages/pycadf/identifier.py:70: UserWarning: Invalid uuid: neutron. To ensure interoperability, identifiers should be a valid uuid. warnings.warn(('Invalid uuid: %s. To ensure interoperability, ' [pid: 7|app: 0|req: 1351/2660] 10.0.0.194 () {32 vars in 774 bytes} [Thu May 28 16:35:14 2026] GET /v2.0/security-groups?tenant_id=6f7678c163d74641ad8130e1fbcb18ad&name=default => generated 2925 bytes in 173 msecs (HTTP/1.1 200) 4 headers in 158 bytes (1 switches on core 0) [pid: 7|app: 0|req: 1352/2661] 10.0.0.194 () {32 vars in 663 bytes} [Thu May 28 16:35:15 2026] GET /v2.0/vpn/vpnservices => generated 862 bytes in 8 msecs (HTTP/1.1 200) 4 headers in 157 bytes (1 switches on core 0) [pid: 7|app: 0|req: 1353/2662] 10.0.0.194 () {32 vars in 740 bytes} [Thu May 28 16:35:15 2026] DELETE /v2.0/security-groups/38a42089-802d-4416-a076-95596f3e55e1 => generated 0 bytes in 253 msecs (HTTP/1.1 204) 2 headers in 112 bytes (1 switches on core 0)
2026-05-28 16:35:15.358 7 INFO neutron.api.v2.resource [None req-a19a822d-44be-469c-a95c-5ef488cb69db ddac3809554c43fdb7ef435661e8d958 5b30b79d80994bd0824c61078d848e45 - - default default] create failed (client error): The server could not comply with the request since it is either malformed or otherwise incorrect. [pid: 7|app: 0|req: 1354/2663] 10.0.0.194 () {34 vars in 707 bytes} [Thu May 28 16:35:15 2026] POST /v2.0/vpn/ipsec-site-connections => generated 127 bytes in 50 msecs (HTTP/1.1 400) 4 headers in 166 bytes (1 switches on core 0)
2026-05-28 16:35:15.407 8 INFO neutron.plugins.ml2.drivers.ovn.mech_driver.ovsdb.commands [None req-8797274d-e68b-45a1-84f2-b255f3c4a3d6 - - - - - -] Schedule LRP lrp-278c31b1-9a48-49b8-8da6-ef111b53fa2d on gateway 682bb77b-22d5-4938-9f1d-0decc25118c6 with priority 1
2026-05-28 16:35:15.473 7 INFO neutron.api.v2.resource [None req-4ae3b820-aa27-4e9a-aab3-dae1ea79288a ddac3809554c43fdb7ef435661e8d958 5b30b79d80994bd0824c61078d848e45 - - default default] create failed (client error): The server could not comply with the request since it is either malformed or otherwise incorrect. [pid: 7|app: 0|req: 1355/2664] 10.0.0.194 () {34 vars in 707 bytes} [Thu May 28 16:35:15 2026] POST /v2.0/vpn/ipsec-site-connections => generated 136 bytes in 110 msecs (HTTP/1.1 400) 4 headers in 166 bytes (1 switches on core 0)
2026-05-28 16:35:15.492 8 INFO neutron.plugins.ml2.drivers.ovn.mech_driver.ovsdb.ovsdb_monitor [None req-a5b63405-b14f-4377-8f31-70a6f8327736 - - - - - -] Router df988a5d-86f2-45d1-a04b-d5497793fe93 is bound to host instance
2026-05-28 16:35:15.611 8 INFO neutron.db.ovn_revision_numbers_db [None req-9c48358b-bca1-4e53-96ca-0cabcc307b56 a386cd57a3d24c5eb96f61d17ae8d447 e061bba6eaea4b5383acbdd8b67074e1 - - default default] Successfully bumped revision number for resource 278c31b1-9a48-49b8-8da6-ef111b53fa2d (type: router_ports) to 1
2026-05-28 16:35:15.722 7 INFO neutron.db.ovn_revision_numbers_db [None req-4219c6cf-6474-4d07-b6a2-16cbd2b90b8e 5fd6cc322f484178b24a613f3ca54714 4ff95e0975d648a3befd0a040ae7fe51 - - default default] Successfully bumped revision number for resource 516f65c0-1ea5-401f-af93-228427d83962 (type: security_groups) to 1
2026-05-28 16:35:15.734 7 INFO neutron.db.ovn_revision_numbers_db [None req-4219c6cf-6474-4d07-b6a2-16cbd2b90b8e 5fd6cc322f484178b24a613f3ca54714 4ff95e0975d648a3befd0a040ae7fe51 - - default default] Successfully bumped revision number for resource 010d4a8f-2b4b-4829-8c9e-c05699eb6ffa (type: security_group_rules) to 0
2026-05-28 16:35:15.737 8 WARNING neutron.plugins.ml2.drivers.ovn.mech_driver.ovsdb.ovn_client [None req-5053e1f2-444b-4575-8498-83a9a2f9afd3 - - - - - -] No hosting information found for port 1947a105-fa53-4585-aed9-21a89d3f0708: RuntimeError: No hosting information found for port 1947a105-fa53-4585-aed9-21a89d3f0708
2026-05-28 16:35:15.750 7 INFO neutron.db.ovn_revision_numbers_db [None req-4219c6cf-6474-4d07-b6a2-16cbd2b90b8e 5fd6cc322f484178b24a613f3ca54714 4ff95e0975d648a3befd0a040ae7fe51 - - default default] Successfully bumped revision number for resource 21dd8b67-3d52-4ae4-8dfb-16b576c790ba (type: security_group_rules) to 0
2026-05-28 16:35:15.762 7 INFO neutron.db.ovn_revision_numbers_db [None req-4219c6cf-6474-4d07-b6a2-16cbd2b90b8e 5fd6cc322f484178b24a613f3ca54714 4ff95e0975d648a3befd0a040ae7fe51 - - default default] Successfully bumped revision number for resource 227a4e3a-b471-470a-9bda-46d4a00ef543 (type: security_group_rules) to 0
2026-05-28 16:35:15.772 8 INFO neutron.db.ovn_revision_numbers_db [None req-9c48358b-bca1-4e53-96ca-0cabcc307b56 a386cd57a3d24c5eb96f61d17ae8d447 e061bba6eaea4b5383acbdd8b67074e1 - - default default] Successfully bumped revision number for resource df988a5d-86f2-45d1-a04b-d5497793fe93 (type: routers) to 2
2026-05-28 16:35:15.775 7 INFO neutron.db.ovn_revision_numbers_db [None req-4219c6cf-6474-4d07-b6a2-16cbd2b90b8e 5fd6cc322f484178b24a613f3ca54714 4ff95e0975d648a3befd0a040ae7fe51 - - default default] Successfully bumped revision number for resource 4777881a-688a-4ad8-a70c-08c3e9622d32 (type: security_group_rules) to 0 [pid: 7|app: 0|req: 1356/2665] 10.0.0.194 () {32 vars in 774 bytes} [Thu May 28 16:35:15 2026] GET /v2.0/security-groups?tenant_id=d31cf246d1c547c8992a5f3c670ec55a&name=default => generated 2925 bytes in 336 msecs (HTTP/1.1 200) 4 headers in 158 bytes (1 switches on core 0)
