2026-05-28 16:32:48.131 8 INFO neutron.db.ovn_revision_numbers_db [None req-c80d0c93-cbd4-4a37-9cd8-373da26333cd 21c7bafbb6ab4e9b94fd6f84ac4042db 9db5a602d4a14d6b912fd2d65e71a7d7 - - default default] Successfully bumped revision number for resource 327c2f2f-9b56-4ebd-8127-29968b9fa79c (type: security_group_rules) to 0 [pid: 7|app: 0|req: 862/1697] 10.0.0.194 () {32 vars in 774 bytes} [Thu May 28 16:32:47 2026] GET /v2.0/security-groups?tenant_id=d02383f4a741418bad94b441cb0b96a6&name=default => generated 2925 bytes in 373 msecs (HTTP/1.1 200) 4 headers in 158 bytes (1 switches on core 0)
2026-05-28 16:32:48.147 8 INFO neutron.db.ovn_revision_numbers_db [None req-c80d0c93-cbd4-4a37-9cd8-373da26333cd 21c7bafbb6ab4e9b94fd6f84ac4042db 9db5a602d4a14d6b912fd2d65e71a7d7 - - default default] Successfully bumped revision number for resource 51aae189-cc10-42cf-98b4-0c2ea0b08d95 (type: security_group_rules) to 0
2026-05-28 16:32:48.166 8 INFO neutron.db.ovn_revision_numbers_db [None req-c80d0c93-cbd4-4a37-9cd8-373da26333cd 21c7bafbb6ab4e9b94fd6f84ac4042db 9db5a602d4a14d6b912fd2d65e71a7d7 - - default default] Successfully bumped revision number for resource 947087f0-cc41-4f16-b768-474958941f4e (type: security_group_rules) to 0
2026-05-28 16:32:48.254 7 INFO neutron_taas.services.taas.taas_plugin [None req-efa57750-d986-4ad3-868f-61905418e51b d4e6e94e6014410eaa0758d571f064f6 1e158889902949db981d1524e2882bf7 - - default default] TaaS: Handle Delete Port: 7fbc1ab4-bbef-4198-8b17-7c8732aac5cd
2026-05-28 16:32:48.256 7 INFO neutron_taas.services.taas.tap_mirror_plugin [None req-efa57750-d986-4ad3-868f-61905418e51b d4e6e94e6014410eaa0758d571f064f6 1e158889902949db981d1524e2882bf7 - - default default] Tap Mirror: Handle Delete Port: 7fbc1ab4-bbef-4198-8b17-7c8732aac5cd
2026-05-28 16:32:48.257 8 INFO neutron.db.segments_db [None req-c80d0c93-cbd4-4a37-9cd8-373da26333cd 21c7bafbb6ab4e9b94fd6f84ac4042db 9db5a602d4a14d6b912fd2d65e71a7d7 - - default default] Added segment 34279437-77cd-4c94-bfa1-190c370b9638 of type geneve for network e654b959-b6ea-4110-9337-9cfa0f573695
2026-05-28 16:32:48.416 8 INFO neutron.db.ovn_revision_numbers_db [None req-c80d0c93-cbd4-4a37-9cd8-373da26333cd 21c7bafbb6ab4e9b94fd6f84ac4042db 9db5a602d4a14d6b912fd2d65e71a7d7 - - default default] Successfully bumped revision number for resource e654b959-b6ea-4110-9337-9cfa0f573695 (type: networks) to 1 [pid: 7|app: 0|req: 863/1698] 10.0.0.194 () {32 vars in 726 bytes} [Thu May 28 16:32:48 2026] DELETE /v2.0/networks/a80817ad-8d68-4408-802d-bd4d79d1bd8d => generated 0 bytes in 366 msecs (HTTP/1.1 204) 3 headers in 131 bytes (1 switches on core 0)
2026-05-28 16:32:48.593 8 WARNING neutron.scheduler.dhcp_agent_scheduler [None req-c80d0c93-cbd4-4a37-9cd8-373da26333cd 21c7bafbb6ab4e9b94fd6f84ac4042db 9db5a602d4a14d6b912fd2d65e71a7d7 - - default default] No more DHCP agents
2026-05-28 16:32:48.593 8 WARNING neutron.api.rpc.agentnotifiers.dhcp_rpc_agent_api [None req-c80d0c93-cbd4-4a37-9cd8-373da26333cd 21c7bafbb6ab4e9b94fd6f84ac4042db 9db5a602d4a14d6b912fd2d65e71a7d7 - - default default] Unable to schedule network e654b959-b6ea-4110-9337-9cfa0f573695: no agents available; will retry on subsequent port and subnet creation events.
2026-05-28 16:32:48.680 8 INFO neutron.plugins.ml2.drivers.ovn.mech_driver.mech_driver [None req-8c785227-9ff2-4c5b-9834-b3371bd4da3b - - - - - -] OVN reports status down for port: b4374717-7bb2-4a5b-a1bf-9695b1083cca
2026-05-28 16:32:48.765 8 INFO neutron.db.ovn_revision_numbers_db [None req-c80d0c93-cbd4-4a37-9cd8-373da26333cd 21c7bafbb6ab4e9b94fd6f84ac4042db 9db5a602d4a14d6b912fd2d65e71a7d7 - - default default] Successfully bumped revision number for resource b4374717-7bb2-4a5b-a1bf-9695b1083cca (type: ports) to 1 [pid: 7|app: 0|req: 864/1699] 10.0.0.194 () {32 vars in 740 bytes} [Thu May 28 16:32:48 2026] DELETE /v2.0/security-groups/f6280f44-c0a7-4f5d-b8c2-448ee95018ef => generated 0 bytes in 307 msecs (HTTP/1.1 204) 2 headers in 112 bytes (1 switches on core 0) [pid: 8|app: 0|req: 836/1700] 10.0.0.194 () {34 vars in 670 bytes} [Thu May 28 16:32:47 2026] POST /v2.0/networks => generated 651 bytes in 1253 msecs (HTTP/1.1 201) 4 headers in 162 bytes (1 switches on core 0)
2026-05-28 16:32:48.937 7 INFO neutron.services.segments.plugin [-] Segment 2a346c67-3bd6-4af2-9bf6-1b4478181f71 resource provider aggregate not found
2026-05-28 16:32:48.943 7 INFO neutron.services.segments.plugin [-] Segment 2a346c67-3bd6-4af2-9bf6-1b4478181f71 resource provider aggregate not found
2026-05-28 16:32:48.966 7 INFO neutron.services.segments.plugin [-] Segment 2a346c67-3bd6-4af2-9bf6-1b4478181f71 resource provider not found; error: Placement Client Error (4xx): {"errors": [{"status": 404, "title": "Not Found", "detail": "The resource could not be found.\n\n No resource provider with uuid 2a346c67-3bd6-4af2-9bf6-1b4478181f71 found for delete ", "request_id": "req-0fb3b245-2b12-4f76-b1b9-10018a7ec42d"}]}
2026-05-28 16:32:48.973 7 INFO neutron.db.segments_db [None req-121b7611-ad3d-463f-86ff-6ad20fd0cf56 21c7bafbb6ab4e9b94fd6f84ac4042db 9db5a602d4a14d6b912fd2d65e71a7d7 - - default default] Added segment eb0f4380-28f3-4edd-a0e8-88c14d776df0 of type geneve for network fbd75ff1-a440-402f-9fe5-63429eb12c4c
2026-05-28 16:32:48.981 7 INFO neutron.services.segments.plugin [-] Segment 2a346c67-3bd6-4af2-9bf6-1b4478181f71 resource provider not found; error: Placement Client Error (4xx): {"errors": [{"status": 404, "title": "Not Found", "detail": "The resource could not be found.\n\n No resource provider with uuid 2a346c67-3bd6-4af2-9bf6-1b4478181f71 found for delete ", "request_id": "req-e932525f-8234-47b5-b9e8-7588298a69f1"}]}
2026-05-28 16:32:48.985 7 INFO neutron.services.segments.plugin [-] Segment f37e0ce1-c2e9-4fe4-9ae5-c86aad6ca7c7 resource provider aggregate not found
2026-05-28 16:32:49.005 7 INFO neutron.services.segments.plugin [-] Segment f37e0ce1-c2e9-4fe4-9ae5-c86aad6ca7c7 resource provider aggregate not found
2026-05-28 16:32:49.009 7 INFO neutron.services.segments.plugin [-] Segment f37e0ce1-c2e9-4fe4-9ae5-c86aad6ca7c7 resource provider not found; error: Placement Client Error (4xx): {"errors": [{"status": 404, "title": "Not Found", "detail": "The resource could not be found.\n\n No resource provider with uuid f37e0ce1-c2e9-4fe4-9ae5-c86aad6ca7c7 found for delete ", "request_id": "req-3d75c2d2-327b-42a3-b482-154b9a0b5bf5"}]}
2026-05-28 16:32:49.028 7 INFO neutron.services.segments.plugin [-] Segment f37e0ce1-c2e9-4fe4-9ae5-c86aad6ca7c7 resource provider not found; error: Placement Client Error (4xx): {"errors": [{"status": 404, "title": "Not Found", "detail": "The resource could not be found.\n\n No resource provider with uuid f37e0ce1-c2e9-4fe4-9ae5-c86aad6ca7c7 found for delete ", "request_id": "req-21f25a53-f06f-4188-9472-005a2067b500"}]}
2026-05-28 16:32:49.031 7 INFO neutron.services.segments.plugin [-] Segment 86722b6c-159c-49ee-93b7-d91515e5ed08 resource provider aggregate not found
2026-05-28 16:32:49.048 7 INFO neutron.services.segments.plugin [-] Segment 86722b6c-159c-49ee-93b7-d91515e5ed08 resource provider not found; error: Placement Client Error (4xx): {"errors": [{"status": 404, "title": "Not Found", "detail": "The resource could not be found.\n\n No resource provider with uuid 86722b6c-159c-49ee-93b7-d91515e5ed08 found for delete ", "request_id": "req-90fcca3c-74ac-4aad-aed6-943e0acf94d7"}]}
2026-05-28 16:32:49.055 7 INFO neutron.services.segments.plugin [-] Segment 86722b6c-159c-49ee-93b7-d91515e5ed08 resource provider aggregate not found
2026-05-28 16:32:49.087 7 INFO neutron.services.segments.plugin [-] Segment 86722b6c-159c-49ee-93b7-d91515e5ed08 resource provider not found; error: Placement Client Error (4xx): {"errors": [{"status": 404, "title": "Not Found", "detail": "The resource could not be found.\n\n No resource provider with uuid 86722b6c-159c-49ee-93b7-d91515e5ed08 found for delete ", "request_id": "req-553379c0-c5dd-4359-b4a5-950971c02320"}]}
2026-05-28 16:32:49.148 7 INFO neutron.db.ovn_revision_numbers_db [None req-121b7611-ad3d-463f-86ff-6ad20fd0cf56 21c7bafbb6ab4e9b94fd6f84ac4042db 9db5a602d4a14d6b912fd2d65e71a7d7 - - default default] Successfully bumped revision number for resource fbd75ff1-a440-402f-9fe5-63429eb12c4c (type: networks) to 1 [pid: 8|app: 0|req: 837/1701] 10.0.0.194 () {32 vars in 774 bytes} [Thu May 28 16:32:48 2026] GET /v2.0/security-groups?tenant_id=1e158889902949db981d1524e2882bf7&name=default => generated 2925 bytes in 233 msecs (HTTP/1.1 200) 4 headers in 158 bytes (1 switches on core 0)
2026-05-28 16:32:49.312 7 WARNING neutron.scheduler.dhcp_agent_scheduler [None req-121b7611-ad3d-463f-86ff-6ad20fd0cf56 21c7bafbb6ab4e9b94fd6f84ac4042db 9db5a602d4a14d6b912fd2d65e71a7d7 - - default default] No more DHCP agents
2026-05-28 16:32:49.315 7 WARNING neutron.api.rpc.agentnotifiers.dhcp_rpc_agent_api [None req-121b7611-ad3d-463f-86ff-6ad20fd0cf56 21c7bafbb6ab4e9b94fd6f84ac4042db 9db5a602d4a14d6b912fd2d65e71a7d7 - - default default] Unable to schedule network fbd75ff1-a440-402f-9fe5-63429eb12c4c: no agents available; will retry on subsequent port and subnet creation events.
2026-05-28 16:32:49.336 8 INFO neutron.db.ovn_revision_numbers_db [None req-d2cbfeed-f332-49f1-9d4e-de74cfebee56 5fd6cc322f484178b24a613f3ca54714 4ff95e0975d648a3befd0a040ae7fe51 - - default default] Successfully bumped revision number for resource 795a1fe6-252b-4139-88eb-fa7b2732d63f (type: security_groups) to 1
2026-05-28 16:32:49.349 8 INFO neutron.db.ovn_revision_numbers_db [None req-d2cbfeed-f332-49f1-9d4e-de74cfebee56 5fd6cc322f484178b24a613f3ca54714 4ff95e0975d648a3befd0a040ae7fe51 - - default default] Successfully bumped revision number for resource 0f5e4e84-c1bf-4b05-b04c-1435de2ae3fc (type: security_group_rules) to 0
2026-05-28 16:32:49.360 8 INFO neutron.db.ovn_revision_numbers_db [None req-d2cbfeed-f332-49f1-9d4e-de74cfebee56 5fd6cc322f484178b24a613f3ca54714 4ff95e0975d648a3befd0a040ae7fe51 - - default default] Successfully bumped revision number for resource 2161dec5-2b33-4739-852d-105b4ee5e16c (type: security_group_rules) to 0
2026-05-28 16:32:49.384 8 INFO neutron.db.ovn_revision_numbers_db [None req-d2cbfeed-f332-49f1-9d4e-de74cfebee56 5fd6cc322f484178b24a613f3ca54714 4ff95e0975d648a3befd0a040ae7fe51 - - default default] Successfully bumped revision number for resource 4f14b564-3042-4df5-a74b-66c53822dacd (type: security_group_rules) to 0
2026-05-28 16:32:49.412 8 INFO neutron.db.ovn_revision_numbers_db [None req-d2cbfeed-f332-49f1-9d4e-de74cfebee56 5fd6cc322f484178b24a613f3ca54714 4ff95e0975d648a3befd0a040ae7fe51 - - default default] Successfully bumped revision number for resource 50aebda2-9d75-46dd-9c4f-efb6d57858e7 (type: security_group_rules) to 0
2026-05-28 16:32:49.427 8 INFO neutron.plugins.ml2.drivers.ovn.mech_driver.mech_driver [None req-8c785227-9ff2-4c5b-9834-b3371bd4da3b - - - - - -] OVN reports status down for port: 6787a9ba-5bc3-4a96-a184-1d1c5acd510b
2026-05-28 16:32:49.428 7 INFO neutron.db.ovn_revision_numbers_db [None req-121b7611-ad3d-463f-86ff-6ad20fd0cf56 21c7bafbb6ab4e9b94fd6f84ac4042db 9db5a602d4a14d6b912fd2d65e71a7d7 - - default default] Successfully bumped revision number for resource 6787a9ba-5bc3-4a96-a184-1d1c5acd510b (type: ports) to 1 [pid: 7|app: 0|req: 865/1702] 10.0.0.194 () {34 vars in 670 bytes} [Thu May 28 16:32:48 2026] POST /v2.0/networks => generated 652 bytes in 583 msecs (HTTP/1.1 201) 4 headers in 162 bytes (1 switches on core 0) [pid: 8|app: 0|req: 838/1703] 10.0.0.194 () {32 vars in 774 bytes} [Thu May 28 16:32:49 2026] GET /v2.0/security-groups?tenant_id=8bd4e00f89d84dc79b776a3d80f98753&name=default => generated 2925 bytes in 281 msecs (HTTP/1.1 200) 4 headers in 158 bytes (1 switches on core 0)
2026-05-28 16:32:49.683 7 INFO neutron.db.ovn_revision_numbers_db [None req-bfb7ca63-cd54-4ba9-8d78-9bb8669180bf 5fd6cc322f484178b24a613f3ca54714 4ff95e0975d648a3befd0a040ae7fe51 - - default default] Successfully bumped revision number for resource c581dca6-5924-43fa-a258-38dfad23602a (type: security_groups) to 1
2026-05-28 16:32:49.696 7 INFO neutron.db.ovn_revision_numbers_db [None req-bfb7ca63-cd54-4ba9-8d78-9bb8669180bf 5fd6cc322f484178b24a613f3ca54714 4ff95e0975d648a3befd0a040ae7fe51 - - default default] Successfully bumped revision number for resource 1aaf4024-d9f3-44d4-b1db-757bbc37b5ac (type: security_group_rules) to 0
2026-05-28 16:32:49.709 7 INFO neutron.db.ovn_revision_numbers_db [None req-bfb7ca63-cd54-4ba9-8d78-9bb8669180bf 5fd6cc322f484178b24a613f3ca54714 4ff95e0975d648a3befd0a040ae7fe51 - - default default] Successfully bumped revision number for resource 4d71ff90-5f92-46e9-b38b-f5f0188d7e85 (type: security_group_rules) to 0
2026-05-28 16:32:49.726 7 INFO neutron.db.ovn_revision_numbers_db [None req-bfb7ca63-cd54-4ba9-8d78-9bb8669180bf 5fd6cc322f484178b24a613f3ca54714 4ff95e0975d648a3befd0a040ae7fe51 - - default default] Successfully bumped revision number for resource 76a7092e-a59d-4543-b8f4-11658648ca76 (type: security_group_rules) to 0
2026-05-28 16:32:49.737 7 INFO neutron.db.ovn_revision_numbers_db [None req-bfb7ca63-cd54-4ba9-8d78-9bb8669180bf 5fd6cc322f484178b24a613f3ca54714 4ff95e0975d648a3befd0a040ae7fe51 - - default default] Successfully bumped revision number for resource d064cd88-0134-41a8-b600-fb22bfb50398 (type: security_group_rules) to 0 [pid: 8|app: 0|req: 839/1704] 10.0.0.194 () {32 vars in 740 bytes} [Thu May 28 16:32:49 2026] DELETE /v2.0/security-groups/f2a5363f-c1e8-4683-b289-2faa65a10ac8 => generated 0 bytes in 346 msecs (HTTP/1.1 204) 2 headers in 112 bytes (1 switches on core 0)
2026-05-28 16:32:49.818 7 INFO neutron.db.segments_db [None req-bfb7ca63-cd54-4ba9-8d78-9bb8669180bf 5fd6cc322f484178b24a613f3ca54714 4ff95e0975d648a3befd0a040ae7fe51 - - default default] Added segment 059bf71f-beec-4b5d-ba88-4284324583be of type geneve for network 400a871a-0a82-42b2-907b-8ec97a533f6d
2026-05-28 16:32:49.929 7 INFO neutron.db.ovn_revision_numbers_db [None req-bfb7ca63-cd54-4ba9-8d78-9bb8669180bf 5fd6cc322f484178b24a613f3ca54714 4ff95e0975d648a3befd0a040ae7fe51 - - default default] Successfully bumped revision number for resource 400a871a-0a82-42b2-907b-8ec97a533f6d (type: networks) to 1
2026-05-28 16:32:50.004 8 WARNING neutron.scheduler.dhcp_agent_scheduler [None req-06729e9d-b785-47d8-954e-59ebaaa0a032 21c7bafbb6ab4e9b94fd6f84ac4042db 9db5a602d4a14d6b912fd2d65e71a7d7 - - default default] No more DHCP agents
2026-05-28 16:32:50.006 8 WARNING neutron.api.rpc.agentnotifiers.dhcp_rpc_agent_api [None req-06729e9d-b785-47d8-954e-59ebaaa0a032 21c7bafbb6ab4e9b94fd6f84ac4042db 9db5a602d4a14d6b912fd2d65e71a7d7 - - default default] Unable to schedule network e654b959-b6ea-4110-9337-9cfa0f573695: no agents available; will retry on subsequent port and subnet creation events.
2026-05-28 16:32:50.050 8 INFO neutron.db.ovn_revision_numbers_db [None req-06729e9d-b785-47d8-954e-59ebaaa0a032 21c7bafbb6ab4e9b94fd6f84ac4042db 9db5a602d4a14d6b912fd2d65e71a7d7 - - default default] Successfully bumped revision number for resource 01d80534-a83c-4b61-abc2-52f9892f4d83 (type: subnets) to 0 [pid: 8|app: 0|req: 840/1705] 10.0.0.194 () {34 vars in 669 bytes} [Thu May 28 16:32:49 2026] POST /v2.0/subnets => generated 646 bytes in 253 msecs (HTTP/1.1 201) 4 headers in 162 bytes (1 switches on core 0)
2026-05-28 16:32:50.091 7 WARNING neutron.scheduler.dhcp_agent_scheduler [None req-bfb7ca63-cd54-4ba9-8d78-9bb8669180bf 5fd6cc322f484178b24a613f3ca54714 4ff95e0975d648a3befd0a040ae7fe51 - - default default] No more DHCP agents
2026-05-28 16:32:50.093 7 WARNING neutron.api.rpc.agentnotifiers.dhcp_rpc_agent_api [None req-bfb7ca63-cd54-4ba9-8d78-9bb8669180bf 5fd6cc322f484178b24a613f3ca54714 4ff95e0975d648a3befd0a040ae7fe51 - - default default] Unable to schedule network 400a871a-0a82-42b2-907b-8ec97a533f6d: no agents available; will retry on subsequent port and subnet creation events.
2026-05-28 16:32:50.196 7 INFO neutron.db.ovn_revision_numbers_db [None req-bfb7ca63-cd54-4ba9-8d78-9bb8669180bf 5fd6cc322f484178b24a613f3ca54714 4ff95e0975d648a3befd0a040ae7fe51 - - default default] Successfully bumped revision number for resource 49b78478-acf2-4888-b266-76261478af5f (type: ports) to 1
2026-05-28 16:32:50.204 8 INFO neutron.plugins.ml2.drivers.ovn.mech_driver.mech_driver [None req-8c785227-9ff2-4c5b-9834-b3371bd4da3b - - - - - -] OVN reports status down for port: 49b78478-acf2-4888-b266-76261478af5f [pid: 7|app: 0|req: 866/1706] 10.0.0.194 () {34 vars in 671 bytes} [Thu May 28 16:32:49 2026] POST /v2.0/networks => generated 761 bytes in 769 msecs (HTTP/1.1 201) 4 headers in 162 bytes (1 switches on core 0)
2026-05-28 16:32:50.428 7 WARNING neutron.scheduler.dhcp_agent_scheduler [None req-c3049232-53e6-4b5f-b496-09ef089ef4ec 21c7bafbb6ab4e9b94fd6f84ac4042db 9db5a602d4a14d6b912fd2d65e71a7d7 - - default default] No more DHCP agents
2026-05-28 16:32:50.431 7 WARNING neutron.api.rpc.agentnotifiers.dhcp_rpc_agent_api [None req-c3049232-53e6-4b5f-b496-09ef089ef4ec 21c7bafbb6ab4e9b94fd6f84ac4042db 9db5a602d4a14d6b912fd2d65e71a7d7 - - default default] Unable to schedule network fbd75ff1-a440-402f-9fe5-63429eb12c4c: no agents available; will retry on subsequent port and subnet creation events. [pid: 8|app: 0|req: 841/1707] 10.0.0.194 () {32 vars in 740 bytes} [Thu May 28 16:32:50 2026] DELETE /v2.0/security-groups/795a1fe6-252b-4139-88eb-fa7b2732d63f => generated 0 bytes in 399 msecs (HTTP/1.1 204) 2 headers in 112 bytes (1 switches on core 0)
2026-05-28 16:32:50.482 7 INFO neutron.db.ovn_revision_numbers_db [None req-c3049232-53e6-4b5f-b496-09ef089ef4ec 21c7bafbb6ab4e9b94fd6f84ac4042db 9db5a602d4a14d6b912fd2d65e71a7d7 - - default default] Successfully bumped revision number for resource a4bd4a27-1e25-4682-a76f-a3871b17d028 (type: subnets) to 0 [pid: 7|app: 0|req: 867/1708] 10.0.0.194 () {34 vars in 669 bytes} [Thu May 28 16:32:50 2026] POST /v2.0/subnets => generated 655 bytes in 279 msecs (HTTP/1.1 201) 4 headers in 162 bytes (1 switches on core 0)
2026-05-28 16:32:50.601 8 WARNING neutron.scheduler.dhcp_agent_scheduler [None req-50bad187-123b-4eff-8a7e-63b9351fdf0c 5fd6cc322f484178b24a613f3ca54714 4ff95e0975d648a3befd0a040ae7fe51 - - default default] No more DHCP agents
2026-05-28 16:32:50.603 8 WARNING neutron.api.rpc.agentnotifiers.dhcp_rpc_agent_api [None req-50bad187-123b-4eff-8a7e-63b9351fdf0c 5fd6cc322f484178b24a613f3ca54714 4ff95e0975d648a3befd0a040ae7fe51 - - default default] Unable to schedule network 400a871a-0a82-42b2-907b-8ec97a533f6d: no agents available; will retry on subsequent port and subnet creation events.
2026-05-28 16:32:50.606 7 INFO neutron.db.ovn_revision_numbers_db [None req-d67850b3-261c-4330-9ed6-5b1c8f1ec0dc 21c7bafbb6ab4e9b94fd6f84ac4042db 9db5a602d4a14d6b912fd2d65e71a7d7 - - default default] Successfully bumped revision number for resource 1b8f07aa-f2cb-4c52-b5b8-685bab6a44cb (type: routers) to 1 [pid: 7|app: 0|req: 868/1709] 10.0.0.194 () {34 vars in 669 bytes} [Thu May 28 16:32:50 2026] POST /v2.0/routers => generated 606 bytes in 121 msecs (HTTP/1.1 201) 4 headers in 162 bytes (1 switches on core 0)
2026-05-28 16:32:50.974 7 WARNING neutron.scheduler.dhcp_agent_scheduler [None req-e7f80700-4f94-4ec9-8403-0d6739ade812 21c7bafbb6ab4e9b94fd6f84ac4042db 9db5a602d4a14d6b912fd2d65e71a7d7 - - default default] No more DHCP agents
2026-05-28 16:32:50.976 7 WARNING neutron.api.rpc.agentnotifiers.dhcp_rpc_agent_api [None req-e7f80700-4f94-4ec9-8403-0d6739ade812 21c7bafbb6ab4e9b94fd6f84ac4042db 9db5a602d4a14d6b912fd2d65e71a7d7 - - default default] Unable to schedule network e654b959-b6ea-4110-9337-9cfa0f573695: no agents available; will retry on subsequent port and subnet creation events.
2026-05-28 16:32:51.087 8 INFO neutron.db.ovn_revision_numbers_db [None req-e92ce06e-a3ed-4599-9020-21a1c3ee060e - - - - - -] Successfully bumped revision number for resource 49b78478-acf2-4888-b266-76261478af5f (type: ports) to 2
2026-05-28 16:32:51.103 7 INFO neutron.db.ovn_revision_numbers_db [None req-e7f80700-4f94-4ec9-8403-0d6739ade812 21c7bafbb6ab4e9b94fd6f84ac4042db 9db5a602d4a14d6b912fd2d65e71a7d7 - - default default] Successfully bumped revision number for resource ec69e030-515f-45f8-936d-99d92a2b4dc4 (type: ports) to 1
2026-05-28 16:32:51.116 8 INFO neutron.plugins.ml2.drivers.ovn.mech_driver.mech_driver [None req-8c785227-9ff2-4c5b-9834-b3371bd4da3b - - - - - -] OVN reports status down for port: ec69e030-515f-45f8-936d-99d92a2b4dc4
2026-05-28 16:32:51.181 8 INFO neutron.db.ovn_revision_numbers_db [None req-e92ce06e-a3ed-4599-9020-21a1c3ee060e - - - - - -] Successfully bumped revision number for resource 54b4cf69-a41a-4466-951a-82152bb85c56 (type: subnets) to 0 [pid: 8|app: 0|req: 842/1710] 10.0.0.194 () {34 vars in 669 bytes} [Thu May 28 16:32:50 2026] POST /v2.0/subnets => generated 688 bytes in 736 msecs (HTTP/1.1 201) 4 headers in 162 bytes (1 switches on core 0)
2026-05-28 16:32:51.631 8 WARNING neutron.scheduler.dhcp_agent_scheduler [None req-c12ad969-db8a-4dc9-8a05-885a55bafcd4 5fd6cc322f484178b24a613f3ca54714 4ff95e0975d648a3befd0a040ae7fe51 - - default default] No more DHCP agents
2026-05-28 16:32:51.632 8 WARNING neutron.api.rpc.agentnotifiers.dhcp_rpc_agent_api [None req-c12ad969-db8a-4dc9-8a05-885a55bafcd4 5fd6cc322f484178b24a613f3ca54714 4ff95e0975d648a3befd0a040ae7fe51 - - default default] Unable to schedule network cff5c47c-72bd-434b-b856-70a271dfc526: no agents available; will retry on subsequent port and subnet creation events.
2026-05-28 16:32:51.651 8 INFO neutron.plugins.ml2.drivers.ovn.mech_driver.mech_driver [None req-8c785227-9ff2-4c5b-9834-b3371bd4da3b - - - - - -] OVN reports status up for port: ec69e030-515f-45f8-936d-99d92a2b4dc4
2026-05-28 16:32:51.672 8 INFO neutron.plugins.ml2.plugin [None req-8c785227-9ff2-4c5b-9834-b3371bd4da3b - - - - - -] Attempt 1 to provision port ec69e030-515f-45f8-936d-99d92a2b4dc4
2026-05-28 16:32:51.692 7 WARNING neutron.scheduler.dhcp_agent_scheduler [None req-e7f80700-4f94-4ec9-8403-0d6739ade812 21c7bafbb6ab4e9b94fd6f84ac4042db 9db5a602d4a14d6b912fd2d65e71a7d7 - - default default] No more DHCP agents
2026-05-28 16:32:51.693 7 WARNING neutron.api.rpc.agentnotifiers.dhcp_rpc_agent_api [None req-e7f80700-4f94-4ec9-8403-0d6739ade812 21c7bafbb6ab4e9b94fd6f84ac4042db 9db5a602d4a14d6b912fd2d65e71a7d7 - - default default] Unable to schedule network e654b959-b6ea-4110-9337-9cfa0f573695: no agents available; will retry on subsequent port and subnet creation events.
2026-05-28 16:32:51.930 7 INFO neutron.db.ovn_revision_numbers_db [None req-e7f80700-4f94-4ec9-8403-0d6739ade812 21c7bafbb6ab4e9b94fd6f84ac4042db 9db5a602d4a14d6b912fd2d65e71a7d7 - - default default] Successfully bumped revision number for resource ec69e030-515f-45f8-936d-99d92a2b4dc4 (type: router_ports) to 1 [pid: 7|app: 0|req: 869/1711] 10.0.0.194 () {34 vars in 783 bytes} [Thu May 28 16:32:50 2026] PUT /v2.0/routers/1b8f07aa-f2cb-4c52-b5b8-685bab6a44cb/add_router_interface => generated 309 bytes in 1307 msecs (HTTP/1.1 200) 4 headers in 157 bytes (1 switches on core 0)
2026-05-28 16:32:52.049 8 INFO neutron.db.ovn_revision_numbers_db [None req-c12ad969-db8a-4dc9-8a05-885a55bafcd4 5fd6cc322f484178b24a613f3ca54714 4ff95e0975d648a3befd0a040ae7fe51 - - default default] Successfully bumped revision number for resource 48f8bbc3-aa2b-4a5d-94e9-5251b528bb8e (type: ports) to 1
2026-05-28 16:32:52.359 7 INFO neutron.db.ovn_revision_numbers_db [None req-e93e46ed-6b71-4e7f-8859-b3d1efd5bca1 2e084043611f4e9a9ffc795530f19033 2eb7fc554fd644399ce86a1e05c2468c - - default default] Successfully bumped revision number for resource 4986ea66-1e5e-4c84-931c-1e99214c27ea (type: security_groups) to 1
2026-05-28 16:32:52.369 7 INFO neutron.db.ovn_revision_numbers_db [None req-e93e46ed-6b71-4e7f-8859-b3d1efd5bca1 2e084043611f4e9a9ffc795530f19033 2eb7fc554fd644399ce86a1e05c2468c - - default default] Successfully bumped revision number for resource 5d3e0051-cd2a-48b0-a0e3-d5d4f0c6e6d6 (type: security_group_rules) to 0
2026-05-28 16:32:52.383 7 INFO neutron.db.ovn_revision_numbers_db [None req-e93e46ed-6b71-4e7f-8859-b3d1efd5bca1 2e084043611f4e9a9ffc795530f19033 2eb7fc554fd644399ce86a1e05c2468c - - default default] Successfully bumped revision number for resource 765c015d-dcab-4d44-9668-99046f700773 (type: security_group_rules) to 0
2026-05-28 16:32:52.404 7 INFO neutron.db.ovn_revision_numbers_db [None req-e93e46ed-6b71-4e7f-8859-b3d1efd5bca1 2e084043611f4e9a9ffc795530f19033 2eb7fc554fd644399ce86a1e05c2468c - - default default] Successfully bumped revision number for resource a9288a0c-bece-4e93-ae69-ac820c9f5b87 (type: security_group_rules) to 0
2026-05-28 16:32:52.416 7 INFO neutron.db.ovn_revision_numbers_db [None req-e93e46ed-6b71-4e7f-8859-b3d1efd5bca1 2e084043611f4e9a9ffc795530f19033 2eb7fc554fd644399ce86a1e05c2468c - - default default] Successfully bumped revision number for resource e9567f06-0917-43f1-b968-1d0dd81bca33 (type: security_group_rules) to 0
2026-05-28 16:32:52.547 7 INFO neutron.db.segments_db [None req-e93e46ed-6b71-4e7f-8859-b3d1efd5bca1 2e084043611f4e9a9ffc795530f19033 2eb7fc554fd644399ce86a1e05c2468c - - default default] Added segment 2191538d-3a96-4cac-80b3-780242a7ddf8 of type geneve for network 77542471-f38c-4eba-b304-e38a1a4b452b
2026-05-28 16:32:52.628 8 INFO neutron.db.ovn_revision_numbers_db [None req-8c785227-9ff2-4c5b-9834-b3371bd4da3b - - - - - -] Successfully bumped revision number for resource ec69e030-515f-45f8-936d-99d92a2b4dc4 (type: ports) to 2
2026-05-28 16:32:52.650 7 INFO neutron.db.segments_db [None req-e93e46ed-6b71-4e7f-8859-b3d1efd5bca1 2e084043611f4e9a9ffc795530f19033 2eb7fc554fd644399ce86a1e05c2468c - - default default] Added segment f40f05e0-c140-4a1a-a82c-35f143f9f094 of type geneve for network 149f2bd0-b8dc-4c85-99b9-0de90c8fde3e
2026-05-28 16:32:52.809 7 INFO neutron.db.ovn_revision_numbers_db [None req-e93e46ed-6b71-4e7f-8859-b3d1efd5bca1 2e084043611f4e9a9ffc795530f19033 2eb7fc554fd644399ce86a1e05c2468c - - default default] Successfully bumped revision number for resource 77542471-f38c-4eba-b304-e38a1a4b452b (type: networks) to 1
2026-05-28 16:32:52.940 7 WARNING neutron.scheduler.dhcp_agent_scheduler [None req-e93e46ed-6b71-4e7f-8859-b3d1efd5bca1 2e084043611f4e9a9ffc795530f19033 2eb7fc554fd644399ce86a1e05c2468c - - default default] No more DHCP agents
2026-05-28 16:32:52.947 7 WARNING neutron.api.rpc.agentnotifiers.dhcp_rpc_agent_api [None req-e93e46ed-6b71-4e7f-8859-b3d1efd5bca1 2e084043611f4e9a9ffc795530f19033 2eb7fc554fd644399ce86a1e05c2468c - - default default] Unable to schedule network 77542471-f38c-4eba-b304-e38a1a4b452b: no agents available; will retry on subsequent port and subnet creation events.
2026-05-28 16:32:53.041 7 INFO neutron.db.ovn_revision_numbers_db [None req-e93e46ed-6b71-4e7f-8859-b3d1efd5bca1 2e084043611f4e9a9ffc795530f19033 2eb7fc554fd644399ce86a1e05c2468c - - default default] Successfully bumped revision number for resource ba05c8cf-69b8-4082-a47c-6d13e9a0f2ed (type: ports) to 1
2026-05-28 16:32:53.054 8 INFO neutron.plugins.ml2.drivers.ovn.mech_driver.ovsdb.commands [None req-8797274d-e68b-45a1-84f2-b255f3c4a3d6 - - - - - -] Schedule LRP lrp-48f8bbc3-aa2b-4a5d-94e9-5251b528bb8e on gateway 682bb77b-22d5-4938-9f1d-0decc25118c6 with priority 1
2026-05-28 16:32:53.183 8 INFO neutron.plugins.ml2.drivers.ovn.mech_driver.ovsdb.ovsdb_monitor [None req-5e8ff675-a17c-4ac7-ab7c-2963ea856826 - - - - - -] Router 98ddb755-9034-4b03-b527-452d8ee4706d is bound to host instance
2026-05-28 16:32:53.231 7 INFO neutron.db.ovn_revision_numbers_db [None req-e93e46ed-6b71-4e7f-8859-b3d1efd5bca1 2e084043611f4e9a9ffc795530f19033 2eb7fc554fd644399ce86a1e05c2468c - - default default] Successfully bumped revision number for resource 149f2bd0-b8dc-4c85-99b9-0de90c8fde3e (type: networks) to 1
2026-05-28 16:32:53.261 8 INFO neutron.db.ovn_revision_numbers_db [None req-c12ad969-db8a-4dc9-8a05-885a55bafcd4 5fd6cc322f484178b24a613f3ca54714 4ff95e0975d648a3befd0a040ae7fe51 - - default default] Successfully bumped revision number for resource 48f8bbc3-aa2b-4a5d-94e9-5251b528bb8e (type: router_ports) to 1
2026-05-28 16:32:53.377 8 INFO neutron.db.ovn_revision_numbers_db [None req-c12ad969-db8a-4dc9-8a05-885a55bafcd4 5fd6cc322f484178b24a613f3ca54714 4ff95e0975d648a3befd0a040ae7fe51 - - default default] Successfully bumped revision number for resource 98ddb755-9034-4b03-b527-452d8ee4706d (type: routers) to 2
2026-05-28 16:32:53.393 7 WARNING neutron.scheduler.dhcp_agent_scheduler [None req-e93e46ed-6b71-4e7f-8859-b3d1efd5bca1 2e084043611f4e9a9ffc795530f19033 2eb7fc554fd644399ce86a1e05c2468c - - default default] No more DHCP agents
2026-05-28 16:32:53.394 7 WARNING neutron.api.rpc.agentnotifiers.dhcp_rpc_agent_api [None req-e93e46ed-6b71-4e7f-8859-b3d1efd5bca1 2e084043611f4e9a9ffc795530f19033 2eb7fc554fd644399ce86a1e05c2468c - - default default] Unable to schedule network 149f2bd0-b8dc-4c85-99b9-0de90c8fde3e: no agents available; will retry on subsequent port and subnet creation events. [pid: 8|app: 0|req: 843/1712] 10.0.0.194 () {34 vars in 669 bytes} [Thu May 28 16:32:51 2026] POST /v2.0/routers => generated 966 bytes in 2201 msecs (HTTP/1.1 201) 4 headers in 162 bytes (1 switches on core 0) [pid: 8|app: 0|req: 844/1713] 10.0.0.194 () {32 vars in 717 bytes} [Thu May 28 16:32:53 2026] GET /v2.0/ports/ec69e030-515f-45f8-936d-99d92a2b4dc4 => generated 947 bytes in 79 msecs (HTTP/1.1 200) 4 headers in 157 bytes (1 switches on core 0)
2026-05-28 16:32:53.521 7 INFO neutron.db.ovn_revision_numbers_db [None req-e93e46ed-6b71-4e7f-8859-b3d1efd5bca1 2e084043611f4e9a9ffc795530f19033 2eb7fc554fd644399ce86a1e05c2468c - - default default] Successfully bumped revision number for resource d4e0b10e-996d-49ac-913e-7f6acd28b1ef (type: ports) to 1 [pid: 7|app: 0|req: 870/1714] 10.0.0.194 () {34 vars in 670 bytes} [Thu May 28 16:32:51 2026] POST /v2.0/networks => generated 1283 bytes in 1620 msecs (HTTP/1.1 201) 4 headers in 163 bytes (1 switches on core 0)
2026-05-28 16:32:54.013 7 WARNING neutron.scheduler.dhcp_agent_scheduler [None req-47e80e8b-cde6-4e6c-b46d-7f3a6681064e 21c7bafbb6ab4e9b94fd6f84ac4042db 9db5a602d4a14d6b912fd2d65e71a7d7 - - default default] No more DHCP agents
2026-05-28 16:32:54.014 7 WARNING neutron.api.rpc.agentnotifiers.dhcp_rpc_agent_api [None req-47e80e8b-cde6-4e6c-b46d-7f3a6681064e 21c7bafbb6ab4e9b94fd6f84ac4042db 9db5a602d4a14d6b912fd2d65e71a7d7 - - default default] Unable to schedule network fbd75ff1-a440-402f-9fe5-63429eb12c4c: no agents available; will retry on subsequent port and subnet creation events.
2026-05-28 16:32:54.151 7 INFO neutron.db.ovn_revision_numbers_db [None req-47e80e8b-cde6-4e6c-b46d-7f3a6681064e 21c7bafbb6ab4e9b94fd6f84ac4042db 9db5a602d4a14d6b912fd2d65e71a7d7 - - default default] Successfully bumped revision number for resource b0be32e5-52c9-4319-b828-3421e01a011d (type: ports) to 1
2026-05-28 16:32:54.719 7 WARNING neutron.scheduler.dhcp_agent_scheduler [None req-47e80e8b-cde6-4e6c-b46d-7f3a6681064e 21c7bafbb6ab4e9b94fd6f84ac4042db 9db5a602d4a14d6b912fd2d65e71a7d7 - - default default] No more DHCP agents
2026-05-28 16:32:54.721 7 WARNING neutron.api.rpc.agentnotifiers.dhcp_rpc_agent_api [None req-47e80e8b-cde6-4e6c-b46d-7f3a6681064e 21c7bafbb6ab4e9b94fd6f84ac4042db 9db5a602d4a14d6b912fd2d65e71a7d7 - - default default] Unable to schedule network fbd75ff1-a440-402f-9fe5-63429eb12c4c: no agents available; will retry on subsequent port and subnet creation events.
2026-05-28 16:32:54.914 7 INFO neutron.db.ovn_revision_numbers_db [None req-47e80e8b-cde6-4e6c-b46d-7f3a6681064e 21c7bafbb6ab4e9b94fd6f84ac4042db 9db5a602d4a14d6b912fd2d65e71a7d7 - - default default] Successfully bumped revision number for resource b0be32e5-52c9-4319-b828-3421e01a011d (type: router_ports) to 1 [pid: 7|app: 0|req: 871/1715] 10.0.0.194 () {34 vars in 783 bytes} [Thu May 28 16:32:53 2026] PUT /v2.0/routers/1b8f07aa-f2cb-4c52-b5b8-685bab6a44cb/add_router_interface => generated 309 bytes in 1363 msecs (HTTP/1.1 200) 4 headers in 157 bytes (1 switches on core 0) [pid: 7|app: 0|req: 872/1716] 10.0.0.194 () {32 vars in 649 bytes} [Thu May 28 16:32:54 2026] GET /v2.0/networks => generated 1970 bytes in 55 msecs (HTTP/1.1 200) 4 headers in 158 bytes (1 switches on core 0)
2026-05-28 16:32:55.005 8 WARNING neutron.scheduler.dhcp_agent_scheduler [None req-b0610fd1-b063-43d6-9747-ed7e16c74deb 5fd6cc322f484178b24a613f3ca54714 4ff95e0975d648a3befd0a040ae7fe51 - - default default] No more DHCP agents
2026-05-28 16:32:55.018 8 WARNING neutron.api.rpc.agentnotifiers.dhcp_rpc_agent_api [None req-b0610fd1-b063-43d6-9747-ed7e16c74deb 5fd6cc322f484178b24a613f3ca54714 4ff95e0975d648a3befd0a040ae7fe51 - - default default] Unable to schedule network 400a871a-0a82-42b2-907b-8ec97a533f6d: no agents available; will retry on subsequent port and subnet creation events.
2026-05-28 16:32:55.272 7 INFO neutron.db.ovn_revision_numbers_db [None req-80155d18-0da5-4820-841d-36c508b40dbe 5fd6cc322f484178b24a613f3ca54714 4ff95e0975d648a3befd0a040ae7fe51 - - default default] Successfully bumped revision number for resource 52e7e243-d41b-4b84-8541-685798ea8fb3 (type: security_groups) to 1
2026-05-28 16:32:55.285 7 INFO neutron.db.ovn_revision_numbers_db [None req-80155d18-0da5-4820-841d-36c508b40dbe 5fd6cc322f484178b24a613f3ca54714 4ff95e0975d648a3befd0a040ae7fe51 - - default default] Successfully bumped revision number for resource 38d9a55f-da99-4934-ae86-97aab7fab02f (type: security_group_rules) to 0
2026-05-28 16:32:55.296 7 INFO neutron.db.ovn_revision_numbers_db [None req-80155d18-0da5-4820-841d-36c508b40dbe 5fd6cc322f484178b24a613f3ca54714 4ff95e0975d648a3befd0a040ae7fe51 - - default default] Successfully bumped revision number for resource 6cd8a18f-7438-418e-944a-0201673676eb (type: security_group_rules) to 0
2026-05-28 16:32:55.307 7 INFO neutron.db.ovn_revision_numbers_db [None req-80155d18-0da5-4820-841d-36c508b40dbe 5fd6cc322f484178b24a613f3ca54714 4ff95e0975d648a3befd0a040ae7fe51 - - default default] Successfully bumped revision number for resource d71aa645-417e-41a6-8b12-fce7b5be1773 (type: security_group_rules) to 0
2026-05-28 16:32:55.319 7 INFO neutron.db.ovn_revision_numbers_db [None req-80155d18-0da5-4820-841d-36c508b40dbe 5fd6cc322f484178b24a613f3ca54714 4ff95e0975d648a3befd0a040ae7fe51 - - default default] Successfully bumped revision number for resource e2f8406b-8465-43a2-9222-f457fcf26a5a (type: security_group_rules) to 0
2026-05-28 16:32:55.408 8 INFO neutron.db.ovn_revision_numbers_db [None req-2841b4f9-8b6c-426d-a279-60b1956edb28 - - - - - -] Successfully bumped revision number for resource 48f8bbc3-aa2b-4a5d-94e9-5251b528bb8e (type: ports) to 4 [pid: 7|app: 0|req: 875/1719] 10.0.0.194 () {32 vars in 774 bytes} [Thu May 28 16:32:54 2026] GET /v2.0/security-groups?tenant_id=00d153a063ce4abca4ece56d80ac5f45&name=default => generated 2925 bytes in 435 msecs (HTTP/1.1 200) 4 headers in 158 bytes (1 switches on core 0)
2026-05-28 16:32:55.472 8 INFO neutron.db.ovn_revision_numbers_db [None req-b0610fd1-b063-43d6-9747-ed7e16c74deb 5fd6cc322f484178b24a613f3ca54714 4ff95e0975d648a3befd0a040ae7fe51 - - default default] Successfully bumped revision number for resource 9eea7f4f-8a3f-4ebc-abd1-bf9715867439 (type: ports) to 1 [pid: 7|app: 0|req: 876/1720] 10.0.0.194 () {32 vars in 717 bytes} [Thu May 28 16:32:55 2026] GET /v2.0/ports/b0be32e5-52c9-4319-b828-3421e01a011d => generated 953 bytes in 99 msecs (HTTP/1.1 200) 4 headers in 157 bytes (1 switches on core 0)
2026-05-28 16:32:55.600 7 INFO neutron_taas.services.taas.taas_plugin [None req-b2f3f38f-4919-43d9-b77c-82645056b7c5 2e084043611f4e9a9ffc795530f19033 2eb7fc554fd644399ce86a1e05c2468c - - default default] TaaS: Handle Delete Port: ba05c8cf-69b8-4082-a47c-6d13e9a0f2ed
2026-05-28 16:32:55.602 7 INFO neutron_taas.services.taas.tap_mirror_plugin [None req-b2f3f38f-4919-43d9-b77c-82645056b7c5 2e084043611f4e9a9ffc795530f19033 2eb7fc554fd644399ce86a1e05c2468c - - default default] Tap Mirror: Handle Delete Port: ba05c8cf-69b8-4082-a47c-6d13e9a0f2ed
2026-05-28 16:32:55.799 7 INFO neutron.services.segments.plugin [-] Segment 2191538d-3a96-4cac-80b3-780242a7ddf8 resource provider aggregate not found
2026-05-28 16:32:55.800 7 INFO neutron.services.segments.plugin [-] Segment 2191538d-3a96-4cac-80b3-780242a7ddf8 resource provider aggregate not found
2026-05-28 16:32:55.826 7 INFO neutron.services.segments.plugin [-] Segment 2191538d-3a96-4cac-80b3-780242a7ddf8 resource provider not found; error: Placement Client Error (4xx): {"errors": [{"status": 404, "title": "Not Found", "detail": "The resource could not be found.\n\n No resource provider with uuid 2191538d-3a96-4cac-80b3-780242a7ddf8 found for delete ", "request_id": "req-e8406786-6a39-4a90-83b1-a0f1a4d46da3"}]}
2026-05-28 16:32:55.834 7 INFO neutron.services.segments.plugin [-] Segment 2191538d-3a96-4cac-80b3-780242a7ddf8 resource provider not found; error: Placement Client Error (4xx): {"errors": [{"status": 404, "title": "Not Found", "detail": "The resource could not be found.\n\n No resource provider with uuid 2191538d-3a96-4cac-80b3-780242a7ddf8 found for delete ", "request_id": "req-4d00c6ca-745c-4ca6-a113-92be9485580c"}]} [pid: 7|app: 0|req: 877/1721] 10.0.0.194 () {32 vars in 726 bytes} [Thu May 28 16:32:55 2026] DELETE /v2.0/networks/77542471-f38c-4eba-b304-e38a1a4b452b => generated 0 bytes in 357 msecs (HTTP/1.1 204) 3 headers in 131 bytes (1 switches on core 0) [pid: 7|app: 0|req: 878/1722] 10.0.0.194 () {32 vars in 740 bytes} [Thu May 28 16:32:55 2026] DELETE /v2.0/security-groups/52e7e243-d41b-4b84-8541-685798ea8fb3 => generated 0 bytes in 293 msecs (HTTP/1.1 204) 2 headers in 112 bytes (1 switches on core 0) [pid: 7|app: 0|req: 879/1723] 10.0.0.194 () {32 vars in 717 bytes} [Thu May 28 16:32:56 2026] GET /v2.0/ports/b0be32e5-52c9-4319-b828-3421e01a011d => generated 953 bytes in 31 msecs (HTTP/1.1 200) 4 headers in 157 bytes (1 switches on core 0)
2026-05-28 16:32:56.319 7 INFO neutron_taas.services.taas.taas_plugin [None req-77a76134-bd9e-4e5b-b040-d473db988bbc 2e084043611f4e9a9ffc795530f19033 2eb7fc554fd644399ce86a1e05c2468c - - default default] TaaS: Handle Delete Port: d4e0b10e-996d-49ac-913e-7f6acd28b1ef
2026-05-28 16:32:56.322 7 INFO neutron_taas.services.taas.tap_mirror_plugin [None req-77a76134-bd9e-4e5b-b040-d473db988bbc 2e084043611f4e9a9ffc795530f19033 2eb7fc554fd644399ce86a1e05c2468c - - default default] Tap Mirror: Handle Delete Port: d4e0b10e-996d-49ac-913e-7f6acd28b1ef
2026-05-28 16:32:56.364 8 INFO neutron.db.ovn_revision_numbers_db [None req-2841b4f9-8b6c-426d-a279-60b1956edb28 - - - - - -] Successfully bumped revision number for resource 48f8bbc3-aa2b-4a5d-94e9-5251b528bb8e (type: ports) to 5 [pid: 7|app: 0|req: 880/1724] 10.0.0.194 () {32 vars in 726 bytes} [Thu May 28 16:32:56 2026] DELETE /v2.0/networks/149f2bd0-b8dc-4c85-99b9-0de90c8fde3e => generated 0 bytes in 382 msecs (HTTP/1.1 204) 3 headers in 131 bytes (1 switches on core 0)
2026-05-28 16:32:56.770 7 INFO neutron.db.ovn_revision_numbers_db [None req-adf4fe06-c32d-4a6a-babb-9ff5641374c6 5fd6cc322f484178b24a613f3ca54714 4ff95e0975d648a3befd0a040ae7fe51 - - default default] Successfully bumped revision number for resource 404a3e51-8154-4afa-ad9c-6d15360ec5b9 (type: security_groups) to 1
2026-05-28 16:32:56.779 7 INFO neutron.db.ovn_revision_numbers_db [None req-adf4fe06-c32d-4a6a-babb-9ff5641374c6 5fd6cc322f484178b24a613f3ca54714 4ff95e0975d648a3befd0a040ae7fe51 - - default default] Successfully bumped revision number for resource 6f883d1f-6bb4-4dc5-a5b7-552198d23471 (type: security_group_rules) to 0
2026-05-28 16:32:56.789 7 INFO neutron.db.ovn_revision_numbers_db [None req-adf4fe06-c32d-4a6a-babb-9ff5641374c6 5fd6cc322f484178b24a613f3ca54714 4ff95e0975d648a3befd0a040ae7fe51 - - default default] Successfully bumped revision number for resource 76a9c6ad-d4dd-43a1-835d-6408575e5b35 (type: security_group_rules) to 0
2026-05-28 16:32:56.792 8 WARNING neutron.scheduler.dhcp_agent_scheduler [None req-b0610fd1-b063-43d6-9747-ed7e16c74deb 5fd6cc322f484178b24a613f3ca54714 4ff95e0975d648a3befd0a040ae7fe51 - - default default] No more DHCP agents
2026-05-28 16:32:56.793 8 WARNING neutron.api.rpc.agentnotifiers.dhcp_rpc_agent_api [None req-b0610fd1-b063-43d6-9747-ed7e16c74deb 5fd6cc322f484178b24a613f3ca54714 4ff95e0975d648a3befd0a040ae7fe51 - - default default] Unable to schedule network 400a871a-0a82-42b2-907b-8ec97a533f6d: no agents available; will retry on subsequent port and subnet creation events.
2026-05-28 16:32:56.802 7 INFO neutron.db.ovn_revision_numbers_db [None req-adf4fe06-c32d-4a6a-babb-9ff5641374c6 5fd6cc322f484178b24a613f3ca54714 4ff95e0975d648a3befd0a040ae7fe51 - - default default] Successfully bumped revision number for resource 9daa8797-e549-405f-bb90-b93a8b722925 (type: security_group_rules) to 0
2026-05-28 16:32:56.812 7 INFO neutron.db.ovn_revision_numbers_db [None req-adf4fe06-c32d-4a6a-babb-9ff5641374c6 5fd6cc322f484178b24a613f3ca54714 4ff95e0975d648a3befd0a040ae7fe51 - - default default] Successfully bumped revision number for resource e8e0cead-3188-4a73-abda-ae9b0174199e (type: security_group_rules) to 0 [pid: 7|app: 0|req: 881/1725] 10.0.0.194 () {32 vars in 774 bytes} [Thu May 28 16:32:56 2026] GET /v2.0/security-groups?tenant_id=5bad43d3a94140a299a84d1f83982826&name=default => generated 2925 bytes in 267 msecs (HTTP/1.1 200) 4 headers in 158 bytes (1 switches on core 0) [pid: 7|app: 0|req: 882/1726] 10.0.0.194 () {32 vars in 649 bytes} [Thu May 28 16:32:56 2026] GET /v2.0/networks => generated 689 bytes in 45 msecs (HTTP/1.1 200) 4 headers in 157 bytes (1 switches on core 0) [pid: 7|app: 0|req: 883/1727] 10.0.0.194 () {32 vars in 740 bytes} [Thu May 28 16:32:56 2026] DELETE /v2.0/security-groups/404a3e51-8154-4afa-ad9c-6d15360ec5b9 => generated 0 bytes in 254 msecs (HTTP/1.1 204) 2 headers in 112 bytes (1 switches on core 0)
2026-05-28 16:32:57.232 7 INFO neutron.db.segments_db [None req-d2b5f06c-2c75-4dc1-b760-69fee860cfdb 2e084043611f4e9a9ffc795530f19033 2eb7fc554fd644399ce86a1e05c2468c - - default default] Added segment e7b11699-7007-4e4d-8803-ba9196d5cc3d of type geneve for network b1ab16c0-1ea5-4bce-8044-88e301624515
2026-05-28 16:32:57.431 7 INFO neutron.db.ovn_revision_numbers_db [None req-d2b5f06c-2c75-4dc1-b760-69fee860cfdb 2e084043611f4e9a9ffc795530f19033 2eb7fc554fd644399ce86a1e05c2468c - - default default] Successfully bumped revision number for resource b1ab16c0-1ea5-4bce-8044-88e301624515 (type: networks) to 1
2026-05-28 16:32:57.489 8 INFO neutron.db.ovn_revision_numbers_db [None req-b0610fd1-b063-43d6-9747-ed7e16c74deb 5fd6cc322f484178b24a613f3ca54714 4ff95e0975d648a3befd0a040ae7fe51 - - default default] Successfully bumped revision number for resource 9eea7f4f-8a3f-4ebc-abd1-bf9715867439 (type: router_ports) to 1 [pid: 8|app: 0|req: 845/1728] 10.0.0.194 () {34 vars in 783 bytes} [Thu May 28 16:32:53 2026] PUT /v2.0/routers/98ddb755-9034-4b03-b527-452d8ee4706d/add_router_interface => generated 309 bytes in 4009 msecs (HTTP/1.1 200) 4 headers in 157 bytes (1 switches on core 0) [pid: 8|app: 0|req: 846/1729] 10.0.0.194 () {32 vars in 717 bytes} [Thu May 28 16:32:57 2026] GET /v2.0/ports/b0be32e5-52c9-4319-b828-3421e01a011d => generated 953 bytes in 89 msecs (HTTP/1.1 200) 4 headers in 157 bytes (1 switches on core 0)
2026-05-28 16:32:57.617 7 WARNING neutron.scheduler.dhcp_agent_scheduler [None req-d2b5f06c-2c75-4dc1-b760-69fee860cfdb 2e084043611f4e9a9ffc795530f19033 2eb7fc554fd644399ce86a1e05c2468c - - default default] No more DHCP agents
2026-05-28 16:32:57.618 7 WARNING neutron.api.rpc.agentnotifiers.dhcp_rpc_agent_api [None req-d2b5f06c-2c75-4dc1-b760-69fee860cfdb 2e084043611f4e9a9ffc795530f19033 2eb7fc554fd644399ce86a1e05c2468c - - default default] Unable to schedule network b1ab16c0-1ea5-4bce-8044-88e301624515: no agents available; will retry on subsequent port and subnet creation events.
2026-05-28 16:32:57.753 7 INFO neutron.db.ovn_revision_numbers_db [None req-d2b5f06c-2c75-4dc1-b760-69fee860cfdb 2e084043611f4e9a9ffc795530f19033 2eb7fc554fd644399ce86a1e05c2468c - - default default] Successfully bumped revision number for resource 8bd40083-f364-4192-97bc-18c895598c12 (type: ports) to 1 [pid: 7|app: 0|req: 884/1730] 10.0.0.194 () {34 vars in 670 bytes} [Thu May 28 16:32:57 2026] POST /v2.0/networks => generated 668 bytes in 630 msecs (HTTP/1.1 201) 4 headers in 162 bytes (1 switches on core 0)
2026-05-28 16:32:57.851 7 INFO neutron.services.segments.plugin [-] Segment f40f05e0-c140-4a1a-a82c-35f143f9f094 resource provider aggregate not found
2026-05-28 16:32:57.865 7 INFO neutron.services.segments.plugin [-] Segment f40f05e0-c140-4a1a-a82c-35f143f9f094 resource provider aggregate not found
2026-05-28 16:32:57.873 7 INFO neutron.services.segments.plugin [-] Segment f40f05e0-c140-4a1a-a82c-35f143f9f094 resource provider not found; error: Placement Client Error (4xx): {"errors": [{"status": 404, "title": "Not Found", "detail": "The resource could not be found.\n\n No resource provider with uuid f40f05e0-c140-4a1a-a82c-35f143f9f094 found for delete ", "request_id": "req-bdb14c47-fb32-4424-a5b7-e11f06358768"}]}
2026-05-28 16:32:57.883 8 INFO neutron.db.segments_db [None req-ddf03f5d-9dd5-4a42-88e6-d8b9f87cc6fe 2e084043611f4e9a9ffc795530f19033 2eb7fc554fd644399ce86a1e05c2468c - - default default] Added segment d920be52-32e2-4bbc-b78e-1e3f68fc00f5 of type geneve for network 9eaaeaea-bd79-4fd5-9cf4-98ec7e53a028
2026-05-28 16:32:57.885 7 INFO neutron.services.segments.plugin [-] Segment f40f05e0-c140-4a1a-a82c-35f143f9f094 resource provider not found; error: Placement Client Error (4xx): {"errors": [{"status": 404, "title": "Not Found", "detail": "The resource could not be found.\n\n No resource provider with uuid f40f05e0-c140-4a1a-a82c-35f143f9f094 found for delete ", "request_id": "req-88eb927f-0132-4c94-91be-9780fbed58c2"}]}
2026-05-28 16:32:58.012 8 INFO neutron.db.ovn_revision_numbers_db [None req-ddf03f5d-9dd5-4a42-88e6-d8b9f87cc6fe 2e084043611f4e9a9ffc795530f19033 2eb7fc554fd644399ce86a1e05c2468c - - default default] Successfully bumped revision number for resource 9eaaeaea-bd79-4fd5-9cf4-98ec7e53a028 (type: networks) to 1
2026-05-28 16:32:58.140 8 WARNING neutron.plugins.ml2.drivers.ovn.mech_driver.ovsdb.ovn_client [None req-65110d70-fb25-4ce8-82ed-2a7a78ee3790 - - - - - -] No hosting information found for port ec69e030-515f-45f8-936d-99d92a2b4dc4: RuntimeError: No hosting information found for port ec69e030-515f-45f8-936d-99d92a2b4dc4
2026-05-28 16:32:58.141 8 INFO neutron.plugins.ml2.drivers.ovn.mech_driver.mech_driver [None req-65110d70-fb25-4ce8-82ed-2a7a78ee3790 - - - - - -] OVN reports status down for port: 48f8bbc3-aa2b-4a5d-94e9-5251b528bb8e
2026-05-28 16:32:58.267 8 WARNING neutron.scheduler.dhcp_agent_scheduler [None req-ddf03f5d-9dd5-4a42-88e6-d8b9f87cc6fe 2e084043611f4e9a9ffc795530f19033 2eb7fc554fd644399ce86a1e05c2468c - - default default] No more DHCP agents
2026-05-28 16:32:58.270 8 WARNING neutron.api.rpc.agentnotifiers.dhcp_rpc_agent_api [None req-ddf03f5d-9dd5-4a42-88e6-d8b9f87cc6fe 2e084043611f4e9a9ffc795530f19033 2eb7fc554fd644399ce86a1e05c2468c - - default default] Unable to schedule network 9eaaeaea-bd79-4fd5-9cf4-98ec7e53a028: no agents available; will retry on subsequent port and subnet creation events.
2026-05-28 16:32:58.468 8 INFO neutron.db.ovn_revision_numbers_db [None req-ddf03f5d-9dd5-4a42-88e6-d8b9f87cc6fe 2e084043611f4e9a9ffc795530f19033 2eb7fc554fd644399ce86a1e05c2468c - - default default] Successfully bumped revision number for resource 5242154e-c775-404f-bb91-7d34a625a184 (type: ports) to 1 [pid: 8|app: 0|req: 847/1731] 10.0.0.194 () {34 vars in 670 bytes} [Thu May 28 16:32:57 2026] POST /v2.0/networks => generated 668 bytes in 749 msecs (HTTP/1.1 201) 4 headers in 162 bytes (1 switches on core 0) [pid: 8|app: 0|req: 848/1732] 10.0.0.194 () {32 vars in 717 bytes} [Thu May 28 16:32:58 2026] GET /v2.0/ports/b0be32e5-52c9-4319-b828-3421e01a011d => generated 953 bytes in 67 msecs (HTTP/1.1 200) 4 headers in 157 bytes (1 switches on core 0)
2026-05-28 16:32:58.659 8 INFO neutron.db.ovn_revision_numbers_db [None req-65110d70-fb25-4ce8-82ed-2a7a78ee3790 - - - - - -] Successfully bumped revision number for resource 48f8bbc3-aa2b-4a5d-94e9-5251b528bb8e (type: ports) to 6
2026-05-28 16:32:58.734 8 WARNING neutron.plugins.ml2.drivers.ovn.mech_driver.ovsdb.ovn_client [None req-ea2d9145-1bba-47bd-b857-a88adbb1c267 - - - - - -] Logical_Switch_Port %s host information not removed, the port state is up
2026-05-28 16:32:58.816 8 INFO neutron.db.ovn_revision_numbers_db [None req-ea2d9145-1bba-47bd-b857-a88adbb1c267 - - - - - -] Successfully bumped revision number for resource ec69e030-515f-45f8-936d-99d92a2b4dc4 (type: router_ports) to 2
2026-05-28 16:32:58.870 8 INFO neutron.plugins.ml2.drivers.ovn.mech_driver.mech_driver [None req-ea2d9145-1bba-47bd-b857-a88adbb1c267 - - - - - -] OVN reports status down for port: ba05c8cf-69b8-4082-a47c-6d13e9a0f2ed
2026-05-28 16:32:58.896 8 INFO neutron.plugins.ml2.drivers.ovn.mech_driver.mech_driver [None req-ea2d9145-1bba-47bd-b857-a88adbb1c267 - - - - - -] OVN reports status up for port: 48f8bbc3-aa2b-4a5d-94e9-5251b528bb8e
2026-05-28 16:32:58.906 8 INFO neutron.plugins.ml2.plugin [None req-ea2d9145-1bba-47bd-b857-a88adbb1c267 - - - - - -] Attempt 1 to provision port 48f8bbc3-aa2b-4a5d-94e9-5251b528bb8e
2026-05-28 16:32:58.982 7 WARNING neutron.scheduler.dhcp_agent_scheduler [None req-13cbb664-c3d6-49e7-b564-29d1058881be 2e084043611f4e9a9ffc795530f19033 2eb7fc554fd644399ce86a1e05c2468c - - default default] No more DHCP agents
2026-05-28 16:32:58.983 7 WARNING neutron.api.rpc.agentnotifiers.dhcp_rpc_agent_api [None req-13cbb664-c3d6-49e7-b564-29d1058881be 2e084043611f4e9a9ffc795530f19033 2eb7fc554fd644399ce86a1e05c2468c - - default default] Unable to schedule network b1ab16c0-1ea5-4bce-8044-88e301624515: no agents available; will retry on subsequent port and subnet creation events.
