2026-05-26 07:05:49.813 7 INFO neutron.plugins.ml2.drivers.ovn.mech_driver.mech_driver [None req-9dea000d-cd04-463d-9f62-649a5f3b3cea - - - - - -] OVN reports status down for port: cea74e08-7eb1-4c0e-a426-1f74e3fb35c2
2026-05-26 07:05:49.883 7 INFO neutron.db.ovn_revision_numbers_db [None req-9872038c-8d68-48eb-9b7c-13b956023a9f e6d354a95b8746f7bb55fa2aed555eeb 415e8d0eb21e409ea80b6ecf68f02aa0 - - default default] Successfully bumped revision number for resource cea74e08-7eb1-4c0e-a426-1f74e3fb35c2 (type: ports) to 1 [pid: 7|app: 0|req: 763/1456] 10.0.0.35 () {34 vars in 664 bytes} [Tue May 26 07:05:49 2026] POST /v2.0/ports => generated 953 bytes in 742 msecs (HTTP/1.1 201) 4 headers in 162 bytes (1 switches on core 0)
2026-05-26 07:05:50.115 8 INFO neutron_taas.services.taas.taas_plugin [None req-72a41694-1c8b-40af-a10b-bb91b73a40ad e6d354a95b8746f7bb55fa2aed555eeb 415e8d0eb21e409ea80b6ecf68f02aa0 - - default default] TaaS: Handle Delete Port: cea74e08-7eb1-4c0e-a426-1f74e3fb35c2
2026-05-26 07:05:50.118 8 INFO neutron_taas.services.taas.tap_mirror_plugin [None req-72a41694-1c8b-40af-a10b-bb91b73a40ad e6d354a95b8746f7bb55fa2aed555eeb 415e8d0eb21e409ea80b6ecf68f02aa0 - - default default] Tap Mirror: Handle Delete Port: cea74e08-7eb1-4c0e-a426-1f74e3fb35c2 [pid: 8|app: 0|req: 694/1457] 10.0.0.35 () {32 vars in 719 bytes} [Tue May 26 07:05:49 2026] DELETE /v2.0/ports/cea74e08-7eb1-4c0e-a426-1f74e3fb35c2 => generated 0 bytes in 460 msecs (HTTP/1.1 204) 3 headers in 131 bytes (1 switches on core 0) /var/lib/openstack/lib/python3.12/site-packages/pycadf/identifier.py:70: UserWarning: Invalid uuid: neutron. To ensure interoperability, identifiers should be a valid uuid. warnings.warn(('Invalid uuid: %s. To ensure interoperability, '
2026-05-26 07:05:50.456 7 INFO neutron.pecan_wsgi.hooks.translation [None req-3221959b-caf0-46a2-9358-2b9951a719a8 e6d354a95b8746f7bb55fa2aed555eeb 415e8d0eb21e409ea80b6ecf68f02aa0 - - default default] DELETE failed (client error): The resource could not be found. [pid: 7|app: 0|req: 764/1458] 10.0.0.35 () {32 vars in 719 bytes} [Tue May 26 07:05:50 2026] DELETE /v2.0/ports/cea74e08-7eb1-4c0e-a426-1f74e3fb35c2 => generated 132 bytes in 21 msecs (HTTP/1.1 404) 4 headers in 164 bytes (1 switches on core 0)
2026-05-26 07:05:50.476 8 INFO neutron.pecan_wsgi.hooks.translation [None req-0e2aafc2-0f76-41ef-b411-e900e06ba7dc e6d354a95b8746f7bb55fa2aed555eeb 415e8d0eb21e409ea80b6ecf68f02aa0 - - default default] GET failed (client error): The resource could not be found. [pid: 8|app: 0|req: 695/1459] 10.0.0.35 () {32 vars in 716 bytes} [Tue May 26 07:05:50 2026] GET /v2.0/ports/cea74e08-7eb1-4c0e-a426-1f74e3fb35c2 => generated 132 bytes in 16 msecs (HTTP/1.1 404) 4 headers in 164 bytes (1 switches on core 0) [pid: 7|app: 0|req: 765/1460] 10.0.0.35 () {32 vars in 723 bytes} [Tue May 26 07:05:50 2026] DELETE /v2.0/subnets/d864723a-8dfd-4290-8c3b-74d514a30519 => generated 0 bytes in 283 msecs (HTTP/1.1 204) 3 headers in 131 bytes (1 switches on core 0)
2026-05-26 07:05:50.897 8 INFO neutron_taas.services.taas.taas_plugin [None req-ba184f88-4d30-414e-9574-dab4199fd45a e6d354a95b8746f7bb55fa2aed555eeb 415e8d0eb21e409ea80b6ecf68f02aa0 - - default default] TaaS: Handle Delete Port: 3956c8b7-2545-4214-bd29-152c15b082c9
2026-05-26 07:05:50.900 8 INFO neutron_taas.services.taas.tap_mirror_plugin [None req-ba184f88-4d30-414e-9574-dab4199fd45a e6d354a95b8746f7bb55fa2aed555eeb 415e8d0eb21e409ea80b6ecf68f02aa0 - - default default] Tap Mirror: Handle Delete Port: 3956c8b7-2545-4214-bd29-152c15b082c9
2026-05-26 07:05:51.219 8 INFO neutron.services.segments.plugin [-] Segment 55a8b7f0-1749-4580-ae6d-8fc4247e1825 resource provider aggregate not found
2026-05-26 07:05:51.223 8 INFO neutron.services.segments.plugin [-] Segment 55a8b7f0-1749-4580-ae6d-8fc4247e1825 resource provider aggregate not found
2026-05-26 07:05:51.235 8 INFO neutron.services.segments.plugin [-] Segment 55a8b7f0-1749-4580-ae6d-8fc4247e1825 resource provider not found; error: Placement Client Error (4xx): {"errors": [{"status": 404, "title": "Not Found", "detail": "The resource could not be found.\n\n No resource provider with uuid 55a8b7f0-1749-4580-ae6d-8fc4247e1825 found for delete ", "request_id": "req-fc146a54-4f16-4ec4-b5f2-462008b2824c"}]}
2026-05-26 07:05:51.239 8 INFO neutron.services.segments.plugin [-] Segment 55a8b7f0-1749-4580-ae6d-8fc4247e1825 resource provider not found; error: Placement Client Error (4xx): {"errors": [{"status": 404, "title": "Not Found", "detail": "The resource could not be found.\n\n No resource provider with uuid 55a8b7f0-1749-4580-ae6d-8fc4247e1825 found for delete ", "request_id": "req-1830609f-ab0c-4f2b-b4b6-6e16655f5c46"}]} [pid: 8|app: 0|req: 696/1461] 10.0.0.35 () {32 vars in 725 bytes} [Tue May 26 07:05:50 2026] DELETE /v2.0/networks/dbeff7c6-5334-44aa-81b3-76de53647d51 => generated 0 bytes in 537 msecs (HTTP/1.1 204) 3 headers in 131 bytes (1 switches on core 0)
2026-05-26 07:05:51.451 7 INFO neutron.db.segments_db [None req-365c2061-7771-45ed-824c-bd44d6ff7e50 e6d354a95b8746f7bb55fa2aed555eeb 415e8d0eb21e409ea80b6ecf68f02aa0 - - default default] Added segment 9c8bcaa5-985b-46f1-8a13-62b20a5d9ef0 of type geneve for network 0c81e86f-a035-400a-9f37-9eb14a97e782
2026-05-26 07:05:52.060 7 INFO neutron.db.ovn_revision_numbers_db [None req-365c2061-7771-45ed-824c-bd44d6ff7e50 e6d354a95b8746f7bb55fa2aed555eeb 415e8d0eb21e409ea80b6ecf68f02aa0 - - default default] Successfully bumped revision number for resource 0c81e86f-a035-400a-9f37-9eb14a97e782 (type: networks) to 1
2026-05-26 07:05:52.342 7 WARNING neutron.scheduler.dhcp_agent_scheduler [None req-365c2061-7771-45ed-824c-bd44d6ff7e50 e6d354a95b8746f7bb55fa2aed555eeb 415e8d0eb21e409ea80b6ecf68f02aa0 - - default default] No more DHCP agents
2026-05-26 07:05:52.343 7 WARNING neutron.api.rpc.agentnotifiers.dhcp_rpc_agent_api [None req-365c2061-7771-45ed-824c-bd44d6ff7e50 e6d354a95b8746f7bb55fa2aed555eeb 415e8d0eb21e409ea80b6ecf68f02aa0 - - default default] Unable to schedule network 0c81e86f-a035-400a-9f37-9eb14a97e782: no agents available; will retry on subsequent port and subnet creation events.
2026-05-26 07:05:52.411 7 INFO neutron.plugins.ml2.drivers.ovn.mech_driver.mech_driver [None req-9dea000d-cd04-463d-9f62-649a5f3b3cea - - - - - -] OVN reports status down for port: 5e21c386-f1ad-417f-b412-3669dc956d16
2026-05-26 07:05:52.519 7 INFO neutron.db.ovn_revision_numbers_db [None req-365c2061-7771-45ed-824c-bd44d6ff7e50 e6d354a95b8746f7bb55fa2aed555eeb 415e8d0eb21e409ea80b6ecf68f02aa0 - - default default] Successfully bumped revision number for resource 5e21c386-f1ad-417f-b412-3669dc956d16 (type: ports) to 1 [pid: 7|app: 0|req: 766/1462] 10.0.0.35 () {34 vars in 669 bytes} [Tue May 26 07:05:51 2026] POST /v2.0/networks => generated 669 bytes in 1262 msecs (HTTP/1.1 201) 4 headers in 162 bytes (1 switches on core 0)
2026-05-26 07:05:52.666 8 INFO neutron.db.ovn_revision_numbers_db [None req-84d23a12-e23e-47f7-95bd-81114a51fba1 4e073d4c4c644532b645549ef8a5a99a 45005def5d7b4c0b815d1d01a2842d80 - - default default] Successfully bumped revision number for resource 00c9fed1-4c4d-42cb-b50b-b9248cd76b5f (type: security_groups) to 1
2026-05-26 07:05:52.684 8 INFO neutron.db.ovn_revision_numbers_db [None req-84d23a12-e23e-47f7-95bd-81114a51fba1 4e073d4c4c644532b645549ef8a5a99a 45005def5d7b4c0b815d1d01a2842d80 - - default default] Successfully bumped revision number for resource 027d2474-5eef-442e-99fd-190a7ae21b9c (type: security_group_rules) to 0
2026-05-26 07:05:52.702 8 INFO neutron.db.ovn_revision_numbers_db [None req-84d23a12-e23e-47f7-95bd-81114a51fba1 4e073d4c4c644532b645549ef8a5a99a 45005def5d7b4c0b815d1d01a2842d80 - - default default] Successfully bumped revision number for resource 4ad3416d-563a-406e-97c8-eef299f9a1ad (type: security_group_rules) to 0
2026-05-26 07:05:52.717 8 INFO neutron.db.ovn_revision_numbers_db [None req-84d23a12-e23e-47f7-95bd-81114a51fba1 4e073d4c4c644532b645549ef8a5a99a 45005def5d7b4c0b815d1d01a2842d80 - - default default] Successfully bumped revision number for resource 7d238aaf-bf7d-4e7a-b871-df514a46ba94 (type: security_group_rules) to 0
2026-05-26 07:05:52.734 8 INFO neutron.db.ovn_revision_numbers_db [None req-84d23a12-e23e-47f7-95bd-81114a51fba1 4e073d4c4c644532b645549ef8a5a99a 45005def5d7b4c0b815d1d01a2842d80 - - default default] Successfully bumped revision number for resource cf2f1ef9-4005-4341-ad2d-8fea6b74e2cd (type: security_group_rules) to 0
2026-05-26 07:05:52.834 8 INFO neutron.db.segments_db [None req-84d23a12-e23e-47f7-95bd-81114a51fba1 4e073d4c4c644532b645549ef8a5a99a 45005def5d7b4c0b815d1d01a2842d80 - - default default] Added segment 4d7e5b1d-7063-404c-97b8-f2cb37943531 of type geneve for network ad673909-af8d-46b1-9cfb-d6044466b492
2026-05-26 07:05:52.888 7 WARNING neutron.scheduler.dhcp_agent_scheduler [None req-e3d3b2cd-67ef-4be4-bebc-873388dbff26 e6d354a95b8746f7bb55fa2aed555eeb 415e8d0eb21e409ea80b6ecf68f02aa0 - - default default] No more DHCP agents
2026-05-26 07:05:52.890 7 WARNING neutron.api.rpc.agentnotifiers.dhcp_rpc_agent_api [None req-e3d3b2cd-67ef-4be4-bebc-873388dbff26 e6d354a95b8746f7bb55fa2aed555eeb 415e8d0eb21e409ea80b6ecf68f02aa0 - - default default] Unable to schedule network 0c81e86f-a035-400a-9f37-9eb14a97e782: no agents available; will retry on subsequent port and subnet creation events.
2026-05-26 07:05:52.994 8 INFO neutron.db.ovn_revision_numbers_db [None req-84d23a12-e23e-47f7-95bd-81114a51fba1 4e073d4c4c644532b645549ef8a5a99a 45005def5d7b4c0b815d1d01a2842d80 - - default default] Successfully bumped revision number for resource ad673909-af8d-46b1-9cfb-d6044466b492 (type: networks) to 1
2026-05-26 07:05:53.207 8 WARNING neutron.scheduler.dhcp_agent_scheduler [None req-84d23a12-e23e-47f7-95bd-81114a51fba1 4e073d4c4c644532b645549ef8a5a99a 45005def5d7b4c0b815d1d01a2842d80 - - default default] No more DHCP agents
2026-05-26 07:05:53.209 8 WARNING neutron.api.rpc.agentnotifiers.dhcp_rpc_agent_api [None req-84d23a12-e23e-47f7-95bd-81114a51fba1 4e073d4c4c644532b645549ef8a5a99a 45005def5d7b4c0b815d1d01a2842d80 - - default default] Unable to schedule network ad673909-af8d-46b1-9cfb-d6044466b492: no agents available; will retry on subsequent port and subnet creation events.
2026-05-26 07:05:53.271 7 INFO neutron.plugins.ml2.drivers.ovn.mech_driver.mech_driver [None req-9dea000d-cd04-463d-9f62-649a5f3b3cea - - - - - -] OVN reports status down for port: 87b1f04f-41ec-4dee-9d6d-22caf6b3de9b
2026-05-26 07:05:53.363 8 INFO neutron.db.ovn_revision_numbers_db [None req-84d23a12-e23e-47f7-95bd-81114a51fba1 4e073d4c4c644532b645549ef8a5a99a 45005def5d7b4c0b815d1d01a2842d80 - - default default] Successfully bumped revision number for resource 87b1f04f-41ec-4dee-9d6d-22caf6b3de9b (type: ports) to 1 [pid: 8|app: 0|req: 697/1463] 10.0.0.35 () {34 vars in 669 bytes} [Tue May 26 07:05:52 2026] POST /v2.0/networks => generated 669 bytes in 1245 msecs (HTTP/1.1 201) 4 headers in 162 bytes (1 switches on core 0)
2026-05-26 07:05:53.740 7 INFO neutron.db.ovn_revision_numbers_db [None req-c051aa21-d585-4d16-ab30-29f61e76fd73 - - - - - -] Successfully bumped revision number for resource 5e21c386-f1ad-417f-b412-3669dc956d16 (type: ports) to 2
2026-05-26 07:05:53.889 7 INFO neutron.db.ovn_revision_numbers_db [None req-c051aa21-d585-4d16-ab30-29f61e76fd73 - - - - - -] Successfully bumped revision number for resource c41df941-9fcc-4b2c-9e68-7965872ce118 (type: subnets) to 0 [pid: 7|app: 0|req: 767/1466] 10.0.0.35 () {34 vars in 668 bytes} [Tue May 26 07:05:52 2026] POST /v2.0/subnets => generated 626 bytes in 1289 msecs (HTTP/1.1 201) 4 headers in 162 bytes (1 switches on core 0)
2026-05-26 07:05:54.135 8 WARNING neutron.scheduler.dhcp_agent_scheduler [None req-7eeb256e-2d00-4aa5-9012-2c517bf59868 4e073d4c4c644532b645549ef8a5a99a 45005def5d7b4c0b815d1d01a2842d80 - - default default] No more DHCP agents
2026-05-26 07:05:54.136 8 WARNING neutron.api.rpc.agentnotifiers.dhcp_rpc_agent_api [None req-7eeb256e-2d00-4aa5-9012-2c517bf59868 4e073d4c4c644532b645549ef8a5a99a 45005def5d7b4c0b815d1d01a2842d80 - - default default] Unable to schedule network ad673909-af8d-46b1-9cfb-d6044466b492: no agents available; will retry on subsequent port and subnet creation events.
2026-05-26 07:05:54.287 8 INFO neutron.db.ovn_revision_numbers_db [None req-7eeb256e-2d00-4aa5-9012-2c517bf59868 4e073d4c4c644532b645549ef8a5a99a 45005def5d7b4c0b815d1d01a2842d80 - - default default] Successfully bumped revision number for resource b3773d0f-536c-4852-85e8-76d786a30a43 (type: ports) to 1
2026-05-26 07:05:54.296 7 INFO neutron.plugins.ml2.drivers.ovn.mech_driver.mech_driver [None req-9dea000d-cd04-463d-9f62-649a5f3b3cea - - - - - -] OVN reports status down for port: b3773d0f-536c-4852-85e8-76d786a30a43 [pid: 8|app: 0|req: 700/1467] 10.0.0.35 () {34 vars in 663 bytes} [Tue May 26 07:05:53 2026] POST /v2.0/ports => generated 743 bytes in 897 msecs (HTTP/1.1 201) 4 headers in 162 bytes (1 switches on core 0) /var/lib/openstack/lib/python3.12/site-packages/pycadf/identifier.py:70: UserWarning: Invalid uuid: neutron. To ensure interoperability, identifiers should be a valid uuid. warnings.warn(('Invalid uuid: %s. To ensure interoperability, '
2026-05-26 07:05:54.459 7 WARNING neutron.scheduler.dhcp_agent_scheduler [None req-70f4c4a7-3bb0-4b2e-bced-f9bd806cd4b7 e6d354a95b8746f7bb55fa2aed555eeb 415e8d0eb21e409ea80b6ecf68f02aa0 - - default default] No more DHCP agents
2026-05-26 07:05:54.460 7 WARNING neutron.api.rpc.agentnotifiers.dhcp_rpc_agent_api [None req-70f4c4a7-3bb0-4b2e-bced-f9bd806cd4b7 e6d354a95b8746f7bb55fa2aed555eeb 415e8d0eb21e409ea80b6ecf68f02aa0 - - default default] Unable to schedule network 0c81e86f-a035-400a-9f37-9eb14a97e782: no agents available; will retry on subsequent port and subnet creation events.
2026-05-26 07:05:54.677 8 INFO neutron.plugins.ml2.drivers.ovn.mech_driver.mech_driver [None req-f30a3bbc-faf5-4888-aa00-6f2e641d4079 - - - - - -] OVN reports status down for port: e2885fbe-3249-4d50-b97e-d0fc6b5439b7
2026-05-26 07:05:54.736 7 INFO neutron.db.ovn_revision_numbers_db [None req-70f4c4a7-3bb0-4b2e-bced-f9bd806cd4b7 e6d354a95b8746f7bb55fa2aed555eeb 415e8d0eb21e409ea80b6ecf68f02aa0 - - default default] Successfully bumped revision number for resource e2885fbe-3249-4d50-b97e-d0fc6b5439b7 (type: ports) to 1
2026-05-26 07:05:54.747 8 INFO neutron.db.segments_db [None req-bbaf4166-4aea-4c6d-b2fa-38141922ce39 4e073d4c4c644532b645549ef8a5a99a 45005def5d7b4c0b815d1d01a2842d80 - - default default] Added segment 3fb2c23c-f72c-4d8a-b1dd-bd0cdb19229a of type geneve for network 95fb6f2c-d3a5-4715-baa2-c366e4ecc7d8 [pid: 7|app: 0|req: 768/1468] 10.0.0.35 () {34 vars in 664 bytes} [Tue May 26 07:05:53 2026] POST /v2.0/ports => generated 915 bytes in 848 msecs (HTTP/1.1 201) 4 headers in 162 bytes (1 switches on core 0)
2026-05-26 07:05:54.904 8 INFO neutron.db.ovn_revision_numbers_db [None req-bbaf4166-4aea-4c6d-b2fa-38141922ce39 4e073d4c4c644532b645549ef8a5a99a 45005def5d7b4c0b815d1d01a2842d80 - - default default] Successfully bumped revision number for resource 95fb6f2c-d3a5-4715-baa2-c366e4ecc7d8 (type: networks) to 1
2026-05-26 07:05:54.931 7 INFO neutron_taas.services.taas.taas_plugin [None req-b7f7511b-7e6d-4db4-9a2d-92488820a309 e6d354a95b8746f7bb55fa2aed555eeb 415e8d0eb21e409ea80b6ecf68f02aa0 - - default default] TaaS: Handle Delete Port: e2885fbe-3249-4d50-b97e-d0fc6b5439b7
2026-05-26 07:05:54.934 7 INFO neutron_taas.services.taas.tap_mirror_plugin [None req-b7f7511b-7e6d-4db4-9a2d-92488820a309 e6d354a95b8746f7bb55fa2aed555eeb 415e8d0eb21e409ea80b6ecf68f02aa0 - - default default] Tap Mirror: Handle Delete Port: e2885fbe-3249-4d50-b97e-d0fc6b5439b7
2026-05-26 07:05:55.083 8 WARNING neutron.scheduler.dhcp_agent_scheduler [None req-bbaf4166-4aea-4c6d-b2fa-38141922ce39 4e073d4c4c644532b645549ef8a5a99a 45005def5d7b4c0b815d1d01a2842d80 - - default default] No more DHCP agents
2026-05-26 07:05:55.085 8 WARNING neutron.api.rpc.agentnotifiers.dhcp_rpc_agent_api [None req-bbaf4166-4aea-4c6d-b2fa-38141922ce39 4e073d4c4c644532b645549ef8a5a99a 45005def5d7b4c0b815d1d01a2842d80 - - default default] Unable to schedule network 95fb6f2c-d3a5-4715-baa2-c366e4ecc7d8: no agents available; will retry on subsequent port and subnet creation events. [pid: 7|app: 0|req: 769/1469] 10.0.0.35 () {32 vars in 719 bytes} [Tue May 26 07:05:54 2026] DELETE /v2.0/ports/e2885fbe-3249-4d50-b97e-d0fc6b5439b7 => generated 0 bytes in 347 msecs (HTTP/1.1 204) 3 headers in 131 bytes (1 switches on core 0)
2026-05-26 07:05:55.155 8 INFO neutron.plugins.ml2.drivers.ovn.mech_driver.mech_driver [None req-f30a3bbc-faf5-4888-aa00-6f2e641d4079 - - - - - -] OVN reports status down for port: 88f672ea-4ecd-4905-be93-92370d5ad586
2026-05-26 07:05:55.170 7 INFO neutron.pecan_wsgi.hooks.translation [None req-0fb19bbc-7705-4209-8324-e3479e1ebc5c e6d354a95b8746f7bb55fa2aed555eeb 415e8d0eb21e409ea80b6ecf68f02aa0 - - default default] GET failed (client error): The resource could not be found. [pid: 7|app: 0|req: 770/1470] 10.0.0.35 () {32 vars in 716 bytes} [Tue May 26 07:05:55 2026] GET /v2.0/ports/e2885fbe-3249-4d50-b97e-d0fc6b5439b7 => generated 132 bytes in 45 msecs (HTTP/1.1 404) 4 headers in 164 bytes (1 switches on core 0)
2026-05-26 07:05:55.205 8 INFO neutron.db.ovn_revision_numbers_db [None req-bbaf4166-4aea-4c6d-b2fa-38141922ce39 4e073d4c4c644532b645549ef8a5a99a 45005def5d7b4c0b815d1d01a2842d80 - - default default] Successfully bumped revision number for resource 88f672ea-4ecd-4905-be93-92370d5ad586 (type: ports) to 1 [pid: 8|app: 0|req: 701/1471] 10.0.0.35 () {34 vars in 669 bytes} [Tue May 26 07:05:54 2026] POST /v2.0/networks => generated 670 bytes in 865 msecs (HTTP/1.1 201) 4 headers in 162 bytes (1 switches on core 0) [pid: 8|app: 0|req: 702/1472] 10.0.0.35 () {32 vars in 723 bytes} [Tue May 26 07:05:55 2026] DELETE /v2.0/subnets/c41df941-9fcc-4b2c-9e68-7965872ce118 => generated 0 bytes in 185 msecs (HTTP/1.1 204) 3 headers in 131 bytes (1 switches on core 0)
2026-05-26 07:05:55.682 7 INFO neutron.db.ovn_revision_numbers_db [None req-2317acce-cc98-455d-87bc-4bb1e2e1306f 9ee208ff7da746c1ba048b243ba9a3fd faeb430f71c2493da7442650b1aa5efc - - default default] Successfully bumped revision number for resource 624c5137-b5ce-4165-a4f4-805fce5768d0 (type: security_groups) to 1
2026-05-26 07:05:55.703 7 INFO neutron.db.ovn_revision_numbers_db [None req-2317acce-cc98-455d-87bc-4bb1e2e1306f 9ee208ff7da746c1ba048b243ba9a3fd faeb430f71c2493da7442650b1aa5efc - - default default] Successfully bumped revision number for resource 1a979b4e-1bd8-4407-be64-6cd949d60e87 (type: security_group_rules) to 0
2026-05-26 07:05:55.759 7 INFO neutron.db.ovn_revision_numbers_db [None req-2317acce-cc98-455d-87bc-4bb1e2e1306f 9ee208ff7da746c1ba048b243ba9a3fd faeb430f71c2493da7442650b1aa5efc - - default default] Successfully bumped revision number for resource 287564f5-db53-4326-9eb1-b1524c3b2672 (type: security_group_rules) to 0
2026-05-26 07:05:55.830 7 INFO neutron.db.ovn_revision_numbers_db [None req-2317acce-cc98-455d-87bc-4bb1e2e1306f 9ee208ff7da746c1ba048b243ba9a3fd faeb430f71c2493da7442650b1aa5efc - - default default] Successfully bumped revision number for resource 7876f405-fbcf-4eff-b122-6afd328a04b9 (type: security_group_rules) to 0
2026-05-26 07:05:55.838 8 WARNING neutron.scheduler.dhcp_agent_scheduler [None req-a980eac0-8cc4-46e5-922c-d40b70ea43b6 4e073d4c4c644532b645549ef8a5a99a 45005def5d7b4c0b815d1d01a2842d80 - - default default] No more DHCP agents
2026-05-26 07:05:55.839 8 WARNING neutron.api.rpc.agentnotifiers.dhcp_rpc_agent_api [None req-a980eac0-8cc4-46e5-922c-d40b70ea43b6 4e073d4c4c644532b645549ef8a5a99a 45005def5d7b4c0b815d1d01a2842d80 - - default default] Unable to schedule network 95fb6f2c-d3a5-4715-baa2-c366e4ecc7d8: no agents available; will retry on subsequent port and subnet creation events.
2026-05-26 07:05:55.899 7 INFO neutron.plugins.ml2.drivers.ovn.mech_driver.mech_driver [None req-9dea000d-cd04-463d-9f62-649a5f3b3cea - - - - - -] OVN reports status down for port: 9698e0a4-f0fd-4ce9-a243-f32ce16f5723
2026-05-26 07:05:55.926 7 INFO neutron.db.ovn_revision_numbers_db [None req-2317acce-cc98-455d-87bc-4bb1e2e1306f 9ee208ff7da746c1ba048b243ba9a3fd faeb430f71c2493da7442650b1aa5efc - - default default] Successfully bumped revision number for resource b95a7cd5-feaf-4613-b368-f46895fc75cb (type: security_group_rules) to 0 [pid: 7|app: 0|req: 771/1473] 10.0.0.35 () {32 vars in 773 bytes} [Tue May 26 07:05:55 2026] GET /v2.0/security-groups?tenant_id=7d1524d013e74ec5907d40ec446ddd11&name=default => generated 2925 bytes in 799 msecs (HTTP/1.1 200) 4 headers in 158 bytes (1 switches on core 0)
2026-05-26 07:05:56.033 8 INFO neutron.db.ovn_revision_numbers_db [None req-a980eac0-8cc4-46e5-922c-d40b70ea43b6 4e073d4c4c644532b645549ef8a5a99a 45005def5d7b4c0b815d1d01a2842d80 - - default default] Successfully bumped revision number for resource 9698e0a4-f0fd-4ce9-a243-f32ce16f5723 (type: ports) to 1 [pid: 8|app: 0|req: 703/1474] 10.0.0.35 () {34 vars in 663 bytes} [Tue May 26 07:05:55 2026] POST /v2.0/ports => generated 743 bytes in 667 msecs (HTTP/1.1 201) 4 headers in 162 bytes (1 switches on core 0) /var/lib/openstack/lib/python3.12/site-packages/pycadf/identifier.py:70: UserWarning: Invalid uuid: neutron. To ensure interoperability, identifiers should be a valid uuid. warnings.warn(('Invalid uuid: %s. To ensure interoperability, '
2026-05-26 07:05:56.148 7 INFO neutron_taas.services.taas.taas_plugin [None req-89258734-c74c-439e-bd5f-6558154446b1 e6d354a95b8746f7bb55fa2aed555eeb 415e8d0eb21e409ea80b6ecf68f02aa0 - - default default] TaaS: Handle Delete Port: 5e21c386-f1ad-417f-b412-3669dc956d16
2026-05-26 07:05:56.151 7 INFO neutron_taas.services.taas.tap_mirror_plugin [None req-89258734-c74c-439e-bd5f-6558154446b1 e6d354a95b8746f7bb55fa2aed555eeb 415e8d0eb21e409ea80b6ecf68f02aa0 - - default default] Tap Mirror: Handle Delete Port: 5e21c386-f1ad-417f-b412-3669dc956d16
2026-05-26 07:05:56.380 7 INFO neutron.services.segments.plugin [-] Segment 9c8bcaa5-985b-46f1-8a13-62b20a5d9ef0 resource provider aggregate not found
2026-05-26 07:05:56.383 7 INFO neutron.services.segments.plugin [-] Segment 9c8bcaa5-985b-46f1-8a13-62b20a5d9ef0 resource provider aggregate not found [pid: 8|app: 0|req: 704/1475] 10.0.0.35 () {32 vars in 739 bytes} [Tue May 26 07:05:56 2026] DELETE /v2.0/security-groups/624c5137-b5ce-4165-a4f4-805fce5768d0 => generated 0 bytes in 296 msecs (HTTP/1.1 204) 2 headers in 112 bytes (1 switches on core 0)
2026-05-26 07:05:56.397 7 INFO neutron.services.segments.plugin [-] Segment 9c8bcaa5-985b-46f1-8a13-62b20a5d9ef0 resource provider not found; error: Placement Client Error (4xx): {"errors": [{"status": 404, "title": "Not Found", "detail": "The resource could not be found.\n\n No resource provider with uuid 9c8bcaa5-985b-46f1-8a13-62b20a5d9ef0 found for delete ", "request_id": "req-93969c99-ec52-434d-a9be-ecaeae73836e"}]}
2026-05-26 07:05:56.413 7 INFO neutron.services.segments.plugin [-] Segment 9c8bcaa5-985b-46f1-8a13-62b20a5d9ef0 resource provider not found; error: Placement Client Error (4xx): {"errors": [{"status": 404, "title": "Not Found", "detail": "The resource could not be found.\n\n No resource provider with uuid 9c8bcaa5-985b-46f1-8a13-62b20a5d9ef0 found for delete ", "request_id": "req-1675311b-609f-44e2-9f46-1cb4fe566cfd"}]} [pid: 7|app: 0|req: 772/1476] 10.0.0.35 () {32 vars in 725 bytes} [Tue May 26 07:05:55 2026] DELETE /v2.0/networks/0c81e86f-a035-400a-9f37-9eb14a97e782 => generated 0 bytes in 461 msecs (HTTP/1.1 204) 3 headers in 131 bytes (1 switches on core 0)
2026-05-26 07:05:56.492 8 INFO neutron.db.segments_db [None req-b476800b-420d-430e-88ac-dfd8414681c6 4e073d4c4c644532b645549ef8a5a99a 45005def5d7b4c0b815d1d01a2842d80 - - default default] Added segment c0ab737d-a46d-4bb1-889c-c9aacf6dc853 of type geneve for network cb6abeb5-8b32-4506-a42f-d0fb914c2c6f
2026-05-26 07:05:56.621 8 INFO neutron.db.ovn_revision_numbers_db [None req-b476800b-420d-430e-88ac-dfd8414681c6 4e073d4c4c644532b645549ef8a5a99a 45005def5d7b4c0b815d1d01a2842d80 - - default default] Successfully bumped revision number for resource cb6abeb5-8b32-4506-a42f-d0fb914c2c6f (type: networks) to 1
2026-05-26 07:05:56.682 7 WARNING neutron.scheduler.dhcp_agent_scheduler [None req-53782cbf-147a-4dc3-aaec-107bb14fd3af e6d354a95b8746f7bb55fa2aed555eeb 415e8d0eb21e409ea80b6ecf68f02aa0 - - default default] No more DHCP agents
2026-05-26 07:05:56.688 7 WARNING neutron.api.rpc.agentnotifiers.dhcp_rpc_agent_api [None req-53782cbf-147a-4dc3-aaec-107bb14fd3af e6d354a95b8746f7bb55fa2aed555eeb 415e8d0eb21e409ea80b6ecf68f02aa0 - - default default] Unable to schedule network 6d62d3a2-5a34-4586-9204-07f78d26e6c2: no agents available; will retry on subsequent port and subnet creation events.
2026-05-26 07:05:56.765 8 INFO neutron.plugins.ml2.drivers.ovn.mech_driver.mech_driver [None req-f30a3bbc-faf5-4888-aa00-6f2e641d4079 - - - - - -] OVN reports status down for port: b960a37e-f136-4a9c-8540-18ab7eda44a3
2026-05-26 07:05:56.796 7 INFO neutron.db.ovn_revision_numbers_db [None req-53782cbf-147a-4dc3-aaec-107bb14fd3af e6d354a95b8746f7bb55fa2aed555eeb 415e8d0eb21e409ea80b6ecf68f02aa0 - - default default] Successfully bumped revision number for resource b960a37e-f136-4a9c-8540-18ab7eda44a3 (type: ports) to 1
2026-05-26 07:05:56.876 8 WARNING neutron.scheduler.dhcp_agent_scheduler [None req-b476800b-420d-430e-88ac-dfd8414681c6 4e073d4c4c644532b645549ef8a5a99a 45005def5d7b4c0b815d1d01a2842d80 - - default default] No more DHCP agents
2026-05-26 07:05:56.878 8 WARNING neutron.api.rpc.agentnotifiers.dhcp_rpc_agent_api [None req-b476800b-420d-430e-88ac-dfd8414681c6 4e073d4c4c644532b645549ef8a5a99a 45005def5d7b4c0b815d1d01a2842d80 - - default default] Unable to schedule network cb6abeb5-8b32-4506-a42f-d0fb914c2c6f: no agents available; will retry on subsequent port and subnet creation events. [pid: 7|app: 0|req: 773/1477] 10.0.0.35 () {34 vars in 664 bytes} [Tue May 26 07:05:56 2026] POST /v2.0/ports => generated 774 bytes in 467 msecs (HTTP/1.1 201) 4 headers in 162 bytes (1 switches on core 0) /var/lib/openstack/lib/python3.12/site-packages/pycadf/identifier.py:70: UserWarning: Invalid uuid: neutron. To ensure interoperability, identifiers should be a valid uuid. warnings.warn(('Invalid uuid: %s. To ensure interoperability, '
2026-05-26 07:05:56.942 7 INFO neutron.plugins.ml2.drivers.ovn.mech_driver.mech_driver [None req-9dea000d-cd04-463d-9f62-649a5f3b3cea - - - - - -] OVN reports status down for port: aa1fe399-8938-4999-92d6-784b7d77e4ba
2026-05-26 07:05:56.974 8 INFO neutron.db.ovn_revision_numbers_db [None req-b476800b-420d-430e-88ac-dfd8414681c6 4e073d4c4c644532b645549ef8a5a99a 45005def5d7b4c0b815d1d01a2842d80 - - default default] Successfully bumped revision number for resource aa1fe399-8938-4999-92d6-784b7d77e4ba (type: ports) to 1 [pid: 8|app: 0|req: 705/1478] 10.0.0.35 () {34 vars in 669 bytes} [Tue May 26 07:05:56 2026] POST /v2.0/networks => generated 670 bytes in 632 msecs (HTTP/1.1 201) 4 headers in 162 bytes (1 switches on core 0)
2026-05-26 07:05:57.121 7 INFO neutron.db.ovn_revision_numbers_db [None req-bf45c887-f42f-47d9-8275-65f4a07e753c 9ee208ff7da746c1ba048b243ba9a3fd faeb430f71c2493da7442650b1aa5efc - - default default] Successfully bumped revision number for resource 8bb18115-87f0-499d-8355-c3f5fa5914fe (type: security_groups) to 1
2026-05-26 07:05:57.136 7 INFO neutron.db.ovn_revision_numbers_db [None req-bf45c887-f42f-47d9-8275-65f4a07e753c 9ee208ff7da746c1ba048b243ba9a3fd faeb430f71c2493da7442650b1aa5efc - - default default] Successfully bumped revision number for resource 1def17ee-b0cd-4316-81ca-ce296f0e3324 (type: security_group_rules) to 0
2026-05-26 07:05:57.149 7 INFO neutron.db.ovn_revision_numbers_db [None req-bf45c887-f42f-47d9-8275-65f4a07e753c 9ee208ff7da746c1ba048b243ba9a3fd faeb430f71c2493da7442650b1aa5efc - - default default] Successfully bumped revision number for resource 4e015be0-e095-490a-a28e-a23ed740ca5b (type: security_group_rules) to 0
2026-05-26 07:05:57.166 7 INFO neutron.db.ovn_revision_numbers_db [None req-bf45c887-f42f-47d9-8275-65f4a07e753c 9ee208ff7da746c1ba048b243ba9a3fd faeb430f71c2493da7442650b1aa5efc - - default default] Successfully bumped revision number for resource d2d57d61-ed46-4092-a533-600736a55958 (type: security_group_rules) to 0
2026-05-26 07:05:57.190 7 INFO neutron.db.ovn_revision_numbers_db [None req-bf45c887-f42f-47d9-8275-65f4a07e753c 9ee208ff7da746c1ba048b243ba9a3fd faeb430f71c2493da7442650b1aa5efc - - default default] Successfully bumped revision number for resource f2a3b414-c426-495c-a51b-ff616215f52d (type: security_group_rules) to 0 [pid: 7|app: 0|req: 774/1479] 10.0.0.35 () {32 vars in 773 bytes} [Tue May 26 07:05:56 2026] GET /v2.0/security-groups?tenant_id=6593190aa5af46fea14e6970b81086ec&name=default => generated 2925 bytes in 328 msecs (HTTP/1.1 200) 4 headers in 158 bytes (1 switches on core 0)
2026-05-26 07:05:57.293 8 INFO neutron.plugins.ml2.drivers.ovn.mech_driver.mech_driver [None req-f30a3bbc-faf5-4888-aa00-6f2e641d4079 - - - - - -] OVN reports status down for port: b960a37e-f136-4a9c-8540-18ab7eda44a3
2026-05-26 07:05:57.365 8 INFO neutron.db.ovn_revision_numbers_db [None req-4e66dcfc-5a9b-4d80-814c-b7f7402d6a7f e6d354a95b8746f7bb55fa2aed555eeb 415e8d0eb21e409ea80b6ecf68f02aa0 - - default default] Successfully bumped revision number for resource b960a37e-f136-4a9c-8540-18ab7eda44a3 (type: ports) to 2 [pid: 8|app: 0|req: 706/1480] 10.0.0.35 () {34 vars in 736 bytes} [Tue May 26 07:05:57 2026] PUT /v2.0/ports/b960a37e-f136-4a9c-8540-18ab7eda44a3 => generated 752 bytes in 436 msecs (HTTP/1.1 200) 4 headers in 157 bytes (1 switches on core 0) /var/lib/openstack/lib/python3.12/site-packages/pycadf/identifier.py:70: UserWarning: Invalid uuid: neutron. To ensure interoperability, identifiers should be a valid uuid. warnings.warn(('Invalid uuid: %s. To ensure interoperability, '
2026-05-26 07:05:57.497 7 WARNING neutron.scheduler.dhcp_agent_scheduler [None req-585aff4f-a551-46e1-b647-9e149b397086 4e073d4c4c644532b645549ef8a5a99a 45005def5d7b4c0b815d1d01a2842d80 - - default default] No more DHCP agents
2026-05-26 07:05:57.499 7 WARNING neutron.api.rpc.agentnotifiers.dhcp_rpc_agent_api [None req-585aff4f-a551-46e1-b647-9e149b397086 4e073d4c4c644532b645549ef8a5a99a 45005def5d7b4c0b815d1d01a2842d80 - - default default] Unable to schedule network cb6abeb5-8b32-4506-a42f-d0fb914c2c6f: no agents available; will retry on subsequent port and subnet creation events.
2026-05-26 07:05:57.605 7 INFO neutron.db.ovn_revision_numbers_db [None req-585aff4f-a551-46e1-b647-9e149b397086 4e073d4c4c644532b645549ef8a5a99a 45005def5d7b4c0b815d1d01a2842d80 - - default default] Successfully bumped revision number for resource 03229d6d-5aa0-4a1b-b840-2a7a3b0b3dca (type: ports) to 1
2026-05-26 07:05:57.609 8 INFO neutron.plugins.ml2.drivers.ovn.mech_driver.mech_driver [None req-f30a3bbc-faf5-4888-aa00-6f2e641d4079 - - - - - -] OVN reports status down for port: 03229d6d-5aa0-4a1b-b840-2a7a3b0b3dca [pid: 7|app: 0|req: 775/1481] 10.0.0.35 () {34 vars in 663 bytes} [Tue May 26 07:05:57 2026] POST /v2.0/ports => generated 743 bytes in 431 msecs (HTTP/1.1 201) 4 headers in 162 bytes (1 switches on core 0) /var/lib/openstack/lib/python3.12/site-packages/pycadf/identifier.py:70: UserWarning: Invalid uuid: neutron. To ensure interoperability, identifiers should be a valid uuid. warnings.warn(('Invalid uuid: %s. To ensure interoperability, '
2026-05-26 07:05:57.793 7 INFO neutron_taas.services.taas.taas_plugin [None req-c015d275-ac3a-4d9a-8289-24c97bc4e327 e6d354a95b8746f7bb55fa2aed555eeb 415e8d0eb21e409ea80b6ecf68f02aa0 - - default default] TaaS: Handle Delete Port: b960a37e-f136-4a9c-8540-18ab7eda44a3
2026-05-26 07:05:57.796 7 INFO neutron_taas.services.taas.tap_mirror_plugin [None req-c015d275-ac3a-4d9a-8289-24c97bc4e327 e6d354a95b8746f7bb55fa2aed555eeb 415e8d0eb21e409ea80b6ecf68f02aa0 - - default default] Tap Mirror: Handle Delete Port: b960a37e-f136-4a9c-8540-18ab7eda44a3 [pid: 8|app: 0|req: 707/1482] 10.0.0.35 () {32 vars in 739 bytes} [Tue May 26 07:05:57 2026] DELETE /v2.0/security-groups/8bb18115-87f0-499d-8355-c3f5fa5914fe => generated 0 bytes in 392 msecs (HTTP/1.1 204) 2 headers in 112 bytes (1 switches on core 0) [pid: 7|app: 0|req: 776/1483] 10.0.0.35 () {32 vars in 719 bytes} [Tue May 26 07:05:57 2026] DELETE /v2.0/ports/b960a37e-f136-4a9c-8540-18ab7eda44a3 => generated 0 bytes in 235 msecs (HTTP/1.1 204) 3 headers in 131 bytes (1 switches on core 0) [pid: 7|app: 0|req: 777/1484] 10.0.0.35 () {32 vars in 642 bytes} [Tue May 26 07:05:57 2026] GET /v2.0/ports => generated 1533 bytes in 51 msecs (HTTP/1.1 200) 4 headers in 158 bytes (1 switches on core 0)
2026-05-26 07:05:57.968 8 INFO neutron.db.segments_db [None req-55ecf0fb-466f-4f47-a2bc-941a996581fa 4e073d4c4c644532b645549ef8a5a99a 45005def5d7b4c0b815d1d01a2842d80 - - default default] Added segment 5b6010a9-5589-4565-a814-57811e09a028 of type geneve for network 3e78e645-2ef3-42fe-b3c0-9874ed8374bb
2026-05-26 07:05:57.980 7 INFO neutron.pecan_wsgi.hooks.translation [None req-37c6012e-866b-4b58-ae6a-f5cd158bdb28 e6d354a95b8746f7bb55fa2aed555eeb 415e8d0eb21e409ea80b6ecf68f02aa0 - - default default] GET failed (client error): The resource could not be found. [pid: 7|app: 0|req: 778/1485] 10.0.0.35 () {32 vars in 716 bytes} [Tue May 26 07:05:57 2026] GET /v2.0/ports/b960a37e-f136-4a9c-8540-18ab7eda44a3 => generated 132 bytes in 16 msecs (HTTP/1.1 404) 4 headers in 164 bytes (1 switches on core 0) [pid: 7|app: 0|req: 779/1486] 10.0.0.35 () {32 vars in 642 bytes} [Tue May 26 07:05:57 2026] GET /v2.0/ports => generated 1533 bytes in 51 msecs (HTTP/1.1 200) 4 headers in 158 bytes (1 switches on core 0)
2026-05-26 07:05:58.094 8 INFO neutron.db.ovn_revision_numbers_db [None req-55ecf0fb-466f-4f47-a2bc-941a996581fa 4e073d4c4c644532b645549ef8a5a99a 45005def5d7b4c0b815d1d01a2842d80 - - default default] Successfully bumped revision number for resource 3e78e645-2ef3-42fe-b3c0-9874ed8374bb (type: networks) to 1 [pid: 7|app: 0|req: 780/1487] 10.0.0.35 () {32 vars in 716 bytes} [Tue May 26 07:05:58 2026] GET /v2.0/ports/a7cefe9f-d3ab-432a-8181-e7832b21c366 => generated 774 bytes in 55 msecs (HTTP/1.1 200) 4 headers in 157 bytes (1 switches on core 0)
2026-05-26 07:05:58.122 7 INFO neutron.pecan_wsgi.hooks.translation [None req-a1bac4c2-e6b1-44b6-8bfb-43f2d8b41659 e6d354a95b8746f7bb55fa2aed555eeb 415e8d0eb21e409ea80b6ecf68f02aa0 - - default default] DELETE failed (client error): The resource could not be found. [pid: 7|app: 0|req: 781/1488] 10.0.0.35 () {32 vars in 719 bytes} [Tue May 26 07:05:58 2026] DELETE /v2.0/ports/e2885fbe-3249-4d50-b97e-d0fc6b5439b7 => generated 132 bytes in 20 msecs (HTTP/1.1 404) 4 headers in 164 bytes (1 switches on core 0)
2026-05-26 07:05:58.147 7 INFO neutron.pecan_wsgi.hooks.translation [None req-020e73a1-a879-4917-906d-fc32f7a2daee e6d354a95b8746f7bb55fa2aed555eeb 415e8d0eb21e409ea80b6ecf68f02aa0 - - default default] DELETE failed (client error): The resource could not be found. [pid: 7|app: 0|req: 782/1489] 10.0.0.35 () {32 vars in 723 bytes} [Tue May 26 07:05:58 2026] DELETE /v2.0/subnets/c41df941-9fcc-4b2c-9e68-7965872ce118 => generated 136 bytes in 19 msecs (HTTP/1.1 404) 4 headers in 164 bytes (1 switches on core 0)
2026-05-26 07:05:58.169 7 INFO neutron.pecan_wsgi.hooks.translation [None req-d9a05b92-6837-41ed-96e2-73b083ee6d54 e6d354a95b8746f7bb55fa2aed555eeb 415e8d0eb21e409ea80b6ecf68f02aa0 - - default default] DELETE failed (client error): The resource could not be found. [pid: 7|app: 0|req: 783/1490] 10.0.0.35 () {32 vars in 723 bytes} [Tue May 26 07:05:58 2026] DELETE /v2.0/subnets/d864723a-8dfd-4290-8c3b-74d514a30519 => generated 136 bytes in 20 msecs (HTTP/1.1 404) 4 headers in 164 bytes (1 switches on core 0)
2026-05-26 07:05:58.321 8 WARNING neutron.scheduler.dhcp_agent_scheduler [None req-55ecf0fb-466f-4f47-a2bc-941a996581fa 4e073d4c4c644532b645549ef8a5a99a 45005def5d7b4c0b815d1d01a2842d80 - - default default] No more DHCP agents
2026-05-26 07:05:58.323 8 WARNING neutron.api.rpc.agentnotifiers.dhcp_rpc_agent_api [None req-55ecf0fb-466f-4f47-a2bc-941a996581fa 4e073d4c4c644532b645549ef8a5a99a 45005def5d7b4c0b815d1d01a2842d80 - - default default] Unable to schedule network 3e78e645-2ef3-42fe-b3c0-9874ed8374bb: no agents available; will retry on subsequent port and subnet creation events.
2026-05-26 07:05:58.346 7 INFO neutron_taas.services.taas.taas_plugin [None req-0ed7bd25-bcc8-41ec-a4e1-e0dda4ecbfd4 e6d354a95b8746f7bb55fa2aed555eeb 415e8d0eb21e409ea80b6ecf68f02aa0 - - default default] TaaS: Handle Delete Port: a7cefe9f-d3ab-432a-8181-e7832b21c366
2026-05-26 07:05:58.350 7 INFO neutron_taas.services.taas.tap_mirror_plugin [None req-0ed7bd25-bcc8-41ec-a4e1-e0dda4ecbfd4 e6d354a95b8746f7bb55fa2aed555eeb 415e8d0eb21e409ea80b6ecf68f02aa0 - - default default] Tap Mirror: Handle Delete Port: a7cefe9f-d3ab-432a-8181-e7832b21c366
2026-05-26 07:05:58.392 7 INFO neutron.plugins.ml2.drivers.ovn.mech_driver.mech_driver [None req-9dea000d-cd04-463d-9f62-649a5f3b3cea - - - - - -] OVN reports status down for port: 1b86949f-6f5c-49d8-99a8-51897d970ba9
2026-05-26 07:05:58.477 8 INFO neutron.db.ovn_revision_numbers_db [None req-55ecf0fb-466f-4f47-a2bc-941a996581fa 4e073d4c4c644532b645549ef8a5a99a 45005def5d7b4c0b815d1d01a2842d80 - - default default] Successfully bumped revision number for resource 1b86949f-6f5c-49d8-99a8-51897d970ba9 (type: ports) to 1 [pid: 8|app: 0|req: 708/1491] 10.0.0.35 () {34 vars in 669 bytes} [Tue May 26 07:05:57 2026] POST /v2.0/networks => generated 670 bytes in 664 msecs (HTTP/1.1 201) 4 headers in 162 bytes (1 switches on core 0) [pid: 7|app: 0|req: 784/1492] 10.0.0.35 () {32 vars in 719 bytes} [Tue May 26 07:05:58 2026] DELETE /v2.0/ports/a7cefe9f-d3ab-432a-8181-e7832b21c366 => generated 0 bytes in 425 msecs (HTTP/1.1 204) 3 headers in 131 bytes (1 switches on core 0)
2026-05-26 07:05:58.800 7 INFO neutron_taas.services.taas.taas_plugin [None req-0d051a06-c639-49dc-9ac5-648a7b968661 e6d354a95b8746f7bb55fa2aed555eeb 415e8d0eb21e409ea80b6ecf68f02aa0 - - default default] TaaS: Handle Delete Port: b82f81b1-804c-436c-b522-2f6347a61348
2026-05-26 07:05:58.804 7 INFO neutron_taas.services.taas.tap_mirror_plugin [None req-0d051a06-c639-49dc-9ac5-648a7b968661 e6d354a95b8746f7bb55fa2aed555eeb 415e8d0eb21e409ea80b6ecf68f02aa0 - - default default] Tap Mirror: Handle Delete Port: b82f81b1-804c-436c-b522-2f6347a61348
2026-05-26 07:05:58.831 8 WARNING neutron.scheduler.dhcp_agent_scheduler [None req-316e8186-3b56-4031-99b6-9168b5ba35fb 4e073d4c4c644532b645549ef8a5a99a 45005def5d7b4c0b815d1d01a2842d80 - - default default] No more DHCP agents
2026-05-26 07:05:58.832 8 WARNING neutron.api.rpc.agentnotifiers.dhcp_rpc_agent_api [None req-316e8186-3b56-4031-99b6-9168b5ba35fb 4e073d4c4c644532b645549ef8a5a99a 45005def5d7b4c0b815d1d01a2842d80 - - default default] Unable to schedule network 3e78e645-2ef3-42fe-b3c0-9874ed8374bb: no agents available; will retry on subsequent port and subnet creation events.
2026-05-26 07:05:58.911 8 INFO neutron.plugins.ml2.drivers.ovn.mech_driver.mech_driver [None req-f30a3bbc-faf5-4888-aa00-6f2e641d4079 - - - - - -] OVN reports status down for port: 1129ee20-e83d-4071-87fb-d18675ac4768
2026-05-26 07:05:58.992 8 INFO neutron.db.ovn_revision_numbers_db [None req-316e8186-3b56-4031-99b6-9168b5ba35fb 4e073d4c4c644532b645549ef8a5a99a 45005def5d7b4c0b815d1d01a2842d80 - - default default] Successfully bumped revision number for resource 1129ee20-e83d-4071-87fb-d18675ac4768 (type: ports) to 1 [pid: 8|app: 0|req: 709/1493] 10.0.0.35 () {34 vars in 663 bytes} [Tue May 26 07:05:58 2026] POST /v2.0/ports => generated 743 bytes in 575 msecs (HTTP/1.1 201) 4 headers in 162 bytes (1 switches on core 0) /var/lib/openstack/lib/python3.12/site-packages/pycadf/identifier.py:70: UserWarning: Invalid uuid: neutron. To ensure interoperability, identifiers should be a valid uuid. warnings.warn(('Invalid uuid: %s. To ensure interoperability, '
2026-05-26 07:05:59.133 7 INFO neutron.services.segments.plugin [-] Segment 86eae193-847e-40a6-a431-89f84f17c95a resource provider aggregate not found
2026-05-26 07:05:59.217 8 INFO neutron.db.segments_db [None req-000e0fe0-a688-4f8f-ad58-64ce8bf3bd23 4e073d4c4c644532b645549ef8a5a99a 45005def5d7b4c0b815d1d01a2842d80 - - default default] Added segment 111447b2-fb41-46a8-87b6-2ff6e364acb3 of type geneve for network fb084c35-069c-49af-a683-c5e2cd4287e8 [pid: 7|app: 0|req: 785/1494] 10.0.0.35 () {32 vars in 725 bytes} [Tue May 26 07:05:58 2026] DELETE /v2.0/networks/6d62d3a2-5a34-4586-9204-07f78d26e6c2 => generated 0 bytes in 612 msecs (HTTP/1.1 204) 3 headers in 131 bytes (1 switches on core 0)
2026-05-26 07:05:59.355 8 INFO neutron.db.ovn_revision_numbers_db [None req-000e0fe0-a688-4f8f-ad58-64ce8bf3bd23 4e073d4c4c644532b645549ef8a5a99a 45005def5d7b4c0b815d1d01a2842d80 - - default default] Successfully bumped revision number for resource fb084c35-069c-49af-a683-c5e2cd4287e8 (type: networks) to 1
2026-05-26 07:05:59.469 7 INFO neutron.services.segments.plugin [-] Segment 86eae193-847e-40a6-a431-89f84f17c95a resource provider aggregate not found
2026-05-26 07:05:59.474 7 INFO neutron.services.segments.plugin [-] Segment 86eae193-847e-40a6-a431-89f84f17c95a resource provider not found; error: Placement Client Error (4xx): {"errors": [{"status": 404, "title": "Not Found", "detail": "The resource could not be found.\n\n No resource provider with uuid 86eae193-847e-40a6-a431-89f84f17c95a found for delete ", "request_id": "req-7f5a9ce7-2920-4bd8-bc09-b341f50769ad"}]}
2026-05-26 07:05:59.490 7 INFO neutron.services.segments.plugin [-] Segment 86eae193-847e-40a6-a431-89f84f17c95a resource provider not found; error: Placement Client Error (4xx): {"errors": [{"status": 404, "title": "Not Found", "detail": "The resource could not be found.\n\n No resource provider with uuid 86eae193-847e-40a6-a431-89f84f17c95a found for delete ", "request_id": "req-0cc201ee-eb18-4ccd-be0a-2ba7e4411dbd"}]}
2026-05-26 07:05:59.546 8 WARNING neutron.scheduler.dhcp_agent_scheduler [None req-000e0fe0-a688-4f8f-ad58-64ce8bf3bd23 4e073d4c4c644532b645549ef8a5a99a 45005def5d7b4c0b815d1d01a2842d80 - - default default] No more DHCP agents
2026-05-26 07:05:59.548 8 WARNING neutron.api.rpc.agentnotifiers.dhcp_rpc_agent_api [None req-000e0fe0-a688-4f8f-ad58-64ce8bf3bd23 4e073d4c4c644532b645549ef8a5a99a 45005def5d7b4c0b815d1d01a2842d80 - - default default] Unable to schedule network fb084c35-069c-49af-a683-c5e2cd4287e8: no agents available; will retry on subsequent port and subnet creation events. [pid: 7|app: 0|req: 786/1495] 10.0.0.108 () {34 vars in 990 bytes} [Tue May 26 07:05:59 2026] GET /v2.0/ports?device_id=dfd2018a-f373-463e-bd36-dc46796af47f => generated 1213 bytes in 351 msecs (HTTP/1.1 200) 4 headers in 158 bytes (1 switches on core 0)
2026-05-26 07:05:59.619 8 INFO neutron.plugins.ml2.drivers.ovn.mech_driver.mech_driver [None req-f30a3bbc-faf5-4888-aa00-6f2e641d4079 - - - - - -] OVN reports status down for port: 2bf2d6ea-e24d-432c-9fb9-8d8720e1c12b [pid: 7|app: 0|req: 787/1496] 10.0.0.108 () {34 vars in 1040 bytes} [Tue May 26 07:05:59 2026] GET /v2.0/security-groups?id=59156218-eb69-4b83-af64-c17da50726cf&fields=id&fields=name => generated 114 bytes in 70 msecs (HTTP/1.1 200) 4 headers in 157 bytes (1 switches on core 0)
2026-05-26 07:05:59.684 8 INFO neutron.db.ovn_revision_numbers_db [None req-000e0fe0-a688-4f8f-ad58-64ce8bf3bd23 4e073d4c4c644532b645549ef8a5a99a 45005def5d7b4c0b815d1d01a2842d80 - - default default] Successfully bumped revision number for resource 2bf2d6ea-e24d-432c-9fb9-8d8720e1c12b (type: ports) to 1 [pid: 8|app: 0|req: 710/1497] 10.0.0.35 () {34 vars in 669 bytes} [Tue May 26 07:05:59 2026] POST /v2.0/networks => generated 670 bytes in 611 msecs (HTTP/1.1 201) 4 headers in 162 bytes (1 switches on core 0) [pid: 8|app: 0|req: 711/1498] 10.0.0.35 () {32 vars in 773 bytes} [Tue May 26 07:05:59 2026] GET /v2.0/security-groups?tenant_id=415e8d0eb21e409ea80b6ecf68f02aa0&name=default => generated 2925 bytes in 237 msecs (HTTP/1.1 200) 4 headers in 158 bytes (1 switches on core 0)
2026-05-26 07:06:00.054 7 WARNING neutron.scheduler.dhcp_agent_scheduler [None req-26ce3401-1ba6-4fe9-bc8f-be7448f06eda 4e073d4c4c644532b645549ef8a5a99a 45005def5d7b4c0b815d1d01a2842d80 - - default default] No more DHCP agents
2026-05-26 07:06:00.055 7 WARNING neutron.api.rpc.agentnotifiers.dhcp_rpc_agent_api [None req-26ce3401-1ba6-4fe9-bc8f-be7448f06eda 4e073d4c4c644532b645549ef8a5a99a 45005def5d7b4c0b815d1d01a2842d80 - - default default] Unable to schedule network fb084c35-069c-49af-a683-c5e2cd4287e8: no agents available; will retry on subsequent port and subnet creation events.
2026-05-26 07:06:00.120 7 INFO neutron.plugins.ml2.drivers.ovn.mech_driver.mech_driver [None req-9dea000d-cd04-463d-9f62-649a5f3b3cea - - - - - -] OVN reports status down for port: 0d43f9a7-bb9e-4495-bc67-646bd12b99f9
2026-05-26 07:06:00.205 7 INFO neutron.db.ovn_revision_numbers_db [None req-26ce3401-1ba6-4fe9-bc8f-be7448f06eda 4e073d4c4c644532b645549ef8a5a99a 45005def5d7b4c0b815d1d01a2842d80 - - default default] Successfully bumped revision number for resource 0d43f9a7-bb9e-4495-bc67-646bd12b99f9 (type: ports) to 1 [pid: 8|app: 0|req: 712/1499] 10.0.0.35 () {32 vars in 739 bytes} [Tue May 26 07:06:00 2026] DELETE /v2.0/security-groups/e3eb1195-3ad4-4b57-91d4-21e73c2a0370 => generated 0 bytes in 295 msecs (HTTP/1.1 204) 2 headers in 112 bytes (1 switches on core 0) [pid: 7|app: 0|req: 788/1500] 10.0.0.35 () {34 vars in 663 bytes} [Tue May 26 07:05:59 2026] POST /v2.0/ports => generated 743 bytes in 615 msecs (HTTP/1.1 201) 4 headers in 162 bytes (1 switches on core 0) [pid: 8|app: 0|req: 713/1501] 10.0.0.35 () {34 vars in 746 bytes} [Tue May 26 07:06:00 2026] PUT /v2.0/ports/b3773d0f-536c-4852-85e8-76d786a30a43/tags => generated 17 bytes in 75 msecs (HTTP/1.1 200) 4 headers in 156 bytes (1 switches on core 0) /var/lib/openstack/lib/python3.12/site-packages/pycadf/identifier.py:70: UserWarning: Invalid uuid: neutron. To ensure interoperability, identifiers should be a valid uuid. warnings.warn(('Invalid uuid: %s. To ensure interoperability, ' [pid: 7|app: 0|req: 789/1502] 10.0.0.35 () {34 vars in 746 bytes} [Tue May 26 07:06:00 2026] PUT /v2.0/ports/9698e0a4-f0fd-4ce9-a243-f32ce16f5723/tags => generated 25 bytes in 65 msecs (HTTP/1.1 200) 4 headers in 156 bytes (1 switches on core 0) /var/lib/openstack/lib/python3.12/site-packages/pycadf/identifier.py:70: UserWarning: Invalid uuid: neutron. To ensure interoperability, identifiers should be a valid uuid. warnings.warn(('Invalid uuid: %s. To ensure interoperability, ' [pid: 8|app: 0|req: 714/1503] 10.0.0.35 () {34 vars in 746 bytes} [Tue May 26 07:06:00 2026] PUT /v2.0/ports/03229d6d-5aa0-4a1b-b840-2a7a3b0b3dca/tags => generated 34 bytes in 92 msecs (HTTP/1.1 200) 4 headers in 156 bytes (1 switches on core 0) /var/lib/openstack/lib/python3.12/site-packages/pycadf/identifier.py:70: UserWarning: Invalid uuid: neutron. To ensure interoperability, identifiers should be a valid uuid. warnings.warn(('Invalid uuid: %s. To ensure interoperability, ' [pid: 7|app: 0|req: 790/1504] 10.0.0.35 () {34 vars in 746 bytes} [Tue May 26 07:06:00 2026] PUT /v2.0/ports/1129ee20-e83d-4071-87fb-d18675ac4768/tags => generated 19 bytes in 71 msecs (HTTP/1.1 200) 4 headers in 156 bytes (1 switches on core 0) /var/lib/openstack/lib/python3.12/site-packages/pycadf/identifier.py:70: UserWarning: Invalid uuid: neutron. To ensure interoperability, identifiers should be a valid uuid. warnings.warn(('Invalid uuid: %s. To ensure interoperability, ' [pid: 8|app: 0|req: 715/1505] 10.0.0.35 () {32 vars in 659 bytes} [Tue May 26 07:06:00 2026] GET /v2.0/ports?tags=red => generated 2253 bytes in 141 msecs (HTTP/1.1 200) 4 headers in 158 bytes (1 switches on core 0) /var/lib/openstack/lib/python3.12/site-packages/pycadf/identifier.py:70: UserWarning: Invalid uuid: neutron. To ensure interoperability, identifiers should be a valid uuid. warnings.warn(('Invalid uuid: %s. To ensure interoperability, ' [pid: 7|app: 0|req: 791/1506] 10.0.0.35 () {32 vars in 673 bytes} [Tue May 26 07:06:00 2026] GET /v2.0/ports?tags=red%2Cblue => generated 1513 bytes in 102 msecs (HTTP/1.1 200) 4 headers in 158 bytes (1 switches on core 0) [pid: 8|app: 0|req: 716/1507] 10.0.0.35 () {32 vars in 669 bytes} [Tue May 26 07:06:00 2026] GET /v2.0/ports?tags-any=blue => generated 1513 bytes in 83 msecs (HTTP/1.1 200) 4 headers in 158 bytes (1 switches on core 0) [pid: 7|app: 0|req: 792/1508] 10.0.0.35 () {32 vars in 681 bytes} [Tue May 26 07:06:01 2026] GET /v2.0/ports?tags-any=red%2Cblue => generated 2253 bytes in 109 msecs (HTTP/1.1 200) 4 headers in 158 bytes (1 switches on core 0) [pid: 8|app: 0|req: 717/1509] 10.0.0.35 () {32 vars in 667 bytes} [Tue May 26 07:06:01 2026] GET /v2.0/ports?not-tags=red => generated 5268 bytes in 177 msecs (HTTP/1.1 200) 4 headers in 158 bytes (1 switches on core 0) [pid: 7|app: 0|req: 793/1510] 10.0.0.35 () {32 vars in 681 bytes} [Tue May 26 07:06:01 2026] GET /v2.0/ports?not-tags=red%2Cblue => generated 6008 bytes in 122 msecs (HTTP/1.1 200) 4 headers in 158 bytes (1 switches on core 0) [pid: 8|app: 0|req: 718/1511] 10.0.0.35 () {32 vars in 677 bytes} [Tue May 26 07:06:01 2026] GET /v2.0/ports?not-tags-any=blue => generated 6008 bytes in 112 msecs (HTTP/1.1 200) 4 headers in 158 bytes (1 switches on core 0) [pid: 7|app: 0|req: 794/1512] 10.0.0.35 () {32 vars in 689 bytes} [Tue May 26 07:06:01 2026] GET /v2.0/ports?not-tags-any=red%2Cblue => generated 5268 bytes in 95 msecs (HTTP/1.1 200) 4 headers in 158 bytes (1 switches on core 0)
