2026-05-26 07:06:49.938 8 INFO neutron.db.segments_db [None req-ad314360-de7b-45a5-b059-40a9f152fedd 9ee208ff7da746c1ba048b243ba9a3fd faeb430f71c2493da7442650b1aa5efc - - default default] Added segment 2338f1ea-2275-4635-a062-3ac971a0d060 of type geneve for network 2f7e6eb0-1de4-4acd-bc76-e4fb4ee35f48
2026-05-26 07:06:50.200 8 INFO neutron.db.ovn_revision_numbers_db [None req-ad314360-de7b-45a5-b059-40a9f152fedd 9ee208ff7da746c1ba048b243ba9a3fd faeb430f71c2493da7442650b1aa5efc - - default default] Successfully bumped revision number for resource 2f7e6eb0-1de4-4acd-bc76-e4fb4ee35f48 (type: networks) to 1
2026-05-26 07:06:50.265 7 INFO neutron.db.ovn_revision_numbers_db [None req-c0bf6a48-c19a-49aa-9116-2e6b13621bcd 9ee208ff7da746c1ba048b243ba9a3fd faeb430f71c2493da7442650b1aa5efc - - default default] Successfully bumped revision number for resource f62d5c94-4254-428e-83c4-960f758e52fc (type: security_groups) to 1
2026-05-26 07:06:50.289 7 INFO neutron.db.ovn_revision_numbers_db [None req-c0bf6a48-c19a-49aa-9116-2e6b13621bcd 9ee208ff7da746c1ba048b243ba9a3fd faeb430f71c2493da7442650b1aa5efc - - default default] Successfully bumped revision number for resource 73ec6d39-4c8d-4482-b9b0-675d29893511 (type: security_group_rules) to 0
2026-05-26 07:06:50.328 7 INFO neutron.db.ovn_revision_numbers_db [None req-c0bf6a48-c19a-49aa-9116-2e6b13621bcd 9ee208ff7da746c1ba048b243ba9a3fd faeb430f71c2493da7442650b1aa5efc - - default default] Successfully bumped revision number for resource 8e0bfbf7-62c6-44cc-8451-3cfc73d8331f (type: security_group_rules) to 0
2026-05-26 07:06:50.453 7 INFO neutron.db.ovn_revision_numbers_db [None req-c0bf6a48-c19a-49aa-9116-2e6b13621bcd 9ee208ff7da746c1ba048b243ba9a3fd faeb430f71c2493da7442650b1aa5efc - - default default] Successfully bumped revision number for resource a8894f24-0bbf-4ba6-b99b-ea0bba8be5e3 (type: security_group_rules) to 0
2026-05-26 07:06:50.577 8 WARNING neutron.scheduler.dhcp_agent_scheduler [None req-ad314360-de7b-45a5-b059-40a9f152fedd 9ee208ff7da746c1ba048b243ba9a3fd faeb430f71c2493da7442650b1aa5efc - - default default] No more DHCP agents
2026-05-26 07:06:50.579 8 WARNING neutron.api.rpc.agentnotifiers.dhcp_rpc_agent_api [None req-ad314360-de7b-45a5-b059-40a9f152fedd 9ee208ff7da746c1ba048b243ba9a3fd faeb430f71c2493da7442650b1aa5efc - - default default] Unable to schedule network 2f7e6eb0-1de4-4acd-bc76-e4fb4ee35f48: no agents available; will retry on subsequent port and subnet creation events.
2026-05-26 07:06:50.820 7 INFO neutron.db.ovn_revision_numbers_db [None req-c0bf6a48-c19a-49aa-9116-2e6b13621bcd 9ee208ff7da746c1ba048b243ba9a3fd faeb430f71c2493da7442650b1aa5efc - - default default] Successfully bumped revision number for resource b5c92ec8-55da-4e5a-a0f0-30f1ca4865d1 (type: security_group_rules) to 0
2026-05-26 07:06:50.831 7 INFO neutron.plugins.ml2.drivers.ovn.mech_driver.mech_driver [None req-ffe1b17a-a42c-4d2c-8e26-f5a725174c57 - - - - - -] OVN reports status down for port: 2a827b26-fceb-4399-b5df-fc5b3002df09
2026-05-26 07:06:50.930 7 INFO neutron.db.segments_db [None req-c0bf6a48-c19a-49aa-9116-2e6b13621bcd 9ee208ff7da746c1ba048b243ba9a3fd faeb430f71c2493da7442650b1aa5efc - - default default] Added segment 8985cb5c-5c38-4a50-a4ed-eff15f34708e of type geneve for network 2105a092-19ae-41be-9b0c-3f3402d3f825
2026-05-26 07:06:51.072 8 INFO neutron.db.ovn_revision_numbers_db [None req-ad314360-de7b-45a5-b059-40a9f152fedd 9ee208ff7da746c1ba048b243ba9a3fd faeb430f71c2493da7442650b1aa5efc - - default default] Successfully bumped revision number for resource 2a827b26-fceb-4399-b5df-fc5b3002df09 (type: ports) to 1 [pid: 8|app: 0|req: 825/1730] 10.0.0.35 () {34 vars in 670 bytes} [Tue May 26 07:06:47 2026] POST /v2.0/networks => generated 781 bytes in 3461 msecs (HTTP/1.1 201) 4 headers in 162 bytes (1 switches on core 0)
2026-05-26 07:06:51.432 8 INFO neutron_taas.services.taas.taas_plugin [None req-ab9f53b6-51ae-4ba0-8c23-5eb88f121360 bdba150f74a046f897e9224cc548319c d002e6798f784832898a9b7548228771 - - default default] TaaS: Handle Delete Port: 67998d4e-b20d-4460-b647-db060c29368f
2026-05-26 07:06:51.435 8 INFO neutron_taas.services.taas.tap_mirror_plugin [None req-ab9f53b6-51ae-4ba0-8c23-5eb88f121360 bdba150f74a046f897e9224cc548319c d002e6798f784832898a9b7548228771 - - default default] Tap Mirror: Handle Delete Port: 67998d4e-b20d-4460-b647-db060c29368f
2026-05-26 07:06:51.614 7 INFO neutron.db.ovn_revision_numbers_db [None req-c0bf6a48-c19a-49aa-9116-2e6b13621bcd 9ee208ff7da746c1ba048b243ba9a3fd faeb430f71c2493da7442650b1aa5efc - - default default] Successfully bumped revision number for resource 2105a092-19ae-41be-9b0c-3f3402d3f825 (type: networks) to 1 [pid: 8|app: 0|req: 826/1731] 10.0.0.35 () {32 vars in 719 bytes} [Tue May 26 07:06:51 2026] DELETE /v2.0/ports/67998d4e-b20d-4460-b647-db060c29368f => generated 0 bytes in 590 msecs (HTTP/1.1 204) 3 headers in 131 bytes (1 switches on core 0)
2026-05-26 07:06:51.896 7 WARNING neutron.scheduler.dhcp_agent_scheduler [None req-c0bf6a48-c19a-49aa-9116-2e6b13621bcd 9ee208ff7da746c1ba048b243ba9a3fd faeb430f71c2493da7442650b1aa5efc - - default default] No more DHCP agents
2026-05-26 07:06:51.897 7 WARNING neutron.api.rpc.agentnotifiers.dhcp_rpc_agent_api [None req-c0bf6a48-c19a-49aa-9116-2e6b13621bcd 9ee208ff7da746c1ba048b243ba9a3fd faeb430f71c2493da7442650b1aa5efc - - default default] Unable to schedule network 2105a092-19ae-41be-9b0c-3f3402d3f825: no agents available; will retry on subsequent port and subnet creation events.
2026-05-26 07:06:51.965 8 INFO neutron.db.segments_db [None req-635ba52f-52b6-482e-b6aa-a4a69d1ed18c fa5b0b84826b4b2286a1cad80216726c ecae9f902e204638996bea60cd27bac0 - - default default] Added segment 08e75eda-19c7-4a71-be5f-64831a820772 of type geneve for network d926a287-aeac-42ca-9e3c-94b67595b568
2026-05-26 07:06:51.968 8 INFO neutron.plugins.ml2.drivers.ovn.mech_driver.mech_driver [None req-0244e131-58ba-4160-958a-f659c8103bc4 - - - - - -] OVN reports status down for port: dc9d6a67-605b-4f9d-9977-c681449f69c6
2026-05-26 07:06:52.035 7 INFO neutron.db.ovn_revision_numbers_db [None req-c0bf6a48-c19a-49aa-9116-2e6b13621bcd 9ee208ff7da746c1ba048b243ba9a3fd faeb430f71c2493da7442650b1aa5efc - - default default] Successfully bumped revision number for resource dc9d6a67-605b-4f9d-9977-c681449f69c6 (type: ports) to 1 [pid: 7|app: 0|req: 906/1732] 10.0.0.35 () {34 vars in 670 bytes} [Tue May 26 07:06:49 2026] POST /v2.0/networks => generated 785 bytes in 2617 msecs (HTTP/1.1 201) 4 headers in 162 bytes (1 switches on core 0)
2026-05-26 07:06:52.316 8 INFO neutron.db.ovn_revision_numbers_db [None req-635ba52f-52b6-482e-b6aa-a4a69d1ed18c fa5b0b84826b4b2286a1cad80216726c ecae9f902e204638996bea60cd27bac0 - - default default] Successfully bumped revision number for resource d926a287-aeac-42ca-9e3c-94b67595b568 (type: networks) to 1
2026-05-26 07:06:52.584 7 WARNING neutron.scheduler.dhcp_agent_scheduler [None req-c8b8bd80-e7db-49d8-b2fd-12ccfba50382 9ee208ff7da746c1ba048b243ba9a3fd faeb430f71c2493da7442650b1aa5efc - - default default] No more DHCP agents
2026-05-26 07:06:52.585 7 WARNING neutron.api.rpc.agentnotifiers.dhcp_rpc_agent_api [None req-c8b8bd80-e7db-49d8-b2fd-12ccfba50382 9ee208ff7da746c1ba048b243ba9a3fd faeb430f71c2493da7442650b1aa5efc - - default default] Unable to schedule network 2f7e6eb0-1de4-4acd-bc76-e4fb4ee35f48: no agents available; will retry on subsequent port and subnet creation events.
2026-05-26 07:06:52.685 8 WARNING neutron.scheduler.dhcp_agent_scheduler [None req-635ba52f-52b6-482e-b6aa-a4a69d1ed18c fa5b0b84826b4b2286a1cad80216726c ecae9f902e204638996bea60cd27bac0 - - default default] No more DHCP agents
2026-05-26 07:06:52.687 8 WARNING neutron.api.rpc.agentnotifiers.dhcp_rpc_agent_api [None req-635ba52f-52b6-482e-b6aa-a4a69d1ed18c fa5b0b84826b4b2286a1cad80216726c ecae9f902e204638996bea60cd27bac0 - - default default] Unable to schedule network d926a287-aeac-42ca-9e3c-94b67595b568: no agents available; will retry on subsequent port and subnet creation events.
2026-05-26 07:06:52.896 7 INFO neutron.plugins.ml2.drivers.ovn.mech_driver.mech_driver [None req-ffe1b17a-a42c-4d2c-8e26-f5a725174c57 - - - - - -] OVN reports status down for port: a472fd91-3757-48ee-86ed-900748164522
2026-05-26 07:06:52.958 8 INFO neutron.db.ovn_revision_numbers_db [None req-635ba52f-52b6-482e-b6aa-a4a69d1ed18c fa5b0b84826b4b2286a1cad80216726c ecae9f902e204638996bea60cd27bac0 - - default default] Successfully bumped revision number for resource a472fd91-3757-48ee-86ed-900748164522 (type: ports) to 1 [pid: 8|app: 0|req: 827/1733] 10.0.0.35 () {34 vars in 669 bytes} [Tue May 26 07:06:51 2026] POST /v2.0/networks => generated 668 bytes in 1319 msecs (HTTP/1.1 201) 4 headers in 162 bytes (1 switches on core 0)
2026-05-26 07:06:53.340 8 INFO neutron_taas.services.taas.taas_plugin [None req-56787de2-b4fe-46d8-858a-0aac2dce2cf4 bdba150f74a046f897e9224cc548319c d002e6798f784832898a9b7548228771 - - default default] TaaS: Handle Delete Port: ec8d4bae-edf3-4689-975a-7ad27c35d949
2026-05-26 07:06:53.344 8 INFO neutron_taas.services.taas.tap_mirror_plugin [None req-56787de2-b4fe-46d8-858a-0aac2dce2cf4 bdba150f74a046f897e9224cc548319c d002e6798f784832898a9b7548228771 - - default default] Tap Mirror: Handle Delete Port: ec8d4bae-edf3-4689-975a-7ad27c35d949
2026-05-26 07:06:53.606 7 INFO neutron.db.ovn_revision_numbers_db [None req-bb1c27db-0a7b-405b-b1fb-dd89fced471c - - - - - -] Successfully bumped revision number for resource 2a827b26-fceb-4399-b5df-fc5b3002df09 (type: ports) to 2 [pid: 8|app: 0|req: 828/1734] 10.0.0.35 () {32 vars in 719 bytes} [Tue May 26 07:06:53 2026] DELETE /v2.0/ports/ec8d4bae-edf3-4689-975a-7ad27c35d949 => generated 0 bytes in 885 msecs (HTTP/1.1 204) 3 headers in 131 bytes (1 switches on core 0)
2026-05-26 07:06:54.080 7 INFO neutron.db.ovn_revision_numbers_db [None req-bb1c27db-0a7b-405b-b1fb-dd89fced471c - - - - - -] Successfully bumped revision number for resource 525d8719-c325-4f60-9b53-a8c3eec8604a (type: subnets) to 0 [pid: 7|app: 0|req: 907/1735] 10.0.0.35 () {34 vars in 668 bytes} [Tue May 26 07:06:52 2026] POST /v2.0/subnets => generated 687 bytes in 2383 msecs (HTTP/1.1 201) 4 headers in 162 bytes (1 switches on core 0)
2026-05-26 07:06:54.824 8 WARNING neutron.scheduler.dhcp_agent_scheduler [None req-37499303-2284-4b23-a7da-cd8a54068f14 9ee208ff7da746c1ba048b243ba9a3fd faeb430f71c2493da7442650b1aa5efc - - default default] No more DHCP agents
2026-05-26 07:06:54.826 8 WARNING neutron.api.rpc.agentnotifiers.dhcp_rpc_agent_api [None req-37499303-2284-4b23-a7da-cd8a54068f14 9ee208ff7da746c1ba048b243ba9a3fd faeb430f71c2493da7442650b1aa5efc - - default default] Unable to schedule network 2105a092-19ae-41be-9b0c-3f3402d3f825: no agents available; will retry on subsequent port and subnet creation events.
2026-05-26 07:06:55.297 7 WARNING neutron.scheduler.dhcp_agent_scheduler [None req-92ed5a85-6795-4353-8e49-179cae081f03 fa5b0b84826b4b2286a1cad80216726c ecae9f902e204638996bea60cd27bac0 - - default default] No more DHCP agents
2026-05-26 07:06:55.299 7 WARNING neutron.api.rpc.agentnotifiers.dhcp_rpc_agent_api [None req-92ed5a85-6795-4353-8e49-179cae081f03 fa5b0b84826b4b2286a1cad80216726c ecae9f902e204638996bea60cd27bac0 - - default default] Unable to schedule network d926a287-aeac-42ca-9e3c-94b67595b568: no agents available; will retry on subsequent port and subnet creation events.
2026-05-26 07:06:56.303 8 INFO neutron.db.ovn_revision_numbers_db [None req-5658c49a-7a6b-416c-b873-54bf5a7c98ff - - - - - -] Successfully bumped revision number for resource dc9d6a67-605b-4f9d-9977-c681449f69c6 (type: ports) to 2
2026-05-26 07:06:56.494 7 INFO neutron.db.ovn_revision_numbers_db [None req-d0003c79-7aef-4d5a-bd38-6533d682ae7c - - - - - -] Successfully bumped revision number for resource a472fd91-3757-48ee-86ed-900748164522 (type: ports) to 2
2026-05-26 07:06:56.718 8 INFO neutron.db.ovn_revision_numbers_db [None req-5658c49a-7a6b-416c-b873-54bf5a7c98ff - - - - - -] Successfully bumped revision number for resource bdae08b2-e577-4a17-ad31-1304de9f64e4 (type: subnets) to 0
2026-05-26 07:06:56.867 7 INFO neutron.db.ovn_revision_numbers_db [None req-d0003c79-7aef-4d5a-bd38-6533d682ae7c - - - - - -] Successfully bumped revision number for resource 965af236-0732-46b8-87fb-cf2995f7a869 (type: subnets) to 0 [pid: 8|app: 0|req: 829/1738] 10.0.0.35 () {34 vars in 668 bytes} [Tue May 26 07:06:54 2026] POST /v2.0/subnets => generated 692 bytes in 2890 msecs (HTTP/1.1 201) 4 headers in 162 bytes (1 switches on core 0) [pid: 7|app: 0|req: 910/1739] 10.0.0.35 () {34 vars in 668 bytes} [Tue May 26 07:06:54 2026] POST /v2.0/subnets => generated 626 bytes in 2443 msecs (HTTP/1.1 201) 4 headers in 162 bytes (1 switches on core 0)
2026-05-26 07:06:57.088 8 INFO neutron_taas.services.taas.taas_plugin [None req-09456014-3db3-46da-abfb-a8bfa51d985d bdba150f74a046f897e9224cc548319c d002e6798f784832898a9b7548228771 - - default default] TaaS: Handle Delete Port: ec057be8-a103-417b-910b-a33e396fff81
2026-05-26 07:06:57.092 8 INFO neutron_taas.services.taas.tap_mirror_plugin [None req-09456014-3db3-46da-abfb-a8bfa51d985d bdba150f74a046f897e9224cc548319c d002e6798f784832898a9b7548228771 - - default default] Tap Mirror: Handle Delete Port: ec057be8-a103-417b-910b-a33e396fff81 [pid: 8|app: 0|req: 830/1740] 10.0.0.35 () {32 vars in 719 bytes} [Tue May 26 07:06:56 2026] DELETE /v2.0/ports/ec057be8-a103-417b-910b-a33e396fff81 => generated 0 bytes in 1782 msecs (HTTP/1.1 204) 3 headers in 131 bytes (1 switches on core 0)
2026-05-26 07:06:59.696 7 WARNING neutron.scheduler.dhcp_agent_scheduler [None req-702ac53f-97ce-42e3-a2cf-0db0881191e0 9ee208ff7da746c1ba048b243ba9a3fd faeb430f71c2493da7442650b1aa5efc - - default default] No more DHCP agents
2026-05-26 07:06:59.699 7 WARNING neutron.api.rpc.agentnotifiers.dhcp_rpc_agent_api [None req-702ac53f-97ce-42e3-a2cf-0db0881191e0 9ee208ff7da746c1ba048b243ba9a3fd faeb430f71c2493da7442650b1aa5efc - - default default] Unable to schedule network 34e42e1b-b640-4530-85f4-2220d053aa20: no agents available; will retry on subsequent port and subnet creation events.
2026-05-26 07:07:00.236 7 INFO neutron.plugins.ml2.drivers.ovn.mech_driver.mech_driver [None req-ffe1b17a-a42c-4d2c-8e26-f5a725174c57 - - - - - -] OVN reports status down for port: 7840ad20-116a-4660-be24-1dec6ba85d60
2026-05-26 07:07:00.271 8 WARNING neutron.scheduler.dhcp_agent_scheduler [None req-c4ac5dfc-5416-4c94-8daa-33a4d3ce1251 9ee208ff7da746c1ba048b243ba9a3fd faeb430f71c2493da7442650b1aa5efc - - default default] No more DHCP agents
2026-05-26 07:07:00.273 8 WARNING neutron.api.rpc.agentnotifiers.dhcp_rpc_agent_api [None req-c4ac5dfc-5416-4c94-8daa-33a4d3ce1251 9ee208ff7da746c1ba048b243ba9a3fd faeb430f71c2493da7442650b1aa5efc - - default default] Unable to schedule network 34e42e1b-b640-4530-85f4-2220d053aa20: no agents available; will retry on subsequent port and subnet creation events.
2026-05-26 07:07:00.472 7 INFO neutron.db.ovn_revision_numbers_db [None req-702ac53f-97ce-42e3-a2cf-0db0881191e0 9ee208ff7da746c1ba048b243ba9a3fd faeb430f71c2493da7442650b1aa5efc - - default default] Successfully bumped revision number for resource 7840ad20-116a-4660-be24-1dec6ba85d60 (type: ports) to 1
2026-05-26 07:07:00.677 8 INFO neutron.db.ovn_revision_numbers_db [None req-c4ac5dfc-5416-4c94-8daa-33a4d3ce1251 9ee208ff7da746c1ba048b243ba9a3fd faeb430f71c2493da7442650b1aa5efc - - default default] Successfully bumped revision number for resource 06bd4085-ee7d-4b84-9b7d-ef0ea961ec33 (type: ports) to 1
2026-05-26 07:07:00.726 7 INFO neutron.plugins.ml2.drivers.ovn.mech_driver.mech_driver [None req-ffe1b17a-a42c-4d2c-8e26-f5a725174c57 - - - - - -] OVN reports status down for port: 06bd4085-ee7d-4b84-9b7d-ef0ea961ec33
2026-05-26 07:07:01.412 7 INFO neutron.plugins.ml2.drivers.ovn.mech_driver.ovsdb.commands [None req-fe4e4383-dc6f-486b-8488-2d3dac8c9627 - - - - - -] Schedule LRP lrp-7840ad20-116a-4660-be24-1dec6ba85d60 on gateway c93ab4be-f02c-4766-9459-d6a2f4848cf8 with priority 1
2026-05-26 07:07:01.669 7 INFO neutron.plugins.ml2.drivers.ovn.mech_driver.mech_driver [None req-ffe1b17a-a42c-4d2c-8e26-f5a725174c57 - - - - - -] OVN reports status up for port: 7840ad20-116a-4660-be24-1dec6ba85d60
2026-05-26 07:07:01.688 7 INFO neutron.plugins.ml2.drivers.ovn.mech_driver.ovsdb.ovsdb_monitor [None req-27df7734-5838-4017-b616-eca29119a102 - - - - - -] Router 5134a532-fa89-4072-a284-5ab3125a417f is bound to host instance
2026-05-26 07:07:01.742 8 INFO neutron.plugins.ml2.drivers.ovn.mech_driver.ovsdb.commands [None req-6c4c912c-f4a5-4471-a7ad-6396eefb1402 - - - - - -] Schedule LRP lrp-06bd4085-ee7d-4b84-9b7d-ef0ea961ec33 on gateway c93ab4be-f02c-4766-9459-d6a2f4848cf8 with priority 1
2026-05-26 07:07:01.743 7 INFO neutron.plugins.ml2.plugin [None req-ffe1b17a-a42c-4d2c-8e26-f5a725174c57 - - - - - -] Attempt 1 to provision port 7840ad20-116a-4660-be24-1dec6ba85d60
2026-05-26 07:07:01.807 7 INFO neutron.db.ovn_revision_numbers_db [None req-702ac53f-97ce-42e3-a2cf-0db0881191e0 9ee208ff7da746c1ba048b243ba9a3fd faeb430f71c2493da7442650b1aa5efc - - default default] Successfully bumped revision number for resource 7840ad20-116a-4660-be24-1dec6ba85d60 (type: router_ports) to 1
2026-05-26 07:07:01.953 8 INFO neutron.db.ovn_revision_numbers_db [None req-c4ac5dfc-5416-4c94-8daa-33a4d3ce1251 9ee208ff7da746c1ba048b243ba9a3fd faeb430f71c2493da7442650b1aa5efc - - default default] Successfully bumped revision number for resource 06bd4085-ee7d-4b84-9b7d-ef0ea961ec33 (type: router_ports) to 1
2026-05-26 07:07:02.091 8 INFO neutron.db.ovn_revision_numbers_db [None req-c4ac5dfc-5416-4c94-8daa-33a4d3ce1251 9ee208ff7da746c1ba048b243ba9a3fd faeb430f71c2493da7442650b1aa5efc - - default default] Successfully bumped revision number for resource 9013dda5-8513-4bb6-bfc3-8d72471b2353 (type: routers) to 2
2026-05-26 07:07:02.227 7 INFO neutron.db.ovn_revision_numbers_db [None req-702ac53f-97ce-42e3-a2cf-0db0881191e0 9ee208ff7da746c1ba048b243ba9a3fd faeb430f71c2493da7442650b1aa5efc - - default default] Successfully bumped revision number for resource 5134a532-fa89-4072-a284-5ab3125a417f (type: routers) to 2 [pid: 8|app: 0|req: 831/1741] 10.0.0.35 () {34 vars in 668 bytes} [Tue May 26 07:06:58 2026] POST /v2.0/routers => generated 970 bytes in 3519 msecs (HTTP/1.1 201) 4 headers in 162 bytes (1 switches on core 0) [pid: 7|app: 0|req: 911/1742] 10.0.0.35 () {34 vars in 668 bytes} [Tue May 26 07:06:57 2026] POST /v2.0/routers => generated 965 bytes in 5247 msecs (HTTP/1.1 201) 4 headers in 162 bytes (1 switches on core 0)
2026-05-26 07:07:02.540 8 INFO neutron.db.ovn_revision_numbers_db [None req-b81094c4-a5c3-4d63-a4b9-cdfcf1183b1a fa5b0b84826b4b2286a1cad80216726c ecae9f902e204638996bea60cd27bac0 - - default default] Successfully bumped revision number for resource 8bed8b83-881e-4890-8702-8f9e16a0291d (type: routers) to 1 [pid: 8|app: 0|req: 832/1743] 10.0.0.35 () {34 vars in 668 bytes} [Tue May 26 07:07:02 2026] POST /v2.0/routers => generated 602 bytes in 434 msecs (HTTP/1.1 201) 4 headers in 162 bytes (1 switches on core 0)
2026-05-26 07:07:03.303 8 WARNING neutron.scheduler.dhcp_agent_scheduler [None req-feca4ad1-bad1-462d-921b-78a65276634a 9ee208ff7da746c1ba048b243ba9a3fd faeb430f71c2493da7442650b1aa5efc - - default default] No more DHCP agents
2026-05-26 07:07:03.305 8 WARNING neutron.api.rpc.agentnotifiers.dhcp_rpc_agent_api [None req-feca4ad1-bad1-462d-921b-78a65276634a 9ee208ff7da746c1ba048b243ba9a3fd faeb430f71c2493da7442650b1aa5efc - - default default] Unable to schedule network 2105a092-19ae-41be-9b0c-3f3402d3f825: no agents available; will retry on subsequent port and subnet creation events.
2026-05-26 07:07:03.318 7 INFO neutron_taas.services.taas.taas_plugin [None req-1e3a7839-89bf-453a-abb0-531c2c66c49d bdba150f74a046f897e9224cc548319c d002e6798f784832898a9b7548228771 - - default default] TaaS: Handle Delete Port: aab083d7-87d2-48ad-8336-ae4293d577cc
2026-05-26 07:07:03.370 7 INFO neutron_taas.services.taas.tap_mirror_plugin [None req-1e3a7839-89bf-453a-abb0-531c2c66c49d bdba150f74a046f897e9224cc548319c d002e6798f784832898a9b7548228771 - - default default] Tap Mirror: Handle Delete Port: aab083d7-87d2-48ad-8336-ae4293d577cc
2026-05-26 07:07:03.764 8 INFO neutron.db.ovn_revision_numbers_db [None req-feca4ad1-bad1-462d-921b-78a65276634a 9ee208ff7da746c1ba048b243ba9a3fd faeb430f71c2493da7442650b1aa5efc - - default default] Successfully bumped revision number for resource 5d1ec2fa-85a3-4eb6-bb95-1e520bcea9d0 (type: ports) to 1
2026-05-26 07:07:04.152 7 INFO neutron.services.segments.plugin [-] Segment b4664c9d-4394-4cb0-a6df-8457b10bf8c8 resource provider aggregate not found
2026-05-26 07:07:04.152 7 INFO neutron.services.segments.plugin [-] Segment b4664c9d-4394-4cb0-a6df-8457b10bf8c8 resource provider aggregate not found
2026-05-26 07:07:04.187 7 INFO neutron.services.segments.plugin [-] Segment b4664c9d-4394-4cb0-a6df-8457b10bf8c8 resource provider not found; error: Placement Client Error (4xx): {"errors": [{"status": 404, "title": "Not Found", "detail": "The resource could not be found.\n\n No resource provider with uuid b4664c9d-4394-4cb0-a6df-8457b10bf8c8 found for delete ", "request_id": "req-160915c1-9101-43ef-b554-4f2a2db47313"}]}
2026-05-26 07:07:04.188 7 INFO neutron.services.segments.plugin [-] Segment b4664c9d-4394-4cb0-a6df-8457b10bf8c8 resource provider not found; error: Placement Client Error (4xx): {"errors": [{"status": 404, "title": "Not Found", "detail": "The resource could not be found.\n\n No resource provider with uuid b4664c9d-4394-4cb0-a6df-8457b10bf8c8 found for delete ", "request_id": "req-a993d72d-bed0-4780-93da-03edc10e16e6"}]}
2026-05-26 07:07:04.263 7 INFO neutron.plugins.ml2.drivers.ovn.mech_driver.mech_driver [None req-ffe1b17a-a42c-4d2c-8e26-f5a725174c57 - - - - - -] OVN reports status up for port: 06bd4085-ee7d-4b84-9b7d-ef0ea961ec33
2026-05-26 07:07:04.406 7 INFO neutron.plugins.ml2.plugin [None req-ffe1b17a-a42c-4d2c-8e26-f5a725174c57 - - - - - -] Attempt 1 to provision port 06bd4085-ee7d-4b84-9b7d-ef0ea961ec33
2026-05-26 07:07:04.628 7 INFO neutron.db.ovn_revision_numbers_db [None req-f68527f1-a769-451e-addc-a58f6351c159 - - - - - -] Successfully bumped revision number for resource 7840ad20-116a-4660-be24-1dec6ba85d60 (type: ports) to 4 [pid: 7|app: 0|req: 912/1744] 10.0.0.35 () {32 vars in 725 bytes} [Tue May 26 07:07:02 2026] DELETE /v2.0/networks/fa2dcab3-c888-4f0c-a2e5-9c82daca6762 => generated 0 bytes in 2432 msecs (HTTP/1.1 204) 3 headers in 131 bytes (1 switches on core 0)
2026-05-26 07:07:04.784 8 WARNING neutron.scheduler.dhcp_agent_scheduler [None req-feca4ad1-bad1-462d-921b-78a65276634a 9ee208ff7da746c1ba048b243ba9a3fd faeb430f71c2493da7442650b1aa5efc - - default default] No more DHCP agents
2026-05-26 07:07:04.786 8 WARNING neutron.api.rpc.agentnotifiers.dhcp_rpc_agent_api [None req-feca4ad1-bad1-462d-921b-78a65276634a 9ee208ff7da746c1ba048b243ba9a3fd faeb430f71c2493da7442650b1aa5efc - - default default] Unable to schedule network 2105a092-19ae-41be-9b0c-3f3402d3f825: no agents available; will retry on subsequent port and subnet creation events.
2026-05-26 07:07:05.873 8 INFO neutron.db.ovn_revision_numbers_db [None req-feca4ad1-bad1-462d-921b-78a65276634a 9ee208ff7da746c1ba048b243ba9a3fd faeb430f71c2493da7442650b1aa5efc - - default default] Successfully bumped revision number for resource 5d1ec2fa-85a3-4eb6-bb95-1e520bcea9d0 (type: router_ports) to 1 [pid: 8|app: 0|req: 833/1745] 10.0.0.35 () {34 vars in 782 bytes} [Tue May 26 07:07:02 2026] PUT /v2.0/routers/9013dda5-8513-4bb6-bfc3-8d72471b2353/add_router_interface => generated 309 bytes in 3189 msecs (HTTP/1.1 200) 4 headers in 157 bytes (1 switches on core 0)
2026-05-26 07:07:05.998 7 WARNING neutron.scheduler.dhcp_agent_scheduler [None req-9efeccce-be07-45b2-bc6f-066577461c56 9ee208ff7da746c1ba048b243ba9a3fd faeb430f71c2493da7442650b1aa5efc - - default default] No more DHCP agents
2026-05-26 07:07:06.003 7 WARNING neutron.api.rpc.agentnotifiers.dhcp_rpc_agent_api [None req-9efeccce-be07-45b2-bc6f-066577461c56 9ee208ff7da746c1ba048b243ba9a3fd faeb430f71c2493da7442650b1aa5efc - - default default] Unable to schedule network 2f7e6eb0-1de4-4acd-bc76-e4fb4ee35f48: no agents available; will retry on subsequent port and subnet creation events.
2026-05-26 07:07:06.176 7 INFO neutron.db.ovn_revision_numbers_db [None req-f68527f1-a769-451e-addc-a58f6351c159 - - - - - -] Successfully bumped revision number for resource 7840ad20-116a-4660-be24-1dec6ba85d60 (type: ports) to 5
2026-05-26 07:07:06.205 8 INFO neutron.plugins.ml2.drivers.ovn.mech_driver.mech_driver [None req-0244e131-58ba-4160-958a-f659c8103bc4 - - - - - -] OVN reports status down for port: f7c08df9-d006-4cab-b07e-485bffa65b97
2026-05-26 07:07:06.319 7 INFO neutron.plugins.ml2.drivers.ovn.mech_driver.ovsdb.ovsdb_monitor [None req-f68527f1-a769-451e-addc-a58f6351c159 - - - - - -] Router 9013dda5-8513-4bb6-bfc3-8d72471b2353 is bound to host instance
2026-05-26 07:07:06.335 7 INFO neutron.db.ovn_revision_numbers_db [None req-9efeccce-be07-45b2-bc6f-066577461c56 9ee208ff7da746c1ba048b243ba9a3fd faeb430f71c2493da7442650b1aa5efc - - default default] Successfully bumped revision number for resource f7c08df9-d006-4cab-b07e-485bffa65b97 (type: ports) to 1
2026-05-26 07:07:06.421 8 WARNING neutron.scheduler.dhcp_agent_scheduler [None req-472922bc-d7f6-4f8b-ba29-8968ff143e03 fa5b0b84826b4b2286a1cad80216726c ecae9f902e204638996bea60cd27bac0 - - default default] No more DHCP agents
2026-05-26 07:07:06.422 8 WARNING neutron.api.rpc.agentnotifiers.dhcp_rpc_agent_api [None req-472922bc-d7f6-4f8b-ba29-8968ff143e03 fa5b0b84826b4b2286a1cad80216726c ecae9f902e204638996bea60cd27bac0 - - default default] Unable to schedule network d926a287-aeac-42ca-9e3c-94b67595b568: no agents available; will retry on subsequent port and subnet creation events.
2026-05-26 07:07:06.710 8 INFO neutron.plugins.ml2.drivers.ovn.mech_driver.mech_driver [None req-0244e131-58ba-4160-958a-f659c8103bc4 - - - - - -] OVN reports status down for port: 730ecb68-b77d-4ebf-aee1-38b63f89c3d4
2026-05-26 07:07:06.782 8 INFO neutron.db.ovn_revision_numbers_db [None req-472922bc-d7f6-4f8b-ba29-8968ff143e03 fa5b0b84826b4b2286a1cad80216726c ecae9f902e204638996bea60cd27bac0 - - default default] Successfully bumped revision number for resource 730ecb68-b77d-4ebf-aee1-38b63f89c3d4 (type: ports) to 1
2026-05-26 07:07:07.350 7 INFO neutron.plugins.ml2.drivers.ovn.mech_driver.mech_driver [None req-ffe1b17a-a42c-4d2c-8e26-f5a725174c57 - - - - - -] OVN reports status down for port: 5d1ec2fa-85a3-4eb6-bb95-1e520bcea9d0
2026-05-26 07:07:07.610 8 INFO neutron.plugins.ml2.drivers.ovn.mech_driver.mech_driver [None req-0244e131-58ba-4160-958a-f659c8103bc4 - - - - - -] OVN reports status up for port: f7c08df9-d006-4cab-b07e-485bffa65b97
2026-05-26 07:07:07.651 8 INFO neutron.plugins.ml2.plugin [None req-0244e131-58ba-4160-958a-f659c8103bc4 - - - - - -] Attempt 1 to provision port f7c08df9-d006-4cab-b07e-485bffa65b97
2026-05-26 07:07:07.669 7 WARNING neutron.plugins.ml2.drivers.ovn.mech_driver.ovsdb.ovn_client [None req-ffe1b17a-a42c-4d2c-8e26-f5a725174c57 - - - - - -] Logical_Switch_Port 5d1ec2fa-85a3-4eb6-bb95-1e520bcea9d0 host information not removed, the port state is up
2026-05-26 07:07:07.669 7 INFO neutron.plugins.ml2.drivers.ovn.mech_driver.mech_driver [None req-ffe1b17a-a42c-4d2c-8e26-f5a725174c57 - - - - - -] OVN reports status up for port: 5d1ec2fa-85a3-4eb6-bb95-1e520bcea9d0
2026-05-26 07:07:07.724 7 INFO neutron.plugins.ml2.plugin [None req-ffe1b17a-a42c-4d2c-8e26-f5a725174c57 - - - - - -] Attempt 1 to provision port 5d1ec2fa-85a3-4eb6-bb95-1e520bcea9d0
2026-05-26 07:07:07.814 7 WARNING neutron.scheduler.dhcp_agent_scheduler [None req-9efeccce-be07-45b2-bc6f-066577461c56 9ee208ff7da746c1ba048b243ba9a3fd faeb430f71c2493da7442650b1aa5efc - - default default] No more DHCP agents
2026-05-26 07:07:07.837 7 WARNING neutron.api.rpc.agentnotifiers.dhcp_rpc_agent_api [None req-9efeccce-be07-45b2-bc6f-066577461c56 9ee208ff7da746c1ba048b243ba9a3fd faeb430f71c2493da7442650b1aa5efc - - default default] Unable to schedule network 2f7e6eb0-1de4-4acd-bc76-e4fb4ee35f48: no agents available; will retry on subsequent port and subnet creation events.
2026-05-26 07:07:07.915 8 WARNING neutron.scheduler.dhcp_agent_scheduler [None req-472922bc-d7f6-4f8b-ba29-8968ff143e03 fa5b0b84826b4b2286a1cad80216726c ecae9f902e204638996bea60cd27bac0 - - default default] No more DHCP agents
2026-05-26 07:07:07.917 8 WARNING neutron.api.rpc.agentnotifiers.dhcp_rpc_agent_api [None req-472922bc-d7f6-4f8b-ba29-8968ff143e03 fa5b0b84826b4b2286a1cad80216726c ecae9f902e204638996bea60cd27bac0 - - default default] Unable to schedule network d926a287-aeac-42ca-9e3c-94b67595b568: no agents available; will retry on subsequent port and subnet creation events.
2026-05-26 07:07:08.291 8 INFO neutron.db.ovn_revision_numbers_db [None req-472922bc-d7f6-4f8b-ba29-8968ff143e03 fa5b0b84826b4b2286a1cad80216726c ecae9f902e204638996bea60cd27bac0 - - default default] Successfully bumped revision number for resource 730ecb68-b77d-4ebf-aee1-38b63f89c3d4 (type: router_ports) to 1 [pid: 8|app: 0|req: 834/1746] 10.0.0.35 () {34 vars in 782 bytes} [Tue May 26 07:07:05 2026] PUT /v2.0/routers/8bed8b83-881e-4890-8702-8f9e16a0291d/add_router_interface => generated 309 bytes in 2425 msecs (HTTP/1.1 200) 4 headers in 157 bytes (1 switches on core 0)
2026-05-26 07:07:08.552 8 INFO neutron_taas.services.taas.taas_plugin [None req-8dbabbbb-7a12-48c0-a318-4605577fcdeb bdba150f74a046f897e9224cc548319c d002e6798f784832898a9b7548228771 - - default default] TaaS: Handle Delete Port: 0e96286c-631d-436f-a848-6280867fa66b
2026-05-26 07:07:08.556 8 INFO neutron_taas.services.taas.tap_mirror_plugin [None req-8dbabbbb-7a12-48c0-a318-4605577fcdeb bdba150f74a046f897e9224cc548319c d002e6798f784832898a9b7548228771 - - default default] Tap Mirror: Handle Delete Port: 0e96286c-631d-436f-a848-6280867fa66b
2026-05-26 07:07:08.649 8 INFO neutron.db.ovn_revision_numbers_db [None req-0244e131-58ba-4160-958a-f659c8103bc4 - - - - - -] Successfully bumped revision number for resource f7c08df9-d006-4cab-b07e-485bffa65b97 (type: ports) to 2
2026-05-26 07:07:08.904 8 INFO neutron.services.segments.plugin [-] Segment af293b29-0144-4ea6-a635-a4229a5ed11c resource provider aggregate not found
2026-05-26 07:07:08.908 7 INFO neutron.db.ovn_revision_numbers_db [None req-605fc159-fc15-48a1-bf5f-bf12d704e61e - - - - - -] Successfully bumped revision number for resource 06bd4085-ee7d-4b84-9b7d-ef0ea961ec33 (type: ports) to 4
2026-05-26 07:07:08.910 8 INFO neutron.services.segments.plugin [-] Segment af293b29-0144-4ea6-a635-a4229a5ed11c resource provider aggregate not found
2026-05-26 07:07:08.933 8 INFO neutron.services.segments.plugin [-] Segment af293b29-0144-4ea6-a635-a4229a5ed11c resource provider not found; error: Placement Client Error (4xx): {"errors": [{"status": 404, "title": "Not Found", "detail": "The resource could not be found.\n\n No resource provider with uuid af293b29-0144-4ea6-a635-a4229a5ed11c found for delete ", "request_id": "req-205f1c38-6ebc-47b7-8e4b-013cb2a46d2c"}]}
2026-05-26 07:07:08.935 8 INFO neutron.services.segments.plugin [-] Segment af293b29-0144-4ea6-a635-a4229a5ed11c resource provider not found; error: Placement Client Error (4xx): {"errors": [{"status": 404, "title": "Not Found", "detail": "The resource could not be found.\n\n No resource provider with uuid af293b29-0144-4ea6-a635-a4229a5ed11c found for delete ", "request_id": "req-dc92d1f7-ad00-4c7f-a8b5-c289f3ab541a"}]} [pid: 8|app: 0|req: 835/1747] 10.0.0.35 () {32 vars in 725 bytes} [Tue May 26 07:07:08 2026] DELETE /v2.0/networks/36108b76-cafb-4fc9-887b-0f4d7758ed6a => generated 0 bytes in 651 msecs (HTTP/1.1 204) 3 headers in 131 bytes (1 switches on core 0)
2026-05-26 07:07:08.982 7 INFO neutron.db.ovn_revision_numbers_db [None req-ffe1b17a-a42c-4d2c-8e26-f5a725174c57 - - - - - -] Successfully bumped revision number for resource 5d1ec2fa-85a3-4eb6-bb95-1e520bcea9d0 (type: ports) to 2 [pid: 8|app: 0|req: 836/1748] 10.0.0.199 () {34 vars in 982 bytes} [Tue May 26 07:07:08 2026] GET /v2.0/networks?id=2105a092-19ae-41be-9b0c-3f3402d3f825 => generated 715 bytes in 65 msecs (HTTP/1.1 200) 4 headers in 157 bytes (1 switches on core 0) [pid: 8|app: 0|req: 839/1751] 10.0.0.35 () {32 vars in 716 bytes} [Tue May 26 07:07:09 2026] GET /v2.0/ports/730ecb68-b77d-4ebf-aee1-38b63f89c3d4 => generated 941 bytes in 106 msecs (HTTP/1.1 200) 4 headers in 157 bytes (1 switches on core 0)
2026-05-26 07:07:09.369 8 INFO neutron_taas.services.taas.taas_plugin [None req-31cbaac9-55ce-468d-a49d-08821ea232f9 bdba150f74a046f897e9224cc548319c d002e6798f784832898a9b7548228771 - - default default] TaaS: Handle Delete Port: 955eb34d-1038-4d51-8e52-15c1a8cab5ff
2026-05-26 07:07:09.371 8 INFO neutron_taas.services.taas.tap_mirror_plugin [None req-31cbaac9-55ce-468d-a49d-08821ea232f9 bdba150f74a046f897e9224cc548319c d002e6798f784832898a9b7548228771 - - default default] Tap Mirror: Handle Delete Port: 955eb34d-1038-4d51-8e52-15c1a8cab5ff
2026-05-26 07:07:09.587 7 INFO neutron.db.ovn_revision_numbers_db [None req-9efeccce-be07-45b2-bc6f-066577461c56 9ee208ff7da746c1ba048b243ba9a3fd faeb430f71c2493da7442650b1aa5efc - - default default] Successfully bumped revision number for resource f7c08df9-d006-4cab-b07e-485bffa65b97 (type: router_ports) to 1 [pid: 7|app: 0|req: 913/1752] 10.0.0.35 () {34 vars in 782 bytes} [Tue May 26 07:07:04 2026] PUT /v2.0/routers/5134a532-fa89-4072-a284-5ab3125a417f/add_router_interface => generated 309 bytes in 4850 msecs (HTTP/1.1 200) 4 headers in 157 bytes (1 switches on core 0) [pid: 7|app: 0|req: 914/1753] 10.0.0.199 () {34 vars in 965 bytes} [Tue May 26 07:07:09 2026] GET /v2.0/quotas/b6a59e600a0d4bab88d488d85d6a9144 => generated 292 bytes in 16 msecs (HTTP/1.1 200) 4 headers in 157 bytes (1 switches on core 0) [pid: 7|app: 0|req: 915/1754] 10.0.0.35 () {32 vars in 716 bytes} [Tue May 26 07:07:09 2026] GET /v2.0/ports/730ecb68-b77d-4ebf-aee1-38b63f89c3d4 => generated 941 bytes in 71 msecs (HTTP/1.1 200) 4 headers in 157 bytes (1 switches on core 0) [pid: 7|app: 0|req: 916/1755] 10.0.0.199 () {34 vars in 1002 bytes} [Tue May 26 07:07:09 2026] GET /v2.0/ports?tenant_id=b6a59e600a0d4bab88d488d85d6a9144&fields=id => generated 103 bytes in 99 msecs (HTTP/1.1 200) 4 headers in 157 bytes (1 switches on core 0) [pid: 7|app: 0|req: 917/1756] 10.0.0.199 () {34 vars in 1008 bytes} [Tue May 26 07:07:09 2026] GET /v2.0/networks/2105a092-19ae-41be-9b0c-3f3402d3f825?fields=segments => generated 14 bytes in 36 msecs (HTTP/1.1 200) 4 headers in 156 bytes (1 switches on core 0) [pid: 7|app: 0|req: 918/1757] 10.0.0.199 () {34 vars in 1108 bytes} [Tue May 26 07:07:09 2026] GET /v2.0/networks/2105a092-19ae-41be-9b0c-3f3402d3f825?fields=provider%3Aphysical_network&fields=provider%3Anetwork_type => generated 79 bytes in 42 msecs (HTTP/1.1 200) 4 headers in 156 bytes (1 switches on core 0) [pid: 7|app: 0|req: 919/1758] 10.0.0.199 () {34 vars in 990 bytes} [Tue May 26 07:07:10 2026] GET /v2.0/ports?device_id=d12b6a48-f5fd-42d6-a981-a7a52dc82f3e => generated 12 bytes in 50 msecs (HTTP/1.1 200) 4 headers in 156 bytes (1 switches on core 0)
2026-05-26 07:07:10.314 7 INFO neutron.db.ovn_revision_numbers_db [None req-605fc159-fc15-48a1-bf5f-bf12d704e61e - - - - - -] Successfully bumped revision number for resource 06bd4085-ee7d-4b84-9b7d-ef0ea961ec33 (type: ports) to 5 [pid: 8|app: 0|req: 840/1759] 10.0.0.35 () {32 vars in 725 bytes} [Tue May 26 07:07:09 2026] DELETE /v2.0/networks/da36e010-b069-4341-aff1-de3664e30583 => generated 0 bytes in 1277 msecs (HTTP/1.1 204) 3 headers in 131 bytes (1 switches on core 0)
2026-05-26 07:07:10.572 7 INFO neutron_taas.services.taas.taas_plugin [None req-fc8eaad4-18bf-4892-9732-0f7f06d32d66 bdba150f74a046f897e9224cc548319c d002e6798f784832898a9b7548228771 - - default default] TaaS: Handle Delete Port: 822bfbf3-4377-4b3b-bf9d-684138ec8ca0
2026-05-26 07:07:10.578 7 INFO neutron_taas.services.taas.tap_mirror_plugin [None req-fc8eaad4-18bf-4892-9732-0f7f06d32d66 bdba150f74a046f897e9224cc548319c d002e6798f784832898a9b7548228771 - - default default] Tap Mirror: Handle Delete Port: 822bfbf3-4377-4b3b-bf9d-684138ec8ca0 [pid: 8|app: 0|req: 841/1760] 10.0.0.35 () {32 vars in 716 bytes} [Tue May 26 07:07:10 2026] GET /v2.0/ports/730ecb68-b77d-4ebf-aee1-38b63f89c3d4 => generated 941 bytes in 37 msecs (HTTP/1.1 200) 4 headers in 157 bytes (1 switches on core 0)
2026-05-26 07:07:10.954 8 INFO neutron.services.segments.plugin [-] Segment d65273f7-8a17-459e-9ffd-a75b0962f38c resource provider aggregate not found
2026-05-26 07:07:10.958 8 INFO neutron.services.segments.plugin [-] Segment d65273f7-8a17-459e-9ffd-a75b0962f38c resource provider aggregate not found
2026-05-26 07:07:10.972 8 INFO neutron.services.segments.plugin [-] Segment d65273f7-8a17-459e-9ffd-a75b0962f38c resource provider not found; error: Placement Client Error (4xx): {"errors": [{"status": 404, "title": "Not Found", "detail": "The resource could not be found.\n\n No resource provider with uuid d65273f7-8a17-459e-9ffd-a75b0962f38c found for delete ", "request_id": "req-3c618b1a-1d3f-4ae9-b4eb-0ba2c7bf2018"}]}
2026-05-26 07:07:10.984 8 INFO neutron.services.segments.plugin [-] Segment d65273f7-8a17-459e-9ffd-a75b0962f38c resource provider not found; error: Placement Client Error (4xx): {"errors": [{"status": 404, "title": "Not Found", "detail": "The resource could not be found.\n\n No resource provider with uuid d65273f7-8a17-459e-9ffd-a75b0962f38c found for delete ", "request_id": "req-22db74bb-f89a-4d80-b49e-7a30aa209a89"}]}
2026-05-26 07:07:11.446 7 INFO neutron.services.segments.plugin [-] Segment 869ca70a-7389-47e6-805c-bd3b5ec118d7 resource provider aggregate not found
2026-05-26 07:07:11.457 7 INFO neutron.services.segments.plugin [-] Segment 869ca70a-7389-47e6-805c-bd3b5ec118d7 resource provider aggregate not found
2026-05-26 07:07:11.467 7 INFO neutron.services.segments.plugin [-] Segment 869ca70a-7389-47e6-805c-bd3b5ec118d7 resource provider not found; error: Placement Client Error (4xx): {"errors": [{"status": 404, "title": "Not Found", "detail": "The resource could not be found.\n\n No resource provider with uuid 869ca70a-7389-47e6-805c-bd3b5ec118d7 found for delete ", "request_id": "req-dce2ed50-3bf9-4094-9724-58c800269360"}]}
2026-05-26 07:07:11.485 7 INFO neutron.services.segments.plugin [-] Segment 869ca70a-7389-47e6-805c-bd3b5ec118d7 resource provider not found; error: Placement Client Error (4xx): {"errors": [{"status": 404, "title": "Not Found", "detail": "The resource could not be found.\n\n No resource provider with uuid 869ca70a-7389-47e6-805c-bd3b5ec118d7 found for delete ", "request_id": "req-e4e21215-54cc-430b-b5ae-222e3058e7ce"}]}
2026-05-26 07:07:12.673 8 INFO neutron.db.ovn_revision_numbers_db [None req-b05ee8f6-8d5f-4151-9dc0-6fad6c885d6d 9ee208ff7da746c1ba048b243ba9a3fd faeb430f71c2493da7442650b1aa5efc - - default default] Successfully bumped revision number for resource fdd40a0c-80b6-4607-958b-7dfbf605898b (type: security_groups) to 1 [pid: 7|app: 0|req: 920/1761] 10.0.0.35 () {32 vars in 725 bytes} [Tue May 26 07:07:10 2026] DELETE /v2.0/networks/30ed395b-72a8-480a-b842-76623c12917b => generated 0 bytes in 2277 msecs (HTTP/1.1 204) 3 headers in 131 bytes (1 switches on core 0) [pid: 7|app: 0|req: 921/1762] 10.0.0.199 () {34 vars in 990 bytes} [Tue May 26 07:07:12 2026] GET /v2.0/ports?device_id=d12b6a48-f5fd-42d6-a981-a7a52dc82f3e => generated 12 bytes in 24 msecs (HTTP/1.1 200) 4 headers in 156 bytes (1 switches on core 0) [pid: 7|app: 0|req: 922/1763] 10.0.0.35 () {32 vars in 716 bytes} [Tue May 26 07:07:12 2026] GET /v2.0/ports/730ecb68-b77d-4ebf-aee1-38b63f89c3d4 => generated 941 bytes in 36 msecs (HTTP/1.1 200) 4 headers in 157 bytes (1 switches on core 0)
2026-05-26 07:07:12.840 8 INFO neutron.db.ovn_revision_numbers_db [None req-b05ee8f6-8d5f-4151-9dc0-6fad6c885d6d 9ee208ff7da746c1ba048b243ba9a3fd faeb430f71c2493da7442650b1aa5efc - - default default] Successfully bumped revision number for resource 019b2655-b900-4074-90fc-3229fc364dca (type: security_group_rules) to 0
2026-05-26 07:07:12.910 7 INFO neutron_taas.services.taas.taas_plugin [None req-73ba4e8e-cbb6-4199-8ddc-bb1cfeb6d177 bdba150f74a046f897e9224cc548319c d002e6798f784832898a9b7548228771 - - default default] TaaS: Handle Delete Port: 84fffd91-a642-4bb0-a3f4-cabcb38db1c7
2026-05-26 07:07:12.913 7 INFO neutron_taas.services.taas.tap_mirror_plugin [None req-73ba4e8e-cbb6-4199-8ddc-bb1cfeb6d177 bdba150f74a046f897e9224cc548319c d002e6798f784832898a9b7548228771 - - default default] Tap Mirror: Handle Delete Port: 84fffd91-a642-4bb0-a3f4-cabcb38db1c7
2026-05-26 07:07:13.022 8 INFO neutron.db.ovn_revision_numbers_db [None req-b05ee8f6-8d5f-4151-9dc0-6fad6c885d6d 9ee208ff7da746c1ba048b243ba9a3fd faeb430f71c2493da7442650b1aa5efc - - default default] Successfully bumped revision number for resource ccb9cf25-2653-4570-999e-2197d5b1678b (type: security_group_rules) to 0
2026-05-26 07:07:13.231 8 INFO neutron.db.ovn_revision_numbers_db [None req-b05ee8f6-8d5f-4151-9dc0-6fad6c885d6d 9ee208ff7da746c1ba048b243ba9a3fd faeb430f71c2493da7442650b1aa5efc - - default default] Successfully bumped revision number for resource e853d0d7-b43a-4d9e-a885-73e85c13f69d (type: security_group_rules) to 0
2026-05-26 07:07:13.386 8 INFO neutron.db.ovn_revision_numbers_db [None req-b05ee8f6-8d5f-4151-9dc0-6fad6c885d6d 9ee208ff7da746c1ba048b243ba9a3fd faeb430f71c2493da7442650b1aa5efc - - default default] Successfully bumped revision number for resource ffb7285b-b2f1-4e24-b531-3e5681f2f77a (type: security_group_rules) to 0
2026-05-26 07:07:13.476 8 INFO neutron.db.segments_db [None req-b05ee8f6-8d5f-4151-9dc0-6fad6c885d6d 9ee208ff7da746c1ba048b243ba9a3fd faeb430f71c2493da7442650b1aa5efc - - default default] Added segment df51625d-2c69-47d2-ac66-8819f034679d of type geneve for network 6598519e-a111-4248-86fd-9ef65d218b77
2026-05-26 07:07:13.535 8 WARNING neutron.plugins.ml2.drivers.ovn.mech_driver.ovsdb.ovn_client [None req-0b9cffa3-fbac-4c3b-b6a9-1ef29a45213a - - - - - -] No hosting information found for port f7c08df9-d006-4cab-b07e-485bffa65b97: RuntimeError: No hosting information found for port f7c08df9-d006-4cab-b07e-485bffa65b97
2026-05-26 07:07:13.537 8 INFO neutron.plugins.ml2.drivers.ovn.mech_driver.mech_driver [None req-0b9cffa3-fbac-4c3b-b6a9-1ef29a45213a - - - - - -] OVN reports status up for port: 730ecb68-b77d-4ebf-aee1-38b63f89c3d4
2026-05-26 07:07:13.726 8 INFO neutron.plugins.ml2.plugin [None req-0b9cffa3-fbac-4c3b-b6a9-1ef29a45213a - - - - - -] Attempt 1 to provision port 730ecb68-b77d-4ebf-aee1-38b63f89c3d4
2026-05-26 07:07:13.821 7 INFO neutron.services.segments.plugin [-] Segment 40fd072d-447e-4ab6-b7d5-a604d1470087 resource provider aggregate not found
2026-05-26 07:07:13.831 7 INFO neutron.services.segments.plugin [-] Segment 40fd072d-447e-4ab6-b7d5-a604d1470087 resource provider aggregate not found
2026-05-26 07:07:13.844 7 INFO neutron.services.segments.plugin [-] Segment 40fd072d-447e-4ab6-b7d5-a604d1470087 resource provider not found; error: Placement Client Error (4xx): {"errors": [{"status": 404, "title": "Not Found", "detail": "The resource could not be found.\n\n No resource provider with uuid 40fd072d-447e-4ab6-b7d5-a604d1470087 found for delete ", "request_id": "req-b51e3b06-7d64-418e-9e56-a938e278dcb9"}]}
2026-05-26 07:07:13.859 7 INFO neutron.services.segments.plugin [-] Segment 40fd072d-447e-4ab6-b7d5-a604d1470087 resource provider not found; error: Placement Client Error (4xx): {"errors": [{"status": 404, "title": "Not Found", "detail": "The resource could not be found.\n\n No resource provider with uuid 40fd072d-447e-4ab6-b7d5-a604d1470087 found for delete ", "request_id": "req-2c838db1-4414-4fe3-a72e-4fd19154985d"}]}
2026-05-26 07:07:13.968 8 INFO neutron.db.ovn_revision_numbers_db [None req-b05ee8f6-8d5f-4151-9dc0-6fad6c885d6d 9ee208ff7da746c1ba048b243ba9a3fd faeb430f71c2493da7442650b1aa5efc - - default default] Successfully bumped revision number for resource 6598519e-a111-4248-86fd-9ef65d218b77 (type: networks) to 1
2026-05-26 07:07:14.048 7 WARNING neutron.plugins.ml2.drivers.ovn.mech_driver.ovsdb.ovn_client [None req-b984a7a1-b3e6-4dbe-98f0-d1ce36c4ce7f - - - - - -] No hosting information found for port 5d1ec2fa-85a3-4eb6-bb95-1e520bcea9d0: RuntimeError: No hosting information found for port 5d1ec2fa-85a3-4eb6-bb95-1e520bcea9d0 [pid: 7|app: 0|req: 923/1764] 10.0.0.35 () {32 vars in 725 bytes} [Tue May 26 07:07:12 2026] DELETE /v2.0/networks/4bc0998a-2139-46e0-8e5d-eb1c856da197 => generated 0 bytes in 1379 msecs (HTTP/1.1 204) 3 headers in 131 bytes (1 switches on core 0) [pid: 7|app: 0|req: 924/1765] 10.0.0.35 () {32 vars in 716 bytes} [Tue May 26 07:07:14 2026] GET /v2.0/ports/730ecb68-b77d-4ebf-aee1-38b63f89c3d4 => generated 943 bytes in 74 msecs (HTTP/1.1 200) 4 headers in 157 bytes (1 switches on core 0) [pid: 7|app: 0|req: 925/1766] 10.0.0.199 () {34 vars in 990 bytes} [Tue May 26 07:07:14 2026] GET /v2.0/ports?device_id=d12b6a48-f5fd-42d6-a981-a7a52dc82f3e => generated 12 bytes in 21 msecs (HTTP/1.1 200) 4 headers in 156 bytes (1 switches on core 0)
2026-05-26 07:07:14.308 7 INFO neutron.db.ovn_revision_numbers_db [None req-b984a7a1-b3e6-4dbe-98f0-d1ce36c4ce7f - - - - - -] Successfully bumped revision number for resource 5d1ec2fa-85a3-4eb6-bb95-1e520bcea9d0 (type: router_ports) to 2
2026-05-26 07:07:14.494 8 WARNING neutron.scheduler.dhcp_agent_scheduler [None req-b05ee8f6-8d5f-4151-9dc0-6fad6c885d6d 9ee208ff7da746c1ba048b243ba9a3fd faeb430f71c2493da7442650b1aa5efc - - default default] No more DHCP agents
2026-05-26 07:07:14.496 8 WARNING neutron.api.rpc.agentnotifiers.dhcp_rpc_agent_api [None req-b05ee8f6-8d5f-4151-9dc0-6fad6c885d6d 9ee208ff7da746c1ba048b243ba9a3fd faeb430f71c2493da7442650b1aa5efc - - default default] Unable to schedule network 6598519e-a111-4248-86fd-9ef65d218b77: no agents available; will retry on subsequent port and subnet creation events.
2026-05-26 07:07:14.711 8 INFO neutron.db.ovn_revision_numbers_db [None req-0b9cffa3-fbac-4c3b-b6a9-1ef29a45213a - - - - - -] Successfully bumped revision number for resource 730ecb68-b77d-4ebf-aee1-38b63f89c3d4 (type: ports) to 2
2026-05-26 07:07:14.728 7 INFO neutron_taas.services.taas.taas_plugin [None req-480d6469-3a2a-46cd-ae70-afaa4c39bcdd fa5b0b84826b4b2286a1cad80216726c ecae9f902e204638996bea60cd27bac0 - - default default] TaaS: Handle Delete Port: 730ecb68-b77d-4ebf-aee1-38b63f89c3d4
2026-05-26 07:07:14.733 7 INFO neutron_taas.services.taas.tap_mirror_plugin [None req-480d6469-3a2a-46cd-ae70-afaa4c39bcdd fa5b0b84826b4b2286a1cad80216726c ecae9f902e204638996bea60cd27bac0 - - default default] Tap Mirror: Handle Delete Port: 730ecb68-b77d-4ebf-aee1-38b63f89c3d4
2026-05-26 07:07:14.813 8 INFO neutron.db.ovn_revision_numbers_db [None req-b05ee8f6-8d5f-4151-9dc0-6fad6c885d6d 9ee208ff7da746c1ba048b243ba9a3fd faeb430f71c2493da7442650b1aa5efc - - default default] Successfully bumped revision number for resource 076426a3-a2d8-4b1d-85c0-34beec5348a6 (type: ports) to 1 [pid: 8|app: 0|req: 842/1767] 10.0.0.35 () {34 vars in 670 bytes} [Tue May 26 07:07:11 2026] POST /v2.0/networks => generated 782 bytes in 3792 msecs (HTTP/1.1 201) 4 headers in 162 bytes (1 switches on core 0)
2026-05-26 07:07:15.286 8 WARNING neutron.scheduler.dhcp_agent_scheduler [None req-fcae25f2-ab88-4723-bd69-660b6adc5281 9ee208ff7da746c1ba048b243ba9a3fd faeb430f71c2493da7442650b1aa5efc - - default default] No more DHCP agents
2026-05-26 07:07:15.287 8 WARNING neutron.api.rpc.agentnotifiers.dhcp_rpc_agent_api [None req-fcae25f2-ab88-4723-bd69-660b6adc5281 9ee208ff7da746c1ba048b243ba9a3fd faeb430f71c2493da7442650b1aa5efc - - default default] Unable to schedule network 6598519e-a111-4248-86fd-9ef65d218b77: no agents available; will retry on subsequent port and subnet creation events. [pid: 7|app: 0|req: 926/1768] 10.0.0.35 () {34 vars in 788 bytes} [Tue May 26 07:07:14 2026] PUT /v2.0/routers/8bed8b83-881e-4890-8702-8f9e16a0291d/remove_router_interface => generated 309 bytes in 1167 msecs (HTTP/1.1 200) 4 headers in 157 bytes (1 switches on core 0) /var/lib/openstack/lib/python3.12/site-packages/pycadf/identifier.py:70: UserWarning: Invalid uuid: neutron. To ensure interoperability, identifiers should be a valid uuid. warnings.warn(('Invalid uuid: %s. To ensure interoperability, ' [pid: 7|app: 0|req: 927/1769] 10.0.0.199 () {34 vars in 990 bytes} [Tue May 26 07:07:15 2026] GET /v2.0/ports?device_id=d12b6a48-f5fd-42d6-a981-a7a52dc82f3e => generated 12 bytes in 24 msecs (HTTP/1.1 200) 4 headers in 156 bytes (1 switches on core 0) [pid: 7|app: 0|req: 928/1770] 10.0.0.35 () {32 vars in 735 bytes} [Tue May 26 07:07:15 2026] GET /v2.0/ports?device_id=8bed8b83-881e-4890-8702-8f9e16a0291d => generated 12 bytes in 17 msecs (HTTP/1.1 200) 4 headers in 156 bytes (1 switches on core 0) [pid: 7|app: 0|req: 929/1771] 10.0.0.35 () {32 vars in 723 bytes} [Tue May 26 07:07:15 2026] DELETE /v2.0/routers/8bed8b83-881e-4890-8702-8f9e16a0291d => generated 0 bytes in 257 msecs (HTTP/1.1 204) 2 headers in 112 bytes (1 switches on core 0)
2026-05-26 07:07:15.840 8 INFO neutron.db.ovn_revision_numbers_db [None req-3e9c79fa-fe8d-4b94-be0b-c0558a996941 - - - - - -] Successfully bumped revision number for resource 076426a3-a2d8-4b1d-85c0-34beec5348a6 (type: ports) to 2
