Jun 26 10:04:00.841564 np0000183155 devstack@n-api.service[100259]: [pid: 100259|app: 0|req: 39/157] 199.204.45.38 () {72 vars in 1425 bytes} [Fri Jun 26 10:04:00 2026] POST /compute/v2.1/servers => generated 386 bytes in 821 msecs (HTTP/1.1 202) 10 headers in 456 bytes (1 switches on core 0)
Jun 26 10:04:00.852588 np0000183155 devstack@n-api.service[100261]: DEBUG nova.virt.hardware [None req-2695af65-9fb3-46ab-a20e-b9d5860b3840 demo demo] Flavor limits 0:0:0 {{(pid=100261) get_cpu_topology_constraints /opt/stack/nova/nova/virt/hardware.py:488}}
Jun 26 10:04:00.853079 np0000183155 devstack@n-api.service[100261]: DEBUG nova.virt.hardware [None req-2695af65-9fb3-46ab-a20e-b9d5860b3840 demo demo] Image limits 0:0:0 {{(pid=100261) get_cpu_topology_constraints /opt/stack/nova/nova/virt/hardware.py:492}}
Jun 26 10:04:00.853341 np0000183155 devstack@n-api.service[100261]: DEBUG nova.virt.hardware [None req-2695af65-9fb3-46ab-a20e-b9d5860b3840 demo demo] Flavor pref 0:0:0 {{(pid=100261) get_cpu_topology_constraints /opt/stack/nova/nova/virt/hardware.py:528}}
Jun 26 10:04:00.853549 np0000183155 devstack@n-api.service[100261]: DEBUG nova.virt.hardware [None req-2695af65-9fb3-46ab-a20e-b9d5860b3840 demo demo] Image pref 0:0:0 {{(pid=100261) get_cpu_topology_constraints /opt/stack/nova/nova/virt/hardware.py:532}}
Jun 26 10:04:00.853762 np0000183155 devstack@n-api.service[100261]: DEBUG nova.virt.hardware [None req-2695af65-9fb3-46ab-a20e-b9d5860b3840 demo demo] Chose sockets=0, cores=0, threads=0; limits were sockets=65536, cores=65536, threads=65536 {{(pid=100261) get_cpu_topology_constraints /opt/stack/nova/nova/virt/hardware.py:570}}
Jun 26 10:04:00.877018 np0000183155 devstack@n-api.service[100261]: DEBUG oslo_concurrency.lockutils [None req-2695af65-9fb3-46ab-a20e-b9d5860b3840 demo demo] Acquiring lock "00000000-0000-0000-0000-000000000000" by "nova.context.set_target_cell..get_or_set_cached_cell_and_set_connections" {{(pid=100261) inner /opt/stack/data/venv/lib/python3.12/site-packages/oslo_concurrency/lockutils.py:511}}
Jun 26 10:04:00.877259 np0000183155 devstack@n-api.service[100261]: DEBUG oslo_concurrency.lockutils [None req-2695af65-9fb3-46ab-a20e-b9d5860b3840 demo demo] Lock "00000000-0000-0000-0000-000000000000" acquired by "nova.context.set_target_cell..get_or_set_cached_cell_and_set_connections" :: waited 0.001s {{(pid=100261) inner /opt/stack/data/venv/lib/python3.12/site-packages/oslo_concurrency/lockutils.py:524}}
Jun 26 10:04:00.877422 np0000183155 devstack@n-api.service[100261]: DEBUG oslo_concurrency.lockutils [None req-2695af65-9fb3-46ab-a20e-b9d5860b3840 demo demo] Lock "00000000-0000-0000-0000-000000000000" "released" by "nova.context.set_target_cell..get_or_set_cached_cell_and_set_connections" :: held 0.000s {{(pid=100261) inner /opt/stack/data/venv/lib/python3.12/site-packages/oslo_concurrency/lockutils.py:543}}
Jun 26 10:04:00.878237 np0000183155 devstack@n-api.service[100261]: DEBUG oslo_concurrency.lockutils [None req-2695af65-9fb3-46ab-a20e-b9d5860b3840 demo demo] Acquiring lock "c36b9252-fcf3-4489-8db5-de6807aba2bb" by "nova.context.set_target_cell..get_or_set_cached_cell_and_set_connections" {{(pid=100261) inner /opt/stack/data/venv/lib/python3.12/site-packages/oslo_concurrency/lockutils.py:511}}
Jun 26 10:04:00.878647 np0000183155 devstack@n-api.service[100261]: DEBUG oslo_concurrency.lockutils [None req-2695af65-9fb3-46ab-a20e-b9d5860b3840 demo demo] Lock "c36b9252-fcf3-4489-8db5-de6807aba2bb" acquired by "nova.context.set_target_cell..get_or_set_cached_cell_and_set_connections" :: waited 0.000s {{(pid=100261) inner /opt/stack/data/venv/lib/python3.12/site-packages/oslo_concurrency/lockutils.py:524}}
Jun 26 10:04:00.878647 np0000183155 devstack@n-api.service[100261]: DEBUG oslo_concurrency.lockutils [None req-2695af65-9fb3-46ab-a20e-b9d5860b3840 demo demo] Lock "c36b9252-fcf3-4489-8db5-de6807aba2bb" "released" by "nova.context.set_target_cell..get_or_set_cached_cell_and_set_connections" :: held 0.000s {{(pid=100261) inner /opt/stack/data/venv/lib/python3.12/site-packages/oslo_concurrency/lockutils.py:543}}
Jun 26 10:04:00.904746 np0000183155 devstack@n-api.service[100261]: DEBUG nova.quota [None req-2695af65-9fb3-46ab-a20e-b9d5860b3840 demo demo] Getting quotas for project 04f88ff5a949446782c9978b1578a6c8. Resources: {'cores', 'instances', 'ram'} {{(pid=100261) _get_quotas /opt/stack/nova/nova/quota.py:392}}
Jun 26 10:04:00.909713 np0000183155 devstack@n-api.service[100261]: DEBUG nova.quota [None req-2695af65-9fb3-46ab-a20e-b9d5860b3840 demo demo] Getting quotas for user c76d6807087149d0baa1f0ace4cb9175 and project 04f88ff5a949446782c9978b1578a6c8. Resources: {'cores', 'instances', 'ram'} {{(pid=100261) _get_quotas /opt/stack/nova/nova/quota.py:382}}
Jun 26 10:04:00.923533 np0000183155 devstack@n-api.service[100261]: DEBUG nova.compute.api [None req-2695af65-9fb3-46ab-a20e-b9d5860b3840 demo demo] Going to run 1 instances... {{(pid=100261) _provision_instances /opt/stack/nova/nova/compute/api.py:1480}}
Jun 26 10:04:00.929951 np0000183155 devstack@n-api.service[100261]: DEBUG nova.compute.api [None req-2695af65-9fb3-46ab-a20e-b9d5860b3840 demo demo] [instance: 3694aee6-6e4b-4af9-a0c2-b12a10a8a5de] block_device_mapping [BlockDeviceMapping(attachment_id=,boot_index=0,connection_info=None,created_at=,delete_on_termination=True,deleted=,deleted_at=,destination_type='local',device_name=None,device_type=None,disk_bus=None,encrypted=False,encryption_format=None,encryption_options=None,encryption_secret_uuid=None,guest_format=None,id=,image_id='eeb0bdbf-4b3f-4b11-9ab3-5f277a60ffdf',instance=,instance_uuid=,no_device=False,snapshot_id=None,source_type='image',tag=None,updated_at=,uuid=,volume_id=None,volume_size=None,volume_type=None)] {{(pid=100261) _bdm_validate_set_size_and_instance /opt/stack/nova/nova/compute/api.py:1942}}
Jun 26 10:04:00.986133 np0000183155 devstack@n-api.service[100260]: DEBUG nova.api.openstack.wsgi [None req-4294a046-ccb5-4cde-8da6-d2583cdcdeb7 demo demo] Calling method '>' {{(pid=100260) _process_stack /opt/stack/nova/nova/api/openstack/wsgi.py:551}}
Jun 26 10:04:00.992698 np0000183155 devstack@n-api.service[100260]: INFO nova.api.openstack.requestlog [None req-4294a046-ccb5-4cde-8da6-d2583cdcdeb7 demo demo] 172.18.0.2 "GET /compute/v2.1/" status: 200 len: 392 microversion: 2.1 time: 0.007082
Jun 26 10:04:00.992972 np0000183155 devstack@n-api.service[100261]: DEBUG nova.quota [None req-2695af65-9fb3-46ab-a20e-b9d5860b3840 demo demo] Checking whether user_id and queued_for_delete are populated for all projects {{(pid=100261) is_qfd_populated /opt/stack/nova/nova/quota.py:1266}}
Jun 26 10:04:00.995442 np0000183155 devstack@n-api.service[100260]: [pid: 100260|app: 0|req: 41/158] 199.204.45.38 () {64 vars in 1266 bytes} [Fri Jun 26 10:04:00 2026] GET /compute/v2.1/ => generated 392 bytes in 10 msecs (HTTP/1.1 200) 9 headers in 357 bytes (1 switches on core 0)
Jun 26 10:04:01.007983 np0000183155 devstack@n-api.service[100262]: DEBUG nova.api.openstack.wsgi [None req-3a100b53-cdd0-449b-b0e1-846c57aa35b5 demo demo] Calling method '>' {{(pid=100262) _process_stack /opt/stack/nova/nova/api/openstack/wsgi.py:551}}
Jun 26 10:04:01.011344 np0000183155 devstack@n-api.service[100262]: DEBUG nova.compute.api [None req-3a100b53-cdd0-449b-b0e1-846c57aa35b5 demo demo] [instance: e8f2a3f0-f78b-4d34-a960-13b46e24fdce] Fetching instance by UUID {{(pid=100262) get /opt/stack/nova/nova/compute/api.py:3069}}
Jun 26 10:04:01.014518 np0000183155 devstack@n-api.service[100261]: DEBUG nova.quota [None req-2695af65-9fb3-46ab-a20e-b9d5860b3840 demo demo] Getting quotas for project 04f88ff5a949446782c9978b1578a6c8. Resources: {'server_group_members'} {{(pid=100261) _get_quotas /opt/stack/nova/nova/quota.py:392}}
Jun 26 10:04:01.017164 np0000183155 devstack@n-api.service[100261]: DEBUG nova.quota [None req-2695af65-9fb3-46ab-a20e-b9d5860b3840 demo demo] Getting quotas for user c76d6807087149d0baa1f0ace4cb9175 and project 04f88ff5a949446782c9978b1578a6c8. Resources: {'server_group_members'} {{(pid=100261) _get_quotas /opt/stack/nova/nova/quota.py:382}}
Jun 26 10:04:01.027477 np0000183155 devstack@n-api.service[100262]: WARNING neutronclient.v2_0.client [None req-3a100b53-cdd0-449b-b0e1-846c57aa35b5 demo demo] The python binding code in neutronclient is deprecated in favor of OpenstackSDK, please use that as this will be removed in a future release.
Jun 26 10:04:01.055624 np0000183155 devstack@n-api.service[100261]: DEBUG nova.quota [None req-2695af65-9fb3-46ab-a20e-b9d5860b3840 demo demo] Getting quotas for project 04f88ff5a949446782c9978b1578a6c8. Resources: {'server_group_members'} {{(pid=100261) _get_quotas /opt/stack/nova/nova/quota.py:392}}
Jun 26 10:04:01.065402 np0000183155 devstack@n-api.service[100261]: DEBUG nova.quota [None req-2695af65-9fb3-46ab-a20e-b9d5860b3840 demo demo] Getting quotas for user c76d6807087149d0baa1f0ace4cb9175 and project 04f88ff5a949446782c9978b1578a6c8. Resources: {'server_group_members'} {{(pid=100261) _get_quotas /opt/stack/nova/nova/quota.py:382}}
Jun 26 10:04:01.091962 np0000183155 devstack@n-api.service[100262]: DEBUG nova.policy [None req-3a100b53-cdd0-449b-b0e1-846c57aa35b5 demo demo] Policy check for os_compute_api:os-extended-server-attributes failed with credentials {'is_admin': False, 'user_id': 'c76d6807087149d0baa1f0ace4cb9175', 'user_domain_id': 'default', 'system_scope': None, 'domain_id': None, 'project_id': '04f88ff5a949446782c9978b1578a6c8', 'project_domain_id': 'default', 'roles': ['anotherrole', 'member', 'load-balancer_member', 'reader'], 'is_admin_project': True, 'service_user_id': None, 'service_user_domain_id': None, 'service_project_id': None, 'service_project_domain_id': None, 'service_roles': []} {{(pid=100262) authorize /opt/stack/nova/nova/policy.py:192}}
Jun 26 10:04:01.099462 np0000183155 devstack@n-api.service[100262]: DEBUG nova.policy [None req-3a100b53-cdd0-449b-b0e1-846c57aa35b5 demo demo] Policy check for os_compute_api:servers:show:host_status failed with credentials {'is_admin': False, 'user_id': 'c76d6807087149d0baa1f0ace4cb9175', 'user_domain_id': 'default', 'system_scope': None, 'domain_id': None, 'project_id': '04f88ff5a949446782c9978b1578a6c8', 'project_domain_id': 'default', 'roles': ['anotherrole', 'member', 'load-balancer_member', 'reader'], 'is_admin_project': True, 'service_user_id': None, 'service_user_domain_id': None, 'service_project_id': None, 'service_project_domain_id': None, 'service_roles': []} {{(pid=100262) authorize /opt/stack/nova/nova/policy.py:192}}
Jun 26 10:04:01.100276 np0000183155 devstack@n-api.service[100262]: DEBUG nova.policy [None req-3a100b53-cdd0-449b-b0e1-846c57aa35b5 demo demo] Policy check for os_compute_api:servers:show:host_status:unknown-only failed with credentials {'is_admin': False, 'user_id': 'c76d6807087149d0baa1f0ace4cb9175', 'user_domain_id': 'default', 'system_scope': None, 'domain_id': None, 'project_id': '04f88ff5a949446782c9978b1578a6c8', 'project_domain_id': 'default', 'roles': ['anotherrole', 'member', 'load-balancer_member', 'reader'], 'is_admin_project': True, 'service_user_id': None, 'service_user_domain_id': None, 'service_project_id': None, 'service_project_domain_id': None, 'service_roles': []} {{(pid=100262) authorize /opt/stack/nova/nova/policy.py:192}}
Jun 26 10:04:01.105016 np0000183155 devstack@n-api.service[100262]: INFO nova.api.openstack.requestlog [None req-3a100b53-cdd0-449b-b0e1-846c57aa35b5 demo demo] 172.18.0.2 "GET /compute/v2.1/servers/e8f2a3f0-f78b-4d34-a960-13b46e24fdce" status: 200 len: 1269 microversion: 2.38 time: 0.100138
Jun 26 10:04:01.105370 np0000183155 devstack@n-api.service[100262]: [pid: 100262|app: 0|req: 40/159] 199.204.45.38 () {68 vars in 1481 bytes} [Fri Jun 26 10:04:01 2026] GET /compute/v2.1/servers/e8f2a3f0-f78b-4d34-a960-13b46e24fdce => generated 1269 bytes in 101 msecs (HTTP/1.1 200) 9 headers in 360 bytes (1 switches on core 0)
Jun 26 10:04:01.110007 np0000183155 devstack@n-api.service[100261]: INFO nova.api.openstack.requestlog [None req-2695af65-9fb3-46ab-a20e-b9d5860b3840 demo demo] 172.18.0.2 "POST /compute/v2.1/servers" status: 202 len: 386 microversion: 2.38 time: 1.109145
Jun 26 10:04:01.110416 np0000183155 devstack@n-api.service[100261]: [pid: 100261|app: 0|req: 40/160] 199.204.45.38 () {72 vars in 1425 bytes} [Fri Jun 26 10:03:59 2026] POST /compute/v2.1/servers => generated 386 bytes in 1110 msecs (HTTP/1.1 202) 10 headers in 456 bytes (1 switches on core 0)
Jun 26 10:04:01.228441 np0000183155 devstack@n-api.service[100259]: DEBUG nova.api.openstack.wsgi [None req-1545e234-ad5c-4fe7-b6c6-8c9125f49106 demo demo] Calling method '>' {{(pid=100259) _process_stack /opt/stack/nova/nova/api/openstack/wsgi.py:551}}
Jun 26 10:04:01.236868 np0000183155 devstack@n-api.service[100259]: INFO nova.api.openstack.requestlog [None req-1545e234-ad5c-4fe7-b6c6-8c9125f49106 demo demo] 172.18.0.2 "GET /compute/v2.1/" status: 200 len: 392 microversion: 2.1 time: 0.009024
Jun 26 10:04:01.237050 np0000183155 devstack@n-api.service[100259]: [pid: 100259|app: 0|req: 40/161] 199.204.45.38 () {64 vars in 1266 bytes} [Fri Jun 26 10:04:01 2026] GET /compute/v2.1/ => generated 392 bytes in 10 msecs (HTTP/1.1 200) 9 headers in 357 bytes (1 switches on core 0)
Jun 26 10:04:01.254617 np0000183155 devstack@n-api.service[100260]: DEBUG nova.api.openstack.wsgi [None req-6f8a73fb-5d59-4315-bc2e-f339070cf403 demo demo] Calling method '>' {{(pid=100260) _process_stack /opt/stack/nova/nova/api/openstack/wsgi.py:551}}
Jun 26 10:04:01.258662 np0000183155 devstack@n-api.service[100260]: DEBUG nova.compute.api [None req-6f8a73fb-5d59-4315-bc2e-f339070cf403 demo demo] [instance: e8f2a3f0-f78b-4d34-a960-13b46e24fdce] Fetching instance by UUID {{(pid=100260) get /opt/stack/nova/nova/compute/api.py:3069}}
Jun 26 10:04:01.281686 np0000183155 devstack@n-api.service[100260]: WARNING neutronclient.v2_0.client [None req-6f8a73fb-5d59-4315-bc2e-f339070cf403 demo demo] The python binding code in neutronclient is deprecated in favor of OpenstackSDK, please use that as this will be removed in a future release.
Jun 26 10:04:01.293302 np0000183155 devstack@n-api.service[100262]: DEBUG nova.api.openstack.wsgi [None req-3a100b53-cdd0-449b-b0e1-846c57aa35b5 demo demo] Calling method '>' {{(pid=100262) _process_stack /opt/stack/nova/nova/api/openstack/wsgi.py:551}}
Jun 26 10:04:01.300052 np0000183155 devstack@n-api.service[100262]: INFO nova.api.openstack.requestlog [None req-3a100b53-cdd0-449b-b0e1-846c57aa35b5 demo demo] 172.18.0.2 "GET /compute/v2.1/" status: 200 len: 392 microversion: 2.1 time: 0.007391
Jun 26 10:04:01.300288 np0000183155 devstack@n-api.service[100262]: [pid: 100262|app: 0|req: 41/162] 199.204.45.38 () {64 vars in 1266 bytes} [Fri Jun 26 10:04:01 2026] GET /compute/v2.1/ => generated 392 bytes in 8 msecs (HTTP/1.1 200) 9 headers in 357 bytes (1 switches on core 0)
Jun 26 10:04:01.316411 np0000183155 devstack@n-api.service[100261]: DEBUG nova.api.openstack.wsgi [None req-77cc26db-b122-4f43-ab6f-f03da82a17d2 demo demo] Calling method '>' {{(pid=100261) _process_stack /opt/stack/nova/nova/api/openstack/wsgi.py:551}}
Jun 26 10:04:01.317585 np0000183155 devstack@n-api.service[100261]: DEBUG nova.compute.api [None req-77cc26db-b122-4f43-ab6f-f03da82a17d2 demo demo] [instance: 3694aee6-6e4b-4af9-a0c2-b12a10a8a5de] Fetching instance by UUID {{(pid=100261) get /opt/stack/nova/nova/compute/api.py:3069}}
Jun 26 10:04:01.337086 np0000183155 devstack@n-api.service[100261]: WARNING neutronclient.v2_0.client [None req-77cc26db-b122-4f43-ab6f-f03da82a17d2 demo demo] The python binding code in neutronclient is deprecated in favor of OpenstackSDK, please use that as this will be removed in a future release.
Jun 26 10:04:01.388936 np0000183155 devstack@n-api.service[100260]: DEBUG nova.policy [None req-6f8a73fb-5d59-4315-bc2e-f339070cf403 demo demo] Policy check for os_compute_api:os-extended-server-attributes failed with credentials {'is_admin': False, 'user_id': 'c76d6807087149d0baa1f0ace4cb9175', 'user_domain_id': 'default', 'system_scope': None, 'domain_id': None, 'project_id': '04f88ff5a949446782c9978b1578a6c8', 'project_domain_id': 'default', 'roles': ['anotherrole', 'member', 'load-balancer_member', 'reader'], 'is_admin_project': True, 'service_user_id': None, 'service_user_domain_id': None, 'service_project_id': None, 'service_project_domain_id': None, 'service_roles': []} {{(pid=100260) authorize /opt/stack/nova/nova/policy.py:192}}
Jun 26 10:04:01.397707 np0000183155 devstack@n-api.service[100261]: DEBUG nova.policy [None req-77cc26db-b122-4f43-ab6f-f03da82a17d2 demo demo] Policy check for os_compute_api:os-extended-server-attributes failed with credentials {'is_admin': False, 'user_id': 'c76d6807087149d0baa1f0ace4cb9175', 'user_domain_id': 'default', 'system_scope': None, 'domain_id': None, 'project_id': '04f88ff5a949446782c9978b1578a6c8', 'project_domain_id': 'default', 'roles': ['anotherrole', 'member', 'load-balancer_member', 'reader'], 'is_admin_project': True, 'service_user_id': None, 'service_user_domain_id': None, 'service_project_id': None, 'service_project_domain_id': None, 'service_roles': []} {{(pid=100261) authorize /opt/stack/nova/nova/policy.py:192}}
Jun 26 10:04:01.405312 np0000183155 devstack@n-api.service[100261]: DEBUG nova.policy [None req-77cc26db-b122-4f43-ab6f-f03da82a17d2 demo demo] Policy check for os_compute_api:servers:show:host_status failed with credentials {'is_admin': False, 'user_id': 'c76d6807087149d0baa1f0ace4cb9175', 'user_domain_id': 'default', 'system_scope': None, 'domain_id': None, 'project_id': '04f88ff5a949446782c9978b1578a6c8', 'project_domain_id': 'default', 'roles': ['anotherrole', 'member', 'load-balancer_member', 'reader'], 'is_admin_project': True, 'service_user_id': None, 'service_user_domain_id': None, 'service_project_id': None, 'service_project_domain_id': None, 'service_roles': []} {{(pid=100261) authorize /opt/stack/nova/nova/policy.py:192}}
Jun 26 10:04:01.405543 np0000183155 devstack@n-api.service[100260]: DEBUG nova.policy [None req-6f8a73fb-5d59-4315-bc2e-f339070cf403 demo demo] Policy check for os_compute_api:servers:show:host_status failed with credentials {'is_admin': False, 'user_id': 'c76d6807087149d0baa1f0ace4cb9175', 'user_domain_id': 'default', 'system_scope': None, 'domain_id': None, 'project_id': '04f88ff5a949446782c9978b1578a6c8', 'project_domain_id': 'default', 'roles': ['anotherrole', 'member', 'load-balancer_member', 'reader'], 'is_admin_project': True, 'service_user_id': None, 'service_user_domain_id': None, 'service_project_id': None, 'service_project_domain_id': None, 'service_roles': []} {{(pid=100260) authorize /opt/stack/nova/nova/policy.py:192}}
Jun 26 10:04:01.405840 np0000183155 devstack@n-api.service[100261]: DEBUG nova.policy [None req-77cc26db-b122-4f43-ab6f-f03da82a17d2 demo demo] Policy check for os_compute_api:servers:show:host_status:unknown-only failed with credentials {'is_admin': False, 'user_id': 'c76d6807087149d0baa1f0ace4cb9175', 'user_domain_id': 'default', 'system_scope': None, 'domain_id': None, 'project_id': '04f88ff5a949446782c9978b1578a6c8', 'project_domain_id': 'default', 'roles': ['anotherrole', 'member', 'load-balancer_member', 'reader'], 'is_admin_project': True, 'service_user_id': None, 'service_user_domain_id': None, 'service_project_id': None, 'service_project_domain_id': None, 'service_roles': []} {{(pid=100261) authorize /opt/stack/nova/nova/policy.py:192}}
Jun 26 10:04:01.406620 np0000183155 devstack@n-api.service[100260]: DEBUG nova.policy [None req-6f8a73fb-5d59-4315-bc2e-f339070cf403 demo demo] Policy check for os_compute_api:servers:show:host_status:unknown-only failed with credentials {'is_admin': False, 'user_id': 'c76d6807087149d0baa1f0ace4cb9175', 'user_domain_id': 'default', 'system_scope': None, 'domain_id': None, 'project_id': '04f88ff5a949446782c9978b1578a6c8', 'project_domain_id': 'default', 'roles': ['anotherrole', 'member', 'load-balancer_member', 'reader'], 'is_admin_project': True, 'service_user_id': None, 'service_user_domain_id': None, 'service_project_id': None, 'service_project_domain_id': None, 'service_roles': []} {{(pid=100260) authorize /opt/stack/nova/nova/policy.py:192}}
Jun 26 10:04:01.410260 np0000183155 devstack@n-api.service[100261]: INFO nova.api.openstack.requestlog [None req-77cc26db-b122-4f43-ab6f-f03da82a17d2 demo demo] 172.18.0.2 "GET /compute/v2.1/servers/3694aee6-6e4b-4af9-a0c2-b12a10a8a5de" status: 200 len: 1269 microversion: 2.38 time: 0.101538
Jun 26 10:04:01.410554 np0000183155 devstack@n-api.service[100261]: [pid: 100261|app: 0|req: 41/163] 199.204.45.38 () {68 vars in 1481 bytes} [Fri Jun 26 10:04:01 2026] GET /compute/v2.1/servers/3694aee6-6e4b-4af9-a0c2-b12a10a8a5de => generated 1269 bytes in 103 msecs (HTTP/1.1 200) 9 headers in 360 bytes (1 switches on core 0)
Jun 26 10:04:01.414704 np0000183155 devstack@n-api.service[100260]: INFO nova.api.openstack.requestlog [None req-6f8a73fb-5d59-4315-bc2e-f339070cf403 demo demo] 172.18.0.2 "GET /compute/v2.1/servers/e8f2a3f0-f78b-4d34-a960-13b46e24fdce" status: 200 len: 1269 microversion: 2.38 time: 0.167693
Jun 26 10:04:01.419670 np0000183155 devstack@n-api.service[100260]: [pid: 100260|app: 0|req: 42/164] 199.204.45.38 () {68 vars in 1481 bytes} [Fri Jun 26 10:04:01 2026] GET /compute/v2.1/servers/e8f2a3f0-f78b-4d34-a960-13b46e24fdce => generated 1269 bytes in 173 msecs (HTTP/1.1 200) 9 headers in 360 bytes (1 switches on core 0)
Jun 26 10:04:01.517029 np0000183155 devstack@n-api.service[100259]: DEBUG nova.api.openstack.wsgi [None req-1545e234-ad5c-4fe7-b6c6-8c9125f49106 demo demo] Calling method '>' {{(pid=100259) _process_stack /opt/stack/nova/nova/api/openstack/wsgi.py:551}}
Jun 26 10:04:01.521574 np0000183155 devstack@n-api.service[100259]: INFO nova.api.openstack.requestlog [None req-1545e234-ad5c-4fe7-b6c6-8c9125f49106 demo demo] 172.18.0.2 "GET /compute/v2.1/" status: 200 len: 392 microversion: 2.1 time: 0.004834
Jun 26 10:04:01.521635 np0000183155 devstack@n-api.service[100259]: [pid: 100259|app: 0|req: 41/165] 199.204.45.38 () {64 vars in 1266 bytes} [Fri Jun 26 10:04:01 2026] GET /compute/v2.1/ => generated 392 bytes in 5 msecs (HTTP/1.1 200) 9 headers in 357 bytes (1 switches on core 0)
Jun 26 10:04:01.531704 np0000183155 devstack@n-api.service[100262]: DEBUG nova.api.openstack.wsgi [None req-2c5a4417-1a49-45ec-9c13-38ed3c5b8542 demo demo] Calling method '>' {{(pid=100262) _process_stack /opt/stack/nova/nova/api/openstack/wsgi.py:551}}
Jun 26 10:04:01.534317 np0000183155 devstack@n-api.service[100262]: DEBUG nova.compute.api [None req-2c5a4417-1a49-45ec-9c13-38ed3c5b8542 demo demo] [instance: 3694aee6-6e4b-4af9-a0c2-b12a10a8a5de] Fetching instance by UUID {{(pid=100262) get /opt/stack/nova/nova/compute/api.py:3069}}
Jun 26 10:04:01.554430 np0000183155 devstack@n-api.service[100262]: WARNING neutronclient.v2_0.client [None req-2c5a4417-1a49-45ec-9c13-38ed3c5b8542 demo demo] The python binding code in neutronclient is deprecated in favor of OpenstackSDK, please use that as this will be removed in a future release.
Jun 26 10:04:01.639456 np0000183155 devstack@n-api.service[100262]: DEBUG nova.policy [None req-2c5a4417-1a49-45ec-9c13-38ed3c5b8542 demo demo] Policy check for os_compute_api:os-extended-server-attributes failed with credentials {'is_admin': False, 'user_id': 'c76d6807087149d0baa1f0ace4cb9175', 'user_domain_id': 'default', 'system_scope': None, 'domain_id': None, 'project_id': '04f88ff5a949446782c9978b1578a6c8', 'project_domain_id': 'default', 'roles': ['anotherrole', 'member', 'load-balancer_member', 'reader'], 'is_admin_project': True, 'service_user_id': None, 'service_user_domain_id': None, 'service_project_id': None, 'service_project_domain_id': None, 'service_roles': []} {{(pid=100262) authorize /opt/stack/nova/nova/policy.py:192}}
Jun 26 10:04:01.646363 np0000183155 devstack@n-api.service[100262]: DEBUG nova.policy [None req-2c5a4417-1a49-45ec-9c13-38ed3c5b8542 demo demo] Policy check for os_compute_api:servers:show:host_status failed with credentials {'is_admin': False, 'user_id': 'c76d6807087149d0baa1f0ace4cb9175', 'user_domain_id': 'default', 'system_scope': None, 'domain_id': None, 'project_id': '04f88ff5a949446782c9978b1578a6c8', 'project_domain_id': 'default', 'roles': ['anotherrole', 'member', 'load-balancer_member', 'reader'], 'is_admin_project': True, 'service_user_id': None, 'service_user_domain_id': None, 'service_project_id': None, 'service_project_domain_id': None, 'service_roles': []} {{(pid=100262) authorize /opt/stack/nova/nova/policy.py:192}}
Jun 26 10:04:01.646363 np0000183155 devstack@n-api.service[100262]: DEBUG nova.policy [None req-2c5a4417-1a49-45ec-9c13-38ed3c5b8542 demo demo] Policy check for os_compute_api:servers:show:host_status:unknown-only failed with credentials {'is_admin': False, 'user_id': 'c76d6807087149d0baa1f0ace4cb9175', 'user_domain_id': 'default', 'system_scope': None, 'domain_id': None, 'project_id': '04f88ff5a949446782c9978b1578a6c8', 'project_domain_id': 'default', 'roles': ['anotherrole', 'member', 'load-balancer_member', 'reader'], 'is_admin_project': True, 'service_user_id': None, 'service_user_domain_id': None, 'service_project_id': None, 'service_project_domain_id': None, 'service_roles': []} {{(pid=100262) authorize /opt/stack/nova/nova/policy.py:192}}
Jun 26 10:04:01.650518 np0000183155 devstack@n-api.service[100262]: INFO nova.api.openstack.requestlog [None req-2c5a4417-1a49-45ec-9c13-38ed3c5b8542 demo demo] 172.18.0.2 "GET /compute/v2.1/servers/3694aee6-6e4b-4af9-a0c2-b12a10a8a5de" status: 200 len: 1269 microversion: 2.38 time: 0.122041
Jun 26 10:04:01.651851 np0000183155 devstack@n-api.service[100262]: [pid: 100262|app: 0|req: 42/166] 199.204.45.38 () {68 vars in 1481 bytes} [Fri Jun 26 10:04:01 2026] GET /compute/v2.1/servers/3694aee6-6e4b-4af9-a0c2-b12a10a8a5de => generated 1269 bytes in 123 msecs (HTTP/1.1 200) 9 headers in 360 bytes (1 switches on core 0)
Jun 26 10:04:07.891282 np0000183155 devstack@n-api.service[100261]: DEBUG nova.api.openstack.wsgi [req-c02bb056-fc2b-4edf-8a20-f37a89198954 req-4197b40c-46bd-40d3-ab53-000d94b67ca8 service nova] Action: 'create', calling method: >, body: {"events": [{"name": "network-changed", "server_uuid": "e8f2a3f0-f78b-4d34-a960-13b46e24fdce", "tag": "800f82f2-90de-4da3-bb2e-cc8e0a390184"}]} {{(pid=100261) _process_stack /opt/stack/nova/nova/api/openstack/wsgi.py:549}}
Jun 26 10:04:07.903208 np0000183155 devstack@n-api.service[100261]: DEBUG oslo_concurrency.lockutils [req-c02bb056-fc2b-4edf-8a20-f37a89198954 req-4197b40c-46bd-40d3-ab53-000d94b67ca8 service nova] Acquiring lock "c36b9252-fcf3-4489-8db5-de6807aba2bb" by "nova.context.set_target_cell..get_or_set_cached_cell_and_set_connections" {{(pid=100261) inner /opt/stack/data/venv/lib/python3.12/site-packages/oslo_concurrency/lockutils.py:511}}
Jun 26 10:04:07.903434 np0000183155 devstack@n-api.service[100261]: DEBUG oslo_concurrency.lockutils [req-c02bb056-fc2b-4edf-8a20-f37a89198954 req-4197b40c-46bd-40d3-ab53-000d94b67ca8 service nova] Lock "c36b9252-fcf3-4489-8db5-de6807aba2bb" acquired by "nova.context.set_target_cell..get_or_set_cached_cell_and_set_connections" :: waited 0.000s {{(pid=100261) inner /opt/stack/data/venv/lib/python3.12/site-packages/oslo_concurrency/lockutils.py:524}}
Jun 26 10:04:07.903606 np0000183155 devstack@n-api.service[100261]: DEBUG oslo_concurrency.lockutils [req-c02bb056-fc2b-4edf-8a20-f37a89198954 req-4197b40c-46bd-40d3-ab53-000d94b67ca8 service nova] Lock "c36b9252-fcf3-4489-8db5-de6807aba2bb" "released" by "nova.context.set_target_cell..get_or_set_cached_cell_and_set_connections" :: held 0.000s {{(pid=100261) inner /opt/stack/data/venv/lib/python3.12/site-packages/oslo_concurrency/lockutils.py:543}}
Jun 26 10:04:07.912801 np0000183155 devstack@n-api.service[100261]: INFO nova.api.openstack.compute.server_external_events [req-c02bb056-fc2b-4edf-8a20-f37a89198954 req-4197b40c-46bd-40d3-ab53-000d94b67ca8 service nova] Creating event network-changed:800f82f2-90de-4da3-bb2e-cc8e0a390184 for instance e8f2a3f0-f78b-4d34-a960-13b46e24fdce on np0000183155
Jun 26 10:04:07.914005 np0000183155 devstack@n-api.service[100261]: DEBUG nova.compute.rpcapi [req-c02bb056-fc2b-4edf-8a20-f37a89198954 req-4197b40c-46bd-40d3-ab53-000d94b67ca8 service nova] RPC: Sending the message to topic: compute-alt {{(pid=100261) prepare_for_alt_rpcserver /opt/stack/nova/nova/compute/rpcapi.py:595}}
Jun 26 10:04:07.922455 np0000183155 devstack@n-api.service[100261]: INFO nova.api.openstack.requestlog [req-c02bb056-fc2b-4edf-8a20-f37a89198954 req-4197b40c-46bd-40d3-ab53-000d94b67ca8 service nova] 199.204.45.38 "POST /compute/v2.1/os-server-external-events" status: 200 len: 179 microversion: 2.1 time: 0.035319
Jun 26 10:04:07.923335 np0000183155 devstack@n-api.service[100261]: [pid: 100261|app: 0|req: 42/167] 199.204.45.38 () {72 vars in 1456 bytes} [Fri Jun 26 10:04:07 2026] POST /compute/v2.1/os-server-external-events => generated 179 bytes in 36 msecs (HTTP/1.1 200) 9 headers in 357 bytes (1 switches on core 0)
Jun 26 10:04:08.056589 np0000183155 devstack@n-api.service[100260]: DEBUG dbcounter [-] [100260] Writing DB stats nova_cell1:SELECT=8 {{(pid=100260) stat_writer /opt/stack/data/venv/lib/python3.12/site-packages/dbcounter.py:115}}
Jun 26 10:04:09.869396 np0000183155 devstack@n-api.service[100260]: DEBUG nova.api.openstack.wsgi [req-8e6bb51d-a1d8-45da-8bde-096fa2c43108 req-40bd642a-a480-4719-b1ff-3d1c91030978 service nova] Action: 'create', calling method: >, body: {"events": [{"name": "network-changed", "server_uuid": "3694aee6-6e4b-4af9-a0c2-b12a10a8a5de", "tag": "f2479027-127e-4297-a534-e4f649b2a15a"}]} {{(pid=100260) _process_stack /opt/stack/nova/nova/api/openstack/wsgi.py:549}}
Jun 26 10:04:09.880887 np0000183155 devstack@n-api.service[100260]: DEBUG oslo_concurrency.lockutils [req-8e6bb51d-a1d8-45da-8bde-096fa2c43108 req-40bd642a-a480-4719-b1ff-3d1c91030978 service nova] Acquiring lock "c36b9252-fcf3-4489-8db5-de6807aba2bb" by "nova.context.set_target_cell..get_or_set_cached_cell_and_set_connections" {{(pid=100260) inner /opt/stack/data/venv/lib/python3.12/site-packages/oslo_concurrency/lockutils.py:511}}
Jun 26 10:04:09.881187 np0000183155 devstack@n-api.service[100260]: DEBUG oslo_concurrency.lockutils [req-8e6bb51d-a1d8-45da-8bde-096fa2c43108 req-40bd642a-a480-4719-b1ff-3d1c91030978 service nova] Lock "c36b9252-fcf3-4489-8db5-de6807aba2bb" acquired by "nova.context.set_target_cell..get_or_set_cached_cell_and_set_connections" :: waited 0.000s {{(pid=100260) inner /opt/stack/data/venv/lib/python3.12/site-packages/oslo_concurrency/lockutils.py:524}}
Jun 26 10:04:09.881520 np0000183155 devstack@n-api.service[100260]: DEBUG oslo_concurrency.lockutils [req-8e6bb51d-a1d8-45da-8bde-096fa2c43108 req-40bd642a-a480-4719-b1ff-3d1c91030978 service nova] Lock "c36b9252-fcf3-4489-8db5-de6807aba2bb" "released" by "nova.context.set_target_cell..get_or_set_cached_cell_and_set_connections" :: held 0.000s {{(pid=100260) inner /opt/stack/data/venv/lib/python3.12/site-packages/oslo_concurrency/lockutils.py:543}}
Jun 26 10:04:09.892440 np0000183155 devstack@n-api.service[100260]: INFO nova.api.openstack.compute.server_external_events [req-8e6bb51d-a1d8-45da-8bde-096fa2c43108 req-40bd642a-a480-4719-b1ff-3d1c91030978 service nova] Creating event network-changed:f2479027-127e-4297-a534-e4f649b2a15a for instance 3694aee6-6e4b-4af9-a0c2-b12a10a8a5de on np0000183155
Jun 26 10:04:09.893272 np0000183155 devstack@n-api.service[100260]: DEBUG nova.compute.rpcapi [req-8e6bb51d-a1d8-45da-8bde-096fa2c43108 req-40bd642a-a480-4719-b1ff-3d1c91030978 service nova] RPC: Sending the message to topic: compute-alt {{(pid=100260) prepare_for_alt_rpcserver /opt/stack/nova/nova/compute/rpcapi.py:595}}
Jun 26 10:04:09.901494 np0000183155 devstack@n-api.service[100260]: INFO nova.api.openstack.requestlog [req-8e6bb51d-a1d8-45da-8bde-096fa2c43108 req-40bd642a-a480-4719-b1ff-3d1c91030978 service nova] 199.204.45.38 "POST /compute/v2.1/os-server-external-events" status: 200 len: 179 microversion: 2.1 time: 0.076912
Jun 26 10:04:09.902313 np0000183155 devstack@n-api.service[100260]: [pid: 100260|app: 0|req: 43/168] 199.204.45.38 () {72 vars in 1456 bytes} [Fri Jun 26 10:04:09 2026] POST /compute/v2.1/os-server-external-events => generated 179 bytes in 79 msecs (HTTP/1.1 200) 9 headers in 357 bytes (1 switches on core 0)
Jun 26 10:04:10.690643 np0000183155 devstack@n-api.service[100259]: DEBUG dbcounter [-] [100259] Writing DB stats nova_cell0:SELECT=3 {{(pid=100259) stat_writer /opt/stack/data/venv/lib/python3.12/site-packages/dbcounter.py:115}}
Jun 26 10:04:10.690643 np0000183155 devstack@n-api.service[100259]: DEBUG dbcounter [-] [100259] Writing DB stats nova_cell1:SELECT=11 {{(pid=100259) stat_writer /opt/stack/data/venv/lib/python3.12/site-packages/dbcounter.py:115}}
Jun 26 10:04:10.810827 np0000183155 devstack@n-api.service[100259]: DEBUG dbcounter [-] [100259] Writing DB stats nova_cell0:SELECT=7 {{(pid=100259) stat_writer /opt/stack/data/venv/lib/python3.12/site-packages/dbcounter.py:115}}
Jun 26 10:04:10.811896 np0000183155 devstack@n-api.service[100259]: DEBUG dbcounter [-] [100259] Writing DB stats nova_api:SELECT=23,nova_api:INSERT=4 {{(pid=100259) stat_writer /opt/stack/data/venv/lib/python3.12/site-packages/dbcounter.py:115}}
Jun 26 10:04:10.892771 np0000183155 devstack@n-api.service[100261]: DEBUG dbcounter [-] [100261] Writing DB stats nova_cell0:SELECT=3 {{(pid=100261) stat_writer /opt/stack/data/venv/lib/python3.12/site-packages/dbcounter.py:115}}
Jun 26 10:04:10.996658 np0000183155 devstack@n-api.service[100259]: DEBUG nova.api.openstack.wsgi [None req-1545e234-ad5c-4fe7-b6c6-8c9125f49106 demo demo] Calling method '>' {{(pid=100259) _process_stack /opt/stack/nova/nova/api/openstack/wsgi.py:551}}
Jun 26 10:04:11.002531 np0000183155 devstack@n-api.service[100259]: INFO nova.api.openstack.requestlog [None req-1545e234-ad5c-4fe7-b6c6-8c9125f49106 demo demo] 172.18.0.2 "GET /compute/v2.1/" status: 200 len: 392 microversion: 2.1 time: 0.006670
Jun 26 10:04:11.002848 np0000183155 devstack@n-api.service[100259]: [pid: 100259|app: 0|req: 42/169] 199.204.45.38 () {64 vars in 1266 bytes} [Fri Jun 26 10:04:10 2026] GET /compute/v2.1/ => generated 392 bytes in 7 msecs (HTTP/1.1 200) 9 headers in 357 bytes (1 switches on core 0)
Jun 26 10:04:11.014184 np0000183155 devstack@n-api.service[100262]: DEBUG nova.api.openstack.wsgi [None req-1a97dabe-e493-4b76-8c23-5c0aa7ca7588 demo demo] Calling method '>' {{(pid=100262) _process_stack /opt/stack/nova/nova/api/openstack/wsgi.py:551}}
Jun 26 10:04:11.017854 np0000183155 devstack@n-api.service[100262]: DEBUG nova.compute.api [None req-1a97dabe-e493-4b76-8c23-5c0aa7ca7588 demo demo] [instance: e8f2a3f0-f78b-4d34-a960-13b46e24fdce] Fetching instance by UUID {{(pid=100262) get /opt/stack/nova/nova/compute/api.py:3069}}
Jun 26 10:04:11.022853 np0000183155 devstack@n-api.service[100262]: DEBUG oslo_concurrency.lockutils [None req-1a97dabe-e493-4b76-8c23-5c0aa7ca7588 demo demo] Acquiring lock "c36b9252-fcf3-4489-8db5-de6807aba2bb" by "nova.context.set_target_cell..get_or_set_cached_cell_and_set_connections" {{(pid=100262) inner /opt/stack/data/venv/lib/python3.12/site-packages/oslo_concurrency/lockutils.py:511}}
Jun 26 10:04:11.023132 np0000183155 devstack@n-api.service[100262]: DEBUG oslo_concurrency.lockutils [None req-1a97dabe-e493-4b76-8c23-5c0aa7ca7588 demo demo] Lock "c36b9252-fcf3-4489-8db5-de6807aba2bb" acquired by "nova.context.set_target_cell..get_or_set_cached_cell_and_set_connections" :: waited 0.000s {{(pid=100262) inner /opt/stack/data/venv/lib/python3.12/site-packages/oslo_concurrency/lockutils.py:524}}
Jun 26 10:04:11.023347 np0000183155 devstack@n-api.service[100262]: DEBUG oslo_concurrency.lockutils [None req-1a97dabe-e493-4b76-8c23-5c0aa7ca7588 demo demo] Lock "c36b9252-fcf3-4489-8db5-de6807aba2bb" "released" by "nova.context.set_target_cell..get_or_set_cached_cell_and_set_connections" :: held 0.000s {{(pid=100262) inner /opt/stack/data/venv/lib/python3.12/site-packages/oslo_concurrency/lockutils.py:543}}
Jun 26 10:04:11.023753 np0000183155 devstack@n-api.service[100262]: DEBUG oslo_concurrency.lockutils [None req-1a97dabe-e493-4b76-8c23-5c0aa7ca7588 demo demo] Acquiring lock "c36b9252-fcf3-4489-8db5-de6807aba2bb" by "nova.context.set_target_cell..get_or_set_cached_cell_and_set_connections" {{(pid=100262) inner /opt/stack/data/venv/lib/python3.12/site-packages/oslo_concurrency/lockutils.py:511}}
Jun 26 10:04:11.024043 np0000183155 devstack@n-api.service[100262]: DEBUG oslo_concurrency.lockutils [None req-1a97dabe-e493-4b76-8c23-5c0aa7ca7588 demo demo] Lock "c36b9252-fcf3-4489-8db5-de6807aba2bb" acquired by "nova.context.set_target_cell..get_or_set_cached_cell_and_set_connections" :: waited 0.000s {{(pid=100262) inner /opt/stack/data/venv/lib/python3.12/site-packages/oslo_concurrency/lockutils.py:524}}
Jun 26 10:04:11.024303 np0000183155 devstack@n-api.service[100262]: DEBUG oslo_concurrency.lockutils [None req-1a97dabe-e493-4b76-8c23-5c0aa7ca7588 demo demo] Lock "c36b9252-fcf3-4489-8db5-de6807aba2bb" "released" by "nova.context.set_target_cell..get_or_set_cached_cell_and_set_connections" :: held 0.000s {{(pid=100262) inner /opt/stack/data/venv/lib/python3.12/site-packages/oslo_concurrency/lockutils.py:543}}
Jun 26 10:04:11.084444 np0000183155 devstack@n-api.service[100262]: WARNING neutronclient.v2_0.client [None req-1a97dabe-e493-4b76-8c23-5c0aa7ca7588 demo demo] The python binding code in neutronclient is deprecated in favor of OpenstackSDK, please use that as this will be removed in a future release.
Jun 26 10:04:11.270058 np0000183155 devstack@n-api.service[100261]: DEBUG nova.api.openstack.wsgi [req-c02bb056-fc2b-4edf-8a20-f37a89198954 req-4197b40c-46bd-40d3-ab53-000d94b67ca8 service nova] Calling method '>' {{(pid=100261) _process_stack /opt/stack/nova/nova/api/openstack/wsgi.py:551}}
Jun 26 10:04:11.274412 np0000183155 devstack@n-api.service[100261]: INFO nova.api.openstack.requestlog [req-c02bb056-fc2b-4edf-8a20-f37a89198954 req-4197b40c-46bd-40d3-ab53-000d94b67ca8 service nova] 172.18.0.2 "GET /compute/v2.1/" status: 200 len: 392 microversion: 2.1 time: 0.004839
Jun 26 10:04:11.274637 np0000183155 devstack@n-api.service[100261]: [pid: 100261|app: 0|req: 43/170] 199.204.45.38 () {64 vars in 1266 bytes} [Fri Jun 26 10:04:11 2026] GET /compute/v2.1/ => generated 392 bytes in 6 msecs (HTTP/1.1 200) 9 headers in 357 bytes (1 switches on core 0)
Jun 26 10:04:11.284701 np0000183155 devstack@n-api.service[100260]: DEBUG nova.api.openstack.wsgi [None req-c08dd949-3e19-43e6-a110-85223176066e demo demo] Calling method '>' {{(pid=100260) _process_stack /opt/stack/nova/nova/api/openstack/wsgi.py:551}}
Jun 26 10:04:11.287879 np0000183155 devstack@n-api.service[100260]: DEBUG nova.compute.api [None req-c08dd949-3e19-43e6-a110-85223176066e demo demo] [instance: 3694aee6-6e4b-4af9-a0c2-b12a10a8a5de] Fetching instance by UUID {{(pid=100260) get /opt/stack/nova/nova/compute/api.py:3069}}
Jun 26 10:04:11.295266 np0000183155 devstack@n-api.service[100260]: DEBUG oslo_concurrency.lockutils [None req-c08dd949-3e19-43e6-a110-85223176066e demo demo] Acquiring lock "c36b9252-fcf3-4489-8db5-de6807aba2bb" by "nova.context.set_target_cell..get_or_set_cached_cell_and_set_connections" {{(pid=100260) inner /opt/stack/data/venv/lib/python3.12/site-packages/oslo_concurrency/lockutils.py:511}}
Jun 26 10:04:11.295622 np0000183155 devstack@n-api.service[100260]: DEBUG oslo_concurrency.lockutils [None req-c08dd949-3e19-43e6-a110-85223176066e demo demo] Lock "c36b9252-fcf3-4489-8db5-de6807aba2bb" acquired by "nova.context.set_target_cell..get_or_set_cached_cell_and_set_connections" :: waited 0.000s {{(pid=100260) inner /opt/stack/data/venv/lib/python3.12/site-packages/oslo_concurrency/lockutils.py:524}}
Jun 26 10:04:11.295885 np0000183155 devstack@n-api.service[100260]: DEBUG oslo_concurrency.lockutils [None req-c08dd949-3e19-43e6-a110-85223176066e demo demo] Lock "c36b9252-fcf3-4489-8db5-de6807aba2bb" "released" by "nova.context.set_target_cell..get_or_set_cached_cell_and_set_connections" :: held 0.000s {{(pid=100260) inner /opt/stack/data/venv/lib/python3.12/site-packages/oslo_concurrency/lockutils.py:543}}
Jun 26 10:04:11.296388 np0000183155 devstack@n-api.service[100260]: DEBUG oslo_concurrency.lockutils [None req-c08dd949-3e19-43e6-a110-85223176066e demo demo] Acquiring lock "c36b9252-fcf3-4489-8db5-de6807aba2bb" by "nova.context.set_target_cell..get_or_set_cached_cell_and_set_connections" {{(pid=100260) inner /opt/stack/data/venv/lib/python3.12/site-packages/oslo_concurrency/lockutils.py:511}}
Jun 26 10:04:11.296728 np0000183155 devstack@n-api.service[100260]: DEBUG oslo_concurrency.lockutils [None req-c08dd949-3e19-43e6-a110-85223176066e demo demo] Lock "c36b9252-fcf3-4489-8db5-de6807aba2bb" acquired by "nova.context.set_target_cell..get_or_set_cached_cell_and_set_connections" :: waited 0.000s {{(pid=100260) inner /opt/stack/data/venv/lib/python3.12/site-packages/oslo_concurrency/lockutils.py:524}}
Jun 26 10:04:11.298309 np0000183155 devstack@n-api.service[100260]: DEBUG oslo_concurrency.lockutils [None req-c08dd949-3e19-43e6-a110-85223176066e demo demo] Lock "c36b9252-fcf3-4489-8db5-de6807aba2bb" "released" by "nova.context.set_target_cell..get_or_set_cached_cell_and_set_connections" :: held 0.000s {{(pid=100260) inner /opt/stack/data/venv/lib/python3.12/site-packages/oslo_concurrency/lockutils.py:543}}
Jun 26 10:04:11.316513 np0000183155 devstack@n-api.service[100262]: DEBUG nova.policy [None req-1a97dabe-e493-4b76-8c23-5c0aa7ca7588 demo demo] Policy check for os_compute_api:os-extended-server-attributes failed with credentials {'is_admin': False, 'user_id': 'c76d6807087149d0baa1f0ace4cb9175', 'user_domain_id': 'default', 'system_scope': None, 'domain_id': None, 'project_id': '04f88ff5a949446782c9978b1578a6c8', 'project_domain_id': 'default', 'roles': ['anotherrole', 'member', 'load-balancer_member', 'reader'], 'is_admin_project': True, 'service_user_id': None, 'service_user_domain_id': None, 'service_project_id': None, 'service_project_domain_id': None, 'service_roles': []} {{(pid=100262) authorize /opt/stack/nova/nova/policy.py:192}}
Jun 26 10:04:11.330651 np0000183155 devstack@n-api.service[100260]: WARNING neutronclient.v2_0.client [None req-c08dd949-3e19-43e6-a110-85223176066e demo demo] The python binding code in neutronclient is deprecated in favor of OpenstackSDK, please use that as this will be removed in a future release.
Jun 26 10:04:11.331458 np0000183155 devstack@n-api.service[100262]: DEBUG nova.policy [None req-1a97dabe-e493-4b76-8c23-5c0aa7ca7588 demo demo] Policy check for os_compute_api:servers:show:host_status failed with credentials {'is_admin': False, 'user_id': 'c76d6807087149d0baa1f0ace4cb9175', 'user_domain_id': 'default', 'system_scope': None, 'domain_id': None, 'project_id': '04f88ff5a949446782c9978b1578a6c8', 'project_domain_id': 'default', 'roles': ['anotherrole', 'member', 'load-balancer_member', 'reader'], 'is_admin_project': True, 'service_user_id': None, 'service_user_domain_id': None, 'service_project_id': None, 'service_project_domain_id': None, 'service_roles': []} {{(pid=100262) authorize /opt/stack/nova/nova/policy.py:192}}
Jun 26 10:04:11.332057 np0000183155 devstack@n-api.service[100262]: DEBUG nova.policy [None req-1a97dabe-e493-4b76-8c23-5c0aa7ca7588 demo demo] Policy check for os_compute_api:servers:show:host_status:unknown-only failed with credentials {'is_admin': False, 'user_id': 'c76d6807087149d0baa1f0ace4cb9175', 'user_domain_id': 'default', 'system_scope': None, 'domain_id': None, 'project_id': '04f88ff5a949446782c9978b1578a6c8', 'project_domain_id': 'default', 'roles': ['anotherrole', 'member', 'load-balancer_member', 'reader'], 'is_admin_project': True, 'service_user_id': None, 'service_user_domain_id': None, 'service_project_id': None, 'service_project_domain_id': None, 'service_roles': []} {{(pid=100262) authorize /opt/stack/nova/nova/policy.py:192}}
Jun 26 10:04:11.336630 np0000183155 devstack@n-api.service[100262]: INFO nova.api.openstack.requestlog [None req-1a97dabe-e493-4b76-8c23-5c0aa7ca7588 demo demo] 172.18.0.2 "GET /compute/v2.1/servers/e8f2a3f0-f78b-4d34-a960-13b46e24fdce" status: 200 len: 1414 microversion: 2.38 time: 0.327013
Jun 26 10:04:11.336985 np0000183155 devstack@n-api.service[100262]: [pid: 100262|app: 0|req: 43/171] 199.204.45.38 () {68 vars in 1481 bytes} [Fri Jun 26 10:04:11 2026] GET /compute/v2.1/servers/e8f2a3f0-f78b-4d34-a960-13b46e24fdce => generated 1414 bytes in 328 msecs (HTTP/1.1 200) 9 headers in 360 bytes (1 switches on core 0)
Jun 26 10:04:11.400715 np0000183155 devstack@n-api.service[100260]: DEBUG dbcounter [-] [100260] Writing DB stats nova_cell0:SELECT=1 {{(pid=100260) stat_writer /opt/stack/data/venv/lib/python3.12/site-packages/dbcounter.py:115}}
Jun 26 10:04:11.401931 np0000183155 devstack@n-api.service[100261]: DEBUG dbcounter [-] [100261] Writing DB stats nova_cell0:SELECT=8 {{(pid=100261) stat_writer /opt/stack/data/venv/lib/python3.12/site-packages/dbcounter.py:115}}
Jun 26 10:04:11.509050 np0000183155 devstack@n-api.service[100260]: DEBUG nova.policy [None req-c08dd949-3e19-43e6-a110-85223176066e demo demo] Policy check for os_compute_api:os-extended-server-attributes failed with credentials {'is_admin': False, 'user_id': 'c76d6807087149d0baa1f0ace4cb9175', 'user_domain_id': 'default', 'system_scope': None, 'domain_id': None, 'project_id': '04f88ff5a949446782c9978b1578a6c8', 'project_domain_id': 'default', 'roles': ['anotherrole', 'member', 'load-balancer_member', 'reader'], 'is_admin_project': True, 'service_user_id': None, 'service_user_domain_id': None, 'service_project_id': None, 'service_project_domain_id': None, 'service_roles': []} {{(pid=100260) authorize /opt/stack/nova/nova/policy.py:192}}
Jun 26 10:04:11.516336 np0000183155 devstack@n-api.service[100260]: DEBUG nova.policy [None req-c08dd949-3e19-43e6-a110-85223176066e demo demo] Policy check for os_compute_api:servers:show:host_status failed with credentials {'is_admin': False, 'user_id': 'c76d6807087149d0baa1f0ace4cb9175', 'user_domain_id': 'default', 'system_scope': None, 'domain_id': None, 'project_id': '04f88ff5a949446782c9978b1578a6c8', 'project_domain_id': 'default', 'roles': ['anotherrole', 'member', 'load-balancer_member', 'reader'], 'is_admin_project': True, 'service_user_id': None, 'service_user_domain_id': None, 'service_project_id': None, 'service_project_domain_id': None, 'service_roles': []} {{(pid=100260) authorize /opt/stack/nova/nova/policy.py:192}}
Jun 26 10:04:11.517382 np0000183155 devstack@n-api.service[100260]: DEBUG nova.policy [None req-c08dd949-3e19-43e6-a110-85223176066e demo demo] Policy check for os_compute_api:servers:show:host_status:unknown-only failed with credentials {'is_admin': False, 'user_id': 'c76d6807087149d0baa1f0ace4cb9175', 'user_domain_id': 'default', 'system_scope': None, 'domain_id': None, 'project_id': '04f88ff5a949446782c9978b1578a6c8', 'project_domain_id': 'default', 'roles': ['anotherrole', 'member', 'load-balancer_member', 'reader'], 'is_admin_project': True, 'service_user_id': None, 'service_user_domain_id': None, 'service_project_id': None, 'service_project_domain_id': None, 'service_roles': []} {{(pid=100260) authorize /opt/stack/nova/nova/policy.py:192}}
Jun 26 10:04:11.521819 np0000183155 devstack@n-api.service[100260]: INFO nova.api.openstack.requestlog [None req-c08dd949-3e19-43e6-a110-85223176066e demo demo] 172.18.0.2 "GET /compute/v2.1/servers/3694aee6-6e4b-4af9-a0c2-b12a10a8a5de" status: 200 len: 1414 microversion: 2.38 time: 0.240141
Jun 26 10:04:11.522396 np0000183155 devstack@n-api.service[100260]: [pid: 100260|app: 0|req: 44/172] 199.204.45.38 () {68 vars in 1481 bytes} [Fri Jun 26 10:04:11 2026] GET /compute/v2.1/servers/3694aee6-6e4b-4af9-a0c2-b12a10a8a5de => generated 1414 bytes in 241 msecs (HTTP/1.1 200) 9 headers in 360 bytes (1 switches on core 0)
Jun 26 10:04:11.643855 np0000183155 devstack@n-api.service[100262]: DEBUG dbcounter [-] [100262] Writing DB stats nova_cell0:SELECT=2 {{(pid=100262) stat_writer /opt/stack/data/venv/lib/python3.12/site-packages/dbcounter.py:115}}
Jun 26 10:04:13.220152 np0000183155 devstack@n-api.service[100259]: DEBUG nova.api.openstack.wsgi [req-25f361f9-790b-4669-94ab-98797e6caa9d req-dad2f457-61f3-4cc0-98f7-d3a0eade6309 service nova] Action: 'create', calling method: >, body: {"events": [{"server_uuid": "e8f2a3f0-f78b-4d34-a960-13b46e24fdce", "name": "network-vif-plugged", "status": "completed", "tag": "800f82f2-90de-4da3-bb2e-cc8e0a390184"}]} {{(pid=100259) _process_stack /opt/stack/nova/nova/api/openstack/wsgi.py:549}}
Jun 26 10:04:13.234020 np0000183155 devstack@n-api.service[100259]: DEBUG oslo_concurrency.lockutils [req-25f361f9-790b-4669-94ab-98797e6caa9d req-dad2f457-61f3-4cc0-98f7-d3a0eade6309 service nova] Acquiring lock "c36b9252-fcf3-4489-8db5-de6807aba2bb" by "nova.context.set_target_cell..get_or_set_cached_cell_and_set_connections" {{(pid=100259) inner /opt/stack/data/venv/lib/python3.12/site-packages/oslo_concurrency/lockutils.py:511}}
Jun 26 10:04:13.234259 np0000183155 devstack@n-api.service[100259]: DEBUG oslo_concurrency.lockutils [req-25f361f9-790b-4669-94ab-98797e6caa9d req-dad2f457-61f3-4cc0-98f7-d3a0eade6309 service nova] Lock "c36b9252-fcf3-4489-8db5-de6807aba2bb" acquired by "nova.context.set_target_cell..get_or_set_cached_cell_and_set_connections" :: waited 0.000s {{(pid=100259) inner /opt/stack/data/venv/lib/python3.12/site-packages/oslo_concurrency/lockutils.py:524}}
