2026-07-08 10:13:04.178 8 INFO neutron.db.ovn_revision_numbers_db [None req-1fd9b800-db1f-4bec-a2ca-2631755d5d13 08bd1c4fa324421d879070186da6283a 2500ef2c54044b639068f9d479c793f8 - - default default] Successfully bumped revision number for resource 9f638adf-2360-4b4b-9b92-64a5ca375295 (type: security_group_rules) to 0
2026-07-08 10:13:04.206 9 INFO neutron.wsgi [req-480937f4-9ab9-40ad-949f-23aed3abe90f req-87ec60b9-374b-48b0-99b9-1758abcbc2ff 88d1145700d14b818ea92c0ac05da2bf 77ae231b9f6b407fa54a061993df2ead - - default default] 199.204.45.229 "DELETE /v2.0/ports/254c71da-aaa2-4fd9-9430-81d0b421e596 HTTP/1.1" status: 204 len: 173 time: 0.3777113
2026-07-08 10:13:04.217 8 INFO neutron.wsgi [None req-1fd9b800-db1f-4bec-a2ca-2631755d5d13 08bd1c4fa324421d879070186da6283a 2500ef2c54044b639068f9d479c793f8 - - default default] 10.0.0.45 "POST /v2.0/security-groups HTTP/1.1" status: 201 len: 1760 time: 0.6393995
2026-07-08 10:13:04.246 9 INFO neutron.notifiers.nova [-] Nova event matching ['req-aaa24145-67d3-4536-a39c-007a66cb2e05'] response: {'server_uuid': 'e03873c3-bd5d-4f73-9d9b-ab402654d104', 'name': 'network-vif-deleted', 'tag': '254c71da-aaa2-4fd9-9430-81d0b421e596', 'status': 'completed', 'code': 200}
2026-07-08 10:13:04.264 9 INFO neutron.wsgi [None req-7f982370-6f76-476d-9e58-34fafbf57790 08bd1c4fa324421d879070186da6283a 2500ef2c54044b639068f9d479c793f8 - - default default] 10.0.0.45 "GET /v2.0/security-groups HTTP/1.1" status: 200 len: 4538 time: 0.0381794
2026-07-08 10:13:04.396 8 INFO neutron.db.ovn_revision_numbers_db [None req-09b51104-5c19-4012-982b-758200e0a903 08bd1c4fa324421d879070186da6283a 2500ef2c54044b639068f9d479c793f8 - - default default] Successfully bumped revision number for resource 882b67fb-20d0-430d-85b7-7b6663dd540a (type: security_groups) to 2
2026-07-08 10:13:04.399 8 INFO neutron.wsgi [None req-09b51104-5c19-4012-982b-758200e0a903 08bd1c4fa324421d879070186da6283a 2500ef2c54044b639068f9d479c793f8 - - default default] 10.0.0.45 "PUT /v2.0/security-groups/882b67fb-20d0-430d-85b7-7b6663dd540a HTTP/1.1" status: 200 len: 1794 time: 0.1292925
2026-07-08 10:13:04.455 9 INFO neutron.wsgi [None req-f313a4f0-8ef0-4c91-8c9c-60c8fbf7aae5 08bd1c4fa324421d879070186da6283a 2500ef2c54044b639068f9d479c793f8 - - default default] 10.0.0.45 "GET /v2.0/security-groups/882b67fb-20d0-430d-85b7-7b6663dd540a HTTP/1.1" status: 200 len: 1794 time: 0.0493338
2026-07-08 10:13:04.460 8 INFO neutron.wsgi [None req-c797ccd9-581d-407d-b42d-03610342c651 90ece6a6d36b47bf8bf4b65df55d05b5 d6921d8714ba4d1291a31d290a15353b - - default default] 10.0.0.45 "DELETE /v2.0/security-groups/1045596c-6633-4c6d-ada1-677c2c69fe56 HTTP/1.1" status: 204 len: 168 time: 0.3585956
2026-07-08 10:13:04.577 9 INFO neutron.wsgi [None req-d7910477-e303-4e8a-9034-c2405901f281 08bd1c4fa324421d879070186da6283a 2500ef2c54044b639068f9d479c793f8 - - default default] 10.0.0.45 "DELETE /v2.0/security-groups/882b67fb-20d0-430d-85b7-7b6663dd540a HTTP/1.1" status: 204 len: 168 time: 0.1171262
2026-07-08 10:13:04.628 9 INFO neutron.wsgi [None req-13433a2a-42d7-4d9f-86ec-6066eec4f819 08bd1c4fa324421d879070186da6283a 2500ef2c54044b639068f9d479c793f8 - - default default] 10.0.0.45 "GET /v2.0/security-groups HTTP/1.1" status: 200 len: 2996 time: 0.0445626
2026-07-08 10:13:04.647 9 INFO neutron.api.v2.resource [None req-4af8684f-88dd-4dff-a543-50f80dcd1646 08bd1c4fa324421d879070186da6283a 2500ef2c54044b639068f9d479c793f8 - - default default] delete failed (client error): The resource could not be found.
2026-07-08 10:13:04.648 9 INFO neutron.wsgi [None req-4af8684f-88dd-4dff-a543-50f80dcd1646 08bd1c4fa324421d879070186da6283a 2500ef2c54044b639068f9d479c793f8 - - default default] 10.0.0.45 "DELETE /v2.0/security-groups/882b67fb-20d0-430d-85b7-7b6663dd540a HTTP/1.1" status: 404 len: 347 time: 0.0155020
2026-07-08 10:13:04.775 9 INFO neutron.db.ovn_revision_numbers_db [None req-289eca1e-914a-4ee3-a915-6d3e92863071 08bd1c4fa324421d879070186da6283a 2500ef2c54044b639068f9d479c793f8 - - default default] Successfully bumped revision number for resource a6d15839-0a4f-4347-b404-16504c5485c8 (type: security_groups) to 1
2026-07-08 10:13:04.786 9 INFO neutron.db.ovn_revision_numbers_db [None req-289eca1e-914a-4ee3-a915-6d3e92863071 08bd1c4fa324421d879070186da6283a 2500ef2c54044b639068f9d479c793f8 - - default default] Successfully bumped revision number for resource b22ee841-1a97-40eb-8e86-eddb2e06ef0f (type: security_group_rules) to 0
2026-07-08 10:13:04.797 9 INFO neutron.db.ovn_revision_numbers_db [None req-289eca1e-914a-4ee3-a915-6d3e92863071 08bd1c4fa324421d879070186da6283a 2500ef2c54044b639068f9d479c793f8 - - default default] Successfully bumped revision number for resource b73bb253-43ec-4376-8398-914882cdd513 (type: security_group_rules) to 0
2026-07-08 10:13:04.814 9 INFO neutron.wsgi [None req-289eca1e-914a-4ee3-a915-6d3e92863071 08bd1c4fa324421d879070186da6283a 2500ef2c54044b639068f9d479c793f8 - - default default] 10.0.0.45 "POST /v2.0/security-groups HTTP/1.1" status: 201 len: 1761 time: 0.1605327
2026-07-08 10:13:04.908 8 INFO neutron.wsgi [None req-31b9450a-9459-400b-94f4-0a02587644d4 b610cc2a49fe478fa35d9dd725db193a e5328f774bd94d11ad0e73146d6aac8c - - default default] 10.0.0.45 "PUT /v2.0/routers/77f7732e-b3af-4ca5-985c-d7b4fc5319dd/remove_router_interface HTTP/1.1" status: 200 len: 503 time: 0.7278557 /var/lib/openstack/lib/python3.10/site-packages/pycadf/identifier.py:71: UserWarning: Invalid uuid: neutron. To ensure interoperability, identifiers should be a valid uuid. warnings.warn(('Invalid uuid: %s. To ensure interoperability, '
2026-07-08 10:13:04.928 9 INFO neutron.db.ovn_revision_numbers_db [None req-3885ddce-c5b0-4d1c-a2ac-fc19c57a7cf0 08bd1c4fa324421d879070186da6283a 2500ef2c54044b639068f9d479c793f8 - - default default] Successfully bumped revision number for resource 12938204-b0d2-460a-9dc3-4d10a7098a68 (type: security_group_rules) to 0
2026-07-08 10:13:04.935 8 INFO neutron.wsgi [None req-d5ce1756-4ba8-4630-952f-c41199062b32 b610cc2a49fe478fa35d9dd725db193a e5328f774bd94d11ad0e73146d6aac8c - - default default] 10.0.0.45 "GET /v2.0/ports?device_id=77f7732e-b3af-4ca5-985c-d7b4fc5319dd HTTP/1.1" status: 200 len: 205 time: 0.0218894
2026-07-08 10:13:04.951 8 INFO neutron.wsgi [None req-677fa71a-4634-4af8-a935-fef5da01e876 88d1145700d14b818ea92c0ac05da2bf 77ae231b9f6b407fa54a061993df2ead - - default default] 10.0.0.45 "DELETE /v2.0/security-groups/b52023a5-2fe5-4176-a315-f2f8548bbbb6 HTTP/1.1" status: 204 len: 168 time: 0.2546613
2026-07-08 10:13:04.967 9 INFO neutron.wsgi [None req-3885ddce-c5b0-4d1c-a2ac-fc19c57a7cf0 08bd1c4fa324421d879070186da6283a 2500ef2c54044b639068f9d479c793f8 - - default default] 10.0.0.45 "POST /v2.0/security-group-rules HTTP/1.1" status: 201 len: 768 time: 0.1467226
2026-07-08 10:13:04.988 8 INFO neutron.wsgi [None req-66a40271-337e-47f1-ae98-9ec06b4f7121 08bd1c4fa324421d879070186da6283a 2500ef2c54044b639068f9d479c793f8 - - default default] 10.0.0.45 "GET /v2.0/security-group-rules/12938204-b0d2-460a-9dc3-4d10a7098a68 HTTP/1.1" status: 200 len: 763 time: 0.0161207
2026-07-08 10:13:05.076 8 INFO neutron.wsgi [None req-f3f1c880-bfdc-4ce7-9de2-3d6b6fa99fb6 08bd1c4fa324421d879070186da6283a 2500ef2c54044b639068f9d479c793f8 - - default default] 10.0.0.45 "GET /v2.0/security-group-rules HTTP/1.1" status: 200 len: 4113 time: 0.0787337
2026-07-08 10:13:05.151 9 INFO neutron.wsgi [None req-8c575dc7-2f2f-4ac9-ae83-387d5ae6bafe b610cc2a49fe478fa35d9dd725db193a e5328f774bd94d11ad0e73146d6aac8c - - default default] 10.0.0.45 "DELETE /v2.0/routers/77f7732e-b3af-4ca5-985c-d7b4fc5319dd HTTP/1.1" status: 204 len: 168 time: 0.2094898
2026-07-08 10:13:05.285 8 INFO neutron.wsgi [None req-790fbc88-cd22-4490-91f1-59313cb6eb5a 08bd1c4fa324421d879070186da6283a 2500ef2c54044b639068f9d479c793f8 - - default default] 10.0.0.45 "DELETE /v2.0/security-group-rules/12938204-b0d2-460a-9dc3-4d10a7098a68 HTTP/1.1" status: 204 len: 168 time: 0.1968846
2026-07-08 10:13:05.331 9 INFO neutron.wsgi [None req-489caffd-f075-4fc1-b480-cbeaeb1f0686 08bd1c4fa324421d879070186da6283a 2500ef2c54044b639068f9d479c793f8 - - default default] 10.0.0.45 "GET /v2.0/security-group-rules HTTP/1.1" status: 200 len: 3567 time: 0.0398614
2026-07-08 10:13:05.440 9 INFO neutron.db.ovn_revision_numbers_db [None req-d33de4cf-5fef-49ac-b30f-27da7497279c 08bd1c4fa324421d879070186da6283a 2500ef2c54044b639068f9d479c793f8 - - default default] Successfully bumped revision number for resource 5ed6be0f-8786-409c-a1d0-61248b9d0f9b (type: security_group_rules) to 0
2026-07-08 10:13:05.445 8 INFO neutron.wsgi [None req-abc83a13-9436-4693-bc18-aec10764bb56 b610cc2a49fe478fa35d9dd725db193a e5328f774bd94d11ad0e73146d6aac8c - - default default] 10.0.0.45 "DELETE /v2.0/subnets/cc1bff3c-aa57-4fb3-8aa9-729e445358fb HTTP/1.1" status: 204 len: 168 time: 0.2862492
2026-07-08 10:13:05.464 9 INFO neutron.wsgi [None req-d33de4cf-5fef-49ac-b30f-27da7497279c 08bd1c4fa324421d879070186da6283a 2500ef2c54044b639068f9d479c793f8 - - default default] 10.0.0.45 "POST /v2.0/security-group-rules HTTP/1.1" status: 201 len: 768 time: 0.1273279
2026-07-08 10:13:05.483 9 INFO neutron.wsgi [None req-510b8078-88f3-45a7-abcd-77cf299801d4 08bd1c4fa324421d879070186da6283a 2500ef2c54044b639068f9d479c793f8 - - default default] 10.0.0.45 "GET /v2.0/security-group-rules/5ed6be0f-8786-409c-a1d0-61248b9d0f9b HTTP/1.1" status: 200 len: 763 time: 0.0141516
2026-07-08 10:13:05.517 9 INFO neutron.wsgi [None req-1b8f30f7-8c0e-4cc3-897d-48ea37447ca7 08bd1c4fa324421d879070186da6283a 2500ef2c54044b639068f9d479c793f8 - - default default] 10.0.0.45 "GET /v2.0/security-group-rules HTTP/1.1" status: 200 len: 4113 time: 0.0295458
2026-07-08 10:13:05.618 9 INFO neutron.wsgi [None req-ce3b0e66-31cc-44da-a17c-d1b7d30fd85e 08bd1c4fa324421d879070186da6283a 2500ef2c54044b639068f9d479c793f8 - - default default] 10.0.0.45 "DELETE /v2.0/security-group-rules/5ed6be0f-8786-409c-a1d0-61248b9d0f9b HTTP/1.1" status: 204 len: 168 time: 0.0955174
2026-07-08 10:13:05.658 9 INFO neutron.wsgi [None req-2ead3774-c416-4003-812d-fef30ec17e58 08bd1c4fa324421d879070186da6283a 2500ef2c54044b639068f9d479c793f8 - - default default] 10.0.0.45 "GET /v2.0/security-group-rules HTTP/1.1" status: 200 len: 3567 time: 0.0352821
2026-07-08 10:13:06.138 8 INFO neutron.db.ovn_revision_numbers_db [None req-7d873f0d-4ad0-4a92-b583-c48b136b30c1 08bd1c4fa324421d879070186da6283a 2500ef2c54044b639068f9d479c793f8 - - default default] Successfully bumped revision number for resource 10a43512-db65-45c5-9de6-1218e9620a2a (type: security_group_rules) to 0
2026-07-08 10:13:06.141 8 INFO neutron.services.segments.plugin [-] Segment 2c60b7f2-be1e-4bde-9198-66aa7c274e8a resource provider aggregate not found
2026-07-08 10:13:06.159 8 INFO neutron.services.segments.plugin [-] Segment 2c60b7f2-be1e-4bde-9198-66aa7c274e8a resource provider aggregate not found
2026-07-08 10:13:06.167 8 INFO neutron.services.segments.plugin [-] Segment 2c60b7f2-be1e-4bde-9198-66aa7c274e8a resource provider not found; error: Placement Client Error (4xx): {"errors": [{"status": 404, "title": "Not Found", "detail": "The resource could not be found.\n\n No resource provider with uuid 2c60b7f2-be1e-4bde-9198-66aa7c274e8a found for delete ", "request_id": "req-5b95efc9-a7e7-4642-b1b6-85649f00512e"}]}
2026-07-08 10:13:06.182 8 INFO neutron.services.segments.plugin [-] Segment 2c60b7f2-be1e-4bde-9198-66aa7c274e8a resource provider not found; error: Placement Client Error (4xx): {"errors": [{"status": 404, "title": "Not Found", "detail": "The resource could not be found.\n\n No resource provider with uuid 2c60b7f2-be1e-4bde-9198-66aa7c274e8a found for delete ", "request_id": "req-a3e3b4f5-dd33-453e-ba96-5403d2cce440"}]}
2026-07-08 10:13:06.203 8 INFO neutron.wsgi [None req-7d873f0d-4ad0-4a92-b583-c48b136b30c1 08bd1c4fa324421d879070186da6283a 2500ef2c54044b639068f9d479c793f8 - - default default] 10.0.0.45 "POST /v2.0/security-group-rules HTTP/1.1" status: 201 len: 769 time: 0.5401411
2026-07-08 10:13:06.215 8 INFO neutron.wsgi [None req-ef79199c-b057-4355-826f-3d01c0cefccf b610cc2a49fe478fa35d9dd725db193a e5328f774bd94d11ad0e73146d6aac8c - - default default] 10.0.0.45 "DELETE /v2.0/networks/008ff394-25c5-4468-a80a-aa99e8c4b9e0 HTTP/1.1" status: 204 len: 168 time: 0.7662804
2026-07-08 10:13:06.235 9 INFO neutron.wsgi [None req-76e889bd-e0b4-42b2-963b-df0527499adc 08bd1c4fa324421d879070186da6283a 2500ef2c54044b639068f9d479c793f8 - - default default] 10.0.0.45 "GET /v2.0/security-group-rules/10a43512-db65-45c5-9de6-1218e9620a2a HTTP/1.1" status: 200 len: 764 time: 0.0256021
2026-07-08 10:13:06.287 9 INFO neutron.wsgi [None req-ae0aed82-684c-41db-82e7-439c3be8af11 08bd1c4fa324421d879070186da6283a 2500ef2c54044b639068f9d479c793f8 - - default default] 10.0.0.45 "GET /v2.0/security-group-rules HTTP/1.1" status: 200 len: 4114 time: 0.0483902
2026-07-08 10:13:06.307 8 INFO neutron.wsgi [None req-4fcc0752-e37b-425c-8ac2-8aae82f84423 88d1145700d14b818ea92c0ac05da2bf 77ae231b9f6b407fa54a061993df2ead - - default default] 10.0.0.45 "PUT /v2.0/routers/2ad075a1-2830-4513-8d7b-aa5b581df431/remove_router_interface HTTP/1.1" status: 200 len: 503 time: 1.3153188 /var/lib/openstack/lib/python3.10/site-packages/pycadf/identifier.py:71: UserWarning: Invalid uuid: neutron. To ensure interoperability, identifiers should be a valid uuid. warnings.warn(('Invalid uuid: %s. To ensure interoperability, '
2026-07-08 10:13:06.503 9 INFO neutron.wsgi [None req-6c31edce-5772-4bde-b4cd-d62fd0391119 08bd1c4fa324421d879070186da6283a 2500ef2c54044b639068f9d479c793f8 - - default default] 10.0.0.45 "DELETE /v2.0/security-group-rules/10a43512-db65-45c5-9de6-1218e9620a2a HTTP/1.1" status: 204 len: 168 time: 0.2112069
2026-07-08 10:13:06.546 8 INFO neutron.wsgi [None req-f67e416f-23d1-4522-b177-9d43f199cb2b 88d1145700d14b818ea92c0ac05da2bf 77ae231b9f6b407fa54a061993df2ead - - default default] 10.0.0.45 "DELETE /v2.0/subnets/ca8cdcf0-49c9-4763-81c3-c7896bd6740c HTTP/1.1" status: 204 len: 168 time: 0.2323470
2026-07-08 10:13:06.571 9 INFO neutron.wsgi [None req-325fd59f-e791-4830-8026-53c0393c8a1a 08bd1c4fa324421d879070186da6283a 2500ef2c54044b639068f9d479c793f8 - - default default] 10.0.0.45 "GET /v2.0/security-group-rules HTTP/1.1" status: 200 len: 3567 time: 0.0629315
2026-07-08 10:13:06.738 8 INFO neutron.wsgi [None req-cc1f192e-3e25-4f51-adc2-228c22b49f33 08bd1c4fa324421d879070186da6283a 2500ef2c54044b639068f9d479c793f8 - - default default] 10.0.0.45 "DELETE /v2.0/security-groups/a6d15839-0a4f-4347-b404-16504c5485c8 HTTP/1.1" status: 204 len: 168 time: 0.1608677
2026-07-08 10:13:06.760 9 WARNING neutron.scheduler.dhcp_agent_scheduler [None req-ef0927f8-6882-4987-ad60-5ce56dc07e45 b610cc2a49fe478fa35d9dd725db193a e5328f774bd94d11ad0e73146d6aac8c - - default default] No more DHCP agents
2026-07-08 10:13:06.763 9 WARNING neutron.api.rpc.agentnotifiers.dhcp_rpc_agent_api [None req-ef0927f8-6882-4987-ad60-5ce56dc07e45 b610cc2a49fe478fa35d9dd725db193a e5328f774bd94d11ad0e73146d6aac8c - - default default] Unable to schedule network d73dfa33-49a4-49e0-b359-529367435d92: no agents available; will retry on subsequent port and subnet creation events.
2026-07-08 10:13:06.790 8 INFO neutron.wsgi [None req-55ad6cd2-9717-4279-b476-2dc75ff2cda3 08bd1c4fa324421d879070186da6283a 2500ef2c54044b639068f9d479c793f8 - - default default] 10.0.0.45 "GET /v2.0/security-groups HTTP/1.1" status: 200 len: 2996 time: 0.0463753
2026-07-08 10:13:06.851 8 INFO neutron.wsgi [None req-92744614-42b5-48b9-b9d5-1870bdebd129 08bd1c4fa324421d879070186da6283a 2500ef2c54044b639068f9d479c793f8 - - default default] 10.0.0.45 "GET /v2.0/security-groups HTTP/1.1" status: 200 len: 2996 time: 0.0518761
2026-07-08 10:13:06.933 9 INFO neutron.db.ovn_revision_numbers_db [None req-ef0927f8-6882-4987-ad60-5ce56dc07e45 b610cc2a49fe478fa35d9dd725db193a e5328f774bd94d11ad0e73146d6aac8c - - default default] Successfully bumped revision number for resource d4581fa8-fc94-4b33-b577-1857e879c7c5 (type: ports) to 1
2026-07-08 10:13:07.169 8 INFO neutron.wsgi [None req-57932eaa-c3fd-4ad5-a70c-d1aaa1fd1eb8 88d1145700d14b818ea92c0ac05da2bf 77ae231b9f6b407fa54a061993df2ead - - default default] 10.0.0.45 "DELETE /v2.0/routers/2ad075a1-2830-4513-8d7b-aa5b581df431 HTTP/1.1" status: 204 len: 168 time: 0.6171987
2026-07-08 10:13:07.541 8 INFO neutron.wsgi [None req-e69f87fe-a0d6-40d4-9c7c-94cf60ec52fd 90ece6a6d36b47bf8bf4b65df55d05b5 d6921d8714ba4d1291a31d290a15353b - - default default] 10.0.0.45 "GET /v2.0/security-groups?tenant_id=2500ef2c54044b639068f9d479c793f8&name=default HTTP/1.1" status: 200 len: 2996 time: 0.1394486
2026-07-08 10:13:07.548 8 INFO neutron.wsgi [None req-eddab05a-00e8-4333-8ec7-e9037b1a47b3 88d1145700d14b818ea92c0ac05da2bf 77ae231b9f6b407fa54a061993df2ead - - default default] 10.0.0.45 "DELETE /v2.0/networks/cd38da83-dde4-4622-961a-616d0cf9f1a6 HTTP/1.1" status: 204 len: 168 time: 0.3744464
2026-07-08 10:13:07.747 9 INFO neutron.plugins.ml2.drivers.ovn.mech_driver.mech_driver [None req-766bf85d-b69e-4cc9-8b7a-b1f60f779492 - - - - - -] OVN reports status up for port: d4581fa8-fc94-4b33-b577-1857e879c7c5
2026-07-08 10:13:07.758 9 INFO neutron.plugins.ml2.plugin [None req-766bf85d-b69e-4cc9-8b7a-b1f60f779492 - - - - - -] Attempt 1 to provision port d4581fa8-fc94-4b33-b577-1857e879c7c5
2026-07-08 10:13:07.767 8 INFO neutron.wsgi [None req-2b3abcbc-446c-460d-9511-c09f77f02f98 90ece6a6d36b47bf8bf4b65df55d05b5 d6921d8714ba4d1291a31d290a15353b - - default default] 10.0.0.45 "DELETE /v2.0/security-groups/82b599c4-f973-45e8-b85f-411cdddd39a1 HTTP/1.1" status: 204 len: 168 time: 0.2177422
2026-07-08 10:13:07.786 9 INFO neutron.db.ovn_revision_numbers_db [None req-ef0927f8-6882-4987-ad60-5ce56dc07e45 b610cc2a49fe478fa35d9dd725db193a e5328f774bd94d11ad0e73146d6aac8c - - default default] Successfully bumped revision number for resource d4581fa8-fc94-4b33-b577-1857e879c7c5 (type: router_ports) to 1
2026-07-08 10:13:07.848 9 INFO neutron.db.ovn_revision_numbers_db [None req-ef0927f8-6882-4987-ad60-5ce56dc07e45 b610cc2a49fe478fa35d9dd725db193a e5328f774bd94d11ad0e73146d6aac8c - - default default] Successfully bumped revision number for resource c71882a9-7cc7-4bb8-815b-458bc3cfecce (type: routers) to 2
2026-07-08 10:13:07.859 9 INFO neutron.wsgi [None req-ef0927f8-6882-4987-ad60-5ce56dc07e45 b610cc2a49fe478fa35d9dd725db193a e5328f774bd94d11ad0e73146d6aac8c - - default default] 10.0.0.45 "POST /v2.0/routers HTTP/1.1" status: 201 len: 867 time: 1.6341305
2026-07-08 10:13:07.942 9 INFO neutron.wsgi [None req-5e32c583-1957-4744-9be6-c1c4c45560cc b610cc2a49fe478fa35d9dd725db193a e5328f774bd94d11ad0e73146d6aac8c - - default default] 10.0.0.45 "GET /v2.0/routers/c71882a9-7cc7-4bb8-815b-458bc3cfecce HTTP/1.1" status: 200 len: 868 time: 0.0775869
2026-07-08 10:13:07.952 8 INFO neutron.db.ovn_revision_numbers_db [None req-25e46c74-33fa-421f-9f61-b99f7f86bdb7 6558797abf5f4f86adab82de36451042 ba92d4ab4f20451f8274fd1c3494481b - - default default] Successfully bumped revision number for resource ee9ace5e-adc7-4c1d-9c60-96624ca53788 (type: security_groups) to 1
2026-07-08 10:13:08.007 8 INFO neutron.db.ovn_revision_numbers_db [None req-25e46c74-33fa-421f-9f61-b99f7f86bdb7 6558797abf5f4f86adab82de36451042 ba92d4ab4f20451f8274fd1c3494481b - - default default] Successfully bumped revision number for resource 13b60f8f-da3f-4ef1-86b7-1bc06ccba0b5 (type: security_group_rules) to 0
2026-07-08 10:13:08.060 8 INFO neutron.db.ovn_revision_numbers_db [None req-25e46c74-33fa-421f-9f61-b99f7f86bdb7 6558797abf5f4f86adab82de36451042 ba92d4ab4f20451f8274fd1c3494481b - - default default] Successfully bumped revision number for resource 20aca3d3-4c72-43f5-b47c-cc8d04952fca (type: security_group_rules) to 0
2026-07-08 10:13:08.079 8 INFO neutron.wsgi [None req-ea94a49f-f435-4622-860e-8cc2bea7f783 b610cc2a49fe478fa35d9dd725db193a e5328f774bd94d11ad0e73146d6aac8c - - default default] 10.0.0.45 "GET /v2.0/routers HTTP/1.1" status: 200 len: 871 time: 0.1314919
2026-07-08 10:13:08.084 8 INFO neutron.db.ovn_revision_numbers_db [None req-25e46c74-33fa-421f-9f61-b99f7f86bdb7 6558797abf5f4f86adab82de36451042 ba92d4ab4f20451f8274fd1c3494481b - - default default] Successfully bumped revision number for resource ab549d01-65b3-40b6-8471-640be65dc807 (type: security_group_rules) to 0
2026-07-08 10:13:08.098 8 INFO neutron.db.ovn_revision_numbers_db [None req-25e46c74-33fa-421f-9f61-b99f7f86bdb7 6558797abf5f4f86adab82de36451042 ba92d4ab4f20451f8274fd1c3494481b - - default default] Successfully bumped revision number for resource c1900557-fba2-4663-be93-1b64ef207152 (type: security_group_rules) to 0
2026-07-08 10:13:08.158 8 INFO neutron.db.segments_db [None req-25e46c74-33fa-421f-9f61-b99f7f86bdb7 6558797abf5f4f86adab82de36451042 ba92d4ab4f20451f8274fd1c3494481b - - default default] Added segment 010d96a4-28a1-4302-a209-9e7a847195b1 of type geneve for network 858de7c6-f9fc-4b39-9298-38aa53b31970
2026-07-08 10:13:08.191 8 INFO neutron.services.segments.plugin [-] Segment 55de7696-8305-4f9f-8b38-ad8aaae370d8 resource provider aggregate not found
2026-07-08 10:13:08.199 8 INFO neutron.services.segments.plugin [-] Segment 55de7696-8305-4f9f-8b38-ad8aaae370d8 resource provider aggregate not found
2026-07-08 10:13:08.213 8 INFO neutron.services.segments.plugin [-] Segment 55de7696-8305-4f9f-8b38-ad8aaae370d8 resource provider not found; error: Placement Client Error (4xx): {"errors": [{"status": 404, "title": "Not Found", "detail": "The resource could not be found.\n\n No resource provider with uuid 55de7696-8305-4f9f-8b38-ad8aaae370d8 found for delete ", "request_id": "req-186fa94a-e73f-4f4f-b8cf-98416e75336b"}]}
2026-07-08 10:13:08.215 8 INFO neutron.services.segments.plugin [-] Segment 55de7696-8305-4f9f-8b38-ad8aaae370d8 resource provider not found; error: Placement Client Error (4xx): {"errors": [{"status": 404, "title": "Not Found", "detail": "The resource could not be found.\n\n No resource provider with uuid 55de7696-8305-4f9f-8b38-ad8aaae370d8 found for delete ", "request_id": "req-b9053bf5-904d-4137-b0a7-14546cd15031"}]}
2026-07-08 10:13:08.350 8 INFO neutron.db.ovn_revision_numbers_db [None req-25e46c74-33fa-421f-9f61-b99f7f86bdb7 6558797abf5f4f86adab82de36451042 ba92d4ab4f20451f8274fd1c3494481b - - default default] Successfully bumped revision number for resource 858de7c6-f9fc-4b39-9298-38aa53b31970 (type: networks) to 1
2026-07-08 10:13:08.365 8 INFO neutron.wsgi [None req-ba332dec-8de6-40bd-a288-38c9e16ba149 90ece6a6d36b47bf8bf4b65df55d05b5 d6921d8714ba4d1291a31d290a15353b - - default default] 10.0.0.45 "GET /v2.0/security-groups?tenant_id=77ae231b9f6b407fa54a061993df2ead&name=default HTTP/1.1" status: 200 len: 2996 time: 0.1591253
2026-07-08 10:13:08.566 8 WARNING neutron.scheduler.dhcp_agent_scheduler [None req-25e46c74-33fa-421f-9f61-b99f7f86bdb7 6558797abf5f4f86adab82de36451042 ba92d4ab4f20451f8274fd1c3494481b - - default default] No more DHCP agents
2026-07-08 10:13:08.571 8 WARNING neutron.api.rpc.agentnotifiers.dhcp_rpc_agent_api [None req-25e46c74-33fa-421f-9f61-b99f7f86bdb7 6558797abf5f4f86adab82de36451042 ba92d4ab4f20451f8274fd1c3494481b - - default default] Unable to schedule network 858de7c6-f9fc-4b39-9298-38aa53b31970: no agents available; will retry on subsequent port and subnet creation events.
2026-07-08 10:13:08.589 9 INFO neutron.db.ovn_revision_numbers_db [None req-d3ae8bc0-60e7-4af5-8c70-0ba158094274 b610cc2a49fe478fa35d9dd725db193a e5328f774bd94d11ad0e73146d6aac8c - - default default] Successfully bumped revision number for resource c71882a9-7cc7-4bb8-815b-458bc3cfecce (type: routers) to 3
2026-07-08 10:13:08.592 9 INFO neutron.wsgi [None req-d3ae8bc0-60e7-4af5-8c70-0ba158094274 b610cc2a49fe478fa35d9dd725db193a e5328f774bd94d11ad0e73146d6aac8c - - default default] 10.0.0.45 "PUT /v2.0/routers/c71882a9-7cc7-4bb8-815b-458bc3cfecce HTTP/1.1" status: 200 len: 875 time: 0.5072634
2026-07-08 10:13:08.638 9 INFO neutron.wsgi [None req-9d268965-3e4b-4d17-ba9b-e8c36fc8fbe5 90ece6a6d36b47bf8bf4b65df55d05b5 d6921d8714ba4d1291a31d290a15353b - - default default] 10.0.0.45 "DELETE /v2.0/security-groups/3b4b51ef-d693-4427-8883-fe69ed81eba9 HTTP/1.1" status: 204 len: 168 time: 0.2651165
2026-07-08 10:13:08.680 8 INFO neutron.wsgi [None req-e26898a6-0edc-4ac5-a3ee-964a7b86db5d b610cc2a49fe478fa35d9dd725db193a e5328f774bd94d11ad0e73146d6aac8c - - default default] 10.0.0.45 "GET /v2.0/routers/c71882a9-7cc7-4bb8-815b-458bc3cfecce HTTP/1.1" status: 200 len: 875 time: 0.0831754
2026-07-08 10:13:08.681 8 INFO neutron.db.ovn_revision_numbers_db [None req-25e46c74-33fa-421f-9f61-b99f7f86bdb7 6558797abf5f4f86adab82de36451042 ba92d4ab4f20451f8274fd1c3494481b - - default default] Successfully bumped revision number for resource 16ae0d73-c5ab-4073-9d25-dab3debadf8b (type: ports) to 1
2026-07-08 10:13:08.698 8 INFO neutron.wsgi [None req-25e46c74-33fa-421f-9f61-b99f7f86bdb7 6558797abf5f4f86adab82de36451042 ba92d4ab4f20451f8274fd1c3494481b - - default default] 10.0.0.45 "POST /v2.0/networks HTTP/1.1" status: 201 len: 831 time: 1.0313985
2026-07-08 10:13:08.711 9 INFO neutron.wsgi [None req-1f335119-c7bd-4d78-93d2-989ad964d105 b610cc2a49fe478fa35d9dd725db193a e5328f774bd94d11ad0e73146d6aac8c - - default default] 10.0.0.45 "GET /v2.0/ports?device_id=c71882a9-7cc7-4bb8-815b-458bc3cfecce HTTP/1.1" status: 200 len: 205 time: 0.0245554
2026-07-08 10:13:08.771 8 INFO neutron.wsgi [None req-61ea7370-c87e-4752-8b8f-63dacb0306fc 6558797abf5f4f86adab82de36451042 ba92d4ab4f20451f8274fd1c3494481b - - default default] 10.0.0.45 "PUT /v2.0/networks/858de7c6-f9fc-4b39-9298-38aa53b31970/tags HTTP/1.1" status: 200 len: 218 time: 0.0663302
2026-07-08 10:13:08.837 8 INFO neutron.wsgi [None req-6ece9186-1f00-44e7-a094-c6cd90c6a742 6558797abf5f4f86adab82de36451042 ba92d4ab4f20451f8274fd1c3494481b - - default default] 10.0.0.45 "GET /v2.0/networks/858de7c6-f9fc-4b39-9298-38aa53b31970/tags HTTP/1.1" status: 200 len: 218 time: 0.0606010
2026-07-08 10:13:08.921 9 INFO neutron.wsgi [None req-50237d6d-c48a-4f03-bc37-737b79ddb0dd 6558797abf5f4f86adab82de36451042 ba92d4ab4f20451f8274fd1c3494481b - - default default] 10.0.0.45 "PUT /v2.0/networks/858de7c6-f9fc-4b39-9298-38aa53b31970/tags/green HTTP/1.1" status: 201 len: 201 time: 0.0788000
2026-07-08 10:13:09.011 8 INFO neutron.wsgi [None req-ad0a5d0d-8614-4cb1-95fa-7549efd130c4 6558797abf5f4f86adab82de36451042 ba92d4ab4f20451f8274fd1c3494481b - - default default] 10.0.0.45 "GET /v2.0/networks/858de7c6-f9fc-4b39-9298-38aa53b31970/tags HTTP/1.1" status: 200 len: 227 time: 0.0818751
2026-07-08 10:13:09.016 9 INFO neutron.db.ovn_revision_numbers_db [None req-18b2931d-aa72-458f-8d73-2a82860dc36d 90ece6a6d36b47bf8bf4b65df55d05b5 d6921d8714ba4d1291a31d290a15353b - - default default] Successfully bumped revision number for resource 16dbbecd-65b8-40d8-9cc6-3fc2438f4008 (type: security_groups) to 1
2026-07-08 10:13:09.025 8 WARNING neutron.plugins.ml2.drivers.ovn.mech_driver.ovsdb.ovn_client [None req-a78afbcb-61fb-4c12-86e0-42b1cab5a2e9 - - - - - -] No port found with ID df63b5c4-366b-4f52-b07d-9c6bea770ac3: RuntimeError: No port found with ID df63b5c4-366b-4f52-b07d-9c6bea770ac3
2026-07-08 10:13:09.025 8 INFO neutron.plugins.ml2.drivers.ovn.mech_driver.mech_driver [None req-a78afbcb-61fb-4c12-86e0-42b1cab5a2e9 - - - - - -] OVN reports status down for port: 254c71da-aaa2-4fd9-9430-81d0b421e596
2026-07-08 10:13:09.046 9 INFO neutron.db.ovn_revision_numbers_db [None req-18b2931d-aa72-458f-8d73-2a82860dc36d 90ece6a6d36b47bf8bf4b65df55d05b5 d6921d8714ba4d1291a31d290a15353b - - default default] Successfully bumped revision number for resource 414330fb-2a52-4c52-a4bb-9b3c4060f951 (type: security_group_rules) to 0
2026-07-08 10:13:09.064 9 INFO neutron.db.ovn_revision_numbers_db [None req-18b2931d-aa72-458f-8d73-2a82860dc36d 90ece6a6d36b47bf8bf4b65df55d05b5 d6921d8714ba4d1291a31d290a15353b - - default default] Successfully bumped revision number for resource 44037436-deeb-43e4-bd2a-9db0ca921431 (type: security_group_rules) to 0
2026-07-08 10:13:09.084 8 INFO neutron.wsgi [None req-f23c2a57-9b0a-4e39-b4cf-b846c749d82d 6558797abf5f4f86adab82de36451042 ba92d4ab4f20451f8274fd1c3494481b - - default default] 10.0.0.45 "PUT /v2.0/networks/858de7c6-f9fc-4b39-9298-38aa53b31970/tags/red HTTP/1.1" status: 201 len: 201 time: 0.0665085
2026-07-08 10:13:09.111 9 INFO neutron.db.ovn_revision_numbers_db [None req-18b2931d-aa72-458f-8d73-2a82860dc36d 90ece6a6d36b47bf8bf4b65df55d05b5 d6921d8714ba4d1291a31d290a15353b - - default default] Successfully bumped revision number for resource a7185783-a9e3-4324-8a4a-8357df126bc6 (type: security_group_rules) to 0
2026-07-08 10:13:09.131 9 INFO neutron.db.ovn_revision_numbers_db [None req-18b2931d-aa72-458f-8d73-2a82860dc36d 90ece6a6d36b47bf8bf4b65df55d05b5 d6921d8714ba4d1291a31d290a15353b - - default default] Successfully bumped revision number for resource f3d3e5fb-b979-4859-9802-1e05ecb958d1 (type: security_group_rules) to 0
2026-07-08 10:13:09.144 8 INFO neutron.wsgi [None req-7b763110-1111-40ca-a3c9-37263c949130 6558797abf5f4f86adab82de36451042 ba92d4ab4f20451f8274fd1c3494481b - - default default] 10.0.0.45 "GET /v2.0/networks/858de7c6-f9fc-4b39-9298-38aa53b31970/tags HTTP/1.1" status: 200 len: 227 time: 0.0542598
2026-07-08 10:13:09.167 9 INFO neutron.wsgi [None req-18b2931d-aa72-458f-8d73-2a82860dc36d 90ece6a6d36b47bf8bf4b65df55d05b5 d6921d8714ba4d1291a31d290a15353b - - default default] 10.0.0.45 "GET /v2.0/security-groups?tenant_id=5b055f0cf8264f5881168e6886ece05a&name=default HTTP/1.1" status: 200 len: 2996 time: 0.3836920
2026-07-08 10:13:09.213 8 INFO neutron.wsgi [None req-3af311cb-8673-4e73-90c6-886b3a47baaa 6558797abf5f4f86adab82de36451042 ba92d4ab4f20451f8274fd1c3494481b - - default default] 10.0.0.45 "PUT /v2.0/networks/858de7c6-f9fc-4b39-9298-38aa53b31970/tags/black.or.white HTTP/1.1" status: 201 len: 201 time: 0.0637200
2026-07-08 10:13:09.268 9 INFO neutron.wsgi [None req-7bbf816d-e2c9-41cf-a18f-e198a32dca8e 6558797abf5f4f86adab82de36451042 ba92d4ab4f20451f8274fd1c3494481b - - default default] 10.0.0.45 "GET /v2.0/networks/858de7c6-f9fc-4b39-9298-38aa53b31970/tags HTTP/1.1" status: 200 len: 245 time: 0.0510285
2026-07-08 10:13:09.343 9 INFO neutron.wsgi [None req-699298e1-5e2f-4577-b611-a98291352b51 6558797abf5f4f86adab82de36451042 ba92d4ab4f20451f8274fd1c3494481b - - default default] 10.0.0.45 "PUT /v2.0/networks/858de7c6-f9fc-4b39-9298-38aa53b31970/tags HTTP/1.1" status: 200 len: 230 time: 0.0699661
2026-07-08 10:13:09.375 8 INFO neutron.wsgi [None req-e820f54c-c099-4d2b-9abe-c53f56215aea 90ece6a6d36b47bf8bf4b65df55d05b5 d6921d8714ba4d1291a31d290a15353b - - default default] 10.0.0.45 "DELETE /v2.0/security-groups/16dbbecd-65b8-40d8-9cc6-3fc2438f4008 HTTP/1.1" status: 204 len: 168 time: 0.2030115
2026-07-08 10:13:09.391 9 INFO neutron.wsgi [None req-62720499-8a76-4f18-aefd-23a46d400d41 6558797abf5f4f86adab82de36451042 ba92d4ab4f20451f8274fd1c3494481b - - default default] 10.0.0.45 "GET /v2.0/networks/858de7c6-f9fc-4b39-9298-38aa53b31970/tags HTTP/1.1" status: 200 len: 230 time: 0.0437248
2026-07-08 10:13:09.431 8 INFO neutron.wsgi [None req-13cc2fd1-3ea6-4670-b926-58905dc6cffb 6558797abf5f4f86adab82de36451042 ba92d4ab4f20451f8274fd1c3494481b - - default default] 10.0.0.45 "GET /v2.0/networks/858de7c6-f9fc-4b39-9298-38aa53b31970/tags/red HTTP/1.1" status: 204 len: 168 time: 0.0346687
2026-07-08 10:13:09.476 8 INFO neutron.api.v2.resource [None req-698add8c-33e1-4106-8e8d-d0f3b3464b6e 6558797abf5f4f86adab82de36451042 ba92d4ab4f20451f8274fd1c3494481b - - default default] show failed (client error): The resource could not be found.
2026-07-08 10:13:09.478 8 INFO neutron.wsgi [None req-698add8c-33e1-4106-8e8d-d0f3b3464b6e 6558797abf5f4f86adab82de36451042 ba92d4ab4f20451f8274fd1c3494481b - - default default] 10.0.0.45 "GET /v2.0/networks/858de7c6-f9fc-4b39-9298-38aa53b31970/tags/green HTTP/1.1" status: 404 len: 299 time: 0.0416708
2026-07-08 10:13:09.509 9 INFO neutron.wsgi [None req-d7ff606d-708f-4d0d-9fa9-37d67f8db387 b610cc2a49fe478fa35d9dd725db193a e5328f774bd94d11ad0e73146d6aac8c - - default default] 10.0.0.45 "DELETE /v2.0/routers/c71882a9-7cc7-4bb8-815b-458bc3cfecce HTTP/1.1" status: 204 len: 168 time: 0.7903094
2026-07-08 10:13:09.539 9 INFO neutron.wsgi [None req-efa5ac61-b7be-4542-87eb-bdd302843024 b610cc2a49fe478fa35d9dd725db193a e5328f774bd94d11ad0e73146d6aac8c - - default default] 10.0.0.45 "GET /v2.0/ports?device_id=c71882a9-7cc7-4bb8-815b-458bc3cfecce HTTP/1.1" status: 200 len: 205 time: 0.0214636
2026-07-08 10:13:09.546 8 INFO neutron.wsgi [None req-228085b4-7453-4cd8-8ac9-20db454d6738 6558797abf5f4f86adab82de36451042 ba92d4ab4f20451f8274fd1c3494481b - - default default] 10.0.0.45 "DELETE /v2.0/networks/858de7c6-f9fc-4b39-9298-38aa53b31970/tags/red HTTP/1.1" status: 204 len: 168 time: 0.0639217
2026-07-08 10:13:09.567 9 INFO neutron.api.v2.resource [None req-ef76fde9-1386-46ba-848c-a7f13f63deb3 b610cc2a49fe478fa35d9dd725db193a e5328f774bd94d11ad0e73146d6aac8c - - default default] delete failed (client error): The resource could not be found.
2026-07-08 10:13:09.568 9 INFO neutron.wsgi [None req-ef76fde9-1386-46ba-848c-a7f13f63deb3 b610cc2a49fe478fa35d9dd725db193a e5328f774bd94d11ad0e73146d6aac8c - - default default] 10.0.0.45 "DELETE /v2.0/routers/c71882a9-7cc7-4bb8-815b-458bc3cfecce HTTP/1.1" status: 404 len: 336 time: 0.0261908
2026-07-08 10:13:09.597 8 INFO neutron.wsgi [None req-0002df48-d4cd-4c7b-9b3b-5bfdbf08c268 6558797abf5f4f86adab82de36451042 ba92d4ab4f20451f8274fd1c3494481b - - default default] 10.0.0.45 "GET /v2.0/networks/858de7c6-f9fc-4b39-9298-38aa53b31970/tags HTTP/1.1" status: 200 len: 223 time: 0.0463457
2026-07-08 10:13:09.598 8 INFO neutron.wsgi [None req-7095c9d1-11d7-4f91-994a-b7a435fefc0b b610cc2a49fe478fa35d9dd725db193a e5328f774bd94d11ad0e73146d6aac8c - - default default] 10.0.0.45 "GET /v2.0/ports?device_id=77f7732e-b3af-4ca5-985c-d7b4fc5319dd HTTP/1.1" status: 200 len: 205 time: 0.0253978
2026-07-08 10:13:09.627 9 INFO neutron.api.v2.resource [None req-ebfaf752-0475-48a8-8d67-079c4ace5905 b610cc2a49fe478fa35d9dd725db193a e5328f774bd94d11ad0e73146d6aac8c - - default default] delete failed (client error): The resource could not be found.
2026-07-08 10:13:09.628 9 INFO neutron.wsgi [None req-ebfaf752-0475-48a8-8d67-079c4ace5905 b610cc2a49fe478fa35d9dd725db193a e5328f774bd94d11ad0e73146d6aac8c - - default default] 10.0.0.45 "DELETE /v2.0/routers/77f7732e-b3af-4ca5-985c-d7b4fc5319dd HTTP/1.1" status: 404 len: 336 time: 0.0253429
2026-07-08 10:13:09.647 8 INFO neutron.api.v2.resource [None req-5524ba56-42e4-42c1-9dca-81b487198aed 6558797abf5f4f86adab82de36451042 ba92d4ab4f20451f8274fd1c3494481b - - default default] delete failed (client error): The resource could not be found.
2026-07-08 10:13:09.650 8 INFO neutron.wsgi [None req-5524ba56-42e4-42c1-9dca-81b487198aed 6558797abf5f4f86adab82de36451042 ba92d4ab4f20451f8274fd1c3494481b - - default default] 10.0.0.45 "DELETE /v2.0/networks/858de7c6-f9fc-4b39-9298-38aa53b31970/tags/green HTTP/1.1" status: 404 len: 299 time: 0.0473273
2026-07-08 10:13:09.651 9 INFO neutron.pecan_wsgi.hooks.translation [None req-d1138a90-7d05-4ff6-9460-95f93761a04b b610cc2a49fe478fa35d9dd725db193a e5328f774bd94d11ad0e73146d6aac8c - - default default] DELETE failed (client error): The resource could not be found.
2026-07-08 10:13:09.654 9 INFO neutron.wsgi [None req-d1138a90-7d05-4ff6-9460-95f93761a04b b610cc2a49fe478fa35d9dd725db193a e5328f774bd94d11ad0e73146d6aac8c - - default default] 10.0.0.45 "DELETE /v2.0/subnets/cc1bff3c-aa57-4fb3-8aa9-729e445358fb HTTP/1.1" status: 404 len: 337 time: 0.0217168
2026-07-08 10:13:09.680 9 INFO neutron.wsgi [None req-a9f54cc6-fa13-4501-a6df-ec20f03d6508 b610cc2a49fe478fa35d9dd725db193a e5328f774bd94d11ad0e73146d6aac8c - - default default] 10.0.0.45 "GET /v2.0/ports?device_id=4c9ac1e5-d576-44ca-a88a-a20476066611 HTTP/1.1" status: 200 len: 205 time: 0.0221081
2026-07-08 10:13:09.714 8 INFO neutron.api.v2.resource [None req-4332432d-a3a6-4ef8-a88b-70c8a5df829a b610cc2a49fe478fa35d9dd725db193a e5328f774bd94d11ad0e73146d6aac8c - - default default] delete failed (client error): The resource could not be found.
2026-07-08 10:13:09.715 8 INFO neutron.wsgi [None req-4332432d-a3a6-4ef8-a88b-70c8a5df829a b610cc2a49fe478fa35d9dd725db193a e5328f774bd94d11ad0e73146d6aac8c - - default default] 10.0.0.45 "DELETE /v2.0/routers/4c9ac1e5-d576-44ca-a88a-a20476066611 HTTP/1.1" status: 404 len: 336 time: 0.0325289
2026-07-08 10:13:09.732 8 INFO neutron.pecan_wsgi.hooks.translation [None req-2a4411bb-b207-4b09-876f-de041a5761a9 b610cc2a49fe478fa35d9dd725db193a e5328f774bd94d11ad0e73146d6aac8c - - default default] DELETE failed (client error): The resource could not be found.
2026-07-08 10:13:09.734 8 INFO neutron.wsgi [None req-2a4411bb-b207-4b09-876f-de041a5761a9 b610cc2a49fe478fa35d9dd725db193a e5328f774bd94d11ad0e73146d6aac8c - - default default] 10.0.0.45 "DELETE /v2.0/subnets/ebe9d17b-95e3-49f0-a27b-bf72f54438a2 HTTP/1.1" status: 404 len: 337 time: 0.0152812
2026-07-08 10:13:09.743 8 INFO neutron.wsgi [None req-ec3626ba-8647-4c8a-be73-49d05e624ec4 6558797abf5f4f86adab82de36451042 ba92d4ab4f20451f8274fd1c3494481b - - default default] 10.0.0.45 "DELETE /v2.0/networks/858de7c6-f9fc-4b39-9298-38aa53b31970/tags HTTP/1.1" status: 204 len: 168 time: 0.0894501
2026-07-08 10:13:09.765 8 INFO neutron.wsgi [None req-aac29c87-19b4-45a8-b71b-730bf827a8b3 b610cc2a49fe478fa35d9dd725db193a e5328f774bd94d11ad0e73146d6aac8c - - default default] 10.0.0.45 "GET /v2.0/ports?device_id=3ae83264-17db-45b9-acbe-0d2a27883056 HTTP/1.1" status: 200 len: 205 time: 0.0281463
2026-07-08 10:13:09.795 9 INFO neutron.api.v2.resource [None req-c6745705-e25f-4185-999b-a03123a24d28 b610cc2a49fe478fa35d9dd725db193a e5328f774bd94d11ad0e73146d6aac8c - - default default] delete failed (client error): The resource could not be found.
2026-07-08 10:13:09.796 9 INFO neutron.wsgi [None req-c6745705-e25f-4185-999b-a03123a24d28 b610cc2a49fe478fa35d9dd725db193a e5328f774bd94d11ad0e73146d6aac8c - - default default] 10.0.0.45 "DELETE /v2.0/routers/3ae83264-17db-45b9-acbe-0d2a27883056 HTTP/1.1" status: 404 len: 336 time: 0.0263786
2026-07-08 10:13:09.801 8 INFO neutron.wsgi [None req-4cd41647-acb0-4e1f-b637-67a66dd3430d 6558797abf5f4f86adab82de36451042 ba92d4ab4f20451f8274fd1c3494481b - - default default] 10.0.0.45 "GET /v2.0/networks/858de7c6-f9fc-4b39-9298-38aa53b31970/tags HTTP/1.1" status: 200 len: 205 time: 0.0522296
2026-07-08 10:13:09.819 9 INFO neutron.pecan_wsgi.hooks.translation [None req-47bdd2ac-c655-4af4-9d2b-3205b54254db b610cc2a49fe478fa35d9dd725db193a e5328f774bd94d11ad0e73146d6aac8c - - default default] DELETE failed (client error): The resource could not be found.
2026-07-08 10:13:09.822 9 INFO neutron.wsgi [None req-47bdd2ac-c655-4af4-9d2b-3205b54254db b610cc2a49fe478fa35d9dd725db193a e5328f774bd94d11ad0e73146d6aac8c - - default default] 10.0.0.45 "DELETE /v2.0/subnets/befeefde-5290-4f15-b413-db978d0d8cb7 HTTP/1.1" status: 404 len: 337 time: 0.0209954
2026-07-08 10:13:09.844 9 INFO neutron.pecan_wsgi.hooks.translation [None req-4e2f180b-b013-41b1-9553-be272ee0c158 b610cc2a49fe478fa35d9dd725db193a e5328f774bd94d11ad0e73146d6aac8c - - default default] DELETE failed (client error): The resource could not be found.
2026-07-08 10:13:09.847 9 INFO neutron.wsgi [None req-4e2f180b-b013-41b1-9553-be272ee0c158 b610cc2a49fe478fa35d9dd725db193a e5328f774bd94d11ad0e73146d6aac8c - - default default] 10.0.0.45 "DELETE /v2.0/subnets/00079303-2191-4387-b262-5b8832889121 HTTP/1.1" status: 404 len: 337 time: 0.0225914
2026-07-08 10:13:10.204 8 INFO neutron.wsgi [None req-5ae838cc-31d9-4d06-814e-0ea702b7db10 6558797abf5f4f86adab82de36451042 ba92d4ab4f20451f8274fd1c3494481b - - default default] 10.0.0.45 "DELETE /v2.0/networks/858de7c6-f9fc-4b39-9298-38aa53b31970 HTTP/1.1" status: 204 len: 168 time: 0.3956470
2026-07-08 10:13:10.233 8 INFO neutron.services.segments.plugin [-] Segment 010d96a4-28a1-4302-a209-9e7a847195b1 resource provider aggregate not found
2026-07-08 10:13:10.250 8 INFO neutron.services.segments.plugin [-] Segment 010d96a4-28a1-4302-a209-9e7a847195b1 resource provider aggregate not found
2026-07-08 10:13:10.257 9 INFO neutron.db.ovn_revision_numbers_db [None req-9c744d21-c84d-4121-91e1-5604b7174866 90ece6a6d36b47bf8bf4b65df55d05b5 d6921d8714ba4d1291a31d290a15353b - - default default] Successfully bumped revision number for resource 9f9deade-dcb0-42ad-b03b-9d1f49963e20 (type: security_groups) to 1
2026-07-08 10:13:10.265 8 INFO neutron.services.segments.plugin [-] Segment 010d96a4-28a1-4302-a209-9e7a847195b1 resource provider not found; error: Placement Client Error (4xx): {"errors": [{"status": 404, "title": "Not Found", "detail": "The resource could not be found.\n\n No resource provider with uuid 010d96a4-28a1-4302-a209-9e7a847195b1 found for delete ", "request_id": "req-07596d97-5480-47ba-9263-801ed53e96e1"}]}
2026-07-08 10:13:10.271 8 INFO neutron.services.segments.plugin [-] Segment 010d96a4-28a1-4302-a209-9e7a847195b1 resource provider not found; error: Placement Client Error (4xx): {"errors": [{"status": 404, "title": "Not Found", "detail": "The resource could not be found.\n\n No resource provider with uuid 010d96a4-28a1-4302-a209-9e7a847195b1 found for delete ", "request_id": "req-d6c5cd7b-5557-4e6c-892d-5feda26289c4"}]}
2026-07-08 10:13:10.280 9 INFO neutron.db.ovn_revision_numbers_db [None req-9c744d21-c84d-4121-91e1-5604b7174866 90ece6a6d36b47bf8bf4b65df55d05b5 d6921d8714ba4d1291a31d290a15353b - - default default] Successfully bumped revision number for resource 011843ec-856e-4ae6-a298-6685268222c4 (type: security_group_rules) to 0
2026-07-08 10:13:10.299 9 INFO neutron.db.ovn_revision_numbers_db [None req-9c744d21-c84d-4121-91e1-5604b7174866 90ece6a6d36b47bf8bf4b65df55d05b5 d6921d8714ba4d1291a31d290a15353b - - default default] Successfully bumped revision number for resource 04acb8d2-6c86-40e5-9925-751c6af026bc (type: security_group_rules) to 0
2026-07-08 10:13:10.325 9 INFO neutron.db.ovn_revision_numbers_db [None req-9c744d21-c84d-4121-91e1-5604b7174866 90ece6a6d36b47bf8bf4b65df55d05b5 d6921d8714ba4d1291a31d290a15353b - - default default] Successfully bumped revision number for resource 62eb903f-4bbf-47fd-a175-ce1d3410b2f3 (type: security_group_rules) to 0
2026-07-08 10:13:10.342 9 INFO neutron.db.ovn_revision_numbers_db [None req-9c744d21-c84d-4121-91e1-5604b7174866 90ece6a6d36b47bf8bf4b65df55d05b5 d6921d8714ba4d1291a31d290a15353b - - default default] Successfully bumped revision number for resource 823850ef-27c4-4c3e-97ca-0f20d0f456ae (type: security_group_rules) to 0
2026-07-08 10:13:10.378 9 INFO neutron.wsgi [None req-9c744d21-c84d-4121-91e1-5604b7174866 90ece6a6d36b47bf8bf4b65df55d05b5 d6921d8714ba4d1291a31d290a15353b - - default default] 10.0.0.45 "GET /v2.0/security-groups?tenant_id=d540d5c4f99040ca9ea50d25ad7802b3&name=default HTTP/1.1" status: 200 len: 2996 time: 0.3056762
2026-07-08 10:13:10.529 9 INFO neutron.wsgi [None req-8005fca5-34cc-4fc2-b78d-7dd4d9109d21 90ece6a6d36b47bf8bf4b65df55d05b5 d6921d8714ba4d1291a31d290a15353b - - default default] 10.0.0.45 "GET /v2.0/security-groups?tenant_id=e5328f774bd94d11ad0e73146d6aac8c&name=default HTTP/1.1" status: 200 len: 2996 time: 0.2589726
2026-07-08 10:13:10.600 9 INFO neutron.wsgi [None req-a1cc1bad-85d6-4bf0-a58f-a13c5c6b407a 90ece6a6d36b47bf8bf4b65df55d05b5 d6921d8714ba4d1291a31d290a15353b - - default default] 10.0.0.45 "DELETE /v2.0/security-groups/9f9deade-dcb0-42ad-b03b-9d1f49963e20 HTTP/1.1" status: 204 len: 168 time: 0.2138371
2026-07-08 10:13:10.725 8 INFO neutron.wsgi [None req-b13afee2-136f-4718-b65e-e9ceaf2b5dbc 90ece6a6d36b47bf8bf4b65df55d05b5 d6921d8714ba4d1291a31d290a15353b - - default default] 10.0.0.45 "DELETE /v2.0/security-groups/38b61238-b7eb-494f-9f07-3752fd424fc2 HTTP/1.1" status: 204 len: 168 time: 0.1882331
2026-07-08 10:13:11.207 8 INFO neutron.db.ovn_revision_numbers_db [None req-d5d25b90-ac86-48d5-a22b-21092e5a3cd3 90ece6a6d36b47bf8bf4b65df55d05b5 d6921d8714ba4d1291a31d290a15353b - - default default] Successfully bumped revision number for resource 0b95dde7-5f89-4cca-ba1e-28e7cd3fc764 (type: security_groups) to 1
2026-07-08 10:13:11.223 8 INFO neutron.db.ovn_revision_numbers_db [None req-d5d25b90-ac86-48d5-a22b-21092e5a3cd3 90ece6a6d36b47bf8bf4b65df55d05b5 d6921d8714ba4d1291a31d290a15353b - - default default] Successfully bumped revision number for resource 3fe5e33f-051d-4db7-86d8-8cfc900325d6 (type: security_group_rules) to 0
2026-07-08 10:13:11.236 8 INFO neutron.db.ovn_revision_numbers_db [None req-d5d25b90-ac86-48d5-a22b-21092e5a3cd3 90ece6a6d36b47bf8bf4b65df55d05b5 d6921d8714ba4d1291a31d290a15353b - - default default] Successfully bumped revision number for resource 4e5820a7-9ff8-46db-bf38-c57ca0552994 (type: security_group_rules) to 0
2026-07-08 10:13:11.252 8 INFO neutron.db.ovn_revision_numbers_db [None req-d5d25b90-ac86-48d5-a22b-21092e5a3cd3 90ece6a6d36b47bf8bf4b65df55d05b5 d6921d8714ba4d1291a31d290a15353b - - default default] Successfully bumped revision number for resource 7e232ddf-f550-4d19-8297-791b9f6f2229 (type: security_group_rules) to 0
2026-07-08 10:13:11.266 8 INFO neutron.db.ovn_revision_numbers_db [None req-d5d25b90-ac86-48d5-a22b-21092e5a3cd3 90ece6a6d36b47bf8bf4b65df55d05b5 d6921d8714ba4d1291a31d290a15353b - - default default] Successfully bumped revision number for resource ab8dc606-8413-4c72-ad12-8fa1146225b1 (type: security_group_rules) to 0
2026-07-08 10:13:11.285 8 INFO neutron.wsgi [None req-d5d25b90-ac86-48d5-a22b-21092e5a3cd3 90ece6a6d36b47bf8bf4b65df55d05b5 d6921d8714ba4d1291a31d290a15353b - - default default] 10.0.0.45 "GET /v2.0/security-groups?tenant_id=e29a529cdeb546cb89e7ff73bd275ca6&name=default HTTP/1.1" status: 200 len: 2996 time: 0.4600751
2026-07-08 10:13:11.425 9 INFO neutron.wsgi [-] 10.0.0.76 "GET / HTTP/1.1" status: 200 len: 246 time: 0.0028372
2026-07-08 10:13:11.429 9 INFO neutron.wsgi [-] 10.0.0.76 "GET / HTTP/1.1" status: 200 len: 246 time: 0.0026913
2026-07-08 10:13:11.446 8 INFO neutron.wsgi [None req-07e3fbed-fe95-4abe-87d5-3c02ab84a902 90ece6a6d36b47bf8bf4b65df55d05b5 d6921d8714ba4d1291a31d290a15353b - - default default] 10.0.0.45 "DELETE /v2.0/security-groups/0b95dde7-5f89-4cca-ba1e-28e7cd3fc764 HTTP/1.1" status: 204 len: 168 time: 0.1561286
2026-07-08 10:13:11.585 9 INFO neutron.wsgi [None req-aec9e7b2-9c15-4b04-b6e6-c4eabad21b6d 90ece6a6d36b47bf8bf4b65df55d05b5 d6921d8714ba4d1291a31d290a15353b - - default default] 10.0.0.45 "GET /v2.0/security-groups?tenant_id=ba92d4ab4f20451f8274fd1c3494481b&name=default HTTP/1.1" status: 200 len: 2996 time: 0.0408010
2026-07-08 10:13:11.790 9 INFO neutron.wsgi [None req-80e47bfb-8060-4785-bd9d-c4dc75b1010c 90ece6a6d36b47bf8bf4b65df55d05b5 d6921d8714ba4d1291a31d290a15353b - - default default] 10.0.0.45 "DELETE /v2.0/security-groups/ee9ace5e-adc7-4c1d-9c60-96624ca53788 HTTP/1.1" status: 204 len: 168 time: 0.2000630
2026-07-08 10:13:12.523 8 INFO neutron.wsgi [-] 10.0.0.45 "GET / HTTP/1.1" status: 200 len: 279 time: 0.0039952
2026-07-08 10:13:12.582 9 INFO neutron.wsgi [None req-43704cb1-4fa3-465a-8d90-475060f53a74 b72a344e994c422fb33706fbd6617cc3 c2c39d3ee8c94f4baa8da0cf39ed8583 - - default default] 10.0.0.45 "GET /v2.0/ HTTP/1.1" status: 200 len: 826 time: 0.0493002
2026-07-08 10:13:12.598 8 INFO neutron.db.ovn_revision_numbers_db [None req-b7de26d1-f6bb-4148-812e-aa5b7f19dcd1 90ece6a6d36b47bf8bf4b65df55d05b5 d6921d8714ba4d1291a31d290a15353b - - default default] Successfully bumped revision number for resource 4e54a5c5-a5b8-4da6-821f-4ccc54b09bdc (type: security_groups) to 1
2026-07-08 10:13:12.615 8 INFO neutron.db.ovn_revision_numbers_db [None req-b7de26d1-f6bb-4148-812e-aa5b7f19dcd1 90ece6a6d36b47bf8bf4b65df55d05b5 d6921d8714ba4d1291a31d290a15353b - - default default] Successfully bumped revision number for resource 068fa026-53db-431b-b1c6-819d04be1ad1 (type: security_group_rules) to 0
2026-07-08 10:13:12.635 8 INFO neutron.db.ovn_revision_numbers_db [None req-b7de26d1-f6bb-4148-812e-aa5b7f19dcd1 90ece6a6d36b47bf8bf4b65df55d05b5 d6921d8714ba4d1291a31d290a15353b - - default default] Successfully bumped revision number for resource 4412a46e-0618-412a-997a-0b7f817d854b (type: security_group_rules) to 0
2026-07-08 10:13:12.650 8 INFO neutron.db.ovn_revision_numbers_db [None req-b7de26d1-f6bb-4148-812e-aa5b7f19dcd1 90ece6a6d36b47bf8bf4b65df55d05b5 d6921d8714ba4d1291a31d290a15353b - - default default] Successfully bumped revision number for resource 55ab3ef0-7685-4f8c-8f1d-bda8bbcc1030 (type: security_group_rules) to 0
2026-07-08 10:13:12.665 8 INFO neutron.db.ovn_revision_numbers_db [None req-b7de26d1-f6bb-4148-812e-aa5b7f19dcd1 90ece6a6d36b47bf8bf4b65df55d05b5 d6921d8714ba4d1291a31d290a15353b - - default default] Successfully bumped revision number for resource eaae5ed3-54b3-48a9-bcad-1dc450a819f4 (type: security_group_rules) to 0
2026-07-08 10:13:12.725 8 INFO neutron.db.segments_db [None req-b7de26d1-f6bb-4148-812e-aa5b7f19dcd1 90ece6a6d36b47bf8bf4b65df55d05b5 d6921d8714ba4d1291a31d290a15353b - - default default] Added segment 39062118-52bb-422d-ab60-bc4dacc8f19c of type geneve for network 0bf83982-a6c3-4ded-925f-6c4e80e8faa4
2026-07-08 10:13:12.875 8 INFO neutron.db.ovn_revision_numbers_db [None req-b7de26d1-f6bb-4148-812e-aa5b7f19dcd1 90ece6a6d36b47bf8bf4b65df55d05b5 d6921d8714ba4d1291a31d290a15353b - - default default] Successfully bumped revision number for resource 0bf83982-a6c3-4ded-925f-6c4e80e8faa4 (type: networks) to 1
2026-07-08 10:13:12.979 9 WARNING neutron.plugins.ml2.drivers.ovn.mech_driver.ovsdb.ovn_client [None req-766bf85d-b69e-4cc9-8b7a-b1f60f779492 - - - - - -] No port found with ID d4581fa8-fc94-4b33-b577-1857e879c7c5: RuntimeError: No port found with ID d4581fa8-fc94-4b33-b577-1857e879c7c5
