2026-07-08 10:10:55.266 8 INFO neutron.wsgi [None req-1e817154-64cc-462b-b1ae-96730dec3f8d 90ece6a6d36b47bf8bf4b65df55d05b5 d6921d8714ba4d1291a31d290a15353b - - default default] 10.0.0.45 "PUT /v2.0/routers/5869d7ac-a2e2-4d7b-ae98-1978df3babca/remove_router_interface HTTP/1.1" status: 200 len: 503 time: 1.3944092
2026-07-08 10:10:55.454 8 INFO neutron.plugins.ml2.drivers.ovn.mech_driver.mech_driver [None req-a78afbcb-61fb-4c12-86e0-42b1cab5a2e9 - - - - - -] OVN reports status down for port: caaaed9c-4cc5-4891-ba9f-992955084d00
2026-07-08 10:10:55.845 8 INFO neutron.notifiers.nova [-] Nova event matching ['req-615d2e12-b283-4f64-a12f-f36b1788a52c'] response: {'server_uuid': '66bb7dde-f3f1-4230-b857-19d0320bfe3e', 'name': 'network-vif-unplugged', 'status': 'completed', 'tag': 'caaaed9c-4cc5-4891-ba9f-992955084d00', 'code': 200}
2026-07-08 10:10:55.873 8 INFO neutron.wsgi [None req-de9f8b38-442e-4e79-b586-60e805a7815f 382f46523550436da7768df15ee8492b baedb9d1fb064d9aa01e2e88a3e71be4 - - default default] 10.0.0.45 "DELETE /v2.0/ports/179ef58a-1356-4c91-adee-8b3283ed1043 HTTP/1.1" status: 204 len: 168 time: 0.6379788
2026-07-08 10:10:55.913 9 INFO neutron.pecan_wsgi.hooks.translation [None req-43922fcd-2ad0-48c4-a6e4-cb35d27b8731 382f46523550436da7768df15ee8492b baedb9d1fb064d9aa01e2e88a3e71be4 - - default default] GET failed (client error): The resource could not be found.
2026-07-08 10:10:55.916 9 INFO neutron.wsgi [None req-43922fcd-2ad0-48c4-a6e4-cb35d27b8731 382f46523550436da7768df15ee8492b baedb9d1fb064d9aa01e2e88a3e71be4 - - default default] 10.0.0.45 "GET /v2.0/ports/179ef58a-1356-4c91-adee-8b3283ed1043 HTTP/1.1" status: 404 len: 333 time: 0.0246806
2026-07-08 10:10:56.002 8 INFO neutron.wsgi [req-9210692b-eaeb-499b-a760-2e532b82c973 req-813cc9a4-5137-430d-b7fb-83dd1c39854b f7fe56a39fd74d8381d2c91c43247ce3 cf9b5a9b319d4e8b85dc57cddb63163c - - default default] 10.0.0.37 "GET /v2.0/ports?device_id=66bb7dde-f3f1-4230-b857-19d0320bfe3e HTTP/1.1" status: 200 len: 1172 time: 0.0602736
2026-07-08 10:10:56.105 8 INFO neutron.wsgi [req-9210692b-eaeb-499b-a760-2e532b82c973 req-30955858-a753-41a8-989c-8907605f5a88 f7fe56a39fd74d8381d2c91c43247ce3 cf9b5a9b319d4e8b85dc57cddb63163c - - default default] 10.0.0.37 "GET /v2.0/security-groups?id=b14f4b52-38d1-4eea-a65b-add56498522b&fields=id&fields=name HTTP/1.1" status: 200 len: 312 time: 0.0852458
2026-07-08 10:10:56.113 8 INFO neutron.db.ovn_revision_numbers_db [None req-a78afbcb-61fb-4c12-86e0-42b1cab5a2e9 - - - - - -] Successfully bumped revision number for resource caaaed9c-4cc5-4891-ba9f-992955084d00 (type: ports) to 5
2026-07-08 10:10:56.146 8 WARNING neutron.plugins.ml2.drivers.ovn.mech_driver.ovsdb.ovn_client [None req-a78afbcb-61fb-4c12-86e0-42b1cab5a2e9 - - - - - -] Logical_Switch_Port %s host information not removed, the port state is up
2026-07-08 10:10:56.146 8 INFO neutron.plugins.ml2.drivers.ovn.mech_driver.mech_driver [None req-a78afbcb-61fb-4c12-86e0-42b1cab5a2e9 - - - - - -] OVN reports status up for port: caaaed9c-4cc5-4891-ba9f-992955084d00
2026-07-08 10:10:56.175 8 INFO neutron.plugins.ml2.plugin [None req-a78afbcb-61fb-4c12-86e0-42b1cab5a2e9 - - - - - -] Attempt 1 to provision port caaaed9c-4cc5-4891-ba9f-992955084d00
2026-07-08 10:10:56.193 9 INFO neutron.wsgi [None req-be0827eb-0e19-4449-b1ff-4d0a784d7770 382f46523550436da7768df15ee8492b baedb9d1fb064d9aa01e2e88a3e71be4 - - default default] 10.0.0.45 "DELETE /v2.0/subnets/6cd92141-c5d4-445e-9587-7f3cfcf76729 HTTP/1.1" status: 204 len: 168 time: 0.2701337
2026-07-08 10:10:56.424 8 INFO neutron.wsgi [-] 10.0.0.76 "GET / HTTP/1.1" status: 200 len: 246 time: 0.0013454
2026-07-08 10:10:56.425 8 INFO neutron.wsgi [-] 10.0.0.76 "GET / HTTP/1.1" status: 200 len: 246 time: 0.0008621
2026-07-08 10:10:56.462 8 INFO neutron.wsgi [None req-af22be57-a22d-4620-bd70-38430121c806 90ece6a6d36b47bf8bf4b65df55d05b5 d6921d8714ba4d1291a31d290a15353b - - default default] 10.0.0.45 "DELETE /v2.0/routers/5869d7ac-a2e2-4d7b-ae98-1978df3babca HTTP/1.1" status: 204 len: 168 time: 1.1920955 /var/lib/openstack/lib/python3.10/site-packages/pycadf/identifier.py:71: UserWarning: Invalid uuid: neutron. To ensure interoperability, identifiers should be a valid uuid. warnings.warn(('Invalid uuid: %s. To ensure interoperability, '
2026-07-08 10:10:56.491 9 INFO neutron.wsgi [req-f52f17ec-d5e4-4318-95bb-6c76cd52dc56 req-a39ceaa9-093a-4d9a-a3ba-bc301aa670da 8b89cf49831c482c8576422fdcbb9b7f 3eb1a6ca549a417e9244b02fba6f9779 - - default default] 10.0.0.37 "GET /v2.0/ports?device_id=fc0c3b29-aaee-4b91-80cc-5fc81564dd38 HTTP/1.1" status: 200 len: 1174 time: 0.1108420
2026-07-08 10:10:56.658 9 INFO neutron.services.segments.plugin [-] Segment 47370f46-ead0-43c6-bdc0-8d708a170049 resource provider aggregate not found
2026-07-08 10:10:56.662 9 INFO neutron.services.segments.plugin [-] Segment 47370f46-ead0-43c6-bdc0-8d708a170049 resource provider aggregate not found
2026-07-08 10:10:56.681 9 INFO neutron.services.segments.plugin [-] Segment 47370f46-ead0-43c6-bdc0-8d708a170049 resource provider not found; error: Placement Client Error (4xx): {"errors": [{"status": 404, "title": "Not Found", "detail": "The resource could not be found.\n\n No resource provider with uuid 47370f46-ead0-43c6-bdc0-8d708a170049 found for delete ", "request_id": "req-2b537058-8d28-4783-bbfc-9d0ccd80025d"}]}
2026-07-08 10:10:56.682 9 INFO neutron.services.segments.plugin [-] Segment 47370f46-ead0-43c6-bdc0-8d708a170049 resource provider not found; error: Placement Client Error (4xx): {"errors": [{"status": 404, "title": "Not Found", "detail": "The resource could not be found.\n\n No resource provider with uuid 47370f46-ead0-43c6-bdc0-8d708a170049 found for delete ", "request_id": "req-14cb1690-ba3f-4c78-87de-2f5e70be77e9"}]}
2026-07-08 10:10:56.683 8 INFO neutron.wsgi [req-4cd1c831-e0cd-47da-aa48-f2df9d5aa690 req-1c5f9544-0ba1-4eab-853e-e638ea559147 8b89cf49831c482c8576422fdcbb9b7f 3eb1a6ca549a417e9244b02fba6f9779 - - default default] 10.0.0.37 "GET /v2.0/ports/5e53d264-f935-48ef-839d-9b67414f7281 HTTP/1.1" status: 200 len: 1171 time: 0.1342371
2026-07-08 10:10:56.695 8 INFO neutron.db.ovn_revision_numbers_db [None req-a78afbcb-61fb-4c12-86e0-42b1cab5a2e9 - - - - - -] Successfully bumped revision number for resource caaaed9c-4cc5-4891-ba9f-992955084d00 (type: ports) to 6
2026-07-08 10:10:56.719 9 INFO neutron.wsgi [None req-8e3cd1ce-aa0b-4d68-add9-58e4e9724b68 382f46523550436da7768df15ee8492b baedb9d1fb064d9aa01e2e88a3e71be4 - - default default] 10.0.0.45 "DELETE /v2.0/networks/fdd5cdb2-7709-472a-8f6e-fbd87adffefa HTTP/1.1" status: 204 len: 168 time: 0.5210350
2026-07-08 10:10:56.762 8 INFO neutron.wsgi [None req-d45c4336-221b-4dfc-af71-3716b5a4e588 90ece6a6d36b47bf8bf4b65df55d05b5 d6921d8714ba4d1291a31d290a15353b - - default default] 10.0.0.45 "DELETE /v2.0/subnets/4e5bdf1d-01cc-4ef6-966d-0dc7e65d9ad0 HTTP/1.1" status: 204 len: 168 time: 0.2942915 /var/lib/openstack/lib/python3.10/site-packages/pycadf/identifier.py:71: UserWarning: Invalid uuid: neutron. To ensure interoperability, identifiers should be a valid uuid. warnings.warn(('Invalid uuid: %s. To ensure interoperability, '
2026-07-08 10:10:56.899 9 INFO neutron.wsgi [req-96f8f944-de6b-4776-9a31-85b814d5eff4 req-dfede396-5e5d-4f01-881f-a4667d938666 8b89cf49831c482c8576422fdcbb9b7f 3eb1a6ca549a417e9244b02fba6f9779 - - default default] 199.204.45.229 "GET /v2.0/subnets?network_id=d3fe7079-92aa-4c86-98e1-e4dc1ba56c4f HTTP/1.1" status: 200 len: 859 time: 0.0490739
2026-07-08 10:10:56.981 9 INFO neutron.wsgi [req-96f8f944-de6b-4776-9a31-85b814d5eff4 req-47f201e8-c156-4936-8196-01e19227d3bc 8b89cf49831c482c8576422fdcbb9b7f 3eb1a6ca549a417e9244b02fba6f9779 - - default default] 199.204.45.229 "GET /v2.0/ports?device_id=fc0c3b29-aaee-4b91-80cc-5fc81564dd38&device_owner=compute%3Anova&network_id=d3fe7079-92aa-4c86-98e1-e4dc1ba56c4f HTTP/1.1" status: 200 len: 1174 time: 0.0763075
2026-07-08 10:10:57.107 9 WARNING neutron.scheduler.dhcp_agent_scheduler [None req-33de57fe-e6c6-4ec0-9dd0-75e5b0746fb4 382f46523550436da7768df15ee8492b baedb9d1fb064d9aa01e2e88a3e71be4 - - default default] No more DHCP agents
2026-07-08 10:10:57.115 9 WARNING neutron.api.rpc.agentnotifiers.dhcp_rpc_agent_api [None req-33de57fe-e6c6-4ec0-9dd0-75e5b0746fb4 382f46523550436da7768df15ee8492b baedb9d1fb064d9aa01e2e88a3e71be4 - - default default] Unable to schedule network 2cc5bbc3-8d22-4a70-999e-cc0119f77b5d: no agents available; will retry on subsequent port and subnet creation events.
2026-07-08 10:10:57.151 8 INFO neutron.services.segments.plugin [-] Segment 289da987-0b28-4d77-b7c8-43e4c6d65683 resource provider aggregate not found
2026-07-08 10:10:57.156 8 INFO neutron.services.segments.plugin [-] Segment 289da987-0b28-4d77-b7c8-43e4c6d65683 resource provider aggregate not found
2026-07-08 10:10:57.181 8 INFO neutron.services.segments.plugin [-] Segment 289da987-0b28-4d77-b7c8-43e4c6d65683 resource provider not found; error: Placement Client Error (4xx): {"errors": [{"status": 404, "title": "Not Found", "detail": "The resource could not be found.\n\n No resource provider with uuid 289da987-0b28-4d77-b7c8-43e4c6d65683 found for delete ", "request_id": "req-1d46b8e9-c98e-4a56-9f4d-8ea229a906d3"}]}
2026-07-08 10:10:57.182 8 INFO neutron.services.segments.plugin [-] Segment 289da987-0b28-4d77-b7c8-43e4c6d65683 resource provider not found; error: Placement Client Error (4xx): {"errors": [{"status": 404, "title": "Not Found", "detail": "The resource could not be found.\n\n No resource provider with uuid 289da987-0b28-4d77-b7c8-43e4c6d65683 found for delete ", "request_id": "req-ba8c4072-d7a2-45d2-a525-58b3a7a04641"}]}
2026-07-08 10:10:57.211 8 INFO neutron.wsgi [req-a93e7294-afbc-4cd4-b909-e1775e9965c2 req-fc9e8299-2cb0-4fe0-91f6-44eef3a71b4b f7fe56a39fd74d8381d2c91c43247ce3 cf9b5a9b319d4e8b85dc57cddb63163c - - default default] 10.0.0.37 "GET /v2.0/ports?device_id=66bb7dde-f3f1-4230-b857-19d0320bfe3e HTTP/1.1" status: 200 len: 1174 time: 0.0395539
2026-07-08 10:10:57.215 8 INFO neutron.wsgi [None req-900c2259-bacf-4c2b-8d2c-0c60dc93e603 90ece6a6d36b47bf8bf4b65df55d05b5 d6921d8714ba4d1291a31d290a15353b - - default default] 10.0.0.45 "DELETE /v2.0/networks/f6ac3dba-3e49-4d69-acc5-8ff933b34764 HTTP/1.1" status: 204 len: 168 time: 0.4438491
2026-07-08 10:10:57.270 8 INFO neutron.wsgi [req-a93e7294-afbc-4cd4-b909-e1775e9965c2 req-ba202574-154a-4751-814b-34d2c7368b8a f7fe56a39fd74d8381d2c91c43247ce3 cf9b5a9b319d4e8b85dc57cddb63163c - - default default] 10.0.0.37 "GET /v2.0/security-groups?id=b14f4b52-38d1-4eea-a65b-add56498522b&fields=id&fields=name HTTP/1.1" status: 200 len: 312 time: 0.0456164
2026-07-08 10:10:57.302 9 INFO neutron.db.ovn_revision_numbers_db [None req-33de57fe-e6c6-4ec0-9dd0-75e5b0746fb4 382f46523550436da7768df15ee8492b baedb9d1fb064d9aa01e2e88a3e71be4 - - default default] Successfully bumped revision number for resource e3e25d96-9de8-4832-a63f-f3e83e779cb0 (type: ports) to 1
2026-07-08 10:10:57.336 9 INFO neutron.wsgi [None req-33de57fe-e6c6-4ec0-9dd0-75e5b0746fb4 382f46523550436da7768df15ee8492b baedb9d1fb064d9aa01e2e88a3e71be4 - - default default] 10.0.0.45 "POST /v2.0/ports HTTP/1.1" status: 201 len: 978 time: 0.6090438
2026-07-08 10:10:57.466 8 INFO neutron.wsgi [None req-35819b0c-a0f8-45cc-8a6a-63346c29f864 90ece6a6d36b47bf8bf4b65df55d05b5 d6921d8714ba4d1291a31d290a15353b - - default default] 10.0.0.45 "GET /v2.0/security-groups?tenant_id=deacb64588b2426fb5ee8963887f88d2&name=default HTTP/1.1" status: 200 len: 2996 time: 0.0485892
2026-07-08 10:10:57.614 9 INFO neutron.db.ovn_revision_numbers_db [req-96f8f944-de6b-4776-9a31-85b814d5eff4 req-8cc89f0a-3ee7-4e9d-9109-e8af0a4c2df7 8b89cf49831c482c8576422fdcbb9b7f 3eb1a6ca549a417e9244b02fba6f9779 - - default default] Successfully bumped revision number for resource 5e53d264-f935-48ef-839d-9b67414f7281 (type: ports) to 5
2026-07-08 10:10:57.625 8 INFO neutron.plugins.ml2.drivers.ovn.mech_driver.mech_driver [None req-a78afbcb-61fb-4c12-86e0-42b1cab5a2e9 - - - - - -] OVN reports status down for port: e3e25d96-9de8-4832-a63f-f3e83e779cb0
2026-07-08 10:10:57.629 9 INFO neutron.wsgi [req-96f8f944-de6b-4776-9a31-85b814d5eff4 req-8cc89f0a-3ee7-4e9d-9109-e8af0a4c2df7 8b89cf49831c482c8576422fdcbb9b7f 3eb1a6ca549a417e9244b02fba6f9779 - - default default] 199.204.45.229 "PUT /v2.0/ports/5e53d264-f935-48ef-839d-9b67414f7281 HTTP/1.1" status: 200 len: 1349 time: 0.6409128 /var/lib/openstack/lib/python3.10/site-packages/pycadf/identifier.py:71: UserWarning: Invalid uuid: neutron. To ensure interoperability, identifiers should be a valid uuid. warnings.warn(('Invalid uuid: %s. To ensure interoperability, '
2026-07-08 10:10:57.670 8 INFO neutron.db.ovn_revision_numbers_db [None req-8c151fd4-6917-4ac4-af9c-72e6408d898f 382f46523550436da7768df15ee8492b baedb9d1fb064d9aa01e2e88a3e71be4 - - default default] Successfully bumped revision number for resource e3e25d96-9de8-4832-a63f-f3e83e779cb0 (type: ports) to 2
2026-07-08 10:10:57.672 9 INFO neutron.notifiers.nova [-] Nova event matching ['req-1e5edef5-fad4-4949-b46b-7ed4b5e4c55e'] response: {'name': 'network-changed', 'server_uuid': 'fc0c3b29-aaee-4b91-80cc-5fc81564dd38', 'tag': '5e53d264-f935-48ef-839d-9b67414f7281', 'status': 'completed', 'code': 200}
2026-07-08 10:10:57.684 9 INFO neutron.wsgi [req-96f8f944-de6b-4776-9a31-85b814d5eff4 req-f7f13a57-8d9c-4991-8bba-7ef3303aa807 c7d3d1026eeb456ea0f2b328b8daa236 d6b189a0a2bb4a408adc82ad633266d7 - - e7bad94844f54a33a625ce6fcb5d0448 e7bad94844f54a33a625ce6fcb5d0448] 199.204.45.229 "GET /v2.0/ports?tenant_id=3eb1a6ca549a417e9244b02fba6f9779&device_id=fc0c3b29-aaee-4b91-80cc-5fc81564dd38 HTTP/1.1" status: 200 len: 1590 time: 0.0354631
2026-07-08 10:10:57.684 8 INFO neutron.wsgi [None req-8c151fd4-6917-4ac4-af9c-72e6408d898f 382f46523550436da7768df15ee8492b baedb9d1fb064d9aa01e2e88a3e71be4 - - default default] 10.0.0.45 "PUT /v2.0/ports/e3e25d96-9de8-4832-a63f-f3e83e779cb0 HTTP/1.1" status: 200 len: 946 time: 0.3418360
2026-07-08 10:10:57.752 8 INFO neutron.wsgi [None req-b7f0c432-83da-475e-a61a-9ff8b812ec26 90ece6a6d36b47bf8bf4b65df55d05b5 d6921d8714ba4d1291a31d290a15353b - - default default] 10.0.0.45 "DELETE /v2.0/security-groups/7b8ffc01-513c-4110-b225-c7d271adfef1 HTTP/1.1" status: 204 len: 168 time: 0.2810707
2026-07-08 10:10:57.774 9 INFO neutron.wsgi [req-96f8f944-de6b-4776-9a31-85b814d5eff4 req-6a0f9c1f-c4bd-42c3-901c-b7c5843a0e9c c7d3d1026eeb456ea0f2b328b8daa236 d6b189a0a2bb4a408adc82ad633266d7 - - e7bad94844f54a33a625ce6fcb5d0448 e7bad94844f54a33a625ce6fcb5d0448] 199.204.45.229 "GET /v2.0/networks?id=d3fe7079-92aa-4c86-98e1-e4dc1ba56c4f HTTP/1.1" status: 200 len: 982 time: 0.0838375
2026-07-08 10:10:57.834 9 INFO neutron.wsgi [req-96f8f944-de6b-4776-9a31-85b814d5eff4 req-c4c4280d-8bd5-4806-ab57-a8dc581b42f4 c7d3d1026eeb456ea0f2b328b8daa236 d6b189a0a2bb4a408adc82ad633266d7 - - e7bad94844f54a33a625ce6fcb5d0448 e7bad94844f54a33a625ce6fcb5d0448] 199.204.45.229 "GET /v2.0/floatingips?fixed_ip_address=10.100.0.12&port_id=5e53d264-f935-48ef-839d-9b67414f7281 HTTP/1.1" status: 200 len: 1060 time: 0.0523448
2026-07-08 10:10:57.878 9 INFO neutron.wsgi [req-96f8f944-de6b-4776-9a31-85b814d5eff4 req-d6b1e16b-a43f-4082-8de1-b34fce5a219d c7d3d1026eeb456ea0f2b328b8daa236 d6b189a0a2bb4a408adc82ad633266d7 - - e7bad94844f54a33a625ce6fcb5d0448 e7bad94844f54a33a625ce6fcb5d0448] 199.204.45.229 "GET /v2.0/floatingips?fixed_ip_address=10.100.0.6&port_id=5e53d264-f935-48ef-839d-9b67414f7281 HTTP/1.1" status: 200 len: 217 time: 0.0368178
2026-07-08 10:10:57.891 8 INFO neutron.notifiers.nova [-] Nova event matching ['req-4dccf6fb-0d93-469e-b759-5bf6a11e3eb4'] response: {'server_uuid': '66bb7dde-f3f1-4230-b857-19d0320bfe3e', 'name': 'network-vif-plugged', 'status': 'completed', 'tag': 'caaaed9c-4cc5-4891-ba9f-992955084d00', 'code': 200}
2026-07-08 10:10:57.891 8 INFO neutron.notifiers.nova [-] Nova event matching ['req-4dccf6fb-0d93-469e-b759-5bf6a11e3eb4'] response: {'server_uuid': '66bb7dde-f3f1-4230-b857-19d0320bfe3e', 'name': 'network-vif-plugged', 'status': 'completed', 'tag': 'caaaed9c-4cc5-4891-ba9f-992955084d00', 'code': 200}
2026-07-08 10:10:57.891 8 INFO neutron.notifiers.nova [-] Nova event matching ['req-4dccf6fb-0d93-469e-b759-5bf6a11e3eb4'] response: {'server_uuid': '66bb7dde-f3f1-4230-b857-19d0320bfe3e', 'name': 'network-vif-plugged', 'status': 'completed', 'tag': 'caaaed9c-4cc5-4891-ba9f-992955084d00', 'code': 200}
2026-07-08 10:10:57.928 9 INFO neutron.wsgi [req-96f8f944-de6b-4776-9a31-85b814d5eff4 req-d1279f04-95d5-4f27-acb5-0e36af649d02 c7d3d1026eeb456ea0f2b328b8daa236 d6b189a0a2bb4a408adc82ad633266d7 - - e7bad94844f54a33a625ce6fcb5d0448 e7bad94844f54a33a625ce6fcb5d0448] 199.204.45.229 "GET /v2.0/subnets?id=3c283df6-cb95-4b21-b09f-d088dbd4155f HTTP/1.1" status: 200 len: 877 time: 0.0444007
2026-07-08 10:10:57.952 9 INFO neutron.wsgi [req-96f8f944-de6b-4776-9a31-85b814d5eff4 req-4a9daace-5408-440f-8863-b6914351b36f c7d3d1026eeb456ea0f2b328b8daa236 d6b189a0a2bb4a408adc82ad633266d7 - - e7bad94844f54a33a625ce6fcb5d0448 e7bad94844f54a33a625ce6fcb5d0448] 199.204.45.229 "GET /v2.0/ports?network_id=d3fe7079-92aa-4c86-98e1-e4dc1ba56c4f&device_owner=network%3Adhcp HTTP/1.1" status: 200 len: 210 time: 0.0191813
2026-07-08 10:10:58.042 9 INFO neutron.wsgi [req-96f8f944-de6b-4776-9a31-85b814d5eff4 req-0c51fc84-9d69-4691-b01b-8818f982eedf c7d3d1026eeb456ea0f2b328b8daa236 d6b189a0a2bb4a408adc82ad633266d7 - - e7bad94844f54a33a625ce6fcb5d0448 e7bad94844f54a33a625ce6fcb5d0448] 199.204.45.229 "GET /v2.0/networks/d3fe7079-92aa-4c86-98e1-e4dc1ba56c4f?fields=segments HTTP/1.1" status: 200 len: 212 time: 0.0816312
2026-07-08 10:10:58.053 9 INFO neutron.wsgi [None req-fd6f7e59-0358-4266-8641-6a4d51d88f38 382f46523550436da7768df15ee8492b baedb9d1fb064d9aa01e2e88a3e71be4 - - default default] 10.0.0.45 "DELETE /v2.0/ports/e3e25d96-9de8-4832-a63f-f3e83e779cb0 HTTP/1.1" status: 204 len: 168 time: 0.3624635 /var/lib/openstack/lib/python3.10/site-packages/pycadf/identifier.py:71: UserWarning: Invalid uuid: neutron. To ensure interoperability, identifiers should be a valid uuid. warnings.warn(('Invalid uuid: %s. To ensure interoperability, '
2026-07-08 10:10:58.153 9 INFO neutron.wsgi [req-96f8f944-de6b-4776-9a31-85b814d5eff4 req-b7aed95e-575f-4c80-a3ef-b457496f1d26 c7d3d1026eeb456ea0f2b328b8daa236 d6b189a0a2bb4a408adc82ad633266d7 - - e7bad94844f54a33a625ce6fcb5d0448 e7bad94844f54a33a625ce6fcb5d0448] 199.204.45.229 "GET /v2.0/networks/d3fe7079-92aa-4c86-98e1-e4dc1ba56c4f?fields=provider%3Aphysical_network&fields=provider%3Anetwork_type HTTP/1.1" status: 200 len: 277 time: 0.1056488
2026-07-08 10:10:58.160 8 INFO neutron.wsgi [None req-0fedf503-6efd-49b4-9026-29d6abc6912e 382f46523550436da7768df15ee8492b baedb9d1fb064d9aa01e2e88a3e71be4 - - default default] 10.0.0.45 "GET /v2.0/ports HTTP/1.1" status: 200 len: 1733 time: 0.1023576
2026-07-08 10:10:58.187 8 INFO neutron.pecan_wsgi.hooks.translation [None req-be2361af-2c73-41e0-8bd1-4922b5ddc0ec 382f46523550436da7768df15ee8492b baedb9d1fb064d9aa01e2e88a3e71be4 - - default default] GET failed (client error): The resource could not be found.
2026-07-08 10:10:58.188 8 INFO neutron.wsgi [None req-be2361af-2c73-41e0-8bd1-4922b5ddc0ec 382f46523550436da7768df15ee8492b baedb9d1fb064d9aa01e2e88a3e71be4 - - default default] 10.0.0.45 "GET /v2.0/ports/e3e25d96-9de8-4832-a63f-f3e83e779cb0 HTTP/1.1" status: 404 len: 333 time: 0.0188713
2026-07-08 10:10:58.230 9 INFO neutron.wsgi [req-d27ac8d4-486d-48f9-8c71-957ca937e62a req-534629ca-4f18-471a-acba-f011a73db54e c7d3d1026eeb456ea0f2b328b8daa236 d6b189a0a2bb4a408adc82ad633266d7 - - e7bad94844f54a33a625ce6fcb5d0448 e7bad94844f54a33a625ce6fcb5d0448] 199.204.45.229 "GET /v2.0/ports?tenant_id=3eb1a6ca549a417e9244b02fba6f9779&device_id=fc0c3b29-aaee-4b91-80cc-5fc81564dd38 HTTP/1.1" status: 200 len: 1590 time: 0.0333486
2026-07-08 10:10:58.232 8 INFO neutron.wsgi [None req-5de84657-a286-4f44-9968-030b53867572 382f46523550436da7768df15ee8492b baedb9d1fb064d9aa01e2e88a3e71be4 - - default default] 10.0.0.45 "GET /v2.0/ports HTTP/1.1" status: 200 len: 1733 time: 0.0317490
2026-07-08 10:10:58.267 8 INFO neutron.wsgi [None req-94596090-e459-4cfa-b441-82247f1237b3 382f46523550436da7768df15ee8492b baedb9d1fb064d9aa01e2e88a3e71be4 - - default default] 10.0.0.45 "GET /v2.0/ports/64a81a09-4e84-4cb2-93b1-cc23d20ef6e5 HTTP/1.1" status: 200 len: 973 time: 0.0292497
2026-07-08 10:10:58.291 8 INFO neutron.pecan_wsgi.hooks.translation [None req-8c057aab-c259-45db-973b-0e2739f411f5 382f46523550436da7768df15ee8492b baedb9d1fb064d9aa01e2e88a3e71be4 - - default default] DELETE failed (client error): The resource could not be found.
2026-07-08 10:10:58.293 8 INFO neutron.wsgi [None req-8c057aab-c259-45db-973b-0e2739f411f5 382f46523550436da7768df15ee8492b baedb9d1fb064d9aa01e2e88a3e71be4 - - default default] 10.0.0.45 "DELETE /v2.0/ports/179ef58a-1356-4c91-adee-8b3283ed1043 HTTP/1.1" status: 404 len: 333 time: 0.0190039
2026-07-08 10:10:58.300 9 INFO neutron.wsgi [req-d27ac8d4-486d-48f9-8c71-957ca937e62a req-8f8525a6-3ee6-4584-a857-4697e2f3da2f c7d3d1026eeb456ea0f2b328b8daa236 d6b189a0a2bb4a408adc82ad633266d7 - - e7bad94844f54a33a625ce6fcb5d0448 e7bad94844f54a33a625ce6fcb5d0448] 199.204.45.229 "GET /v2.0/networks?id=d3fe7079-92aa-4c86-98e1-e4dc1ba56c4f HTTP/1.1" status: 200 len: 982 time: 0.0644469
2026-07-08 10:10:58.318 8 INFO neutron.pecan_wsgi.hooks.translation [None req-6a196db1-adf0-4af3-b3d4-edb377355a8b 382f46523550436da7768df15ee8492b baedb9d1fb064d9aa01e2e88a3e71be4 - - default default] DELETE failed (client error): The resource could not be found.
2026-07-08 10:10:58.320 8 INFO neutron.wsgi [None req-6a196db1-adf0-4af3-b3d4-edb377355a8b 382f46523550436da7768df15ee8492b baedb9d1fb064d9aa01e2e88a3e71be4 - - default default] 10.0.0.45 "DELETE /v2.0/subnets/6cd92141-c5d4-445e-9587-7f3cfcf76729 HTTP/1.1" status: 404 len: 337 time: 0.0187845
2026-07-08 10:10:58.343 8 INFO neutron.pecan_wsgi.hooks.translation [None req-1f8059f8-cdd7-4fb4-99f3-25be290b46b5 382f46523550436da7768df15ee8492b baedb9d1fb064d9aa01e2e88a3e71be4 - - default default] DELETE failed (client error): The resource could not be found.
2026-07-08 10:10:58.345 8 INFO neutron.wsgi [None req-1f8059f8-cdd7-4fb4-99f3-25be290b46b5 382f46523550436da7768df15ee8492b baedb9d1fb064d9aa01e2e88a3e71be4 - - default default] 10.0.0.45 "DELETE /v2.0/subnets/254bd7bc-5311-4834-b5dc-37012baf59ce HTTP/1.1" status: 404 len: 337 time: 0.0183458
2026-07-08 10:10:58.349 9 INFO neutron.wsgi [req-d27ac8d4-486d-48f9-8c71-957ca937e62a req-fba06f62-dd29-4292-982c-9b94fa9d8e5b c7d3d1026eeb456ea0f2b328b8daa236 d6b189a0a2bb4a408adc82ad633266d7 - - e7bad94844f54a33a625ce6fcb5d0448 e7bad94844f54a33a625ce6fcb5d0448] 199.204.45.229 "GET /v2.0/floatingips?fixed_ip_address=10.100.0.12&port_id=5e53d264-f935-48ef-839d-9b67414f7281 HTTP/1.1" status: 200 len: 1060 time: 0.0393255
2026-07-08 10:10:58.378 9 INFO neutron.wsgi [req-d27ac8d4-486d-48f9-8c71-957ca937e62a req-f979081d-7938-4550-8ab7-1d0a359179b3 c7d3d1026eeb456ea0f2b328b8daa236 d6b189a0a2bb4a408adc82ad633266d7 - - e7bad94844f54a33a625ce6fcb5d0448 e7bad94844f54a33a625ce6fcb5d0448] 199.204.45.229 "GET /v2.0/floatingips?fixed_ip_address=10.100.0.6&port_id=5e53d264-f935-48ef-839d-9b67414f7281 HTTP/1.1" status: 200 len: 217 time: 0.0216343
2026-07-08 10:10:58.416 9 INFO neutron.wsgi [req-d27ac8d4-486d-48f9-8c71-957ca937e62a req-41181617-df9b-4b55-8a72-f0a18296edbf c7d3d1026eeb456ea0f2b328b8daa236 d6b189a0a2bb4a408adc82ad633266d7 - - e7bad94844f54a33a625ce6fcb5d0448 e7bad94844f54a33a625ce6fcb5d0448] 199.204.45.229 "GET /v2.0/subnets?id=3c283df6-cb95-4b21-b09f-d088dbd4155f HTTP/1.1" status: 200 len: 877 time: 0.0316467
2026-07-08 10:10:58.445 9 INFO neutron.wsgi [req-d27ac8d4-486d-48f9-8c71-957ca937e62a req-e97899eb-81ba-46be-addc-758afc230cab c7d3d1026eeb456ea0f2b328b8daa236 d6b189a0a2bb4a408adc82ad633266d7 - - e7bad94844f54a33a625ce6fcb5d0448 e7bad94844f54a33a625ce6fcb5d0448] 199.204.45.229 "GET /v2.0/ports?network_id=d3fe7079-92aa-4c86-98e1-e4dc1ba56c4f&device_owner=network%3Adhcp HTTP/1.1" status: 200 len: 210 time: 0.0219061
2026-07-08 10:10:58.510 9 INFO neutron.wsgi [req-d27ac8d4-486d-48f9-8c71-957ca937e62a req-4b45bdc3-82d6-49b6-a54f-b73e23982a54 c7d3d1026eeb456ea0f2b328b8daa236 d6b189a0a2bb4a408adc82ad633266d7 - - e7bad94844f54a33a625ce6fcb5d0448 e7bad94844f54a33a625ce6fcb5d0448] 199.204.45.229 "GET /v2.0/networks/d3fe7079-92aa-4c86-98e1-e4dc1ba56c4f?fields=segments HTTP/1.1" status: 200 len: 212 time: 0.0588529
2026-07-08 10:10:58.641 8 INFO neutron.wsgi [None req-f89a127a-668f-4ee7-be57-ea51988cf895 382f46523550436da7768df15ee8492b baedb9d1fb064d9aa01e2e88a3e71be4 - - default default] 10.0.0.45 "DELETE /v2.0/ports/64a81a09-4e84-4cb2-93b1-cc23d20ef6e5 HTTP/1.1" status: 204 len: 168 time: 0.2905335
2026-07-08 10:10:58.820 9 INFO neutron.wsgi [req-d27ac8d4-486d-48f9-8c71-957ca937e62a req-1525c426-fab0-4d03-be4a-0b65d3726ab4 c7d3d1026eeb456ea0f2b328b8daa236 d6b189a0a2bb4a408adc82ad633266d7 - - e7bad94844f54a33a625ce6fcb5d0448 e7bad94844f54a33a625ce6fcb5d0448] 199.204.45.229 "GET /v2.0/networks/d3fe7079-92aa-4c86-98e1-e4dc1ba56c4f?fields=provider%3Aphysical_network&fields=provider%3Anetwork_type HTTP/1.1" status: 200 len: 277 time: 0.3012326
2026-07-08 10:10:59.124 8 INFO neutron.wsgi [req-fda88b54-a84a-4feb-864d-7b2fe80eec37 req-25afb501-1aab-4b70-a0d1-c6c01f7f1bcb 8b89cf49831c482c8576422fdcbb9b7f 3eb1a6ca549a417e9244b02fba6f9779 - - default default] 10.0.0.37 "GET /v2.0/ports?device_id=fc0c3b29-aaee-4b91-80cc-5fc81564dd38 HTTP/1.1" status: 200 len: 1352 time: 0.0709794
2026-07-08 10:10:59.192 8 INFO neutron.wsgi [req-fda88b54-a84a-4feb-864d-7b2fe80eec37 req-23224d0b-073d-440c-969d-ea96c74aa20a 8b89cf49831c482c8576422fdcbb9b7f 3eb1a6ca549a417e9244b02fba6f9779 - - default default] 10.0.0.37 "GET /v2.0/security-groups?id=3aa943ec-5fcf-4318-9b49-64ca14397129&fields=id&fields=name HTTP/1.1" status: 200 len: 311 time: 0.0586970
2026-07-08 10:10:59.236 8 INFO neutron.services.segments.plugin [-] Segment f5d94332-893e-4f9f-be5f-9425539c728d resource provider aggregate not found
2026-07-08 10:10:59.261 8 INFO neutron.services.segments.plugin [-] Segment f5d94332-893e-4f9f-be5f-9425539c728d resource provider aggregate not found
2026-07-08 10:10:59.267 8 INFO neutron.services.segments.plugin [-] Segment f5d94332-893e-4f9f-be5f-9425539c728d resource provider not found; error: Placement Client Error (4xx): {"errors": [{"status": 404, "title": "Not Found", "detail": "The resource could not be found.\n\n No resource provider with uuid f5d94332-893e-4f9f-be5f-9425539c728d found for delete ", "request_id": "req-4661f172-0443-4f05-8138-ff92fbc6a5d1"}]}
2026-07-08 10:10:59.281 8 INFO neutron.services.segments.plugin [-] Segment f5d94332-893e-4f9f-be5f-9425539c728d resource provider not found; error: Placement Client Error (4xx): {"errors": [{"status": 404, "title": "Not Found", "detail": "The resource could not be found.\n\n No resource provider with uuid f5d94332-893e-4f9f-be5f-9425539c728d found for delete ", "request_id": "req-650b5054-99c6-4af6-9c42-3ede4233cd6e"}]}
2026-07-08 10:10:59.320 8 INFO neutron.wsgi [None req-33c97262-db84-40e7-b2f2-112b4a3b287f 382f46523550436da7768df15ee8492b baedb9d1fb064d9aa01e2e88a3e71be4 - - default default] 10.0.0.45 "DELETE /v2.0/networks/2cc5bbc3-8d22-4a70-999e-cc0119f77b5d HTTP/1.1" status: 204 len: 168 time: 0.6754849
2026-07-08 10:10:59.388 9 INFO neutron.wsgi [req-5916c122-acdd-40c6-8cf1-4b02e2382006 req-4b7cf12f-02bc-4e7d-8d1a-93e04195ebb3 8b89cf49831c482c8576422fdcbb9b7f 3eb1a6ca549a417e9244b02fba6f9779 - - default default] 199.204.45.229 "GET /v2.0/ports?device_id=fc0c3b29-aaee-4b91-80cc-5fc81564dd38&device_owner=compute%3Anova&fixed_ips=ip_address%3D10.100.0.6 HTTP/1.1" status: 200 len: 1352 time: 0.0737431
2026-07-08 10:10:59.937 9 INFO neutron.db.ovn_revision_numbers_db [req-5916c122-acdd-40c6-8cf1-4b02e2382006 req-d03358e1-f9ca-45de-bcb3-aeea64a0c7e7 8b89cf49831c482c8576422fdcbb9b7f 3eb1a6ca549a417e9244b02fba6f9779 - - default default] Successfully bumped revision number for resource 5e53d264-f935-48ef-839d-9b67414f7281 (type: ports) to 6
2026-07-08 10:10:59.950 9 INFO neutron.wsgi [req-5916c122-acdd-40c6-8cf1-4b02e2382006 req-d03358e1-f9ca-45de-bcb3-aeea64a0c7e7 8b89cf49831c482c8576422fdcbb9b7f 3eb1a6ca549a417e9244b02fba6f9779 - - default default] 199.204.45.229 "PUT /v2.0/ports/5e53d264-f935-48ef-839d-9b67414f7281 HTTP/1.1" status: 200 len: 1171 time: 0.5466638 /var/lib/openstack/lib/python3.10/site-packages/pycadf/identifier.py:71: UserWarning: Invalid uuid: neutron. To ensure interoperability, identifiers should be a valid uuid. warnings.warn(('Invalid uuid: %s. To ensure interoperability, '
2026-07-08 10:11:00.009 9 INFO neutron.wsgi [req-5916c122-acdd-40c6-8cf1-4b02e2382006 req-da193aea-c91f-48e1-b842-9430e2a82956 c7d3d1026eeb456ea0f2b328b8daa236 d6b189a0a2bb4a408adc82ad633266d7 - - e7bad94844f54a33a625ce6fcb5d0448 e7bad94844f54a33a625ce6fcb5d0448] 199.204.45.229 "GET /v2.0/ports?tenant_id=3eb1a6ca549a417e9244b02fba6f9779&device_id=fc0c3b29-aaee-4b91-80cc-5fc81564dd38 HTTP/1.1" status: 200 len: 1413 time: 0.0373755
2026-07-08 10:11:00.010 9 INFO neutron.notifiers.nova [-] Nova event matching ['req-bb500e20-7b26-4e45-b5a3-25968292e566'] response: {'name': 'network-changed', 'server_uuid': 'fc0c3b29-aaee-4b91-80cc-5fc81564dd38', 'tag': '5e53d264-f935-48ef-839d-9b67414f7281', 'status': 'completed', 'code': 200}
2026-07-08 10:11:00.029 8 INFO neutron.wsgi [None req-5bd51398-4ab2-4f46-b503-d4e920c86c4b 90ece6a6d36b47bf8bf4b65df55d05b5 d6921d8714ba4d1291a31d290a15353b - - default default] 10.0.0.45 "GET /v2.0/security-groups?tenant_id=baedb9d1fb064d9aa01e2e88a3e71be4&name=default HTTP/1.1" status: 200 len: 2996 time: 0.1789951
2026-07-08 10:11:00.108 9 INFO neutron.wsgi [req-5916c122-acdd-40c6-8cf1-4b02e2382006 req-8b0ff7df-7d8e-4abd-8e9c-e4b324eeef5d c7d3d1026eeb456ea0f2b328b8daa236 d6b189a0a2bb4a408adc82ad633266d7 - - e7bad94844f54a33a625ce6fcb5d0448 e7bad94844f54a33a625ce6fcb5d0448] 199.204.45.229 "GET /v2.0/networks?id=d3fe7079-92aa-4c86-98e1-e4dc1ba56c4f HTTP/1.1" status: 200 len: 982 time: 0.0919046
2026-07-08 10:11:00.162 9 INFO neutron.wsgi [req-5916c122-acdd-40c6-8cf1-4b02e2382006 req-961d941e-557a-46f1-9a93-11ee153adcf5 c7d3d1026eeb456ea0f2b328b8daa236 d6b189a0a2bb4a408adc82ad633266d7 - - e7bad94844f54a33a625ce6fcb5d0448 e7bad94844f54a33a625ce6fcb5d0448] 199.204.45.229 "GET /v2.0/floatingips?fixed_ip_address=10.100.0.12&port_id=5e53d264-f935-48ef-839d-9b67414f7281 HTTP/1.1" status: 200 len: 1060 time: 0.0457394
2026-07-08 10:11:00.177 8 INFO neutron.db.ovn_revision_numbers_db [None req-8b959557-8637-4306-ab44-aeb98eb9412c 90ece6a6d36b47bf8bf4b65df55d05b5 d6921d8714ba4d1291a31d290a15353b - - default default] Successfully bumped revision number for resource e5145efe-260b-429d-974d-fd77997a748c (type: security_groups) to 1
2026-07-08 10:11:00.194 8 INFO neutron.db.ovn_revision_numbers_db [None req-8b959557-8637-4306-ab44-aeb98eb9412c 90ece6a6d36b47bf8bf4b65df55d05b5 d6921d8714ba4d1291a31d290a15353b - - default default] Successfully bumped revision number for resource 290bf51d-29ae-412d-8a38-9279c75cc3c0 (type: security_group_rules) to 0
2026-07-08 10:11:00.198 9 INFO neutron.wsgi [req-5916c122-acdd-40c6-8cf1-4b02e2382006 req-3c8ae1c2-cb89-4887-90ba-c95b8005ab32 c7d3d1026eeb456ea0f2b328b8daa236 d6b189a0a2bb4a408adc82ad633266d7 - - e7bad94844f54a33a625ce6fcb5d0448 e7bad94844f54a33a625ce6fcb5d0448] 199.204.45.229 "GET /v2.0/subnets?id=3c283df6-cb95-4b21-b09f-d088dbd4155f HTTP/1.1" status: 200 len: 877 time: 0.0287235
2026-07-08 10:11:00.214 8 INFO neutron.db.ovn_revision_numbers_db [None req-8b959557-8637-4306-ab44-aeb98eb9412c 90ece6a6d36b47bf8bf4b65df55d05b5 d6921d8714ba4d1291a31d290a15353b - - default default] Successfully bumped revision number for resource 4797a36b-9953-4f0a-b7aa-1ed87634845a (type: security_group_rules) to 0
2026-07-08 10:11:00.226 9 INFO neutron.wsgi [req-5916c122-acdd-40c6-8cf1-4b02e2382006 req-2ccb53b2-c99b-4d9a-81db-66cb0762f4ae c7d3d1026eeb456ea0f2b328b8daa236 d6b189a0a2bb4a408adc82ad633266d7 - - e7bad94844f54a33a625ce6fcb5d0448 e7bad94844f54a33a625ce6fcb5d0448] 199.204.45.229 "GET /v2.0/ports?network_id=d3fe7079-92aa-4c86-98e1-e4dc1ba56c4f&device_owner=network%3Adhcp HTTP/1.1" status: 200 len: 210 time: 0.0229225
2026-07-08 10:11:00.230 8 INFO neutron.db.ovn_revision_numbers_db [None req-8b959557-8637-4306-ab44-aeb98eb9412c 90ece6a6d36b47bf8bf4b65df55d05b5 d6921d8714ba4d1291a31d290a15353b - - default default] Successfully bumped revision number for resource 90c1d4b7-949d-4677-a6a6-ff54ca4e80e2 (type: security_group_rules) to 0
2026-07-08 10:11:00.248 8 INFO neutron.db.ovn_revision_numbers_db [None req-8b959557-8637-4306-ab44-aeb98eb9412c 90ece6a6d36b47bf8bf4b65df55d05b5 d6921d8714ba4d1291a31d290a15353b - - default default] Successfully bumped revision number for resource bbfb3594-9c1d-41d0-8673-7deaab25b734 (type: security_group_rules) to 0
2026-07-08 10:11:00.301 8 INFO neutron.wsgi [None req-7c6f0a7d-b60d-45ee-a1c9-814556f1ca3e 90ece6a6d36b47bf8bf4b65df55d05b5 d6921d8714ba4d1291a31d290a15353b - - default default] 10.0.0.45 "DELETE /v2.0/security-groups/474c0f4a-b3e3-435a-b11f-44cc0d74f2cb HTTP/1.1" status: 204 len: 168 time: 0.2646053
2026-07-08 10:11:00.304 9 INFO neutron.wsgi [req-5916c122-acdd-40c6-8cf1-4b02e2382006 req-45de4cf1-74a2-4fd9-9f60-e400bdd05acb c7d3d1026eeb456ea0f2b328b8daa236 d6b189a0a2bb4a408adc82ad633266d7 - - e7bad94844f54a33a625ce6fcb5d0448 e7bad94844f54a33a625ce6fcb5d0448] 199.204.45.229 "GET /v2.0/networks/d3fe7079-92aa-4c86-98e1-e4dc1ba56c4f?fields=segments HTTP/1.1" status: 200 len: 212 time: 0.0721104
2026-07-08 10:11:00.315 8 INFO neutron.db.segments_db [None req-8b959557-8637-4306-ab44-aeb98eb9412c 90ece6a6d36b47bf8bf4b65df55d05b5 d6921d8714ba4d1291a31d290a15353b - - default default] Added segment 57f79d97-1c1a-46a1-8921-8d0d0c14352c of type geneve for network 6444ce76-b381-4bd7-9bf3-678c2e0b43a2
2026-07-08 10:11:00.386 9 INFO neutron.wsgi [req-5916c122-acdd-40c6-8cf1-4b02e2382006 req-5b5ceef7-8d8a-4283-a784-27ce009bf419 c7d3d1026eeb456ea0f2b328b8daa236 d6b189a0a2bb4a408adc82ad633266d7 - - e7bad94844f54a33a625ce6fcb5d0448 e7bad94844f54a33a625ce6fcb5d0448] 199.204.45.229 "GET /v2.0/networks/d3fe7079-92aa-4c86-98e1-e4dc1ba56c4f?fields=provider%3Aphysical_network&fields=provider%3Anetwork_type HTTP/1.1" status: 200 len: 277 time: 0.0755074
2026-07-08 10:11:00.474 8 INFO neutron.db.ovn_revision_numbers_db [None req-8b959557-8637-4306-ab44-aeb98eb9412c 90ece6a6d36b47bf8bf4b65df55d05b5 d6921d8714ba4d1291a31d290a15353b - - default default] Successfully bumped revision number for resource 6444ce76-b381-4bd7-9bf3-678c2e0b43a2 (type: networks) to 1
2026-07-08 10:11:00.612 9 INFO neutron.wsgi [req-d6159836-2267-4acb-b288-f5f7f07135ca req-58cc9762-77c6-431e-acd9-729e59f250dd c7d3d1026eeb456ea0f2b328b8daa236 d6b189a0a2bb4a408adc82ad633266d7 - - e7bad94844f54a33a625ce6fcb5d0448 e7bad94844f54a33a625ce6fcb5d0448] 199.204.45.229 "GET /v2.0/ports?tenant_id=3eb1a6ca549a417e9244b02fba6f9779&device_id=fc0c3b29-aaee-4b91-80cc-5fc81564dd38 HTTP/1.1" status: 200 len: 1413 time: 0.0422313
2026-07-08 10:11:00.682 8 WARNING neutron.scheduler.dhcp_agent_scheduler [None req-8b959557-8637-4306-ab44-aeb98eb9412c 90ece6a6d36b47bf8bf4b65df55d05b5 d6921d8714ba4d1291a31d290a15353b - - default default] No more DHCP agents
2026-07-08 10:11:00.683 9 INFO neutron.wsgi [req-d6159836-2267-4acb-b288-f5f7f07135ca req-2c12fba6-c7fc-4baa-8ba7-f89e94ea8483 c7d3d1026eeb456ea0f2b328b8daa236 d6b189a0a2bb4a408adc82ad633266d7 - - e7bad94844f54a33a625ce6fcb5d0448 e7bad94844f54a33a625ce6fcb5d0448] 199.204.45.229 "GET /v2.0/networks?id=d3fe7079-92aa-4c86-98e1-e4dc1ba56c4f HTTP/1.1" status: 200 len: 982 time: 0.0647674
2026-07-08 10:11:00.685 8 WARNING neutron.api.rpc.agentnotifiers.dhcp_rpc_agent_api [None req-8b959557-8637-4306-ab44-aeb98eb9412c 90ece6a6d36b47bf8bf4b65df55d05b5 d6921d8714ba4d1291a31d290a15353b - - default default] Unable to schedule network 6444ce76-b381-4bd7-9bf3-678c2e0b43a2: no agents available; will retry on subsequent port and subnet creation events.
2026-07-08 10:11:00.732 9 INFO neutron.wsgi [req-d6159836-2267-4acb-b288-f5f7f07135ca req-ceda374e-fa0d-4965-b713-596eee7f1aa4 c7d3d1026eeb456ea0f2b328b8daa236 d6b189a0a2bb4a408adc82ad633266d7 - - e7bad94844f54a33a625ce6fcb5d0448 e7bad94844f54a33a625ce6fcb5d0448] 199.204.45.229 "GET /v2.0/floatingips?fixed_ip_address=10.100.0.12&port_id=5e53d264-f935-48ef-839d-9b67414f7281 HTTP/1.1" status: 200 len: 1060 time: 0.0425448
2026-07-08 10:11:00.784 9 INFO neutron.wsgi [req-d6159836-2267-4acb-b288-f5f7f07135ca req-edeed290-aa14-4fbd-acc4-c2b4cd18faf2 c7d3d1026eeb456ea0f2b328b8daa236 d6b189a0a2bb4a408adc82ad633266d7 - - e7bad94844f54a33a625ce6fcb5d0448 e7bad94844f54a33a625ce6fcb5d0448] 199.204.45.229 "GET /v2.0/subnets?id=3c283df6-cb95-4b21-b09f-d088dbd4155f HTTP/1.1" status: 200 len: 877 time: 0.0467346
2026-07-08 10:11:00.813 9 INFO neutron.wsgi [req-d6159836-2267-4acb-b288-f5f7f07135ca req-d22f6b60-5323-46ad-9a46-2d143b8dc64d c7d3d1026eeb456ea0f2b328b8daa236 d6b189a0a2bb4a408adc82ad633266d7 - - e7bad94844f54a33a625ce6fcb5d0448 e7bad94844f54a33a625ce6fcb5d0448] 199.204.45.229 "GET /v2.0/ports?network_id=d3fe7079-92aa-4c86-98e1-e4dc1ba56c4f&device_owner=network%3Adhcp HTTP/1.1" status: 200 len: 210 time: 0.0217490
2026-07-08 10:11:00.881 9 INFO neutron.wsgi [req-d6159836-2267-4acb-b288-f5f7f07135ca req-eed7c3e5-96e0-4003-a12f-1b8dbac3d837 c7d3d1026eeb456ea0f2b328b8daa236 d6b189a0a2bb4a408adc82ad633266d7 - - e7bad94844f54a33a625ce6fcb5d0448 e7bad94844f54a33a625ce6fcb5d0448] 199.204.45.229 "GET /v2.0/networks/d3fe7079-92aa-4c86-98e1-e4dc1ba56c4f?fields=segments HTTP/1.1" status: 200 len: 212 time: 0.0623951
2026-07-08 10:11:00.923 8 INFO neutron.db.ovn_revision_numbers_db [None req-8b959557-8637-4306-ab44-aeb98eb9412c 90ece6a6d36b47bf8bf4b65df55d05b5 d6921d8714ba4d1291a31d290a15353b - - default default] Successfully bumped revision number for resource d8ed6732-b518-4ea6-9fc1-295b7d48efe5 (type: ports) to 1
2026-07-08 10:11:00.944 8 INFO neutron.wsgi [None req-8b959557-8637-4306-ab44-aeb98eb9412c 90ece6a6d36b47bf8bf4b65df55d05b5 d6921d8714ba4d1291a31d290a15353b - - default default] 10.0.0.45 "POST /v2.0/networks HTTP/1.1" status: 201 len: 946 time: 1.1311677
2026-07-08 10:11:00.960 9 INFO neutron.wsgi [req-d6159836-2267-4acb-b288-f5f7f07135ca req-66042b35-bca6-4cd3-99fb-888f29257b88 c7d3d1026eeb456ea0f2b328b8daa236 d6b189a0a2bb4a408adc82ad633266d7 - - e7bad94844f54a33a625ce6fcb5d0448 e7bad94844f54a33a625ce6fcb5d0448] 199.204.45.229 "GET /v2.0/networks/d3fe7079-92aa-4c86-98e1-e4dc1ba56c4f?fields=provider%3Aphysical_network&fields=provider%3Anetwork_type HTTP/1.1" status: 200 len: 277 time: 0.0723486
2026-07-08 10:11:01.116 8 WARNING neutron.scheduler.dhcp_agent_scheduler [None req-6064e6b8-797d-432f-a663-2931b5848a0d 90ece6a6d36b47bf8bf4b65df55d05b5 d6921d8714ba4d1291a31d290a15353b - - default default] No more DHCP agents
2026-07-08 10:11:01.119 8 WARNING neutron.api.rpc.agentnotifiers.dhcp_rpc_agent_api [None req-6064e6b8-797d-432f-a663-2931b5848a0d 90ece6a6d36b47bf8bf4b65df55d05b5 d6921d8714ba4d1291a31d290a15353b - - default default] Unable to schedule network 6444ce76-b381-4bd7-9bf3-678c2e0b43a2: no agents available; will retry on subsequent port and subnet creation events.
2026-07-08 10:11:01.570 8 INFO neutron.plugins.ml2.drivers.ovn.mech_driver.mech_driver [None req-a78afbcb-61fb-4c12-86e0-42b1cab5a2e9 - - - - - -] OVN reports status down for port: 5e53d264-f935-48ef-839d-9b67414f7281
2026-07-08 10:11:01.646 9 INFO neutron.wsgi [req-5637c68f-d42d-480e-ba53-80ed5c08d867 req-267d8fad-2304-402d-9e0f-11d2f2ccb1ec 8b89cf49831c482c8576422fdcbb9b7f 3eb1a6ca549a417e9244b02fba6f9779 - - default default] 10.0.0.37 "GET /v2.0/ports?device_id=fc0c3b29-aaee-4b91-80cc-5fc81564dd38 HTTP/1.1" status: 200 len: 1174 time: 0.1046183
2026-07-08 10:11:01.702 8 INFO neutron.db.ovn_revision_numbers_db [None req-6064e6b8-797d-432f-a663-2931b5848a0d 90ece6a6d36b47bf8bf4b65df55d05b5 d6921d8714ba4d1291a31d290a15353b - - default default] Successfully bumped revision number for resource d8ed6732-b518-4ea6-9fc1-295b7d48efe5 (type: ports) to 2
2026-07-08 10:11:01.708 9 INFO neutron.wsgi [req-5637c68f-d42d-480e-ba53-80ed5c08d867 req-9dcf1705-7d8c-4673-90be-a22739846e25 8b89cf49831c482c8576422fdcbb9b7f 3eb1a6ca549a417e9244b02fba6f9779 - - default default] 10.0.0.37 "GET /v2.0/security-groups?id=3aa943ec-5fcf-4318-9b49-64ca14397129&fields=id&fields=name HTTP/1.1" status: 200 len: 311 time: 0.0517197
2026-07-08 10:11:01.732 8 INFO neutron.notifiers.nova [-] Nova event matching ['req-15d40a12-a0b8-47e7-91a0-d26a7a5f94b4'] response: {'server_uuid': 'fc0c3b29-aaee-4b91-80cc-5fc81564dd38', 'name': 'network-vif-unplugged', 'status': 'completed', 'tag': '5e53d264-f935-48ef-839d-9b67414f7281', 'code': 200}
2026-07-08 10:11:01.753 8 INFO neutron.db.ovn_revision_numbers_db [None req-6064e6b8-797d-432f-a663-2931b5848a0d 90ece6a6d36b47bf8bf4b65df55d05b5 d6921d8714ba4d1291a31d290a15353b - - default default] Successfully bumped revision number for resource 4f17b125-f887-4931-a0b0-10807d2c3253 (type: subnets) to 0
2026-07-08 10:11:01.769 8 INFO neutron.wsgi [None req-6064e6b8-797d-432f-a663-2931b5848a0d 90ece6a6d36b47bf8bf4b65df55d05b5 d6921d8714ba4d1291a31d290a15353b - - default default] 10.0.0.45 "POST /v2.0/subnets HTTP/1.1" status: 201 len: 866 time: 0.8189781
2026-07-08 10:11:01.898 8 INFO neutron.db.ovn_revision_numbers_db [None req-a78afbcb-61fb-4c12-86e0-42b1cab5a2e9 - - - - - -] Successfully bumped revision number for resource 5e53d264-f935-48ef-839d-9b67414f7281 (type: ports) to 7
2026-07-08 10:11:01.930 9 INFO neutron.wsgi [req-f519c673-ca84-49df-9754-8bbddbf7b325 req-74e72352-6e21-4818-8d6a-c31cf7fa185f 8b89cf49831c482c8576422fdcbb9b7f 3eb1a6ca549a417e9244b02fba6f9779 - - default default] 199.204.45.229 "GET /v2.0/ports?device_id=fc0c3b29-aaee-4b91-80cc-5fc81564dd38 HTTP/1.1" status: 200 len: 1172 time: 0.0612242 /var/lib/openstack/lib/python3.10/site-packages/pycadf/identifier.py:71: UserWarning: Invalid uuid: neutron. To ensure interoperability, identifiers should be a valid uuid. warnings.warn(('Invalid uuid: %s. To ensure interoperability, '
2026-07-08 10:11:02.349 8 INFO neutron.db.ovn_revision_numbers_db [None req-9f8dac83-7251-4c8b-9347-9a987fb07e70 38937055159449fd8661700beb93bd25 c31c14b87f4b469b822fc277b6882c65 - - default default] Successfully bumped revision number for resource 871e3435-5a01-4fc9-9002-b987cf73bd1c (type: security_groups) to 1
2026-07-08 10:11:02.363 8 INFO neutron.db.ovn_revision_numbers_db [None req-9f8dac83-7251-4c8b-9347-9a987fb07e70 38937055159449fd8661700beb93bd25 c31c14b87f4b469b822fc277b6882c65 - - default default] Successfully bumped revision number for resource 03933bc7-086c-43e8-b6fb-45076da18218 (type: security_group_rules) to 0
2026-07-08 10:11:02.382 8 INFO neutron.db.ovn_revision_numbers_db [None req-9f8dac83-7251-4c8b-9347-9a987fb07e70 38937055159449fd8661700beb93bd25 c31c14b87f4b469b822fc277b6882c65 - - default default] Successfully bumped revision number for resource 5042d37e-2c7b-4433-ac21-e6ae2da0bae3 (type: security_group_rules) to 0
2026-07-08 10:11:02.397 8 INFO neutron.db.ovn_revision_numbers_db [None req-9f8dac83-7251-4c8b-9347-9a987fb07e70 38937055159449fd8661700beb93bd25 c31c14b87f4b469b822fc277b6882c65 - - default default] Successfully bumped revision number for resource 8648c0aa-2e9c-4ad8-86c2-8ad499bb0edd (type: security_group_rules) to 0
2026-07-08 10:11:02.403 9 INFO neutron.db.l3_db [req-f519c673-ca84-49df-9754-8bbddbf7b325 req-b1cca58e-828a-4cff-b71f-222ab14eb409 8b89cf49831c482c8576422fdcbb9b7f 3eb1a6ca549a417e9244b02fba6f9779 - - default default] Floating IP db4af9ec-e398-4385-a882-0134a4a5c288 disassociated. External IP: 10.96.250.203, port: 5e53d264-f935-48ef-839d-9b67414f7281.
2026-07-08 10:11:02.413 8 INFO neutron.db.ovn_revision_numbers_db [None req-9f8dac83-7251-4c8b-9347-9a987fb07e70 38937055159449fd8661700beb93bd25 c31c14b87f4b469b822fc277b6882c65 - - default default] Successfully bumped revision number for resource 86e29082-82ff-4ac1-ac4d-70e3c1cab444 (type: security_group_rules) to 0
2026-07-08 10:11:02.472 8 INFO neutron.db.segments_db [None req-9f8dac83-7251-4c8b-9347-9a987fb07e70 38937055159449fd8661700beb93bd25 c31c14b87f4b469b822fc277b6882c65 - - default default] Added segment 59f9d9c4-a51c-44fa-a20b-2ae62d8b71ab of type geneve for network 4c949997-6e5a-43ef-9df3-e4060551b2f1
2026-07-08 10:11:02.495 9 WARNING neutron.scheduler.dhcp_agent_scheduler [None req-53e3a53c-5c55-486d-9fb1-47457ffa0cb5 90ece6a6d36b47bf8bf4b65df55d05b5 d6921d8714ba4d1291a31d290a15353b - - default default] No more DHCP agents
2026-07-08 10:11:02.499 9 WARNING neutron.api.rpc.agentnotifiers.dhcp_rpc_agent_api [None req-53e3a53c-5c55-486d-9fb1-47457ffa0cb5 90ece6a6d36b47bf8bf4b65df55d05b5 d6921d8714ba4d1291a31d290a15353b - - default default] Unable to schedule network d73dfa33-49a4-49e0-b359-529367435d92: no agents available; will retry on subsequent port and subnet creation events.
2026-07-08 10:11:02.619 8 INFO neutron.db.ovn_revision_numbers_db [None req-9f8dac83-7251-4c8b-9347-9a987fb07e70 38937055159449fd8661700beb93bd25 c31c14b87f4b469b822fc277b6882c65 - - default default] Successfully bumped revision number for resource 4c949997-6e5a-43ef-9df3-e4060551b2f1 (type: networks) to 1
2026-07-08 10:11:02.680 9 INFO neutron.wsgi [req-f519c673-ca84-49df-9754-8bbddbf7b325 req-b1cca58e-828a-4cff-b71f-222ab14eb409 8b89cf49831c482c8576422fdcbb9b7f 3eb1a6ca549a417e9244b02fba6f9779 - - default default] 199.204.45.229 "DELETE /v2.0/ports/5e53d264-f935-48ef-839d-9b67414f7281 HTTP/1.1" status: 204 len: 173 time: 0.7326996
2026-07-08 10:11:02.702 9 INFO neutron.db.ovn_revision_numbers_db [None req-53e3a53c-5c55-486d-9fb1-47457ffa0cb5 90ece6a6d36b47bf8bf4b65df55d05b5 d6921d8714ba4d1291a31d290a15353b - - default default] Successfully bumped revision number for resource f3b28321-ede9-4da8-a343-07fa4cb7ddae (type: ports) to 1
2026-07-08 10:11:02.725 9 INFO neutron.notifiers.nova [-] Nova event matching ['req-b55a9d51-c702-4b09-af3e-2cb072685491'] response: {'server_uuid': 'fc0c3b29-aaee-4b91-80cc-5fc81564dd38', 'name': 'network-vif-deleted', 'tag': '5e53d264-f935-48ef-839d-9b67414f7281', 'status': 'completed', 'code': 200} /var/lib/openstack/lib/python3.10/site-packages/pycadf/identifier.py:71: UserWarning: Invalid uuid: neutron. To ensure interoperability, identifiers should be a valid uuid. warnings.warn(('Invalid uuid: %s. To ensure interoperability, '
2026-07-08 10:11:02.807 8 WARNING neutron.scheduler.dhcp_agent_scheduler [None req-9f8dac83-7251-4c8b-9347-9a987fb07e70 38937055159449fd8661700beb93bd25 c31c14b87f4b469b822fc277b6882c65 - - default default] No more DHCP agents
2026-07-08 10:11:02.810 8 WARNING neutron.api.rpc.agentnotifiers.dhcp_rpc_agent_api [None req-9f8dac83-7251-4c8b-9347-9a987fb07e70 38937055159449fd8661700beb93bd25 c31c14b87f4b469b822fc277b6882c65 - - default default] Unable to schedule network 4c949997-6e5a-43ef-9df3-e4060551b2f1: no agents available; will retry on subsequent port and subnet creation events.
2026-07-08 10:11:02.816 9 INFO neutron.wsgi [req-ea92d0a6-7fa7-4500-8397-4e8f373f7f0a req-ea0078e0-2395-4133-a3ef-5d1a6de733b1 8b89cf49831c482c8576422fdcbb9b7f 3eb1a6ca549a417e9244b02fba6f9779 - - default default] 10.0.0.37 "GET /v2.0/ports?device_id=fc0c3b29-aaee-4b91-80cc-5fc81564dd38 HTTP/1.1" status: 200 len: 210 time: 0.0295265
2026-07-08 10:11:02.885 8 INFO neutron.db.ovn_revision_numbers_db [None req-9f8dac83-7251-4c8b-9347-9a987fb07e70 38937055159449fd8661700beb93bd25 c31c14b87f4b469b822fc277b6882c65 - - default default] Successfully bumped revision number for resource 69af3a20-722f-442e-a73b-68bced2c9e8b (type: ports) to 1
2026-07-08 10:11:02.908 8 INFO neutron.wsgi [None req-9f8dac83-7251-4c8b-9347-9a987fb07e70 38937055159449fd8661700beb93bd25 c31c14b87f4b469b822fc277b6882c65 - - default default] 10.0.0.45 "POST /v2.0/networks HTTP/1.1" status: 201 len: 844 time: 0.8306334
2026-07-08 10:11:03.170 8 WARNING neutron.scheduler.dhcp_agent_scheduler [None req-cb29b577-90cd-492e-83eb-03fc5989bd28 38937055159449fd8661700beb93bd25 c31c14b87f4b469b822fc277b6882c65 - - default default] No more DHCP agents
2026-07-08 10:11:03.173 8 WARNING neutron.api.rpc.agentnotifiers.dhcp_rpc_agent_api [None req-cb29b577-90cd-492e-83eb-03fc5989bd28 38937055159449fd8661700beb93bd25 c31c14b87f4b469b822fc277b6882c65 - - default default] Unable to schedule network 4c949997-6e5a-43ef-9df3-e4060551b2f1: no agents available; will retry on subsequent port and subnet creation events.
2026-07-08 10:11:03.247 8 INFO neutron.db.ovn_revision_numbers_db [None req-cb29b577-90cd-492e-83eb-03fc5989bd28 38937055159449fd8661700beb93bd25 c31c14b87f4b469b822fc277b6882c65 - - default default] Successfully bumped revision number for resource ed1e1bfd-ddf4-45b4-b50e-1ff5ea808ade (type: ports) to 1
2026-07-08 10:11:03.269 8 INFO neutron.wsgi [None req-cb29b577-90cd-492e-83eb-03fc5989bd28 38937055159449fd8661700beb93bd25 c31c14b87f4b469b822fc277b6882c65 - - default default] 10.0.0.45 "POST /v2.0/ports HTTP/1.1" status: 201 len: 973 time: 0.3561993 /var/lib/openstack/lib/python3.10/site-packages/pycadf/identifier.py:71: UserWarning: Invalid uuid: neutron. To ensure interoperability, identifiers should be a valid uuid. warnings.warn(('Invalid uuid: %s. To ensure interoperability, '
2026-07-08 10:11:03.365 8 INFO neutron.db.segments_db [None req-49952518-7b99-48c1-98bb-2452ebbf7c84 38937055159449fd8661700beb93bd25 c31c14b87f4b469b822fc277b6882c65 - - default default] Added segment ff97f7a9-f762-407c-a935-c92c86135d5f of type geneve for network 40c8fd83-9744-43ae-a465-3cc71e78e819
2026-07-08 10:11:03.534 9 INFO neutron.plugins.ml2.drivers.ovn.mech_driver.ovsdb.ovsdb_monitor [None req-6429f6b4-59a3-48d1-bce2-6192cf069267 - - - - - -] Router 66c4c880-3787-446f-8abf-3b3745c87a36 is bound to host instance
