2026-07-08 10:11:58.162 8 INFO neutron.services.segments.plugin [-] Segment 2fb55735-ad63-4380-957e-f0d4e9ad60a7 resource provider not found; error: Placement Client Error (4xx): {"errors": [{"status": 404, "title": "Not Found", "detail": "The resource could not be found.\n\n No resource provider with uuid 2fb55735-ad63-4380-957e-f0d4e9ad60a7 found for delete ", "request_id": "req-2424accd-fe13-43b4-8c8e-93cbc47e9797"}]}
2026-07-08 10:11:58.192 8 INFO neutron.wsgi [None req-392e89b2-07ba-455f-ac73-c42f4e61235c 15b30b341c6045248518b71db435e77c 383ed5a2cb4a4f24bfd6faab65df79c0 - - default default] 10.0.0.45 "DELETE /v2.0/networks/c453fecc-caab-4160-8b80-2374457cd7b5 HTTP/1.1" status: 204 len: 168 time: 0.5310547
2026-07-08 10:11:58.467 9 INFO neutron.wsgi [None req-601a943b-174f-4aa3-8345-a45bb83a3e70 94bd907d6bc641fe9fd259ff6be77730 ead4d09f46a345e2b5a7591591d114e2 - - default default] 10.0.0.45 "DELETE /v2.0/ports/c4b5b516-ffa5-436b-ad21-c68eba2a1582 HTTP/1.1" status: 204 len: 168 time: 0.3134193
2026-07-08 10:11:58.676 9 INFO neutron.wsgi [None req-b5c28446-80c1-4b45-b57f-f81d292af810 94bd907d6bc641fe9fd259ff6be77730 ead4d09f46a345e2b5a7591591d114e2 - - default default] 10.0.0.45 "GET /v2.0/ports HTTP/1.1" status: 200 len: 1718 time: 0.2058017
2026-07-08 10:11:58.791 9 INFO neutron.wsgi [None req-c7c4b5fa-aecb-464c-b5a4-9c3eb9cb2195 15b30b341c6045248518b71db435e77c 383ed5a2cb4a4f24bfd6faab65df79c0 - - default default] 10.0.0.45 "DELETE /v2.0/networks/0d68ce08-4fc9-494d-bc3e-352f9319222e HTTP/1.1" status: 204 len: 168 time: 0.5891445
2026-07-08 10:11:58.830 9 INFO neutron.db.segments_db [None req-1be958f6-f61e-40b0-9030-17c4b038665f 94bd907d6bc641fe9fd259ff6be77730 ead4d09f46a345e2b5a7591591d114e2 - - default default] Added segment a56bcf0a-2fd6-44cf-98fd-1569734f684a of type geneve for network 5a9c191f-7a76-45f8-980a-6b34cf328c81
2026-07-08 10:11:59.045 9 INFO neutron.db.ovn_revision_numbers_db [None req-1be958f6-f61e-40b0-9030-17c4b038665f 94bd907d6bc641fe9fd259ff6be77730 ead4d09f46a345e2b5a7591591d114e2 - - default default] Successfully bumped revision number for resource 5a9c191f-7a76-45f8-980a-6b34cf328c81 (type: networks) to 1
2026-07-08 10:11:59.086 9 INFO neutron.db.ovn_revision_numbers_db [None req-b7ee0b48-99e6-4c95-a85c-e4578996ffde 90ece6a6d36b47bf8bf4b65df55d05b5 d6921d8714ba4d1291a31d290a15353b - - default default] Successfully bumped revision number for resource cee966b6-7ce9-4497-b783-29390cb3c7dd (type: security_groups) to 1
2026-07-08 10:11:59.134 9 INFO neutron.db.ovn_revision_numbers_db [None req-b7ee0b48-99e6-4c95-a85c-e4578996ffde 90ece6a6d36b47bf8bf4b65df55d05b5 d6921d8714ba4d1291a31d290a15353b - - default default] Successfully bumped revision number for resource 353c9915-ac8b-44cb-89b3-4fadbf45f7f9 (type: security_group_rules) to 0
2026-07-08 10:11:59.164 9 INFO neutron.db.ovn_revision_numbers_db [None req-b7ee0b48-99e6-4c95-a85c-e4578996ffde 90ece6a6d36b47bf8bf4b65df55d05b5 d6921d8714ba4d1291a31d290a15353b - - default default] Successfully bumped revision number for resource 47c4f453-654d-47b4-84ac-7542917678ce (type: security_group_rules) to 0
2026-07-08 10:11:59.184 9 INFO neutron.db.ovn_revision_numbers_db [None req-b7ee0b48-99e6-4c95-a85c-e4578996ffde 90ece6a6d36b47bf8bf4b65df55d05b5 d6921d8714ba4d1291a31d290a15353b - - default default] Successfully bumped revision number for resource ad5b7bfe-c0a8-4543-8cec-1a82c11b449a (type: security_group_rules) to 0
2026-07-08 10:11:59.207 9 INFO neutron.db.ovn_revision_numbers_db [None req-b7ee0b48-99e6-4c95-a85c-e4578996ffde 90ece6a6d36b47bf8bf4b65df55d05b5 d6921d8714ba4d1291a31d290a15353b - - default default] Successfully bumped revision number for resource d3342fbe-25a7-439f-87f8-39db4a49ed92 (type: security_group_rules) to 0
2026-07-08 10:11:59.252 9 INFO neutron.wsgi [None req-b7ee0b48-99e6-4c95-a85c-e4578996ffde 90ece6a6d36b47bf8bf4b65df55d05b5 d6921d8714ba4d1291a31d290a15353b - - default default] 10.0.0.45 "GET /v2.0/security-groups?tenant_id=5a4b7b581f69435c84b8e338f39dedad&name=default HTTP/1.1" status: 200 len: 2996 time: 0.5574479
2026-07-08 10:11:59.257 9 WARNING neutron.scheduler.dhcp_agent_scheduler [None req-1be958f6-f61e-40b0-9030-17c4b038665f 94bd907d6bc641fe9fd259ff6be77730 ead4d09f46a345e2b5a7591591d114e2 - - default default] No more DHCP agents
2026-07-08 10:11:59.259 9 WARNING neutron.api.rpc.agentnotifiers.dhcp_rpc_agent_api [None req-1be958f6-f61e-40b0-9030-17c4b038665f 94bd907d6bc641fe9fd259ff6be77730 ead4d09f46a345e2b5a7591591d114e2 - - default default] Unable to schedule network 5a9c191f-7a76-45f8-980a-6b34cf328c81: no agents available; will retry on subsequent port and subnet creation events.
2026-07-08 10:11:59.270 8 INFO neutron.wsgi [None req-0080185b-8e87-4776-86e3-1af2b2d54e94 15b30b341c6045248518b71db435e77c 383ed5a2cb4a4f24bfd6faab65df79c0 - - default default] 10.0.0.45 "DELETE /v2.0/networks/ad90bd68-f8dc-4d4f-8cf6-ff0f12cf1ac1 HTTP/1.1" status: 204 len: 168 time: 0.4723399
2026-07-08 10:11:59.301 9 INFO neutron.services.segments.plugin [-] Segment ef848eb6-5f94-446a-8e8e-0db2c8ce1be2 resource provider aggregate not found
2026-07-08 10:11:59.322 9 INFO neutron.services.segments.plugin [-] Segment ef848eb6-5f94-446a-8e8e-0db2c8ce1be2 resource provider aggregate not found
2026-07-08 10:11:59.341 9 INFO neutron.services.segments.plugin [-] Segment ef848eb6-5f94-446a-8e8e-0db2c8ce1be2 resource provider not found; error: Placement Client Error (4xx): {"errors": [{"status": 404, "title": "Not Found", "detail": "The resource could not be found.\n\n No resource provider with uuid ef848eb6-5f94-446a-8e8e-0db2c8ce1be2 found for delete ", "request_id": "req-809bb005-0e04-4fea-a295-5da642a7489c"}]}
2026-07-08 10:11:59.345 9 INFO neutron.services.segments.plugin [-] Segment ef848eb6-5f94-446a-8e8e-0db2c8ce1be2 resource provider not found; error: Placement Client Error (4xx): {"errors": [{"status": 404, "title": "Not Found", "detail": "The resource could not be found.\n\n No resource provider with uuid ef848eb6-5f94-446a-8e8e-0db2c8ce1be2 found for delete ", "request_id": "req-9d1a93c7-2f13-4483-ad67-c842fdc02648"}]}
2026-07-08 10:11:59.411 9 INFO neutron.db.ovn_revision_numbers_db [None req-1be958f6-f61e-40b0-9030-17c4b038665f 94bd907d6bc641fe9fd259ff6be77730 ead4d09f46a345e2b5a7591591d114e2 - - default default] Successfully bumped revision number for resource c1363ad9-e6b0-404a-b2df-149660a21a49 (type: ports) to 1
2026-07-08 10:11:59.437 9 INFO neutron.wsgi [None req-1be958f6-f61e-40b0-9030-17c4b038665f 94bd907d6bc641fe9fd259ff6be77730 ead4d09f46a345e2b5a7591591d114e2 - - default default] 10.0.0.45 "POST /v2.0/networks HTTP/1.1" status: 201 len: 853 time: 0.7548909
2026-07-08 10:11:59.511 8 INFO neutron.wsgi [None req-e0d627b0-1458-47c0-b905-5593808d55b5 90ece6a6d36b47bf8bf4b65df55d05b5 d6921d8714ba4d1291a31d290a15353b - - default default] 10.0.0.45 "DELETE /v2.0/security-groups/cee966b6-7ce9-4497-b783-29390cb3c7dd HTTP/1.1" status: 204 len: 168 time: 0.2540760
2026-07-08 10:11:59.544 8 INFO neutron.db.segments_db [None req-234cd5f0-de3e-42e4-a8d6-601f8d9ad5f1 94bd907d6bc641fe9fd259ff6be77730 ead4d09f46a345e2b5a7591591d114e2 - - default default] Added segment 27c97b49-9fb9-44f7-8885-a809d92b76f2 of type geneve for network b1d96ac9-9503-47fe-95c9-5329212beaac
2026-07-08 10:11:59.707 8 INFO neutron.db.ovn_revision_numbers_db [None req-234cd5f0-de3e-42e4-a8d6-601f8d9ad5f1 94bd907d6bc641fe9fd259ff6be77730 ead4d09f46a345e2b5a7591591d114e2 - - default default] Successfully bumped revision number for resource b1d96ac9-9503-47fe-95c9-5329212beaac (type: networks) to 1
2026-07-08 10:11:59.716 9 INFO neutron.wsgi [None req-2b49b72e-225e-4dcb-b930-bb1b7cf3c624 15b30b341c6045248518b71db435e77c 383ed5a2cb4a4f24bfd6faab65df79c0 - - default default] 10.0.0.45 "DELETE /v2.0/networks/b8434058-d027-488f-88c5-394deeb8ec16 HTTP/1.1" status: 204 len: 168 time: 0.4415915
2026-07-08 10:11:59.867 8 WARNING neutron.scheduler.dhcp_agent_scheduler [None req-234cd5f0-de3e-42e4-a8d6-601f8d9ad5f1 94bd907d6bc641fe9fd259ff6be77730 ead4d09f46a345e2b5a7591591d114e2 - - default default] No more DHCP agents
2026-07-08 10:11:59.869 8 WARNING neutron.api.rpc.agentnotifiers.dhcp_rpc_agent_api [None req-234cd5f0-de3e-42e4-a8d6-601f8d9ad5f1 94bd907d6bc641fe9fd259ff6be77730 ead4d09f46a345e2b5a7591591d114e2 - - default default] Unable to schedule network b1d96ac9-9503-47fe-95c9-5329212beaac: no agents available; will retry on subsequent port and subnet creation events.
2026-07-08 10:11:59.944 8 INFO neutron.db.ovn_revision_numbers_db [None req-234cd5f0-de3e-42e4-a8d6-601f8d9ad5f1 94bd907d6bc641fe9fd259ff6be77730 ead4d09f46a345e2b5a7591591d114e2 - - default default] Successfully bumped revision number for resource 7fd2e9cb-55c1-4dd9-9963-d19bc583664b (type: ports) to 1
2026-07-08 10:11:59.962 8 INFO neutron.wsgi [None req-234cd5f0-de3e-42e4-a8d6-601f8d9ad5f1 94bd907d6bc641fe9fd259ff6be77730 ead4d09f46a345e2b5a7591591d114e2 - - default default] 10.0.0.45 "POST /v2.0/networks HTTP/1.1" status: 201 len: 853 time: 0.5178201
2026-07-08 10:12:00.177 8 INFO neutron.services.segments.plugin [-] Segment 7b0d791d-dcbe-41ee-b05f-1824829f038d resource provider aggregate not found
2026-07-08 10:12:00.188 8 INFO neutron.services.segments.plugin [-] Segment 7b0d791d-dcbe-41ee-b05f-1824829f038d resource provider aggregate not found
2026-07-08 10:12:00.204 8 INFO neutron.services.segments.plugin [-] Segment 7b0d791d-dcbe-41ee-b05f-1824829f038d resource provider not found; error: Placement Client Error (4xx): {"errors": [{"status": 404, "title": "Not Found", "detail": "The resource could not be found.\n\n No resource provider with uuid 7b0d791d-dcbe-41ee-b05f-1824829f038d found for delete ", "request_id": "req-fe4a8187-681e-43bc-b299-737ec329bfcd"}]}
2026-07-08 10:12:00.206 8 INFO neutron.services.segments.plugin [-] Segment 7b0d791d-dcbe-41ee-b05f-1824829f038d resource provider not found; error: Placement Client Error (4xx): {"errors": [{"status": 404, "title": "Not Found", "detail": "The resource could not be found.\n\n No resource provider with uuid 7b0d791d-dcbe-41ee-b05f-1824829f038d found for delete ", "request_id": "req-a206ad01-c9f4-45ea-8f28-526a5535233b"}]}
2026-07-08 10:12:00.558 9 INFO neutron.wsgi [None req-7a185077-2ed5-4565-a315-c0058760032e 90ece6a6d36b47bf8bf4b65df55d05b5 d6921d8714ba4d1291a31d290a15353b - - default default] 10.0.0.45 "GET /v2.0/security-groups?tenant_id=383ed5a2cb4a4f24bfd6faab65df79c0&name=default HTTP/1.1" status: 200 len: 2996 time: 0.1797726
2026-07-08 10:12:00.843 9 INFO neutron.wsgi [None req-c858b476-9199-4aba-b1d9-fe6bf11c8850 90ece6a6d36b47bf8bf4b65df55d05b5 d6921d8714ba4d1291a31d290a15353b - - default default] 10.0.0.45 "DELETE /v2.0/security-groups/ea8b1f17-a1f2-4f87-8814-bd9c30e853fc HTTP/1.1" status: 204 len: 168 time: 0.2811763
2026-07-08 10:12:00.879 8 INFO neutron.db.ovn_revision_numbers_db [None req-f0bce277-26c1-4ef8-9a7c-ca0a199789b4 90ece6a6d36b47bf8bf4b65df55d05b5 d6921d8714ba4d1291a31d290a15353b - - default default] Successfully bumped revision number for resource 6275a84f-eeff-43e4-8388-cd7f229ec34a (type: security_groups) to 1
2026-07-08 10:12:00.892 8 INFO neutron.db.ovn_revision_numbers_db [None req-f0bce277-26c1-4ef8-9a7c-ca0a199789b4 90ece6a6d36b47bf8bf4b65df55d05b5 d6921d8714ba4d1291a31d290a15353b - - default default] Successfully bumped revision number for resource 20579b19-37d6-46ba-960b-eb264ef9adab (type: security_group_rules) to 0
2026-07-08 10:12:00.903 8 INFO neutron.db.ovn_revision_numbers_db [None req-f0bce277-26c1-4ef8-9a7c-ca0a199789b4 90ece6a6d36b47bf8bf4b65df55d05b5 d6921d8714ba4d1291a31d290a15353b - - default default] Successfully bumped revision number for resource 35cd21ae-b046-407a-af4b-dbc72434151e (type: security_group_rules) to 0
2026-07-08 10:12:00.914 8 INFO neutron.db.ovn_revision_numbers_db [None req-f0bce277-26c1-4ef8-9a7c-ca0a199789b4 90ece6a6d36b47bf8bf4b65df55d05b5 d6921d8714ba4d1291a31d290a15353b - - default default] Successfully bumped revision number for resource 4a150079-b62b-4552-a46c-b4933f63a5aa (type: security_group_rules) to 0
2026-07-08 10:12:00.930 8 INFO neutron.db.ovn_revision_numbers_db [None req-f0bce277-26c1-4ef8-9a7c-ca0a199789b4 90ece6a6d36b47bf8bf4b65df55d05b5 d6921d8714ba4d1291a31d290a15353b - - default default] Successfully bumped revision number for resource 910ac7f8-cafb-4c58-8d6f-fd9d6d6d6936 (type: security_group_rules) to 0
2026-07-08 10:12:00.952 8 INFO neutron.wsgi [None req-f0bce277-26c1-4ef8-9a7c-ca0a199789b4 90ece6a6d36b47bf8bf4b65df55d05b5 d6921d8714ba4d1291a31d290a15353b - - default default] 10.0.0.45 "GET /v2.0/security-groups?tenant_id=bac2bf40dc1c4821924309a90a0de4ab&name=default HTTP/1.1" status: 200 len: 2996 time: 0.3205743
2026-07-08 10:12:00.958 9 WARNING neutron.scheduler.dhcp_agent_scheduler [None req-f317d3f8-8f03-43d9-ba01-d041178901ea 94bd907d6bc641fe9fd259ff6be77730 ead4d09f46a345e2b5a7591591d114e2 - - default default] No more DHCP agents
2026-07-08 10:12:00.961 9 WARNING neutron.api.rpc.agentnotifiers.dhcp_rpc_agent_api [None req-f317d3f8-8f03-43d9-ba01-d041178901ea 94bd907d6bc641fe9fd259ff6be77730 ead4d09f46a345e2b5a7591591d114e2 - - default default] Unable to schedule network 5a9c191f-7a76-45f8-980a-6b34cf328c81: no agents available; will retry on subsequent port and subnet creation events.
2026-07-08 10:12:00.994 9 INFO neutron.db.ovn_revision_numbers_db [None req-f317d3f8-8f03-43d9-ba01-d041178901ea 94bd907d6bc641fe9fd259ff6be77730 ead4d09f46a345e2b5a7591591d114e2 - - default default] Successfully bumped revision number for resource 5a2bf559-de9f-4c5e-9933-2d4323c96ce9 (type: subnets) to 0
2026-07-08 10:12:01.017 9 WARNING neutron.scheduler.dhcp_agent_scheduler [None req-f317d3f8-8f03-43d9-ba01-d041178901ea 94bd907d6bc641fe9fd259ff6be77730 ead4d09f46a345e2b5a7591591d114e2 - - default default] No more DHCP agents
2026-07-08 10:12:01.021 9 WARNING neutron.api.rpc.agentnotifiers.dhcp_rpc_agent_api [None req-f317d3f8-8f03-43d9-ba01-d041178901ea 94bd907d6bc641fe9fd259ff6be77730 ead4d09f46a345e2b5a7591591d114e2 - - default default] Unable to schedule network b1d96ac9-9503-47fe-95c9-5329212beaac: no agents available; will retry on subsequent port and subnet creation events.
2026-07-08 10:12:01.046 9 INFO neutron.db.ovn_revision_numbers_db [None req-f317d3f8-8f03-43d9-ba01-d041178901ea 94bd907d6bc641fe9fd259ff6be77730 ead4d09f46a345e2b5a7591591d114e2 - - default default] Successfully bumped revision number for resource 7a4fbcca-4778-431a-ba27-3a23c86093cd (type: subnets) to 0
2026-07-08 10:12:01.065 9 INFO neutron.wsgi [None req-f317d3f8-8f03-43d9-ba01-d041178901ea 94bd907d6bc641fe9fd259ff6be77730 ead4d09f46a345e2b5a7591591d114e2 - - default default] 10.0.0.45 "POST /v2.0/subnets HTTP/1.1" status: 201 len: 1476 time: 0.6127377
2026-07-08 10:12:01.134 9 INFO neutron.wsgi [None req-1c3c369e-6643-405f-ad53-f89a82c2e51f 94bd907d6bc641fe9fd259ff6be77730 ead4d09f46a345e2b5a7591591d114e2 - - default default] 10.0.0.45 "GET /v2.0/subnets HTTP/1.1" status: 200 len: 2084 time: 0.0641825
2026-07-08 10:12:01.170 8 INFO neutron.wsgi [None req-9d6427d6-2695-4db6-abce-c19cd6566549 90ece6a6d36b47bf8bf4b65df55d05b5 d6921d8714ba4d1291a31d290a15353b - - default default] 10.0.0.45 "DELETE /v2.0/security-groups/6275a84f-eeff-43e4-8388-cd7f229ec34a HTTP/1.1" status: 204 len: 168 time: 0.2137330
2026-07-08 10:12:01.323 9 INFO neutron.wsgi [None req-58d6c422-14a4-4d48-a8d2-da33d08875ae 94bd907d6bc641fe9fd259ff6be77730 ead4d09f46a345e2b5a7591591d114e2 - - default default] 10.0.0.45 "DELETE /v2.0/subnets/5a2bf559-de9f-4c5e-9933-2d4323c96ce9 HTTP/1.1" status: 204 len: 168 time: 0.1782758
2026-07-08 10:12:01.363 9 INFO neutron.services.segments.plugin [-] Segment 2489425b-9409-4346-ab70-5258d4ddfdc0 resource provider aggregate not found
2026-07-08 10:12:01.369 9 INFO neutron.services.segments.plugin [-] Segment 2489425b-9409-4346-ab70-5258d4ddfdc0 resource provider aggregate not found
2026-07-08 10:12:01.374 9 INFO neutron.services.segments.plugin [-] Segment 2489425b-9409-4346-ab70-5258d4ddfdc0 resource provider not found; error: Placement Client Error (4xx): {"errors": [{"status": 404, "title": "Not Found", "detail": "The resource could not be found.\n\n No resource provider with uuid 2489425b-9409-4346-ab70-5258d4ddfdc0 found for delete ", "request_id": "req-4506ade4-e568-4c98-bc82-7712363bce33"}]}
2026-07-08 10:12:01.381 9 INFO neutron.services.segments.plugin [-] Segment 2489425b-9409-4346-ab70-5258d4ddfdc0 resource provider not found; error: Placement Client Error (4xx): {"errors": [{"status": 404, "title": "Not Found", "detail": "The resource could not be found.\n\n No resource provider with uuid 2489425b-9409-4346-ab70-5258d4ddfdc0 found for delete ", "request_id": "req-25dd6d27-89a8-4c93-865c-7cf52ad06471"}]}
2026-07-08 10:12:01.542 9 INFO neutron.wsgi [None req-61c0ced8-af0b-4465-8d10-0820c4a2618a 94bd907d6bc641fe9fd259ff6be77730 ead4d09f46a345e2b5a7591591d114e2 - - default default] 10.0.0.45 "DELETE /v2.0/subnets/7a4fbcca-4778-431a-ba27-3a23c86093cd HTTP/1.1" status: 204 len: 168 time: 0.2123733
2026-07-08 10:12:01.601 9 INFO neutron.wsgi [None req-7d015a98-e667-426c-86a8-366730f9a024 94bd907d6bc641fe9fd259ff6be77730 ead4d09f46a345e2b5a7591591d114e2 - - default default] 10.0.0.45 "GET /v2.0/subnets HTTP/1.1" status: 200 len: 820 time: 0.0535777
2026-07-08 10:12:01.988 9 INFO neutron.wsgi [None req-7389cf5d-91dd-41f7-bc90-5baa80f438f0 94bd907d6bc641fe9fd259ff6be77730 ead4d09f46a345e2b5a7591591d114e2 - - default default] 10.0.0.45 "DELETE /v2.0/networks/b1d96ac9-9503-47fe-95c9-5329212beaac HTTP/1.1" status: 204 len: 168 time: 0.3777268
2026-07-08 10:12:02.392 8 INFO neutron.services.segments.plugin [-] Segment a56bcf0a-2fd6-44cf-98fd-1569734f684a resource provider aggregate not found
2026-07-08 10:12:02.397 8 INFO neutron.services.segments.plugin [-] Segment a56bcf0a-2fd6-44cf-98fd-1569734f684a resource provider aggregate not found
2026-07-08 10:12:02.411 8 INFO neutron.services.segments.plugin [-] Segment a56bcf0a-2fd6-44cf-98fd-1569734f684a resource provider not found; error: Placement Client Error (4xx): {"errors": [{"status": 404, "title": "Not Found", "detail": "The resource could not be found.\n\n No resource provider with uuid a56bcf0a-2fd6-44cf-98fd-1569734f684a found for delete ", "request_id": "req-89bd812b-d0f7-4e3d-b6fc-fd59065e9800"}]}
2026-07-08 10:12:02.419 8 INFO neutron.services.segments.plugin [-] Segment a56bcf0a-2fd6-44cf-98fd-1569734f684a resource provider not found; error: Placement Client Error (4xx): {"errors": [{"status": 404, "title": "Not Found", "detail": "The resource could not be found.\n\n No resource provider with uuid a56bcf0a-2fd6-44cf-98fd-1569734f684a found for delete ", "request_id": "req-77ad41d9-bb2d-4fcd-9494-d66fe1c162a1"}]}
2026-07-08 10:12:02.447 8 INFO neutron.wsgi [None req-88019611-2ed7-4d30-a3a3-77ecf49e824d 94bd907d6bc641fe9fd259ff6be77730 ead4d09f46a345e2b5a7591591d114e2 - - default default] 10.0.0.45 "DELETE /v2.0/networks/5a9c191f-7a76-45f8-980a-6b34cf328c81 HTTP/1.1" status: 204 len: 168 time: 0.4543495
2026-07-08 10:12:02.849 8 INFO neutron.wsgi [None req-3a523977-8e45-48b0-8a51-a2e802ad61f6 c8257a60020d4828a28372873410aaed f15017eef38941fd9073ce536b119da8 - - default default] 10.0.0.180 "GET /v2.0/extensions HTTP/1.1" status: 200 len: 16525 time: 0.0585415
2026-07-08 10:12:02.869 9 INFO neutron.wsgi [None req-2caf39dc-cdd6-4ceb-8edc-81a9c3348c86 94bd907d6bc641fe9fd259ff6be77730 ead4d09f46a345e2b5a7591591d114e2 - - default default] 10.0.0.45 "DELETE /v2.0/networks/5d9c24fd-1815-4abc-84f8-65a184035bfd HTTP/1.1" status: 204 len: 168 time: 0.4160450
2026-07-08 10:12:02.919 8 INFO neutron.db.ovn_revision_numbers_db [None req-cf729200-d0e2-4a9e-973e-21d579a764ea 08d01ca5cdc64813b55caf5a80514c10 daa2bb770383490993c28da9e11c945b - - default default] Successfully bumped revision number for resource d2bb77b4-b039-4fde-9909-09b4e712f238 (type: security_groups) to 1
2026-07-08 10:12:02.944 8 INFO neutron.db.ovn_revision_numbers_db [None req-cf729200-d0e2-4a9e-973e-21d579a764ea 08d01ca5cdc64813b55caf5a80514c10 daa2bb770383490993c28da9e11c945b - - default default] Successfully bumped revision number for resource 21495420-670f-4a7c-b928-07d10f16eb1e (type: security_group_rules) to 0
2026-07-08 10:12:02.956 9 INFO neutron.wsgi [None req-2ab92a0a-5126-4c0e-b27a-b8cdffa68dcc c8257a60020d4828a28372873410aaed f15017eef38941fd9073ce536b119da8 - - default default] 10.0.0.180 "GET /v2.0/quotas/f15017eef38941fd9073ce536b119da8/details HTTP/1.1" status: 200 len: 756 time: 0.0848093
2026-07-08 10:12:02.963 8 INFO neutron.db.ovn_revision_numbers_db [None req-cf729200-d0e2-4a9e-973e-21d579a764ea 08d01ca5cdc64813b55caf5a80514c10 daa2bb770383490993c28da9e11c945b - - default default] Successfully bumped revision number for resource 45986335-a46c-4c28-9615-d02daf36802c (type: security_group_rules) to 0
2026-07-08 10:12:02.979 8 INFO neutron.db.ovn_revision_numbers_db [None req-cf729200-d0e2-4a9e-973e-21d579a764ea 08d01ca5cdc64813b55caf5a80514c10 daa2bb770383490993c28da9e11c945b - - default default] Successfully bumped revision number for resource 4eda741b-bc96-4267-8f86-9850a199f8af (type: security_group_rules) to 0
2026-07-08 10:12:02.999 8 INFO neutron.db.ovn_revision_numbers_db [None req-cf729200-d0e2-4a9e-973e-21d579a764ea 08d01ca5cdc64813b55caf5a80514c10 daa2bb770383490993c28da9e11c945b - - default default] Successfully bumped revision number for resource 9034ae20-d55c-4ef8-bbb7-0b238308306e (type: security_group_rules) to 0
2026-07-08 10:12:03.082 8 INFO neutron.db.segments_db [None req-cf729200-d0e2-4a9e-973e-21d579a764ea 08d01ca5cdc64813b55caf5a80514c10 daa2bb770383490993c28da9e11c945b - - default default] Added segment dec39a11-076a-4dd7-82d5-252606e15974 of type geneve for network 73f16594-fb97-4fb5-a88f-76c5ec5e3ace
2026-07-08 10:12:03.297 8 INFO neutron.db.ovn_revision_numbers_db [None req-cf729200-d0e2-4a9e-973e-21d579a764ea 08d01ca5cdc64813b55caf5a80514c10 daa2bb770383490993c28da9e11c945b - - default default] Successfully bumped revision number for resource 73f16594-fb97-4fb5-a88f-76c5ec5e3ace (type: networks) to 1
2026-07-08 10:12:03.395 9 INFO neutron.services.segments.plugin [-] Segment 27c97b49-9fb9-44f7-8885-a809d92b76f2 resource provider aggregate not found
2026-07-08 10:12:03.404 9 INFO neutron.services.segments.plugin [-] Segment 27c97b49-9fb9-44f7-8885-a809d92b76f2 resource provider aggregate not found
2026-07-08 10:12:03.409 9 INFO neutron.services.segments.plugin [-] Segment 27c97b49-9fb9-44f7-8885-a809d92b76f2 resource provider not found; error: Placement Client Error (4xx): {"errors": [{"status": 404, "title": "Not Found", "detail": "The resource could not be found.\n\n No resource provider with uuid 27c97b49-9fb9-44f7-8885-a809d92b76f2 found for delete ", "request_id": "req-156783ad-8695-4291-9244-468f9f62673b"}]}
2026-07-08 10:12:03.428 9 INFO neutron.services.segments.plugin [-] Segment 27c97b49-9fb9-44f7-8885-a809d92b76f2 resource provider not found; error: Placement Client Error (4xx): {"errors": [{"status": 404, "title": "Not Found", "detail": "The resource could not be found.\n\n No resource provider with uuid 27c97b49-9fb9-44f7-8885-a809d92b76f2 found for delete ", "request_id": "req-7828ecf9-bb72-4754-81a1-c467ca556dfa"}]}
2026-07-08 10:12:03.435 9 INFO neutron.services.segments.plugin [-] Segment c57a0587-f819-4276-ad9f-052926299652 resource provider aggregate not found
2026-07-08 10:12:03.447 9 INFO neutron.services.segments.plugin [-] Segment c57a0587-f819-4276-ad9f-052926299652 resource provider aggregate not found
2026-07-08 10:12:03.452 9 INFO neutron.services.segments.plugin [-] Segment c57a0587-f819-4276-ad9f-052926299652 resource provider not found; error: Placement Client Error (4xx): {"errors": [{"status": 404, "title": "Not Found", "detail": "The resource could not be found.\n\n No resource provider with uuid c57a0587-f819-4276-ad9f-052926299652 found for delete ", "request_id": "req-cbea7b21-2d6e-42ab-929b-279c8435cae4"}]}
2026-07-08 10:12:03.458 8 INFO neutron.wsgi [None req-0d0ad7c6-55bd-4455-9050-450c1e0f357d 94bd907d6bc641fe9fd259ff6be77730 ead4d09f46a345e2b5a7591591d114e2 - - default default] 10.0.0.45 "DELETE /v2.0/networks/5009f979-9a5f-49d3-986b-15613244470e HTTP/1.1" status: 204 len: 168 time: 0.5767460
2026-07-08 10:12:03.466 9 INFO neutron.services.segments.plugin [-] Segment c57a0587-f819-4276-ad9f-052926299652 resource provider not found; error: Placement Client Error (4xx): {"errors": [{"status": 404, "title": "Not Found", "detail": "The resource could not be found.\n\n No resource provider with uuid c57a0587-f819-4276-ad9f-052926299652 found for delete ", "request_id": "req-5c017f8a-296d-49e0-b4f9-62b817248473"}]}
2026-07-08 10:12:03.494 8 WARNING neutron.scheduler.dhcp_agent_scheduler [None req-cf729200-d0e2-4a9e-973e-21d579a764ea 08d01ca5cdc64813b55caf5a80514c10 daa2bb770383490993c28da9e11c945b - - default default] No more DHCP agents
2026-07-08 10:12:03.501 8 WARNING neutron.api.rpc.agentnotifiers.dhcp_rpc_agent_api [None req-cf729200-d0e2-4a9e-973e-21d579a764ea 08d01ca5cdc64813b55caf5a80514c10 daa2bb770383490993c28da9e11c945b - - default default] Unable to schedule network 73f16594-fb97-4fb5-a88f-76c5ec5e3ace: no agents available; will retry on subsequent port and subnet creation events.
2026-07-08 10:12:03.601 8 INFO neutron.db.ovn_revision_numbers_db [None req-cf729200-d0e2-4a9e-973e-21d579a764ea 08d01ca5cdc64813b55caf5a80514c10 daa2bb770383490993c28da9e11c945b - - default default] Successfully bumped revision number for resource e4d1d976-ea77-46e9-a196-993ee8bda9af (type: ports) to 1
2026-07-08 10:12:03.623 8 INFO neutron.wsgi [None req-cf729200-d0e2-4a9e-973e-21d579a764ea 08d01ca5cdc64813b55caf5a80514c10 daa2bb770383490993c28da9e11c945b - - default default] 10.0.0.45 "POST /v2.0/networks HTTP/1.1" status: 201 len: 833 time: 1.0120134
2026-07-08 10:12:03.726 8 INFO neutron.db.segments_db [None req-e4a1abdb-aec3-4297-b1b5-b0bb601c293e 08d01ca5cdc64813b55caf5a80514c10 daa2bb770383490993c28da9e11c945b - - default default] Added segment 5c1f8fa6-80d3-4b1d-850f-713be89534e6 of type geneve for network 92291c7b-6d6f-40f0-a1f0-aa93560a3cb9
2026-07-08 10:12:03.895 8 INFO neutron.db.ovn_revision_numbers_db [None req-e4a1abdb-aec3-4297-b1b5-b0bb601c293e 08d01ca5cdc64813b55caf5a80514c10 daa2bb770383490993c28da9e11c945b - - default default] Successfully bumped revision number for resource 92291c7b-6d6f-40f0-a1f0-aa93560a3cb9 (type: networks) to 1
2026-07-08 10:12:04.140 8 WARNING neutron.scheduler.dhcp_agent_scheduler [None req-e4a1abdb-aec3-4297-b1b5-b0bb601c293e 08d01ca5cdc64813b55caf5a80514c10 daa2bb770383490993c28da9e11c945b - - default default] No more DHCP agents
2026-07-08 10:12:04.143 8 WARNING neutron.api.rpc.agentnotifiers.dhcp_rpc_agent_api [None req-e4a1abdb-aec3-4297-b1b5-b0bb601c293e 08d01ca5cdc64813b55caf5a80514c10 daa2bb770383490993c28da9e11c945b - - default default] Unable to schedule network 92291c7b-6d6f-40f0-a1f0-aa93560a3cb9: no agents available; will retry on subsequent port and subnet creation events.
2026-07-08 10:12:04.265 8 INFO neutron.db.ovn_revision_numbers_db [None req-e4a1abdb-aec3-4297-b1b5-b0bb601c293e 08d01ca5cdc64813b55caf5a80514c10 daa2bb770383490993c28da9e11c945b - - default default] Successfully bumped revision number for resource f0adb155-1c84-4595-9782-1f4f674199b1 (type: ports) to 1
2026-07-08 10:12:04.268 9 INFO neutron.wsgi [None req-7c5e281c-b43c-41e0-a6d5-5229f3d6b3d7 90ece6a6d36b47bf8bf4b65df55d05b5 d6921d8714ba4d1291a31d290a15353b - - default default] 10.0.0.45 "GET /v2.0/security-groups?tenant_id=ead4d09f46a345e2b5a7591591d114e2&name=default HTTP/1.1" status: 200 len: 2996 time: 0.2804735
2026-07-08 10:12:04.290 8 INFO neutron.wsgi [None req-e4a1abdb-aec3-4297-b1b5-b0bb601c293e 08d01ca5cdc64813b55caf5a80514c10 daa2bb770383490993c28da9e11c945b - - default default] 10.0.0.45 "POST /v2.0/networks HTTP/1.1" status: 201 len: 833 time: 0.6582086
2026-07-08 10:12:04.453 8 INFO neutron.services.segments.plugin [-] Segment 17c3d037-aa4f-44c6-8715-59223621aaa6 resource provider aggregate not found
2026-07-08 10:12:04.461 8 INFO neutron.services.segments.plugin [-] Segment 17c3d037-aa4f-44c6-8715-59223621aaa6 resource provider aggregate not found
2026-07-08 10:12:04.479 8 INFO neutron.services.segments.plugin [-] Segment 17c3d037-aa4f-44c6-8715-59223621aaa6 resource provider not found; error: Placement Client Error (4xx): {"errors": [{"status": 404, "title": "Not Found", "detail": "The resource could not be found.\n\n No resource provider with uuid 17c3d037-aa4f-44c6-8715-59223621aaa6 found for delete ", "request_id": "req-a5efcd14-be68-48b5-a0ee-dd5e9eec79e8"}]}
2026-07-08 10:12:04.486 8 INFO neutron.services.segments.plugin [-] Segment 17c3d037-aa4f-44c6-8715-59223621aaa6 resource provider not found; error: Placement Client Error (4xx): {"errors": [{"status": 404, "title": "Not Found", "detail": "The resource could not be found.\n\n No resource provider with uuid 17c3d037-aa4f-44c6-8715-59223621aaa6 found for delete ", "request_id": "req-c7a524e5-08a7-4794-ae68-245d534d848e"}]}
2026-07-08 10:12:04.523 9 INFO neutron.wsgi [None req-b7ab23fc-31cf-476f-823d-2834eae5fc68 90ece6a6d36b47bf8bf4b65df55d05b5 d6921d8714ba4d1291a31d290a15353b - - default default] 10.0.0.45 "DELETE /v2.0/security-groups/ba06f4bc-794c-42ab-84a9-99f1e4fd9848 HTTP/1.1" status: 204 len: 168 time: 0.2495530
2026-07-08 10:12:04.630 8 WARNING neutron.scheduler.dhcp_agent_scheduler [None req-bbbcfcf4-a831-47bf-88c9-172fefb02932 08d01ca5cdc64813b55caf5a80514c10 daa2bb770383490993c28da9e11c945b - - default default] No more DHCP agents
2026-07-08 10:12:04.632 8 WARNING neutron.api.rpc.agentnotifiers.dhcp_rpc_agent_api [None req-bbbcfcf4-a831-47bf-88c9-172fefb02932 08d01ca5cdc64813b55caf5a80514c10 daa2bb770383490993c28da9e11c945b - - default default] Unable to schedule network 73f16594-fb97-4fb5-a88f-76c5ec5e3ace: no agents available; will retry on subsequent port and subnet creation events.
2026-07-08 10:12:04.667 8 INFO neutron.db.ovn_revision_numbers_db [None req-bbbcfcf4-a831-47bf-88c9-172fefb02932 08d01ca5cdc64813b55caf5a80514c10 daa2bb770383490993c28da9e11c945b - - default default] Successfully bumped revision number for resource a01b2721-38fe-486f-9eb1-601b64a2d439 (type: subnets) to 0
2026-07-08 10:12:04.686 8 INFO neutron.wsgi [None req-bbbcfcf4-a831-47bf-88c9-172fefb02932 08d01ca5cdc64813b55caf5a80514c10 daa2bb770383490993c28da9e11c945b - - default default] 10.0.0.45 "POST /v2.0/subnets HTTP/1.1" status: 201 len: 821 time: 0.3906078
2026-07-08 10:12:05.248 9 WARNING neutron.scheduler.dhcp_agent_scheduler [None req-5b6f9e09-25f9-4af8-8856-94e023776880 08d01ca5cdc64813b55caf5a80514c10 daa2bb770383490993c28da9e11c945b - - default default] No more DHCP agents
2026-07-08 10:12:05.250 9 WARNING neutron.api.rpc.agentnotifiers.dhcp_rpc_agent_api [None req-5b6f9e09-25f9-4af8-8856-94e023776880 08d01ca5cdc64813b55caf5a80514c10 daa2bb770383490993c28da9e11c945b - - default default] Unable to schedule network 92291c7b-6d6f-40f0-a1f0-aa93560a3cb9: no agents available; will retry on subsequent port and subnet creation events.
2026-07-08 10:12:05.287 9 INFO neutron.db.ovn_revision_numbers_db [None req-5b6f9e09-25f9-4af8-8856-94e023776880 08d01ca5cdc64813b55caf5a80514c10 daa2bb770383490993c28da9e11c945b - - default default] Successfully bumped revision number for resource 75d26e2a-841a-4084-89f8-04dce62570b6 (type: subnets) to 0
2026-07-08 10:12:05.308 9 INFO neutron.wsgi [None req-5b6f9e09-25f9-4af8-8856-94e023776880 08d01ca5cdc64813b55caf5a80514c10 daa2bb770383490993c28da9e11c945b - - default default] 10.0.0.45 "POST /v2.0/subnets HTTP/1.1" status: 201 len: 830 time: 0.5998969
2026-07-08 10:12:05.518 9 INFO neutron.db.ovn_revision_numbers_db [None req-f64a0f3e-166b-4c29-9eb1-8dd8e833ec9b 08d01ca5cdc64813b55caf5a80514c10 daa2bb770383490993c28da9e11c945b - - default default] Successfully bumped revision number for resource 5a898a36-db7f-4d87-bcc5-8bf7c74fe8bb (type: routers) to 1
2026-07-08 10:12:05.545 9 INFO neutron.wsgi [None req-f64a0f3e-166b-4c29-9eb1-8dd8e833ec9b 08d01ca5cdc64813b55caf5a80514c10 daa2bb770383490993c28da9e11c945b - - default default] 10.0.0.45 "POST /v2.0/routers HTTP/1.1" status: 201 len: 691 time: 0.2327192
2026-07-08 10:12:05.708 9 INFO neutron.wsgi [None req-479bbe3f-f41f-4f73-9de6-e6f4cb674b88 c8257a60020d4828a28372873410aaed f15017eef38941fd9073ce536b119da8 - - default default] 10.0.0.180 "GET /v2.0/extensions HTTP/1.1" status: 200 len: 16525 time: 0.0074930
2026-07-08 10:12:05.828 8 INFO neutron.db.ovn_revision_numbers_db [None req-f6e298d1-d320-4cb2-abbf-d9cbe84eab84 90ece6a6d36b47bf8bf4b65df55d05b5 d6921d8714ba4d1291a31d290a15353b - - default default] Successfully bumped revision number for resource e97a31e3-bd97-406d-89ca-3b685603ac5d (type: security_groups) to 1
2026-07-08 10:12:05.835 8 INFO neutron.wsgi [None req-98dbcad0-007c-4ff9-8ca5-274d47c40307 c8257a60020d4828a28372873410aaed f15017eef38941fd9073ce536b119da8 - - default default] 10.0.0.180 "GET /v2.0/quotas/f15017eef38941fd9073ce536b119da8/details HTTP/1.1" status: 200 len: 756 time: 0.1095188
2026-07-08 10:12:05.841 8 INFO neutron.db.ovn_revision_numbers_db [None req-f6e298d1-d320-4cb2-abbf-d9cbe84eab84 90ece6a6d36b47bf8bf4b65df55d05b5 d6921d8714ba4d1291a31d290a15353b - - default default] Successfully bumped revision number for resource 1b9cc915-fa4d-4783-944e-f91274bf5bf5 (type: security_group_rules) to 0
2026-07-08 10:12:05.856 8 INFO neutron.db.ovn_revision_numbers_db [None req-f6e298d1-d320-4cb2-abbf-d9cbe84eab84 90ece6a6d36b47bf8bf4b65df55d05b5 d6921d8714ba4d1291a31d290a15353b - - default default] Successfully bumped revision number for resource 57904766-599a-46c3-9daf-7b348148195c (type: security_group_rules) to 0
2026-07-08 10:12:05.873 8 INFO neutron.db.ovn_revision_numbers_db [None req-f6e298d1-d320-4cb2-abbf-d9cbe84eab84 90ece6a6d36b47bf8bf4b65df55d05b5 d6921d8714ba4d1291a31d290a15353b - - default default] Successfully bumped revision number for resource 69d5404f-0847-4792-82a3-9fc3e0fbce8f (type: security_group_rules) to 0
2026-07-08 10:12:05.892 8 INFO neutron.db.ovn_revision_numbers_db [None req-f6e298d1-d320-4cb2-abbf-d9cbe84eab84 90ece6a6d36b47bf8bf4b65df55d05b5 d6921d8714ba4d1291a31d290a15353b - - default default] Successfully bumped revision number for resource 9fb76543-3c07-4ae4-b7bc-2cfcc6df2f5d (type: security_group_rules) to 0
2026-07-08 10:12:05.915 8 INFO neutron.wsgi [None req-f6e298d1-d320-4cb2-abbf-d9cbe84eab84 90ece6a6d36b47bf8bf4b65df55d05b5 d6921d8714ba4d1291a31d290a15353b - - default default] 10.0.0.45 "GET /v2.0/security-groups?tenant_id=f032b779c7c64eb6a1cbd436fc60d78c&name=default HTTP/1.1" status: 200 len: 2996 time: 0.3468440
2026-07-08 10:12:05.968 9 WARNING neutron.scheduler.dhcp_agent_scheduler [None req-91ea6378-ef5f-4012-9a1c-218faec3ea84 08d01ca5cdc64813b55caf5a80514c10 daa2bb770383490993c28da9e11c945b - - default default] No more DHCP agents
2026-07-08 10:12:05.970 9 WARNING neutron.api.rpc.agentnotifiers.dhcp_rpc_agent_api [None req-91ea6378-ef5f-4012-9a1c-218faec3ea84 08d01ca5cdc64813b55caf5a80514c10 daa2bb770383490993c28da9e11c945b - - default default] Unable to schedule network 73f16594-fb97-4fb5-a88f-76c5ec5e3ace: no agents available; will retry on subsequent port and subnet creation events.
2026-07-08 10:12:06.107 9 INFO neutron.db.ovn_revision_numbers_db [None req-91ea6378-ef5f-4012-9a1c-218faec3ea84 08d01ca5cdc64813b55caf5a80514c10 daa2bb770383490993c28da9e11c945b - - default default] Successfully bumped revision number for resource b0176c7d-8374-4533-9cd6-067c59913d99 (type: ports) to 1
2026-07-08 10:12:06.124 8 INFO neutron.wsgi [None req-fee59010-a173-48b2-ad8b-549a14b5c1da 90ece6a6d36b47bf8bf4b65df55d05b5 d6921d8714ba4d1291a31d290a15353b - - default default] 10.0.0.45 "DELETE /v2.0/security-groups/e97a31e3-bd97-406d-89ca-3b685603ac5d HTTP/1.1" status: 204 len: 168 time: 0.2045715
2026-07-08 10:12:06.419 9 INFO neutron.db.ovn_revision_numbers_db [None req-47165612-21df-40f4-8a59-14d6ec76fcac 90ece6a6d36b47bf8bf4b65df55d05b5 d6921d8714ba4d1291a31d290a15353b - - default default] Successfully bumped revision number for resource 95f43bf1-18a4-40c0-ae38-8c2d52b51b50 (type: security_groups) to 1
2026-07-08 10:12:06.445 9 INFO neutron.db.ovn_revision_numbers_db [None req-47165612-21df-40f4-8a59-14d6ec76fcac 90ece6a6d36b47bf8bf4b65df55d05b5 d6921d8714ba4d1291a31d290a15353b - - default default] Successfully bumped revision number for resource 19161089-ea65-47d2-9184-e16f1a4fbdac (type: security_group_rules) to 0
2026-07-08 10:12:06.457 9 INFO neutron.db.ovn_revision_numbers_db [None req-47165612-21df-40f4-8a59-14d6ec76fcac 90ece6a6d36b47bf8bf4b65df55d05b5 d6921d8714ba4d1291a31d290a15353b - - default default] Successfully bumped revision number for resource 31e85cc2-81ab-402c-992f-294fbfae99a1 (type: security_group_rules) to 0
2026-07-08 10:12:06.474 9 INFO neutron.db.ovn_revision_numbers_db [None req-47165612-21df-40f4-8a59-14d6ec76fcac 90ece6a6d36b47bf8bf4b65df55d05b5 d6921d8714ba4d1291a31d290a15353b - - default default] Successfully bumped revision number for resource 4d5273cf-9295-4530-8900-dc5db05798a5 (type: security_group_rules) to 0
2026-07-08 10:12:06.487 9 INFO neutron.plugins.ml2.drivers.ovn.mech_driver.mech_driver [None req-766bf85d-b69e-4cc9-8b7a-b1f60f779492 - - - - - -] OVN reports status up for port: b0176c7d-8374-4533-9cd6-067c59913d99
2026-07-08 10:12:06.495 9 INFO neutron.db.ovn_revision_numbers_db [None req-47165612-21df-40f4-8a59-14d6ec76fcac 90ece6a6d36b47bf8bf4b65df55d05b5 d6921d8714ba4d1291a31d290a15353b - - default default] Successfully bumped revision number for resource 74e77b0c-7795-4361-b531-eed038be1c93 (type: security_group_rules) to 0
2026-07-08 10:12:06.510 9 INFO neutron.plugins.ml2.plugin [None req-766bf85d-b69e-4cc9-8b7a-b1f60f779492 - - - - - -] Attempt 1 to provision port b0176c7d-8374-4533-9cd6-067c59913d99
2026-07-08 10:12:06.529 9 INFO neutron.wsgi [None req-47165612-21df-40f4-8a59-14d6ec76fcac 90ece6a6d36b47bf8bf4b65df55d05b5 d6921d8714ba4d1291a31d290a15353b - - default default] 10.0.0.45 "GET /v2.0/security-groups?tenant_id=f9341576529f451da3e45f4cc88d6261&name=default HTTP/1.1" status: 200 len: 2996 time: 0.2545071
2026-07-08 10:12:06.532 9 INFO neutron.db.ovn_revision_numbers_db [None req-91ea6378-ef5f-4012-9a1c-218faec3ea84 08d01ca5cdc64813b55caf5a80514c10 daa2bb770383490993c28da9e11c945b - - default default] Successfully bumped revision number for resource b0176c7d-8374-4533-9cd6-067c59913d99 (type: router_ports) to 1
2026-07-08 10:12:06.647 9 INFO neutron.db.ovn_revision_numbers_db [None req-91ea6378-ef5f-4012-9a1c-218faec3ea84 08d01ca5cdc64813b55caf5a80514c10 daa2bb770383490993c28da9e11c945b - - default default] Successfully bumped revision number for resource b0176c7d-8374-4533-9cd6-067c59913d99 (type: ports) to 1
2026-07-08 10:12:06.747 8 INFO neutron.wsgi [None req-1ecc4cf9-71fe-4061-aa21-43cda45e05dc 90ece6a6d36b47bf8bf4b65df55d05b5 d6921d8714ba4d1291a31d290a15353b - - default default] 10.0.0.45 "DELETE /v2.0/security-groups/95f43bf1-18a4-40c0-ae38-8c2d52b51b50 HTTP/1.1" status: 204 len: 168 time: 0.2129822
2026-07-08 10:12:06.751 9 WARNING neutron.scheduler.dhcp_agent_scheduler [None req-91ea6378-ef5f-4012-9a1c-218faec3ea84 08d01ca5cdc64813b55caf5a80514c10 daa2bb770383490993c28da9e11c945b - - default default] No more DHCP agents
2026-07-08 10:12:06.753 9 WARNING neutron.api.rpc.agentnotifiers.dhcp_rpc_agent_api [None req-91ea6378-ef5f-4012-9a1c-218faec3ea84 08d01ca5cdc64813b55caf5a80514c10 daa2bb770383490993c28da9e11c945b - - default default] Unable to schedule network 73f16594-fb97-4fb5-a88f-76c5ec5e3ace: no agents available; will retry on subsequent port and subnet creation events.
2026-07-08 10:12:06.941 9 INFO neutron.db.ovn_revision_numbers_db [None req-766bf85d-b69e-4cc9-8b7a-b1f60f779492 - - - - - -] Successfully bumped revision number for resource b0176c7d-8374-4533-9cd6-067c59913d99 (type: ports) to 2
2026-07-08 10:12:07.015 9 INFO neutron.db.ovn_revision_numbers_db [None req-91ea6378-ef5f-4012-9a1c-218faec3ea84 08d01ca5cdc64813b55caf5a80514c10 daa2bb770383490993c28da9e11c945b - - default default] Successfully bumped revision number for resource b0176c7d-8374-4533-9cd6-067c59913d99 (type: router_ports) to 2
2026-07-08 10:12:07.017 9 INFO neutron.wsgi [None req-91ea6378-ef5f-4012-9a1c-218faec3ea84 08d01ca5cdc64813b55caf5a80514c10 daa2bb770383490993c28da9e11c945b - - default default] 10.0.0.45 "PUT /v2.0/routers/5a898a36-db7f-4d87-bcc5-8bf7c74fe8bb/add_router_interface HTTP/1.1" status: 200 len: 503 time: 1.4659789
2026-07-08 10:12:07.069 8 INFO neutron.wsgi [None req-3a87f5ad-44d4-4e02-999e-76e1b3808a39 08d01ca5cdc64813b55caf5a80514c10 daa2bb770383490993c28da9e11c945b - - default default] 10.0.0.45 "GET /v2.0/ports/b0176c7d-8374-4533-9cd6-067c59913d99 HTTP/1.1" status: 200 len: 1141 time: 0.0397730
2026-07-08 10:12:07.762 8 WARNING neutron.scheduler.dhcp_agent_scheduler [None req-a49bfe86-818b-4e6a-a22f-88b8c1d00cca 08d01ca5cdc64813b55caf5a80514c10 daa2bb770383490993c28da9e11c945b - - default default] No more DHCP agents
2026-07-08 10:12:07.767 8 WARNING neutron.api.rpc.agentnotifiers.dhcp_rpc_agent_api [None req-a49bfe86-818b-4e6a-a22f-88b8c1d00cca 08d01ca5cdc64813b55caf5a80514c10 daa2bb770383490993c28da9e11c945b - - default default] Unable to schedule network 92291c7b-6d6f-40f0-a1f0-aa93560a3cb9: no agents available; will retry on subsequent port and subnet creation events.
2026-07-08 10:12:07.861 8 INFO neutron.db.ovn_revision_numbers_db [None req-21c22a3b-e1a7-432f-99e7-747350e07cbe 88d1145700d14b818ea92c0ac05da2bf 77ae231b9f6b407fa54a061993df2ead - - default default] Successfully bumped revision number for resource 3b4b51ef-d693-4427-8883-fe69ed81eba9 (type: security_groups) to 1
2026-07-08 10:12:07.901 8 INFO neutron.db.ovn_revision_numbers_db [None req-21c22a3b-e1a7-432f-99e7-747350e07cbe 88d1145700d14b818ea92c0ac05da2bf 77ae231b9f6b407fa54a061993df2ead - - default default] Successfully bumped revision number for resource 8fde728b-d45f-4807-b92c-5bcb09126219 (type: security_group_rules) to 0
2026-07-08 10:12:07.906 8 INFO neutron.db.ovn_revision_numbers_db [None req-a49bfe86-818b-4e6a-a22f-88b8c1d00cca 08d01ca5cdc64813b55caf5a80514c10 daa2bb770383490993c28da9e11c945b - - default default] Successfully bumped revision number for resource 9ca17993-b3da-422d-b8f6-622226fc3b1e (type: ports) to 1
2026-07-08 10:12:07.932 8 INFO neutron.db.ovn_revision_numbers_db [None req-21c22a3b-e1a7-432f-99e7-747350e07cbe 88d1145700d14b818ea92c0ac05da2bf 77ae231b9f6b407fa54a061993df2ead - - default default] Successfully bumped revision number for resource 974bb370-027e-4b24-9c3a-42935ad2aaec (type: security_group_rules) to 0
2026-07-08 10:12:07.947 8 INFO neutron.db.ovn_revision_numbers_db [None req-21c22a3b-e1a7-432f-99e7-747350e07cbe 88d1145700d14b818ea92c0ac05da2bf 77ae231b9f6b407fa54a061993df2ead - - default default] Successfully bumped revision number for resource d36ac474-c78a-41be-9b3a-5d75cd00f240 (type: security_group_rules) to 0
2026-07-08 10:12:07.965 8 INFO neutron.db.ovn_revision_numbers_db [None req-21c22a3b-e1a7-432f-99e7-747350e07cbe 88d1145700d14b818ea92c0ac05da2bf 77ae231b9f6b407fa54a061993df2ead - - default default] Successfully bumped revision number for resource df67fd9b-ac67-4859-b7f2-bfe0adffc572 (type: security_group_rules) to 0
2026-07-08 10:12:08.035 8 INFO neutron.db.segments_db [None req-21c22a3b-e1a7-432f-99e7-747350e07cbe 88d1145700d14b818ea92c0ac05da2bf 77ae231b9f6b407fa54a061993df2ead - - default default] Added segment 55de7696-8305-4f9f-8b38-ad8aaae370d8 of type geneve for network cd38da83-dde4-4622-961a-616d0cf9f1a6
2026-07-08 10:12:08.240 8 INFO neutron.db.ovn_revision_numbers_db [None req-21c22a3b-e1a7-432f-99e7-747350e07cbe 88d1145700d14b818ea92c0ac05da2bf 77ae231b9f6b407fa54a061993df2ead - - default default] Successfully bumped revision number for resource cd38da83-dde4-4622-961a-616d0cf9f1a6 (type: networks) to 1
2026-07-08 10:12:08.465 9 INFO neutron.db.ovn_revision_numbers_db [None req-5837b429-123f-40dc-b503-8a6a187f412e 90ece6a6d36b47bf8bf4b65df55d05b5 d6921d8714ba4d1291a31d290a15353b - - default default] Successfully bumped revision number for resource a0e2b08a-7a1f-4b7f-8536-9a291bda898c (type: security_groups) to 1
2026-07-08 10:12:08.480 9 INFO neutron.db.ovn_revision_numbers_db [None req-5837b429-123f-40dc-b503-8a6a187f412e 90ece6a6d36b47bf8bf4b65df55d05b5 d6921d8714ba4d1291a31d290a15353b - - default default] Successfully bumped revision number for resource 2ec21dc9-f272-4085-893a-d750b848deb1 (type: security_group_rules) to 0
2026-07-08 10:12:08.487 8 WARNING neutron.scheduler.dhcp_agent_scheduler [None req-21c22a3b-e1a7-432f-99e7-747350e07cbe 88d1145700d14b818ea92c0ac05da2bf 77ae231b9f6b407fa54a061993df2ead - - default default] No more DHCP agents
2026-07-08 10:12:08.492 8 WARNING neutron.api.rpc.agentnotifiers.dhcp_rpc_agent_api [None req-21c22a3b-e1a7-432f-99e7-747350e07cbe 88d1145700d14b818ea92c0ac05da2bf 77ae231b9f6b407fa54a061993df2ead - - default default] Unable to schedule network cd38da83-dde4-4622-961a-616d0cf9f1a6: no agents available; will retry on subsequent port and subnet creation events.
2026-07-08 10:12:08.494 9 INFO neutron.db.ovn_revision_numbers_db [None req-5837b429-123f-40dc-b503-8a6a187f412e 90ece6a6d36b47bf8bf4b65df55d05b5 d6921d8714ba4d1291a31d290a15353b - - default default] Successfully bumped revision number for resource 6286baf1-abba-45c5-8613-dc27254dee0c (type: security_group_rules) to 0
2026-07-08 10:12:08.516 9 INFO neutron.db.ovn_revision_numbers_db [None req-5837b429-123f-40dc-b503-8a6a187f412e 90ece6a6d36b47bf8bf4b65df55d05b5 d6921d8714ba4d1291a31d290a15353b - - default default] Successfully bumped revision number for resource 634b8b6c-6434-42a0-a0bb-200b15b25122 (type: security_group_rules) to 0
2026-07-08 10:12:08.532 9 INFO neutron.db.ovn_revision_numbers_db [None req-5837b429-123f-40dc-b503-8a6a187f412e 90ece6a6d36b47bf8bf4b65df55d05b5 d6921d8714ba4d1291a31d290a15353b - - default default] Successfully bumped revision number for resource f8be2f3d-c376-469c-9dca-92747d29fa40 (type: security_group_rules) to 0
2026-07-08 10:12:08.554 9 INFO neutron.wsgi [None req-5837b429-123f-40dc-b503-8a6a187f412e 90ece6a6d36b47bf8bf4b65df55d05b5 d6921d8714ba4d1291a31d290a15353b - - default default] 10.0.0.45 "GET /v2.0/security-groups?tenant_id=f15017eef38941fd9073ce536b119da8&name=default HTTP/1.1" status: 200 len: 2996 time: 0.3882923
2026-07-08 10:12:08.648 8 INFO neutron.db.ovn_revision_numbers_db [None req-21c22a3b-e1a7-432f-99e7-747350e07cbe 88d1145700d14b818ea92c0ac05da2bf 77ae231b9f6b407fa54a061993df2ead - - default default] Successfully bumped revision number for resource 9d6238fb-c6e1-4f1a-81be-4291ff9a3ca2 (type: ports) to 1
2026-07-08 10:12:08.670 8 INFO neutron.db.ovn_revision_numbers_db [None req-a49bfe86-818b-4e6a-a22f-88b8c1d00cca 08d01ca5cdc64813b55caf5a80514c10 daa2bb770383490993c28da9e11c945b - - default default] Successfully bumped revision number for resource 9ca17993-b3da-422d-b8f6-622226fc3b1e (type: router_ports) to 1
2026-07-08 10:12:08.676 8 INFO neutron.wsgi [None req-21c22a3b-e1a7-432f-99e7-747350e07cbe 88d1145700d14b818ea92c0ac05da2bf 77ae231b9f6b407fa54a061993df2ead - - default default] 10.0.0.45 "POST /v2.0/networks HTTP/1.1" status: 201 len: 830 time: 1.1638458
2026-07-08 10:12:08.810 8 INFO neutron.db.ovn_revision_numbers_db [None req-a49bfe86-818b-4e6a-a22f-88b8c1d00cca 08d01ca5cdc64813b55caf5a80514c10 daa2bb770383490993c28da9e11c945b - - default default] Successfully bumped revision number for resource 9ca17993-b3da-422d-b8f6-622226fc3b1e (type: ports) to 1
2026-07-08 10:12:08.859 8 INFO neutron.wsgi [None req-b5d88303-af3d-4c8a-a16a-bca80062147e 90ece6a6d36b47bf8bf4b65df55d05b5 d6921d8714ba4d1291a31d290a15353b - - default default] 10.0.0.45 "DELETE /v2.0/security-groups/a0e2b08a-7a1f-4b7f-8536-9a291bda898c HTTP/1.1" status: 204 len: 168 time: 0.2977359
2026-07-08 10:12:08.877 8 WARNING neutron.scheduler.dhcp_agent_scheduler [None req-a49bfe86-818b-4e6a-a22f-88b8c1d00cca 08d01ca5cdc64813b55caf5a80514c10 daa2bb770383490993c28da9e11c945b - - default default] No more DHCP agents
2026-07-08 10:12:08.878 8 WARNING neutron.api.rpc.agentnotifiers.dhcp_rpc_agent_api [None req-a49bfe86-818b-4e6a-a22f-88b8c1d00cca 08d01ca5cdc64813b55caf5a80514c10 daa2bb770383490993c28da9e11c945b - - default default] Unable to schedule network 92291c7b-6d6f-40f0-a1f0-aa93560a3cb9: no agents available; will retry on subsequent port and subnet creation events.
2026-07-08 10:12:09.071 8 INFO neutron.db.ovn_revision_numbers_db [None req-a49bfe86-818b-4e6a-a22f-88b8c1d00cca 08d01ca5cdc64813b55caf5a80514c10 daa2bb770383490993c28da9e11c945b - - default default] Successfully bumped revision number for resource 9ca17993-b3da-422d-b8f6-622226fc3b1e (type: router_ports) to 1
2026-07-08 10:12:09.074 8 INFO neutron.wsgi [None req-a49bfe86-818b-4e6a-a22f-88b8c1d00cca 08d01ca5cdc64813b55caf5a80514c10 daa2bb770383490993c28da9e11c945b - - default default] 10.0.0.45 "PUT /v2.0/routers/5a898a36-db7f-4d87-bcc5-8bf7c74fe8bb/add_router_interface HTTP/1.1" status: 200 len: 503 time: 1.9995606
2026-07-08 10:12:09.166 9 WARNING neutron.scheduler.dhcp_agent_scheduler [None req-d6acf719-9bde-49e9-aeb2-42e331b2f5c3 88d1145700d14b818ea92c0ac05da2bf 77ae231b9f6b407fa54a061993df2ead - - default default] No more DHCP agents
2026-07-08 10:12:09.168 9 WARNING neutron.api.rpc.agentnotifiers.dhcp_rpc_agent_api [None req-d6acf719-9bde-49e9-aeb2-42e331b2f5c3 88d1145700d14b818ea92c0ac05da2bf 77ae231b9f6b407fa54a061993df2ead - - default default] Unable to schedule network d73dfa33-49a4-49e0-b359-529367435d92: no agents available; will retry on subsequent port and subnet creation events.
