2026-07-08 10:12:40.134 8 WARNING neutron.scheduler.dhcp_agent_scheduler [None req-f8b233a1-0add-4f65-bc31-f226d7ab01b3 c50cfbec75d5453e8b5d6920bc12ca14 92119edb2e9248f58719b0187a6df727 - - default default] No more DHCP agents
2026-07-08 10:12:40.136 8 WARNING neutron.api.rpc.agentnotifiers.dhcp_rpc_agent_api [None req-f8b233a1-0add-4f65-bc31-f226d7ab01b3 c50cfbec75d5453e8b5d6920bc12ca14 92119edb2e9248f58719b0187a6df727 - - default default] Unable to schedule network 9c69eb38-7c6b-41f4-88cd-cdc10bbdadf0: no agents available; will retry on subsequent port and subnet creation events.
2026-07-08 10:12:40.262 8 INFO neutron.db.ovn_revision_numbers_db [None req-b297aca7-2fe7-4264-9de5-e46957e60fbf b610cc2a49fe478fa35d9dd725db193a e5328f774bd94d11ad0e73146d6aac8c - - default default] Successfully bumped revision number for resource 69435d8b-90ce-417f-91ff-d402fe7c84f7 (type: router_ports) to 1
2026-07-08 10:12:40.274 9 INFO neutron.wsgi [None req-c8a4f33e-3428-4c5f-a258-f3a65c490934 8afa3d9816104616a7da2ebc37c5287c 0cfff56a6cb347389f73f8e9b6b0c280 - - default default] 10.0.0.45 "DELETE /v2.0/ports/9d688c40-3cce-4745-abfa-f0ad03bd4199 HTTP/1.1" status: 204 len: 168 time: 0.4012194
2026-07-08 10:12:40.284 8 INFO neutron.db.ovn_revision_numbers_db [None req-f8b233a1-0add-4f65-bc31-f226d7ab01b3 c50cfbec75d5453e8b5d6920bc12ca14 92119edb2e9248f58719b0187a6df727 - - default default] Successfully bumped revision number for resource c9bdb0de-f3bf-4f2d-8e3d-253a83cd2831 (type: ports) to 1 /var/lib/openstack/lib/python3.10/site-packages/pycadf/identifier.py:71: UserWarning: Invalid uuid: neutron. To ensure interoperability, identifiers should be a valid uuid. warnings.warn(('Invalid uuid: %s. To ensure interoperability, '
2026-07-08 10:12:40.337 8 INFO neutron.wsgi [None req-f8b233a1-0add-4f65-bc31-f226d7ab01b3 c50cfbec75d5453e8b5d6920bc12ca14 92119edb2e9248f58719b0187a6df727 - - default default] 10.0.0.45 "POST /v2.0/ports HTTP/1.1" status: 201 len: 942 time: 0.5775878
2026-07-08 10:12:40.520 8 INFO neutron.db.ovn_revision_numbers_db [None req-b297aca7-2fe7-4264-9de5-e46957e60fbf b610cc2a49fe478fa35d9dd725db193a e5328f774bd94d11ad0e73146d6aac8c - - default default] Successfully bumped revision number for resource 69435d8b-90ce-417f-91ff-d402fe7c84f7 (type: ports) to 1
2026-07-08 10:12:40.623 9 INFO neutron.wsgi [req-99de0f73-1c34-4d1c-a99e-a4ff258a0da5 req-a2b72c54-bf2b-4c6b-91c5-0cfa56b2f5b3 88d1145700d14b818ea92c0ac05da2bf 77ae231b9f6b407fa54a061993df2ead - - default default] 199.204.45.229 "GET /v2.0/networks?id=cd38da83-dde4-4622-961a-616d0cf9f1a6 HTTP/1.1" status: 200 len: 858 time: 0.1381745
2026-07-08 10:12:40.652 8 WARNING neutron.scheduler.dhcp_agent_scheduler [None req-b297aca7-2fe7-4264-9de5-e46957e60fbf b610cc2a49fe478fa35d9dd725db193a e5328f774bd94d11ad0e73146d6aac8c - - default default] No more DHCP agents
2026-07-08 10:12:40.655 8 WARNING neutron.api.rpc.agentnotifiers.dhcp_rpc_agent_api [None req-b297aca7-2fe7-4264-9de5-e46957e60fbf b610cc2a49fe478fa35d9dd725db193a e5328f774bd94d11ad0e73146d6aac8c - - default default] Unable to schedule network 06784551-b8ef-4736-9cad-34a4423ae3b4: no agents available; will retry on subsequent port and subnet creation events.
2026-07-08 10:12:40.704 9 INFO neutron.wsgi [req-99de0f73-1c34-4d1c-a99e-a4ff258a0da5 req-78c889c1-7d8a-47a8-9fa4-d2e5f889ac3c 88d1145700d14b818ea92c0ac05da2bf 77ae231b9f6b407fa54a061993df2ead - - default default] 199.204.45.229 "GET /v2.0/security-groups?fields=id&fields=name&tenant_id=77ae231b9f6b407fa54a061993df2ead HTTP/1.1" status: 200 len: 471 time: 0.0740614
2026-07-08 10:12:40.707 9 INFO neutron.wsgi [None req-b03bde2e-7bf5-410c-bd59-ccc69ff010cd c50cfbec75d5453e8b5d6920bc12ca14 92119edb2e9248f58719b0187a6df727 - - default default] 10.0.0.45 "POST /v2.0/trunks HTTP/1.1" status: 201 len: 608 time: 0.3623226
2026-07-08 10:12:40.776 8 INFO neutron.wsgi [None req-a0636fb2-4e61-41db-9294-d9f8f897eac2 8afa3d9816104616a7da2ebc37c5287c 0cfff56a6cb347389f73f8e9b6b0c280 - - default default] 10.0.0.45 "DELETE /v2.0/ports/429392d4-7c16-47a6-9319-55ceadf5b5de HTTP/1.1" status: 204 len: 168 time: 0.4934680
2026-07-08 10:12:40.835 9 INFO neutron.db.segments_db [None req-0021ce1d-6c71-4121-864d-bdb80fce85df c50cfbec75d5453e8b5d6920bc12ca14 92119edb2e9248f58719b0187a6df727 - - default default] Added segment e937dd6f-9d52-41d4-aded-bfd131059228 of type geneve for network c893d764-8671-42fb-a678-8017a44220d7
2026-07-08 10:12:40.866 8 INFO neutron.wsgi [req-ad51dd0a-6238-425a-a24e-111481ce2e36 req-b55ed1ec-cb51-4dbb-bd28-3767c1caef0e 88d1145700d14b818ea92c0ac05da2bf 77ae231b9f6b407fa54a061993df2ead - - default default] 10.0.0.37 "GET /v2.0/ports?device_id=1c848ab6-6bf5-4701-a916-22f52e3e3aac HTTP/1.1" status: 200 len: 210 time: 0.0366526
2026-07-08 10:12:40.897 8 INFO neutron.wsgi [None req-dcabbb8a-5268-4221-9fe7-e69486a576f1 8afa3d9816104616a7da2ebc37c5287c 0cfff56a6cb347389f73f8e9b6b0c280 - - default default] 10.0.0.45 "GET /v2.0/ports?device_id=68dddc7f-dc4e-4652-a645-29d120989a88 HTTP/1.1" status: 200 len: 1140 time: 0.1151569
2026-07-08 10:12:40.901 8 INFO neutron.db.ovn_revision_numbers_db [None req-b297aca7-2fe7-4264-9de5-e46957e60fbf b610cc2a49fe478fa35d9dd725db193a e5328f774bd94d11ad0e73146d6aac8c - - default default] Successfully bumped revision number for resource 69435d8b-90ce-417f-91ff-d402fe7c84f7 (type: router_ports) to 1
2026-07-08 10:12:40.903 8 INFO neutron.wsgi [None req-b297aca7-2fe7-4264-9de5-e46957e60fbf b610cc2a49fe478fa35d9dd725db193a e5328f774bd94d11ad0e73146d6aac8c - - default default] 10.0.0.45 "PUT /v2.0/routers/3ae83264-17db-45b9-acbe-0d2a27883056/add_router_interface HTTP/1.1" status: 200 len: 503 time: 2.3276117
2026-07-08 10:12:40.950 8 INFO neutron.wsgi [None req-fc5e77d9-00b1-4315-9201-5d966a3a915f b610cc2a49fe478fa35d9dd725db193a e5328f774bd94d11ad0e73146d6aac8c - - default default] 10.0.0.45 "GET /v2.0/ports/69435d8b-90ce-417f-91ff-d402fe7c84f7 HTTP/1.1" status: 200 len: 1135 time: 0.0395825
2026-07-08 10:12:41.292 9 WARNING neutron.plugins.ml2.drivers.ovn.mech_driver.ovsdb.ovn_client [None req-766bf85d-b69e-4cc9-8b7a-b1f60f779492 - - - - - -] No hosting information found for port fc98da06-fb34-46fa-a898-b00c874259cd: RuntimeError: No hosting information found for port fc98da06-fb34-46fa-a898-b00c874259cd
2026-07-08 10:12:41.380 9 INFO neutron.plugins.ml2.drivers.ovn.mech_driver.mech_driver [None req-766bf85d-b69e-4cc9-8b7a-b1f60f779492 - - - - - -] OVN reports status up for port: 69435d8b-90ce-417f-91ff-d402fe7c84f7
2026-07-08 10:12:41.412 9 INFO neutron.plugins.ml2.plugin [None req-766bf85d-b69e-4cc9-8b7a-b1f60f779492 - - - - - -] Attempt 1 to provision port 69435d8b-90ce-417f-91ff-d402fe7c84f7
2026-07-08 10:12:41.430 8 INFO neutron.wsgi [-] 10.0.0.76 "GET / HTTP/1.1" status: 200 len: 246 time: 0.0012939
2026-07-08 10:12:41.432 8 INFO neutron.wsgi [-] 10.0.0.76 "GET / HTTP/1.1" status: 200 len: 246 time: 0.0012379
2026-07-08 10:12:41.436 9 INFO neutron.db.ovn_revision_numbers_db [None req-0021ce1d-6c71-4121-864d-bdb80fce85df c50cfbec75d5453e8b5d6920bc12ca14 92119edb2e9248f58719b0187a6df727 - - default default] Successfully bumped revision number for resource c893d764-8671-42fb-a678-8017a44220d7 (type: networks) to 1
2026-07-08 10:12:41.443 8 WARNING neutron.scheduler.dhcp_agent_scheduler [None req-4d726275-e684-48c7-a817-a807aba5547d b610cc2a49fe478fa35d9dd725db193a e5328f774bd94d11ad0e73146d6aac8c - - default default] No more DHCP agents
2026-07-08 10:12:41.444 8 WARNING neutron.api.rpc.agentnotifiers.dhcp_rpc_agent_api [None req-4d726275-e684-48c7-a817-a807aba5547d b610cc2a49fe478fa35d9dd725db193a e5328f774bd94d11ad0e73146d6aac8c - - default default] Unable to schedule network cf647f63-d8c4-4e54-a011-17100efdbdbe: no agents available; will retry on subsequent port and subnet creation events. /var/lib/openstack/lib/python3.10/site-packages/pycadf/identifier.py:71: UserWarning: Invalid uuid: neutron. To ensure interoperability, identifiers should be a valid uuid. warnings.warn(('Invalid uuid: %s. To ensure interoperability, '
2026-07-08 10:12:41.574 9 INFO neutron.wsgi [req-ab65e6fe-8197-4cf2-a3eb-47b7b3c138cb req-2997f63a-0e3d-4eb1-bbac-4968000cbf02 c7d3d1026eeb456ea0f2b328b8daa236 d6b189a0a2bb4a408adc82ad633266d7 - - e7bad94844f54a33a625ce6fcb5d0448 e7bad94844f54a33a625ce6fcb5d0448] 199.204.45.229 "GET /v2.0/ports?device_id=e03873c3-bd5d-4f73-9d9b-ab402654d104&fields=binding%3Ahost_id&fields=binding%3Avif_type HTTP/1.1" status: 200 len: 265 time: 0.0926473
2026-07-08 10:12:41.622 8 INFO neutron.db.ovn_revision_numbers_db [None req-4d726275-e684-48c7-a817-a807aba5547d b610cc2a49fe478fa35d9dd725db193a e5328f774bd94d11ad0e73146d6aac8c - - default default] Successfully bumped revision number for resource 4b10bbd0-bc49-40bd-9245-1f12fb050fe6 (type: ports) to 1 /var/lib/openstack/lib/python3.10/site-packages/pycadf/identifier.py:71: UserWarning: Invalid uuid: neutron. To ensure interoperability, identifiers should be a valid uuid. warnings.warn(('Invalid uuid: %s. To ensure interoperability, '
2026-07-08 10:12:41.681 9 WARNING neutron.scheduler.dhcp_agent_scheduler [req-99de0f73-1c34-4d1c-a99e-a4ff258a0da5 req-6c44c590-dfc6-475c-ab75-f40440f84035 88d1145700d14b818ea92c0ac05da2bf 77ae231b9f6b407fa54a061993df2ead - - default default] No more DHCP agents
2026-07-08 10:12:41.689 9 WARNING neutron.api.rpc.agentnotifiers.dhcp_rpc_agent_api [req-99de0f73-1c34-4d1c-a99e-a4ff258a0da5 req-6c44c590-dfc6-475c-ab75-f40440f84035 88d1145700d14b818ea92c0ac05da2bf 77ae231b9f6b407fa54a061993df2ead - - default default] Unable to schedule network cd38da83-dde4-4622-961a-616d0cf9f1a6: no agents available; will retry on subsequent port and subnet creation events.
2026-07-08 10:12:41.764 9 INFO neutron.wsgi [req-ab65e6fe-8197-4cf2-a3eb-47b7b3c138cb req-59295090-689d-4873-b642-4a690f00f7cc c7d3d1026eeb456ea0f2b328b8daa236 d6b189a0a2bb4a408adc82ad633266d7 - - e7bad94844f54a33a625ce6fcb5d0448 e7bad94844f54a33a625ce6fcb5d0448] 199.204.45.229 "GET /v2.0/ports?tenant_id=77ae231b9f6b407fa54a061993df2ead&device_id=e03873c3-bd5d-4f73-9d9b-ab402654d104 HTTP/1.1" status: 200 len: 1409 time: 0.1399827 /var/lib/openstack/lib/python3.10/site-packages/pycadf/identifier.py:71: UserWarning: Invalid uuid: neutron. To ensure interoperability, identifiers should be a valid uuid. warnings.warn(('Invalid uuid: %s. To ensure interoperability, '
2026-07-08 10:12:41.890 9 WARNING neutron.scheduler.dhcp_agent_scheduler [None req-0021ce1d-6c71-4121-864d-bdb80fce85df c50cfbec75d5453e8b5d6920bc12ca14 92119edb2e9248f58719b0187a6df727 - - default default] No more DHCP agents
2026-07-08 10:12:41.903 9 WARNING neutron.api.rpc.agentnotifiers.dhcp_rpc_agent_api [None req-0021ce1d-6c71-4121-864d-bdb80fce85df c50cfbec75d5453e8b5d6920bc12ca14 92119edb2e9248f58719b0187a6df727 - - default default] Unable to schedule network c893d764-8671-42fb-a678-8017a44220d7: no agents available; will retry on subsequent port and subnet creation events.
2026-07-08 10:12:41.932 9 INFO neutron.wsgi [req-ab65e6fe-8197-4cf2-a3eb-47b7b3c138cb req-6545bfc8-a565-4d76-a566-61bb4a2a0d43 c7d3d1026eeb456ea0f2b328b8daa236 d6b189a0a2bb4a408adc82ad633266d7 - - e7bad94844f54a33a625ce6fcb5d0448 e7bad94844f54a33a625ce6fcb5d0448] 199.204.45.229 "GET /v2.0/networks?id=cd38da83-dde4-4622-961a-616d0cf9f1a6 HTTP/1.1" status: 200 len: 957 time: 0.1438289
2026-07-08 10:12:42.009 9 INFO neutron.wsgi [req-ab65e6fe-8197-4cf2-a3eb-47b7b3c138cb req-4295229f-5f7f-4474-8f5e-619190961cbf c7d3d1026eeb456ea0f2b328b8daa236 d6b189a0a2bb4a408adc82ad633266d7 - - e7bad94844f54a33a625ce6fcb5d0448 e7bad94844f54a33a625ce6fcb5d0448] 199.204.45.229 "GET /v2.0/floatingips?fixed_ip_address=10.100.0.7&port_id=254c71da-aaa2-4fd9-9430-81d0b421e596 HTTP/1.1" status: 200 len: 217 time: 0.0668266
2026-07-08 10:12:42.110 8 INFO neutron.db.ovn_revision_numbers_db [None req-4d726275-e684-48c7-a817-a807aba5547d b610cc2a49fe478fa35d9dd725db193a e5328f774bd94d11ad0e73146d6aac8c - - default default] Successfully bumped revision number for resource 4b10bbd0-bc49-40bd-9245-1f12fb050fe6 (type: router_ports) to 1
2026-07-08 10:12:42.149 9 INFO neutron.wsgi [req-ab65e6fe-8197-4cf2-a3eb-47b7b3c138cb req-11d6ce91-06fb-4fb9-8424-663679ca2adf c7d3d1026eeb456ea0f2b328b8daa236 d6b189a0a2bb4a408adc82ad633266d7 - - e7bad94844f54a33a625ce6fcb5d0448 e7bad94844f54a33a625ce6fcb5d0448] 199.204.45.229 "GET /v2.0/subnets?id=ca8cdcf0-49c9-4763-81c3-c7896bd6740c HTTP/1.1" status: 200 len: 853 time: 0.1227121
2026-07-08 10:12:42.211 9 INFO neutron.wsgi [req-ab65e6fe-8197-4cf2-a3eb-47b7b3c138cb req-1b3878b6-fca7-4bd6-8308-d1b1af15b54c c7d3d1026eeb456ea0f2b328b8daa236 d6b189a0a2bb4a408adc82ad633266d7 - - e7bad94844f54a33a625ce6fcb5d0448 e7bad94844f54a33a625ce6fcb5d0448] 199.204.45.229 "GET /v2.0/ports?network_id=cd38da83-dde4-4622-961a-616d0cf9f1a6&device_owner=network%3Adhcp HTTP/1.1" status: 200 len: 210 time: 0.0515804
2026-07-08 10:12:42.252 9 INFO neutron.db.ovn_revision_numbers_db [None req-0021ce1d-6c71-4121-864d-bdb80fce85df c50cfbec75d5453e8b5d6920bc12ca14 92119edb2e9248f58719b0187a6df727 - - default default] Successfully bumped revision number for resource a441a256-a467-4a4e-a199-f53856b01f92 (type: ports) to 1
2026-07-08 10:12:42.272 9 INFO neutron.wsgi [req-c613bfbb-abac-49c4-ae77-132779a1cb9c req-3e5eadbf-99ae-4d8f-b55a-82b7cc5acd1d 88d1145700d14b818ea92c0ac05da2bf 77ae231b9f6b407fa54a061993df2ead - - default default] 10.0.0.37 "GET /v2.0/ports?device_id=1c848ab6-6bf5-4701-a916-22f52e3e3aac HTTP/1.1" status: 200 len: 1156 time: 0.3288243
2026-07-08 10:12:42.286 8 INFO neutron.db.ovn_revision_numbers_db [None req-4d726275-e684-48c7-a817-a807aba5547d b610cc2a49fe478fa35d9dd725db193a e5328f774bd94d11ad0e73146d6aac8c - - default default] Successfully bumped revision number for resource 4b10bbd0-bc49-40bd-9245-1f12fb050fe6 (type: ports) to 1
2026-07-08 10:12:42.329 9 INFO neutron.db.ovn_revision_numbers_db [req-99de0f73-1c34-4d1c-a99e-a4ff258a0da5 req-6c44c590-dfc6-475c-ab75-f40440f84035 88d1145700d14b818ea92c0ac05da2bf 77ae231b9f6b407fa54a061993df2ead - - default default] Successfully bumped revision number for resource d825e6c3-0564-40a0-a5db-e517801fa32f (type: ports) to 1
2026-07-08 10:12:42.351 9 INFO neutron.wsgi [None req-0021ce1d-6c71-4121-864d-bdb80fce85df c50cfbec75d5453e8b5d6920bc12ca14 92119edb2e9248f58719b0187a6df727 - - default default] 10.0.0.45 "POST /v2.0/networks HTTP/1.1" status: 201 len: 831 time: 1.6392629
2026-07-08 10:12:42.358 9 INFO neutron.db.ovn_revision_numbers_db [None req-766bf85d-b69e-4cc9-8b7a-b1f60f779492 - - - - - -] Successfully bumped revision number for resource 69435d8b-90ce-417f-91ff-d402fe7c84f7 (type: ports) to 2
2026-07-08 10:12:42.418 9 INFO neutron.wsgi [req-ab65e6fe-8197-4cf2-a3eb-47b7b3c138cb req-7479ad4c-6e92-4b63-a40d-f90b8286c0ac c7d3d1026eeb456ea0f2b328b8daa236 d6b189a0a2bb4a408adc82ad633266d7 - - e7bad94844f54a33a625ce6fcb5d0448 e7bad94844f54a33a625ce6fcb5d0448] 199.204.45.229 "GET /v2.0/networks/cd38da83-dde4-4622-961a-616d0cf9f1a6?fields=segments HTTP/1.1" status: 200 len: 212 time: 0.2019327
2026-07-08 10:12:42.432 9 INFO neutron.wsgi [req-c613bfbb-abac-49c4-ae77-132779a1cb9c req-908ef3a9-0e9c-46a8-adef-d1074fbd6489 88d1145700d14b818ea92c0ac05da2bf 77ae231b9f6b407fa54a061993df2ead - - default default] 10.0.0.37 "GET /v2.0/security-groups?id=1dcd3861-b386-4255-82d5-87c9b1b53c45&fields=id&fields=name HTTP/1.1" status: 200 len: 312 time: 0.1495962
2026-07-08 10:12:42.447 9 INFO neutron.wsgi [req-99de0f73-1c34-4d1c-a99e-a4ff258a0da5 req-6c44c590-dfc6-475c-ab75-f40440f84035 88d1145700d14b818ea92c0ac05da2bf 77ae231b9f6b407fa54a061993df2ead - - default default] 199.204.45.229 "POST /v2.0/ports HTTP/1.1" status: 201 len: 1158 time: 1.7362809
2026-07-08 10:12:42.548 8 WARNING neutron.scheduler.dhcp_agent_scheduler [None req-4d726275-e684-48c7-a817-a807aba5547d b610cc2a49fe478fa35d9dd725db193a e5328f774bd94d11ad0e73146d6aac8c - - default default] No more DHCP agents
2026-07-08 10:12:42.549 8 WARNING neutron.api.rpc.agentnotifiers.dhcp_rpc_agent_api [None req-4d726275-e684-48c7-a817-a807aba5547d b610cc2a49fe478fa35d9dd725db193a e5328f774bd94d11ad0e73146d6aac8c - - default default] Unable to schedule network cf647f63-d8c4-4e54-a011-17100efdbdbe: no agents available; will retry on subsequent port and subnet creation events.
2026-07-08 10:12:42.617 9 INFO neutron.wsgi [req-ab65e6fe-8197-4cf2-a3eb-47b7b3c138cb req-974e3576-939b-43a4-9342-480c1702562e c7d3d1026eeb456ea0f2b328b8daa236 d6b189a0a2bb4a408adc82ad633266d7 - - e7bad94844f54a33a625ce6fcb5d0448 e7bad94844f54a33a625ce6fcb5d0448] 199.204.45.229 "GET /v2.0/networks/cd38da83-dde4-4622-961a-616d0cf9f1a6?fields=provider%3Aphysical_network&fields=provider%3Anetwork_type HTTP/1.1" status: 200 len: 277 time: 0.1749096
2026-07-08 10:12:42.751 8 INFO neutron.db.ovn_revision_numbers_db [None req-4d726275-e684-48c7-a817-a807aba5547d b610cc2a49fe478fa35d9dd725db193a e5328f774bd94d11ad0e73146d6aac8c - - default default] Successfully bumped revision number for resource 4b10bbd0-bc49-40bd-9245-1f12fb050fe6 (type: router_ports) to 1
2026-07-08 10:12:42.752 9 INFO neutron.db.ovn_revision_numbers_db [None req-766bf85d-b69e-4cc9-8b7a-b1f60f779492 - - - - - -] Successfully bumped revision number for resource 69435d8b-90ce-417f-91ff-d402fe7c84f7 (type: router_ports) to 2
2026-07-08 10:12:42.754 8 INFO neutron.wsgi [None req-4d726275-e684-48c7-a817-a807aba5547d b610cc2a49fe478fa35d9dd725db193a e5328f774bd94d11ad0e73146d6aac8c - - default default] 10.0.0.45 "PUT /v2.0/routers/3ae83264-17db-45b9-acbe-0d2a27883056/add_router_interface HTTP/1.1" status: 200 len: 503 time: 1.7962775
2026-07-08 10:12:42.852 8 INFO neutron.wsgi [None req-93f1732c-d42d-4804-a935-ba1a4a45a229 b610cc2a49fe478fa35d9dd725db193a e5328f774bd94d11ad0e73146d6aac8c - - default default] 10.0.0.45 "GET /v2.0/ports/4b10bbd0-bc49-40bd-9245-1f12fb050fe6 HTTP/1.1" status: 200 len: 1135 time: 0.0929861
2026-07-08 10:12:42.899 8 INFO neutron.wsgi [None req-6d2508e4-fea8-4908-b946-c10b5b88fc8a b610cc2a49fe478fa35d9dd725db193a e5328f774bd94d11ad0e73146d6aac8c - - default default] 10.0.0.45 "GET /v2.0/ports/4b10bbd0-bc49-40bd-9245-1f12fb050fe6 HTTP/1.1" status: 200 len: 1135 time: 0.0388043
2026-07-08 10:12:43.210 9 WARNING neutron.scheduler.dhcp_agent_scheduler [None req-d52ae9a8-2507-4f2b-897d-258f38c8ed95 c50cfbec75d5453e8b5d6920bc12ca14 92119edb2e9248f58719b0187a6df727 - - default default] No more DHCP agents
2026-07-08 10:12:43.221 9 WARNING neutron.api.rpc.agentnotifiers.dhcp_rpc_agent_api [None req-d52ae9a8-2507-4f2b-897d-258f38c8ed95 c50cfbec75d5453e8b5d6920bc12ca14 92119edb2e9248f58719b0187a6df727 - - default default] Unable to schedule network c893d764-8671-42fb-a678-8017a44220d7: no agents available; will retry on subsequent port and subnet creation events.
2026-07-08 10:12:43.401 9 INFO neutron.db.ovn_revision_numbers_db [None req-d52ae9a8-2507-4f2b-897d-258f38c8ed95 c50cfbec75d5453e8b5d6920bc12ca14 92119edb2e9248f58719b0187a6df727 - - default default] Successfully bumped revision number for resource b5f9aa94-723a-466a-aee4-8706a0b2c397 (type: ports) to 1
2026-07-08 10:12:43.434 9 INFO neutron.wsgi [None req-d52ae9a8-2507-4f2b-897d-258f38c8ed95 c50cfbec75d5453e8b5d6920bc12ca14 92119edb2e9248f58719b0187a6df727 - - default default] 10.0.0.45 "POST /v2.0/ports HTTP/1.1" status: 201 len: 942 time: 1.0654228
2026-07-08 10:12:43.537 8 INFO neutron.wsgi [req-6164f907-96f9-4f8d-935e-0ba62bab120b req-24ab6da2-9e33-4e69-b649-2015e688ef01 88d1145700d14b818ea92c0ac05da2bf 77ae231b9f6b407fa54a061993df2ead - - default default] 10.0.0.37 "GET /v2.0/ports?device_id=1c848ab6-6bf5-4701-a916-22f52e3e3aac HTTP/1.1" status: 200 len: 1168 time: 0.0397732
2026-07-08 10:12:43.551 9 INFO neutron.wsgi [None req-8ebfd2e2-7e26-45b4-a8b8-a7b9b4ae1913 8afa3d9816104616a7da2ebc37c5287c 0cfff56a6cb347389f73f8e9b6b0c280 - - default default] 10.0.0.45 "PUT /v2.0/routers/68dddc7f-dc4e-4652-a645-29d120989a88/remove_router_interface HTTP/1.1" status: 200 len: 503 time: 2.6470382 /var/lib/openstack/lib/python3.10/site-packages/pycadf/identifier.py:71: UserWarning: Invalid uuid: neutron. To ensure interoperability, identifiers should be a valid uuid. warnings.warn(('Invalid uuid: %s. To ensure interoperability, '
2026-07-08 10:12:43.563 9 INFO neutron.db.ovn_revision_numbers_db [req-99de0f73-1c34-4d1c-a99e-a4ff258a0da5 req-9d3b70a3-6722-4bfb-ac4d-a9a9cd691969 c7d3d1026eeb456ea0f2b328b8daa236 d6b189a0a2bb4a408adc82ad633266d7 - - e7bad94844f54a33a625ce6fcb5d0448 e7bad94844f54a33a625ce6fcb5d0448] Successfully bumped revision number for resource d825e6c3-0564-40a0-a5db-e517801fa32f (type: ports) to 2
2026-07-08 10:12:43.611 8 INFO neutron.wsgi [req-6164f907-96f9-4f8d-935e-0ba62bab120b req-e9d58621-c14e-4549-84e4-c75fd749bc8c 88d1145700d14b818ea92c0ac05da2bf 77ae231b9f6b407fa54a061993df2ead - - default default] 10.0.0.37 "GET /v2.0/security-groups?id=1dcd3861-b386-4255-82d5-87c9b1b53c45&fields=id&fields=name HTTP/1.1" status: 200 len: 312 time: 0.0638607
2026-07-08 10:12:43.691 8 INFO neutron.wsgi [None req-5bf3fe0c-caaf-4bf9-9d2e-8a247b8afc3b c50cfbec75d5453e8b5d6920bc12ca14 92119edb2e9248f58719b0187a6df727 - - default default] 10.0.0.45 "POST /v2.0/trunks HTTP/1.1" status: 201 len: 608 time: 0.2499616
2026-07-08 10:12:43.797 8 INFO neutron.db.segments_db [None req-1cf01cd8-2577-40fd-a496-83b5fd074a92 c50cfbec75d5453e8b5d6920bc12ca14 92119edb2e9248f58719b0187a6df727 - - default default] Added segment c8e0f823-908e-421e-97f1-475dd9270763 of type geneve for network 662ea04a-28d6-46ae-b5bc-0f50413138c9
2026-07-08 10:12:43.836 9 INFO neutron.db.ovn_revision_numbers_db [req-99de0f73-1c34-4d1c-a99e-a4ff258a0da5 req-9d3b70a3-6722-4bfb-ac4d-a9a9cd691969 c7d3d1026eeb456ea0f2b328b8daa236 d6b189a0a2bb4a408adc82ad633266d7 - - e7bad94844f54a33a625ce6fcb5d0448 e7bad94844f54a33a625ce6fcb5d0448] Successfully bumped revision number for resource d825e6c3-0564-40a0-a5db-e517801fa32f (type: ports) to 2
2026-07-08 10:12:43.863 9 INFO neutron.wsgi [req-99de0f73-1c34-4d1c-a99e-a4ff258a0da5 req-9d3b70a3-6722-4bfb-ac4d-a9a9cd691969 c7d3d1026eeb456ea0f2b328b8daa236 d6b189a0a2bb4a408adc82ad633266d7 - - e7bad94844f54a33a625ce6fcb5d0448 e7bad94844f54a33a625ce6fcb5d0448] 199.204.45.229 "PUT /v2.0/ports/d825e6c3-0564-40a0-a5db-e517801fa32f HTTP/1.1" status: 200 len: 1376 time: 1.4052348
2026-07-08 10:12:43.911 9 INFO neutron.notifiers.nova [-] Nova event matching ['req-99b0adfd-a725-4c14-a28c-c76c353c766d'] response: {'name': 'network-changed', 'server_uuid': '1c848ab6-6bf5-4701-a916-22f52e3e3aac', 'tag': 'd825e6c3-0564-40a0-a5db-e517801fa32f', 'status': 'completed', 'code': 200} /var/lib/openstack/lib/python3.10/site-packages/pycadf/identifier.py:71: UserWarning: Invalid uuid: neutron. To ensure interoperability, identifiers should be a valid uuid. warnings.warn(('Invalid uuid: %s. To ensure interoperability, '
2026-07-08 10:12:43.948 9 INFO neutron.wsgi [req-99de0f73-1c34-4d1c-a99e-a4ff258a0da5 req-923f2b47-1674-400d-bce4-c4b97a26ed5d c7d3d1026eeb456ea0f2b328b8daa236 d6b189a0a2bb4a408adc82ad633266d7 - - e7bad94844f54a33a625ce6fcb5d0448 e7bad94844f54a33a625ce6fcb5d0448] 199.204.45.229 "GET /v2.0/ports?tenant_id=77ae231b9f6b407fa54a061993df2ead&device_id=1c848ab6-6bf5-4701-a916-22f52e3e3aac HTTP/1.1" status: 200 len: 1407 time: 0.0379465
2026-07-08 10:12:43.966 8 INFO neutron.wsgi [None req-9dd330b5-912c-4202-a2d2-faaa25d6541b b610cc2a49fe478fa35d9dd725db193a e5328f774bd94d11ad0e73146d6aac8c - - default default] 10.0.0.45 "GET /v2.0/ports/4b10bbd0-bc49-40bd-9245-1f12fb050fe6 HTTP/1.1" status: 200 len: 1135 time: 0.0608313
2026-07-08 10:12:43.974 8 INFO neutron.db.ovn_revision_numbers_db [None req-1cf01cd8-2577-40fd-a496-83b5fd074a92 c50cfbec75d5453e8b5d6920bc12ca14 92119edb2e9248f58719b0187a6df727 - - default default] Successfully bumped revision number for resource 662ea04a-28d6-46ae-b5bc-0f50413138c9 (type: networks) to 1
2026-07-08 10:12:43.990 9 INFO neutron.wsgi [req-99de0f73-1c34-4d1c-a99e-a4ff258a0da5 req-cee4012a-07cc-418d-8dfd-8243b55f6464 c7d3d1026eeb456ea0f2b328b8daa236 d6b189a0a2bb4a408adc82ad633266d7 - - e7bad94844f54a33a625ce6fcb5d0448 e7bad94844f54a33a625ce6fcb5d0448] 199.204.45.229 "GET /v2.0/floatingips?fixed_ip_address=10.100.0.3&port_id=d825e6c3-0564-40a0-a5db-e517801fa32f HTTP/1.1" status: 200 len: 217 time: 0.0333388
2026-07-08 10:12:44.035 9 INFO neutron.wsgi [req-99de0f73-1c34-4d1c-a99e-a4ff258a0da5 req-e115e1d9-e14f-482e-8ecd-88bf68fbb19e c7d3d1026eeb456ea0f2b328b8daa236 d6b189a0a2bb4a408adc82ad633266d7 - - e7bad94844f54a33a625ce6fcb5d0448 e7bad94844f54a33a625ce6fcb5d0448] 199.204.45.229 "GET /v2.0/subnets?id=ca8cdcf0-49c9-4763-81c3-c7896bd6740c HTTP/1.1" status: 200 len: 853 time: 0.0382729
2026-07-08 10:12:44.084 9 INFO neutron.wsgi [req-99de0f73-1c34-4d1c-a99e-a4ff258a0da5 req-b6603917-1b82-43ad-a22c-404b39367ef7 c7d3d1026eeb456ea0f2b328b8daa236 d6b189a0a2bb4a408adc82ad633266d7 - - e7bad94844f54a33a625ce6fcb5d0448 e7bad94844f54a33a625ce6fcb5d0448] 199.204.45.229 "GET /v2.0/ports?network_id=cd38da83-dde4-4622-961a-616d0cf9f1a6&device_owner=network%3Adhcp HTTP/1.1" status: 200 len: 210 time: 0.0392773
2026-07-08 10:12:44.165 9 INFO neutron.wsgi [req-99de0f73-1c34-4d1c-a99e-a4ff258a0da5 req-bbb21f12-fc1c-4247-a5c2-614e3d158c3c c7d3d1026eeb456ea0f2b328b8daa236 d6b189a0a2bb4a408adc82ad633266d7 - - e7bad94844f54a33a625ce6fcb5d0448 e7bad94844f54a33a625ce6fcb5d0448] 199.204.45.229 "GET /v2.0/networks/cd38da83-dde4-4622-961a-616d0cf9f1a6?fields=segments HTTP/1.1" status: 200 len: 212 time: 0.0710618
2026-07-08 10:12:44.182 8 WARNING neutron.scheduler.dhcp_agent_scheduler [None req-1cf01cd8-2577-40fd-a496-83b5fd074a92 c50cfbec75d5453e8b5d6920bc12ca14 92119edb2e9248f58719b0187a6df727 - - default default] No more DHCP agents
2026-07-08 10:12:44.185 8 WARNING neutron.api.rpc.agentnotifiers.dhcp_rpc_agent_api [None req-1cf01cd8-2577-40fd-a496-83b5fd074a92 c50cfbec75d5453e8b5d6920bc12ca14 92119edb2e9248f58719b0187a6df727 - - default default] Unable to schedule network 662ea04a-28d6-46ae-b5bc-0f50413138c9: no agents available; will retry on subsequent port and subnet creation events.
2026-07-08 10:12:44.250 8 INFO neutron.db.ovn_revision_numbers_db [None req-1cf01cd8-2577-40fd-a496-83b5fd074a92 c50cfbec75d5453e8b5d6920bc12ca14 92119edb2e9248f58719b0187a6df727 - - default default] Successfully bumped revision number for resource 2f72c3d3-7657-40f0-ab52-e46db7771c33 (type: ports) to 1
2026-07-08 10:12:44.270 9 INFO neutron.wsgi [req-99de0f73-1c34-4d1c-a99e-a4ff258a0da5 req-8551305d-a181-4358-adc9-e8c841da50fc c7d3d1026eeb456ea0f2b328b8daa236 d6b189a0a2bb4a408adc82ad633266d7 - - e7bad94844f54a33a625ce6fcb5d0448 e7bad94844f54a33a625ce6fcb5d0448] 199.204.45.229 "GET /v2.0/networks/cd38da83-dde4-4622-961a-616d0cf9f1a6?fields=provider%3Aphysical_network&fields=provider%3Anetwork_type HTTP/1.1" status: 200 len: 277 time: 0.0973063
2026-07-08 10:12:44.276 8 INFO neutron.wsgi [None req-1cf01cd8-2577-40fd-a496-83b5fd074a92 c50cfbec75d5453e8b5d6920bc12ca14 92119edb2e9248f58719b0187a6df727 - - default default] 10.0.0.45 "POST /v2.0/networks HTTP/1.1" status: 201 len: 830 time: 0.5796924
2026-07-08 10:12:44.278 9 INFO neutron.wsgi [None req-a4eddfa5-d4ad-4219-98e9-8348c616f14c 8afa3d9816104616a7da2ebc37c5287c 0cfff56a6cb347389f73f8e9b6b0c280 - - default default] 10.0.0.45 "DELETE /v2.0/routers/68dddc7f-dc4e-4652-a645-29d120989a88 HTTP/1.1" status: 204 len: 168 time: 0.7214291
2026-07-08 10:12:44.338 9 INFO neutron.wsgi [req-f4e550b5-ba76-48c0-94d5-477cca7aac21 req-4e2c54c6-0c3e-4a9f-a736-43cbdf5d0626 c7d3d1026eeb456ea0f2b328b8daa236 d6b189a0a2bb4a408adc82ad633266d7 - - e7bad94844f54a33a625ce6fcb5d0448 e7bad94844f54a33a625ce6fcb5d0448] 199.204.45.229 "GET /v2.0/ports?tenant_id=77ae231b9f6b407fa54a061993df2ead&device_id=1c848ab6-6bf5-4701-a916-22f52e3e3aac HTTP/1.1" status: 200 len: 1407 time: 0.0353141
2026-07-08 10:12:44.442 9 INFO neutron.wsgi [req-f4e550b5-ba76-48c0-94d5-477cca7aac21 req-ab780ce1-e796-4b68-b99d-a377183bd3fb c7d3d1026eeb456ea0f2b328b8daa236 d6b189a0a2bb4a408adc82ad633266d7 - - e7bad94844f54a33a625ce6fcb5d0448 e7bad94844f54a33a625ce6fcb5d0448] 199.204.45.229 "GET /v2.0/networks?id=cd38da83-dde4-4622-961a-616d0cf9f1a6 HTTP/1.1" status: 200 len: 957 time: 0.0928388
2026-07-08 10:12:44.455 8 INFO neutron.plugins.ml2.drivers.ovn.mech_driver.mech_driver [None req-a78afbcb-61fb-4c12-86e0-42b1cab5a2e9 - - - - - -] OVN reports status up for port: d825e6c3-0564-40a0-a5db-e517801fa32f
2026-07-08 10:12:44.476 9 INFO neutron.wsgi [req-f4e550b5-ba76-48c0-94d5-477cca7aac21 req-4f04046a-dd93-4882-83e0-c58300cb69f0 c7d3d1026eeb456ea0f2b328b8daa236 d6b189a0a2bb4a408adc82ad633266d7 - - e7bad94844f54a33a625ce6fcb5d0448 e7bad94844f54a33a625ce6fcb5d0448] 199.204.45.229 "GET /v2.0/floatingips?fixed_ip_address=10.100.0.3&port_id=d825e6c3-0564-40a0-a5db-e517801fa32f HTTP/1.1" status: 200 len: 217 time: 0.0194044
2026-07-08 10:12:44.477 8 INFO neutron.plugins.ml2.plugin [None req-a78afbcb-61fb-4c12-86e0-42b1cab5a2e9 - - - - - -] Attempt 1 to provision port d825e6c3-0564-40a0-a5db-e517801fa32f
2026-07-08 10:12:44.514 9 INFO neutron.wsgi [req-f4e550b5-ba76-48c0-94d5-477cca7aac21 req-b095451e-b32c-4ee3-b219-bc9242a98061 c7d3d1026eeb456ea0f2b328b8daa236 d6b189a0a2bb4a408adc82ad633266d7 - - e7bad94844f54a33a625ce6fcb5d0448 e7bad94844f54a33a625ce6fcb5d0448] 199.204.45.229 "GET /v2.0/subnets?id=ca8cdcf0-49c9-4763-81c3-c7896bd6740c HTTP/1.1" status: 200 len: 853 time: 0.0308225
2026-07-08 10:12:44.533 9 INFO neutron.wsgi [None req-9684242c-341b-4245-bca8-a79aa6fa873b 8afa3d9816104616a7da2ebc37c5287c 0cfff56a6cb347389f73f8e9b6b0c280 - - default default] 10.0.0.45 "DELETE /v2.0/subnets/a3de7d0a-5b21-40cf-87e5-c08f24275c13 HTTP/1.1" status: 204 len: 168 time: 0.2517362 /var/lib/openstack/lib/python3.10/site-packages/pycadf/identifier.py:71: UserWarning: Invalid uuid: neutron. To ensure interoperability, identifiers should be a valid uuid. warnings.warn(('Invalid uuid: %s. To ensure interoperability, '
2026-07-08 10:12:44.549 9 INFO neutron.wsgi [req-f4e550b5-ba76-48c0-94d5-477cca7aac21 req-9bb78dc4-341a-4206-86b4-18c0fd05a4d6 c7d3d1026eeb456ea0f2b328b8daa236 d6b189a0a2bb4a408adc82ad633266d7 - - e7bad94844f54a33a625ce6fcb5d0448 e7bad94844f54a33a625ce6fcb5d0448] 199.204.45.229 "GET /v2.0/ports?network_id=cd38da83-dde4-4622-961a-616d0cf9f1a6&device_owner=network%3Adhcp HTTP/1.1" status: 200 len: 210 time: 0.0187461
2026-07-08 10:12:44.612 9 INFO neutron.wsgi [req-f4e550b5-ba76-48c0-94d5-477cca7aac21 req-34302d7f-c7d0-401c-b73c-504e0d3a3340 c7d3d1026eeb456ea0f2b328b8daa236 d6b189a0a2bb4a408adc82ad633266d7 - - e7bad94844f54a33a625ce6fcb5d0448 e7bad94844f54a33a625ce6fcb5d0448] 199.204.45.229 "GET /v2.0/networks/cd38da83-dde4-4622-961a-616d0cf9f1a6?fields=segments HTTP/1.1" status: 200 len: 212 time: 0.0549974
2026-07-08 10:12:44.615 8 WARNING neutron.scheduler.dhcp_agent_scheduler [None req-68aadb72-28e2-4145-bd7e-223d5130d86c c50cfbec75d5453e8b5d6920bc12ca14 92119edb2e9248f58719b0187a6df727 - - default default] No more DHCP agents
2026-07-08 10:12:44.624 8 WARNING neutron.api.rpc.agentnotifiers.dhcp_rpc_agent_api [None req-68aadb72-28e2-4145-bd7e-223d5130d86c c50cfbec75d5453e8b5d6920bc12ca14 92119edb2e9248f58719b0187a6df727 - - default default] Unable to schedule network 662ea04a-28d6-46ae-b5bc-0f50413138c9: no agents available; will retry on subsequent port and subnet creation events.
2026-07-08 10:12:44.680 8 INFO neutron.notifiers.nova [-] Nova event matching ['req-3599ea88-8df7-4441-b08e-74539d602190'] response: {'server_uuid': '1c848ab6-6bf5-4701-a916-22f52e3e3aac', 'name': 'network-vif-plugged', 'status': 'completed', 'tag': 'd825e6c3-0564-40a0-a5db-e517801fa32f', 'code': 200}
2026-07-08 10:12:44.702 9 INFO neutron.wsgi [req-f4e550b5-ba76-48c0-94d5-477cca7aac21 req-05c7ae34-805f-4d55-b1b3-346794e58294 c7d3d1026eeb456ea0f2b328b8daa236 d6b189a0a2bb4a408adc82ad633266d7 - - e7bad94844f54a33a625ce6fcb5d0448 e7bad94844f54a33a625ce6fcb5d0448] 199.204.45.229 "GET /v2.0/networks/cd38da83-dde4-4622-961a-616d0cf9f1a6?fields=provider%3Aphysical_network&fields=provider%3Anetwork_type HTTP/1.1" status: 200 len: 277 time: 0.0835938
2026-07-08 10:12:44.727 9 INFO neutron.wsgi [req-779cf6f0-a5c9-4eb3-b799-95ee3364bdaf req-90bcf7c1-2cb1-4809-9459-f1989d4910bf 88d1145700d14b818ea92c0ac05da2bf 77ae231b9f6b407fa54a061993df2ead - - default default] 10.0.0.37 "GET /v2.0/ports?device_id=1c848ab6-6bf5-4701-a916-22f52e3e3aac HTTP/1.1" status: 200 len: 1170 time: 0.0518992
2026-07-08 10:12:44.788 9 INFO neutron.wsgi [req-779cf6f0-a5c9-4eb3-b799-95ee3364bdaf req-1c655739-9b7a-414f-b135-15576b40a2df 88d1145700d14b818ea92c0ac05da2bf 77ae231b9f6b407fa54a061993df2ead - - default default] 10.0.0.37 "GET /v2.0/security-groups?id=1dcd3861-b386-4255-82d5-87c9b1b53c45&fields=id&fields=name HTTP/1.1" status: 200 len: 312 time: 0.0547078
2026-07-08 10:12:44.802 8 INFO neutron.db.ovn_revision_numbers_db [None req-68aadb72-28e2-4145-bd7e-223d5130d86c c50cfbec75d5453e8b5d6920bc12ca14 92119edb2e9248f58719b0187a6df727 - - default default] Successfully bumped revision number for resource 144b1ac0-23a6-4869-9fe0-7b4fc859fa89 (type: ports) to 1
2026-07-08 10:12:44.850 8 INFO neutron.wsgi [None req-68aadb72-28e2-4145-bd7e-223d5130d86c c50cfbec75d5453e8b5d6920bc12ca14 92119edb2e9248f58719b0187a6df727 - - default default] 10.0.0.45 "POST /v2.0/ports HTTP/1.1" status: 201 len: 942 time: 0.5686438
2026-07-08 10:12:44.911 8 INFO neutron.db.ovn_revision_numbers_db [None req-a78afbcb-61fb-4c12-86e0-42b1cab5a2e9 - - - - - -] Successfully bumped revision number for resource d825e6c3-0564-40a0-a5db-e517801fa32f (type: ports) to 4
2026-07-08 10:12:45.061 8 INFO neutron.services.segments.plugin [-] Segment dea451a4-78ae-48ec-bfa7-2947d53aab3f resource provider aggregate not found
2026-07-08 10:12:45.067 8 INFO neutron.services.segments.plugin [-] Segment dea451a4-78ae-48ec-bfa7-2947d53aab3f resource provider aggregate not found
2026-07-08 10:12:45.088 8 INFO neutron.services.segments.plugin [-] Segment dea451a4-78ae-48ec-bfa7-2947d53aab3f resource provider not found; error: Placement Client Error (4xx): {"errors": [{"status": 404, "title": "Not Found", "detail": "The resource could not be found.\n\n No resource provider with uuid dea451a4-78ae-48ec-bfa7-2947d53aab3f found for delete ", "request_id": "req-eca2e9a2-1b06-484f-a68a-f7646bb4224d"}]}
2026-07-08 10:12:45.094 8 INFO neutron.services.segments.plugin [-] Segment dea451a4-78ae-48ec-bfa7-2947d53aab3f resource provider not found; error: Placement Client Error (4xx): {"errors": [{"status": 404, "title": "Not Found", "detail": "The resource could not be found.\n\n No resource provider with uuid dea451a4-78ae-48ec-bfa7-2947d53aab3f found for delete ", "request_id": "req-1db8bc53-b2e9-4a5f-957e-37d44cbf7a8f"}]}
2026-07-08 10:12:45.113 8 INFO neutron.wsgi [None req-f94bdcf0-4654-4410-bdae-c1b633373bea 8afa3d9816104616a7da2ebc37c5287c 0cfff56a6cb347389f73f8e9b6b0c280 - - default default] 10.0.0.45 "DELETE /v2.0/networks/c17a7bcf-c24c-4c3a-9fcb-dadff0dff71a HTTP/1.1" status: 204 len: 168 time: 0.5712047
2026-07-08 10:12:45.118 9 INFO neutron.wsgi [None req-1e07696a-1ce5-4550-81ca-4058d7626ae5 b610cc2a49fe478fa35d9dd725db193a e5328f774bd94d11ad0e73146d6aac8c - - default default] 10.0.0.45 "GET /v2.0/ports/4b10bbd0-bc49-40bd-9245-1f12fb050fe6 HTTP/1.1" status: 200 len: 1135 time: 0.1469982
2026-07-08 10:12:45.160 9 INFO neutron.wsgi [None req-f69a133d-4fe7-427d-a1dc-18a2c3ef5307 c50cfbec75d5453e8b5d6920bc12ca14 92119edb2e9248f58719b0187a6df727 - - default default] 10.0.0.45 "POST /v2.0/trunks HTTP/1.1" status: 201 len: 608 time: 0.3056703 /var/lib/openstack/lib/python3.10/site-packages/pycadf/identifier.py:71: UserWarning: Invalid uuid: neutron. To ensure interoperability, identifiers should be a valid uuid. warnings.warn(('Invalid uuid: %s. To ensure interoperability, '
2026-07-08 10:12:45.253 8 INFO neutron.db.segments_db [None req-9447425e-9569-4b65-838b-e24b31bd2de5 c50cfbec75d5453e8b5d6920bc12ca14 92119edb2e9248f58719b0187a6df727 - - default default] Added segment ce5b663d-7f51-4781-b5c5-dab3671c60b3 of type geneve for network 29465b4b-9956-42f2-97f7-085544f0a758
2026-07-08 10:12:45.413 8 INFO neutron.db.ovn_revision_numbers_db [None req-9447425e-9569-4b65-838b-e24b31bd2de5 c50cfbec75d5453e8b5d6920bc12ca14 92119edb2e9248f58719b0187a6df727 - - default default] Successfully bumped revision number for resource 29465b4b-9956-42f2-97f7-085544f0a758 (type: networks) to 1
2026-07-08 10:12:45.594 8 WARNING neutron.scheduler.dhcp_agent_scheduler [None req-9447425e-9569-4b65-838b-e24b31bd2de5 c50cfbec75d5453e8b5d6920bc12ca14 92119edb2e9248f58719b0187a6df727 - - default default] No more DHCP agents
2026-07-08 10:12:45.597 8 WARNING neutron.api.rpc.agentnotifiers.dhcp_rpc_agent_api [None req-9447425e-9569-4b65-838b-e24b31bd2de5 c50cfbec75d5453e8b5d6920bc12ca14 92119edb2e9248f58719b0187a6df727 - - default default] Unable to schedule network 29465b4b-9956-42f2-97f7-085544f0a758: no agents available; will retry on subsequent port and subnet creation events.
2026-07-08 10:12:45.708 8 INFO neutron.db.ovn_revision_numbers_db [None req-9447425e-9569-4b65-838b-e24b31bd2de5 c50cfbec75d5453e8b5d6920bc12ca14 92119edb2e9248f58719b0187a6df727 - - default default] Successfully bumped revision number for resource 907f7f21-d0ce-4b12-b75a-d5786b66210b (type: ports) to 1
2026-07-08 10:12:45.730 8 INFO neutron.wsgi [None req-9447425e-9569-4b65-838b-e24b31bd2de5 c50cfbec75d5453e8b5d6920bc12ca14 92119edb2e9248f58719b0187a6df727 - - default default] 10.0.0.45 "POST /v2.0/networks HTTP/1.1" status: 201 len: 831 time: 0.5637908
2026-07-08 10:12:45.853 9 INFO neutron.wsgi [None req-04019b0a-382e-4fce-a8dd-efa0d127bae8 90ece6a6d36b47bf8bf4b65df55d05b5 d6921d8714ba4d1291a31d290a15353b - - default default] 10.0.0.45 "GET /v2.0/security-groups?tenant_id=0cfff56a6cb347389f73f8e9b6b0c280&name=default HTTP/1.1" status: 200 len: 2996 time: 0.1431963
2026-07-08 10:12:45.976 8 INFO neutron.wsgi [req-3f9e4030-e184-43e6-8271-98fcfd484c9e req-8cd240db-d9ce-482b-8a11-752afcdd0821 88d1145700d14b818ea92c0ac05da2bf 77ae231b9f6b407fa54a061993df2ead - - default default] 10.0.0.37 "GET /v2.0/ports?device_id=1c848ab6-6bf5-4701-a916-22f52e3e3aac HTTP/1.1" status: 200 len: 1170 time: 0.1227429
2026-07-08 10:12:46.039 8 INFO neutron.wsgi [req-3f9e4030-e184-43e6-8271-98fcfd484c9e req-53102dd6-72b7-4ee2-80bd-58eaaeff6288 88d1145700d14b818ea92c0ac05da2bf 77ae231b9f6b407fa54a061993df2ead - - default default] 10.0.0.37 "GET /v2.0/security-groups?id=1dcd3861-b386-4255-82d5-87c9b1b53c45&fields=id&fields=name HTTP/1.1" status: 200 len: 312 time: 0.0578699
2026-07-08 10:12:46.048 8 WARNING neutron.scheduler.dhcp_agent_scheduler [None req-9a9c0bd4-b002-42a0-b867-c0e560f7b910 c50cfbec75d5453e8b5d6920bc12ca14 92119edb2e9248f58719b0187a6df727 - - default default] No more DHCP agents
2026-07-08 10:12:46.053 8 WARNING neutron.api.rpc.agentnotifiers.dhcp_rpc_agent_api [None req-9a9c0bd4-b002-42a0-b867-c0e560f7b910 c50cfbec75d5453e8b5d6920bc12ca14 92119edb2e9248f58719b0187a6df727 - - default default] Unable to schedule network 29465b4b-9956-42f2-97f7-085544f0a758: no agents available; will retry on subsequent port and subnet creation events.
2026-07-08 10:12:46.067 9 INFO neutron.wsgi [None req-01010548-386c-40ab-86a0-129da210d5b6 90ece6a6d36b47bf8bf4b65df55d05b5 d6921d8714ba4d1291a31d290a15353b - - default default] 10.0.0.45 "DELETE /v2.0/security-groups/0b681856-6157-4fba-849a-cda3e840facd HTTP/1.1" status: 204 len: 168 time: 0.2082326
2026-07-08 10:12:46.186 8 INFO neutron.db.ovn_revision_numbers_db [None req-9a9c0bd4-b002-42a0-b867-c0e560f7b910 c50cfbec75d5453e8b5d6920bc12ca14 92119edb2e9248f58719b0187a6df727 - - default default] Successfully bumped revision number for resource 0d87f2a1-afea-449d-a847-cb2c05909504 (type: ports) to 1
2026-07-08 10:12:46.234 8 INFO neutron.wsgi [None req-9a9c0bd4-b002-42a0-b867-c0e560f7b910 c50cfbec75d5453e8b5d6920bc12ca14 92119edb2e9248f58719b0187a6df727 - - default default] 10.0.0.45 "POST /v2.0/ports HTTP/1.1" status: 201 len: 942 time: 0.4998093
2026-07-08 10:12:46.240 9 INFO neutron.wsgi [None req-fcbddf14-abb2-451d-a6e5-e37e7392ce1f b610cc2a49fe478fa35d9dd725db193a e5328f774bd94d11ad0e73146d6aac8c - - default default] 10.0.0.45 "GET /v2.0/ports/4b10bbd0-bc49-40bd-9245-1f12fb050fe6 HTTP/1.1" status: 200 len: 1135 time: 0.1104918
2026-07-08 10:12:46.248 9 INFO neutron.wsgi [req-d031a11d-1631-4ff6-94c6-8a2e939f11b7 req-ca5d4e95-69eb-46c6-925f-b512c1d06091 88d1145700d14b818ea92c0ac05da2bf 77ae231b9f6b407fa54a061993df2ead - - default default] 10.0.0.37 "GET /v2.0/ports?device_id=1c848ab6-6bf5-4701-a916-22f52e3e3aac HTTP/1.1" status: 200 len: 1170 time: 0.0779467 /var/lib/openstack/lib/python3.10/site-packages/pycadf/identifier.py:71: UserWarning: Invalid uuid: neutron. To ensure interoperability, identifiers should be a valid uuid. warnings.warn(('Invalid uuid: %s. To ensure interoperability, '
2026-07-08 10:12:46.331 9 INFO neutron.wsgi [req-d031a11d-1631-4ff6-94c6-8a2e939f11b7 req-08a4b0be-94a6-4dfd-a29f-ef3e5570c03e 88d1145700d14b818ea92c0ac05da2bf 77ae231b9f6b407fa54a061993df2ead - - default default] 10.0.0.37 "GET /v2.0/security-groups?id=1dcd3861-b386-4255-82d5-87c9b1b53c45&fields=id&fields=name HTTP/1.1" status: 200 len: 312 time: 0.0707839
2026-07-08 10:12:46.406 9 INFO neutron.wsgi [None req-6f49ab95-e893-4f1b-8b7a-6ebb0a9e9032 6e157e4cb49a455eaf546ebef3e1d5ec 5b055f0cf8264f5881168e6886ece05a - - default default] 10.0.0.45 "GET /v2.0/ports?device_id=1c848ab6-6bf5-4701-a916-22f52e3e3aac HTTP/1.1" status: 200 len: 1404 time: 0.0411136
2026-07-08 10:12:46.509 8 INFO neutron.wsgi [None req-ed858fb9-c87f-4a2d-860b-aa614e69c5ba c50cfbec75d5453e8b5d6920bc12ca14 92119edb2e9248f58719b0187a6df727 - - default default] 10.0.0.45 "POST /v2.0/trunks HTTP/1.1" status: 201 len: 608 time: 0.2648456
2026-07-08 10:12:46.628 9 INFO neutron.db.segments_db [None req-31888ce4-e72c-46e0-a5a7-f2c1cea9fd69 c50cfbec75d5453e8b5d6920bc12ca14 92119edb2e9248f58719b0187a6df727 - - default default] Added segment 9c73cb84-b353-4b04-8612-eba1b354bae5 of type geneve for network 67f81c9c-d00a-450d-b504-cf597e8c0994
2026-07-08 10:12:46.645 9 INFO neutron.db.l3_db [None req-daadb7a1-cb5e-4396-8356-a293bf48668b 88d1145700d14b818ea92c0ac05da2bf 77ae231b9f6b407fa54a061993df2ead - - default default] Floating IP f8402e3a-f9f2-4d79-9fd9-b1e01e5bb480 associated. External IP: 10.96.250.211, port: d825e6c3-0564-40a0-a5db-e517801fa32f.
2026-07-08 10:12:46.714 8 INFO neutron.notifiers.nova [-] Nova event matching ['req-593303b1-ad99-4e6a-8144-7353f03f206a'] response: {'server_uuid': '1c848ab6-6bf5-4701-a916-22f52e3e3aac', 'name': 'network-vif-plugged', 'status': 'completed', 'tag': 'd825e6c3-0564-40a0-a5db-e517801fa32f', 'code': 200}
2026-07-08 10:12:47.095 9 INFO neutron.db.ovn_revision_numbers_db [None req-31888ce4-e72c-46e0-a5a7-f2c1cea9fd69 c50cfbec75d5453e8b5d6920bc12ca14 92119edb2e9248f58719b0187a6df727 - - default default] Successfully bumped revision number for resource 67f81c9c-d00a-450d-b504-cf597e8c0994 (type: networks) to 1
2026-07-08 10:12:47.213 9 INFO neutron.db.ovn_revision_numbers_db [None req-daadb7a1-cb5e-4396-8356-a293bf48668b 88d1145700d14b818ea92c0ac05da2bf 77ae231b9f6b407fa54a061993df2ead - - default default] Successfully bumped revision number for resource f8402e3a-f9f2-4d79-9fd9-b1e01e5bb480 (type: floatingips) to 4 /var/lib/openstack/lib/python3.10/site-packages/pycadf/identifier.py:71: UserWarning: Invalid uuid: neutron. To ensure interoperability, identifiers should be a valid uuid. warnings.warn(('Invalid uuid: %s. To ensure interoperability, '
2026-07-08 10:12:47.287 8 INFO neutron.wsgi [None req-dfa8f4f2-a6e0-412f-9b08-28e12e56d3ab b610cc2a49fe478fa35d9dd725db193a e5328f774bd94d11ad0e73146d6aac8c - - default default] 10.0.0.45 "GET /v2.0/ports/4b10bbd0-bc49-40bd-9245-1f12fb050fe6 HTTP/1.1" status: 200 len: 1135 time: 0.0403233
2026-07-08 10:12:47.373 9 WARNING neutron.scheduler.dhcp_agent_scheduler [None req-31888ce4-e72c-46e0-a5a7-f2c1cea9fd69 c50cfbec75d5453e8b5d6920bc12ca14 92119edb2e9248f58719b0187a6df727 - - default default] No more DHCP agents
2026-07-08 10:12:47.375 9 WARNING neutron.api.rpc.agentnotifiers.dhcp_rpc_agent_api [None req-31888ce4-e72c-46e0-a5a7-f2c1cea9fd69 c50cfbec75d5453e8b5d6920bc12ca14 92119edb2e9248f58719b0187a6df727 - - default default] Unable to schedule network 67f81c9c-d00a-450d-b504-cf597e8c0994: no agents available; will retry on subsequent port and subnet creation events.
2026-07-08 10:12:47.383 9 INFO neutron.db.ovn_revision_numbers_db [None req-daadb7a1-cb5e-4396-8356-a293bf48668b 88d1145700d14b818ea92c0ac05da2bf 77ae231b9f6b407fa54a061993df2ead - - default default] Successfully bumped revision number for resource f8402e3a-f9f2-4d79-9fd9-b1e01e5bb480 (type: floatingips) to 5
2026-07-08 10:12:47.417 9 INFO neutron.wsgi [None req-daadb7a1-cb5e-4396-8356-a293bf48668b 88d1145700d14b818ea92c0ac05da2bf 77ae231b9f6b407fa54a061993df2ead - - default default] 10.0.0.45 "PUT /v2.0/floatingips/f8402e3a-f9f2-4d79-9fd9-b1e01e5bb480 HTTP/1.1" status: 200 len: 1049 time: 1.0052328
2026-07-08 10:12:47.461 9 INFO neutron.notifiers.nova [-] Nova event matching ['req-6eef4056-591e-49ee-b022-9a94477b5132'] response: {'name': 'network-changed', 'server_uuid': '1c848ab6-6bf5-4701-a916-22f52e3e3aac', 'tag': 'd825e6c3-0564-40a0-a5db-e517801fa32f', 'status': 'completed', 'code': 200}
2026-07-08 10:12:47.475 8 INFO neutron.wsgi [None req-8e15cdc3-cf81-4b95-b2b5-7537fcd6733c 88d1145700d14b818ea92c0ac05da2bf 77ae231b9f6b407fa54a061993df2ead - - default default] 10.0.0.45 "GET /v2.0/floatingips/f8402e3a-f9f2-4d79-9fd9-b1e01e5bb480 HTTP/1.1" status: 200 len: 1051 time: 0.0522952
2026-07-08 10:12:47.506 9 INFO neutron.db.ovn_revision_numbers_db [None req-31888ce4-e72c-46e0-a5a7-f2c1cea9fd69 c50cfbec75d5453e8b5d6920bc12ca14 92119edb2e9248f58719b0187a6df727 - - default default] Successfully bumped revision number for resource 53d3d0e4-8586-4161-8597-4d9bb5580bc1 (type: ports) to 1
2026-07-08 10:12:47.509 9 INFO neutron.wsgi [req-9a3e0b1d-748e-4016-b3ec-93181ac4ad8b req-fcf7bb07-4e5a-407a-b3b8-cfe2a355c5c4 c7d3d1026eeb456ea0f2b328b8daa236 d6b189a0a2bb4a408adc82ad633266d7 - - e7bad94844f54a33a625ce6fcb5d0448 e7bad94844f54a33a625ce6fcb5d0448] 199.204.45.229 "GET /v2.0/ports?tenant_id=77ae231b9f6b407fa54a061993df2ead&device_id=1c848ab6-6bf5-4701-a916-22f52e3e3aac HTTP/1.1" status: 200 len: 1409 time: 0.0332835
2026-07-08 10:12:47.540 9 INFO neutron.wsgi [None req-31888ce4-e72c-46e0-a5a7-f2c1cea9fd69 c50cfbec75d5453e8b5d6920bc12ca14 92119edb2e9248f58719b0187a6df727 - - default default] 10.0.0.45 "POST /v2.0/networks HTTP/1.1" status: 201 len: 831 time: 1.0260901
2026-07-08 10:12:47.578 9 INFO neutron.wsgi [req-9a3e0b1d-748e-4016-b3ec-93181ac4ad8b req-dfe60f76-8845-4d7e-a957-7ce6d42f61fd c7d3d1026eeb456ea0f2b328b8daa236 d6b189a0a2bb4a408adc82ad633266d7 - - e7bad94844f54a33a625ce6fcb5d0448 e7bad94844f54a33a625ce6fcb5d0448] 199.204.45.229 "GET /v2.0/networks?id=cd38da83-dde4-4622-961a-616d0cf9f1a6 HTTP/1.1" status: 200 len: 957 time: 0.0623920
2026-07-08 10:12:47.644 9 INFO neutron.wsgi [req-9a3e0b1d-748e-4016-b3ec-93181ac4ad8b req-154e5b39-1c72-41c9-979c-d640f7e77ff9 c7d3d1026eeb456ea0f2b328b8daa236 d6b189a0a2bb4a408adc82ad633266d7 - - e7bad94844f54a33a625ce6fcb5d0448 e7bad94844f54a33a625ce6fcb5d0448] 199.204.45.229 "GET /v2.0/floatingips?fixed_ip_address=10.100.0.3&port_id=d825e6c3-0564-40a0-a5db-e517801fa32f HTTP/1.1" status: 200 len: 1059 time: 0.0565555
2026-07-08 10:12:47.688 9 INFO neutron.wsgi [req-9a3e0b1d-748e-4016-b3ec-93181ac4ad8b req-d09669e2-9577-4a86-9e20-ff505a3e7531 c7d3d1026eeb456ea0f2b328b8daa236 d6b189a0a2bb4a408adc82ad633266d7 - - e7bad94844f54a33a625ce6fcb5d0448 e7bad94844f54a33a625ce6fcb5d0448] 199.204.45.229 "GET /v2.0/subnets?id=ca8cdcf0-49c9-4763-81c3-c7896bd6740c HTTP/1.1" status: 200 len: 853 time: 0.0381329
2026-07-08 10:12:47.724 9 INFO neutron.wsgi [req-9a3e0b1d-748e-4016-b3ec-93181ac4ad8b req-a4093fc1-c247-4d88-97e9-99323445fb4b c7d3d1026eeb456ea0f2b328b8daa236 d6b189a0a2bb4a408adc82ad633266d7 - - e7bad94844f54a33a625ce6fcb5d0448 e7bad94844f54a33a625ce6fcb5d0448] 199.204.45.229 "GET /v2.0/ports?network_id=cd38da83-dde4-4622-961a-616d0cf9f1a6&device_owner=network%3Adhcp HTTP/1.1" status: 200 len: 210 time: 0.0293899
2026-07-08 10:12:47.783 9 INFO neutron.wsgi [req-9a3e0b1d-748e-4016-b3ec-93181ac4ad8b req-898374f0-1ff3-40a0-9e70-8c5cc4153e4c c7d3d1026eeb456ea0f2b328b8daa236 d6b189a0a2bb4a408adc82ad633266d7 - - e7bad94844f54a33a625ce6fcb5d0448 e7bad94844f54a33a625ce6fcb5d0448] 199.204.45.229 "GET /v2.0/networks/cd38da83-dde4-4622-961a-616d0cf9f1a6?fields=segments HTTP/1.1" status: 200 len: 212 time: 0.0519493
2026-07-08 10:12:47.785 8 WARNING neutron.scheduler.dhcp_agent_scheduler [None req-1226463e-0ebd-4990-ae90-c2852edd1599 c50cfbec75d5453e8b5d6920bc12ca14 92119edb2e9248f58719b0187a6df727 - - default default] No more DHCP agents
2026-07-08 10:12:47.787 8 WARNING neutron.api.rpc.agentnotifiers.dhcp_rpc_agent_api [None req-1226463e-0ebd-4990-ae90-c2852edd1599 c50cfbec75d5453e8b5d6920bc12ca14 92119edb2e9248f58719b0187a6df727 - - default default] Unable to schedule network 67f81c9c-d00a-450d-b504-cf597e8c0994: no agents available; will retry on subsequent port and subnet creation events.
2026-07-08 10:12:47.854 9 INFO neutron.wsgi [req-9a3e0b1d-748e-4016-b3ec-93181ac4ad8b req-47b5147e-dd60-48da-8433-00473c78583e c7d3d1026eeb456ea0f2b328b8daa236 d6b189a0a2bb4a408adc82ad633266d7 - - e7bad94844f54a33a625ce6fcb5d0448 e7bad94844f54a33a625ce6fcb5d0448] 199.204.45.229 "GET /v2.0/networks/cd38da83-dde4-4622-961a-616d0cf9f1a6?fields=provider%3Aphysical_network&fields=provider%3Anetwork_type HTTP/1.1" status: 200 len: 277 time: 0.0662243
