2026-07-08 10:12:18.301 8 INFO neutron.wsgi [None req-c242d2ea-27d3-4ba5-816c-6226288af69f 90ece6a6d36b47bf8bf4b65df55d05b5 d6921d8714ba4d1291a31d290a15353b - - default default] 10.0.0.45 "DELETE /v2.0/security-groups/aa46f5eb-bb87-49e6-bdc7-ba2e0f396c76 HTTP/1.1" status: 204 len: 168 time: 0.3562808
2026-07-08 10:12:18.308 8 WARNING neutron.scheduler.dhcp_agent_scheduler [None req-8ff144d8-1b1c-4de5-9b03-ccd8b47b584d 08d01ca5cdc64813b55caf5a80514c10 daa2bb770383490993c28da9e11c945b - - default default] No more DHCP agents
2026-07-08 10:12:18.311 8 WARNING neutron.api.rpc.agentnotifiers.dhcp_rpc_agent_api [None req-8ff144d8-1b1c-4de5-9b03-ccd8b47b584d 08d01ca5cdc64813b55caf5a80514c10 daa2bb770383490993c28da9e11c945b - - default default] Unable to schedule network 2f1d9b12-bcf1-426f-99e7-cc25025a1592: no agents available; will retry on subsequent port and subnet creation events.
2026-07-08 10:12:18.407 8 INFO neutron.db.ovn_revision_numbers_db [None req-8ff144d8-1b1c-4de5-9b03-ccd8b47b584d 08d01ca5cdc64813b55caf5a80514c10 daa2bb770383490993c28da9e11c945b - - default default] Successfully bumped revision number for resource 1dc5fa96-8f6a-4043-95bc-f7102c2c1424 (type: ports) to 1
2026-07-08 10:12:18.428 8 INFO neutron.wsgi [None req-8ff144d8-1b1c-4de5-9b03-ccd8b47b584d 08d01ca5cdc64813b55caf5a80514c10 daa2bb770383490993c28da9e11c945b - - default default] 10.0.0.45 "POST /v2.0/ports HTTP/1.1" status: 201 len: 1162 time: 0.5984511 /var/lib/openstack/lib/python3.10/site-packages/pycadf/identifier.py:71: UserWarning: Invalid uuid: neutron. To ensure interoperability, identifiers should be a valid uuid. warnings.warn(('Invalid uuid: %s. To ensure interoperability, '
2026-07-08 10:12:18.578 9 INFO neutron.db.ovn_revision_numbers_db [None req-5a3f8984-c300-4f55-9dd6-7005284e0a8e 90ece6a6d36b47bf8bf4b65df55d05b5 d6921d8714ba4d1291a31d290a15353b - - default default] Successfully bumped revision number for resource 9def652c-a9ea-416e-8e59-96f2d2f03595 (type: security_groups) to 1
2026-07-08 10:12:18.597 9 INFO neutron.db.ovn_revision_numbers_db [None req-5a3f8984-c300-4f55-9dd6-7005284e0a8e 90ece6a6d36b47bf8bf4b65df55d05b5 d6921d8714ba4d1291a31d290a15353b - - default default] Successfully bumped revision number for resource 4df4198a-082d-441f-beee-f5d650cf04e8 (type: security_group_rules) to 0
2026-07-08 10:12:18.626 9 INFO neutron.db.ovn_revision_numbers_db [None req-5a3f8984-c300-4f55-9dd6-7005284e0a8e 90ece6a6d36b47bf8bf4b65df55d05b5 d6921d8714ba4d1291a31d290a15353b - - default default] Successfully bumped revision number for resource 9451e7d5-78b8-4a1a-9df8-86bc4b49a7f9 (type: security_group_rules) to 0
2026-07-08 10:12:18.649 9 INFO neutron.db.ovn_revision_numbers_db [None req-5a3f8984-c300-4f55-9dd6-7005284e0a8e 90ece6a6d36b47bf8bf4b65df55d05b5 d6921d8714ba4d1291a31d290a15353b - - default default] Successfully bumped revision number for resource b91e1f0d-54ae-4ea7-864f-55b3a5a164df (type: security_group_rules) to 0
2026-07-08 10:12:18.677 9 INFO neutron.db.ovn_revision_numbers_db [None req-5a3f8984-c300-4f55-9dd6-7005284e0a8e 90ece6a6d36b47bf8bf4b65df55d05b5 d6921d8714ba4d1291a31d290a15353b - - default default] Successfully bumped revision number for resource c3c91a2f-a0f9-4a82-915c-e03d36d85ea7 (type: security_group_rules) to 0
2026-07-08 10:12:18.692 9 INFO neutron.db.ovn_revision_numbers_db [req-4989c8c8-49eb-44e4-884f-573213d45bef req-becea504-f44b-4bf2-8f15-d4be4b70f9b4 c7d3d1026eeb456ea0f2b328b8daa236 d6b189a0a2bb4a408adc82ad633266d7 - - e7bad94844f54a33a625ce6fcb5d0448 e7bad94844f54a33a625ce6fcb5d0448] Successfully bumped revision number for resource 254c71da-aaa2-4fd9-9430-81d0b421e596 (type: ports) to 2
2026-07-08 10:12:18.711 9 INFO neutron.wsgi [None req-5a3f8984-c300-4f55-9dd6-7005284e0a8e 90ece6a6d36b47bf8bf4b65df55d05b5 d6921d8714ba4d1291a31d290a15353b - - default default] 10.0.0.45 "GET /v2.0/security-groups?tenant_id=a548c19f81d84dd3a81006943a91d91f&name=default HTTP/1.1" status: 200 len: 2996 time: 0.3167963 /var/lib/openstack/lib/python3.10/site-packages/pycadf/identifier.py:71: UserWarning: Invalid uuid: neutron. To ensure interoperability, identifiers should be a valid uuid. warnings.warn(('Invalid uuid: %s. To ensure interoperability, '
2026-07-08 10:12:18.874 8 INFO neutron.db.ovn_revision_numbers_db [None req-4e815b78-2afd-431b-bc07-654496580237 08d01ca5cdc64813b55caf5a80514c10 daa2bb770383490993c28da9e11c945b - - default default] Successfully bumped revision number for resource 1dc5fa96-8f6a-4043-95bc-f7102c2c1424 (type: router_ports) to 2
2026-07-08 10:12:19.031 8 INFO neutron.db.ovn_revision_numbers_db [None req-4e815b78-2afd-431b-bc07-654496580237 08d01ca5cdc64813b55caf5a80514c10 daa2bb770383490993c28da9e11c945b - - default default] Successfully bumped revision number for resource 1dc5fa96-8f6a-4043-95bc-f7102c2c1424 (type: ports) to 2
2026-07-08 10:12:19.327 9 INFO neutron.wsgi [req-697dd884-238f-471b-9e01-42c86c12ed96 req-85a36435-036c-4180-9965-70c73dc215a2 88d1145700d14b818ea92c0ac05da2bf 77ae231b9f6b407fa54a061993df2ead - - default default] 10.0.0.37 "GET /v2.0/ports?device_id=e03873c3-bd5d-4f73-9d9b-ab402654d104 HTTP/1.1" status: 200 len: 1168 time: 0.1567874 /var/lib/openstack/lib/python3.10/site-packages/pycadf/identifier.py:71: UserWarning: Invalid uuid: neutron. To ensure interoperability, identifiers should be a valid uuid. warnings.warn(('Invalid uuid: %s. To ensure interoperability, '
2026-07-08 10:12:19.341 9 INFO neutron.db.ovn_revision_numbers_db [req-4989c8c8-49eb-44e4-884f-573213d45bef req-becea504-f44b-4bf2-8f15-d4be4b70f9b4 c7d3d1026eeb456ea0f2b328b8daa236 d6b189a0a2bb4a408adc82ad633266d7 - - e7bad94844f54a33a625ce6fcb5d0448 e7bad94844f54a33a625ce6fcb5d0448] Successfully bumped revision number for resource 254c71da-aaa2-4fd9-9430-81d0b421e596 (type: ports) to 2
2026-07-08 10:12:19.366 9 INFO neutron.wsgi [req-4989c8c8-49eb-44e4-884f-573213d45bef req-becea504-f44b-4bf2-8f15-d4be4b70f9b4 c7d3d1026eeb456ea0f2b328b8daa236 d6b189a0a2bb4a408adc82ad633266d7 - - e7bad94844f54a33a625ce6fcb5d0448 e7bad94844f54a33a625ce6fcb5d0448] 199.204.45.229 "PUT /v2.0/ports/254c71da-aaa2-4fd9-9430-81d0b421e596 HTTP/1.1" status: 200 len: 1376 time: 1.1247211
2026-07-08 10:12:19.386 9 INFO neutron.wsgi [req-697dd884-238f-471b-9e01-42c86c12ed96 req-41c7853e-a041-4b3a-8c90-ef2207df404d 88d1145700d14b818ea92c0ac05da2bf 77ae231b9f6b407fa54a061993df2ead - - default default] 10.0.0.37 "GET /v2.0/security-groups?id=b52023a5-2fe5-4176-a315-f2f8548bbbb6&fields=id&fields=name HTTP/1.1" status: 200 len: 312 time: 0.0536017
2026-07-08 10:12:19.390 9 INFO neutron.wsgi [None req-5e916dd0-f7dd-4172-b6a8-3bcee45500d4 90ece6a6d36b47bf8bf4b65df55d05b5 d6921d8714ba4d1291a31d290a15353b - - default default] 10.0.0.45 "DELETE /v2.0/security-groups/9def652c-a9ea-416e-8e59-96f2d2f03595 HTTP/1.1" status: 204 len: 168 time: 0.6734102
2026-07-08 10:12:19.415 9 INFO neutron.notifiers.nova [-] Nova event matching ['req-d7c084a6-5bc7-4136-9634-a0f11040b06b'] response: {'name': 'network-changed', 'server_uuid': 'e03873c3-bd5d-4f73-9d9b-ab402654d104', 'tag': '254c71da-aaa2-4fd9-9430-81d0b421e596', 'status': 'completed', 'code': 200}
2026-07-08 10:12:19.437 9 INFO neutron.wsgi [req-4989c8c8-49eb-44e4-884f-573213d45bef req-f767e3d3-8d93-4807-a99e-52bc3e11cc2a c7d3d1026eeb456ea0f2b328b8daa236 d6b189a0a2bb4a408adc82ad633266d7 - - e7bad94844f54a33a625ce6fcb5d0448 e7bad94844f54a33a625ce6fcb5d0448] 199.204.45.229 "GET /v2.0/ports?tenant_id=77ae231b9f6b407fa54a061993df2ead&device_id=e03873c3-bd5d-4f73-9d9b-ab402654d104 HTTP/1.1" status: 200 len: 1407 time: 0.0323160
2026-07-08 10:12:19.461 9 INFO neutron.wsgi [req-4989c8c8-49eb-44e4-884f-573213d45bef req-279d411f-aeec-4a39-bedc-009cccd85953 c7d3d1026eeb456ea0f2b328b8daa236 d6b189a0a2bb4a408adc82ad633266d7 - - e7bad94844f54a33a625ce6fcb5d0448 e7bad94844f54a33a625ce6fcb5d0448] 199.204.45.229 "GET /v2.0/floatingips?fixed_ip_address=10.100.0.7&port_id=254c71da-aaa2-4fd9-9430-81d0b421e596 HTTP/1.1" status: 200 len: 217 time: 0.0194595
2026-07-08 10:12:19.497 9 INFO neutron.wsgi [req-4989c8c8-49eb-44e4-884f-573213d45bef req-f6e127cd-d7a1-45fc-939c-0e363e3ef7dc c7d3d1026eeb456ea0f2b328b8daa236 d6b189a0a2bb4a408adc82ad633266d7 - - e7bad94844f54a33a625ce6fcb5d0448 e7bad94844f54a33a625ce6fcb5d0448] 199.204.45.229 "GET /v2.0/subnets?id=ca8cdcf0-49c9-4763-81c3-c7896bd6740c HTTP/1.1" status: 200 len: 853 time: 0.0281582
2026-07-08 10:12:19.525 9 INFO neutron.wsgi [req-4989c8c8-49eb-44e4-884f-573213d45bef req-cf4ffd79-fd63-4ace-9de4-25db5ed72859 c7d3d1026eeb456ea0f2b328b8daa236 d6b189a0a2bb4a408adc82ad633266d7 - - e7bad94844f54a33a625ce6fcb5d0448 e7bad94844f54a33a625ce6fcb5d0448] 199.204.45.229 "GET /v2.0/ports?network_id=cd38da83-dde4-4622-961a-616d0cf9f1a6&device_owner=network%3Adhcp HTTP/1.1" status: 200 len: 210 time: 0.0206335
2026-07-08 10:12:19.531 8 INFO neutron.db.ovn_revision_numbers_db [None req-4e815b78-2afd-431b-bc07-654496580237 08d01ca5cdc64813b55caf5a80514c10 daa2bb770383490993c28da9e11c945b - - default default] Successfully bumped revision number for resource 1dc5fa96-8f6a-4043-95bc-f7102c2c1424 (type: router_ports) to 2
2026-07-08 10:12:19.583 9 INFO neutron.wsgi [req-4989c8c8-49eb-44e4-884f-573213d45bef req-de0f30ba-0b73-4ef5-9033-07a36bd5b37b c7d3d1026eeb456ea0f2b328b8daa236 d6b189a0a2bb4a408adc82ad633266d7 - - e7bad94844f54a33a625ce6fcb5d0448 e7bad94844f54a33a625ce6fcb5d0448] 199.204.45.229 "GET /v2.0/networks/cd38da83-dde4-4622-961a-616d0cf9f1a6?fields=segments HTTP/1.1" status: 200 len: 212 time: 0.0521984
2026-07-08 10:12:19.632 8 INFO neutron.db.ovn_revision_numbers_db [None req-4e815b78-2afd-431b-bc07-654496580237 08d01ca5cdc64813b55caf5a80514c10 daa2bb770383490993c28da9e11c945b - - default default] Successfully bumped revision number for resource 1dc5fa96-8f6a-4043-95bc-f7102c2c1424 (type: ports) to 2
2026-07-08 10:12:19.644 9 INFO neutron.wsgi [req-4989c8c8-49eb-44e4-884f-573213d45bef req-c928bac9-6fca-43d1-8926-332096b5f52b c7d3d1026eeb456ea0f2b328b8daa236 d6b189a0a2bb4a408adc82ad633266d7 - - e7bad94844f54a33a625ce6fcb5d0448 e7bad94844f54a33a625ce6fcb5d0448] 199.204.45.229 "GET /v2.0/networks/cd38da83-dde4-4622-961a-616d0cf9f1a6?fields=provider%3Aphysical_network&fields=provider%3Anetwork_type HTTP/1.1" status: 200 len: 277 time: 0.0540860
2026-07-08 10:12:19.698 8 WARNING neutron.scheduler.dhcp_agent_scheduler [None req-4e815b78-2afd-431b-bc07-654496580237 08d01ca5cdc64813b55caf5a80514c10 daa2bb770383490993c28da9e11c945b - - default default] No more DHCP agents
2026-07-08 10:12:19.699 8 WARNING neutron.api.rpc.agentnotifiers.dhcp_rpc_agent_api [None req-4e815b78-2afd-431b-bc07-654496580237 08d01ca5cdc64813b55caf5a80514c10 daa2bb770383490993c28da9e11c945b - - default default] Unable to schedule network 2f1d9b12-bcf1-426f-99e7-cc25025a1592: no agents available; will retry on subsequent port and subnet creation events.
2026-07-08 10:12:19.737 9 INFO neutron.wsgi [req-cc9a3bb9-c5ef-493b-8fb3-b5827c71e0f4 req-68ec2ca3-dd0d-4366-88b7-5142c7e4b566 c7d3d1026eeb456ea0f2b328b8daa236 d6b189a0a2bb4a408adc82ad633266d7 - - e7bad94844f54a33a625ce6fcb5d0448 e7bad94844f54a33a625ce6fcb5d0448] 199.204.45.229 "GET /v2.0/ports?tenant_id=77ae231b9f6b407fa54a061993df2ead&device_id=e03873c3-bd5d-4f73-9d9b-ab402654d104 HTTP/1.1" status: 200 len: 1407 time: 0.0452268
2026-07-08 10:12:19.809 9 INFO neutron.wsgi [req-cc9a3bb9-c5ef-493b-8fb3-b5827c71e0f4 req-97144fa2-5885-4b29-b35b-1e4799112c31 c7d3d1026eeb456ea0f2b328b8daa236 d6b189a0a2bb4a408adc82ad633266d7 - - e7bad94844f54a33a625ce6fcb5d0448 e7bad94844f54a33a625ce6fcb5d0448] 199.204.45.229 "GET /v2.0/networks?id=cd38da83-dde4-4622-961a-616d0cf9f1a6 HTTP/1.1" status: 200 len: 957 time: 0.0669401
2026-07-08 10:12:19.847 9 INFO neutron.wsgi [req-cc9a3bb9-c5ef-493b-8fb3-b5827c71e0f4 req-0b4ac7ac-a7c4-44cf-850e-43ba7f62595f c7d3d1026eeb456ea0f2b328b8daa236 d6b189a0a2bb4a408adc82ad633266d7 - - e7bad94844f54a33a625ce6fcb5d0448 e7bad94844f54a33a625ce6fcb5d0448] 199.204.45.229 "GET /v2.0/floatingips?fixed_ip_address=10.100.0.7&port_id=254c71da-aaa2-4fd9-9430-81d0b421e596 HTTP/1.1" status: 200 len: 217 time: 0.0314558
2026-07-08 10:12:19.874 8 INFO neutron.plugins.ml2.drivers.ovn.mech_driver.mech_driver [None req-a78afbcb-61fb-4c12-86e0-42b1cab5a2e9 - - - - - -] OVN reports status up for port: 254c71da-aaa2-4fd9-9430-81d0b421e596
2026-07-08 10:12:19.896 8 INFO neutron.plugins.ml2.plugin [None req-a78afbcb-61fb-4c12-86e0-42b1cab5a2e9 - - - - - -] Attempt 1 to provision port 254c71da-aaa2-4fd9-9430-81d0b421e596
2026-07-08 10:12:19.898 9 INFO neutron.wsgi [req-cc9a3bb9-c5ef-493b-8fb3-b5827c71e0f4 req-ae413ee9-0170-4ddc-b103-5c3cedfb1263 c7d3d1026eeb456ea0f2b328b8daa236 d6b189a0a2bb4a408adc82ad633266d7 - - e7bad94844f54a33a625ce6fcb5d0448 e7bad94844f54a33a625ce6fcb5d0448] 199.204.45.229 "GET /v2.0/subnets?id=ca8cdcf0-49c9-4763-81c3-c7896bd6740c HTTP/1.1" status: 200 len: 853 time: 0.0458121
2026-07-08 10:12:19.936 9 INFO neutron.wsgi [req-cc9a3bb9-c5ef-493b-8fb3-b5827c71e0f4 req-c6613d2a-0f22-43fe-babd-855647d2cf59 c7d3d1026eeb456ea0f2b328b8daa236 d6b189a0a2bb4a408adc82ad633266d7 - - e7bad94844f54a33a625ce6fcb5d0448 e7bad94844f54a33a625ce6fcb5d0448] 199.204.45.229 "GET /v2.0/ports?network_id=cd38da83-dde4-4622-961a-616d0cf9f1a6&device_owner=network%3Adhcp HTTP/1.1" status: 200 len: 210 time: 0.0319746
2026-07-08 10:12:19.951 8 INFO neutron.db.ovn_revision_numbers_db [None req-4e815b78-2afd-431b-bc07-654496580237 08d01ca5cdc64813b55caf5a80514c10 daa2bb770383490993c28da9e11c945b - - default default] Successfully bumped revision number for resource 1dc5fa96-8f6a-4043-95bc-f7102c2c1424 (type: router_ports) to 2
2026-07-08 10:12:19.954 8 INFO neutron.wsgi [None req-4e815b78-2afd-431b-bc07-654496580237 08d01ca5cdc64813b55caf5a80514c10 daa2bb770383490993c28da9e11c945b - - default default] 10.0.0.45 "PUT /v2.0/routers/2d054d6c-edd2-42ae-ba00-83193b45136a/add_router_interface HTTP/1.1" status: 200 len: 503 time: 1.5205722 /var/lib/openstack/lib/python3.10/site-packages/pycadf/identifier.py:71: UserWarning: Invalid uuid: neutron. To ensure interoperability, identifiers should be a valid uuid. warnings.warn(('Invalid uuid: %s. To ensure interoperability, '
2026-07-08 10:12:19.999 8 INFO neutron.wsgi [None req-34ffdb8d-a8fd-44c2-8ad4-e64c6571fbbe 08d01ca5cdc64813b55caf5a80514c10 daa2bb770383490993c28da9e11c945b - - default default] 10.0.0.45 "GET /v2.0/ports/1dc5fa96-8f6a-4043-95bc-f7102c2c1424 HTTP/1.1" status: 200 len: 1218 time: 0.0409212
2026-07-08 10:12:20.041 9 INFO neutron.wsgi [req-cc9a3bb9-c5ef-493b-8fb3-b5827c71e0f4 req-dc88b2a4-0cbd-41bc-ad21-2981d1625e2a c7d3d1026eeb456ea0f2b328b8daa236 d6b189a0a2bb4a408adc82ad633266d7 - - e7bad94844f54a33a625ce6fcb5d0448 e7bad94844f54a33a625ce6fcb5d0448] 199.204.45.229 "GET /v2.0/networks/cd38da83-dde4-4622-961a-616d0cf9f1a6?fields=segments HTTP/1.1" status: 200 len: 212 time: 0.1001232
2026-07-08 10:12:20.086 8 INFO neutron.notifiers.nova [-] Nova event matching ['req-df048a1e-1e01-4b46-bd39-55e62a1e9bb9'] response: {'server_uuid': 'e03873c3-bd5d-4f73-9d9b-ab402654d104', 'name': 'network-vif-plugged', 'status': 'completed', 'tag': '254c71da-aaa2-4fd9-9430-81d0b421e596', 'code': 200}
2026-07-08 10:12:20.229 9 INFO neutron.db.ovn_revision_numbers_db [None req-894d37fa-2bdc-458e-8401-ebdac29e5150 90ece6a6d36b47bf8bf4b65df55d05b5 d6921d8714ba4d1291a31d290a15353b - - default default] Successfully bumped revision number for resource 0ade5941-820a-4fb7-82d1-37c3b952735e (type: security_groups) to 1
2026-07-08 10:12:20.234 9 INFO neutron.wsgi [req-cc9a3bb9-c5ef-493b-8fb3-b5827c71e0f4 req-f1968099-b178-4981-9a93-eb8a3f8954c7 c7d3d1026eeb456ea0f2b328b8daa236 d6b189a0a2bb4a408adc82ad633266d7 - - e7bad94844f54a33a625ce6fcb5d0448 e7bad94844f54a33a625ce6fcb5d0448] 199.204.45.229 "GET /v2.0/networks/cd38da83-dde4-4622-961a-616d0cf9f1a6?fields=provider%3Aphysical_network&fields=provider%3Anetwork_type HTTP/1.1" status: 200 len: 277 time: 0.1854372
2026-07-08 10:12:20.251 8 INFO neutron.db.ovn_revision_numbers_db [None req-a78afbcb-61fb-4c12-86e0-42b1cab5a2e9 - - - - - -] Successfully bumped revision number for resource 254c71da-aaa2-4fd9-9430-81d0b421e596 (type: ports) to 4
2026-07-08 10:12:20.255 9 INFO neutron.db.ovn_revision_numbers_db [None req-894d37fa-2bdc-458e-8401-ebdac29e5150 90ece6a6d36b47bf8bf4b65df55d05b5 d6921d8714ba4d1291a31d290a15353b - - default default] Successfully bumped revision number for resource 156c2321-1089-42e0-bd47-bb09f2571771 (type: security_group_rules) to 0
2026-07-08 10:12:20.292 9 INFO neutron.db.ovn_revision_numbers_db [None req-894d37fa-2bdc-458e-8401-ebdac29e5150 90ece6a6d36b47bf8bf4b65df55d05b5 d6921d8714ba4d1291a31d290a15353b - - default default] Successfully bumped revision number for resource 44866696-8dfe-498d-9282-6dba3d621ba1 (type: security_group_rules) to 0
2026-07-08 10:12:20.328 9 INFO neutron.db.ovn_revision_numbers_db [None req-894d37fa-2bdc-458e-8401-ebdac29e5150 90ece6a6d36b47bf8bf4b65df55d05b5 d6921d8714ba4d1291a31d290a15353b - - default default] Successfully bumped revision number for resource 7668c2bf-c114-4653-9a91-e5cfe2e2973d (type: security_group_rules) to 0
2026-07-08 10:12:20.345 9 INFO neutron.db.ovn_revision_numbers_db [None req-894d37fa-2bdc-458e-8401-ebdac29e5150 90ece6a6d36b47bf8bf4b65df55d05b5 d6921d8714ba4d1291a31d290a15353b - - default default] Successfully bumped revision number for resource ef8bdaf7-247f-47d5-8074-2bb3af44b1ff (type: security_group_rules) to 0
2026-07-08 10:12:20.396 9 INFO neutron.wsgi [None req-894d37fa-2bdc-458e-8401-ebdac29e5150 90ece6a6d36b47bf8bf4b65df55d05b5 d6921d8714ba4d1291a31d290a15353b - - default default] 10.0.0.45 "GET /v2.0/security-groups?tenant_id=08e5b571b85a44248f93a4bae23354e6&name=default HTTP/1.1" status: 200 len: 2996 time: 0.6771653 /var/lib/openstack/lib/python3.10/site-packages/pycadf/identifier.py:71: UserWarning: Invalid uuid: neutron. To ensure interoperability, identifiers should be a valid uuid. warnings.warn(('Invalid uuid: %s. To ensure interoperability, '
2026-07-08 10:12:20.705 8 INFO neutron.wsgi [req-21cb4304-88ff-4441-bb4e-3d3475314d73 req-ff371dc7-4dbb-4899-a2ef-fafc7d3f0d31 88d1145700d14b818ea92c0ac05da2bf 77ae231b9f6b407fa54a061993df2ead - - default default] 10.0.0.37 "GET /v2.0/ports?device_id=e03873c3-bd5d-4f73-9d9b-ab402654d104 HTTP/1.1" status: 200 len: 1170 time: 0.2455163
2026-07-08 10:12:20.769 8 INFO neutron.wsgi [req-21cb4304-88ff-4441-bb4e-3d3475314d73 req-e26ce6ad-b0f6-4033-8f1c-7084b270295f 88d1145700d14b818ea92c0ac05da2bf 77ae231b9f6b407fa54a061993df2ead - - default default] 10.0.0.37 "GET /v2.0/security-groups?id=b52023a5-2fe5-4176-a315-f2f8548bbbb6&fields=id&fields=name HTTP/1.1" status: 200 len: 312 time: 0.0560162
2026-07-08 10:12:20.814 9 INFO neutron.wsgi [None req-91b88a83-9d68-4435-908d-829947b12ab7 08d01ca5cdc64813b55caf5a80514c10 daa2bb770383490993c28da9e11c945b - - default default] 10.0.0.45 "PUT /v2.0/routers/2d054d6c-edd2-42ae-ba00-83193b45136a/remove_router_interface HTTP/1.1" status: 200 len: 503 time: 0.8052664
2026-07-08 10:12:20.896 8 INFO neutron.api.v2.resource [None req-60078524-2d05-49ff-8034-19c65bdd54ab 08d01ca5cdc64813b55caf5a80514c10 daa2bb770383490993c28da9e11c945b - - default default] remove_router_interface failed (client error): The resource could not be found.
2026-07-08 10:12:20.897 8 INFO neutron.wsgi [None req-60078524-2d05-49ff-8034-19c65bdd54ab 08d01ca5cdc64813b55caf5a80514c10 daa2bb770383490993c28da9e11c945b - - default default] 10.0.0.45 "PUT /v2.0/routers/2d054d6c-edd2-42ae-ba00-83193b45136a/remove_router_interface HTTP/1.1" status: 404 len: 398 time: 0.0774813 /var/lib/openstack/lib/python3.10/site-packages/pycadf/identifier.py:71: UserWarning: Invalid uuid: neutron. To ensure interoperability, identifiers should be a valid uuid. warnings.warn(('Invalid uuid: %s. To ensure interoperability, '
2026-07-08 10:12:20.925 8 INFO neutron.wsgi [None req-e56d0e59-cda8-45ba-8af6-b9affdd59944 90ece6a6d36b47bf8bf4b65df55d05b5 d6921d8714ba4d1291a31d290a15353b - - default default] 10.0.0.45 "DELETE /v2.0/security-groups/0ade5941-820a-4fb7-82d1-37c3b952735e HTTP/1.1" status: 204 len: 168 time: 0.5249937
2026-07-08 10:12:20.942 9 INFO neutron.wsgi [None req-b40366e5-273b-48e7-ba38-c4cd579c9b57 08d01ca5cdc64813b55caf5a80514c10 daa2bb770383490993c28da9e11c945b - - default default] 10.0.0.45 "GET /v2.0/ports?device_id=2d054d6c-edd2-42ae-ba00-83193b45136a HTTP/1.1" status: 200 len: 205 time: 0.0383964
2026-07-08 10:12:21.194 9 INFO neutron.wsgi [None req-cf5fc158-9cae-49bf-b664-f2fcb590d9a9 08d01ca5cdc64813b55caf5a80514c10 daa2bb770383490993c28da9e11c945b - - default default] 10.0.0.45 "DELETE /v2.0/routers/2d054d6c-edd2-42ae-ba00-83193b45136a HTTP/1.1" status: 204 len: 168 time: 0.2465482
2026-07-08 10:12:21.392 9 INFO neutron.wsgi [None req-8af7833f-3f35-4f87-b072-93e926c0fa50 08d01ca5cdc64813b55caf5a80514c10 daa2bb770383490993c28da9e11c945b - - default default] 10.0.0.45 "DELETE /v2.0/subnets/62abd48b-c5e5-4e1b-b169-1e769233c69c HTTP/1.1" status: 204 len: 168 time: 0.1936634
2026-07-08 10:12:21.772 9 INFO neutron.services.segments.plugin [-] Segment 9700d02d-9aef-424f-9eb2-c0b179f5b4af resource provider aggregate not found
2026-07-08 10:12:21.776 9 INFO neutron.services.segments.plugin [-] Segment 9700d02d-9aef-424f-9eb2-c0b179f5b4af resource provider aggregate not found
2026-07-08 10:12:21.790 9 INFO neutron.services.segments.plugin [-] Segment 9700d02d-9aef-424f-9eb2-c0b179f5b4af resource provider not found; error: Placement Client Error (4xx): {"errors": [{"status": 404, "title": "Not Found", "detail": "The resource could not be found.\n\n No resource provider with uuid 9700d02d-9aef-424f-9eb2-c0b179f5b4af found for delete ", "request_id": "req-0a554bf6-ccd3-46de-8c1b-8466b77ed0bf"}]}
2026-07-08 10:12:21.794 9 INFO neutron.services.segments.plugin [-] Segment 9700d02d-9aef-424f-9eb2-c0b179f5b4af resource provider not found; error: Placement Client Error (4xx): {"errors": [{"status": 404, "title": "Not Found", "detail": "The resource could not be found.\n\n No resource provider with uuid 9700d02d-9aef-424f-9eb2-c0b179f5b4af found for delete ", "request_id": "req-8ed29bc2-3ed2-4a1b-9614-8eb4817051a0"}]}
2026-07-08 10:12:21.824 9 INFO neutron.wsgi [None req-1c2b2807-40f3-48b8-92b8-fc3fb1ebfa93 08d01ca5cdc64813b55caf5a80514c10 daa2bb770383490993c28da9e11c945b - - default default] 10.0.0.45 "DELETE /v2.0/networks/2f1d9b12-bcf1-426f-99e7-cc25025a1592 HTTP/1.1" status: 204 len: 168 time: 0.4230173
2026-07-08 10:12:21.890 9 INFO neutron.wsgi [req-6df9abea-d4af-49df-9abc-bc262be830be req-02e2f694-cf9c-4da5-9677-e0e543d8bdc5 88d1145700d14b818ea92c0ac05da2bf 77ae231b9f6b407fa54a061993df2ead - - default default] 10.0.0.37 "GET /v2.0/ports?device_id=e03873c3-bd5d-4f73-9d9b-ab402654d104 HTTP/1.1" status: 200 len: 1170 time: 0.0437655
2026-07-08 10:12:21.921 8 INFO neutron.db.segments_db [None req-602f64c9-e5a9-4965-9e79-536ae0b26fb9 08d01ca5cdc64813b55caf5a80514c10 daa2bb770383490993c28da9e11c945b - - default default] Added segment f63d549e-5271-4bb5-864b-6a8504acab36 of type geneve for network 30ef56ae-0429-4b79-9d24-cdee04d42772
2026-07-08 10:12:22.075 8 INFO neutron.db.ovn_revision_numbers_db [None req-602f64c9-e5a9-4965-9e79-536ae0b26fb9 08d01ca5cdc64813b55caf5a80514c10 daa2bb770383490993c28da9e11c945b - - default default] Successfully bumped revision number for resource 30ef56ae-0429-4b79-9d24-cdee04d42772 (type: networks) to 1
2026-07-08 10:12:22.122 8 INFO neutron.notifiers.nova [-] Nova event matching ['req-d49f48c9-ddce-4c20-9440-f296db3ec9ce'] response: {'server_uuid': 'e03873c3-bd5d-4f73-9d9b-ab402654d104', 'name': 'network-vif-plugged', 'status': 'completed', 'tag': '254c71da-aaa2-4fd9-9430-81d0b421e596', 'code': 200}
2026-07-08 10:12:22.155 9 INFO neutron.wsgi [req-6df9abea-d4af-49df-9abc-bc262be830be req-e0661a44-f399-4617-88e4-5d1a4acdfecc 88d1145700d14b818ea92c0ac05da2bf 77ae231b9f6b407fa54a061993df2ead - - default default] 10.0.0.37 "GET /v2.0/security-groups?id=b52023a5-2fe5-4176-a315-f2f8548bbbb6&fields=id&fields=name HTTP/1.1" status: 200 len: 312 time: 0.2584982
2026-07-08 10:12:22.275 8 WARNING neutron.scheduler.dhcp_agent_scheduler [None req-602f64c9-e5a9-4965-9e79-536ae0b26fb9 08d01ca5cdc64813b55caf5a80514c10 daa2bb770383490993c28da9e11c945b - - default default] No more DHCP agents
2026-07-08 10:12:22.280 8 WARNING neutron.api.rpc.agentnotifiers.dhcp_rpc_agent_api [None req-602f64c9-e5a9-4965-9e79-536ae0b26fb9 08d01ca5cdc64813b55caf5a80514c10 daa2bb770383490993c28da9e11c945b - - default default] Unable to schedule network 30ef56ae-0429-4b79-9d24-cdee04d42772: no agents available; will retry on subsequent port and subnet creation events.
2026-07-08 10:12:22.340 8 INFO neutron.wsgi [req-18714764-3286-4cc5-a9dc-cb481d34afcb req-94f8c862-142f-46f8-8277-8e60a6041c5d 88d1145700d14b818ea92c0ac05da2bf 77ae231b9f6b407fa54a061993df2ead - - default default] 10.0.0.37 "GET /v2.0/ports?device_id=e03873c3-bd5d-4f73-9d9b-ab402654d104 HTTP/1.1" status: 200 len: 1170 time: 0.1182957
2026-07-08 10:12:22.394 8 INFO neutron.db.ovn_revision_numbers_db [None req-602f64c9-e5a9-4965-9e79-536ae0b26fb9 08d01ca5cdc64813b55caf5a80514c10 daa2bb770383490993c28da9e11c945b - - default default] Successfully bumped revision number for resource 1195d9df-7ca0-4801-b257-6f35eb924a9d (type: ports) to 1
2026-07-08 10:12:22.406 8 INFO neutron.wsgi [req-18714764-3286-4cc5-a9dc-cb481d34afcb req-1c857edb-8af9-4089-8fb6-94acbd760c10 88d1145700d14b818ea92c0ac05da2bf 77ae231b9f6b407fa54a061993df2ead - - default default] 10.0.0.37 "GET /v2.0/security-groups?id=b52023a5-2fe5-4176-a315-f2f8548bbbb6&fields=id&fields=name HTTP/1.1" status: 200 len: 312 time: 0.0577037
2026-07-08 10:12:22.422 8 INFO neutron.wsgi [None req-602f64c9-e5a9-4965-9e79-536ae0b26fb9 08d01ca5cdc64813b55caf5a80514c10 daa2bb770383490993c28da9e11c945b - - default default] 10.0.0.45 "POST /v2.0/networks HTTP/1.1" status: 201 len: 833 time: 0.5897291
2026-07-08 10:12:22.491 9 INFO neutron.wsgi [None req-d4820cbd-465b-4160-9d0e-6fbd0488d32f 6e157e4cb49a455eaf546ebef3e1d5ec 5b055f0cf8264f5881168e6886ece05a - - default default] 10.0.0.45 "GET /v2.0/ports?device_id=e03873c3-bd5d-4f73-9d9b-ab402654d104 HTTP/1.1" status: 200 len: 1404 time: 0.0577631
2026-07-08 10:12:22.715 8 WARNING neutron.scheduler.dhcp_agent_scheduler [None req-6233115e-a125-4991-9f15-667ff7bfc46e 08d01ca5cdc64813b55caf5a80514c10 daa2bb770383490993c28da9e11c945b - - default default] No more DHCP agents
2026-07-08 10:12:22.719 8 WARNING neutron.api.rpc.agentnotifiers.dhcp_rpc_agent_api [None req-6233115e-a125-4991-9f15-667ff7bfc46e 08d01ca5cdc64813b55caf5a80514c10 daa2bb770383490993c28da9e11c945b - - default default] Unable to schedule network 30ef56ae-0429-4b79-9d24-cdee04d42772: no agents available; will retry on subsequent port and subnet creation events.
2026-07-08 10:12:22.768 8 INFO neutron.db.ovn_revision_numbers_db [None req-6233115e-a125-4991-9f15-667ff7bfc46e 08d01ca5cdc64813b55caf5a80514c10 daa2bb770383490993c28da9e11c945b - - default default] Successfully bumped revision number for resource 74b6d3e9-3f45-4d9d-a413-1563a44b5740 (type: subnets) to 0
2026-07-08 10:12:22.782 8 INFO neutron.wsgi [None req-6233115e-a125-4991-9f15-667ff7bfc46e 08d01ca5cdc64813b55caf5a80514c10 daa2bb770383490993c28da9e11c945b - - default default] 10.0.0.45 "POST /v2.0/subnets HTTP/1.1" status: 201 len: 821 time: 0.3550446
2026-07-08 10:12:22.795 9 WARNING neutron.scheduler.dhcp_agent_scheduler [None req-14f54ba0-608e-4d65-89f8-1aefbc8e2679 88d1145700d14b818ea92c0ac05da2bf 77ae231b9f6b407fa54a061993df2ead - - default default] No more DHCP agents
2026-07-08 10:12:22.797 9 WARNING neutron.api.rpc.agentnotifiers.dhcp_rpc_agent_api [None req-14f54ba0-608e-4d65-89f8-1aefbc8e2679 88d1145700d14b818ea92c0ac05da2bf 77ae231b9f6b407fa54a061993df2ead - - default default] Unable to schedule network d73dfa33-49a4-49e0-b359-529367435d92: no agents available; will retry on subsequent port and subnet creation events.
2026-07-08 10:12:22.980 9 INFO neutron.wsgi [None req-7e3ee379-f641-473f-839c-4014e13747d9 481c733c4e534b47a7afcc19a603f9e1 35e35a44c6284611a38c4516ae24e2b7 - - default default] 10.0.0.45 "GET /v2.0/extensions HTTP/1.1" status: 200 len: 16520 time: 0.2479997
2026-07-08 10:12:22.981 8 INFO neutron.db.ovn_revision_numbers_db [None req-ce911c87-7502-4c11-9d72-e1584fb76365 08d01ca5cdc64813b55caf5a80514c10 daa2bb770383490993c28da9e11c945b - - default default] Successfully bumped revision number for resource 43fcae27-0130-4d48-bb17-7c60e7beaf95 (type: routers) to 1
2026-07-08 10:12:22.994 8 INFO neutron.wsgi [None req-52d53d3d-c42b-4e5c-8493-9dbfdd1d2431 481c733c4e534b47a7afcc19a603f9e1 35e35a44c6284611a38c4516ae24e2b7 - - default default] 10.0.0.45 "GET /v2.0/extensions/address-group HTTP/1.1" status: 200 len: 353 time: 0.0079653
2026-07-08 10:12:23.002 9 INFO neutron.wsgi [None req-1b8e56fe-f21e-48d5-869a-32910a8f4b11 481c733c4e534b47a7afcc19a603f9e1 35e35a44c6284611a38c4516ae24e2b7 - - default default] 10.0.0.45 "GET /v2.0/extensions/address-scope HTTP/1.1" status: 200 len: 357 time: 0.0042160
2026-07-08 10:12:23.002 8 INFO neutron.wsgi [None req-ce911c87-7502-4c11-9d72-e1584fb76365 08d01ca5cdc64813b55caf5a80514c10 daa2bb770383490993c28da9e11c945b - - default default] 10.0.0.45 "POST /v2.0/routers HTTP/1.1" status: 201 len: 690 time: 0.2057796
2026-07-08 10:12:23.010 8 INFO neutron.wsgi [None req-0e149a3c-d6f6-4791-a55b-026ed13fa689 481c733c4e534b47a7afcc19a603f9e1 35e35a44c6284611a38c4516ae24e2b7 - - default default] 10.0.0.45 "GET /v2.0/extensions/agent HTTP/1.1" status: 200 len: 347 time: 0.0053530
2026-07-08 10:12:23.021 8 INFO neutron.wsgi [None req-243cb4eb-8b31-42a3-a9c9-ea91c21bb931 481c733c4e534b47a7afcc19a603f9e1 35e35a44c6284611a38c4516ae24e2b7 - - default default] 10.0.0.45 "GET /v2.0/extensions/allowed-address-pairs HTTP/1.1" status: 200 len: 378 time: 0.0051093
2026-07-08 10:12:23.032 9 INFO neutron.wsgi [None req-bb992735-9eff-4fa3-8c3e-c0b3406ffb24 481c733c4e534b47a7afcc19a603f9e1 35e35a44c6284611a38c4516ae24e2b7 - - default default] 10.0.0.45 "GET /v2.0/extensions/auto-allocated-topology HTTP/1.1" status: 200 len: 394 time: 0.0065906
2026-07-08 10:12:23.041 8 INFO neutron.wsgi [None req-a871323c-aba7-4d9d-97a4-27e2aab9aecb 481c733c4e534b47a7afcc19a603f9e1 35e35a44c6284611a38c4516ae24e2b7 - - default default] 10.0.0.45 "GET /v2.0/extensions/availability_zone HTTP/1.1" status: 200 len: 372 time: 0.0053296
2026-07-08 10:12:23.050 9 INFO neutron.wsgi [None req-3ba8cd90-8361-4752-b924-70f5dfbbdfb2 481c733c4e534b47a7afcc19a603f9e1 35e35a44c6284611a38c4516ae24e2b7 - - default default] 10.0.0.45 "GET /v2.0/extensions/default-subnetpools HTTP/1.1" status: 200 len: 405 time: 0.0046577
2026-07-08 10:12:23.059 9 INFO neutron.wsgi [None req-02b1ebec-0ebe-4779-8e64-7214168a1d00 481c733c4e534b47a7afcc19a603f9e1 35e35a44c6284611a38c4516ae24e2b7 - - default default] 10.0.0.45 "GET /v2.0/extensions/dhcp_agent_scheduler HTTP/1.1" status: 200 len: 381 time: 0.0055475
2026-07-08 10:12:23.070 8 INFO neutron.wsgi [None req-b6ef9b39-7e59-4d11-b748-eb6f7c88ea2f 481c733c4e534b47a7afcc19a603f9e1 35e35a44c6284611a38c4516ae24e2b7 - - default default] 10.0.0.45 "GET /v2.0/extensions/dns-integration HTTP/1.1" status: 200 len: 366 time: 0.0049450
2026-07-08 10:12:23.084 9 INFO neutron.wsgi [None req-b49a0ff7-9672-4155-94c3-1853d01f5bac 481c733c4e534b47a7afcc19a603f9e1 35e35a44c6284611a38c4516ae24e2b7 - - default default] 10.0.0.45 "GET /v2.0/extensions/dns-domain-ports HTTP/1.1" status: 200 len: 399 time: 0.0068679
2026-07-08 10:12:23.102 9 INFO neutron.wsgi [None req-9ac54cd7-9913-4175-8605-c28061733548 481c733c4e534b47a7afcc19a603f9e1 35e35a44c6284611a38c4516ae24e2b7 - - default default] 10.0.0.45 "GET /v2.0/extensions/dns-integration-domain-keywords HTTP/1.1" status: 200 len: 477 time: 0.0114591
2026-07-08 10:12:23.114 9 INFO neutron.wsgi [None req-41c227a1-f4a1-41e7-b326-37849798b869 481c733c4e534b47a7afcc19a603f9e1 35e35a44c6284611a38c4516ae24e2b7 - - default default] 10.0.0.45 "GET /v2.0/extensions/external-net HTTP/1.1" status: 200 len: 394 time: 0.0061567
2026-07-08 10:12:23.125 9 INFO neutron.wsgi [None req-97100a22-2280-4a18-b0cc-f3858fe69bf1 481c733c4e534b47a7afcc19a603f9e1 35e35a44c6284611a38c4516ae24e2b7 - - default default] 10.0.0.45 "GET /v2.0/extensions/extra_dhcp_opt HTTP/1.1" status: 200 len: 498 time: 0.0057194
2026-07-08 10:12:23.137 8 INFO neutron.wsgi [None req-07ceada7-c741-4fea-873d-a2cf4bb9bfab 481c733c4e534b47a7afcc19a603f9e1 35e35a44c6284611a38c4516ae24e2b7 - - default default] 10.0.0.45 "GET /v2.0/extensions/extraroute HTTP/1.1" status: 200 len: 375 time: 0.0078228
2026-07-08 10:12:23.145 8 INFO neutron.wsgi [None req-780b082e-ca0f-4290-bbb9-ef594804ab9c 481c733c4e534b47a7afcc19a603f9e1 35e35a44c6284611a38c4516ae24e2b7 - - default default] 10.0.0.45 "GET /v2.0/extensions/filter-validation HTTP/1.1" status: 200 len: 392 time: 0.0050313
2026-07-08 10:12:23.156 8 INFO neutron.wsgi [None req-c3045135-cbb2-4df4-a9d5-b3fcb504b02b 481c733c4e534b47a7afcc19a603f9e1 35e35a44c6284611a38c4516ae24e2b7 - - default default] 10.0.0.45 "GET /v2.0/extensions/floating-ip-port-forwarding-detail HTTP/1.1" status: 200 len: 465 time: 0.0044339
2026-07-08 10:12:23.164 8 INFO neutron.wsgi [None req-891423f0-7957-4ed6-a753-ec0dae62c62e 481c733c4e534b47a7afcc19a603f9e1 35e35a44c6284611a38c4516ae24e2b7 - - default default] 10.0.0.45 "GET /v2.0/extensions/fip-port-details HTTP/1.1" status: 200 len: 406 time: 0.0053360
2026-07-08 10:12:23.178 9 INFO neutron.wsgi [None req-451680a7-17f6-4417-a495-23ba0187810d 481c733c4e534b47a7afcc19a603f9e1 35e35a44c6284611a38c4516ae24e2b7 - - default default] 10.0.0.45 "GET /v2.0/extensions/flavors HTTP/1.1" status: 200 len: 387 time: 0.0070031
2026-07-08 10:12:23.188 8 INFO neutron.wsgi [None req-0975c2f5-1231-4729-9228-b1edec9025db 481c733c4e534b47a7afcc19a603f9e1 35e35a44c6284611a38c4516ae24e2b7 - - default default] 10.0.0.45 "GET /v2.0/extensions/floatingip-pools HTTP/1.1" status: 200 len: 382 time: 0.0059659
2026-07-08 10:12:23.207 8 INFO neutron.wsgi [None req-fbd08daa-e77c-41da-9034-bba61144fd2a 481c733c4e534b47a7afcc19a603f9e1 35e35a44c6284611a38c4516ae24e2b7 - - default default] 10.0.0.45 "GET /v2.0/extensions/ip_allocation HTTP/1.1" status: 200 len: 356 time: 0.0149360
2026-07-08 10:12:23.224 8 INFO neutron.wsgi [None req-6b6bbce3-670d-4f20-aa3b-f2b4edfa1256 481c733c4e534b47a7afcc19a603f9e1 35e35a44c6284611a38c4516ae24e2b7 - - default default] 10.0.0.45 "GET /v2.0/extensions/l2_adjacency HTTP/1.1" status: 200 len: 372 time: 0.0077395
2026-07-08 10:12:23.236 9 INFO neutron.wsgi [None req-f644c7bc-3915-4ef4-8f18-0c1d4112e512 481c733c4e534b47a7afcc19a603f9e1 35e35a44c6284611a38c4516ae24e2b7 - - default default] 10.0.0.45 "GET /v2.0/extensions/router HTTP/1.1" status: 200 len: 450 time: 0.0063133
2026-07-08 10:12:23.244 9 INFO neutron.wsgi [None req-8d5658d4-e3ae-4f8b-a400-a5db86cbe76b 481c733c4e534b47a7afcc19a603f9e1 35e35a44c6284611a38c4516ae24e2b7 - - default default] 10.0.0.45 "GET /v2.0/extensions/ext-gw-mode HTTP/1.1" status: 200 len: 462 time: 0.0046203
2026-07-08 10:12:23.256 8 INFO neutron.wsgi [None req-6b5ed36e-4758-4275-9d93-651e6eefaf86 481c733c4e534b47a7afcc19a603f9e1 35e35a44c6284611a38c4516ae24e2b7 - - default default] 10.0.0.45 "GET /v2.0/extensions/logging HTTP/1.1" status: 200 len: 407 time: 0.0067282
2026-07-08 10:12:23.269 9 INFO neutron.wsgi [None req-e9fd4fb6-e46b-4b00-ba78-70e506f21522 481c733c4e534b47a7afcc19a603f9e1 35e35a44c6284611a38c4516ae24e2b7 - - default default] 10.0.0.45 "GET /v2.0/extensions/multi-provider HTTP/1.1" status: 200 len: 406 time: 0.0083811
2026-07-08 10:12:23.281 8 INFO neutron.wsgi [None req-956e5f8e-cda8-4ca8-ae25-03e53505246d 481c733c4e534b47a7afcc19a603f9e1 35e35a44c6284611a38c4516ae24e2b7 - - default default] 10.0.0.45 "GET /v2.0/extensions/net-mtu HTTP/1.1" status: 200 len: 370 time: 0.0069711
2026-07-08 10:12:23.294 8 INFO neutron.wsgi [None req-e6cddbe1-1e31-4373-8388-1663e8bc1fe6 481c733c4e534b47a7afcc19a603f9e1 35e35a44c6284611a38c4516ae24e2b7 - - default default] 10.0.0.45 "GET /v2.0/extensions/net-mtu-writable HTTP/1.1" status: 200 len: 401 time: 0.0091119
2026-07-08 10:12:23.309 9 INFO neutron.wsgi [None req-16e70ef6-04f2-4771-af00-66c70870bd3e 481c733c4e534b47a7afcc19a603f9e1 35e35a44c6284611a38c4516ae24e2b7 - - default default] 10.0.0.45 "GET /v2.0/extensions/network_availability_zone HTTP/1.1" status: 200 len: 394 time: 0.0098610
2026-07-08 10:12:23.320 8 INFO neutron.wsgi [None req-a19cf469-e9e1-453e-8952-c13aa5a59a59 481c733c4e534b47a7afcc19a603f9e1 35e35a44c6284611a38c4516ae24e2b7 - - default default] 10.0.0.45 "GET /v2.0/extensions/network-ip-availability HTTP/1.1" status: 200 len: 410 time: 0.0057280
2026-07-08 10:12:23.329 9 INFO neutron.wsgi [None req-695dcfb0-02ee-467f-91ff-8dc4ce2656c0 481c733c4e534b47a7afcc19a603f9e1 35e35a44c6284611a38c4516ae24e2b7 - - default default] 10.0.0.45 "GET /v2.0/extensions/pagination HTTP/1.1" status: 200 len: 386 time: 0.0055854
2026-07-08 10:12:23.335 9 INFO neutron.db.l3_db [None req-14f54ba0-608e-4d65-89f8-1aefbc8e2679 88d1145700d14b818ea92c0ac05da2bf 77ae231b9f6b407fa54a061993df2ead - - default default] Floating IP f8402e3a-f9f2-4d79-9fd9-b1e01e5bb480 associated. External IP: 10.96.250.211, port: 254c71da-aaa2-4fd9-9430-81d0b421e596.
2026-07-08 10:12:23.340 8 INFO neutron.wsgi [None req-70a25d95-63dc-4181-aeb3-8b86f9353cab 481c733c4e534b47a7afcc19a603f9e1 35e35a44c6284611a38c4516ae24e2b7 - - default default] 10.0.0.45 "GET /v2.0/extensions/port-device-profile HTTP/1.1" status: 200 len: 383 time: 0.0080276
2026-07-08 10:12:23.351 8 INFO neutron.wsgi [None req-92927c27-b749-49b0-a3e1-d249ceddd6c3 481c733c4e534b47a7afcc19a603f9e1 35e35a44c6284611a38c4516ae24e2b7 - - default default] 10.0.0.45 "GET /v2.0/extensions/port-mac-address-regenerate HTTP/1.1" status: 200 len: 403 time: 0.0062044
2026-07-08 10:12:23.360 8 INFO neutron.wsgi [None req-d0cf9186-9afc-44a6-abd3-370932274b6f 481c733c4e534b47a7afcc19a603f9e1 35e35a44c6284611a38c4516ae24e2b7 - - default default] 10.0.0.45 "GET /v2.0/extensions/port-numa-affinity-policy HTTP/1.1" status: 200 len: 392 time: 0.0041616
2026-07-08 10:12:23.373 9 INFO neutron.wsgi [None req-71eb03a0-1b17-424d-8040-54e82b44f2cf 481c733c4e534b47a7afcc19a603f9e1 35e35a44c6284611a38c4516ae24e2b7 - - default default] 10.0.0.45 "GET /v2.0/extensions/port-resource-request HTTP/1.1" status: 200 len: 379 time: 0.0063179
2026-07-08 10:12:23.383 9 INFO neutron.wsgi [None req-1c9d8ba2-21ae-42b1-abbb-2094dce134f7 481c733c4e534b47a7afcc19a603f9e1 35e35a44c6284611a38c4516ae24e2b7 - - default default] 10.0.0.45 "GET /v2.0/extensions/port-resource-request-groups HTTP/1.1" status: 200 len: 465 time: 0.0038600
2026-07-08 10:12:23.392 8 INFO neutron.wsgi [None req-4282fd1a-38e1-43bd-80a5-5f900357fd34 481c733c4e534b47a7afcc19a603f9e1 35e35a44c6284611a38c4516ae24e2b7 - - default default] 10.0.0.45 "GET /v2.0/extensions/binding HTTP/1.1" status: 200 len: 387 time: 0.0059595
2026-07-08 10:12:23.401 8 INFO neutron.wsgi [None req-b20890ad-c081-475d-8b43-a8df54cc97c8 481c733c4e534b47a7afcc19a603f9e1 35e35a44c6284611a38c4516ae24e2b7 - - default default] 10.0.0.45 "GET /v2.0/extensions/binding-extended HTTP/1.1" status: 200 len: 406 time: 0.0048666
2026-07-08 10:12:23.416 9 INFO neutron.wsgi [None req-c7a2dc47-cdf9-4e79-a81a-28462db946ab 481c733c4e534b47a7afcc19a603f9e1 35e35a44c6284611a38c4516ae24e2b7 - - default default] 10.0.0.45 "GET /v2.0/extensions/port-security HTTP/1.1" status: 200 len: 354 time: 0.0106890
2026-07-08 10:12:23.428 9 INFO neutron.wsgi [None req-2697cc2e-eee1-4193-b240-8abcd6d21a58 481c733c4e534b47a7afcc19a603f9e1 35e35a44c6284611a38c4516ae24e2b7 - - default default] 10.0.0.45 "GET /v2.0/extensions/project-id HTTP/1.1" status: 200 len: 398 time: 0.0062280
2026-07-08 10:12:23.436 9 INFO neutron.wsgi [None req-8f0737ea-3fe3-4fad-a484-e2a6c86d9a57 481c733c4e534b47a7afcc19a603f9e1 35e35a44c6284611a38c4516ae24e2b7 - - default default] 10.0.0.45 "GET /v2.0/extensions/provider HTTP/1.1" status: 200 len: 385 time: 0.0039041
2026-07-08 10:12:23.455 8 INFO neutron.wsgi [None req-f9a50883-9bf2-4fa1-aeab-f296ef8ac587 481c733c4e534b47a7afcc19a603f9e1 35e35a44c6284611a38c4516ae24e2b7 - - default default] 10.0.0.45 "GET /v2.0/extensions/qos HTTP/1.1" status: 200 len: 360 time: 0.0065048
2026-07-08 10:12:23.465 8 INFO neutron.wsgi [None req-c1f09312-b6ac-4a41-9602-15e00b1d660e 481c733c4e534b47a7afcc19a603f9e1 35e35a44c6284611a38c4516ae24e2b7 - - default default] 10.0.0.45 "GET /v2.0/extensions/qos-bw-limit-direction HTTP/1.1" status: 200 len: 452 time: 0.0047798
2026-07-08 10:12:23.474 8 INFO neutron.wsgi [None req-517a9458-70fd-4539-b1b4-eb569a18ad33 481c733c4e534b47a7afcc19a603f9e1 35e35a44c6284611a38c4516ae24e2b7 - - default default] 10.0.0.45 "GET /v2.0/extensions/qos-bw-minimum-ingress HTTP/1.1" status: 200 len: 445 time: 0.0060070
2026-07-08 10:12:23.485 8 INFO neutron.wsgi [None req-13dc7a72-b89e-47e7-8a11-020dfe9ddf0a 481c733c4e534b47a7afcc19a603f9e1 35e35a44c6284611a38c4516ae24e2b7 - - default default] 10.0.0.45 "GET /v2.0/extensions/qos-default HTTP/1.1" status: 200 len: 377 time: 0.0057731
2026-07-08 10:12:23.496 8 INFO neutron.wsgi [None req-caacc9be-e8a0-4dea-86d8-c4f20fe56b9d 481c733c4e534b47a7afcc19a603f9e1 35e35a44c6284611a38c4516ae24e2b7 - - default default] 10.0.0.45 "GET /v2.0/extensions/qos-fip HTTP/1.1" status: 200 len: 372 time: 0.0048144
2026-07-08 10:12:23.505 8 INFO neutron.wsgi [None req-33e63c62-619c-4322-a44c-9b702a6d0eb3 481c733c4e534b47a7afcc19a603f9e1 35e35a44c6284611a38c4516ae24e2b7 - - default default] 10.0.0.45 "GET /v2.0/extensions/qos-gateway-ip HTTP/1.1" status: 200 len: 391 time: 0.0055110
2026-07-08 10:12:23.514 8 INFO neutron.wsgi [None req-cd21938d-66a4-429a-8450-88484b666326 481c733c4e534b47a7afcc19a603f9e1 35e35a44c6284611a38c4516ae24e2b7 - - default default] 10.0.0.45 "GET /v2.0/extensions/qos-port-network-policy HTTP/1.1" status: 200 len: 403 time: 0.0042441
2026-07-08 10:12:23.526 9 INFO neutron.wsgi [None req-9a255e5d-36ab-470e-8efa-26a783c5adc7 481c733c4e534b47a7afcc19a603f9e1 35e35a44c6284611a38c4516ae24e2b7 - - default default] 10.0.0.45 "GET /v2.0/extensions/qos-pps-minimum HTTP/1.1" status: 200 len: 397 time: 0.0060241
2026-07-08 10:12:23.540 9 INFO neutron.wsgi [None req-16fdf66c-b695-4b9b-b0f3-c75bb3065968 481c733c4e534b47a7afcc19a603f9e1 35e35a44c6284611a38c4516ae24e2b7 - - default default] 10.0.0.45 "GET /v2.0/extensions/qos-pps-minimum-rule-alias HTTP/1.1" status: 200 len: 471 time: 0.0036492 /var/lib/openstack/lib/python3.10/site-packages/pycadf/identifier.py:71: UserWarning: Invalid uuid: neutron. To ensure interoperability, identifiers should be a valid uuid. warnings.warn(('Invalid uuid: %s. To ensure interoperability, '
2026-07-08 10:12:23.565 8 INFO neutron.wsgi [None req-b85836cc-b4a1-4e23-a912-ff12cb96e89f 481c733c4e534b47a7afcc19a603f9e1 35e35a44c6284611a38c4516ae24e2b7 - - default default] 10.0.0.45 "GET /v2.0/extensions/qos-pps HTTP/1.1" status: 200 len: 389 time: 0.0111587
2026-07-08 10:12:23.575 9 INFO neutron.wsgi [None req-d4738d95-11e1-47f6-9f45-d8cb9bac11a2 481c733c4e534b47a7afcc19a603f9e1 35e35a44c6284611a38c4516ae24e2b7 - - default default] 10.0.0.45 "GET /v2.0/extensions/qos-rule-type-details HTTP/1.1" status: 200 len: 423 time: 0.0063760
2026-07-08 10:12:23.585 9 INFO neutron.wsgi [None req-f6fd8e15-e7a0-4bb9-b2fc-fc0d0f6a0fbb 481c733c4e534b47a7afcc19a603f9e1 35e35a44c6284611a38c4516ae24e2b7 - - default default] 10.0.0.45 "GET /v2.0/extensions/qos-rule-type-filter HTTP/1.1" status: 200 len: 567 time: 0.0044432
2026-07-08 10:12:23.587 9 WARNING neutron.plugins.ml2.drivers.ovn.mech_driver.ovsdb.ovn_client [None req-766bf85d-b69e-4cc9-8b7a-b1f60f779492 - - - - - -] No hosting information found for port b5c20acf-3b0c-445b-9143-384ecc6068da: RuntimeError: No hosting information found for port b5c20acf-3b0c-445b-9143-384ecc6068da
2026-07-08 10:12:23.588 9 INFO neutron.plugins.ml2.drivers.ovn.mech_driver.mech_driver [None req-766bf85d-b69e-4cc9-8b7a-b1f60f779492 - - - - - -] OVN reports status up for port: 1dc5fa96-8f6a-4043-95bc-f7102c2c1424
2026-07-08 10:12:23.595 8 INFO neutron.wsgi [None req-5b1fb85b-a679-4f3f-97ad-452ff23508f6 481c733c4e534b47a7afcc19a603f9e1 35e35a44c6284611a38c4516ae24e2b7 - - default default] 10.0.0.45 "GET /v2.0/extensions/qos-rules-alias HTTP/1.1" status: 200 len: 448 time: 0.0050368
2026-07-08 10:12:23.600 9 INFO neutron.db.ovn_revision_numbers_db [None req-14f54ba0-608e-4d65-89f8-1aefbc8e2679 88d1145700d14b818ea92c0ac05da2bf 77ae231b9f6b407fa54a061993df2ead - - default default] Successfully bumped revision number for resource f8402e3a-f9f2-4d79-9fd9-b1e01e5bb480 (type: floatingips) to 0
2026-07-08 10:12:23.604 8 INFO neutron.wsgi [None req-2ec76ffd-2b04-4f85-9c51-cadee4dd7cbe 481c733c4e534b47a7afcc19a603f9e1 35e35a44c6284611a38c4516ae24e2b7 - - default default] 10.0.0.45 "GET /v2.0/extensions/quota-check-limit HTTP/1.1" status: 200 len: 420 time: 0.0052142
2026-07-08 10:12:23.618 8 INFO neutron.wsgi [None req-0bf7c24c-46c5-4cd1-ab67-49c3166866b9 481c733c4e534b47a7afcc19a603f9e1 35e35a44c6284611a38c4516ae24e2b7 - - default default] 10.0.0.45 "GET /v2.0/extensions/quotas HTTP/1.1" status: 200 len: 386 time: 0.0054986
2026-07-08 10:12:23.628 9 INFO neutron.wsgi [None req-1d223df6-665e-4d76-8e16-5626af1aa2b4 481c733c4e534b47a7afcc19a603f9e1 35e35a44c6284611a38c4516ae24e2b7 - - default default] 10.0.0.45 "GET /v2.0/extensions/quota_details HTTP/1.1" status: 200 len: 407 time: 0.0065460
2026-07-08 10:12:23.638 8 INFO neutron.wsgi [None req-2c3738fe-ad31-41c1-8529-71f6e97d6726 481c733c4e534b47a7afcc19a603f9e1 35e35a44c6284611a38c4516ae24e2b7 - - default default] 10.0.0.45 "GET /v2.0/extensions/rbac-policies HTTP/1.1" status: 200 len: 417 time: 0.0046144
2026-07-08 10:12:23.644 8 WARNING neutron.scheduler.dhcp_agent_scheduler [None req-58179355-ba56-4d8b-8800-668b8fa20a83 08d01ca5cdc64813b55caf5a80514c10 daa2bb770383490993c28da9e11c945b - - default default] No more DHCP agents
2026-07-08 10:12:23.646 9 INFO neutron.wsgi [None req-ad43ebc6-252e-4c49-a108-8e41b30fc3c4 481c733c4e534b47a7afcc19a603f9e1 35e35a44c6284611a38c4516ae24e2b7 - - default default] 10.0.0.45 "GET /v2.0/extensions/rbac-address-scope HTTP/1.1" status: 200 len: 384 time: 0.0042942
2026-07-08 10:12:23.647 8 WARNING neutron.api.rpc.agentnotifiers.dhcp_rpc_agent_api [None req-58179355-ba56-4d8b-8800-668b8fa20a83 08d01ca5cdc64813b55caf5a80514c10 daa2bb770383490993c28da9e11c945b - - default default] Unable to schedule network 30ef56ae-0429-4b79-9d24-cdee04d42772: no agents available; will retry on subsequent port and subnet creation events.
2026-07-08 10:12:23.655 9 INFO neutron.wsgi [None req-7fa0fe5f-bfe6-4fb2-9a01-7426f9aeec87 481c733c4e534b47a7afcc19a603f9e1 35e35a44c6284611a38c4516ae24e2b7 - - default default] 10.0.0.45 "GET /v2.0/extensions/rbac-security-groups HTTP/1.1" status: 200 len: 404 time: 0.0056076
2026-07-08 10:12:23.665 9 INFO neutron.wsgi [None req-d630eebe-8dc2-456d-bf44-92dbf071b9f5 481c733c4e534b47a7afcc19a603f9e1 35e35a44c6284611a38c4516ae24e2b7 - - default default] 10.0.0.45 "GET /v2.0/extensions/revision-if-match HTTP/1.1" status: 200 len: 441 time: 0.0061271
2026-07-08 10:12:23.675 9 INFO neutron.wsgi [None req-175514f2-bc96-46d4-bad9-fb21b280ad04 481c733c4e534b47a7afcc19a603f9e1 35e35a44c6284611a38c4516ae24e2b7 - - default default] 10.0.0.45 "GET /v2.0/extensions/standard-attr-revisions HTTP/1.1" status: 200 len: 423 time: 0.0058370
2026-07-08 10:12:23.682 9 INFO neutron.wsgi [None req-46f63c5f-a83f-412f-bf9e-b8e1cfe4e0e4 481c733c4e534b47a7afcc19a603f9e1 35e35a44c6284611a38c4516ae24e2b7 - - default default] 10.0.0.45 "GET /v2.0/extensions/router_availability_zone HTTP/1.1" status: 200 len: 391 time: 0.0032773
2026-07-08 10:12:23.694 9 INFO neutron.wsgi [None req-b4d0733f-369e-4d9a-a572-822bd2e3e1a6 481c733c4e534b47a7afcc19a603f9e1 35e35a44c6284611a38c4516ae24e2b7 - - default default] 10.0.0.45 "GET /v2.0/extensions/security-groups-normalized-cidr HTTP/1.1" status: 200 len: 445 time: 0.0061154
2026-07-08 10:12:23.708 9 INFO neutron.wsgi [None req-db69e8fb-7be9-4b42-8d55-d68038ea6f9c 481c733c4e534b47a7afcc19a603f9e1 35e35a44c6284611a38c4516ae24e2b7 - - default default] 10.0.0.45 "GET /v2.0/extensions/security-groups-remote-address-group HTTP/1.1" status: 200 len: 448 time: 0.0043092
2026-07-08 10:12:23.719 9 INFO neutron.wsgi [None req-7b40f790-ca3e-454e-b0c0-996756fe44f2 481c733c4e534b47a7afcc19a603f9e1 35e35a44c6284611a38c4516ae24e2b7 - - default default] 10.0.0.45 "GET /v2.0/extensions/security-groups-shared-filtering HTTP/1.1" status: 200 len: 435 time: 0.0062985
2026-07-08 10:12:23.732 9 INFO neutron.db.ovn_revision_numbers_db [None req-14f54ba0-608e-4d65-89f8-1aefbc8e2679 88d1145700d14b818ea92c0ac05da2bf 77ae231b9f6b407fa54a061993df2ead - - default default] Successfully bumped revision number for resource f8402e3a-f9f2-4d79-9fd9-b1e01e5bb480 (type: floatingips) to 1
2026-07-08 10:12:23.739 8 INFO neutron.wsgi [None req-52e3e1a9-cc92-408f-8a06-96ef36f173b0 481c733c4e534b47a7afcc19a603f9e1 35e35a44c6284611a38c4516ae24e2b7 - - default default] 10.0.0.45 "GET /v2.0/extensions/security-group HTTP/1.1" status: 200 len: 364 time: 0.0145245
2026-07-08 10:12:23.749 9 INFO neutron.wsgi [None req-aeefd79d-ac4c-4768-a407-5f52050af8e2 481c733c4e534b47a7afcc19a603f9e1 35e35a44c6284611a38c4516ae24e2b7 - - default default] 10.0.0.45 "GET /v2.0/extensions/segment HTTP/1.1" status: 200 len: 339 time: 0.0051687
2026-07-08 10:12:23.761 9 INFO neutron.wsgi [None req-6c6bb013-f73a-46cc-a3a9-ccd64dff53df 481c733c4e534b47a7afcc19a603f9e1 35e35a44c6284611a38c4516ae24e2b7 - - default default] 10.0.0.45 "GET /v2.0/extensions/segments-peer-subnet-host-routes HTTP/1.1" status: 200 len: 427 time: 0.0039792
