2026-07-08 10:13:42.752 8 INFO neutron.wsgi [None req-76542792-f693-4b96-9f62-c7316b8d7769 34afd7ac18ce42a0a58e9bb4c8b7ad16 6c22d2c12f874c03bad5e8e886fb4f1e - - default default] 10.0.0.45 "POST /v2.0/security-group-rules HTTP/1.1" status: 201 len: 764 time: 0.2104454
2026-07-08 10:13:42.798 8 INFO neutron.wsgi [None req-efb96490-32ab-4392-82b3-a3743fa30058 3f0a4a06c0414bf2ada490e59a6d2661 42b14c0074a84c9f8be4d210902b60ea - - default default] 10.0.0.45 "GET /v2.0/subnets?not-tags-any=red%2Cblue HTTP/1.1" status: 200 len: 2018 time: 0.0642738
2026-07-08 10:13:43.059 8 INFO neutron.wsgi [None req-687a169a-5025-4c27-a2e8-b93aaf60be62 3f0a4a06c0414bf2ada490e59a6d2661 42b14c0074a84c9f8be4d210902b60ea - - default default] 10.0.0.45 "DELETE /v2.0/subnets/3dc1ff9f-e93a-404d-bc69-56a44650e4ca HTTP/1.1" status: 204 len: 168 time: 0.2541144
2026-07-08 10:13:43.067 9 WARNING neutron.scheduler.dhcp_agent_scheduler [None req-9b5b9508-e90e-45fd-976e-c2579df3926a 35dcd410073f490682adea804f70dc6c 9047ac7d78b643f1acd888d48c19a35f - - default default] No more DHCP agents
2026-07-08 10:13:43.078 9 WARNING neutron.api.rpc.agentnotifiers.dhcp_rpc_agent_api [None req-9b5b9508-e90e-45fd-976e-c2579df3926a 35dcd410073f490682adea804f70dc6c 9047ac7d78b643f1acd888d48c19a35f - - default default] Unable to schedule network 517e9510-8a56-43f9-ba36-c7f1832c189d: no agents available; will retry on subsequent port and subnet creation events.
2026-07-08 10:13:43.186 9 INFO neutron.db.ovn_revision_numbers_db [None req-9b5b9508-e90e-45fd-976e-c2579df3926a 35dcd410073f490682adea804f70dc6c 9047ac7d78b643f1acd888d48c19a35f - - default default] Successfully bumped revision number for resource f9e8bfc3-72ae-405f-a122-d8faeed89f5f (type: ports) to 1
2026-07-08 10:13:43.210 9 INFO neutron.wsgi [None req-9b5b9508-e90e-45fd-976e-c2579df3926a 35dcd410073f490682adea804f70dc6c 9047ac7d78b643f1acd888d48c19a35f - - default default] 10.0.0.45 "POST /v2.0/networks HTTP/1.1" status: 201 len: 928 time: 1.0336900
2026-07-08 10:13:43.269 9 INFO neutron.db.ovn_revision_numbers_db [None req-67506979-e837-418c-a489-073f5698bfce 34afd7ac18ce42a0a58e9bb4c8b7ad16 6c22d2c12f874c03bad5e8e886fb4f1e - - default default] Successfully bumped revision number for resource 4c2a1623-cd79-4cd1-8f8d-8a7c69b83331 (type: security_group_rules) to 0
2026-07-08 10:13:43.301 8 INFO neutron.wsgi [None req-740109ca-004d-4b7e-9904-8fc63ed419be 3f0a4a06c0414bf2ada490e59a6d2661 42b14c0074a84c9f8be4d210902b60ea - - default default] 10.0.0.45 "DELETE /v2.0/subnets/a65acb7e-1ee1-4acc-986d-4368b1362a4b HTTP/1.1" status: 204 len: 168 time: 0.2358470
2026-07-08 10:13:43.304 9 INFO neutron.wsgi [None req-67506979-e837-418c-a489-073f5698bfce 34afd7ac18ce42a0a58e9bb4c8b7ad16 6c22d2c12f874c03bad5e8e886fb4f1e - - default default] 10.0.0.45 "POST /v2.0/security-group-rules HTTP/1.1" status: 201 len: 763 time: 0.2391670
2026-07-08 10:13:43.407 9 WARNING neutron.scheduler.dhcp_agent_scheduler [None req-c4a45f14-f4f9-4cf1-86b4-cd167756e018 35dcd410073f490682adea804f70dc6c 9047ac7d78b643f1acd888d48c19a35f - - default default] No more DHCP agents
2026-07-08 10:13:43.410 9 WARNING neutron.api.rpc.agentnotifiers.dhcp_rpc_agent_api [None req-c4a45f14-f4f9-4cf1-86b4-cd167756e018 35dcd410073f490682adea804f70dc6c 9047ac7d78b643f1acd888d48c19a35f - - default default] Unable to schedule network 517e9510-8a56-43f9-ba36-c7f1832c189d: no agents available; will retry on subsequent port and subnet creation events.
2026-07-08 10:13:43.491 9 INFO neutron.db.ovn_revision_numbers_db [None req-0266c507-99bc-4248-8c39-cc12d0310b70 34afd7ac18ce42a0a58e9bb4c8b7ad16 6c22d2c12f874c03bad5e8e886fb4f1e - - default default] Successfully bumped revision number for resource ac38bb45-5198-486e-be74-f394129e4e72 (type: security_group_rules) to 0
2026-07-08 10:13:43.519 8 INFO neutron.wsgi [None req-2b5e5457-c075-4c06-af7f-dc0bf9b2251b 3f0a4a06c0414bf2ada490e59a6d2661 42b14c0074a84c9f8be4d210902b60ea - - default default] 10.0.0.45 "DELETE /v2.0/subnets/f2c7d564-0dd9-45ce-aa48-b2af46d62fca HTTP/1.1" status: 204 len: 168 time: 0.2124295
2026-07-08 10:13:43.535 9 INFO neutron.wsgi [None req-0266c507-99bc-4248-8c39-cc12d0310b70 34afd7ac18ce42a0a58e9bb4c8b7ad16 6c22d2c12f874c03bad5e8e886fb4f1e - - default default] 10.0.0.45 "POST /v2.0/security-group-rules HTTP/1.1" status: 201 len: 769 time: 0.2268169
2026-07-08 10:13:43.721 8 INFO neutron.db.ovn_revision_numbers_db [None req-17bcf65c-54f3-45b9-bd22-43ec8e07c515 34afd7ac18ce42a0a58e9bb4c8b7ad16 6c22d2c12f874c03bad5e8e886fb4f1e - - default default] Successfully bumped revision number for resource 640c49c3-c0bd-496d-8b46-d619afa30c63 (type: security_group_rules) to 0
2026-07-08 10:13:43.748 8 INFO neutron.wsgi [None req-17bcf65c-54f3-45b9-bd22-43ec8e07c515 34afd7ac18ce42a0a58e9bb4c8b7ad16 6c22d2c12f874c03bad5e8e886fb4f1e - - default default] 10.0.0.45 "POST /v2.0/security-group-rules HTTP/1.1" status: 201 len: 768 time: 0.2028949
2026-07-08 10:13:43.764 8 INFO neutron.wsgi [None req-686907dd-8135-476d-ad56-49b326dcb9bb 3f0a4a06c0414bf2ada490e59a6d2661 42b14c0074a84c9f8be4d210902b60ea - - default default] 10.0.0.45 "DELETE /v2.0/subnets/6e5d30ce-c265-410f-877e-0ac549fec171 HTTP/1.1" status: 204 len: 168 time: 0.2404430
2026-07-08 10:13:43.787 9 INFO neutron.db.securitygroups_db [None req-0198f489-8c14-496f-8ba0-e380000a8e22 34afd7ac18ce42a0a58e9bb4c8b7ad16 6c22d2c12f874c03bad5e8e886fb4f1e - - default default] Project 6c22d2c12f874c03bad5e8e886fb4f1e added a security group rule with legacy IPv6 ICMP protocol name icmp, ipv6-icmp should be used instead. It was automatically converted.
2026-07-08 10:13:43.944 9 INFO neutron.db.ovn_revision_numbers_db [None req-c4a45f14-f4f9-4cf1-86b4-cd167756e018 35dcd410073f490682adea804f70dc6c 9047ac7d78b643f1acd888d48c19a35f - - default default] Successfully bumped revision number for resource f9e8bfc3-72ae-405f-a122-d8faeed89f5f (type: ports) to 2
2026-07-08 10:13:43.945 9 INFO neutron.db.ovn_revision_numbers_db [None req-0198f489-8c14-496f-8ba0-e380000a8e22 34afd7ac18ce42a0a58e9bb4c8b7ad16 6c22d2c12f874c03bad5e8e886fb4f1e - - default default] Successfully bumped revision number for resource 43704932-d3a0-421a-bba3-3079869ed4f1 (type: security_group_rules) to 0
2026-07-08 10:13:43.977 9 INFO neutron.wsgi [None req-0198f489-8c14-496f-8ba0-e380000a8e22 34afd7ac18ce42a0a58e9bb4c8b7ad16 6c22d2c12f874c03bad5e8e886fb4f1e - - default default] 10.0.0.45 "POST /v2.0/security-group-rules HTTP/1.1" status: 201 len: 774 time: 0.2229266
2026-07-08 10:13:43.977 8 INFO neutron.wsgi [None req-5619de3c-0461-49da-b204-2aae2e3c8b03 3f0a4a06c0414bf2ada490e59a6d2661 42b14c0074a84c9f8be4d210902b60ea - - default default] 10.0.0.45 "DELETE /v2.0/subnets/8c5e8a94-9ba1-4ddb-9183-015ee0ca23d2 HTTP/1.1" status: 204 len: 168 time: 0.2083220
2026-07-08 10:13:44.004 8 INFO neutron.db.securitygroups_db [None req-83936334-7698-4423-a3eb-c84b66c82f7c 34afd7ac18ce42a0a58e9bb4c8b7ad16 6c22d2c12f874c03bad5e8e886fb4f1e - - default default] Project 6c22d2c12f874c03bad5e8e886fb4f1e added a security group rule with legacy IPv6 ICMP protocol name icmp, ipv6-icmp should be used instead. It was automatically converted.
2026-07-08 10:13:44.006 9 INFO neutron.db.ovn_revision_numbers_db [None req-c4a45f14-f4f9-4cf1-86b4-cd167756e018 35dcd410073f490682adea804f70dc6c 9047ac7d78b643f1acd888d48c19a35f - - default default] Successfully bumped revision number for resource 96d23aa4-2ca4-4935-beb5-ff6f387b819c (type: subnets) to 0
2026-07-08 10:13:44.030 9 INFO neutron.wsgi [None req-c4a45f14-f4f9-4cf1-86b4-cd167756e018 35dcd410073f490682adea804f70dc6c 9047ac7d78b643f1acd888d48c19a35f - - default default] 10.0.0.45 "POST /v2.0/subnets HTTP/1.1" status: 201 len: 822 time: 0.8133395
2026-07-08 10:13:44.122 8 INFO neutron.db.ovn_revision_numbers_db [None req-83936334-7698-4423-a3eb-c84b66c82f7c 34afd7ac18ce42a0a58e9bb4c8b7ad16 6c22d2c12f874c03bad5e8e886fb4f1e - - default default] Successfully bumped revision number for resource 0ccf4e49-a941-4ac1-b357-c991b1eabe58 (type: security_group_rules) to 0
2026-07-08 10:13:44.145 8 INFO neutron.wsgi [None req-83936334-7698-4423-a3eb-c84b66c82f7c 34afd7ac18ce42a0a58e9bb4c8b7ad16 6c22d2c12f874c03bad5e8e886fb4f1e - - default default] 10.0.0.45 "POST /v2.0/security-group-rules HTTP/1.1" status: 201 len: 773 time: 0.1601667
2026-07-08 10:13:44.471 9 INFO neutron.wsgi [None req-a153be6a-e410-42e5-b117-5ffb48ccde27 35dcd410073f490682adea804f70dc6c 9047ac7d78b643f1acd888d48c19a35f - - default default] 10.0.0.45 "POST /v2.0/rbac-policies HTTP/1.1" status: 201 len: 523 time: 0.4327607
2026-07-08 10:13:44.527 9 INFO neutron.services.segments.plugin [-] Segment a3d058e4-0298-4372-bb14-5ebcbeac838e resource provider aggregate not found
2026-07-08 10:13:44.531 9 INFO neutron.services.segments.plugin [-] Segment a3d058e4-0298-4372-bb14-5ebcbeac838e resource provider aggregate not found
2026-07-08 10:13:44.549 9 INFO neutron.services.segments.plugin [-] Segment a3d058e4-0298-4372-bb14-5ebcbeac838e resource provider not found; error: Placement Client Error (4xx): {"errors": [{"status": 404, "title": "Not Found", "detail": "The resource could not be found.\n\n No resource provider with uuid a3d058e4-0298-4372-bb14-5ebcbeac838e found for delete ", "request_id": "req-2704e824-718c-4f4f-9a73-384cf8ec52e5"}]}
2026-07-08 10:13:44.551 9 INFO neutron.services.segments.plugin [-] Segment a3d058e4-0298-4372-bb14-5ebcbeac838e resource provider not found; error: Placement Client Error (4xx): {"errors": [{"status": 404, "title": "Not Found", "detail": "The resource could not be found.\n\n No resource provider with uuid a3d058e4-0298-4372-bb14-5ebcbeac838e found for delete ", "request_id": "req-189f1fd9-d360-4b5a-81f1-8907f2f206e3"}]}
2026-07-08 10:13:44.592 9 INFO neutron.wsgi [None req-2a62db7e-3a8a-41e8-a4eb-7cee40a1de30 3f0a4a06c0414bf2ada490e59a6d2661 42b14c0074a84c9f8be4d210902b60ea - - default default] 10.0.0.45 "DELETE /v2.0/networks/b013a7d8-3a63-4180-ab89-79a23f966e3b HTTP/1.1" status: 204 len: 168 time: 0.6080508
2026-07-08 10:13:44.698 8 INFO neutron.db.ovn_revision_numbers_db [None req-4de15afd-6db1-43eb-8e5f-880074299917 34afd7ac18ce42a0a58e9bb4c8b7ad16 6c22d2c12f874c03bad5e8e886fb4f1e - - default default] Successfully bumped revision number for resource a391a9f7-30c6-4ed0-a19b-08a01c23e492 (type: security_groups) to 1
2026-07-08 10:13:44.727 8 INFO neutron.db.ovn_revision_numbers_db [None req-4de15afd-6db1-43eb-8e5f-880074299917 34afd7ac18ce42a0a58e9bb4c8b7ad16 6c22d2c12f874c03bad5e8e886fb4f1e - - default default] Successfully bumped revision number for resource 99f3a873-a9f4-47fb-a107-02423d481021 (type: security_group_rules) to 0
2026-07-08 10:13:44.744 8 INFO neutron.db.ovn_revision_numbers_db [None req-4de15afd-6db1-43eb-8e5f-880074299917 34afd7ac18ce42a0a58e9bb4c8b7ad16 6c22d2c12f874c03bad5e8e886fb4f1e - - default default] Successfully bumped revision number for resource bbbab808-d0ba-4acd-b2f9-50d190c034e6 (type: security_group_rules) to 0
2026-07-08 10:13:44.785 8 INFO neutron.wsgi [None req-4de15afd-6db1-43eb-8e5f-880074299917 34afd7ac18ce42a0a58e9bb4c8b7ad16 6c22d2c12f874c03bad5e8e886fb4f1e - - default default] 10.0.0.45 "POST /v2.0/security-groups HTTP/1.1" status: 201 len: 1796 time: 0.2727585
2026-07-08 10:13:44.898 9 INFO neutron.db.ovn_revision_numbers_db [None req-6abe3b04-a156-4228-9bd4-643154e2d2cd 34afd7ac18ce42a0a58e9bb4c8b7ad16 6c22d2c12f874c03bad5e8e886fb4f1e - - default default] Successfully bumped revision number for resource 16fd8c72-8816-43f3-958d-6ed42bd8157a (type: security_group_rules) to 0
2026-07-08 10:13:44.934 9 INFO neutron.wsgi [None req-6abe3b04-a156-4228-9bd4-643154e2d2cd 34afd7ac18ce42a0a58e9bb4c8b7ad16 6c22d2c12f874c03bad5e8e886fb4f1e - - default default] 10.0.0.45 "POST /v2.0/security-group-rules HTTP/1.1" status: 201 len: 764 time: 0.1441271
2026-07-08 10:13:44.966 8 INFO neutron.wsgi [None req-46f7438b-3ec1-41f7-8fe0-1ddb123b2398 4434767b38c7483398fea2d41e160a09 887037272a5a4e03bccf071da7f1d372 - - default default] 10.0.0.45 "GET /v2.0/networks/517e9510-8a56-43f9-ba36-c7f1832c189d HTTP/1.1" status: 200 len: 848 time: 0.1276178
2026-07-08 10:13:45.005 8 INFO neutron.services.segments.plugin [-] Segment 35db1bc6-9efd-43a1-bf57-c7c3655bb0d9 resource provider aggregate not found
2026-07-08 10:13:45.013 8 INFO neutron.services.segments.plugin [-] Segment 35db1bc6-9efd-43a1-bf57-c7c3655bb0d9 resource provider aggregate not found
2026-07-08 10:13:45.033 8 INFO neutron.services.segments.plugin [-] Segment 35db1bc6-9efd-43a1-bf57-c7c3655bb0d9 resource provider not found; error: Placement Client Error (4xx): {"errors": [{"status": 404, "title": "Not Found", "detail": "The resource could not be found.\n\n No resource provider with uuid 35db1bc6-9efd-43a1-bf57-c7c3655bb0d9 found for delete ", "request_id": "req-c97f7d55-5e4f-42fd-a87c-8ef9d7d62fe2"}]}
2026-07-08 10:13:45.034 8 INFO neutron.services.segments.plugin [-] Segment 35db1bc6-9efd-43a1-bf57-c7c3655bb0d9 resource provider not found; error: Placement Client Error (4xx): {"errors": [{"status": 404, "title": "Not Found", "detail": "The resource could not be found.\n\n No resource provider with uuid 35db1bc6-9efd-43a1-bf57-c7c3655bb0d9 found for delete ", "request_id": "req-1c18ef5b-f6df-4006-af70-7650f4f981d1"}]}
2026-07-08 10:13:45.055 8 INFO neutron.wsgi [None req-42bfec1c-d56c-496e-ba6a-ddc451320d90 3f0a4a06c0414bf2ada490e59a6d2661 42b14c0074a84c9f8be4d210902b60ea - - default default] 10.0.0.45 "DELETE /v2.0/networks/be0d501f-59b5-4009-8d1e-7fc3847790b7 HTTP/1.1" status: 204 len: 168 time: 0.4588513
2026-07-08 10:13:45.071 9 INFO neutron.db.ovn_revision_numbers_db [None req-d467def7-3246-437b-a046-e6be01dc0999 34afd7ac18ce42a0a58e9bb4c8b7ad16 6c22d2c12f874c03bad5e8e886fb4f1e - - default default] Successfully bumped revision number for resource 64880f6e-4ddd-4052-82cc-38cfde867d5d (type: security_group_rules) to 0
2026-07-08 10:13:45.101 9 INFO neutron.wsgi [None req-d467def7-3246-437b-a046-e6be01dc0999 34afd7ac18ce42a0a58e9bb4c8b7ad16 6c22d2c12f874c03bad5e8e886fb4f1e - - default default] 10.0.0.45 "POST /v2.0/security-group-rules HTTP/1.1" status: 201 len: 769 time: 0.1616309
2026-07-08 10:13:45.385 9 WARNING neutron.scheduler.dhcp_agent_scheduler [None req-8616bf3f-70b3-485e-b4e3-a36e7e3b4988 34afd7ac18ce42a0a58e9bb4c8b7ad16 6c22d2c12f874c03bad5e8e886fb4f1e - - default default] No more DHCP agents
2026-07-08 10:13:45.388 9 WARNING neutron.api.rpc.agentnotifiers.dhcp_rpc_agent_api [None req-8616bf3f-70b3-485e-b4e3-a36e7e3b4988 34afd7ac18ce42a0a58e9bb4c8b7ad16 6c22d2c12f874c03bad5e8e886fb4f1e - - default default] Unable to schedule network d73dfa33-49a4-49e0-b359-529367435d92: no agents available; will retry on subsequent port and subnet creation events.
2026-07-08 10:13:45.396 8 INFO neutron.pecan_wsgi.hooks.translation [None req-2fabfca3-0c50-4c3f-8df8-4dc45d7c24a2 08597d6accea4f0d96cef80d050e7fa4 0c7296be2b474b8e9c8560f7d3532d66 - - default default] GET failed (client error): The resource could not be found.
2026-07-08 10:13:45.397 8 INFO neutron.wsgi [None req-2fabfca3-0c50-4c3f-8df8-4dc45d7c24a2 08597d6accea4f0d96cef80d050e7fa4 0c7296be2b474b8e9c8560f7d3532d66 - - default default] 10.0.0.45 "GET /v2.0/networks/517e9510-8a56-43f9-ba36-c7f1832c189d HTTP/1.1" status: 404 len: 339 time: 0.0568836
2026-07-08 10:13:45.444 8 INFO neutron.wsgi [None req-561231d5-e336-4517-95ba-9b281836f421 3f0a4a06c0414bf2ada490e59a6d2661 42b14c0074a84c9f8be4d210902b60ea - - default default] 10.0.0.45 "DELETE /v2.0/networks/33432af3-de84-45eb-9fc5-c2f5c6c689c0 HTTP/1.1" status: 204 len: 168 time: 0.3830211
2026-07-08 10:13:45.814 9 INFO neutron.db.ovn_revision_numbers_db [None req-8616bf3f-70b3-485e-b4e3-a36e7e3b4988 34afd7ac18ce42a0a58e9bb4c8b7ad16 6c22d2c12f874c03bad5e8e886fb4f1e - - default default] Successfully bumped revision number for resource 4d19d257-4809-4f6f-8270-7ff28cc88205 (type: floatingips) to 0
2026-07-08 10:13:45.836 9 INFO neutron.wsgi [None req-8616bf3f-70b3-485e-b4e3-a36e7e3b4988 34afd7ac18ce42a0a58e9bb4c8b7ad16 6c22d2c12f874c03bad5e8e886fb4f1e - - default default] 10.0.0.45 "POST /v2.0/floatingips HTTP/1.1" status: 201 len: 751 time: 0.7270761
2026-07-08 10:13:45.929 9 INFO neutron.wsgi [None req-c41da44d-db38-478e-ab8b-4237a2f18b9d 3f0a4a06c0414bf2ada490e59a6d2661 42b14c0074a84c9f8be4d210902b60ea - - default default] 10.0.0.45 "DELETE /v2.0/networks/89be2c80-da46-430d-b3f6-043b9cd2c4e3 HTTP/1.1" status: 204 len: 168 time: 0.4801776
2026-07-08 10:13:45.933 8 INFO neutron.wsgi [None req-413c9c4a-6283-4f19-9b4e-037736c62cb8 35dcd410073f490682adea804f70dc6c 9047ac7d78b643f1acd888d48c19a35f - - default default] 10.0.0.45 "DELETE /v2.0/networks/517e9510-8a56-43f9-ba36-c7f1832c189d HTTP/1.1" status: 204 len: 168 time: 0.5311198
2026-07-08 10:13:45.966 9 INFO neutron.pecan_wsgi.hooks.translation [None req-203e6946-580a-4572-a1d8-50dad3f71f92 35dcd410073f490682adea804f70dc6c 9047ac7d78b643f1acd888d48c19a35f - - default default] DELETE failed (client error): The resource could not be found.
2026-07-08 10:13:45.969 9 INFO neutron.wsgi [None req-203e6946-580a-4572-a1d8-50dad3f71f92 35dcd410073f490682adea804f70dc6c 9047ac7d78b643f1acd888d48c19a35f - - default default] 10.0.0.45 "DELETE /v2.0/subnets/bb899336-5c1d-4acb-8819-83eaff2d701d HTTP/1.1" status: 404 len: 337 time: 0.0255837
2026-07-08 10:13:45.990 9 INFO neutron.pecan_wsgi.hooks.translation [None req-6cef7180-8186-4e7c-9fd1-2daf6e64f74c 35dcd410073f490682adea804f70dc6c 9047ac7d78b643f1acd888d48c19a35f - - default default] DELETE failed (client error): The resource could not be found.
2026-07-08 10:13:45.992 9 INFO neutron.wsgi [None req-6cef7180-8186-4e7c-9fd1-2daf6e64f74c 35dcd410073f490682adea804f70dc6c 9047ac7d78b643f1acd888d48c19a35f - - default default] 10.0.0.45 "DELETE /v2.0/subnets/20971ccf-2128-4cb7-9782-c4b92527ef31 HTTP/1.1" status: 404 len: 337 time: 0.0190799
2026-07-08 10:13:45.996 9 INFO neutron.wsgi [req-68584c58-1bbe-4301-ba21-51c678784185 req-5d24c9e2-50eb-459f-8b65-8f5e5d21d224 34afd7ac18ce42a0a58e9bb4c8b7ad16 6c22d2c12f874c03bad5e8e886fb4f1e - - default default] 10.0.0.37 "GET /v2.0/security-groups?name=tempest-securitygroup--1965704899&fields=id&tenant_id=6c22d2c12f874c03bad5e8e886fb4f1e HTTP/1.1" status: 200 len: 267 time: 0.0838184
2026-07-08 10:13:46.014 9 INFO neutron.pecan_wsgi.hooks.translation [None req-7a8604d6-187a-4a90-9745-d92ff206da60 35dcd410073f490682adea804f70dc6c 9047ac7d78b643f1acd888d48c19a35f - - default default] DELETE failed (client error): The resource could not be found.
2026-07-08 10:13:46.016 9 INFO neutron.wsgi [None req-7a8604d6-187a-4a90-9745-d92ff206da60 35dcd410073f490682adea804f70dc6c 9047ac7d78b643f1acd888d48c19a35f - - default default] 10.0.0.45 "DELETE /v2.0/subnets/96d23aa4-2ca4-4935-beb5-ff6f387b819c HTTP/1.1" status: 404 len: 337 time: 0.0190091
2026-07-08 10:13:46.048 9 INFO neutron.wsgi [req-68584c58-1bbe-4301-ba21-51c678784185 req-dc84c929-b609-4154-96bd-50f1eac48be3 34afd7ac18ce42a0a58e9bb4c8b7ad16 6c22d2c12f874c03bad5e8e886fb4f1e - - default default] 10.0.0.37 "GET /v2.0/security-groups?name=tempest-secgroup-smoke-416522165&fields=id&tenant_id=6c22d2c12f874c03bad5e8e886fb4f1e HTTP/1.1" status: 200 len: 267 time: 0.0447836
2026-07-08 10:13:46.146 9 INFO neutron.wsgi [req-68584c58-1bbe-4301-ba21-51c678784185 req-75775fb2-4fd2-453c-8520-455eb6548286 34afd7ac18ce42a0a58e9bb4c8b7ad16 6c22d2c12f874c03bad5e8e886fb4f1e - - default default] 10.0.0.37 "GET /v2.0/networks?id=0f9702ba-c966-42c1-8310-b1425bc4473d HTTP/1.1" status: 200 len: 871 time: 0.0905159
2026-07-08 10:13:46.171 9 INFO neutron.wsgi [req-68584c58-1bbe-4301-ba21-51c678784185 req-1a5ffc4d-301e-4866-bca0-def551854204 34afd7ac18ce42a0a58e9bb4c8b7ad16 6c22d2c12f874c03bad5e8e886fb4f1e - - default default] 10.0.0.37 "GET /v2.0/quotas/6c22d2c12f874c03bad5e8e886fb4f1e HTTP/1.1" status: 200 len: 386 time: 0.0179703
2026-07-08 10:13:46.268 9 INFO neutron.wsgi [req-68584c58-1bbe-4301-ba21-51c678784185 req-b8885afa-0889-43d5-9684-858efe89a4ef 34afd7ac18ce42a0a58e9bb4c8b7ad16 6c22d2c12f874c03bad5e8e886fb4f1e - - default default] 10.0.0.37 "GET /v2.0/ports?tenant_id=6c22d2c12f874c03bad5e8e886fb4f1e&fields=id HTTP/1.1" status: 200 len: 302 time: 0.0906627
2026-07-08 10:13:46.342 9 WARNING neutron.plugins.ml2.drivers.ovn.mech_driver.ovsdb.ovn_client [None req-766bf85d-b69e-4cc9-8b7a-b1f60f779492 - - - - - -] No hosting information found for port 5018ea2c-3aae-4c5b-9a47-c7de5cd24d75: RuntimeError: No hosting information found for port 5018ea2c-3aae-4c5b-9a47-c7de5cd24d75
2026-07-08 10:13:46.371 9 INFO neutron.wsgi [req-68584c58-1bbe-4301-ba21-51c678784185 req-deec2e3a-507b-4cee-a0ba-088735a3a717 c7d3d1026eeb456ea0f2b328b8daa236 d6b189a0a2bb4a408adc82ad633266d7 - - e7bad94844f54a33a625ce6fcb5d0448 e7bad94844f54a33a625ce6fcb5d0448] 10.0.0.37 "GET /v2.0/networks/0f9702ba-c966-42c1-8310-b1425bc4473d?fields=segments HTTP/1.1" status: 200 len: 212 time: 0.0895081
2026-07-08 10:13:46.374 8 INFO neutron.wsgi [None req-f9ba4ac5-0ab4-4b66-9a6d-ccf761fd6818 3f0a4a06c0414bf2ada490e59a6d2661 42b14c0074a84c9f8be4d210902b60ea - - default default] 10.0.0.45 "DELETE /v2.0/networks/faae500e-0de2-4871-b9b9-8c092d54dff6 HTTP/1.1" status: 204 len: 168 time: 0.4361248
2026-07-08 10:13:46.439 9 INFO neutron.wsgi [req-68584c58-1bbe-4301-ba21-51c678784185 req-924832e1-3afc-4313-9e4f-f0e7751b06a8 c7d3d1026eeb456ea0f2b328b8daa236 d6b189a0a2bb4a408adc82ad633266d7 - - e7bad94844f54a33a625ce6fcb5d0448 e7bad94844f54a33a625ce6fcb5d0448] 10.0.0.37 "GET /v2.0/networks/0f9702ba-c966-42c1-8310-b1425bc4473d?fields=provider%3Aphysical_network&fields=provider%3Anetwork_type HTTP/1.1" status: 200 len: 277 time: 0.0595746
2026-07-08 10:13:46.578 9 INFO neutron.services.segments.plugin [-] Segment 68f5946c-bbe6-4749-a281-b43aa08e2ab2 resource provider aggregate not found
2026-07-08 10:13:46.591 9 INFO neutron.services.segments.plugin [-] Segment 68f5946c-bbe6-4749-a281-b43aa08e2ab2 resource provider aggregate not found
2026-07-08 10:13:46.609 9 INFO neutron.services.segments.plugin [-] Segment 68f5946c-bbe6-4749-a281-b43aa08e2ab2 resource provider not found; error: Placement Client Error (4xx): {"errors": [{"status": 404, "title": "Not Found", "detail": "The resource could not be found.\n\n No resource provider with uuid 68f5946c-bbe6-4749-a281-b43aa08e2ab2 found for delete ", "request_id": "req-14df04dc-d8e8-4cb5-a7d3-54927468d217"}]}
2026-07-08 10:13:46.617 9 INFO neutron.services.segments.plugin [-] Segment 68f5946c-bbe6-4749-a281-b43aa08e2ab2 resource provider not found; error: Placement Client Error (4xx): {"errors": [{"status": 404, "title": "Not Found", "detail": "The resource could not be found.\n\n No resource provider with uuid 68f5946c-bbe6-4749-a281-b43aa08e2ab2 found for delete ", "request_id": "req-cc859007-2308-4c37-9861-0b492201b44c"}]}
2026-07-08 10:13:46.686 8 INFO neutron.wsgi [req-4cf5a794-40e3-4d61-b6f1-dec1762da733 req-f1ff2103-deb4-470a-a6d0-ba0dc297cbf7 34afd7ac18ce42a0a58e9bb4c8b7ad16 6c22d2c12f874c03bad5e8e886fb4f1e - - default default] 10.0.0.37 "GET /v2.0/ports?device_id=b71aa10f-2269-43a2-b4d3-d63e28431b66 HTTP/1.1" status: 200 len: 210 time: 0.0311189
2026-07-08 10:13:47.054 8 INFO neutron.services.segments.plugin [-] Segment e784ae92-43a3-42c5-a355-e6610a59365b resource provider aggregate not found
2026-07-08 10:13:47.062 8 INFO neutron.services.segments.plugin [-] Segment e784ae92-43a3-42c5-a355-e6610a59365b resource provider aggregate not found
2026-07-08 10:13:47.078 8 INFO neutron.services.segments.plugin [-] Segment e784ae92-43a3-42c5-a355-e6610a59365b resource provider not found; error: Placement Client Error (4xx): {"errors": [{"status": 404, "title": "Not Found", "detail": "The resource could not be found.\n\n No resource provider with uuid e784ae92-43a3-42c5-a355-e6610a59365b found for delete ", "request_id": "req-77633b04-d6ac-42f6-9eb1-9087dc783f4c"}]}
2026-07-08 10:13:47.087 8 INFO neutron.services.segments.plugin [-] Segment e784ae92-43a3-42c5-a355-e6610a59365b resource provider not found; error: Placement Client Error (4xx): {"errors": [{"status": 404, "title": "Not Found", "detail": "The resource could not be found.\n\n No resource provider with uuid e784ae92-43a3-42c5-a355-e6610a59365b found for delete ", "request_id": "req-0bd3d672-37af-4e2f-b8b0-61906b89a678"}]}
2026-07-08 10:13:47.101 8 INFO neutron.services.segments.plugin [-] Segment 5709034a-ce5e-4b06-9fd4-537988aaadef resource provider aggregate not found
2026-07-08 10:13:47.111 8 INFO neutron.services.segments.plugin [-] Segment 5709034a-ce5e-4b06-9fd4-537988aaadef resource provider aggregate not found
2026-07-08 10:13:47.123 8 INFO neutron.services.segments.plugin [-] Segment 5709034a-ce5e-4b06-9fd4-537988aaadef resource provider not found; error: Placement Client Error (4xx): {"errors": [{"status": 404, "title": "Not Found", "detail": "The resource could not be found.\n\n No resource provider with uuid 5709034a-ce5e-4b06-9fd4-537988aaadef found for delete ", "request_id": "req-d3aaa7bb-7c1e-4c72-aa55-0c5a92829af5"}]}
2026-07-08 10:13:47.136 8 INFO neutron.services.segments.plugin [-] Segment 5709034a-ce5e-4b06-9fd4-537988aaadef resource provider not found; error: Placement Client Error (4xx): {"errors": [{"status": 404, "title": "Not Found", "detail": "The resource could not be found.\n\n No resource provider with uuid 5709034a-ce5e-4b06-9fd4-537988aaadef found for delete ", "request_id": "req-73c9c5c1-9bf9-47ed-a8b7-d6dd6f105de6"}]}
2026-07-08 10:13:47.144 8 INFO neutron.services.segments.plugin [-] Segment e4af8c51-5407-4b33-b9fc-57ca4e69f195 resource provider aggregate not found
2026-07-08 10:13:47.160 8 INFO neutron.services.segments.plugin [-] Segment e4af8c51-5407-4b33-b9fc-57ca4e69f195 resource provider not found; error: Placement Client Error (4xx): {"errors": [{"status": 404, "title": "Not Found", "detail": "The resource could not be found.\n\n No resource provider with uuid e4af8c51-5407-4b33-b9fc-57ca4e69f195 found for delete ", "request_id": "req-31c4ca2f-9498-48e6-87bf-9bf37a3312c4"}]}
2026-07-08 10:13:47.161 8 INFO neutron.services.segments.plugin [-] Segment e4af8c51-5407-4b33-b9fc-57ca4e69f195 resource provider aggregate not found
2026-07-08 10:13:47.177 8 INFO neutron.services.segments.plugin [-] Segment e4af8c51-5407-4b33-b9fc-57ca4e69f195 resource provider not found; error: Placement Client Error (4xx): {"errors": [{"status": 404, "title": "Not Found", "detail": "The resource could not be found.\n\n No resource provider with uuid e4af8c51-5407-4b33-b9fc-57ca4e69f195 found for delete ", "request_id": "req-28f96ae6-9120-45b7-9ed5-30234c5de3f3"}]}
2026-07-08 10:13:47.373 9 INFO neutron.db.ovn_revision_numbers_db [None req-fc94595a-16f1-4e08-904e-913ca8dace89 90ece6a6d36b47bf8bf4b65df55d05b5 d6921d8714ba4d1291a31d290a15353b - - default default] Successfully bumped revision number for resource 83730ccd-245e-4448-83d6-5bb03b81b9d3 (type: security_groups) to 1
2026-07-08 10:13:47.392 9 INFO neutron.db.ovn_revision_numbers_db [None req-fc94595a-16f1-4e08-904e-913ca8dace89 90ece6a6d36b47bf8bf4b65df55d05b5 d6921d8714ba4d1291a31d290a15353b - - default default] Successfully bumped revision number for resource 2b9ea8e3-a04b-47df-bc21-51cb021e9e35 (type: security_group_rules) to 0
2026-07-08 10:13:47.408 9 INFO neutron.wsgi [req-68584c58-1bbe-4301-ba21-51c678784185 req-11319693-3666-452c-9a59-6b3a647e14b2 34afd7ac18ce42a0a58e9bb4c8b7ad16 6c22d2c12f874c03bad5e8e886fb4f1e - - default default] 199.204.45.229 "GET /v2.0/networks?id=0f9702ba-c966-42c1-8310-b1425bc4473d HTTP/1.1" status: 200 len: 871 time: 0.0753734
2026-07-08 10:13:47.412 9 INFO neutron.db.ovn_revision_numbers_db [None req-fc94595a-16f1-4e08-904e-913ca8dace89 90ece6a6d36b47bf8bf4b65df55d05b5 d6921d8714ba4d1291a31d290a15353b - - default default] Successfully bumped revision number for resource 49331c77-1ea6-43a0-8a17-3fd3532ea75f (type: security_group_rules) to 0
2026-07-08 10:13:47.436 9 INFO neutron.db.ovn_revision_numbers_db [None req-fc94595a-16f1-4e08-904e-913ca8dace89 90ece6a6d36b47bf8bf4b65df55d05b5 d6921d8714ba4d1291a31d290a15353b - - default default] Successfully bumped revision number for resource 7a6e32c6-7020-4385-8beb-3957cfc01f99 (type: security_group_rules) to 0
2026-07-08 10:13:47.459 9 INFO neutron.db.ovn_revision_numbers_db [None req-fc94595a-16f1-4e08-904e-913ca8dace89 90ece6a6d36b47bf8bf4b65df55d05b5 d6921d8714ba4d1291a31d290a15353b - - default default] Successfully bumped revision number for resource fdaced17-c913-4127-a08d-b487fb85eca6 (type: security_group_rules) to 0
2026-07-08 10:13:47.488 9 INFO neutron.wsgi [req-68584c58-1bbe-4301-ba21-51c678784185 req-aaf53036-85fe-4631-8ddb-3baa0269ede3 34afd7ac18ce42a0a58e9bb4c8b7ad16 6c22d2c12f874c03bad5e8e886fb4f1e - - default default] 199.204.45.229 "GET /v2.0/security-groups?fields=id&fields=name&tenant_id=6c22d2c12f874c03bad5e8e886fb4f1e HTTP/1.1" status: 200 len: 472 time: 0.0699577
2026-07-08 10:13:47.492 9 INFO neutron.wsgi [None req-fc94595a-16f1-4e08-904e-913ca8dace89 90ece6a6d36b47bf8bf4b65df55d05b5 d6921d8714ba4d1291a31d290a15353b - - default default] 10.0.0.45 "GET /v2.0/security-groups?tenant_id=887037272a5a4e03bccf071da7f1d372&name=default HTTP/1.1" status: 200 len: 2996 time: 0.5078423
2026-07-08 10:13:47.580 8 INFO neutron.db.ovn_revision_numbers_db [None req-73afe146-eb6e-4bb5-86c1-b6495aebfc07 90ece6a6d36b47bf8bf4b65df55d05b5 d6921d8714ba4d1291a31d290a15353b - - default default] Successfully bumped revision number for resource f3dc6199-f405-4762-8773-863ceea8a935 (type: security_groups) to 1
2026-07-08 10:13:47.598 8 INFO neutron.db.ovn_revision_numbers_db [None req-73afe146-eb6e-4bb5-86c1-b6495aebfc07 90ece6a6d36b47bf8bf4b65df55d05b5 d6921d8714ba4d1291a31d290a15353b - - default default] Successfully bumped revision number for resource 03e8eb4a-b423-40e6-be71-23bde8c2c065 (type: security_group_rules) to 0
2026-07-08 10:13:47.615 8 INFO neutron.db.ovn_revision_numbers_db [None req-73afe146-eb6e-4bb5-86c1-b6495aebfc07 90ece6a6d36b47bf8bf4b65df55d05b5 d6921d8714ba4d1291a31d290a15353b - - default default] Successfully bumped revision number for resource 60c52626-88df-4428-8b58-b9c74e5c8921 (type: security_group_rules) to 0
2026-07-08 10:13:47.634 8 INFO neutron.db.ovn_revision_numbers_db [None req-73afe146-eb6e-4bb5-86c1-b6495aebfc07 90ece6a6d36b47bf8bf4b65df55d05b5 d6921d8714ba4d1291a31d290a15353b - - default default] Successfully bumped revision number for resource 757b9c6d-f461-4f1f-9b81-60c2d2cad252 (type: security_group_rules) to 0
2026-07-08 10:13:47.652 8 INFO neutron.db.ovn_revision_numbers_db [None req-73afe146-eb6e-4bb5-86c1-b6495aebfc07 90ece6a6d36b47bf8bf4b65df55d05b5 d6921d8714ba4d1291a31d290a15353b - - default default] Successfully bumped revision number for resource 7d03ea30-c0db-4228-a2cb-9bf4aa55c771 (type: security_group_rules) to 0
2026-07-08 10:13:47.676 8 INFO neutron.wsgi [None req-73afe146-eb6e-4bb5-86c1-b6495aebfc07 90ece6a6d36b47bf8bf4b65df55d05b5 d6921d8714ba4d1291a31d290a15353b - - default default] 10.0.0.45 "GET /v2.0/security-groups?tenant_id=1d895151796046f1ae59aef79a793aa1&name=default HTTP/1.1" status: 200 len: 2996 time: 0.3138196
2026-07-08 10:13:47.801 9 INFO neutron.wsgi [req-59a82666-b90c-4718-8265-e28c5872f605 req-9c075bb9-a4f2-4791-9c7e-afa651c063ac 34afd7ac18ce42a0a58e9bb4c8b7ad16 6c22d2c12f874c03bad5e8e886fb4f1e - - default default] 10.0.0.37 "GET /v2.0/ports?device_id=b71aa10f-2269-43a2-b4d3-d63e28431b66 HTTP/1.1" status: 200 len: 210 time: 0.0277784
2026-07-08 10:13:47.836 9 INFO neutron.wsgi [None req-9bc428bc-f94d-4956-af60-128db6d5146a 90ece6a6d36b47bf8bf4b65df55d05b5 d6921d8714ba4d1291a31d290a15353b - - default default] 10.0.0.45 "DELETE /v2.0/security-groups/83730ccd-245e-4448-83d6-5bb03b81b9d3 HTTP/1.1" status: 204 len: 168 time: 0.3386979
2026-07-08 10:13:47.895 8 INFO neutron.wsgi [None req-4d55a9df-b191-4dc2-b88c-a87fb1e05c23 90ece6a6d36b47bf8bf4b65df55d05b5 d6921d8714ba4d1291a31d290a15353b - - default default] 10.0.0.45 "DELETE /v2.0/security-groups/f3dc6199-f405-4762-8773-863ceea8a935 HTTP/1.1" status: 204 len: 168 time: 0.2146621
2026-07-08 10:13:47.918 9 WARNING neutron.scheduler.dhcp_agent_scheduler [req-68584c58-1bbe-4301-ba21-51c678784185 req-d449e8f7-984b-4df0-a877-14a50cd7efcf 34afd7ac18ce42a0a58e9bb4c8b7ad16 6c22d2c12f874c03bad5e8e886fb4f1e - - default default] No more DHCP agents
2026-07-08 10:13:47.920 9 WARNING neutron.api.rpc.agentnotifiers.dhcp_rpc_agent_api [req-68584c58-1bbe-4301-ba21-51c678784185 req-d449e8f7-984b-4df0-a877-14a50cd7efcf 34afd7ac18ce42a0a58e9bb4c8b7ad16 6c22d2c12f874c03bad5e8e886fb4f1e - - default default] Unable to schedule network 0f9702ba-c966-42c1-8310-b1425bc4473d: no agents available; will retry on subsequent port and subnet creation events. /var/lib/openstack/lib/python3.10/site-packages/pycadf/identifier.py:71: UserWarning: Invalid uuid: neutron. To ensure interoperability, identifiers should be a valid uuid. warnings.warn(('Invalid uuid: %s. To ensure interoperability, '
2026-07-08 10:13:47.984 9 INFO neutron.wsgi [None req-73462242-afbc-42dd-a6c5-49deef21c54a 90ece6a6d36b47bf8bf4b65df55d05b5 d6921d8714ba4d1291a31d290a15353b - - default default] 10.0.0.45 "GET /v2.0/security-groups?tenant_id=9047ac7d78b643f1acd888d48c19a35f&name=default HTTP/1.1" status: 200 len: 2996 time: 0.0433204
2026-07-08 10:13:48.206 8 INFO neutron.db.ovn_revision_numbers_db [None req-739fe1b8-e20b-4953-b163-7033ee49b55d 90ece6a6d36b47bf8bf4b65df55d05b5 d6921d8714ba4d1291a31d290a15353b - - default default] Successfully bumped revision number for resource e76310ad-2fad-4148-a047-2340f213fe12 (type: security_groups) to 1
2026-07-08 10:13:48.232 8 INFO neutron.db.ovn_revision_numbers_db [None req-739fe1b8-e20b-4953-b163-7033ee49b55d 90ece6a6d36b47bf8bf4b65df55d05b5 d6921d8714ba4d1291a31d290a15353b - - default default] Successfully bumped revision number for resource 32959284-7eda-4810-80e0-b063b7b0d27e (type: security_group_rules) to 0
2026-07-08 10:13:48.250 8 INFO neutron.db.ovn_revision_numbers_db [None req-739fe1b8-e20b-4953-b163-7033ee49b55d 90ece6a6d36b47bf8bf4b65df55d05b5 d6921d8714ba4d1291a31d290a15353b - - default default] Successfully bumped revision number for resource 4d10a5c6-91b8-44c5-a151-8cb1d4c83c66 (type: security_group_rules) to 0
2026-07-08 10:13:48.264 8 INFO neutron.wsgi [None req-1502bc75-4108-4df9-8696-e89d3a81c32c 90ece6a6d36b47bf8bf4b65df55d05b5 d6921d8714ba4d1291a31d290a15353b - - default default] 10.0.0.45 "DELETE /v2.0/security-groups/283b7d13-2687-4ddb-8e3d-7d67413ae058 HTTP/1.1" status: 204 len: 168 time: 0.2745152
2026-07-08 10:13:48.268 8 INFO neutron.db.ovn_revision_numbers_db [None req-739fe1b8-e20b-4953-b163-7033ee49b55d 90ece6a6d36b47bf8bf4b65df55d05b5 d6921d8714ba4d1291a31d290a15353b - - default default] Successfully bumped revision number for resource 53463707-ff86-4e0a-b940-57b607dcc4c6 (type: security_group_rules) to 0
2026-07-08 10:13:48.281 8 INFO neutron.db.ovn_revision_numbers_db [None req-739fe1b8-e20b-4953-b163-7033ee49b55d 90ece6a6d36b47bf8bf4b65df55d05b5 d6921d8714ba4d1291a31d290a15353b - - default default] Successfully bumped revision number for resource a31edbc1-ddcf-45e4-a2fb-daea8c3411be (type: security_group_rules) to 0
2026-07-08 10:13:48.306 8 INFO neutron.wsgi [None req-739fe1b8-e20b-4953-b163-7033ee49b55d 90ece6a6d36b47bf8bf4b65df55d05b5 d6921d8714ba4d1291a31d290a15353b - - default default] 10.0.0.45 "GET /v2.0/security-groups?tenant_id=bf69737dcb004f5791b23e9889384e10&name=default HTTP/1.1" status: 200 len: 2996 time: 0.2571454
2026-07-08 10:13:48.379 9 INFO neutron.db.ovn_revision_numbers_db [req-68584c58-1bbe-4301-ba21-51c678784185 req-d449e8f7-984b-4df0-a877-14a50cd7efcf 34afd7ac18ce42a0a58e9bb4c8b7ad16 6c22d2c12f874c03bad5e8e886fb4f1e - - default default] Successfully bumped revision number for resource e4bd4efe-f809-4e3b-bec1-7b3d57382df8 (type: ports) to 1
2026-07-08 10:13:48.400 9 INFO neutron.wsgi [req-68584c58-1bbe-4301-ba21-51c678784185 req-d449e8f7-984b-4df0-a877-14a50cd7efcf 34afd7ac18ce42a0a58e9bb4c8b7ad16 6c22d2c12f874c03bad5e8e886fb4f1e - - default default] 199.204.45.229 "POST /v2.0/ports HTTP/1.1" status: 201 len: 1201 time: 0.9021065
2026-07-08 10:13:48.526 8 INFO neutron.wsgi [None req-5425073a-bf4f-4714-b8b7-6ca2838cb152 90ece6a6d36b47bf8bf4b65df55d05b5 d6921d8714ba4d1291a31d290a15353b - - default default] 10.0.0.45 "DELETE /v2.0/security-groups/e76310ad-2fad-4148-a047-2340f213fe12 HTTP/1.1" status: 204 len: 168 time: 0.2154834
2026-07-08 10:13:48.627 9 INFO neutron.db.ovn_revision_numbers_db [None req-72b343f9-5290-4003-81cd-7353719b9837 90ece6a6d36b47bf8bf4b65df55d05b5 d6921d8714ba4d1291a31d290a15353b - - default default] Successfully bumped revision number for resource dbc693b2-5f9c-417a-b8cd-8a19adf0267e (type: security_groups) to 1
2026-07-08 10:13:48.647 9 INFO neutron.db.ovn_revision_numbers_db [None req-72b343f9-5290-4003-81cd-7353719b9837 90ece6a6d36b47bf8bf4b65df55d05b5 d6921d8714ba4d1291a31d290a15353b - - default default] Successfully bumped revision number for resource 9bb7433b-d0fa-4b49-ac5b-adf453377478 (type: security_group_rules) to 0
2026-07-08 10:13:48.675 9 INFO neutron.db.ovn_revision_numbers_db [None req-72b343f9-5290-4003-81cd-7353719b9837 90ece6a6d36b47bf8bf4b65df55d05b5 d6921d8714ba4d1291a31d290a15353b - - default default] Successfully bumped revision number for resource a98a853d-476d-4f6c-a741-faead4b08e23 (type: security_group_rules) to 0
2026-07-08 10:13:48.697 9 INFO neutron.db.ovn_revision_numbers_db [None req-72b343f9-5290-4003-81cd-7353719b9837 90ece6a6d36b47bf8bf4b65df55d05b5 d6921d8714ba4d1291a31d290a15353b - - default default] Successfully bumped revision number for resource c63ba791-2293-43ba-97f0-df0490360299 (type: security_group_rules) to 0
2026-07-08 10:13:48.712 8 INFO neutron.wsgi [None req-de9a8ddc-1172-40c9-ac5d-15af6914463e 90ece6a6d36b47bf8bf4b65df55d05b5 d6921d8714ba4d1291a31d290a15353b - - default default] 10.0.0.45 "GET /v2.0/security-groups?tenant_id=42b14c0074a84c9f8be4d210902b60ea&name=default HTTP/1.1" status: 200 len: 2996 time: 0.0430944 /var/lib/openstack/lib/python3.10/site-packages/pycadf/identifier.py:71: UserWarning: Invalid uuid: neutron. To ensure interoperability, identifiers should be a valid uuid. warnings.warn(('Invalid uuid: %s. To ensure interoperability, '
2026-07-08 10:13:48.724 9 INFO neutron.db.ovn_revision_numbers_db [None req-72b343f9-5290-4003-81cd-7353719b9837 90ece6a6d36b47bf8bf4b65df55d05b5 d6921d8714ba4d1291a31d290a15353b - - default default] Successfully bumped revision number for resource c7f7307b-c1e5-4ec1-badf-600b86673e63 (type: security_group_rules) to 0
2026-07-08 10:13:48.764 9 INFO neutron.wsgi [None req-72b343f9-5290-4003-81cd-7353719b9837 90ece6a6d36b47bf8bf4b65df55d05b5 d6921d8714ba4d1291a31d290a15353b - - default default] 10.0.0.45 "GET /v2.0/security-groups?tenant_id=0c7296be2b474b8e9c8560f7d3532d66&name=default HTTP/1.1" status: 200 len: 2996 time: 0.2998734
2026-07-08 10:13:48.872 9 INFO neutron.db.ovn_revision_numbers_db [req-68584c58-1bbe-4301-ba21-51c678784185 req-bb626e02-5090-4ba2-b473-7e3d5fb2a3e1 c7d3d1026eeb456ea0f2b328b8daa236 d6b189a0a2bb4a408adc82ad633266d7 - - e7bad94844f54a33a625ce6fcb5d0448 e7bad94844f54a33a625ce6fcb5d0448] Successfully bumped revision number for resource e4bd4efe-f809-4e3b-bec1-7b3d57382df8 (type: ports) to 2
2026-07-08 10:13:48.928 9 INFO neutron.wsgi [req-4f13bb87-41b0-4079-8720-f1ceb57c4f10 req-861023d4-4b5a-4198-8380-12aa4e123740 34afd7ac18ce42a0a58e9bb4c8b7ad16 6c22d2c12f874c03bad5e8e886fb4f1e - - default default] 10.0.0.37 "GET /v2.0/ports?device_id=b71aa10f-2269-43a2-b4d3-d63e28431b66 HTTP/1.1" status: 200 len: 1212 time: 0.0503540
2026-07-08 10:13:48.969 8 INFO neutron.wsgi [None req-7fe8740f-6e8e-4099-925a-99244b92c7cc 90ece6a6d36b47bf8bf4b65df55d05b5 d6921d8714ba4d1291a31d290a15353b - - default default] 10.0.0.45 "DELETE /v2.0/security-groups/dbc693b2-5f9c-417a-b8cd-8a19adf0267e HTTP/1.1" status: 204 len: 168 time: 0.2001491
2026-07-08 10:13:48.996 9 INFO neutron.wsgi [req-4f13bb87-41b0-4079-8720-f1ceb57c4f10 req-6ba7df32-cf62-4084-a9a9-1fcaa58d8c15 34afd7ac18ce42a0a58e9bb4c8b7ad16 6c22d2c12f874c03bad5e8e886fb4f1e - - default default] 10.0.0.37 "GET /v2.0/security-groups?id=a391a9f7-30c6-4ed0-a19b-08a01c23e492&id=ca035f94-0787-4b4e-b1a1-cb2c36af9a44&fields=id&fields=name HTTP/1.1" status: 200 len: 405 time: 0.0597713
2026-07-08 10:13:49.019 9 INFO neutron.wsgi [None req-b339596a-952a-4154-8d83-0edefc722384 90ece6a6d36b47bf8bf4b65df55d05b5 d6921d8714ba4d1291a31d290a15353b - - default default] 10.0.0.45 "DELETE /v2.0/security-groups/cb6c76d1-cc7f-4a76-ad76-ad80eed8d1e9 HTTP/1.1" status: 204 len: 168 time: 0.3022161
2026-07-08 10:13:49.145 9 INFO neutron.db.ovn_revision_numbers_db [req-68584c58-1bbe-4301-ba21-51c678784185 req-bb626e02-5090-4ba2-b473-7e3d5fb2a3e1 c7d3d1026eeb456ea0f2b328b8daa236 d6b189a0a2bb4a408adc82ad633266d7 - - e7bad94844f54a33a625ce6fcb5d0448 e7bad94844f54a33a625ce6fcb5d0448] Successfully bumped revision number for resource e4bd4efe-f809-4e3b-bec1-7b3d57382df8 (type: ports) to 2
2026-07-08 10:13:49.160 9 INFO neutron.wsgi [req-68584c58-1bbe-4301-ba21-51c678784185 req-bb626e02-5090-4ba2-b473-7e3d5fb2a3e1 c7d3d1026eeb456ea0f2b328b8daa236 d6b189a0a2bb4a408adc82ad633266d7 - - e7bad94844f54a33a625ce6fcb5d0448 e7bad94844f54a33a625ce6fcb5d0448] 199.204.45.229 "PUT /v2.0/ports/e4bd4efe-f809-4e3b-bec1-7b3d57382df8 HTTP/1.1" status: 200 len: 1419 time: 0.7489216 /var/lib/openstack/lib/python3.10/site-packages/pycadf/identifier.py:71: UserWarning: Invalid uuid: neutron. To ensure interoperability, identifiers should be a valid uuid. warnings.warn(('Invalid uuid: %s. To ensure interoperability, '
2026-07-08 10:13:49.205 9 INFO neutron.notifiers.nova [-] Nova event matching ['req-981eadff-d0b0-4b4f-bc14-d2a26fd6dc5d'] response: {'name': 'network-changed', 'server_uuid': 'b71aa10f-2269-43a2-b4d3-d63e28431b66', 'tag': 'e4bd4efe-f809-4e3b-bec1-7b3d57382df8', 'status': 'completed', 'code': 200}
2026-07-08 10:13:49.222 9 INFO neutron.wsgi [req-68584c58-1bbe-4301-ba21-51c678784185 req-4e6ffb50-7f94-45db-90f2-91d689a35077 c7d3d1026eeb456ea0f2b328b8daa236 d6b189a0a2bb4a408adc82ad633266d7 - - e7bad94844f54a33a625ce6fcb5d0448 e7bad94844f54a33a625ce6fcb5d0448] 199.204.45.229 "GET /v2.0/ports?tenant_id=6c22d2c12f874c03bad5e8e886fb4f1e&device_id=b71aa10f-2269-43a2-b4d3-d63e28431b66 HTTP/1.1" status: 200 len: 1450 time: 0.0301750
2026-07-08 10:13:49.259 9 INFO neutron.wsgi [req-68584c58-1bbe-4301-ba21-51c678784185 req-c8157ffe-c4fe-436e-8710-f395ccccbec5 c7d3d1026eeb456ea0f2b328b8daa236 d6b189a0a2bb4a408adc82ad633266d7 - - e7bad94844f54a33a625ce6fcb5d0448 e7bad94844f54a33a625ce6fcb5d0448] 199.204.45.229 "GET /v2.0/floatingips?fixed_ip_address=10.100.0.12&port_id=e4bd4efe-f809-4e3b-bec1-7b3d57382df8 HTTP/1.1" status: 200 len: 217 time: 0.0291059
2026-07-08 10:13:49.306 9 INFO neutron.wsgi [req-68584c58-1bbe-4301-ba21-51c678784185 req-2503cc72-44a7-4c5a-a8ef-f515eacbda58 c7d3d1026eeb456ea0f2b328b8daa236 d6b189a0a2bb4a408adc82ad633266d7 - - e7bad94844f54a33a625ce6fcb5d0448 e7bad94844f54a33a625ce6fcb5d0448] 199.204.45.229 "GET /v2.0/subnets?id=af75bccd-5212-4689-9aaf-9694b2da97d7 HTTP/1.1" status: 200 len: 865 time: 0.0405886
2026-07-08 10:13:49.329 9 INFO neutron.wsgi [req-68584c58-1bbe-4301-ba21-51c678784185 req-19dd66f5-0f15-46ab-818f-c4470fa88df6 c7d3d1026eeb456ea0f2b328b8daa236 d6b189a0a2bb4a408adc82ad633266d7 - - e7bad94844f54a33a625ce6fcb5d0448 e7bad94844f54a33a625ce6fcb5d0448] 199.204.45.229 "GET /v2.0/ports?network_id=0f9702ba-c966-42c1-8310-b1425bc4473d&device_owner=network%3Adhcp HTTP/1.1" status: 200 len: 210 time: 0.0179403
2026-07-08 10:13:49.410 9 INFO neutron.wsgi [req-68584c58-1bbe-4301-ba21-51c678784185 req-cf8e4c77-a017-4039-b249-3f70e8c18fbe c7d3d1026eeb456ea0f2b328b8daa236 d6b189a0a2bb4a408adc82ad633266d7 - - e7bad94844f54a33a625ce6fcb5d0448 e7bad94844f54a33a625ce6fcb5d0448] 199.204.45.229 "GET /v2.0/networks/0f9702ba-c966-42c1-8310-b1425bc4473d?fields=segments HTTP/1.1" status: 200 len: 212 time: 0.0671875
2026-07-08 10:13:49.468 9 INFO neutron.wsgi [req-68584c58-1bbe-4301-ba21-51c678784185 req-c72f937c-4f6c-4e40-a865-7b01789270a9 c7d3d1026eeb456ea0f2b328b8daa236 d6b189a0a2bb4a408adc82ad633266d7 - - e7bad94844f54a33a625ce6fcb5d0448 e7bad94844f54a33a625ce6fcb5d0448] 199.204.45.229 "GET /v2.0/networks/0f9702ba-c966-42c1-8310-b1425bc4473d?fields=provider%3Aphysical_network&fields=provider%3Anetwork_type HTTP/1.1" status: 200 len: 277 time: 0.0532048
2026-07-08 10:13:49.554 9 INFO neutron.wsgi [req-d165f861-e243-4c31-9f86-de50d00088e5 req-45453242-afbd-445f-8f91-c22f32c9ece0 c7d3d1026eeb456ea0f2b328b8daa236 d6b189a0a2bb4a408adc82ad633266d7 - - e7bad94844f54a33a625ce6fcb5d0448 e7bad94844f54a33a625ce6fcb5d0448] 199.204.45.229 "GET /v2.0/ports?tenant_id=6c22d2c12f874c03bad5e8e886fb4f1e&device_id=b71aa10f-2269-43a2-b4d3-d63e28431b66 HTTP/1.1" status: 200 len: 1450 time: 0.0345335
2026-07-08 10:13:49.640 9 INFO neutron.wsgi [req-d165f861-e243-4c31-9f86-de50d00088e5 req-2e5dae70-b37a-4e6c-9136-1127b0160d67 c7d3d1026eeb456ea0f2b328b8daa236 d6b189a0a2bb4a408adc82ad633266d7 - - e7bad94844f54a33a625ce6fcb5d0448 e7bad94844f54a33a625ce6fcb5d0448] 199.204.45.229 "GET /v2.0/networks?id=0f9702ba-c966-42c1-8310-b1425bc4473d HTTP/1.1" status: 200 len: 970 time: 0.0769122
2026-07-08 10:13:49.676 9 INFO neutron.wsgi [req-d165f861-e243-4c31-9f86-de50d00088e5 req-74e6bce0-ec76-4b0d-80ca-e5fd471ec667 c7d3d1026eeb456ea0f2b328b8daa236 d6b189a0a2bb4a408adc82ad633266d7 - - e7bad94844f54a33a625ce6fcb5d0448 e7bad94844f54a33a625ce6fcb5d0448] 199.204.45.229 "GET /v2.0/floatingips?fixed_ip_address=10.100.0.12&port_id=e4bd4efe-f809-4e3b-bec1-7b3d57382df8 HTTP/1.1" status: 200 len: 217 time: 0.0269549
2026-07-08 10:13:49.683 9 INFO neutron.wsgi [req-29eea240-d16b-4d17-94f4-2d2a610579dc req-ef1f4fa7-7c48-4140-8f6b-02fb26367f29 c7d3d1026eeb456ea0f2b328b8daa236 d6b189a0a2bb4a408adc82ad633266d7 - - e7bad94844f54a33a625ce6fcb5d0448 e7bad94844f54a33a625ce6fcb5d0448] 199.204.45.229 "GET /v2.0/ports?device_id=b71aa10f-2269-43a2-b4d3-d63e28431b66 HTTP/1.1" status: 200 len: 1450 time: 0.0523925
2026-07-08 10:13:49.716 9 INFO neutron.wsgi [req-d165f861-e243-4c31-9f86-de50d00088e5 req-47296136-76b0-493d-b9d5-1ae919e1d518 c7d3d1026eeb456ea0f2b328b8daa236 d6b189a0a2bb4a408adc82ad633266d7 - - e7bad94844f54a33a625ce6fcb5d0448 e7bad94844f54a33a625ce6fcb5d0448] 199.204.45.229 "GET /v2.0/subnets?id=af75bccd-5212-4689-9aaf-9694b2da97d7 HTTP/1.1" status: 200 len: 865 time: 0.0356398
2026-07-08 10:13:49.744 9 INFO neutron.wsgi [req-29eea240-d16b-4d17-94f4-2d2a610579dc req-7ad3e49d-c95f-45d1-a27a-169a285e8724 c7d3d1026eeb456ea0f2b328b8daa236 d6b189a0a2bb4a408adc82ad633266d7 - - e7bad94844f54a33a625ce6fcb5d0448 e7bad94844f54a33a625ce6fcb5d0448] 199.204.45.229 "GET /v2.0/security-groups?id=ca035f94-0787-4b4e-b1a1-cb2c36af9a44&id=a391a9f7-30c6-4ed0-a19b-08a01c23e492&fields=id&fields=name HTTP/1.1" status: 200 len: 405 time: 0.0561287
2026-07-08 10:13:49.747 9 INFO neutron.wsgi [req-d165f861-e243-4c31-9f86-de50d00088e5 req-0ed3d8e4-bcd9-4aab-b242-77da1d24c1f6 c7d3d1026eeb456ea0f2b328b8daa236 d6b189a0a2bb4a408adc82ad633266d7 - - e7bad94844f54a33a625ce6fcb5d0448 e7bad94844f54a33a625ce6fcb5d0448] 199.204.45.229 "GET /v2.0/ports?network_id=0f9702ba-c966-42c1-8310-b1425bc4473d&device_owner=network%3Adhcp HTTP/1.1" status: 200 len: 210 time: 0.0259395
2026-07-08 10:13:49.845 9 INFO neutron.plugins.ml2.drivers.ovn.mech_driver.mech_driver [None req-766bf85d-b69e-4cc9-8b7a-b1f60f779492 - - - - - -] OVN reports status up for port: e4bd4efe-f809-4e3b-bec1-7b3d57382df8
2026-07-08 10:13:49.868 9 INFO neutron.wsgi [req-d165f861-e243-4c31-9f86-de50d00088e5 req-96887be9-8110-4d54-9b0d-45968900d93a c7d3d1026eeb456ea0f2b328b8daa236 d6b189a0a2bb4a408adc82ad633266d7 - - e7bad94844f54a33a625ce6fcb5d0448 e7bad94844f54a33a625ce6fcb5d0448] 199.204.45.229 "GET /v2.0/networks/0f9702ba-c966-42c1-8310-b1425bc4473d?fields=segments HTTP/1.1" status: 200 len: 212 time: 0.0877395
2026-07-08 10:13:49.872 9 INFO neutron.plugins.ml2.plugin [None req-766bf85d-b69e-4cc9-8b7a-b1f60f779492 - - - - - -] Attempt 1 to provision port e4bd4efe-f809-4e3b-bec1-7b3d57382df8
2026-07-08 10:13:49.953 9 INFO neutron.wsgi [req-d165f861-e243-4c31-9f86-de50d00088e5 req-03cc909e-c6be-4ed3-b644-0ff75287ac60 c7d3d1026eeb456ea0f2b328b8daa236 d6b189a0a2bb4a408adc82ad633266d7 - - e7bad94844f54a33a625ce6fcb5d0448 e7bad94844f54a33a625ce6fcb5d0448] 199.204.45.229 "GET /v2.0/networks/0f9702ba-c966-42c1-8310-b1425bc4473d?fields=provider%3Aphysical_network&fields=provider%3Anetwork_type HTTP/1.1" status: 200 len: 277 time: 0.0789866
2026-07-08 10:13:50.114 9 INFO neutron.wsgi [req-d8a72113-5704-491d-b5b5-d2da37d82726 req-8272d54d-a070-450f-8b20-f0fb96fe9598 34afd7ac18ce42a0a58e9bb4c8b7ad16 6c22d2c12f874c03bad5e8e886fb4f1e - - default default] 10.0.0.37 "GET /v2.0/ports?device_id=b71aa10f-2269-43a2-b4d3-d63e28431b66 HTTP/1.1" status: 200 len: 1214 time: 0.0386152
2026-07-08 10:13:50.188 9 INFO neutron.wsgi [req-d8a72113-5704-491d-b5b5-d2da37d82726 req-4c5297ca-a87a-49b1-bdb5-1f3bb72c2a0c 34afd7ac18ce42a0a58e9bb4c8b7ad16 6c22d2c12f874c03bad5e8e886fb4f1e - - default default] 10.0.0.37 "GET /v2.0/security-groups?id=a391a9f7-30c6-4ed0-a19b-08a01c23e492&id=ca035f94-0787-4b4e-b1a1-cb2c36af9a44&fields=id&fields=name HTTP/1.1" status: 200 len: 405 time: 0.0672541
2026-07-08 10:13:50.201 9 INFO neutron.db.ovn_revision_numbers_db [None req-766bf85d-b69e-4cc9-8b7a-b1f60f779492 - - - - - -] Successfully bumped revision number for resource e4bd4efe-f809-4e3b-bec1-7b3d57382df8 (type: ports) to 4
2026-07-08 10:13:51.248 9 INFO neutron.notifiers.nova [-] Nova event matching ['req-f6e036c7-7c28-4091-91d5-9f37be520d0b'] response: {'server_uuid': 'b71aa10f-2269-43a2-b4d3-d63e28431b66', 'name': 'network-vif-plugged', 'status': 'completed', 'tag': 'e4bd4efe-f809-4e3b-bec1-7b3d57382df8', 'code': 200}
