2026-07-08 10:11:48.983 9 INFO neutron.wsgi [req-66ad4173-b8fe-46d4-b5c2-9898fd00e0e8 req-7f6cb516-39e5-49f9-ac63-81b7f5ee74f5 c7d3d1026eeb456ea0f2b328b8daa236 d6b189a0a2bb4a408adc82ad633266d7 - - e7bad94844f54a33a625ce6fcb5d0448 e7bad94844f54a33a625ce6fcb5d0448] 199.204.45.229 "GET /v2.0/ports?network_id=c2def33f-64ce-4fc9-8753-aa8904c06a07&device_owner=network%3Adhcp HTTP/1.1" status: 200 len: 210 time: 0.0217230
2026-07-08 10:11:49.028 9 INFO neutron.services.segments.plugin [-] Segment d76a98ca-4b55-4095-a01e-43ec4ae5f5d0 resource provider aggregate not found
2026-07-08 10:11:49.034 9 INFO neutron.services.segments.plugin [-] Segment d76a98ca-4b55-4095-a01e-43ec4ae5f5d0 resource provider aggregate not found
2026-07-08 10:11:49.058 9 INFO neutron.services.segments.plugin [-] Segment d76a98ca-4b55-4095-a01e-43ec4ae5f5d0 resource provider not found; error: Placement Client Error (4xx): {"errors": [{"status": 404, "title": "Not Found", "detail": "The resource could not be found.\n\n No resource provider with uuid d76a98ca-4b55-4095-a01e-43ec4ae5f5d0 found for delete ", "request_id": "req-973b3b5a-ce6d-4f72-992e-59e841633dc3"}]}
2026-07-08 10:11:49.058 9 INFO neutron.services.segments.plugin [-] Segment d76a98ca-4b55-4095-a01e-43ec4ae5f5d0 resource provider not found; error: Placement Client Error (4xx): {"errors": [{"status": 404, "title": "Not Found", "detail": "The resource could not be found.\n\n No resource provider with uuid d76a98ca-4b55-4095-a01e-43ec4ae5f5d0 found for delete ", "request_id": "req-d331244a-93a4-4260-bca1-04fafc9efb1b"}]}
2026-07-08 10:11:49.094 9 INFO neutron.wsgi [None req-1db72404-1600-4395-ba72-928217d680b6 15b30b341c6045248518b71db435e77c 383ed5a2cb4a4f24bfd6faab65df79c0 - - default default] 10.0.0.45 "DELETE /v2.0/networks/3c7d244e-4519-4c13-81cc-25bc3f6e5fd8 HTTP/1.1" status: 204 len: 168 time: 0.5839386
2026-07-08 10:11:49.097 9 INFO neutron.wsgi [req-66ad4173-b8fe-46d4-b5c2-9898fd00e0e8 req-adc610af-4aa3-4401-a509-e431a877e0a7 c7d3d1026eeb456ea0f2b328b8daa236 d6b189a0a2bb4a408adc82ad633266d7 - - e7bad94844f54a33a625ce6fcb5d0448 e7bad94844f54a33a625ce6fcb5d0448] 199.204.45.229 "GET /v2.0/networks/c2def33f-64ce-4fc9-8753-aa8904c06a07?fields=segments HTTP/1.1" status: 200 len: 212 time: 0.1054933
2026-07-08 10:11:49.190 9 INFO neutron.wsgi [req-66ad4173-b8fe-46d4-b5c2-9898fd00e0e8 req-141b23d2-8550-4dbd-8e6c-8229a1e10e71 c7d3d1026eeb456ea0f2b328b8daa236 d6b189a0a2bb4a408adc82ad633266d7 - - e7bad94844f54a33a625ce6fcb5d0448 e7bad94844f54a33a625ce6fcb5d0448] 199.204.45.229 "GET /v2.0/networks/c2def33f-64ce-4fc9-8753-aa8904c06a07?fields=provider%3Aphysical_network&fields=provider%3Anetwork_type HTTP/1.1" status: 200 len: 277 time: 0.0802395
2026-07-08 10:11:49.227 8 INFO neutron.db.ovn_revision_numbers_db [None req-383b776d-99c2-4c5f-b331-54de8927c27c 90ece6a6d36b47bf8bf4b65df55d05b5 d6921d8714ba4d1291a31d290a15353b - - default default] Successfully bumped revision number for resource 9c5cd35f-df19-4a1a-8935-4955ce0b817a (type: security_groups) to 1
2026-07-08 10:11:49.241 8 INFO neutron.db.ovn_revision_numbers_db [None req-383b776d-99c2-4c5f-b331-54de8927c27c 90ece6a6d36b47bf8bf4b65df55d05b5 d6921d8714ba4d1291a31d290a15353b - - default default] Successfully bumped revision number for resource 13072409-60eb-481c-80ed-6a597d257f9f (type: security_group_rules) to 0
2026-07-08 10:11:49.260 8 INFO neutron.db.ovn_revision_numbers_db [None req-383b776d-99c2-4c5f-b331-54de8927c27c 90ece6a6d36b47bf8bf4b65df55d05b5 d6921d8714ba4d1291a31d290a15353b - - default default] Successfully bumped revision number for resource 7d433029-4ab6-4412-ba4c-d79c317be453 (type: security_group_rules) to 0
2026-07-08 10:11:49.273 8 INFO neutron.db.ovn_revision_numbers_db [None req-383b776d-99c2-4c5f-b331-54de8927c27c 90ece6a6d36b47bf8bf4b65df55d05b5 d6921d8714ba4d1291a31d290a15353b - - default default] Successfully bumped revision number for resource 845c89ed-888e-4a02-82fc-df01e1712974 (type: security_group_rules) to 0
2026-07-08 10:11:49.285 9 INFO neutron.wsgi [req-611b20e7-3a24-4be4-ae71-ff94bd236f71 req-f927e208-9f47-4dfc-8f94-340450e23cfb c7d3d1026eeb456ea0f2b328b8daa236 d6b189a0a2bb4a408adc82ad633266d7 - - e7bad94844f54a33a625ce6fcb5d0448 e7bad94844f54a33a625ce6fcb5d0448] 199.204.45.229 "GET /v2.0/ports?tenant_id=fc54b09b289f4b84858872b88a587c38&device_id=b1eb2443-2a10-46ff-b803-3183ab16127b HTTP/1.1" status: 200 len: 1407 time: 0.0481191
2026-07-08 10:11:49.289 8 INFO neutron.db.ovn_revision_numbers_db [None req-383b776d-99c2-4c5f-b331-54de8927c27c 90ece6a6d36b47bf8bf4b65df55d05b5 d6921d8714ba4d1291a31d290a15353b - - default default] Successfully bumped revision number for resource a000aa91-7358-4cd7-803e-99a9f2d10000 (type: security_group_rules) to 0
2026-07-08 10:11:49.328 8 INFO neutron.wsgi [None req-383b776d-99c2-4c5f-b331-54de8927c27c 90ece6a6d36b47bf8bf4b65df55d05b5 d6921d8714ba4d1291a31d290a15353b - - default default] 10.0.0.45 "GET /v2.0/security-groups?tenant_id=8f2667ef66524233b5ddc5b5594380ee&name=default HTTP/1.1" status: 200 len: 2996 time: 0.3620863
2026-07-08 10:11:49.387 9 INFO neutron.wsgi [req-611b20e7-3a24-4be4-ae71-ff94bd236f71 req-065bdc97-055b-4e1d-b193-b784947f75fa c7d3d1026eeb456ea0f2b328b8daa236 d6b189a0a2bb4a408adc82ad633266d7 - - e7bad94844f54a33a625ce6fcb5d0448 e7bad94844f54a33a625ce6fcb5d0448] 199.204.45.229 "GET /v2.0/networks?id=c2def33f-64ce-4fc9-8753-aa8904c06a07 HTTP/1.1" status: 200 len: 975 time: 0.0861692
2026-07-08 10:11:49.421 9 INFO neutron.wsgi [req-611b20e7-3a24-4be4-ae71-ff94bd236f71 req-f1a169d2-5a61-4bb5-8e39-d57128246595 c7d3d1026eeb456ea0f2b328b8daa236 d6b189a0a2bb4a408adc82ad633266d7 - - e7bad94844f54a33a625ce6fcb5d0448 e7bad94844f54a33a625ce6fcb5d0448] 199.204.45.229 "GET /v2.0/floatingips?fixed_ip_address=10.100.0.7&port_id=1a897369-4e39-4bdc-9abe-9428463761d5 HTTP/1.1" status: 200 len: 217 time: 0.0282850
2026-07-08 10:11:49.467 9 INFO neutron.wsgi [req-611b20e7-3a24-4be4-ae71-ff94bd236f71 req-772bf907-2a2a-4989-ae3a-1b428e8f059a c7d3d1026eeb456ea0f2b328b8daa236 d6b189a0a2bb4a408adc82ad633266d7 - - e7bad94844f54a33a625ce6fcb5d0448 e7bad94844f54a33a625ce6fcb5d0448] 199.204.45.229 "GET /v2.0/subnets?id=266ec492-530b-4399-904e-99894569344d HTTP/1.1" status: 200 len: 870 time: 0.0390480
2026-07-08 10:11:49.501 9 INFO neutron.wsgi [req-611b20e7-3a24-4be4-ae71-ff94bd236f71 req-f5ebb66b-c69a-4dbe-97de-738325263ae2 c7d3d1026eeb456ea0f2b328b8daa236 d6b189a0a2bb4a408adc82ad633266d7 - - e7bad94844f54a33a625ce6fcb5d0448 e7bad94844f54a33a625ce6fcb5d0448] 199.204.45.229 "GET /v2.0/ports?network_id=c2def33f-64ce-4fc9-8753-aa8904c06a07&device_owner=network%3Adhcp HTTP/1.1" status: 200 len: 210 time: 0.0259831
2026-07-08 10:11:49.603 9 INFO neutron.wsgi [req-611b20e7-3a24-4be4-ae71-ff94bd236f71 req-4756adc8-9ba3-4315-858a-a726bf3709a5 c7d3d1026eeb456ea0f2b328b8daa236 d6b189a0a2bb4a408adc82ad633266d7 - - e7bad94844f54a33a625ce6fcb5d0448 e7bad94844f54a33a625ce6fcb5d0448] 199.204.45.229 "GET /v2.0/networks/c2def33f-64ce-4fc9-8753-aa8904c06a07?fields=segments HTTP/1.1" status: 200 len: 212 time: 0.0961537
2026-07-08 10:11:49.616 8 INFO neutron.wsgi [None req-3e42eeb9-f4f3-4081-9c1d-a2a7c25ea7db 90ece6a6d36b47bf8bf4b65df55d05b5 d6921d8714ba4d1291a31d290a15353b - - default default] 10.0.0.45 "DELETE /v2.0/security-groups/9c5cd35f-df19-4a1a-8935-4955ce0b817a HTTP/1.1" status: 204 len: 168 time: 0.2834089
2026-07-08 10:11:49.687 9 INFO neutron.wsgi [req-611b20e7-3a24-4be4-ae71-ff94bd236f71 req-b07ddaa4-549f-4ed0-a480-ea9bde2da044 c7d3d1026eeb456ea0f2b328b8daa236 d6b189a0a2bb4a408adc82ad633266d7 - - e7bad94844f54a33a625ce6fcb5d0448 e7bad94844f54a33a625ce6fcb5d0448] 199.204.45.229 "GET /v2.0/networks/c2def33f-64ce-4fc9-8753-aa8904c06a07?fields=provider%3Aphysical_network&fields=provider%3Anetwork_type HTTP/1.1" status: 200 len: 277 time: 0.0758760
2026-07-08 10:11:49.702 9 INFO neutron.wsgi [None req-8376a33c-91ab-4701-9028-72b965d766be 15b30b341c6045248518b71db435e77c 383ed5a2cb4a4f24bfd6faab65df79c0 - - default default] 10.0.0.45 "DELETE /v2.0/networks/99b2e525-0f3e-4ac2-9cb2-62000ad925a2 HTTP/1.1" status: 204 len: 168 time: 0.5992069
2026-07-08 10:11:49.783 8 INFO neutron.wsgi [None req-94f9293b-a92a-44f0-bdac-0f14baf56c75 15b30b341c6045248518b71db435e77c 383ed5a2cb4a4f24bfd6faab65df79c0 - - default default] 10.0.0.45 "GET /v2.0/networks HTTP/1.1" status: 200 len: 845 time: 0.0767453
2026-07-08 10:11:49.881 8 INFO neutron.db.segments_db [None req-b8e080bb-8ffb-4fc6-9425-a1a490aad9a0 15b30b341c6045248518b71db435e77c 383ed5a2cb4a4f24bfd6faab65df79c0 - - default default] Added segment 2489425b-9409-4346-ab70-5258d4ddfdc0 of type geneve for network b8434058-d027-488f-88c5-394deeb8ec16
2026-07-08 10:11:50.005 8 INFO neutron.wsgi [req-3583f065-8f48-4098-8696-f76199a92de1 req-100384f4-6472-46a7-ac81-867f29b95bc5 94d58cc679ad49dca4dd84f65147d583 fc54b09b289f4b84858872b88a587c38 - - default default] 10.0.0.37 "GET /v2.0/ports?device_id=b1eb2443-2a10-46ff-b803-3183ab16127b HTTP/1.1" status: 200 len: 1168 time: 0.0600333
2026-07-08 10:11:50.054 8 INFO neutron.db.ovn_revision_numbers_db [None req-b8e080bb-8ffb-4fc6-9425-a1a490aad9a0 15b30b341c6045248518b71db435e77c 383ed5a2cb4a4f24bfd6faab65df79c0 - - default default] Successfully bumped revision number for resource b8434058-d027-488f-88c5-394deeb8ec16 (type: networks) to 1
2026-07-08 10:11:50.078 8 INFO neutron.wsgi [req-3583f065-8f48-4098-8696-f76199a92de1 req-8fa51ed9-4c4c-462f-9604-816f842ec1d8 94d58cc679ad49dca4dd84f65147d583 fc54b09b289f4b84858872b88a587c38 - - default default] 10.0.0.37 "GET /v2.0/security-groups?id=3133a3ce-051e-4cb3-9c3c-5a50fb018c99&fields=id&fields=name HTTP/1.1" status: 200 len: 286 time: 0.0633049
2026-07-08 10:11:50.318 8 WARNING neutron.scheduler.dhcp_agent_scheduler [None req-b8e080bb-8ffb-4fc6-9425-a1a490aad9a0 15b30b341c6045248518b71db435e77c 383ed5a2cb4a4f24bfd6faab65df79c0 - - default default] No more DHCP agents
2026-07-08 10:11:50.320 8 WARNING neutron.api.rpc.agentnotifiers.dhcp_rpc_agent_api [None req-b8e080bb-8ffb-4fc6-9425-a1a490aad9a0 15b30b341c6045248518b71db435e77c 383ed5a2cb4a4f24bfd6faab65df79c0 - - default default] Unable to schedule network b8434058-d027-488f-88c5-394deeb8ec16: no agents available; will retry on subsequent port and subnet creation events.
2026-07-08 10:11:50.411 8 INFO neutron.db.ovn_revision_numbers_db [None req-b8e080bb-8ffb-4fc6-9425-a1a490aad9a0 15b30b341c6045248518b71db435e77c 383ed5a2cb4a4f24bfd6faab65df79c0 - - default default] Successfully bumped revision number for resource 43419161-7260-494b-beff-2b91f12a6f54 (type: ports) to 1
2026-07-08 10:11:50.429 8 INFO neutron.wsgi [None req-b8e080bb-8ffb-4fc6-9425-a1a490aad9a0 15b30b341c6045248518b71db435e77c 383ed5a2cb4a4f24bfd6faab65df79c0 - - default default] 10.0.0.45 "POST /v2.0/networks HTTP/1.1" status: 201 len: 849 time: 0.6389248
2026-07-08 10:11:50.523 8 INFO neutron.db.segments_db [None req-efb9e7d0-2382-47f0-8e1b-5f961de1ac13 15b30b341c6045248518b71db435e77c 383ed5a2cb4a4f24bfd6faab65df79c0 - - default default] Added segment 7b0d791d-dcbe-41ee-b05f-1824829f038d of type geneve for network ad90bd68-f8dc-4d4f-8cf6-ff0f12cf1ac1
2026-07-08 10:11:50.647 9 WARNING neutron.plugins.ml2.drivers.ovn.mech_driver.ovsdb.ovn_client [None req-766bf85d-b69e-4cc9-8b7a-b1f60f779492 - - - - - -] No hosting information found for port b26b1a2f-a301-4b3a-89ed-5b2240dbd5a1: RuntimeError: No hosting information found for port b26b1a2f-a301-4b3a-89ed-5b2240dbd5a1
2026-07-08 10:11:50.648 9 INFO neutron.plugins.ml2.drivers.ovn.mech_driver.mech_driver [None req-766bf85d-b69e-4cc9-8b7a-b1f60f779492 - - - - - -] OVN reports status up for port: 1a897369-4e39-4bdc-9abe-9428463761d5
2026-07-08 10:11:50.659 9 INFO neutron.plugins.ml2.plugin [None req-766bf85d-b69e-4cc9-8b7a-b1f60f779492 - - - - - -] Attempt 1 to provision port 1a897369-4e39-4bdc-9abe-9428463761d5
2026-07-08 10:11:50.691 8 INFO neutron.db.ovn_revision_numbers_db [None req-efb9e7d0-2382-47f0-8e1b-5f961de1ac13 15b30b341c6045248518b71db435e77c 383ed5a2cb4a4f24bfd6faab65df79c0 - - default default] Successfully bumped revision number for resource ad90bd68-f8dc-4d4f-8cf6-ff0f12cf1ac1 (type: networks) to 1
2026-07-08 10:11:50.875 9 INFO neutron.notifiers.nova [-] Nova event matching ['req-b30b55fc-2740-45f6-b1cc-cec71abf249b'] response: {'server_uuid': 'b1eb2443-2a10-46ff-b803-3183ab16127b', 'name': 'network-vif-plugged', 'status': 'completed', 'tag': '1a897369-4e39-4bdc-9abe-9428463761d5', 'code': 200}
2026-07-08 10:11:50.882 8 WARNING neutron.scheduler.dhcp_agent_scheduler [None req-efb9e7d0-2382-47f0-8e1b-5f961de1ac13 15b30b341c6045248518b71db435e77c 383ed5a2cb4a4f24bfd6faab65df79c0 - - default default] No more DHCP agents
2026-07-08 10:11:50.885 8 WARNING neutron.api.rpc.agentnotifiers.dhcp_rpc_agent_api [None req-efb9e7d0-2382-47f0-8e1b-5f961de1ac13 15b30b341c6045248518b71db435e77c 383ed5a2cb4a4f24bfd6faab65df79c0 - - default default] Unable to schedule network ad90bd68-f8dc-4d4f-8cf6-ff0f12cf1ac1: no agents available; will retry on subsequent port and subnet creation events.
2026-07-08 10:11:50.958 9 INFO neutron.db.ovn_revision_numbers_db [None req-766bf85d-b69e-4cc9-8b7a-b1f60f779492 - - - - - -] Successfully bumped revision number for resource 1a897369-4e39-4bdc-9abe-9428463761d5 (type: ports) to 4
2026-07-08 10:11:50.975 8 INFO neutron.db.ovn_revision_numbers_db [None req-efb9e7d0-2382-47f0-8e1b-5f961de1ac13 15b30b341c6045248518b71db435e77c 383ed5a2cb4a4f24bfd6faab65df79c0 - - default default] Successfully bumped revision number for resource db971916-34f6-4dc1-82c6-913c9938a058 (type: ports) to 1
2026-07-08 10:11:51.001 8 INFO neutron.wsgi [None req-efb9e7d0-2382-47f0-8e1b-5f961de1ac13 15b30b341c6045248518b71db435e77c 383ed5a2cb4a4f24bfd6faab65df79c0 - - default default] 10.0.0.45 "POST /v2.0/networks HTTP/1.1" status: 201 len: 849 time: 0.5685945 /var/lib/openstack/lib/python3.10/site-packages/pycadf/identifier.py:71: UserWarning: Invalid uuid: neutron. To ensure interoperability, identifiers should be a valid uuid. warnings.warn(('Invalid uuid: %s. To ensure interoperability, '
2026-07-08 10:11:51.078 9 INFO neutron.services.segments.plugin [-] Segment 46609825-1c04-4a32-b96e-7e1494cbda52 resource provider aggregate not found
2026-07-08 10:11:51.084 9 INFO neutron.services.segments.plugin [-] Segment 46609825-1c04-4a32-b96e-7e1494cbda52 resource provider aggregate not found
2026-07-08 10:11:51.093 9 INFO neutron.services.segments.plugin [-] Segment 46609825-1c04-4a32-b96e-7e1494cbda52 resource provider not found; error: Placement Client Error (4xx): {"errors": [{"status": 404, "title": "Not Found", "detail": "The resource could not be found.\n\n No resource provider with uuid 46609825-1c04-4a32-b96e-7e1494cbda52 found for delete ", "request_id": "req-84f64f3a-769a-4d3b-a6ea-b32cd5fd331c"}]}
2026-07-08 10:11:51.105 9 INFO neutron.services.segments.plugin [-] Segment 46609825-1c04-4a32-b96e-7e1494cbda52 resource provider not found; error: Placement Client Error (4xx): {"errors": [{"status": 404, "title": "Not Found", "detail": "The resource could not be found.\n\n No resource provider with uuid 46609825-1c04-4a32-b96e-7e1494cbda52 found for delete ", "request_id": "req-80cec2b2-6b71-4258-9f82-f62a18d8822e"}]}
2026-07-08 10:11:51.199 8 INFO neutron.wsgi [req-5cba4fc9-e78a-4a54-8299-3fe983aab0d4 req-90346c54-c16f-4879-a0c8-dd56391576a4 94d58cc679ad49dca4dd84f65147d583 fc54b09b289f4b84858872b88a587c38 - - default default] 10.0.0.37 "GET /v2.0/ports?device_id=b1eb2443-2a10-46ff-b803-3183ab16127b HTTP/1.1" status: 200 len: 1170 time: 0.0500333
2026-07-08 10:11:51.251 8 INFO neutron.wsgi [req-5cba4fc9-e78a-4a54-8299-3fe983aab0d4 req-8ab0ed74-910a-46b5-b425-49435933593a 94d58cc679ad49dca4dd84f65147d583 fc54b09b289f4b84858872b88a587c38 - - default default] 10.0.0.37 "GET /v2.0/security-groups?id=3133a3ce-051e-4cb3-9c3c-5a50fb018c99&fields=id&fields=name HTTP/1.1" status: 200 len: 286 time: 0.0458255 /var/lib/openstack/lib/python3.10/site-packages/pycadf/identifier.py:71: UserWarning: Invalid uuid: neutron. To ensure interoperability, identifiers should be a valid uuid. warnings.warn(('Invalid uuid: %s. To ensure interoperability, '
2026-07-08 10:11:51.609 9 INFO neutron.plugins.ml2.drivers.ovn.mech_driver.mech_driver [None req-766bf85d-b69e-4cc9-8b7a-b1f60f779492 - - - - - -] OVN reports status down for port: 1a897369-4e39-4bdc-9abe-9428463761d5
2026-07-08 10:11:51.616 9 INFO neutron.wsgi [req-d24c1258-cb69-4866-8fc7-728df0c0f5dd req-120cef61-edf6-45f1-b627-d581667fa30b 94d58cc679ad49dca4dd84f65147d583 fc54b09b289f4b84858872b88a587c38 - - default default] 10.0.0.37 "GET /v2.0/ports?device_id=b1eb2443-2a10-46ff-b803-3183ab16127b HTTP/1.1" status: 200 len: 1170 time: 0.0661607 /var/lib/openstack/lib/python3.10/site-packages/pycadf/identifier.py:71: UserWarning: Invalid uuid: neutron. To ensure interoperability, identifiers should be a valid uuid. warnings.warn(('Invalid uuid: %s. To ensure interoperability, '
2026-07-08 10:11:51.673 9 WARNING neutron.scheduler.dhcp_agent_scheduler [None req-726c9b6a-00fc-4438-acfa-15f796ab0eb5 15b30b341c6045248518b71db435e77c 383ed5a2cb4a4f24bfd6faab65df79c0 - - default default] No more DHCP agents
2026-07-08 10:11:51.681 9 WARNING neutron.api.rpc.agentnotifiers.dhcp_rpc_agent_api [None req-726c9b6a-00fc-4438-acfa-15f796ab0eb5 15b30b341c6045248518b71db435e77c 383ed5a2cb4a4f24bfd6faab65df79c0 - - default default] Unable to schedule network b8434058-d027-488f-88c5-394deeb8ec16: no agents available; will retry on subsequent port and subnet creation events.
2026-07-08 10:11:51.698 9 INFO neutron.wsgi [req-d24c1258-cb69-4866-8fc7-728df0c0f5dd req-12283038-3eb5-41cd-99dd-7284e29badeb 94d58cc679ad49dca4dd84f65147d583 fc54b09b289f4b84858872b88a587c38 - - default default] 10.0.0.37 "GET /v2.0/security-groups?id=3133a3ce-051e-4cb3-9c3c-5a50fb018c99&fields=id&fields=name HTTP/1.1" status: 200 len: 286 time: 0.0646794
2026-07-08 10:11:51.810 9 INFO neutron.db.ovn_revision_numbers_db [None req-726c9b6a-00fc-4438-acfa-15f796ab0eb5 15b30b341c6045248518b71db435e77c 383ed5a2cb4a4f24bfd6faab65df79c0 - - default default] Successfully bumped revision number for resource 2a524696-445d-42c0-afd2-7664b805fd1f (type: ports) to 1
2026-07-08 10:11:51.865 9 WARNING neutron.scheduler.dhcp_agent_scheduler [None req-726c9b6a-00fc-4438-acfa-15f796ab0eb5 15b30b341c6045248518b71db435e77c 383ed5a2cb4a4f24bfd6faab65df79c0 - - default default] No more DHCP agents
2026-07-08 10:11:51.868 9 INFO neutron.db.ovn_revision_numbers_db [None req-50b18ad7-9a9e-498c-bb36-bdc07fcaed63 94bd907d6bc641fe9fd259ff6be77730 ead4d09f46a345e2b5a7591591d114e2 - - default default] Successfully bumped revision number for resource ba06f4bc-794c-42ab-84a9-99f1e4fd9848 (type: security_groups) to 1
2026-07-08 10:11:51.870 9 WARNING neutron.api.rpc.agentnotifiers.dhcp_rpc_agent_api [None req-726c9b6a-00fc-4438-acfa-15f796ab0eb5 15b30b341c6045248518b71db435e77c 383ed5a2cb4a4f24bfd6faab65df79c0 - - default default] Unable to schedule network ad90bd68-f8dc-4d4f-8cf6-ff0f12cf1ac1: no agents available; will retry on subsequent port and subnet creation events.
2026-07-08 10:11:51.899 9 INFO neutron.db.ovn_revision_numbers_db [None req-50b18ad7-9a9e-498c-bb36-bdc07fcaed63 94bd907d6bc641fe9fd259ff6be77730 ead4d09f46a345e2b5a7591591d114e2 - - default default] Successfully bumped revision number for resource 07d7354d-b27a-4b18-b12e-d9a48676ed20 (type: security_group_rules) to 0 /var/lib/openstack/lib/python3.10/site-packages/pycadf/identifier.py:71: UserWarning: Invalid uuid: neutron. To ensure interoperability, identifiers should be a valid uuid. warnings.warn(('Invalid uuid: %s. To ensure interoperability, '
2026-07-08 10:11:51.955 9 INFO neutron.db.ovn_revision_numbers_db [None req-50b18ad7-9a9e-498c-bb36-bdc07fcaed63 94bd907d6bc641fe9fd259ff6be77730 ead4d09f46a345e2b5a7591591d114e2 - - default default] Successfully bumped revision number for resource 385f6b64-945c-492a-92c9-e3f9b0f11620 (type: security_group_rules) to 0
2026-07-08 10:11:51.971 9 INFO neutron.wsgi [req-001d1ec6-c0d3-4f4f-a7ae-53701fd00bc5 req-68878136-c1a1-422b-8ddf-0ec8f2dd796e 94d58cc679ad49dca4dd84f65147d583 fc54b09b289f4b84858872b88a587c38 - - default default] 199.204.45.229 "GET /v2.0/ports?device_id=b1eb2443-2a10-46ff-b803-3183ab16127b HTTP/1.1" status: 200 len: 1168 time: 0.0709691
2026-07-08 10:11:52.019 9 INFO neutron.db.ovn_revision_numbers_db [None req-50b18ad7-9a9e-498c-bb36-bdc07fcaed63 94bd907d6bc641fe9fd259ff6be77730 ead4d09f46a345e2b5a7591591d114e2 - - default default] Successfully bumped revision number for resource 62c36db8-cad1-492c-8406-1a8556a045c8 (type: security_group_rules) to 0
2026-07-08 10:11:52.322 9 INFO neutron.db.ovn_revision_numbers_db [None req-50b18ad7-9a9e-498c-bb36-bdc07fcaed63 94bd907d6bc641fe9fd259ff6be77730 ead4d09f46a345e2b5a7591591d114e2 - - default default] Successfully bumped revision number for resource c0de27fd-58e7-49e2-8bf1-baf52741c8d9 (type: security_group_rules) to 0
2026-07-08 10:11:52.327 9 INFO neutron.db.ovn_revision_numbers_db [None req-726c9b6a-00fc-4438-acfa-15f796ab0eb5 15b30b341c6045248518b71db435e77c 383ed5a2cb4a4f24bfd6faab65df79c0 - - default default] Successfully bumped revision number for resource 6b9ab8ea-252f-427e-89ac-2f19c40ce137 (type: ports) to 1
2026-07-08 10:11:52.390 9 INFO neutron.wsgi [None req-726c9b6a-00fc-4438-acfa-15f796ab0eb5 15b30b341c6045248518b71db435e77c 383ed5a2cb4a4f24bfd6faab65df79c0 - - default default] 10.0.0.45 "POST /v2.0/ports HTTP/1.1" status: 201 len: 1705 time: 1.3747358
2026-07-08 10:11:52.437 9 INFO neutron.db.segments_db [None req-50b18ad7-9a9e-498c-bb36-bdc07fcaed63 94bd907d6bc641fe9fd259ff6be77730 ead4d09f46a345e2b5a7591591d114e2 - - default default] Added segment bf0d5d7c-45c8-47ce-b138-0c559ff81200 of type geneve for network b8489115-8b7a-40b6-83ae-5cb982bbecb5
2026-07-08 10:11:52.444 9 INFO neutron.db.ovn_revision_numbers_db [None req-766bf85d-b69e-4cc9-8b7a-b1f60f779492 - - - - - -] Successfully bumped revision number for resource 1a897369-4e39-4bdc-9abe-9428463761d5 (type: ports) to 5
2026-07-08 10:11:52.531 8 INFO neutron.wsgi [None req-38d1ebb4-e2c5-4095-84fa-a0b446aa7aac 15b30b341c6045248518b71db435e77c 383ed5a2cb4a4f24bfd6faab65df79c0 - - default default] 10.0.0.45 "GET /v2.0/ports HTTP/1.1" status: 200 len: 3212 time: 0.1358502
2026-07-08 10:11:52.609 9 INFO neutron.db.segments_db [None req-50b18ad7-9a9e-498c-bb36-bdc07fcaed63 94bd907d6bc641fe9fd259ff6be77730 ead4d09f46a345e2b5a7591591d114e2 - - default default] Added segment 6e48baa7-2e3a-4988-b6b6-7597a5f915f7 of type geneve for network 56840ef5-aa5a-4e1e-b468-ecb33c16bef1
2026-07-08 10:11:52.702 9 INFO neutron.wsgi [req-001d1ec6-c0d3-4f4f-a7ae-53701fd00bc5 req-52e8d7a3-a695-45e6-ab43-33e333169cbb 94d58cc679ad49dca4dd84f65147d583 fc54b09b289f4b84858872b88a587c38 - - default default] 199.204.45.229 "DELETE /v2.0/ports/1a897369-4e39-4bdc-9abe-9428463761d5 HTTP/1.1" status: 204 len: 173 time: 0.7236254
2026-07-08 10:11:52.776 8 INFO neutron.wsgi [None req-e651fb57-0575-41ea-aa93-9b1bd3b46ee4 15b30b341c6045248518b71db435e77c 383ed5a2cb4a4f24bfd6faab65df79c0 - - default default] 10.0.0.45 "DELETE /v2.0/ports/2a524696-445d-42c0-afd2-7664b805fd1f HTTP/1.1" status: 204 len: 168 time: 0.2403281
2026-07-08 10:11:52.795 9 INFO neutron.db.ovn_revision_numbers_db [None req-50b18ad7-9a9e-498c-bb36-bdc07fcaed63 94bd907d6bc641fe9fd259ff6be77730 ead4d09f46a345e2b5a7591591d114e2 - - default default] Successfully bumped revision number for resource b8489115-8b7a-40b6-83ae-5cb982bbecb5 (type: networks) to 1
2026-07-08 10:11:52.820 8 INFO neutron.wsgi [req-c88bb76f-6960-4af3-9dbd-3cffb170cd84 req-c4166060-b185-4cc4-a26c-995a6d071e60 94d58cc679ad49dca4dd84f65147d583 fc54b09b289f4b84858872b88a587c38 - - default default] 10.0.0.37 "GET /v2.0/ports?device_id=b1eb2443-2a10-46ff-b803-3183ab16127b HTTP/1.1" status: 200 len: 210 time: 0.0201664
2026-07-08 10:11:52.915 9 INFO neutron.notifiers.nova [-] Nova event matching ['req-9970c4fb-f21f-43de-9502-2ba8b337e001'] response: {'server_uuid': 'b1eb2443-2a10-46ff-b803-3183ab16127b', 'name': 'network-vif-plugged', 'status': 'completed', 'tag': '1a897369-4e39-4bdc-9abe-9428463761d5', 'code': 200}
2026-07-08 10:11:52.915 9 INFO neutron.notifiers.nova [-] Nova event matching ['req-9970c4fb-f21f-43de-9502-2ba8b337e001'] response: {'server_uuid': 'b1eb2443-2a10-46ff-b803-3183ab16127b', 'name': 'network-vif-unplugged', 'status': 'completed', 'tag': '1a897369-4e39-4bdc-9abe-9428463761d5', 'code': 200}
2026-07-08 10:11:52.916 9 INFO neutron.notifiers.nova [-] Nova event matching ['req-9970c4fb-f21f-43de-9502-2ba8b337e001'] response: {'server_uuid': 'b1eb2443-2a10-46ff-b803-3183ab16127b', 'name': 'network-vif-plugged', 'status': 'completed', 'tag': '1a897369-4e39-4bdc-9abe-9428463761d5', 'code': 200}
2026-07-08 10:11:52.916 9 INFO neutron.notifiers.nova [-] Nova event matching ['req-9970c4fb-f21f-43de-9502-2ba8b337e001'] response: {'server_uuid': 'b1eb2443-2a10-46ff-b803-3183ab16127b', 'name': 'network-vif-deleted', 'tag': '1a897369-4e39-4bdc-9abe-9428463761d5', 'status': 'completed', 'code': 200}
2026-07-08 10:11:52.978 9 WARNING neutron.scheduler.dhcp_agent_scheduler [None req-50b18ad7-9a9e-498c-bb36-bdc07fcaed63 94bd907d6bc641fe9fd259ff6be77730 ead4d09f46a345e2b5a7591591d114e2 - - default default] No more DHCP agents
2026-07-08 10:11:52.980 9 WARNING neutron.api.rpc.agentnotifiers.dhcp_rpc_agent_api [None req-50b18ad7-9a9e-498c-bb36-bdc07fcaed63 94bd907d6bc641fe9fd259ff6be77730 ead4d09f46a345e2b5a7591591d114e2 - - default default] Unable to schedule network b8489115-8b7a-40b6-83ae-5cb982bbecb5: no agents available; will retry on subsequent port and subnet creation events.
2026-07-08 10:11:53.034 8 INFO neutron.wsgi [None req-55ab850b-b596-406d-99c7-2c7954308ff1 15b30b341c6045248518b71db435e77c 383ed5a2cb4a4f24bfd6faab65df79c0 - - default default] 10.0.0.45 "DELETE /v2.0/ports/6b9ab8ea-252f-427e-89ac-2f19c40ce137 HTTP/1.1" status: 204 len: 168 time: 0.2514956
2026-07-08 10:11:53.088 9 INFO neutron.db.ovn_revision_numbers_db [None req-50b18ad7-9a9e-498c-bb36-bdc07fcaed63 94bd907d6bc641fe9fd259ff6be77730 ead4d09f46a345e2b5a7591591d114e2 - - default default] Successfully bumped revision number for resource 65a08ee3-e07f-4a66-8c23-d65dbe2d65b7 (type: ports) to 1
2026-07-08 10:11:53.096 8 INFO neutron.wsgi [None req-72f49eb2-7f44-4edd-9747-b04a7f583b02 15b30b341c6045248518b71db435e77c 383ed5a2cb4a4f24bfd6faab65df79c0 - - default default] 10.0.0.45 "GET /v2.0/ports HTTP/1.1" status: 200 len: 1718 time: 0.0542157 /var/lib/openstack/lib/python3.10/site-packages/pycadf/identifier.py:71: UserWarning: Invalid uuid: neutron. To ensure interoperability, identifiers should be a valid uuid. warnings.warn(('Invalid uuid: %s. To ensure interoperability, '
2026-07-08 10:11:53.202 9 INFO neutron.db.ovn_revision_numbers_db [None req-50b18ad7-9a9e-498c-bb36-bdc07fcaed63 94bd907d6bc641fe9fd259ff6be77730 ead4d09f46a345e2b5a7591591d114e2 - - default default] Successfully bumped revision number for resource 56840ef5-aa5a-4e1e-b468-ecb33c16bef1 (type: networks) to 1
2026-07-08 10:11:53.260 9 INFO neutron.db.segments_db [None req-0210704f-6e82-4e47-b8ea-b190aa22ab29 15b30b341c6045248518b71db435e77c 383ed5a2cb4a4f24bfd6faab65df79c0 - - default default] Added segment ef848eb6-5f94-446a-8e8e-0db2c8ce1be2 of type geneve for network 0d68ce08-4fc9-494d-bc3e-352f9319222e
2026-07-08 10:11:53.457 9 WARNING neutron.scheduler.dhcp_agent_scheduler [None req-50b18ad7-9a9e-498c-bb36-bdc07fcaed63 94bd907d6bc641fe9fd259ff6be77730 ead4d09f46a345e2b5a7591591d114e2 - - default default] No more DHCP agents
2026-07-08 10:11:53.458 9 INFO neutron.db.ovn_revision_numbers_db [None req-0210704f-6e82-4e47-b8ea-b190aa22ab29 15b30b341c6045248518b71db435e77c 383ed5a2cb4a4f24bfd6faab65df79c0 - - default default] Successfully bumped revision number for resource 0d68ce08-4fc9-494d-bc3e-352f9319222e (type: networks) to 1
2026-07-08 10:11:53.459 9 WARNING neutron.api.rpc.agentnotifiers.dhcp_rpc_agent_api [None req-50b18ad7-9a9e-498c-bb36-bdc07fcaed63 94bd907d6bc641fe9fd259ff6be77730 ead4d09f46a345e2b5a7591591d114e2 - - default default] Unable to schedule network 56840ef5-aa5a-4e1e-b468-ecb33c16bef1: no agents available; will retry on subsequent port and subnet creation events.
2026-07-08 10:11:53.585 9 INFO neutron.db.ovn_revision_numbers_db [None req-50b18ad7-9a9e-498c-bb36-bdc07fcaed63 94bd907d6bc641fe9fd259ff6be77730 ead4d09f46a345e2b5a7591591d114e2 - - default default] Successfully bumped revision number for resource 3595626a-dccc-4ef2-95a8-f4d2383570c2 (type: ports) to 1
2026-07-08 10:11:53.627 9 INFO neutron.wsgi [None req-50b18ad7-9a9e-498c-bb36-bdc07fcaed63 94bd907d6bc641fe9fd259ff6be77730 ead4d09f46a345e2b5a7591591d114e2 - - default default] 10.0.0.45 "POST /v2.0/networks HTTP/1.1" status: 201 len: 1444 time: 2.2506523
2026-07-08 10:11:53.697 9 WARNING neutron.scheduler.dhcp_agent_scheduler [None req-0210704f-6e82-4e47-b8ea-b190aa22ab29 15b30b341c6045248518b71db435e77c 383ed5a2cb4a4f24bfd6faab65df79c0 - - default default] No more DHCP agents
2026-07-08 10:11:53.699 9 WARNING neutron.api.rpc.agentnotifiers.dhcp_rpc_agent_api [None req-0210704f-6e82-4e47-b8ea-b190aa22ab29 15b30b341c6045248518b71db435e77c 383ed5a2cb4a4f24bfd6faab65df79c0 - - default default] Unable to schedule network 0d68ce08-4fc9-494d-bc3e-352f9319222e: no agents available; will retry on subsequent port and subnet creation events.
2026-07-08 10:11:53.725 8 INFO neutron.wsgi [None req-376b2ff4-e2d6-4b86-b726-c69b1c4b31a6 94bd907d6bc641fe9fd259ff6be77730 ead4d09f46a345e2b5a7591591d114e2 - - default default] 10.0.0.45 "GET /v2.0/networks HTTP/1.1" status: 200 len: 2050 time: 0.0898712
2026-07-08 10:11:53.798 9 INFO neutron.db.ovn_revision_numbers_db [None req-0210704f-6e82-4e47-b8ea-b190aa22ab29 15b30b341c6045248518b71db435e77c 383ed5a2cb4a4f24bfd6faab65df79c0 - - default default] Successfully bumped revision number for resource 86b5bfe8-f4b6-4aaa-ac1f-3c52a2b9a70c (type: ports) to 1
2026-07-08 10:11:53.821 9 INFO neutron.wsgi [None req-0210704f-6e82-4e47-b8ea-b190aa22ab29 15b30b341c6045248518b71db435e77c 383ed5a2cb4a4f24bfd6faab65df79c0 - - default default] 10.0.0.45 "POST /v2.0/networks HTTP/1.1" status: 201 len: 849 time: 0.7196167
2026-07-08 10:11:53.942 8 INFO neutron.db.segments_db [None req-6ae786be-3863-4da3-9132-fda19e4d08a3 15b30b341c6045248518b71db435e77c 383ed5a2cb4a4f24bfd6faab65df79c0 - - default default] Added segment 2fb55735-ad63-4380-957e-f0d4e9ad60a7 of type geneve for network c453fecc-caab-4160-8b80-2374457cd7b5
2026-07-08 10:11:54.178 8 INFO neutron.db.ovn_revision_numbers_db [None req-6ae786be-3863-4da3-9132-fda19e4d08a3 15b30b341c6045248518b71db435e77c 383ed5a2cb4a4f24bfd6faab65df79c0 - - default default] Successfully bumped revision number for resource c453fecc-caab-4160-8b80-2374457cd7b5 (type: networks) to 1
2026-07-08 10:11:54.242 8 INFO neutron.services.segments.plugin [-] Segment bf0d5d7c-45c8-47ce-b138-0c559ff81200 resource provider aggregate not found
2026-07-08 10:11:54.251 8 INFO neutron.services.segments.plugin [-] Segment bf0d5d7c-45c8-47ce-b138-0c559ff81200 resource provider aggregate not found
2026-07-08 10:11:54.266 8 INFO neutron.services.segments.plugin [-] Segment bf0d5d7c-45c8-47ce-b138-0c559ff81200 resource provider not found; error: Placement Client Error (4xx): {"errors": [{"status": 404, "title": "Not Found", "detail": "The resource could not be found.\n\n No resource provider with uuid bf0d5d7c-45c8-47ce-b138-0c559ff81200 found for delete ", "request_id": "req-051e85ce-9457-4ad3-ae6d-fe22f45e8e30"}]}
2026-07-08 10:11:54.284 8 INFO neutron.services.segments.plugin [-] Segment bf0d5d7c-45c8-47ce-b138-0c559ff81200 resource provider not found; error: Placement Client Error (4xx): {"errors": [{"status": 404, "title": "Not Found", "detail": "The resource could not be found.\n\n No resource provider with uuid bf0d5d7c-45c8-47ce-b138-0c559ff81200 found for delete ", "request_id": "req-bcd00481-ff92-407a-b417-03a8e7503fa8"}]}
2026-07-08 10:11:54.349 8 INFO neutron.wsgi [None req-374f900c-d390-42c4-837b-58b3d52604c0 94bd907d6bc641fe9fd259ff6be77730 ead4d09f46a345e2b5a7591591d114e2 - - default default] 10.0.0.45 "DELETE /v2.0/networks/b8489115-8b7a-40b6-83ae-5cb982bbecb5 HTTP/1.1" status: 204 len: 168 time: 0.6184788
2026-07-08 10:11:54.430 8 WARNING neutron.scheduler.dhcp_agent_scheduler [None req-6ae786be-3863-4da3-9132-fda19e4d08a3 15b30b341c6045248518b71db435e77c 383ed5a2cb4a4f24bfd6faab65df79c0 - - default default] No more DHCP agents
2026-07-08 10:11:54.432 8 WARNING neutron.api.rpc.agentnotifiers.dhcp_rpc_agent_api [None req-6ae786be-3863-4da3-9132-fda19e4d08a3 15b30b341c6045248518b71db435e77c 383ed5a2cb4a4f24bfd6faab65df79c0 - - default default] Unable to schedule network c453fecc-caab-4160-8b80-2374457cd7b5: no agents available; will retry on subsequent port and subnet creation events.
2026-07-08 10:11:54.550 8 INFO neutron.db.ovn_revision_numbers_db [None req-6ae786be-3863-4da3-9132-fda19e4d08a3 15b30b341c6045248518b71db435e77c 383ed5a2cb4a4f24bfd6faab65df79c0 - - default default] Successfully bumped revision number for resource cc2cf9a0-dc83-4a90-a4a1-7f45cf30aa44 (type: ports) to 1
2026-07-08 10:11:54.571 8 INFO neutron.wsgi [None req-6ae786be-3863-4da3-9132-fda19e4d08a3 15b30b341c6045248518b71db435e77c 383ed5a2cb4a4f24bfd6faab65df79c0 - - default default] 10.0.0.45 "POST /v2.0/networks HTTP/1.1" status: 201 len: 849 time: 0.7443254
2026-07-08 10:11:54.861 9 INFO neutron.services.segments.plugin [-] Segment 6e48baa7-2e3a-4988-b6b6-7597a5f915f7 resource provider aggregate not found
2026-07-08 10:11:54.876 9 INFO neutron.services.segments.plugin [-] Segment 6e48baa7-2e3a-4988-b6b6-7597a5f915f7 resource provider aggregate not found
2026-07-08 10:11:54.900 9 INFO neutron.services.segments.plugin [-] Segment 6e48baa7-2e3a-4988-b6b6-7597a5f915f7 resource provider not found; error: Placement Client Error (4xx): {"errors": [{"status": 404, "title": "Not Found", "detail": "The resource could not be found.\n\n No resource provider with uuid 6e48baa7-2e3a-4988-b6b6-7597a5f915f7 found for delete ", "request_id": "req-5947c2c1-a9d9-4f03-af67-8a297ecc29bc"}]}
2026-07-08 10:11:54.909 9 INFO neutron.services.segments.plugin [-] Segment 6e48baa7-2e3a-4988-b6b6-7597a5f915f7 resource provider not found; error: Placement Client Error (4xx): {"errors": [{"status": 404, "title": "Not Found", "detail": "The resource could not be found.\n\n No resource provider with uuid 6e48baa7-2e3a-4988-b6b6-7597a5f915f7 found for delete ", "request_id": "req-796aa9c0-ae32-4227-84c7-6463b7a4d250"}]}
2026-07-08 10:11:54.955 9 INFO neutron.wsgi [None req-205905e5-8412-4c50-b930-ee6719c4d908 94bd907d6bc641fe9fd259ff6be77730 ead4d09f46a345e2b5a7591591d114e2 - - default default] 10.0.0.45 "DELETE /v2.0/networks/56840ef5-aa5a-4e1e-b468-ecb33c16bef1 HTTP/1.1" status: 204 len: 168 time: 0.6014333
2026-07-08 10:11:55.075 9 INFO neutron.wsgi [None req-21a96127-d271-417d-97cd-4f4de97daff6 94bd907d6bc641fe9fd259ff6be77730 ead4d09f46a345e2b5a7591591d114e2 - - default default] 10.0.0.45 "GET /v2.0/networks HTTP/1.1" status: 200 len: 845 time: 0.1033351
2026-07-08 10:11:55.171 9 INFO neutron.wsgi [None req-c264c11f-03f6-4064-ba9a-52094a6f0542 90ece6a6d36b47bf8bf4b65df55d05b5 d6921d8714ba4d1291a31d290a15353b - - default default] 10.0.0.45 "PUT /v2.0/routers/a1c96181-20e7-4eb2-8126-8dca2b17cbb4/remove_router_interface HTTP/1.1" status: 200 len: 503 time: 1.2971435
2026-07-08 10:11:55.221 8 INFO neutron.db.segments_db [None req-749bf8aa-0c9b-4d30-8664-423f2a2406cc 94bd907d6bc641fe9fd259ff6be77730 ead4d09f46a345e2b5a7591591d114e2 - - default default] Added segment 17c3d037-aa4f-44c6-8715-59223621aaa6 of type geneve for network 5009f979-9a5f-49d3-986b-15613244470e
2026-07-08 10:11:55.539 8 INFO neutron.db.ovn_revision_numbers_db [None req-749bf8aa-0c9b-4d30-8664-423f2a2406cc 94bd907d6bc641fe9fd259ff6be77730 ead4d09f46a345e2b5a7591591d114e2 - - default default] Successfully bumped revision number for resource 5009f979-9a5f-49d3-986b-15613244470e (type: networks) to 1
2026-07-08 10:11:55.565 8 WARNING neutron.scheduler.dhcp_agent_scheduler [None req-d2bb7203-e97d-4aa2-83f3-73d624a6cb65 15b30b341c6045248518b71db435e77c 383ed5a2cb4a4f24bfd6faab65df79c0 - - default default] No more DHCP agents
2026-07-08 10:11:55.573 8 WARNING neutron.api.rpc.agentnotifiers.dhcp_rpc_agent_api [None req-d2bb7203-e97d-4aa2-83f3-73d624a6cb65 15b30b341c6045248518b71db435e77c 383ed5a2cb4a4f24bfd6faab65df79c0 - - default default] Unable to schedule network 0d68ce08-4fc9-494d-bc3e-352f9319222e: no agents available; will retry on subsequent port and subnet creation events.
2026-07-08 10:11:55.843 8 WARNING neutron.scheduler.dhcp_agent_scheduler [None req-749bf8aa-0c9b-4d30-8664-423f2a2406cc 94bd907d6bc641fe9fd259ff6be77730 ead4d09f46a345e2b5a7591591d114e2 - - default default] No more DHCP agents
2026-07-08 10:11:55.850 8 WARNING neutron.api.rpc.agentnotifiers.dhcp_rpc_agent_api [None req-749bf8aa-0c9b-4d30-8664-423f2a2406cc 94bd907d6bc641fe9fd259ff6be77730 ead4d09f46a345e2b5a7591591d114e2 - - default default] Unable to schedule network 5009f979-9a5f-49d3-986b-15613244470e: no agents available; will retry on subsequent port and subnet creation events.
2026-07-08 10:11:56.015 8 INFO neutron.db.ovn_revision_numbers_db [None req-749bf8aa-0c9b-4d30-8664-423f2a2406cc 94bd907d6bc641fe9fd259ff6be77730 ead4d09f46a345e2b5a7591591d114e2 - - default default] Successfully bumped revision number for resource c87ec61a-38db-4cf2-b2cb-3500c34e38e3 (type: ports) to 1
2026-07-08 10:11:56.057 8 INFO neutron.wsgi [None req-749bf8aa-0c9b-4d30-8664-423f2a2406cc 94bd907d6bc641fe9fd259ff6be77730 ead4d09f46a345e2b5a7591591d114e2 - - default default] 10.0.0.45 "POST /v2.0/networks HTTP/1.1" status: 201 len: 853 time: 0.9745018 /var/lib/openstack/lib/python3.10/site-packages/pycadf/identifier.py:71: UserWarning: Invalid uuid: neutron. To ensure interoperability, identifiers should be a valid uuid. warnings.warn(('Invalid uuid: %s. To ensure interoperability, '
2026-07-08 10:11:56.172 9 INFO neutron.db.segments_db [None req-b315b7dd-26e1-4540-b0fe-32ea55e68e4b 94bd907d6bc641fe9fd259ff6be77730 ead4d09f46a345e2b5a7591591d114e2 - - default default] Added segment c57a0587-f819-4276-ad9f-052926299652 of type geneve for network 5d9c24fd-1815-4abc-84f8-65a184035bfd
2026-07-08 10:11:56.299 8 INFO neutron.wsgi [None req-72401b05-5706-4028-8727-427ee208d1fa 90ece6a6d36b47bf8bf4b65df55d05b5 d6921d8714ba4d1291a31d290a15353b - - default default] 10.0.0.45 "DELETE /v2.0/routers/a1c96181-20e7-4eb2-8126-8dca2b17cbb4 HTTP/1.1" status: 204 len: 168 time: 1.1193171
2026-07-08 10:11:56.317 9 INFO neutron.db.ovn_revision_numbers_db [None req-b315b7dd-26e1-4540-b0fe-32ea55e68e4b 94bd907d6bc641fe9fd259ff6be77730 ead4d09f46a345e2b5a7591591d114e2 - - default default] Successfully bumped revision number for resource 5d9c24fd-1815-4abc-84f8-65a184035bfd (type: networks) to 1
2026-07-08 10:11:56.376 8 INFO neutron.db.ovn_revision_numbers_db [None req-d2bb7203-e97d-4aa2-83f3-73d624a6cb65 15b30b341c6045248518b71db435e77c 383ed5a2cb4a4f24bfd6faab65df79c0 - - default default] Successfully bumped revision number for resource 86b5bfe8-f4b6-4aaa-ac1f-3c52a2b9a70c (type: ports) to 2
2026-07-08 10:11:56.423 8 INFO neutron.wsgi [-] 10.0.0.76 "GET / HTTP/1.1" status: 200 len: 246 time: 0.0011978
2026-07-08 10:11:56.425 9 INFO neutron.wsgi [-] 10.0.0.76 "GET / HTTP/1.1" status: 200 len: 246 time: 0.0012674
2026-07-08 10:11:56.425 8 INFO neutron.db.ovn_revision_numbers_db [None req-d2bb7203-e97d-4aa2-83f3-73d624a6cb65 15b30b341c6045248518b71db435e77c 383ed5a2cb4a4f24bfd6faab65df79c0 - - default default] Successfully bumped revision number for resource ad81ae0c-bbf3-4b8f-85ee-8f8bc3678db0 (type: subnets) to 0
2026-07-08 10:11:56.461 8 WARNING neutron.scheduler.dhcp_agent_scheduler [None req-d2bb7203-e97d-4aa2-83f3-73d624a6cb65 15b30b341c6045248518b71db435e77c 383ed5a2cb4a4f24bfd6faab65df79c0 - - default default] No more DHCP agents
2026-07-08 10:11:56.471 8 WARNING neutron.api.rpc.agentnotifiers.dhcp_rpc_agent_api [None req-d2bb7203-e97d-4aa2-83f3-73d624a6cb65 15b30b341c6045248518b71db435e77c 383ed5a2cb4a4f24bfd6faab65df79c0 - - default default] Unable to schedule network c453fecc-caab-4160-8b80-2374457cd7b5: no agents available; will retry on subsequent port and subnet creation events.
2026-07-08 10:11:56.500 9 WARNING neutron.scheduler.dhcp_agent_scheduler [None req-b315b7dd-26e1-4540-b0fe-32ea55e68e4b 94bd907d6bc641fe9fd259ff6be77730 ead4d09f46a345e2b5a7591591d114e2 - - default default] No more DHCP agents
2026-07-08 10:11:56.503 9 WARNING neutron.api.rpc.agentnotifiers.dhcp_rpc_agent_api [None req-b315b7dd-26e1-4540-b0fe-32ea55e68e4b 94bd907d6bc641fe9fd259ff6be77730 ead4d09f46a345e2b5a7591591d114e2 - - default default] Unable to schedule network 5d9c24fd-1815-4abc-84f8-65a184035bfd: no agents available; will retry on subsequent port and subnet creation events.
2026-07-08 10:11:56.547 8 INFO neutron.wsgi [None req-28ca0a03-7055-4c97-bc58-4e74f597d4dc 90ece6a6d36b47bf8bf4b65df55d05b5 d6921d8714ba4d1291a31d290a15353b - - default default] 10.0.0.45 "DELETE /v2.0/subnets/266ec492-530b-4399-904e-99894569344d HTTP/1.1" status: 204 len: 168 time: 0.2444298
2026-07-08 10:11:56.605 9 INFO neutron.db.ovn_revision_numbers_db [None req-b315b7dd-26e1-4540-b0fe-32ea55e68e4b 94bd907d6bc641fe9fd259ff6be77730 ead4d09f46a345e2b5a7591591d114e2 - - default default] Successfully bumped revision number for resource bfc436e6-c7ed-4a2c-abd8-bfa70c969c64 (type: ports) to 1
2026-07-08 10:11:56.640 9 INFO neutron.wsgi [None req-b315b7dd-26e1-4540-b0fe-32ea55e68e4b 94bd907d6bc641fe9fd259ff6be77730 ead4d09f46a345e2b5a7591591d114e2 - - default default] 10.0.0.45 "POST /v2.0/networks HTTP/1.1" status: 201 len: 852 time: 0.5765452
2026-07-08 10:11:57.148 8 INFO neutron.db.ovn_revision_numbers_db [None req-d2bb7203-e97d-4aa2-83f3-73d624a6cb65 15b30b341c6045248518b71db435e77c 383ed5a2cb4a4f24bfd6faab65df79c0 - - default default] Successfully bumped revision number for resource cc2cf9a0-dc83-4a90-a4a1-7f45cf30aa44 (type: ports) to 2
2026-07-08 10:11:57.181 8 INFO neutron.db.ovn_revision_numbers_db [None req-d2bb7203-e97d-4aa2-83f3-73d624a6cb65 15b30b341c6045248518b71db435e77c 383ed5a2cb4a4f24bfd6faab65df79c0 - - default default] Successfully bumped revision number for resource 33621425-dbae-40c4-981a-b236be8af7ea (type: subnets) to 0
2026-07-08 10:11:57.198 8 INFO neutron.wsgi [None req-d2bb7203-e97d-4aa2-83f3-73d624a6cb65 15b30b341c6045248518b71db435e77c 383ed5a2cb4a4f24bfd6faab65df79c0 - - default default] 10.0.0.45 "POST /v2.0/subnets HTTP/1.1" status: 201 len: 1425 time: 2.5855148
2026-07-08 10:11:57.245 8 INFO neutron.wsgi [None req-b5ac78b9-bafc-44a0-b30a-25ea9a9261fd 15b30b341c6045248518b71db435e77c 383ed5a2cb4a4f24bfd6faab65df79c0 - - default default] 10.0.0.45 "GET /v2.0/subnets HTTP/1.1" status: 200 len: 2033 time: 0.0419018
2026-07-08 10:11:57.256 9 INFO neutron.services.segments.plugin [-] Segment 5025e966-6611-483a-8054-79da7f37102d resource provider aggregate not found
2026-07-08 10:11:57.262 9 INFO neutron.services.segments.plugin [-] Segment 5025e966-6611-483a-8054-79da7f37102d resource provider aggregate not found
2026-07-08 10:11:57.275 9 INFO neutron.services.segments.plugin [-] Segment 5025e966-6611-483a-8054-79da7f37102d resource provider not found; error: Placement Client Error (4xx): {"errors": [{"status": 404, "title": "Not Found", "detail": "The resource could not be found.\n\n No resource provider with uuid 5025e966-6611-483a-8054-79da7f37102d found for delete ", "request_id": "req-b8537398-bc9b-42dc-ba6e-c86ef9a840d3"}]}
2026-07-08 10:11:57.290 9 INFO neutron.services.segments.plugin [-] Segment 5025e966-6611-483a-8054-79da7f37102d resource provider not found; error: Placement Client Error (4xx): {"errors": [{"status": 404, "title": "Not Found", "detail": "The resource could not be found.\n\n No resource provider with uuid 5025e966-6611-483a-8054-79da7f37102d found for delete ", "request_id": "req-8397fee1-ef8e-4ac9-ada3-c4b331cd52a2"}]}
2026-07-08 10:11:57.300 9 INFO neutron.wsgi [None req-5388962f-e3f8-4bc3-9d95-dc638fb10577 90ece6a6d36b47bf8bf4b65df55d05b5 d6921d8714ba4d1291a31d290a15353b - - default default] 10.0.0.45 "DELETE /v2.0/networks/c2def33f-64ce-4fc9-8753-aa8904c06a07 HTTP/1.1" status: 204 len: 168 time: 0.7463250
2026-07-08 10:11:57.428 8 INFO neutron.wsgi [None req-c1f9248e-60d5-4b71-85d5-59ac32198138 15b30b341c6045248518b71db435e77c 383ed5a2cb4a4f24bfd6faab65df79c0 - - default default] 10.0.0.45 "DELETE /v2.0/subnets/ad81ae0c-bbf3-4b8f-85ee-8f8bc3678db0 HTTP/1.1" status: 204 len: 168 time: 0.1771312
2026-07-08 10:11:57.433 9 WARNING neutron.scheduler.dhcp_agent_scheduler [None req-47152ed7-5e2b-4917-986a-0bae51364b52 94bd907d6bc641fe9fd259ff6be77730 ead4d09f46a345e2b5a7591591d114e2 - - default default] No more DHCP agents
2026-07-08 10:11:57.436 9 WARNING neutron.api.rpc.agentnotifiers.dhcp_rpc_agent_api [None req-47152ed7-5e2b-4917-986a-0bae51364b52 94bd907d6bc641fe9fd259ff6be77730 ead4d09f46a345e2b5a7591591d114e2 - - default default] Unable to schedule network 5009f979-9a5f-49d3-986b-15613244470e: no agents available; will retry on subsequent port and subnet creation events. /var/lib/openstack/lib/python3.10/site-packages/pycadf/identifier.py:71: UserWarning: Invalid uuid: neutron. To ensure interoperability, identifiers should be a valid uuid. warnings.warn(('Invalid uuid: %s. To ensure interoperability, '
2026-07-08 10:11:57.496 9 INFO neutron.wsgi [None req-70491f73-d253-472d-9f51-983de6c67269 90ece6a6d36b47bf8bf4b65df55d05b5 d6921d8714ba4d1291a31d290a15353b - - default default] 10.0.0.45 "GET /v2.0/security-groups?tenant_id=fc54b09b289f4b84858872b88a587c38&name=default HTTP/1.1" status: 200 len: 2996 time: 0.0496895
2026-07-08 10:11:57.533 9 INFO neutron.db.ovn_revision_numbers_db [None req-47152ed7-5e2b-4917-986a-0bae51364b52 94bd907d6bc641fe9fd259ff6be77730 ead4d09f46a345e2b5a7591591d114e2 - - default default] Successfully bumped revision number for resource 2bd47aaa-cf2f-49a8-96e4-85ac99039ad7 (type: ports) to 1
2026-07-08 10:11:57.567 9 WARNING neutron.scheduler.dhcp_agent_scheduler [None req-47152ed7-5e2b-4917-986a-0bae51364b52 94bd907d6bc641fe9fd259ff6be77730 ead4d09f46a345e2b5a7591591d114e2 - - default default] No more DHCP agents
2026-07-08 10:11:57.572 9 WARNING neutron.api.rpc.agentnotifiers.dhcp_rpc_agent_api [None req-47152ed7-5e2b-4917-986a-0bae51364b52 94bd907d6bc641fe9fd259ff6be77730 ead4d09f46a345e2b5a7591591d114e2 - - default default] Unable to schedule network 5d9c24fd-1815-4abc-84f8-65a184035bfd: no agents available; will retry on subsequent port and subnet creation events.
2026-07-08 10:11:57.603 8 INFO neutron.wsgi [None req-22850447-75d4-42d5-8b01-c4ffac5ffcc6 15b30b341c6045248518b71db435e77c 383ed5a2cb4a4f24bfd6faab65df79c0 - - default default] 10.0.0.45 "DELETE /v2.0/subnets/33621425-dbae-40c4-981a-b236be8af7ea HTTP/1.1" status: 204 len: 168 time: 0.1693375
2026-07-08 10:11:57.653 8 INFO neutron.wsgi [None req-d9ac3d26-9923-4ae5-b7c8-2d2fbc976f18 15b30b341c6045248518b71db435e77c 383ed5a2cb4a4f24bfd6faab65df79c0 - - default default] 10.0.0.45 "GET /v2.0/subnets HTTP/1.1" status: 200 len: 820 time: 0.0449321
2026-07-08 10:11:57.675 9 INFO neutron.db.ovn_revision_numbers_db [None req-47152ed7-5e2b-4917-986a-0bae51364b52 94bd907d6bc641fe9fd259ff6be77730 ead4d09f46a345e2b5a7591591d114e2 - - default default] Successfully bumped revision number for resource c4b5b516-ffa5-436b-ad21-c68eba2a1582 (type: ports) to 1
2026-07-08 10:11:57.701 9 INFO neutron.wsgi [None req-47152ed7-5e2b-4917-986a-0bae51364b52 94bd907d6bc641fe9fd259ff6be77730 ead4d09f46a345e2b5a7591591d114e2 - - default default] 10.0.0.45 "POST /v2.0/ports HTTP/1.1" status: 201 len: 1706 time: 1.0540526
2026-07-08 10:11:57.769 9 INFO neutron.wsgi [None req-b111bffc-73a2-4d33-97d1-efedfeba74a5 90ece6a6d36b47bf8bf4b65df55d05b5 d6921d8714ba4d1291a31d290a15353b - - default default] 10.0.0.45 "DELETE /v2.0/security-groups/3133a3ce-051e-4cb3-9c3c-5a50fb018c99 HTTP/1.1" status: 204 len: 168 time: 0.2610452
2026-07-08 10:11:57.854 8 INFO neutron.wsgi [None req-057dcebe-b93f-4304-8185-31a762404bbf 94bd907d6bc641fe9fd259ff6be77730 ead4d09f46a345e2b5a7591591d114e2 - - default default] 10.0.0.45 "GET /v2.0/ports HTTP/1.1" status: 200 len: 3213 time: 0.1495593 /var/lib/openstack/lib/python3.10/site-packages/pycadf/identifier.py:71: UserWarning: Invalid uuid: neutron. To ensure interoperability, identifiers should be a valid uuid. warnings.warn(('Invalid uuid: %s. To ensure interoperability, '
2026-07-08 10:11:58.137 8 INFO neutron.services.segments.plugin [-] Segment 2fb55735-ad63-4380-957e-f0d4e9ad60a7 resource provider aggregate not found
2026-07-08 10:11:58.143 8 INFO neutron.services.segments.plugin [-] Segment 2fb55735-ad63-4380-957e-f0d4e9ad60a7 resource provider aggregate not found
2026-07-08 10:11:58.147 9 INFO neutron.wsgi [None req-c16d1d0e-a722-47fa-bf96-c576bd7b1872 94bd907d6bc641fe9fd259ff6be77730 ead4d09f46a345e2b5a7591591d114e2 - - default default] 10.0.0.45 "DELETE /v2.0/ports/2bd47aaa-cf2f-49a8-96e4-85ac99039ad7 HTTP/1.1" status: 204 len: 168 time: 0.2862868
2026-07-08 10:11:58.157 8 INFO neutron.services.segments.plugin [-] Segment 2fb55735-ad63-4380-957e-f0d4e9ad60a7 resource provider not found; error: Placement Client Error (4xx): {"errors": [{"status": 404, "title": "Not Found", "detail": "The resource could not be found.\n\n No resource provider with uuid 2fb55735-ad63-4380-957e-f0d4e9ad60a7 found for delete ", "request_id": "req-27d32539-b765-47e8-adc5-433ed54a1940"}]}
