2026-07-08 09:38:41.426 8 INFO neutron.wsgi [-] 10.0.0.76 "GET / HTTP/1.1" status: 200 len: 246 time: 0.0034738
2026-07-08 09:38:56.425 8 INFO neutron.wsgi [-] 10.0.0.76 "GET / HTTP/1.1" status: 200 len: 246 time: 0.0022531
2026-07-08 09:38:56.425 9 INFO neutron.wsgi [-] 10.0.0.76 "GET / HTTP/1.1" status: 200 len: 246 time: 0.0024951
2026-07-08 09:39:11.425 8 INFO neutron.wsgi [-] 10.0.0.76 "GET / HTTP/1.1" status: 200 len: 246 time: 0.0027544
2026-07-08 09:39:11.426 9 INFO neutron.wsgi [-] 10.0.0.76 "GET / HTTP/1.1" status: 200 len: 246 time: 0.0031378
2026-07-08 09:39:26.425 9 INFO neutron.wsgi [-] 10.0.0.76 "GET / HTTP/1.1" status: 200 len: 246 time: 0.0025504
2026-07-08 09:39:26.425 8 INFO neutron.wsgi [-] 10.0.0.76 "GET / HTTP/1.1" status: 200 len: 246 time: 0.0025771
2026-07-08 09:39:41.424 8 INFO neutron.wsgi [-] 10.0.0.76 "GET / HTTP/1.1" status: 200 len: 246 time: 0.0023160
2026-07-08 09:39:41.427 8 INFO neutron.wsgi [-] 10.0.0.76 "GET / HTTP/1.1" status: 200 len: 246 time: 0.0020275
2026-07-08 09:39:56.424 8 INFO neutron.wsgi [-] 10.0.0.76 "GET / HTTP/1.1" status: 200 len: 246 time: 0.0022006
2026-07-08 09:39:56.425 9 INFO neutron.wsgi [-] 10.0.0.76 "GET / HTTP/1.1" status: 200 len: 246 time: 0.0028598
2026-07-08 09:40:11.424 8 INFO neutron.wsgi [-] 10.0.0.76 "GET / HTTP/1.1" status: 200 len: 246 time: 0.0019243
2026-07-08 09:40:11.426 9 INFO neutron.wsgi [-] 10.0.0.76 "GET / HTTP/1.1" status: 200 len: 246 time: 0.0041630
2026-07-08 09:40:26.424 9 INFO neutron.wsgi [-] 10.0.0.76 "GET / HTTP/1.1" status: 200 len: 246 time: 0.0018287
2026-07-08 09:40:26.424 8 INFO neutron.wsgi [-] 10.0.0.76 "GET / HTTP/1.1" status: 200 len: 246 time: 0.0021358
2026-07-08 09:40:41.424 9 INFO neutron.wsgi [-] 10.0.0.76 "GET / HTTP/1.1" status: 200 len: 246 time: 0.0023837
2026-07-08 09:40:41.425 8 INFO neutron.wsgi [-] 10.0.0.76 "GET / HTTP/1.1" status: 200 len: 246 time: 0.0030880
2026-07-08 09:40:56.424 9 INFO neutron.wsgi [-] 10.0.0.76 "GET / HTTP/1.1" status: 200 len: 246 time: 0.0018270
2026-07-08 09:40:56.425 8 INFO neutron.wsgi [-] 10.0.0.76 "GET / HTTP/1.1" status: 200 len: 246 time: 0.0023842
2026-07-08 09:41:08.541 14 INFO neutron.db.ovn_revision_numbers_db [None req-08a5495c-b86c-46f3-a2af-44cbc31d646d - - - - - -] Successfully bumped revision number for resource d73dfa33-49a4-49e0-b359-529367435d92 (type: networks) to 2
2026-07-08 09:41:08.542 14 INFO neutron.plugins.ml2.drivers.ovn.mech_driver.ovsdb.maintenance [None req-08a5495c-b86c-46f3-a2af-44cbc31d646d - - - - - -] Maintenance task: Synchronization finished (took 0.15 seconds)
2026-07-08 09:41:11.425 9 INFO neutron.wsgi [-] 10.0.0.76 "GET / HTTP/1.1" status: 200 len: 246 time: 0.0025988
2026-07-08 09:41:11.425 8 INFO neutron.wsgi [-] 10.0.0.76 "GET / HTTP/1.1" status: 200 len: 246 time: 0.0026367
2026-07-08 09:41:26.425 8 INFO neutron.wsgi [-] 10.0.0.76 "GET / HTTP/1.1" status: 200 len: 246 time: 0.0022137
2026-07-08 09:41:26.425 9 INFO neutron.wsgi [-] 10.0.0.76 "GET / HTTP/1.1" status: 200 len: 246 time: 0.0022643
2026-07-08 09:41:41.425 8 INFO neutron.wsgi [-] 10.0.0.76 "GET / HTTP/1.1" status: 200 len: 246 time: 0.0019059
2026-07-08 09:41:41.425 9 INFO neutron.wsgi [-] 10.0.0.76 "GET / HTTP/1.1" status: 200 len: 246 time: 0.0025635
2026-07-08 09:41:56.425 8 INFO neutron.wsgi [-] 10.0.0.76 "GET / HTTP/1.1" status: 200 len: 246 time: 0.0025434
2026-07-08 09:41:56.425 9 INFO neutron.wsgi [-] 10.0.0.76 "GET / HTTP/1.1" status: 200 len: 246 time: 0.0029557
2026-07-08 09:42:11.425 8 INFO neutron.wsgi [-] 10.0.0.76 "GET / HTTP/1.1" status: 200 len: 246 time: 0.0023041
2026-07-08 09:42:11.426 9 INFO neutron.wsgi [-] 10.0.0.76 "GET / HTTP/1.1" status: 200 len: 246 time: 0.0027566
2026-07-08 09:42:26.425 9 INFO neutron.wsgi [-] 10.0.0.76 "GET / HTTP/1.1" status: 200 len: 246 time: 0.0022178
2026-07-08 09:42:26.426 8 INFO neutron.wsgi [-] 10.0.0.76 "GET / HTTP/1.1" status: 200 len: 246 time: 0.0028994
2026-07-08 09:42:41.424 8 INFO neutron.wsgi [-] 10.0.0.76 "GET / HTTP/1.1" status: 200 len: 246 time: 0.0017395
2026-07-08 09:42:41.426 9 INFO neutron.wsgi [-] 10.0.0.76 "GET / HTTP/1.1" status: 200 len: 246 time: 0.0035875 /var/lib/openstack/lib/python3.10/site-packages/memcache.py:1303: SyntaxWarning: "is" with a literal. Did you mean "=="? if key is '': /var/lib/openstack/lib/python3.10/site-packages/memcache.py:1304: SyntaxWarning: "is" with a literal. Did you mean "=="? if key_extra_len is 0: /var/lib/openstack/lib/python3.10/site-packages/pycadf/identifier.py:71: UserWarning: Invalid uuid: unknown. To ensure interoperability, identifiers should be a valid uuid. warnings.warn(('Invalid uuid: %s. To ensure interoperability, '
2026-07-08 09:42:55.821 8 WARNING oslo_policy.policy [None req-8e08e5be-ad5e-4f5f-a887-e39550147cff 90ece6a6d36b47bf8bf4b65df55d05b5 d6921d8714ba4d1291a31d290a15353b - - default default] Policies ['delete_port', 'update_port:allowed_address_pairs', 'update_port:allowed_address_pairs:ip_address', 'update_port:allowed_address_pairs:mac_address', 'update_port:fixed_ips', 'update_port:mac_address'] reference a rule that is not defined.
2026-07-08 09:42:56.194 8 INFO neutron.wsgi [None req-8e08e5be-ad5e-4f5f-a887-e39550147cff 90ece6a6d36b47bf8bf4b65df55d05b5 d6921d8714ba4d1291a31d290a15353b - - default default] 199.204.45.229,10.0.0.76 "GET /v2.0/networks HTTP/1.1" status: 200 len: 928 time: 0.8724627
2026-07-08 09:42:56.316 8 INFO neutron.db.segments_db [None req-13d86275-02f8-4042-b9cd-1a4a7cce2667 90ece6a6d36b47bf8bf4b65df55d05b5 d6921d8714ba4d1291a31d290a15353b - - default default] Added segment 5f0f38da-8f5d-4997-b25a-1c0fa6e86545 of type geneve for network f53754d8-b426-4a1a-85f4-913dbcfc9d30
2026-07-08 09:42:56.424 9 INFO neutron.wsgi [-] 10.0.0.76 "GET / HTTP/1.1" status: 200 len: 246 time: 0.0015519
2026-07-08 09:42:56.425 8 INFO neutron.wsgi [-] 10.0.0.76 "GET / HTTP/1.1" status: 200 len: 246 time: 0.0026155
2026-07-08 09:42:56.443 8 INFO neutron.plugins.ml2.drivers.ovn.mech_driver.ovsdb.extensions.qos [None req-13d86275-02f8-4042-b9cd-1a4a7cce2667 90ece6a6d36b47bf8bf4b65df55d05b5 d6921d8714ba4d1291a31d290a15353b - - default default] Starting OVNClientQosExtension
2026-07-08 09:42:56.443 8 INFO neutron.plugins.ml2.drivers.ovn.mech_driver.ovsdb.extensions.placement [None req-13d86275-02f8-4042-b9cd-1a4a7cce2667 90ece6a6d36b47bf8bf4b65df55d05b5 d6921d8714ba4d1291a31d290a15353b - - default default] Starting OVNClientPlacementExtension
2026-07-08 09:42:56.579 8 INFO neutron.db.ovn_revision_numbers_db [None req-13d86275-02f8-4042-b9cd-1a4a7cce2667 90ece6a6d36b47bf8bf4b65df55d05b5 d6921d8714ba4d1291a31d290a15353b - - default default] Successfully bumped revision number for resource f53754d8-b426-4a1a-85f4-913dbcfc9d30 (type: networks) to 1
2026-07-08 09:42:56.823 8 WARNING neutron.scheduler.dhcp_agent_scheduler [None req-13d86275-02f8-4042-b9cd-1a4a7cce2667 90ece6a6d36b47bf8bf4b65df55d05b5 d6921d8714ba4d1291a31d290a15353b - - default default] No more DHCP agents
2026-07-08 09:42:56.826 8 WARNING neutron.api.rpc.agentnotifiers.dhcp_rpc_agent_api [None req-13d86275-02f8-4042-b9cd-1a4a7cce2667 90ece6a6d36b47bf8bf4b65df55d05b5 d6921d8714ba4d1291a31d290a15353b - - default default] Unable to schedule network f53754d8-b426-4a1a-85f4-913dbcfc9d30: no agents available; will retry on subsequent port and subnet creation events.
2026-07-08 09:42:56.963 8 INFO neutron.db.ovn_revision_numbers_db [None req-13d86275-02f8-4042-b9cd-1a4a7cce2667 90ece6a6d36b47bf8bf4b65df55d05b5 d6921d8714ba4d1291a31d290a15353b - - default default] Successfully bumped revision number for resource fe347ecc-2e2a-4003-9de3-23aa5fcad086 (type: ports) to 1
2026-07-08 09:42:56.997 8 INFO neutron.wsgi [None req-13d86275-02f8-4042-b9cd-1a4a7cce2667 90ece6a6d36b47bf8bf4b65df55d05b5 d6921d8714ba4d1291a31d290a15353b - - default default] 199.204.45.229,10.0.0.76 "POST /v2.0/networks HTTP/1.1" status: 201 len: 890 time: 0.7986770
2026-07-08 09:42:57.908 8 INFO neutron.wsgi [None req-93b2e817-1352-4d9a-ac49-e38c4f388aef 90ece6a6d36b47bf8bf4b65df55d05b5 d6921d8714ba4d1291a31d290a15353b - - default default] 199.204.45.229,10.0.0.76 "GET /v2.0/subnets HTTP/1.1" status: 200 len: 819 time: 0.0839963
2026-07-08 09:42:57.984 8 INFO neutron.wsgi [None req-fc3eb0c2-bfe6-4399-80f8-1a6b967d1cf8 90ece6a6d36b47bf8bf4b65df55d05b5 d6921d8714ba4d1291a31d290a15353b - - default default] 199.204.45.229,10.0.0.76 "GET /v2.0/networks HTTP/1.1" status: 200 len: 1615 time: 0.0684533
2026-07-08 09:42:58.218 8 WARNING neutron.scheduler.dhcp_agent_scheduler [None req-09ad4498-0685-4a6e-a09d-3d1ba505a188 90ece6a6d36b47bf8bf4b65df55d05b5 d6921d8714ba4d1291a31d290a15353b - - default default] No more DHCP agents
2026-07-08 09:42:58.220 8 WARNING neutron.api.rpc.agentnotifiers.dhcp_rpc_agent_api [None req-09ad4498-0685-4a6e-a09d-3d1ba505a188 90ece6a6d36b47bf8bf4b65df55d05b5 d6921d8714ba4d1291a31d290a15353b - - default default] Unable to schedule network f53754d8-b426-4a1a-85f4-913dbcfc9d30: no agents available; will retry on subsequent port and subnet creation events.
2026-07-08 09:42:58.807 8 INFO neutron.db.ovn_revision_numbers_db [None req-09ad4498-0685-4a6e-a09d-3d1ba505a188 90ece6a6d36b47bf8bf4b65df55d05b5 d6921d8714ba4d1291a31d290a15353b - - default default] Successfully bumped revision number for resource fe347ecc-2e2a-4003-9de3-23aa5fcad086 (type: ports) to 2
2026-07-08 09:42:58.854 8 INFO neutron.db.ovn_revision_numbers_db [None req-09ad4498-0685-4a6e-a09d-3d1ba505a188 90ece6a6d36b47bf8bf4b65df55d05b5 d6921d8714ba4d1291a31d290a15353b - - default default] Successfully bumped revision number for resource dcf60224-e41d-44ae-836d-44f30666a43a (type: subnets) to 0
2026-07-08 09:42:58.873 8 INFO neutron.wsgi [None req-09ad4498-0685-4a6e-a09d-3d1ba505a188 90ece6a6d36b47bf8bf4b65df55d05b5 d6921d8714ba4d1291a31d290a15353b - - default default] 199.204.45.229,10.0.0.76 "POST /v2.0/subnets HTTP/1.1" status: 201 len: 807 time: 0.8850129
2026-07-08 09:42:59.981 8 INFO neutron.wsgi [None req-91c359fa-3caa-425c-acc9-c1723d41e17b 90ece6a6d36b47bf8bf4b65df55d05b5 d6921d8714ba4d1291a31d290a15353b - - default default] 199.204.45.229,10.0.0.76 "GET /v2.0/security-groups?tenant_id=d6921d8714ba4d1291a31d290a15353b HTTP/1.1" status: 200 len: 2969 time: 0.0745831
2026-07-08 09:43:00.129 8 INFO neutron.db.ovn_revision_numbers_db [None req-32cc4c6a-219e-418d-894f-bb28426c01a9 90ece6a6d36b47bf8bf4b65df55d05b5 d6921d8714ba4d1291a31d290a15353b - - default default] Successfully bumped revision number for resource 0703cf6e-4d8b-458f-821b-a613319c860d (type: security_groups) to 1
2026-07-08 09:43:00.149 8 INFO neutron.db.ovn_revision_numbers_db [None req-32cc4c6a-219e-418d-894f-bb28426c01a9 90ece6a6d36b47bf8bf4b65df55d05b5 d6921d8714ba4d1291a31d290a15353b - - default default] Successfully bumped revision number for resource 0af918ce-6e10-48bf-9d5c-e5ca9ecd7557 (type: security_group_rules) to 0
2026-07-08 09:43:00.166 8 INFO neutron.db.ovn_revision_numbers_db [None req-32cc4c6a-219e-418d-894f-bb28426c01a9 90ece6a6d36b47bf8bf4b65df55d05b5 d6921d8714ba4d1291a31d290a15353b - - default default] Successfully bumped revision number for resource a5341118-656a-4046-b2c7-b05ec2a26687 (type: security_group_rules) to 0
2026-07-08 09:43:00.184 8 INFO neutron.wsgi [None req-32cc4c6a-219e-418d-894f-bb28426c01a9 90ece6a6d36b47bf8bf4b65df55d05b5 d6921d8714ba4d1291a31d290a15353b - - default default] 199.204.45.229,10.0.0.76 "POST /v2.0/security-groups HTTP/1.1" status: 201 len: 1733 time: 0.1920350
2026-07-08 09:43:01.321 8 INFO neutron.wsgi [None req-af640d14-0a48-4abf-907b-5190d8d7f01a 90ece6a6d36b47bf8bf4b65df55d05b5 d6921d8714ba4d1291a31d290a15353b - - default default] 199.204.45.229,10.0.0.76 "GET /v2.0/security-groups?tenant_id=d6921d8714ba4d1291a31d290a15353b HTTP/1.1" status: 200 len: 4503 time: 0.0759461
2026-07-08 09:43:01.364 8 INFO neutron.wsgi [None req-99e62b0c-d514-4adb-a4b9-82f4223cc706 90ece6a6d36b47bf8bf4b65df55d05b5 d6921d8714ba4d1291a31d290a15353b - - default default] 199.204.45.229,10.0.0.76 "GET /v2.0/security-groups HTTP/1.1" status: 200 len: 4503 time: 0.0346458
2026-07-08 09:43:01.501 8 INFO neutron.db.ovn_revision_numbers_db [None req-f1495b69-d66a-435f-aa01-cc9b2ae72f35 90ece6a6d36b47bf8bf4b65df55d05b5 d6921d8714ba4d1291a31d290a15353b - - default default] Successfully bumped revision number for resource 5932c7e5-5940-40f5-ba1c-77f7dd0c764f (type: security_group_rules) to 0
2026-07-08 09:43:01.528 8 INFO neutron.wsgi [None req-f1495b69-d66a-435f-aa01-cc9b2ae72f35 90ece6a6d36b47bf8bf4b65df55d05b5 d6921d8714ba4d1291a31d290a15353b - - default default] 199.204.45.229,10.0.0.76 "POST /v2.0/security-group-rules HTTP/1.1" status: 201 len: 749 time: 0.1518068
2026-07-08 09:43:02.420 8 INFO neutron.wsgi [None req-ff63e606-e53c-447a-8214-663152b07618 90ece6a6d36b47bf8bf4b65df55d05b5 d6921d8714ba4d1291a31d290a15353b - - default default] 199.204.45.229,10.0.0.76 "GET /v2.0/security-groups?tenant_id=d6921d8714ba4d1291a31d290a15353b HTTP/1.1" status: 200 len: 5085 time: 0.0729029
2026-07-08 09:43:02.473 8 INFO neutron.wsgi [None req-faf3c0eb-7103-41a0-a9f2-9d61aaf0d002 90ece6a6d36b47bf8bf4b65df55d05b5 d6921d8714ba4d1291a31d290a15353b - - default default] 199.204.45.229,10.0.0.76 "GET /v2.0/security-groups HTTP/1.1" status: 200 len: 5085 time: 0.0425410
2026-07-08 09:43:02.602 8 INFO neutron.db.ovn_revision_numbers_db [None req-e51b3aca-5723-4835-99d6-50c32c094047 90ece6a6d36b47bf8bf4b65df55d05b5 d6921d8714ba4d1291a31d290a15353b - - default default] Successfully bumped revision number for resource fc7faf99-bdab-45bd-92a9-26c66ace4135 (type: security_group_rules) to 0
2026-07-08 09:43:02.629 8 INFO neutron.wsgi [None req-e51b3aca-5723-4835-99d6-50c32c094047 90ece6a6d36b47bf8bf4b65df55d05b5 d6921d8714ba4d1291a31d290a15353b - - default default] 199.204.45.229,10.0.0.76 "POST /v2.0/security-group-rules HTTP/1.1" status: 201 len: 751 time: 0.1468532
2026-07-08 09:43:03.508 8 INFO neutron.wsgi [None req-0ed0e5db-00d1-4598-b641-7cd25158b5dc 90ece6a6d36b47bf8bf4b65df55d05b5 d6921d8714ba4d1291a31d290a15353b - - default default] 199.204.45.229,10.0.0.76 "GET /v2.0/security-groups?tenant_id=d6921d8714ba4d1291a31d290a15353b HTTP/1.1" status: 200 len: 5669 time: 0.0989275
2026-07-08 09:43:03.558 8 INFO neutron.wsgi [None req-f34ebe1a-dbd6-4fc1-89fd-9c8feb47f04d 90ece6a6d36b47bf8bf4b65df55d05b5 d6921d8714ba4d1291a31d290a15353b - - default default] 199.204.45.229,10.0.0.76 "GET /v2.0/security-groups HTTP/1.1" status: 200 len: 5669 time: 0.0399215
2026-07-08 09:43:03.684 8 INFO neutron.db.ovn_revision_numbers_db [None req-d606d19f-fa1d-4d24-8e7a-ede8fbfe5d7e 90ece6a6d36b47bf8bf4b65df55d05b5 d6921d8714ba4d1291a31d290a15353b - - default default] Successfully bumped revision number for resource c79526d3-8511-499c-80d0-4bb9af689aad (type: security_group_rules) to 0
2026-07-08 09:43:03.707 8 INFO neutron.wsgi [None req-d606d19f-fa1d-4d24-8e7a-ede8fbfe5d7e 90ece6a6d36b47bf8bf4b65df55d05b5 d6921d8714ba4d1291a31d290a15353b - - default default] 199.204.45.229,10.0.0.76 "POST /v2.0/security-group-rules HTTP/1.1" status: 201 len: 751 time: 0.1408165
2026-07-08 09:43:04.592 8 INFO neutron.wsgi [None req-76744c3d-08f1-4dcc-9133-aafe77c44402 90ece6a6d36b47bf8bf4b65df55d05b5 d6921d8714ba4d1291a31d290a15353b - - default default] 199.204.45.229,10.0.0.76 "GET /v2.0/security-groups?tenant_id=d6921d8714ba4d1291a31d290a15353b HTTP/1.1" status: 200 len: 6253 time: 0.0727050
2026-07-08 09:43:04.640 8 INFO neutron.wsgi [None req-1efca110-a6c3-44cf-840c-f5a10f29b4d6 90ece6a6d36b47bf8bf4b65df55d05b5 d6921d8714ba4d1291a31d290a15353b - - default default] 199.204.45.229,10.0.0.76 "GET /v2.0/security-groups HTTP/1.1" status: 200 len: 6253 time: 0.0375841
2026-07-08 09:43:04.768 8 INFO neutron.db.ovn_revision_numbers_db [None req-a3ee20c0-b0cd-47fd-b090-ebee802210bf 90ece6a6d36b47bf8bf4b65df55d05b5 d6921d8714ba4d1291a31d290a15353b - - default default] Successfully bumped revision number for resource 9175d69a-a46e-4cda-ab05-94a48b939d92 (type: security_group_rules) to 0
2026-07-08 09:43:04.791 8 INFO neutron.wsgi [None req-a3ee20c0-b0cd-47fd-b090-ebee802210bf 90ece6a6d36b47bf8bf4b65df55d05b5 d6921d8714ba4d1291a31d290a15353b - - default default] 199.204.45.229,10.0.0.76 "POST /v2.0/security-group-rules HTTP/1.1" status: 201 len: 751 time: 0.1418693
2026-07-08 09:43:05.650 8 INFO neutron.wsgi [None req-da9155ae-a296-4e45-8a9d-c28edd065171 90ece6a6d36b47bf8bf4b65df55d05b5 d6921d8714ba4d1291a31d290a15353b - - default default] 199.204.45.229,10.0.0.76 "GET /v2.0/security-groups?tenant_id=d6921d8714ba4d1291a31d290a15353b HTTP/1.1" status: 200 len: 6837 time: 0.0725031
2026-07-08 09:43:05.696 8 INFO neutron.wsgi [None req-6a95330a-15a5-40c4-89d0-ac520d74f229 90ece6a6d36b47bf8bf4b65df55d05b5 d6921d8714ba4d1291a31d290a15353b - - default default] 199.204.45.229,10.0.0.76 "GET /v2.0/security-groups HTTP/1.1" status: 200 len: 6837 time: 0.0375850
2026-07-08 09:43:05.822 8 INFO neutron.db.ovn_revision_numbers_db [None req-87ef5bf4-50ac-49f1-b5e4-6978880cceba 90ece6a6d36b47bf8bf4b65df55d05b5 d6921d8714ba4d1291a31d290a15353b - - default default] Successfully bumped revision number for resource edb77138-cd79-4f0a-b9d5-fb5cb7f7f622 (type: security_group_rules) to 0
2026-07-08 09:43:05.845 8 INFO neutron.wsgi [None req-87ef5bf4-50ac-49f1-b5e4-6978880cceba 90ece6a6d36b47bf8bf4b65df55d05b5 d6921d8714ba4d1291a31d290a15353b - - default default] 199.204.45.229,10.0.0.76 "POST /v2.0/security-group-rules HTTP/1.1" status: 201 len: 751 time: 0.1422780
2026-07-08 09:43:07.081 9 INFO neutron.wsgi [None req-62c67a78-0fa6-4612-a6b9-537a2b5fe87d 90ece6a6d36b47bf8bf4b65df55d05b5 d6921d8714ba4d1291a31d290a15353b - - default default] 199.204.45.229,10.0.0.76 "GET /v2.0/security-groups HTTP/1.1" status: 200 len: 7421 time: 0.0965872
2026-07-08 09:43:07.151 9 INFO neutron.wsgi [None req-3b95a6bb-e29f-4a45-9ddc-277eee48e1fe 90ece6a6d36b47bf8bf4b65df55d05b5 d6921d8714ba4d1291a31d290a15353b - - default default] 199.204.45.229,10.0.0.76 "GET /v2.0/ports HTTP/1.1" status: 200 len: 2301 time: 0.0634294
2026-07-08 09:43:07.237 9 INFO neutron.wsgi [None req-d6701c42-60e0-4619-967d-04893e0e27e2 90ece6a6d36b47bf8bf4b65df55d05b5 d6921d8714ba4d1291a31d290a15353b - - default default] 199.204.45.229,10.0.0.76 "GET /v2.0/networks HTTP/1.1" status: 200 len: 1653 time: 0.0805755
2026-07-08 09:43:07.531 9 WARNING neutron.scheduler.dhcp_agent_scheduler [None req-0f581622-fb41-4b04-aea3-6d7751371f68 90ece6a6d36b47bf8bf4b65df55d05b5 d6921d8714ba4d1291a31d290a15353b - - default default] No more DHCP agents
2026-07-08 09:43:07.533 9 WARNING neutron.api.rpc.agentnotifiers.dhcp_rpc_agent_api [None req-0f581622-fb41-4b04-aea3-6d7751371f68 90ece6a6d36b47bf8bf4b65df55d05b5 d6921d8714ba4d1291a31d290a15353b - - default default] Unable to schedule network f53754d8-b426-4a1a-85f4-913dbcfc9d30: no agents available; will retry on subsequent port and subnet creation events.
2026-07-08 09:43:07.670 9 INFO neutron.db.ovn_revision_numbers_db [None req-0f581622-fb41-4b04-aea3-6d7751371f68 90ece6a6d36b47bf8bf4b65df55d05b5 d6921d8714ba4d1291a31d290a15353b - - default default] Successfully bumped revision number for resource 30e035d4-656d-4af6-9ea0-01235f58ed1f (type: ports) to 1
2026-07-08 09:43:07.689 9 INFO neutron.wsgi [None req-0f581622-fb41-4b04-aea3-6d7751371f68 90ece6a6d36b47bf8bf4b65df55d05b5 d6921d8714ba4d1291a31d290a15353b - - default default] 199.204.45.229,10.0.0.76 "POST /v2.0/ports HTTP/1.1" status: 201 len: 1277 time: 0.4452703
2026-07-08 09:43:11.428 9 INFO neutron.wsgi [-] 10.0.0.76 "GET / HTTP/1.1" status: 200 len: 246 time: 0.0017896
2026-07-08 09:43:11.430 9 INFO neutron.wsgi [-] 10.0.0.76 "GET / HTTP/1.1" status: 200 len: 246 time: 0.0012400
2026-07-08 09:43:13.548 8 INFO neutron.pecan_wsgi.hooks.translation [None req-5dccd694-161d-4de3-81da-fee2df42e73c 90ece6a6d36b47bf8bf4b65df55d05b5 d6921d8714ba4d1291a31d290a15353b - - default default] GET failed (client error): The resource could not be found.
2026-07-08 09:43:13.550 8 INFO neutron.wsgi [None req-5dccd694-161d-4de3-81da-fee2df42e73c 90ece6a6d36b47bf8bf4b65df55d05b5 d6921d8714ba4d1291a31d290a15353b - - default default] 199.204.45.229,10.0.0.76 "GET /v2.0/ports/octavia-health-manager-port-instance HTTP/1.1" status: 404 len: 314 time: 0.0604267
2026-07-08 09:43:13.603 8 INFO neutron.wsgi [None req-52bb203d-9fec-4963-ab02-2145a56c556c 90ece6a6d36b47bf8bf4b65df55d05b5 d6921d8714ba4d1291a31d290a15353b - - default default] 199.204.45.229,10.0.0.76 "GET /v2.0/ports?name=octavia-health-manager-port-instance HTTP/1.1" status: 200 len: 1275 time: 0.0486639
2026-07-08 09:43:14.076 8 INFO neutron.db.ovn_revision_numbers_db [None req-b42fd135-cbef-4525-a5ee-1006ddc27395 90ece6a6d36b47bf8bf4b65df55d05b5 d6921d8714ba4d1291a31d290a15353b - - default default] Successfully bumped revision number for resource 30e035d4-656d-4af6-9ea0-01235f58ed1f (type: ports) to 1
2026-07-08 09:43:14.341 8 INFO neutron.db.ovn_revision_numbers_db [None req-b42fd135-cbef-4525-a5ee-1006ddc27395 90ece6a6d36b47bf8bf4b65df55d05b5 d6921d8714ba4d1291a31d290a15353b - - default default] Successfully bumped revision number for resource 30e035d4-656d-4af6-9ea0-01235f58ed1f (type: ports) to 2
2026-07-08 09:43:14.359 8 INFO neutron.wsgi [None req-b42fd135-cbef-4525-a5ee-1006ddc27395 90ece6a6d36b47bf8bf4b65df55d05b5 d6921d8714ba4d1291a31d290a15353b - - default default] 199.204.45.229,10.0.0.76 "PUT /v2.0/ports/30e035d4-656d-4af6-9ea0-01235f58ed1f HTTP/1.1" status: 200 len: 1362 time: 0.7480049 /var/lib/openstack/lib/python3.10/site-packages/pycadf/identifier.py:71: UserWarning: Invalid uuid: unknown. To ensure interoperability, identifiers should be a valid uuid. warnings.warn(('Invalid uuid: %s. To ensure interoperability, '
2026-07-08 09:43:15.770 8 INFO neutron.wsgi [None req-5009c2db-1e91-4aaa-b591-48e834476997 90ece6a6d36b47bf8bf4b65df55d05b5 d6921d8714ba4d1291a31d290a15353b - - default default] 199.204.45.229,10.0.0.76 "GET /v2.0/ports HTTP/1.1" status: 200 len: 3507 time: 0.0887115 /var/lib/openstack/lib/python3.10/site-packages/pycadf/identifier.py:71: UserWarning: Invalid uuid: unknown. To ensure interoperability, identifiers should be a valid uuid. warnings.warn(('Invalid uuid: %s. To ensure interoperability, '
2026-07-08 09:43:16.758 9 INFO neutron.wsgi [None req-e3526fb5-1d17-40f0-924b-4b2600f492c9 90ece6a6d36b47bf8bf4b65df55d05b5 d6921d8714ba4d1291a31d290a15353b - - default default] 199.204.45.229,10.0.0.76 "GET /v2.0/security-groups?tenant_id=d6921d8714ba4d1291a31d290a15353b HTTP/1.1" status: 200 len: 7421 time: 0.0860035
2026-07-08 09:43:16.882 9 INFO neutron.db.ovn_revision_numbers_db [None req-b08576e1-7714-4186-836d-c8e2d642a5df 90ece6a6d36b47bf8bf4b65df55d05b5 d6921d8714ba4d1291a31d290a15353b - - default default] Successfully bumped revision number for resource d749214b-4fff-41cc-a273-3922f3b705d0 (type: security_groups) to 1
2026-07-08 09:43:16.896 9 INFO neutron.db.ovn_revision_numbers_db [None req-b08576e1-7714-4186-836d-c8e2d642a5df 90ece6a6d36b47bf8bf4b65df55d05b5 d6921d8714ba4d1291a31d290a15353b - - default default] Successfully bumped revision number for resource 08cfe81e-345d-4f3e-8174-4bea0534e216 (type: security_group_rules) to 0
2026-07-08 09:43:16.910 9 INFO neutron.db.ovn_revision_numbers_db [None req-b08576e1-7714-4186-836d-c8e2d642a5df 90ece6a6d36b47bf8bf4b65df55d05b5 d6921d8714ba4d1291a31d290a15353b - - default default] Successfully bumped revision number for resource 0e1ef9dc-5679-4e0b-bd12-6a7abfb44dfe (type: security_group_rules) to 0
2026-07-08 09:43:16.931 9 INFO neutron.wsgi [None req-b08576e1-7714-4186-836d-c8e2d642a5df 90ece6a6d36b47bf8bf4b65df55d05b5 d6921d8714ba4d1291a31d290a15353b - - default default] 199.204.45.229,10.0.0.76 "POST /v2.0/security-groups HTTP/1.1" status: 201 len: 1727 time: 0.1621172
2026-07-08 09:43:17.883 9 INFO neutron.wsgi [None req-4e2bf2dd-eee7-4577-855a-e9ca62738a37 90ece6a6d36b47bf8bf4b65df55d05b5 d6921d8714ba4d1291a31d290a15353b - - default default] 199.204.45.229,10.0.0.76 "GET /v2.0/security-groups?tenant_id=d6921d8714ba4d1291a31d290a15353b HTTP/1.1" status: 200 len: 8949 time: 0.0750856
2026-07-08 09:43:17.935 9 INFO neutron.wsgi [None req-d256be33-efde-4fff-a76c-c1ff39b639ad 90ece6a6d36b47bf8bf4b65df55d05b5 d6921d8714ba4d1291a31d290a15353b - - default default] 199.204.45.229,10.0.0.76 "GET /v2.0/security-groups HTTP/1.1" status: 200 len: 8949 time: 0.0401621
2026-07-08 09:43:18.066 9 INFO neutron.db.ovn_revision_numbers_db [None req-f220ef61-f5b4-4ac9-a901-27055a7b749e 90ece6a6d36b47bf8bf4b65df55d05b5 d6921d8714ba4d1291a31d290a15353b - - default default] Successfully bumped revision number for resource ea2d5308-2203-458d-89d3-5b8eba32ceee (type: security_group_rules) to 0
2026-07-08 09:43:18.101 9 INFO neutron.wsgi [None req-f220ef61-f5b4-4ac9-a901-27055a7b749e 90ece6a6d36b47bf8bf4b65df55d05b5 d6921d8714ba4d1291a31d290a15353b - - default default] 199.204.45.229,10.0.0.76 "POST /v2.0/security-group-rules HTTP/1.1" status: 201 len: 769 time: 0.1544080
2026-07-08 09:43:18.938 8 INFO neutron.wsgi [None req-f033c392-40bf-4069-bcfd-1fc3aabbcdfc 90ece6a6d36b47bf8bf4b65df55d05b5 d6921d8714ba4d1291a31d290a15353b - - default default] 199.204.45.229,10.0.0.76 "GET /v2.0/security-groups?tenant_id=d6921d8714ba4d1291a31d290a15353b HTTP/1.1" status: 200 len: 9551 time: 0.0670114
2026-07-08 09:43:18.995 8 INFO neutron.wsgi [None req-1cb18cf6-9836-4b56-9a29-ca935cc8a42b 90ece6a6d36b47bf8bf4b65df55d05b5 d6921d8714ba4d1291a31d290a15353b - - default default] 199.204.45.229,10.0.0.76 "GET /v2.0/security-groups HTTP/1.1" status: 200 len: 9551 time: 0.0479093
2026-07-08 09:43:19.160 8 INFO neutron.db.ovn_revision_numbers_db [None req-afbab76c-ecac-40ba-8c6e-966c5086e9df 90ece6a6d36b47bf8bf4b65df55d05b5 d6921d8714ba4d1291a31d290a15353b - - default default] Successfully bumped revision number for resource a53666f2-0e41-4ba6-a3a2-ab1e61a3e222 (type: security_group_rules) to 0
2026-07-08 09:43:19.185 8 INFO neutron.wsgi [None req-afbab76c-ecac-40ba-8c6e-966c5086e9df 90ece6a6d36b47bf8bf4b65df55d05b5 d6921d8714ba4d1291a31d290a15353b - - default default] 199.204.45.229,10.0.0.76 "POST /v2.0/security-group-rules HTTP/1.1" status: 201 len: 773 time: 0.1793084
2026-07-08 09:43:26.423 9 INFO neutron.wsgi [-] 10.0.0.76 "GET / HTTP/1.1" status: 200 len: 246 time: 0.0016348
2026-07-08 09:43:26.425 8 INFO neutron.wsgi [-] 10.0.0.76 "GET / HTTP/1.1" status: 200 len: 246 time: 0.0027208
2026-07-08 09:43:41.425 9 INFO neutron.wsgi [-] 10.0.0.76 "GET / HTTP/1.1" status: 200 len: 246 time: 0.0020561
2026-07-08 09:43:41.426 8 INFO neutron.wsgi [-] 10.0.0.76 "GET / HTTP/1.1" status: 200 len: 246 time: 0.0030074
2026-07-08 09:43:56.424 9 INFO neutron.wsgi [-] 10.0.0.76 "GET / HTTP/1.1" status: 200 len: 246 time: 0.0017729
2026-07-08 09:43:56.426 8 INFO neutron.wsgi [-] 10.0.0.76 "GET / HTTP/1.1" status: 200 len: 246 time: 0.0028484
2026-07-08 09:44:11.424 8 INFO neutron.wsgi [-] 10.0.0.76 "GET / HTTP/1.1" status: 200 len: 246 time: 0.0016570
2026-07-08 09:44:11.426 8 INFO neutron.wsgi [-] 10.0.0.76 "GET / HTTP/1.1" status: 200 len: 246 time: 0.0011373
2026-07-08 09:44:19.051 8 INFO neutron.wsgi [None req-f0f685f1-8f32-4126-9621-55758cb727cf 90ece6a6d36b47bf8bf4b65df55d05b5 d6921d8714ba4d1291a31d290a15353b - - default default] 199.204.45.229,10.0.0.76 "GET /v2.0/quotas/d6921d8714ba4d1291a31d290a15353b HTTP/1.1" status: 200 len: 362 time: 0.0186090 /var/lib/openstack/lib/python3.10/site-packages/neutron/extensions/quotasv2.py:140: UserWarning: Neutron quota engine will require "--force" parameter to set a quota limit without checking the resource usage. warnings.warn('Neutron quota engine will require "--force" '
2026-07-08 09:44:19.439 8 INFO neutron.wsgi [None req-f7dc348a-9b0f-4f3b-8b84-11a80d90fdd8 90ece6a6d36b47bf8bf4b65df55d05b5 d6921d8714ba4d1291a31d290a15353b - - default default] 199.204.45.229,10.0.0.76 "PUT /v2.0/quotas/d6921d8714ba4d1291a31d290a15353b HTTP/1.1" status: 200 len: 361 time: 0.0365052
2026-07-08 09:44:19.751 8 INFO neutron.wsgi [None req-637d4eba-f7ce-4ea9-bf4e-2665a8e67677 90ece6a6d36b47bf8bf4b65df55d05b5 d6921d8714ba4d1291a31d290a15353b - - default default] 199.204.45.229,10.0.0.76 "GET /v2.0/quotas/d6921d8714ba4d1291a31d290a15353b HTTP/1.1" status: 200 len: 361 time: 0.0118814
2026-07-08 09:44:26.425 8 INFO neutron.wsgi [-] 10.0.0.76 "GET / HTTP/1.1" status: 200 len: 246 time: 0.0031750
2026-07-08 09:44:26.426 9 INFO neutron.wsgi [-] 10.0.0.76 "GET / HTTP/1.1" status: 200 len: 246 time: 0.0034769
2026-07-08 09:44:41.424 9 INFO neutron.wsgi [-] 10.0.0.76 "GET / HTTP/1.1" status: 200 len: 246 time: 0.0020814
2026-07-08 09:44:41.426 8 INFO neutron.wsgi [-] 10.0.0.76 "GET / HTTP/1.1" status: 200 len: 246 time: 0.0029690
2026-07-08 09:44:56.425 9 INFO neutron.wsgi [-] 10.0.0.76 "GET / HTTP/1.1" status: 200 len: 246 time: 0.0025039
2026-07-08 09:44:56.425 8 INFO neutron.wsgi [-] 10.0.0.76 "GET / HTTP/1.1" status: 200 len: 246 time: 0.0024180
2026-07-08 09:45:11.425 8 INFO neutron.wsgi [-] 10.0.0.76 "GET / HTTP/1.1" status: 200 len: 246 time: 0.0026202
2026-07-08 09:45:11.425 9 INFO neutron.wsgi [-] 10.0.0.76 "GET / HTTP/1.1" status: 200 len: 246 time: 0.0025244
2026-07-08 09:45:26.424 8 INFO neutron.wsgi [-] 10.0.0.76 "GET / HTTP/1.1" status: 200 len: 246 time: 0.0021796
2026-07-08 09:45:26.425 9 INFO neutron.wsgi [-] 10.0.0.76 "GET / HTTP/1.1" status: 200 len: 246 time: 0.0032423
2026-07-08 09:45:41.423 9 INFO neutron.wsgi [-] 10.0.0.76 "GET / HTTP/1.1" status: 200 len: 246 time: 0.0016265
2026-07-08 09:45:41.425 8 INFO neutron.wsgi [-] 10.0.0.76 "GET / HTTP/1.1" status: 200 len: 246 time: 0.0028956
2026-07-08 09:45:56.425 9 INFO neutron.wsgi [-] 10.0.0.76 "GET / HTTP/1.1" status: 200 len: 246 time: 0.0023098
2026-07-08 09:45:56.427 8 INFO neutron.wsgi [-] 10.0.0.76 "GET / HTTP/1.1" status: 200 len: 246 time: 0.0036564
2026-07-08 09:46:08.552 14 INFO neutron.db.ovn_revision_numbers_db [None req-08a5495c-b86c-46f3-a2af-44cbc31d646d - - - - - -] Successfully bumped revision number for resource f53754d8-b426-4a1a-85f4-913dbcfc9d30 (type: networks) to 2
2026-07-08 09:46:08.609 14 INFO neutron.db.ovn_revision_numbers_db [None req-08a5495c-b86c-46f3-a2af-44cbc31d646d - - - - - -] Successfully bumped revision number for resource 0703cf6e-4d8b-458f-821b-a613319c860d (type: security_groups) to 6
2026-07-08 09:46:08.647 14 INFO neutron.db.ovn_revision_numbers_db [None req-08a5495c-b86c-46f3-a2af-44cbc31d646d - - - - - -] Successfully bumped revision number for resource d749214b-4fff-41cc-a273-3922f3b705d0 (type: security_groups) to 3
2026-07-08 09:46:08.836 14 INFO neutron.db.ovn_revision_numbers_db [None req-08a5495c-b86c-46f3-a2af-44cbc31d646d - - - - - -] Successfully bumped revision number for resource 30e035d4-656d-4af6-9ea0-01235f58ed1f (type: ports) to 3
2026-07-08 09:46:08.837 14 INFO neutron.plugins.ml2.drivers.ovn.mech_driver.ovsdb.maintenance [None req-08a5495c-b86c-46f3-a2af-44cbc31d646d - - - - - -] Maintenance task: Synchronization finished (took 0.40 seconds)
2026-07-08 09:46:11.426 8 INFO neutron.wsgi [-] 10.0.0.76 "GET / HTTP/1.1" status: 200 len: 246 time: 0.0027683
2026-07-08 09:46:11.428 8 INFO neutron.wsgi [-] 10.0.0.76 "GET / HTTP/1.1" status: 200 len: 246 time: 0.0013673
2026-07-08 09:46:26.424 8 INFO neutron.wsgi [-] 10.0.0.76 "GET / HTTP/1.1" status: 200 len: 246 time: 0.0020292
2026-07-08 09:46:26.425 9 INFO neutron.wsgi [-] 10.0.0.76 "GET / HTTP/1.1" status: 200 len: 246 time: 0.0024064 /var/lib/openstack/lib/python3.10/site-packages/pycadf/identifier.py:71: UserWarning: Invalid uuid: neutron. To ensure interoperability, identifiers should be a valid uuid. warnings.warn(('Invalid uuid: %s. To ensure interoperability, '
2026-07-08 09:46:29.336 9 INFO neutron.pecan_wsgi.hooks.translation [None req-17dc8d09-32ae-4a39-ae59-a3226cb44203 90ece6a6d36b47bf8bf4b65df55d05b5 d6921d8714ba4d1291a31d290a15353b - - default default] GET failed (client error): The resource could not be found.
2026-07-08 09:46:29.338 9 INFO neutron.wsgi [None req-17dc8d09-32ae-4a39-ae59-a3226cb44203 90ece6a6d36b47bf8bf4b65df55d05b5 d6921d8714ba4d1291a31d290a15353b - - default default] 199.204.45.229 "GET /v2.0/ports/octavia-health-manager-port-instance HTTP/1.1" status: 404 len: 338 time: 0.3725369
2026-07-08 09:46:29.386 9 INFO neutron.wsgi [None req-850aeb5e-ebf0-4f93-b646-0f38684685b3 90ece6a6d36b47bf8bf4b65df55d05b5 d6921d8714ba4d1291a31d290a15353b - - default default] 199.204.45.229 "GET /v2.0/ports?name=octavia-health-manager-port-instance HTTP/1.1" status: 200 len: 1417 time: 0.0423038
2026-07-08 09:46:31.116 9 INFO neutron.pecan_wsgi.hooks.translation [None req-3ab87607-895c-4b7b-b378-b3a2b391a050 90ece6a6d36b47bf8bf4b65df55d05b5 d6921d8714ba4d1291a31d290a15353b - - default default] GET failed (client error): The resource could not be found.
2026-07-08 09:46:31.119 9 INFO neutron.wsgi [None req-3ab87607-895c-4b7b-b378-b3a2b391a050 90ece6a6d36b47bf8bf4b65df55d05b5 d6921d8714ba4d1291a31d290a15353b - - default default] 199.204.45.229 "GET /v2.0/ports/octavia-health-manager-port-instance HTTP/1.1" status: 404 len: 338 time: 0.1065502
2026-07-08 09:46:31.221 9 INFO neutron.wsgi [None req-b960ae6b-c13e-4b1b-a8e7-e70c8a363d77 90ece6a6d36b47bf8bf4b65df55d05b5 d6921d8714ba4d1291a31d290a15353b - - default default] 199.204.45.229 "GET /v2.0/ports?name=octavia-health-manager-port-instance HTTP/1.1" status: 200 len: 1417 time: 0.0978861
2026-07-08 09:46:32.013 8 INFO neutron.plugins.ml2.drivers.ovn.mech_driver.mech_driver [-] OVN reports status up for port: 30e035d4-656d-4af6-9ea0-01235f58ed1f
2026-07-08 09:46:32.028 8 INFO neutron.plugins.ml2.plugin [None req-a78afbcb-61fb-4c12-86e0-42b1cab5a2e9 - - - - - -] Attempt 1 to provision port 30e035d4-656d-4af6-9ea0-01235f58ed1f
2026-07-08 09:46:32.364 8 INFO neutron.db.ovn_revision_numbers_db [None req-a78afbcb-61fb-4c12-86e0-42b1cab5a2e9 - - - - - -] Successfully bumped revision number for resource 30e035d4-656d-4af6-9ea0-01235f58ed1f (type: ports) to 4
2026-07-08 09:46:41.425 9 INFO neutron.wsgi [-] 10.0.0.76 "GET / HTTP/1.1" status: 200 len: 246 time: 0.0018017
2026-07-08 09:46:41.425 8 INFO neutron.wsgi [-] 10.0.0.76 "GET / HTTP/1.1" status: 200 len: 246 time: 0.0026085
2026-07-08 09:46:56.424 8 INFO neutron.wsgi [-] 10.0.0.76 "GET / HTTP/1.1" status: 200 len: 246 time: 0.0017362
2026-07-08 09:46:56.425 9 INFO neutron.wsgi [-] 10.0.0.76 "GET / HTTP/1.1" status: 200 len: 246 time: 0.0026209
2026-07-08 09:47:11.424 8 INFO neutron.wsgi [-] 10.0.0.76 "GET / HTTP/1.1" status: 200 len: 246 time: 0.0017238
2026-07-08 09:47:11.427 8 INFO neutron.wsgi [-] 10.0.0.76 "GET / HTTP/1.1" status: 200 len: 246 time: 0.0018380
2026-07-08 09:47:26.424 8 INFO neutron.wsgi [-] 10.0.0.76 "GET / HTTP/1.1" status: 200 len: 246 time: 0.0026302
2026-07-08 09:47:26.425 9 INFO neutron.wsgi [-] 10.0.0.76 "GET / HTTP/1.1" status: 200 len: 246 time: 0.0029640
2026-07-08 09:47:41.424 8 INFO neutron.wsgi [-] 10.0.0.76 "GET / HTTP/1.1" status: 200 len: 246 time: 0.0017793
2026-07-08 09:47:41.427 9 INFO neutron.wsgi [-] 10.0.0.76 "GET / HTTP/1.1" status: 200 len: 246 time: 0.0041797
2026-07-08 09:47:56.427 9 INFO neutron.wsgi [-] 10.0.0.76 "GET / HTTP/1.1" status: 200 len: 246 time: 0.0035574
2026-07-08 09:47:56.427 8 INFO neutron.wsgi [-] 10.0.0.76 "GET / HTTP/1.1" status: 200 len: 246 time: 0.0035930
2026-07-08 09:48:11.424 9 INFO neutron.wsgi [-] 10.0.0.76 "GET / HTTP/1.1" status: 200 len: 246 time: 0.0022848
2026-07-08 09:48:11.428 8 INFO neutron.wsgi [-] 10.0.0.76 "GET / HTTP/1.1" status: 200 len: 246 time: 0.0061998
2026-07-08 09:48:26.425 9 INFO neutron.wsgi [-] 10.0.0.76 "GET / HTTP/1.1" status: 200 len: 246 time: 0.0017550
2026-07-08 09:48:26.425 8 INFO neutron.wsgi [-] 10.0.0.76 "GET / HTTP/1.1" status: 200 len: 246 time: 0.0026550
2026-07-08 09:48:41.426 9 INFO neutron.wsgi [-] 10.0.0.76 "GET / HTTP/1.1" status: 200 len: 246 time: 0.0025413
2026-07-08 09:48:41.426 8 INFO neutron.wsgi [-] 10.0.0.76 "GET / HTTP/1.1" status: 200 len: 246 time: 0.0026422
2026-07-08 09:48:56.425 9 INFO neutron.wsgi [-] 10.0.0.76 "GET / HTTP/1.1" status: 200 len: 246 time: 0.0027077
2026-07-08 09:48:56.426 8 INFO neutron.wsgi [-] 10.0.0.76 "GET / HTTP/1.1" status: 200 len: 246 time: 0.0035682
2026-07-08 09:49:11.424 9 INFO neutron.wsgi [-] 10.0.0.76 "GET / HTTP/1.1" status: 200 len: 246 time: 0.0017252
2026-07-08 09:49:11.426 9 INFO neutron.wsgi [-] 10.0.0.76 "GET / HTTP/1.1" status: 200 len: 246 time: 0.0012972
2026-07-08 09:49:26.425 8 INFO neutron.wsgi [-] 10.0.0.76 "GET / HTTP/1.1" status: 200 len: 246 time: 0.0024738
2026-07-08 09:49:26.425 9 INFO neutron.wsgi [-] 10.0.0.76 "GET / HTTP/1.1" status: 200 len: 246 time: 0.0025926
2026-07-08 09:49:41.425 8 INFO neutron.wsgi [-] 10.0.0.76 "GET / HTTP/1.1" status: 200 len: 246 time: 0.0028312
2026-07-08 09:49:41.426 9 INFO neutron.wsgi [-] 10.0.0.76 "GET / HTTP/1.1" status: 200 len: 246 time: 0.0035269
2026-07-08 09:49:56.425 9 INFO neutron.wsgi [-] 10.0.0.76 "GET / HTTP/1.1" status: 200 len: 246 time: 0.0026612
2026-07-08 09:49:56.426 8 INFO neutron.wsgi [-] 10.0.0.76 "GET / HTTP/1.1" status: 200 len: 246 time: 0.0037379
2026-07-08 09:50:11.425 9 INFO neutron.wsgi [-] 10.0.0.76 "GET / HTTP/1.1" status: 200 len: 246 time: 0.0028224
2026-07-08 09:50:11.429 9 INFO neutron.wsgi [-] 10.0.0.76 "GET / HTTP/1.1" status: 200 len: 246 time: 0.0021257
2026-07-08 09:50:26.424 8 INFO neutron.wsgi [-] 10.0.0.76 "GET / HTTP/1.1" status: 200 len: 246 time: 0.0017474
2026-07-08 09:50:26.425 9 INFO neutron.wsgi [-] 10.0.0.76 "GET / HTTP/1.1" status: 200 len: 246 time: 0.0033646
2026-07-08 09:50:41.424 9 INFO neutron.wsgi [-] 10.0.0.76 "GET / HTTP/1.1" status: 200 len: 246 time: 0.0021584
2026-07-08 09:50:41.425 8 INFO neutron.wsgi [-] 10.0.0.76 "GET / HTTP/1.1" status: 200 len: 246 time: 0.0032325
2026-07-08 09:50:56.424 9 INFO neutron.wsgi [-] 10.0.0.76 "GET / HTTP/1.1" status: 200 len: 246 time: 0.0017908
2026-07-08 09:50:56.428 9 INFO neutron.wsgi [-] 10.0.0.76 "GET / HTTP/1.1" status: 200 len: 246 time: 0.0026882
2026-07-08 09:51:11.423 9 INFO neutron.wsgi [-] 10.0.0.76 "GET / HTTP/1.1" status: 200 len: 246 time: 0.0016510
2026-07-08 09:51:11.425 8 INFO neutron.wsgi [-] 10.0.0.76 "GET / HTTP/1.1" status: 200 len: 246 time: 0.0025938
2026-07-08 09:51:26.425 9 INFO neutron.wsgi [-] 10.0.0.76 "GET / HTTP/1.1" status: 200 len: 246 time: 0.0028274
2026-07-08 09:51:26.427 9 INFO neutron.wsgi [-] 10.0.0.76 "GET / HTTP/1.1" status: 200 len: 246 time: 0.0014145
2026-07-08 09:51:41.424 8 INFO neutron.wsgi [-] 10.0.0.76 "GET / HTTP/1.1" status: 200 len: 246 time: 0.0025904
2026-07-08 09:51:41.425 9 INFO neutron.wsgi [-] 10.0.0.76 "GET / HTTP/1.1" status: 200 len: 246 time: 0.0031409
2026-07-08 09:51:56.425 9 INFO neutron.wsgi [-] 10.0.0.76 "GET / HTTP/1.1" status: 200 len: 246 time: 0.0026479
2026-07-08 09:51:56.428 9 INFO neutron.wsgi [-] 10.0.0.76 "GET / HTTP/1.1" status: 200 len: 246 time: 0.0024602
2026-07-08 09:52:11.426 8 INFO neutron.wsgi [-] 10.0.0.76 "GET / HTTP/1.1" status: 200 len: 246 time: 0.0042250
2026-07-08 09:52:11.428 9 INFO neutron.wsgi [-] 10.0.0.76 "GET / HTTP/1.1" status: 200 len: 246 time: 0.0062199
2026-07-08 09:52:14.309 9 INFO neutron.db.ovn_revision_numbers_db [None req-ceed6130-d3ff-493a-8504-05314d15039d 90ece6a6d36b47bf8bf4b65df55d05b5 d6921d8714ba4d1291a31d290a15353b - - default default] Successfully bumped revision number for resource 99836f07-148a-4fbe-9b45-a94ac1660a85 (type: security_groups) to 1
2026-07-08 09:52:14.323 9 INFO neutron.db.ovn_revision_numbers_db [None req-ceed6130-d3ff-493a-8504-05314d15039d 90ece6a6d36b47bf8bf4b65df55d05b5 d6921d8714ba4d1291a31d290a15353b - - default default] Successfully bumped revision number for resource 00a7d2ea-aa5d-4605-966b-3176d33a70f5 (type: security_group_rules) to 0
2026-07-08 09:52:14.336 9 INFO neutron.db.ovn_revision_numbers_db [None req-ceed6130-d3ff-493a-8504-05314d15039d 90ece6a6d36b47bf8bf4b65df55d05b5 d6921d8714ba4d1291a31d290a15353b - - default default] Successfully bumped revision number for resource 5b65afc6-a0b4-45f6-acf4-e15f9733598d (type: security_group_rules) to 0
2026-07-08 09:52:14.353 9 INFO neutron.db.ovn_revision_numbers_db [None req-ceed6130-d3ff-493a-8504-05314d15039d 90ece6a6d36b47bf8bf4b65df55d05b5 d6921d8714ba4d1291a31d290a15353b - - default default] Successfully bumped revision number for resource 9e08ed22-c655-4960-b016-418524dfa947 (type: security_group_rules) to 0
2026-07-08 09:52:14.368 9 INFO neutron.db.ovn_revision_numbers_db [None req-ceed6130-d3ff-493a-8504-05314d15039d 90ece6a6d36b47bf8bf4b65df55d05b5 d6921d8714ba4d1291a31d290a15353b - - default default] Successfully bumped revision number for resource c2d2d339-2bab-46a3-9d1a-434bbacec4ba (type: security_group_rules) to 0
2026-07-08 09:52:14.390 9 INFO neutron.wsgi [None req-ceed6130-d3ff-493a-8504-05314d15039d 90ece6a6d36b47bf8bf4b65df55d05b5 d6921d8714ba4d1291a31d290a15353b - - default default] 199.204.45.229,10.0.0.76 "GET /v2.0/security-groups?tenant_id=d6b189a0a2bb4a408adc82ad633266d7 HTTP/1.1" status: 200 len: 2973 time: 0.3232694
2026-07-08 09:52:14.504 9 INFO neutron.db.ovn_revision_numbers_db [None req-5adfe125-f37d-4391-b1ee-0258be298364 90ece6a6d36b47bf8bf4b65df55d05b5 d6921d8714ba4d1291a31d290a15353b - - default default] Successfully bumped revision number for resource 148762c6-fc04-4494-bca6-9673a840a29c (type: security_groups) to 1
2026-07-08 09:52:14.518 9 INFO neutron.db.ovn_revision_numbers_db [None req-5adfe125-f37d-4391-b1ee-0258be298364 90ece6a6d36b47bf8bf4b65df55d05b5 d6921d8714ba4d1291a31d290a15353b - - default default] Successfully bumped revision number for resource 3fd124a5-7b38-451f-a336-862208ae88ef (type: security_group_rules) to 0
2026-07-08 09:52:14.531 9 INFO neutron.db.ovn_revision_numbers_db [None req-5adfe125-f37d-4391-b1ee-0258be298364 90ece6a6d36b47bf8bf4b65df55d05b5 d6921d8714ba4d1291a31d290a15353b - - default default] Successfully bumped revision number for resource da09d091-c02d-45f1-8036-93c251e62af3 (type: security_group_rules) to 0
2026-07-08 09:52:14.547 9 INFO neutron.wsgi [None req-5adfe125-f37d-4391-b1ee-0258be298364 90ece6a6d36b47bf8bf4b65df55d05b5 d6921d8714ba4d1291a31d290a15353b - - default default] 199.204.45.229,10.0.0.76 "POST /v2.0/security-groups HTTP/1.1" status: 201 len: 1741 time: 0.1474686 /var/lib/openstack/lib/python3.10/site-packages/pycadf/identifier.py:71: UserWarning: Invalid uuid: unknown. To ensure interoperability, identifiers should be a valid uuid. warnings.warn(('Invalid uuid: %s. To ensure interoperability, '
2026-07-08 09:52:15.487 8 INFO neutron.wsgi [None req-5cb9fc9f-2c7f-4e8b-82f8-b2b0e9073757 90ece6a6d36b47bf8bf4b65df55d05b5 d6921d8714ba4d1291a31d290a15353b - - default default] 199.204.45.229,10.0.0.76 "GET /v2.0/security-groups?tenant_id=d6b189a0a2bb4a408adc82ad633266d7 HTTP/1.1" status: 200 len: 4515 time: 0.0866506
2026-07-08 09:52:15.539 8 INFO neutron.wsgi [None req-5b881fc0-2e7b-4c94-b669-1e352a2b2747 90ece6a6d36b47bf8bf4b65df55d05b5 d6921d8714ba4d1291a31d290a15353b - - default default] 199.204.45.229,10.0.0.76 "GET /v2.0/security-groups HTTP/1.1" status: 200 len: 14476 time: 0.0442543
2026-07-08 09:52:15.676 8 INFO neutron.db.ovn_revision_numbers_db [None req-ebe44070-1979-4e80-b3cf-564efdc0912c 90ece6a6d36b47bf8bf4b65df55d05b5 d6921d8714ba4d1291a31d290a15353b - - default default] Successfully bumped revision number for resource 49dfc5af-9e8a-44eb-8bc1-d0cc2eca2593 (type: security_group_rules) to 0
2026-07-08 09:52:15.702 8 INFO neutron.wsgi [None req-ebe44070-1979-4e80-b3cf-564efdc0912c 90ece6a6d36b47bf8bf4b65df55d05b5 d6921d8714ba4d1291a31d290a15353b - - default default] 199.204.45.229,10.0.0.76 "POST /v2.0/security-group-rules HTTP/1.1" status: 201 len: 745 time: 0.1475205
2026-07-08 09:52:16.599 9 INFO neutron.wsgi [None req-c298de0e-ed97-4f1b-8b1c-bf77041c2254 90ece6a6d36b47bf8bf4b65df55d05b5 d6921d8714ba4d1291a31d290a15353b - - default default] 199.204.45.229,10.0.0.76 "GET /v2.0/security-groups?tenant_id=d6b189a0a2bb4a408adc82ad633266d7 HTTP/1.1" status: 200 len: 5093 time: 0.0864570
2026-07-08 09:52:16.653 9 INFO neutron.wsgi [None req-8ac40218-c0e3-42e4-89cc-0175553d520d 90ece6a6d36b47bf8bf4b65df55d05b5 d6921d8714ba4d1291a31d290a15353b - - default default] 199.204.45.229,10.0.0.76 "GET /v2.0/security-groups HTTP/1.1" status: 200 len: 15054 time: 0.0451789
2026-07-08 09:52:16.780 9 INFO neutron.db.ovn_revision_numbers_db [None req-753775e0-14b2-4603-88da-27478ba2870d 90ece6a6d36b47bf8bf4b65df55d05b5 d6921d8714ba4d1291a31d290a15353b - - default default] Successfully bumped revision number for resource 822baf1a-a6fd-4302-b32c-6ad5912193be (type: security_group_rules) to 0
2026-07-08 09:52:16.803 9 INFO neutron.wsgi [None req-753775e0-14b2-4603-88da-27478ba2870d 90ece6a6d36b47bf8bf4b65df55d05b5 d6921d8714ba4d1291a31d290a15353b - - default default] 199.204.45.229,10.0.0.76 "POST /v2.0/security-group-rules HTTP/1.1" status: 201 len: 747 time: 0.1377339
2026-07-08 09:52:17.704 9 INFO neutron.wsgi [None req-d4c3709d-0239-46fb-91bc-00eb811940eb 90ece6a6d36b47bf8bf4b65df55d05b5 d6921d8714ba4d1291a31d290a15353b - - default default] 199.204.45.229,10.0.0.76 "GET /v2.0/security-groups?tenant_id=d6b189a0a2bb4a408adc82ad633266d7 HTTP/1.1" status: 200 len: 5673 time: 0.0779135
2026-07-08 09:52:17.758 9 INFO neutron.wsgi [None req-499090da-a52b-4637-abb8-0357c3b8b1a9 90ece6a6d36b47bf8bf4b65df55d05b5 d6921d8714ba4d1291a31d290a15353b - - default default] 199.204.45.229,10.0.0.76 "GET /v2.0/security-groups HTTP/1.1" status: 200 len: 15634 time: 0.0476544
2026-07-08 09:52:17.890 9 INFO neutron.db.ovn_revision_numbers_db [None req-90d3871d-cf0b-44e3-997b-7a03458a34b4 90ece6a6d36b47bf8bf4b65df55d05b5 d6921d8714ba4d1291a31d290a15353b - - default default] Successfully bumped revision number for resource 5246a06d-3ac1-4540-8595-8618fef976fa (type: security_group_rules) to 0
2026-07-08 09:52:17.910 9 INFO neutron.wsgi [None req-90d3871d-cf0b-44e3-997b-7a03458a34b4 90ece6a6d36b47bf8bf4b65df55d05b5 d6921d8714ba4d1291a31d290a15353b - - default default] 199.204.45.229,10.0.0.76 "POST /v2.0/security-group-rules HTTP/1.1" status: 201 len: 749 time: 0.1424463
2026-07-08 09:52:18.856 9 INFO neutron.wsgi [None req-1331e948-e582-420b-8375-6a3df54447ea 90ece6a6d36b47bf8bf4b65df55d05b5 d6921d8714ba4d1291a31d290a15353b - - default default] 199.204.45.229,10.0.0.76 "GET /v2.0/security-groups?tenant_id=d6b189a0a2bb4a408adc82ad633266d7 HTTP/1.1" status: 200 len: 6255 time: 0.0817204
2026-07-08 09:52:18.912 9 INFO neutron.wsgi [None req-bafffd10-1214-4e06-a57f-fc2fd7583f20 90ece6a6d36b47bf8bf4b65df55d05b5 d6921d8714ba4d1291a31d290a15353b - - default default] 199.204.45.229,10.0.0.76 "GET /v2.0/security-groups HTTP/1.1" status: 200 len: 16216 time: 0.0461910
2026-07-08 09:52:19.048 9 INFO neutron.db.ovn_revision_numbers_db [None req-020ce32b-566c-4395-9175-83e3be4e6bd9 90ece6a6d36b47bf8bf4b65df55d05b5 d6921d8714ba4d1291a31d290a15353b - - default default] Successfully bumped revision number for resource 8bd95b78-6430-45e1-b90b-f7436a283620 (type: security_group_rules) to 0
2026-07-08 09:52:19.074 9 INFO neutron.wsgi [None req-020ce32b-566c-4395-9175-83e3be4e6bd9 90ece6a6d36b47bf8bf4b65df55d05b5 d6921d8714ba4d1291a31d290a15353b - - default default] 199.204.45.229,10.0.0.76 "POST /v2.0/security-group-rules HTTP/1.1" status: 201 len: 750 time: 0.1519356
2026-07-08 09:52:26.424 9 INFO neutron.wsgi [-] 10.0.0.76 "GET / HTTP/1.1" status: 200 len: 246 time: 0.0018089
2026-07-08 09:52:26.426 9 INFO neutron.wsgi [-] 10.0.0.76 "GET / HTTP/1.1" status: 200 len: 246 time: 0.0012391
2026-07-08 09:52:41.426 8 INFO neutron.wsgi [-] 10.0.0.76 "GET / HTTP/1.1" status: 200 len: 246 time: 0.0029981
2026-07-08 09:52:41.428 9 INFO neutron.wsgi [-] 10.0.0.76 "GET / HTTP/1.1" status: 200 len: 246 time: 0.0016108
2026-07-08 09:52:56.424 8 INFO neutron.wsgi [-] 10.0.0.76 "GET / HTTP/1.1" status: 200 len: 246 time: 0.0016580
2026-07-08 09:52:56.425 9 INFO neutron.wsgi [-] 10.0.0.76 "GET / HTTP/1.1" status: 200 len: 246 time: 0.0029435
2026-07-08 09:53:11.424 9 INFO neutron.wsgi [-] 10.0.0.76 "GET / HTTP/1.1" status: 200 len: 246 time: 0.0024350
2026-07-08 09:53:11.425 8 INFO neutron.wsgi [-] 10.0.0.76 "GET / HTTP/1.1" status: 200 len: 246 time: 0.0024912
2026-07-08 09:53:26.425 9 INFO neutron.wsgi [-] 10.0.0.76 "GET / HTTP/1.1" status: 200 len: 246 time: 0.0025153
2026-07-08 09:53:26.426 8 INFO neutron.wsgi [-] 10.0.0.76 "GET / HTTP/1.1" status: 200 len: 246 time: 0.0033424
2026-07-08 09:53:41.425 8 INFO neutron.wsgi [-] 10.0.0.76 "GET / HTTP/1.1" status: 200 len: 246 time: 0.0025494
2026-07-08 09:53:41.433 8 INFO neutron.wsgi [-] 10.0.0.76 "GET / HTTP/1.1" status: 200 len: 246 time: 0.0022986
2026-07-08 09:53:56.425 8 INFO neutron.wsgi [-] 10.0.0.76 "GET / HTTP/1.1" status: 200 len: 246 time: 0.0024841
2026-07-08 09:53:56.425 9 INFO neutron.wsgi [-] 10.0.0.76 "GET / HTTP/1.1" status: 200 len: 246 time: 0.0025337
2026-07-08 09:54:11.424 8 INFO neutron.wsgi [-] 10.0.0.76 "GET / HTTP/1.1" status: 200 len: 246 time: 0.0018172
2026-07-08 09:54:11.427 8 INFO neutron.wsgi [-] 10.0.0.76 "GET / HTTP/1.1" status: 200 len: 246 time: 0.0023313
2026-07-08 09:54:26.426 8 INFO neutron.wsgi [-] 10.0.0.76 "GET / HTTP/1.1" status: 200 len: 246 time: 0.0029111
2026-07-08 09:54:26.429 9 INFO neutron.wsgi [-] 10.0.0.76 "GET / HTTP/1.1" status: 200 len: 246 time: 0.0023205
2026-07-08 09:54:28.273 9 INFO neutron.wsgi [None req-5206b6b5-14a9-41b2-b9a4-58ebbb028337 92dec7d7da32460f871648e2ddfa408d d6b189a0a2bb4a408adc82ad633266d7 - - e7bad94844f54a33a625ce6fcb5d0448 e7bad94844f54a33a625ce6fcb5d0448] 199.204.45.229 "GET /v2.0/networks?tenant_id=d6b189a0a2bb4a408adc82ad633266d7&shared=False HTTP/1.1" status: 200 len: 213 time: 0.1248295
