2026-07-08 10:13:25.552 7 INFO cinder.api.openstack.wsgi [None req-c0ff9847-17a3-49ff-af58-bbf9270c6022 90ece6a6d36b47bf8bf4b65df55d05b5 d6921d8714ba4d1291a31d290a15353b - - default default] http://cinder-api.openstack.svc.cluster.local:8776/v3/d6921d8714ba4d1291a31d290a15353b/os-quota-sets/fd4a054570124d4d9ed3b2d83fb02267?usage=true returned with HTTP 200 [pid: 7|app: 0|req: 425/849] 10.0.0.20 () {28 vars in 735 bytes} [Wed Jul 8 10:13:25 2026] GET /v3/d6921d8714ba4d1291a31d290a15353b/os-quota-sets/fd4a054570124d4d9ed3b2d83fb02267?usage=true => generated 847 bytes in 36 msecs (HTTP/1.1 200) 7 headers in 285 bytes (1 switches on core 0)
2026-07-08 10:13:25.566 8 INFO cinder.api.openstack.wsgi [None req-ed38f2fd-6cd6-4d84-8f12-f04ccc6d5161 90ece6a6d36b47bf8bf4b65df55d05b5 d6921d8714ba4d1291a31d290a15353b - - default default] GET http://cinder-api.openstack.svc.cluster.local:8776/v3/d6921d8714ba4d1291a31d290a15353b/volumes/detail?all_tenants=true
2026-07-08 10:13:25.578 8 INFO cinder.volume.api [None req-ed38f2fd-6cd6-4d84-8f12-f04ccc6d5161 90ece6a6d36b47bf8bf4b65df55d05b5 d6921d8714ba4d1291a31d290a15353b - - default default] Get all volumes completed successfully. /var/lib/openstack/lib/python3.10/site-packages/oslo_context/context.py:100: DeprecationWarning: Policy enforcement is depending on the value of is_admin. This key is deprecated. Please update your policy file to use the standard policy values. warnings.warn('Policy enforcement is depending on the value of '
2026-07-08 10:13:25.586 8 INFO cinder.api.openstack.wsgi [None req-ed38f2fd-6cd6-4d84-8f12-f04ccc6d5161 90ece6a6d36b47bf8bf4b65df55d05b5 d6921d8714ba4d1291a31d290a15353b - - default default] http://cinder-api.openstack.svc.cluster.local:8776/v3/d6921d8714ba4d1291a31d290a15353b/volumes/detail?all_tenants=true returned with HTTP 200 [pid: 8|app: 0|req: 425/850] 10.0.0.20 () {28 vars in 683 bytes} [Wed Jul 8 10:13:25 2026] GET /v3/d6921d8714ba4d1291a31d290a15353b/volumes/detail?all_tenants=true => generated 1122 bytes in 27 msecs (HTTP/1.1 200) 7 headers in 286 bytes (1 switches on core 0)
2026-07-08 10:13:25.653 7 INFO cinder.api.openstack.wsgi [None req-0048c6d1-fbfc-4a71-9f0f-84c63ad466a6 5edb7221c9014e1ebc5a01af0dea9fb8 e2f3ad5331e14f9bbf7d3c170d98a75a - - default default] POST http://cinder-api.openstack.svc.cluster.local:8776/v3/e2f3ad5331e14f9bbf7d3c170d98a75a/volumes/2b5ded75-bd6a-4a04-b01f-e3bfd6315204/action /var/lib/openstack/lib/python3.10/site-packages/oslo_context/context.py:100: DeprecationWarning: Policy enforcement is depending on the value of is_admin. This key is deprecated. Please update your policy file to use the standard policy values. warnings.warn('Policy enforcement is depending on the value of '
2026-07-08 10:13:25.665 7 INFO cinder.volume.api [None req-0048c6d1-fbfc-4a71-9f0f-84c63ad466a6 5edb7221c9014e1ebc5a01af0dea9fb8 e2f3ad5331e14f9bbf7d3c170d98a75a - - default default] Volume info retrieved successfully.
2026-07-08 10:13:25.674 7 INFO cinder.volume.api [None req-0048c6d1-fbfc-4a71-9f0f-84c63ad466a6 5edb7221c9014e1ebc5a01af0dea9fb8 e2f3ad5331e14f9bbf7d3c170d98a75a - - default default] Update volume admin metadata completed successfully.
2026-07-08 10:13:25.744 7 INFO cinder.volume.api [None req-0048c6d1-fbfc-4a71-9f0f-84c63ad466a6 5edb7221c9014e1ebc5a01af0dea9fb8 e2f3ad5331e14f9bbf7d3c170d98a75a - - default default] Attach volume completed successfully.
2026-07-08 10:13:25.745 7 INFO cinder.api.openstack.wsgi [None req-0048c6d1-fbfc-4a71-9f0f-84c63ad466a6 5edb7221c9014e1ebc5a01af0dea9fb8 e2f3ad5331e14f9bbf7d3c170d98a75a - - default default] http://cinder-api.openstack.svc.cluster.local:8776/v3/e2f3ad5331e14f9bbf7d3c170d98a75a/volumes/2b5ded75-bd6a-4a04-b01f-e3bfd6315204/action returned with HTTP 202 [pid: 7|app: 0|req: 426/851] 10.0.0.45 () {34 vars in 809 bytes} [Wed Jul 8 10:13:25 2026] POST /v3/e2f3ad5331e14f9bbf7d3c170d98a75a/volumes/2b5ded75-bd6a-4a04-b01f-e3bfd6315204/action => generated 0 bytes in 104 msecs (HTTP/1.1 202) 7 headers in 289 bytes (1 switches on core 0) /var/lib/openstack/lib/python3.10/site-packages/pycadf/identifier.py:71: UserWarning: Invalid uuid: cinderv3. To ensure interoperability, identifiers should be a valid uuid. warnings.warn(('Invalid uuid: %s. To ensure interoperability, '
2026-07-08 10:13:25.756 8 INFO cinder.api.openstack.wsgi [None req-1ad8b6b2-dc13-4267-90ae-9dd5c6c687b2 5edb7221c9014e1ebc5a01af0dea9fb8 e2f3ad5331e14f9bbf7d3c170d98a75a - - default default] GET http://cinder-api.openstack.svc.cluster.local:8776/v3/e2f3ad5331e14f9bbf7d3c170d98a75a/volumes/2b5ded75-bd6a-4a04-b01f-e3bfd6315204 /var/lib/openstack/lib/python3.10/site-packages/oslo_context/context.py:100: DeprecationWarning: Policy enforcement is depending on the value of is_admin. This key is deprecated. Please update your policy file to use the standard policy values. warnings.warn('Policy enforcement is depending on the value of '
2026-07-08 10:13:25.777 8 INFO cinder.volume.api [None req-1ad8b6b2-dc13-4267-90ae-9dd5c6c687b2 5edb7221c9014e1ebc5a01af0dea9fb8 e2f3ad5331e14f9bbf7d3c170d98a75a - - default default] Volume info retrieved successfully.
2026-07-08 10:13:25.783 8 INFO cinder.api.openstack.wsgi [None req-1ad8b6b2-dc13-4267-90ae-9dd5c6c687b2 5edb7221c9014e1ebc5a01af0dea9fb8 e2f3ad5331e14f9bbf7d3c170d98a75a - - default default] http://cinder-api.openstack.svc.cluster.local:8776/v3/e2f3ad5331e14f9bbf7d3c170d98a75a/volumes/2b5ded75-bd6a-4a04-b01f-e3bfd6315204 returned with HTTP 200 [pid: 8|app: 0|req: 426/852] 10.0.0.45 () {32 vars in 774 bytes} [Wed Jul 8 10:13:25 2026] GET /v3/e2f3ad5331e14f9bbf7d3c170d98a75a/volumes/2b5ded75-bd6a-4a04-b01f-e3bfd6315204 => generated 1288 bytes in 33 msecs (HTTP/1.1 200) 7 headers in 286 bytes (1 switches on core 0) /var/lib/openstack/lib/python3.10/site-packages/pycadf/identifier.py:71: UserWarning: Invalid uuid: cinderv3. To ensure interoperability, identifiers should be a valid uuid. warnings.warn(('Invalid uuid: %s. To ensure interoperability, '
2026-07-08 10:13:25.802 7 INFO cinder.api.openstack.wsgi [None req-f04a241e-da7f-4f43-afec-479e67fc49af 5edb7221c9014e1ebc5a01af0dea9fb8 e2f3ad5331e14f9bbf7d3c170d98a75a - - default default] POST http://cinder-api.openstack.svc.cluster.local:8776/v3/e2f3ad5331e14f9bbf7d3c170d98a75a/volumes/2b5ded75-bd6a-4a04-b01f-e3bfd6315204/action /var/lib/openstack/lib/python3.10/site-packages/oslo_context/context.py:100: DeprecationWarning: Policy enforcement is depending on the value of is_admin. This key is deprecated. Please update your policy file to use the standard policy values. warnings.warn('Policy enforcement is depending on the value of '
2026-07-08 10:13:25.823 7 INFO cinder.volume.api [None req-f04a241e-da7f-4f43-afec-479e67fc49af 5edb7221c9014e1ebc5a01af0dea9fb8 e2f3ad5331e14f9bbf7d3c170d98a75a - - default default] Volume info retrieved successfully.
2026-07-08 10:13:25.877 7 INFO cinder.volume.api [None req-f04a241e-da7f-4f43-afec-479e67fc49af 5edb7221c9014e1ebc5a01af0dea9fb8 e2f3ad5331e14f9bbf7d3c170d98a75a - - default default] Detach volume completed successfully.
2026-07-08 10:13:25.882 7 INFO cinder.api.openstack.wsgi [None req-f04a241e-da7f-4f43-afec-479e67fc49af 5edb7221c9014e1ebc5a01af0dea9fb8 e2f3ad5331e14f9bbf7d3c170d98a75a - - default default] http://cinder-api.openstack.svc.cluster.local:8776/v3/e2f3ad5331e14f9bbf7d3c170d98a75a/volumes/2b5ded75-bd6a-4a04-b01f-e3bfd6315204/action returned with HTTP 202 [pid: 7|app: 0|req: 427/853] 10.0.0.45 () {34 vars in 809 bytes} [Wed Jul 8 10:13:25 2026] POST /v3/e2f3ad5331e14f9bbf7d3c170d98a75a/volumes/2b5ded75-bd6a-4a04-b01f-e3bfd6315204/action => generated 0 bytes in 87 msecs (HTTP/1.1 202) 7 headers in 289 bytes (1 switches on core 0) /var/lib/openstack/lib/python3.10/site-packages/pycadf/identifier.py:71: UserWarning: Invalid uuid: cinderv3. To ensure interoperability, identifiers should be a valid uuid. warnings.warn(('Invalid uuid: %s. To ensure interoperability, '
2026-07-08 10:13:25.898 8 INFO cinder.api.openstack.wsgi [None req-fef7b033-3ef5-438a-b3b5-ed31d664bb56 5edb7221c9014e1ebc5a01af0dea9fb8 e2f3ad5331e14f9bbf7d3c170d98a75a - - default default] GET http://cinder-api.openstack.svc.cluster.local:8776/v3/e2f3ad5331e14f9bbf7d3c170d98a75a/volumes/2b5ded75-bd6a-4a04-b01f-e3bfd6315204 /var/lib/openstack/lib/python3.10/site-packages/oslo_context/context.py:100: DeprecationWarning: Policy enforcement is depending on the value of is_admin. This key is deprecated. Please update your policy file to use the standard policy values. warnings.warn('Policy enforcement is depending on the value of '
2026-07-08 10:13:25.915 8 INFO cinder.volume.api [None req-fef7b033-3ef5-438a-b3b5-ed31d664bb56 5edb7221c9014e1ebc5a01af0dea9fb8 e2f3ad5331e14f9bbf7d3c170d98a75a - - default default] Volume info retrieved successfully.
2026-07-08 10:13:25.922 8 INFO cinder.api.openstack.wsgi [None req-fef7b033-3ef5-438a-b3b5-ed31d664bb56 5edb7221c9014e1ebc5a01af0dea9fb8 e2f3ad5331e14f9bbf7d3c170d98a75a - - default default] http://cinder-api.openstack.svc.cluster.local:8776/v3/e2f3ad5331e14f9bbf7d3c170d98a75a/volumes/2b5ded75-bd6a-4a04-b01f-e3bfd6315204 returned with HTTP 200 [pid: 8|app: 0|req: 427/854] 10.0.0.45 () {32 vars in 774 bytes} [Wed Jul 8 10:13:25 2026] GET /v3/e2f3ad5331e14f9bbf7d3c170d98a75a/volumes/2b5ded75-bd6a-4a04-b01f-e3bfd6315204 => generated 973 bytes in 30 msecs (HTTP/1.1 200) 7 headers in 285 bytes (1 switches on core 0)
2026-07-08 10:13:26.881 7 INFO cinder.api.openstack.wsgi [None req-f04a241e-da7f-4f43-afec-479e67fc49af 5edb7221c9014e1ebc5a01af0dea9fb8 e2f3ad5331e14f9bbf7d3c170d98a75a - - default default] GET http://10.0.0.154:8776/
2026-07-08 10:13:26.882 8 INFO cinder.api.openstack.wsgi [None req-fef7b033-3ef5-438a-b3b5-ed31d664bb56 5edb7221c9014e1ebc5a01af0dea9fb8 e2f3ad5331e14f9bbf7d3c170d98a75a - - default default] GET http://10.0.0.154:8776/
2026-07-08 10:13:26.883 7 INFO cinder.api.openstack.wsgi [None req-f04a241e-da7f-4f43-afec-479e67fc49af 5edb7221c9014e1ebc5a01af0dea9fb8 e2f3ad5331e14f9bbf7d3c170d98a75a - - default default] http://10.0.0.154:8776/ returned with HTTP 300
2026-07-08 10:13:26.883 8 INFO cinder.api.openstack.wsgi [None req-fef7b033-3ef5-438a-b3b5-ed31d664bb56 5edb7221c9014e1ebc5a01af0dea9fb8 e2f3ad5331e14f9bbf7d3c170d98a75a - - default default] http://10.0.0.154:8776/ returned with HTTP 300 /var/lib/openstack/lib/python3.10/site-packages/pycadf/identifier.py:71: UserWarning: Invalid uuid: cinderv3. To ensure interoperability, identifiers should be a valid uuid. warnings.warn(('Invalid uuid: %s. To ensure interoperability, '
2026-07-08 10:13:27.293 7 INFO cinder.api.openstack.wsgi [None req-a4f11791-6c91-4a64-af82-f7099228e9ab 5edb7221c9014e1ebc5a01af0dea9fb8 e2f3ad5331e14f9bbf7d3c170d98a75a - - default default] GET http://cinder-api.openstack.svc.cluster.local:8776/v3/e2f3ad5331e14f9bbf7d3c170d98a75a/volumes/2b5ded75-bd6a-4a04-b01f-e3bfd6315204 /var/lib/openstack/lib/python3.10/site-packages/oslo_context/context.py:100: DeprecationWarning: Policy enforcement is depending on the value of is_admin. This key is deprecated. Please update your policy file to use the standard policy values. warnings.warn('Policy enforcement is depending on the value of '
2026-07-08 10:13:27.313 7 INFO cinder.volume.api [None req-a4f11791-6c91-4a64-af82-f7099228e9ab 5edb7221c9014e1ebc5a01af0dea9fb8 e2f3ad5331e14f9bbf7d3c170d98a75a - - default default] Volume info retrieved successfully.
2026-07-08 10:13:27.324 7 INFO cinder.api.openstack.wsgi [None req-a4f11791-6c91-4a64-af82-f7099228e9ab 5edb7221c9014e1ebc5a01af0dea9fb8 e2f3ad5331e14f9bbf7d3c170d98a75a - - default default] http://cinder-api.openstack.svc.cluster.local:8776/v3/e2f3ad5331e14f9bbf7d3c170d98a75a/volumes/2b5ded75-bd6a-4a04-b01f-e3bfd6315204 returned with HTTP 200 [pid: 7|app: 0|req: 429/857] 10.0.0.45 () {32 vars in 774 bytes} [Wed Jul 8 10:13:27 2026] GET /v3/e2f3ad5331e14f9bbf7d3c170d98a75a/volumes/2b5ded75-bd6a-4a04-b01f-e3bfd6315204 => generated 973 bytes in 37 msecs (HTTP/1.1 200) 7 headers in 285 bytes (1 switches on core 0) /var/lib/openstack/lib/python3.10/site-packages/pycadf/identifier.py:71: UserWarning: Invalid uuid: cinderv3. To ensure interoperability, identifiers should be a valid uuid. warnings.warn(('Invalid uuid: %s. To ensure interoperability, '
2026-07-08 10:13:27.344 8 INFO cinder.api.openstack.wsgi [None req-eebc3438-5143-4ccf-ab30-13c8f77e8e3c 5edb7221c9014e1ebc5a01af0dea9fb8 e2f3ad5331e14f9bbf7d3c170d98a75a - - default default] DELETE http://cinder-api.openstack.svc.cluster.local:8776/v3/e2f3ad5331e14f9bbf7d3c170d98a75a/volumes/2b5ded75-bd6a-4a04-b01f-e3bfd6315204
2026-07-08 10:13:27.345 8 INFO cinder.api.v3.volumes [None req-eebc3438-5143-4ccf-ab30-13c8f77e8e3c 5edb7221c9014e1ebc5a01af0dea9fb8 e2f3ad5331e14f9bbf7d3c170d98a75a - - default default] Delete volume with id: 2b5ded75-bd6a-4a04-b01f-e3bfd6315204  /var/lib/openstack/lib/python3.10/site-packages/oslo_context/context.py:100: DeprecationWarning: Policy enforcement is depending on the value of is_admin. This key is deprecated. Please update your policy file to use the standard policy values. warnings.warn('Policy enforcement is depending on the value of '
2026-07-08 10:13:27.356 8 INFO cinder.volume.api [None req-eebc3438-5143-4ccf-ab30-13c8f77e8e3c 5edb7221c9014e1ebc5a01af0dea9fb8 e2f3ad5331e14f9bbf7d3c170d98a75a - - default default] Volume info retrieved successfully.
2026-07-08 10:13:27.380 8 INFO cinder.volume.api [None req-eebc3438-5143-4ccf-ab30-13c8f77e8e3c 5edb7221c9014e1ebc5a01af0dea9fb8 e2f3ad5331e14f9bbf7d3c170d98a75a - - default default] Delete volume request issued successfully.
2026-07-08 10:13:27.381 8 INFO cinder.api.openstack.wsgi [None req-eebc3438-5143-4ccf-ab30-13c8f77e8e3c 5edb7221c9014e1ebc5a01af0dea9fb8 e2f3ad5331e14f9bbf7d3c170d98a75a - - default default] http://cinder-api.openstack.svc.cluster.local:8776/v3/e2f3ad5331e14f9bbf7d3c170d98a75a/volumes/2b5ded75-bd6a-4a04-b01f-e3bfd6315204 returned with HTTP 202 [pid: 8|app: 0|req: 429/858] 10.0.0.45 () {32 vars in 777 bytes} [Wed Jul 8 10:13:27 2026] DELETE /v3/e2f3ad5331e14f9bbf7d3c170d98a75a/volumes/2b5ded75-bd6a-4a04-b01f-e3bfd6315204 => generated 0 bytes in 44 msecs (HTTP/1.1 202) 6 headers in 233 bytes (1 switches on core 0) /var/lib/openstack/lib/python3.10/site-packages/pycadf/identifier.py:71: UserWarning: Invalid uuid: cinderv3. To ensure interoperability, identifiers should be a valid uuid. warnings.warn(('Invalid uuid: %s. To ensure interoperability, '
2026-07-08 10:13:27.393 7 INFO cinder.api.openstack.wsgi [None req-b0854d7a-efe5-4916-9562-cc71b09a8f0a 5edb7221c9014e1ebc5a01af0dea9fb8 e2f3ad5331e14f9bbf7d3c170d98a75a - - default default] GET http://cinder-api.openstack.svc.cluster.local:8776/v3/e2f3ad5331e14f9bbf7d3c170d98a75a/volumes/2b5ded75-bd6a-4a04-b01f-e3bfd6315204 /var/lib/openstack/lib/python3.10/site-packages/oslo_context/context.py:100: DeprecationWarning: Policy enforcement is depending on the value of is_admin. This key is deprecated. Please update your policy file to use the standard policy values. warnings.warn('Policy enforcement is depending on the value of '
2026-07-08 10:13:27.410 7 INFO cinder.volume.api [None req-b0854d7a-efe5-4916-9562-cc71b09a8f0a 5edb7221c9014e1ebc5a01af0dea9fb8 e2f3ad5331e14f9bbf7d3c170d98a75a - - default default] Volume info retrieved successfully.
2026-07-08 10:13:27.415 7 INFO cinder.api.openstack.wsgi [None req-b0854d7a-efe5-4916-9562-cc71b09a8f0a 5edb7221c9014e1ebc5a01af0dea9fb8 e2f3ad5331e14f9bbf7d3c170d98a75a - - default default] http://cinder-api.openstack.svc.cluster.local:8776/v3/e2f3ad5331e14f9bbf7d3c170d98a75a/volumes/2b5ded75-bd6a-4a04-b01f-e3bfd6315204 returned with HTTP 200 [pid: 7|app: 0|req: 430/859] 10.0.0.45 () {32 vars in 774 bytes} [Wed Jul 8 10:13:27 2026] GET /v3/e2f3ad5331e14f9bbf7d3c170d98a75a/volumes/2b5ded75-bd6a-4a04-b01f-e3bfd6315204 => generated 972 bytes in 30 msecs (HTTP/1.1 200) 7 headers in 285 bytes (1 switches on core 0) /var/lib/openstack/lib/python3.10/site-packages/pycadf/identifier.py:71: UserWarning: Invalid uuid: cinderv3. To ensure interoperability, identifiers should be a valid uuid. warnings.warn(('Invalid uuid: %s. To ensure interoperability, '
2026-07-08 10:13:28.440 8 INFO cinder.api.openstack.wsgi [None req-17a59712-bf98-4bce-a701-8a5993dd264f 5edb7221c9014e1ebc5a01af0dea9fb8 e2f3ad5331e14f9bbf7d3c170d98a75a - - default default] GET http://cinder-api.openstack.svc.cluster.local:8776/v3/e2f3ad5331e14f9bbf7d3c170d98a75a/volumes/2b5ded75-bd6a-4a04-b01f-e3bfd6315204
2026-07-08 10:13:28.447 8 INFO cinder.api.openstack.wsgi [None req-17a59712-bf98-4bce-a701-8a5993dd264f 5edb7221c9014e1ebc5a01af0dea9fb8 e2f3ad5331e14f9bbf7d3c170d98a75a - - default default] http://cinder-api.openstack.svc.cluster.local:8776/v3/e2f3ad5331e14f9bbf7d3c170d98a75a/volumes/2b5ded75-bd6a-4a04-b01f-e3bfd6315204 returned with HTTP 404 [pid: 8|app: 0|req: 430/860] 10.0.0.45 () {32 vars in 774 bytes} [Wed Jul 8 10:13:28 2026] GET /v3/e2f3ad5331e14f9bbf7d3c170d98a75a/volumes/2b5ded75-bd6a-4a04-b01f-e3bfd6315204 => generated 109 bytes in 13 msecs (HTTP/1.1 404) 7 headers in 292 bytes (1 switches on core 0)
2026-07-08 10:13:36.883 7 INFO cinder.api.openstack.wsgi [None req-b0854d7a-efe5-4916-9562-cc71b09a8f0a 5edb7221c9014e1ebc5a01af0dea9fb8 e2f3ad5331e14f9bbf7d3c170d98a75a - - default default] GET http://10.0.0.154:8776/
2026-07-08 10:13:36.884 8 INFO cinder.api.openstack.wsgi [None req-17a59712-bf98-4bce-a701-8a5993dd264f 5edb7221c9014e1ebc5a01af0dea9fb8 e2f3ad5331e14f9bbf7d3c170d98a75a - - default default] GET http://10.0.0.154:8776/
2026-07-08 10:13:36.884 7 INFO cinder.api.openstack.wsgi [None req-b0854d7a-efe5-4916-9562-cc71b09a8f0a 5edb7221c9014e1ebc5a01af0dea9fb8 e2f3ad5331e14f9bbf7d3c170d98a75a - - default default] http://10.0.0.154:8776/ returned with HTTP 300
2026-07-08 10:13:36.885 8 INFO cinder.api.openstack.wsgi [None req-17a59712-bf98-4bce-a701-8a5993dd264f 5edb7221c9014e1ebc5a01af0dea9fb8 e2f3ad5331e14f9bbf7d3c170d98a75a - - default default] http://10.0.0.154:8776/ returned with HTTP 300
2026-07-08 10:13:46.882 7 INFO cinder.api.openstack.wsgi [None req-b0854d7a-efe5-4916-9562-cc71b09a8f0a 5edb7221c9014e1ebc5a01af0dea9fb8 e2f3ad5331e14f9bbf7d3c170d98a75a - - default default] GET http://10.0.0.154:8776/
2026-07-08 10:13:46.882 8 INFO cinder.api.openstack.wsgi [None req-17a59712-bf98-4bce-a701-8a5993dd264f 5edb7221c9014e1ebc5a01af0dea9fb8 e2f3ad5331e14f9bbf7d3c170d98a75a - - default default] GET http://10.0.0.154:8776/
2026-07-08 10:13:46.883 7 INFO cinder.api.openstack.wsgi [None req-b0854d7a-efe5-4916-9562-cc71b09a8f0a 5edb7221c9014e1ebc5a01af0dea9fb8 e2f3ad5331e14f9bbf7d3c170d98a75a - - default default] http://10.0.0.154:8776/ returned with HTTP 300
2026-07-08 10:13:46.883 8 INFO cinder.api.openstack.wsgi [None req-17a59712-bf98-4bce-a701-8a5993dd264f 5edb7221c9014e1ebc5a01af0dea9fb8 e2f3ad5331e14f9bbf7d3c170d98a75a - - default default] http://10.0.0.154:8776/ returned with HTTP 300
2026-07-08 10:13:56.882 8 INFO cinder.api.openstack.wsgi [None req-17a59712-bf98-4bce-a701-8a5993dd264f 5edb7221c9014e1ebc5a01af0dea9fb8 e2f3ad5331e14f9bbf7d3c170d98a75a - - default default] GET http://10.0.0.154:8776/
2026-07-08 10:13:56.882 7 INFO cinder.api.openstack.wsgi [None req-b0854d7a-efe5-4916-9562-cc71b09a8f0a 5edb7221c9014e1ebc5a01af0dea9fb8 e2f3ad5331e14f9bbf7d3c170d98a75a - - default default] GET http://10.0.0.154:8776/
2026-07-08 10:13:56.883 7 INFO cinder.api.openstack.wsgi [None req-b0854d7a-efe5-4916-9562-cc71b09a8f0a 5edb7221c9014e1ebc5a01af0dea9fb8 e2f3ad5331e14f9bbf7d3c170d98a75a - - default default] http://10.0.0.154:8776/ returned with HTTP 300
2026-07-08 10:13:56.883 8 INFO cinder.api.openstack.wsgi [None req-17a59712-bf98-4bce-a701-8a5993dd264f 5edb7221c9014e1ebc5a01af0dea9fb8 e2f3ad5331e14f9bbf7d3c170d98a75a - - default default] http://10.0.0.154:8776/ returned with HTTP 300
2026-07-08 10:14:06.882 7 INFO cinder.api.openstack.wsgi [None req-b0854d7a-efe5-4916-9562-cc71b09a8f0a 5edb7221c9014e1ebc5a01af0dea9fb8 e2f3ad5331e14f9bbf7d3c170d98a75a - - default default] GET http://10.0.0.154:8776/
2026-07-08 10:14:06.883 8 INFO cinder.api.openstack.wsgi [None req-17a59712-bf98-4bce-a701-8a5993dd264f 5edb7221c9014e1ebc5a01af0dea9fb8 e2f3ad5331e14f9bbf7d3c170d98a75a - - default default] GET http://10.0.0.154:8776/
2026-07-08 10:14:06.884 8 INFO cinder.api.openstack.wsgi [None req-17a59712-bf98-4bce-a701-8a5993dd264f 5edb7221c9014e1ebc5a01af0dea9fb8 e2f3ad5331e14f9bbf7d3c170d98a75a - - default default] http://10.0.0.154:8776/ returned with HTTP 300
2026-07-08 10:14:06.884 7 INFO cinder.api.openstack.wsgi [None req-b0854d7a-efe5-4916-9562-cc71b09a8f0a 5edb7221c9014e1ebc5a01af0dea9fb8 e2f3ad5331e14f9bbf7d3c170d98a75a - - default default] http://10.0.0.154:8776/ returned with HTTP 300
2026-07-08 10:14:16.882 8 INFO cinder.api.openstack.wsgi [None req-17a59712-bf98-4bce-a701-8a5993dd264f 5edb7221c9014e1ebc5a01af0dea9fb8 e2f3ad5331e14f9bbf7d3c170d98a75a - - default default] GET http://10.0.0.154:8776/
2026-07-08 10:14:16.882 7 INFO cinder.api.openstack.wsgi [None req-b0854d7a-efe5-4916-9562-cc71b09a8f0a 5edb7221c9014e1ebc5a01af0dea9fb8 e2f3ad5331e14f9bbf7d3c170d98a75a - - default default] GET http://10.0.0.154:8776/
2026-07-08 10:14:16.883 8 INFO cinder.api.openstack.wsgi [None req-17a59712-bf98-4bce-a701-8a5993dd264f 5edb7221c9014e1ebc5a01af0dea9fb8 e2f3ad5331e14f9bbf7d3c170d98a75a - - default default] http://10.0.0.154:8776/ returned with HTTP 300
2026-07-08 10:14:16.883 7 INFO cinder.api.openstack.wsgi [None req-b0854d7a-efe5-4916-9562-cc71b09a8f0a 5edb7221c9014e1ebc5a01af0dea9fb8 e2f3ad5331e14f9bbf7d3c170d98a75a - - default default] http://10.0.0.154:8776/ returned with HTTP 300
2026-07-08 10:14:24.960 8 INFO cinder.api.openstack.wsgi [None req-53c6e118-36e3-41a9-8118-8266b26230ea 90ece6a6d36b47bf8bf4b65df55d05b5 d6921d8714ba4d1291a31d290a15353b - - default default] GET http://cinder-api.openstack.svc.cluster.local:8776/v3/d6921d8714ba4d1291a31d290a15353b/scheduler-stats/get_pools?detail=true
2026-07-08 10:14:24.980 8 INFO cinder.api.openstack.wsgi [None req-53c6e118-36e3-41a9-8118-8266b26230ea 90ece6a6d36b47bf8bf4b65df55d05b5 d6921d8714ba4d1291a31d290a15353b - - default default] http://cinder-api.openstack.svc.cluster.local:8776/v3/d6921d8714ba4d1291a31d290a15353b/scheduler-stats/get_pools?detail=true returned with HTTP 200 [pid: 8|app: 0|req: 436/871] 10.0.0.20 () {28 vars in 695 bytes} [Wed Jul 8 10:14:24 2026] GET /v3/d6921d8714ba4d1291a31d290a15353b/scheduler-stats/get_pools?detail=true => generated 670 bytes in 292 msecs (HTTP/1.1 200) 7 headers in 285 bytes (1 switches on core 0) /var/lib/openstack/lib/python3.10/site-packages/pycadf/identifier.py:71: UserWarning: Invalid uuid: cinderv3. To ensure interoperability, identifiers should be a valid uuid. warnings.warn(('Invalid uuid: %s. To ensure interoperability, '
2026-07-08 10:14:24.993 7 INFO cinder.api.openstack.wsgi [None req-d86f8a06-3ae7-4415-a333-3b89634e6801 90ece6a6d36b47bf8bf4b65df55d05b5 d6921d8714ba4d1291a31d290a15353b - - default default] GET http://cinder-api.openstack.svc.cluster.local:8776/v3/d6921d8714ba4d1291a31d290a15353b/volumes/detail?all_tenants=true
2026-07-08 10:14:25.006 7 INFO cinder.volume.api [None req-d86f8a06-3ae7-4415-a333-3b89634e6801 90ece6a6d36b47bf8bf4b65df55d05b5 d6921d8714ba4d1291a31d290a15353b - - default default] Get all volumes completed successfully.
2026-07-08 10:14:25.008 7 INFO cinder.api.openstack.wsgi [None req-d86f8a06-3ae7-4415-a333-3b89634e6801 90ece6a6d36b47bf8bf4b65df55d05b5 d6921d8714ba4d1291a31d290a15353b - - default default] http://cinder-api.openstack.svc.cluster.local:8776/v3/d6921d8714ba4d1291a31d290a15353b/volumes/detail?all_tenants=true returned with HTTP 200 [pid: 7|app: 0|req: 436/872] 10.0.0.20 () {28 vars in 683 bytes} [Wed Jul 8 10:14:24 2026] GET /v3/d6921d8714ba4d1291a31d290a15353b/volumes/detail?all_tenants=true => generated 15 bytes in 21 msecs (HTTP/1.1 200) 7 headers in 284 bytes (1 switches on core 0)
2026-07-08 10:14:25.021 8 INFO cinder.api.openstack.wsgi [None req-c3def53f-3758-4d04-bd61-06802aec7594 90ece6a6d36b47bf8bf4b65df55d05b5 d6921d8714ba4d1291a31d290a15353b - - default default] GET http://cinder-api.openstack.svc.cluster.local:8776/v3/d6921d8714ba4d1291a31d290a15353b/snapshots?all_tenants=true
2026-07-08 10:14:25.028 8 INFO cinder.volume.api [None req-c3def53f-3758-4d04-bd61-06802aec7594 90ece6a6d36b47bf8bf4b65df55d05b5 d6921d8714ba4d1291a31d290a15353b - - default default] Get all snapshots completed successfully.
2026-07-08 10:14:25.028 8 INFO cinder.api.openstack.wsgi [None req-c3def53f-3758-4d04-bd61-06802aec7594 90ece6a6d36b47bf8bf4b65df55d05b5 d6921d8714ba4d1291a31d290a15353b - - default default] http://cinder-api.openstack.svc.cluster.local:8776/v3/d6921d8714ba4d1291a31d290a15353b/snapshots?all_tenants=true returned with HTTP 200 [pid: 8|app: 0|req: 437/873] 10.0.0.20 () {28 vars in 673 bytes} [Wed Jul 8 10:14:25 2026] GET /v3/d6921d8714ba4d1291a31d290a15353b/snapshots?all_tenants=true => generated 17 bytes in 12 msecs (HTTP/1.1 200) 7 headers in 284 bytes (1 switches on core 0)
2026-07-08 10:14:25.044 7 INFO cinder.api.openstack.wsgi [None req-a12e06a7-c6ad-4cdf-8908-9b3a7984722c 90ece6a6d36b47bf8bf4b65df55d05b5 d6921d8714ba4d1291a31d290a15353b - - default default] GET http://cinder-api.openstack.svc.cluster.local:8776/v3/d6921d8714ba4d1291a31d290a15353b/os-services
2026-07-08 10:14:25.053 7 INFO cinder.api.openstack.wsgi [None req-a12e06a7-c6ad-4cdf-8908-9b3a7984722c 90ece6a6d36b47bf8bf4b65df55d05b5 d6921d8714ba4d1291a31d290a15353b - - default default] http://cinder-api.openstack.svc.cluster.local:8776/v3/d6921d8714ba4d1291a31d290a15353b/os-services returned with HTTP 200 [pid: 7|app: 0|req: 437/874] 10.0.0.20 () {28 vars in 644 bytes} [Wed Jul 8 10:14:25 2026] GET /v3/d6921d8714ba4d1291a31d290a15353b/os-services => generated 646 bytes in 18 msecs (HTTP/1.1 200) 7 headers in 285 bytes (1 switches on core 0)
2026-07-08 10:14:25.070 8 INFO cinder.api.openstack.wsgi [None req-9b3475be-d419-4c94-acdf-ec2b1841bc74 90ece6a6d36b47bf8bf4b65df55d05b5 d6921d8714ba4d1291a31d290a15353b - - default default] GET http://cinder-api.openstack.svc.cluster.local:8776/v3/d6921d8714ba4d1291a31d290a15353b/volumes/detail?all_tenants=true
2026-07-08 10:14:25.083 8 INFO cinder.volume.api [None req-9b3475be-d419-4c94-acdf-ec2b1841bc74 90ece6a6d36b47bf8bf4b65df55d05b5 d6921d8714ba4d1291a31d290a15353b - - default default] Get all volumes completed successfully.
2026-07-08 10:14:25.088 8 INFO cinder.api.openstack.wsgi [None req-9b3475be-d419-4c94-acdf-ec2b1841bc74 90ece6a6d36b47bf8bf4b65df55d05b5 d6921d8714ba4d1291a31d290a15353b - - default default] http://cinder-api.openstack.svc.cluster.local:8776/v3/d6921d8714ba4d1291a31d290a15353b/volumes/detail?all_tenants=true returned with HTTP 200 [pid: 8|app: 0|req: 438/875] 10.0.0.20 () {28 vars in 683 bytes} [Wed Jul 8 10:14:25 2026] GET /v3/d6921d8714ba4d1291a31d290a15353b/volumes/detail?all_tenants=true => generated 15 bytes in 28 msecs (HTTP/1.1 200) 7 headers in 284 bytes (1 switches on core 0)
2026-07-08 10:14:25.157 7 INFO cinder.api.openstack.wsgi [None req-82b1496b-78b5-4068-9c10-a5f4e041b339 90ece6a6d36b47bf8bf4b65df55d05b5 d6921d8714ba4d1291a31d290a15353b - - default default] GET http://cinder-api.openstack.svc.cluster.local:8776/v3/d6921d8714ba4d1291a31d290a15353b/os-quota-sets/2102abc4e83d4251b6d7bb58e4228efe?usage=true
2026-07-08 10:14:25.189 7 INFO cinder.api.openstack.wsgi [None req-82b1496b-78b5-4068-9c10-a5f4e041b339 90ece6a6d36b47bf8bf4b65df55d05b5 d6921d8714ba4d1291a31d290a15353b - - default default] http://cinder-api.openstack.svc.cluster.local:8776/v3/d6921d8714ba4d1291a31d290a15353b/os-quota-sets/2102abc4e83d4251b6d7bb58e4228efe?usage=true returned with HTTP 200 [pid: 7|app: 0|req: 438/876] 10.0.0.20 () {28 vars in 735 bytes} [Wed Jul 8 10:14:25 2026] GET /v3/d6921d8714ba4d1291a31d290a15353b/os-quota-sets/2102abc4e83d4251b6d7bb58e4228efe?usage=true => generated 847 bytes in 44 msecs (HTTP/1.1 200) 7 headers in 285 bytes (1 switches on core 0)
2026-07-08 10:14:25.203 8 INFO cinder.api.openstack.wsgi [None req-b6676e13-6ffc-432c-a269-926172d511f1 90ece6a6d36b47bf8bf4b65df55d05b5 d6921d8714ba4d1291a31d290a15353b - - default default] GET http://cinder-api.openstack.svc.cluster.local:8776/v3/d6921d8714ba4d1291a31d290a15353b/os-quota-sets/226a0fb9a437442f8c76d4ec28b2a7a8?usage=true
2026-07-08 10:14:25.240 8 INFO cinder.api.openstack.wsgi [None req-b6676e13-6ffc-432c-a269-926172d511f1 90ece6a6d36b47bf8bf4b65df55d05b5 d6921d8714ba4d1291a31d290a15353b - - default default] http://cinder-api.openstack.svc.cluster.local:8776/v3/d6921d8714ba4d1291a31d290a15353b/os-quota-sets/226a0fb9a437442f8c76d4ec28b2a7a8?usage=true returned with HTTP 200 [pid: 8|app: 0|req: 439/877] 10.0.0.20 () {28 vars in 735 bytes} [Wed Jul 8 10:14:25 2026] GET /v3/d6921d8714ba4d1291a31d290a15353b/os-quota-sets/226a0fb9a437442f8c76d4ec28b2a7a8?usage=true => generated 847 bytes in 49 msecs (HTTP/1.1 200) 7 headers in 285 bytes (1 switches on core 0)
2026-07-08 10:14:25.251 7 INFO cinder.api.openstack.wsgi [None req-64932823-5c5a-42bb-9092-65e1cfcbc001 90ece6a6d36b47bf8bf4b65df55d05b5 d6921d8714ba4d1291a31d290a15353b - - default default] GET http://cinder-api.openstack.svc.cluster.local:8776/v3/d6921d8714ba4d1291a31d290a15353b/os-quota-sets/6062df5cb2b344d0ac1234b547f54b6c?usage=true
2026-07-08 10:14:25.271 7 INFO cinder.api.openstack.wsgi [None req-64932823-5c5a-42bb-9092-65e1cfcbc001 90ece6a6d36b47bf8bf4b65df55d05b5 d6921d8714ba4d1291a31d290a15353b - - default default] http://cinder-api.openstack.svc.cluster.local:8776/v3/d6921d8714ba4d1291a31d290a15353b/os-quota-sets/6062df5cb2b344d0ac1234b547f54b6c?usage=true returned with HTTP 200 [pid: 7|app: 0|req: 439/878] 10.0.0.20 () {28 vars in 735 bytes} [Wed Jul 8 10:14:25 2026] GET /v3/d6921d8714ba4d1291a31d290a15353b/os-quota-sets/6062df5cb2b344d0ac1234b547f54b6c?usage=true => generated 847 bytes in 26 msecs (HTTP/1.1 200) 7 headers in 285 bytes (1 switches on core 0)
2026-07-08 10:14:25.284 8 INFO cinder.api.openstack.wsgi [None req-c2430d96-a51a-47d1-85ea-ad8ad125db93 90ece6a6d36b47bf8bf4b65df55d05b5 d6921d8714ba4d1291a31d290a15353b - - default default] GET http://cinder-api.openstack.svc.cluster.local:8776/v3/d6921d8714ba4d1291a31d290a15353b/os-quota-sets/83c6bcda2b944694b351c32824be4325?usage=true
2026-07-08 10:14:25.327 8 INFO cinder.api.openstack.wsgi [None req-c2430d96-a51a-47d1-85ea-ad8ad125db93 90ece6a6d36b47bf8bf4b65df55d05b5 d6921d8714ba4d1291a31d290a15353b - - default default] http://cinder-api.openstack.svc.cluster.local:8776/v3/d6921d8714ba4d1291a31d290a15353b/os-quota-sets/83c6bcda2b944694b351c32824be4325?usage=true returned with HTTP 200 [pid: 8|app: 0|req: 440/879] 10.0.0.20 () {28 vars in 735 bytes} [Wed Jul 8 10:14:25 2026] GET /v3/d6921d8714ba4d1291a31d290a15353b/os-quota-sets/83c6bcda2b944694b351c32824be4325?usage=true => generated 847 bytes in 54 msecs (HTTP/1.1 200) 7 headers in 285 bytes (1 switches on core 0)
2026-07-08 10:14:25.337 7 INFO cinder.api.openstack.wsgi [None req-af5245fc-634f-4207-85c2-30c885b49d4f 90ece6a6d36b47bf8bf4b65df55d05b5 d6921d8714ba4d1291a31d290a15353b - - default default] GET http://cinder-api.openstack.svc.cluster.local:8776/v3/d6921d8714ba4d1291a31d290a15353b/os-quota-sets/bb5efb7b701348628e3f8017a0c78abf?usage=true
2026-07-08 10:14:25.357 7 INFO cinder.api.openstack.wsgi [None req-af5245fc-634f-4207-85c2-30c885b49d4f 90ece6a6d36b47bf8bf4b65df55d05b5 d6921d8714ba4d1291a31d290a15353b - - default default] http://cinder-api.openstack.svc.cluster.local:8776/v3/d6921d8714ba4d1291a31d290a15353b/os-quota-sets/bb5efb7b701348628e3f8017a0c78abf?usage=true returned with HTTP 200 [pid: 7|app: 0|req: 440/880] 10.0.0.20 () {28 vars in 735 bytes} [Wed Jul 8 10:14:25 2026] GET /v3/d6921d8714ba4d1291a31d290a15353b/os-quota-sets/bb5efb7b701348628e3f8017a0c78abf?usage=true => generated 847 bytes in 26 msecs (HTTP/1.1 200) 7 headers in 285 bytes (1 switches on core 0)
2026-07-08 10:14:25.369 8 INFO cinder.api.openstack.wsgi [None req-088a2279-ce78-41c5-90f4-9c26d086e736 90ece6a6d36b47bf8bf4b65df55d05b5 d6921d8714ba4d1291a31d290a15353b - - default default] GET http://cinder-api.openstack.svc.cluster.local:8776/v3/d6921d8714ba4d1291a31d290a15353b/os-quota-sets/d407bdcbf59b42eeb1a0d55d47d326e5?usage=true
2026-07-08 10:14:25.396 8 INFO cinder.api.openstack.wsgi [None req-088a2279-ce78-41c5-90f4-9c26d086e736 90ece6a6d36b47bf8bf4b65df55d05b5 d6921d8714ba4d1291a31d290a15353b - - default default] http://cinder-api.openstack.svc.cluster.local:8776/v3/d6921d8714ba4d1291a31d290a15353b/os-quota-sets/d407bdcbf59b42eeb1a0d55d47d326e5?usage=true returned with HTTP 200 [pid: 8|app: 0|req: 441/881] 10.0.0.20 () {28 vars in 735 bytes} [Wed Jul 8 10:14:25 2026] GET /v3/d6921d8714ba4d1291a31d290a15353b/os-quota-sets/d407bdcbf59b42eeb1a0d55d47d326e5?usage=true => generated 847 bytes in 35 msecs (HTTP/1.1 200) 7 headers in 285 bytes (1 switches on core 0)
2026-07-08 10:14:25.406 7 INFO cinder.api.openstack.wsgi [None req-852ee0c4-16fa-4a0e-83ce-a9d08f242afb 90ece6a6d36b47bf8bf4b65df55d05b5 d6921d8714ba4d1291a31d290a15353b - - default default] GET http://cinder-api.openstack.svc.cluster.local:8776/v3/d6921d8714ba4d1291a31d290a15353b/os-quota-sets/d6921d8714ba4d1291a31d290a15353b?usage=true
2026-07-08 10:14:25.429 7 INFO cinder.api.openstack.wsgi [None req-852ee0c4-16fa-4a0e-83ce-a9d08f242afb 90ece6a6d36b47bf8bf4b65df55d05b5 d6921d8714ba4d1291a31d290a15353b - - default default] http://cinder-api.openstack.svc.cluster.local:8776/v3/d6921d8714ba4d1291a31d290a15353b/os-quota-sets/d6921d8714ba4d1291a31d290a15353b?usage=true returned with HTTP 200 [pid: 7|app: 0|req: 441/882] 10.0.0.20 () {28 vars in 735 bytes} [Wed Jul 8 10:14:25 2026] GET /v3/d6921d8714ba4d1291a31d290a15353b/os-quota-sets/d6921d8714ba4d1291a31d290a15353b?usage=true => generated 845 bytes in 30 msecs (HTTP/1.1 200) 7 headers in 285 bytes (1 switches on core 0)
2026-07-08 10:14:25.440 8 INFO cinder.api.openstack.wsgi [None req-1ecbceed-eec7-4889-96fd-7b136c58d63d 90ece6a6d36b47bf8bf4b65df55d05b5 d6921d8714ba4d1291a31d290a15353b - - default default] GET http://cinder-api.openstack.svc.cluster.local:8776/v3/d6921d8714ba4d1291a31d290a15353b/os-quota-sets/d6b189a0a2bb4a408adc82ad633266d7?usage=true
2026-07-08 10:14:25.461 8 INFO cinder.api.openstack.wsgi [None req-1ecbceed-eec7-4889-96fd-7b136c58d63d 90ece6a6d36b47bf8bf4b65df55d05b5 d6921d8714ba4d1291a31d290a15353b - - default default] http://cinder-api.openstack.svc.cluster.local:8776/v3/d6921d8714ba4d1291a31d290a15353b/os-quota-sets/d6b189a0a2bb4a408adc82ad633266d7?usage=true returned with HTTP 200 [pid: 8|app: 0|req: 442/883] 10.0.0.20 () {28 vars in 735 bytes} [Wed Jul 8 10:14:25 2026] GET /v3/d6921d8714ba4d1291a31d290a15353b/os-quota-sets/d6b189a0a2bb4a408adc82ad633266d7?usage=true => generated 845 bytes in 28 msecs (HTTP/1.1 200) 7 headers in 285 bytes (1 switches on core 0)
2026-07-08 10:14:26.883 8 INFO cinder.api.openstack.wsgi [None req-1ecbceed-eec7-4889-96fd-7b136c58d63d 90ece6a6d36b47bf8bf4b65df55d05b5 d6921d8714ba4d1291a31d290a15353b - - default default] GET http://10.0.0.154:8776/
2026-07-08 10:14:26.883 7 INFO cinder.api.openstack.wsgi [None req-852ee0c4-16fa-4a0e-83ce-a9d08f242afb 90ece6a6d36b47bf8bf4b65df55d05b5 d6921d8714ba4d1291a31d290a15353b - - default default] GET http://10.0.0.154:8776/
2026-07-08 10:14:26.884 8 INFO cinder.api.openstack.wsgi [None req-1ecbceed-eec7-4889-96fd-7b136c58d63d 90ece6a6d36b47bf8bf4b65df55d05b5 d6921d8714ba4d1291a31d290a15353b - - default default] http://10.0.0.154:8776/ returned with HTTP 300
2026-07-08 10:14:26.884 7 INFO cinder.api.openstack.wsgi [None req-852ee0c4-16fa-4a0e-83ce-a9d08f242afb 90ece6a6d36b47bf8bf4b65df55d05b5 d6921d8714ba4d1291a31d290a15353b - - default default] http://10.0.0.154:8776/ returned with HTTP 300
2026-07-08 10:14:36.888 8 INFO cinder.api.openstack.wsgi [None req-1ecbceed-eec7-4889-96fd-7b136c58d63d 90ece6a6d36b47bf8bf4b65df55d05b5 d6921d8714ba4d1291a31d290a15353b - - default default] GET http://10.0.0.154:8776/
2026-07-08 10:14:36.889 7 INFO cinder.api.openstack.wsgi [None req-852ee0c4-16fa-4a0e-83ce-a9d08f242afb 90ece6a6d36b47bf8bf4b65df55d05b5 d6921d8714ba4d1291a31d290a15353b - - default default] GET http://10.0.0.154:8776/
2026-07-08 10:14:36.890 8 INFO cinder.api.openstack.wsgi [None req-1ecbceed-eec7-4889-96fd-7b136c58d63d 90ece6a6d36b47bf8bf4b65df55d05b5 d6921d8714ba4d1291a31d290a15353b - - default default] http://10.0.0.154:8776/ returned with HTTP 300
2026-07-08 10:14:36.890 7 INFO cinder.api.openstack.wsgi [None req-852ee0c4-16fa-4a0e-83ce-a9d08f242afb 90ece6a6d36b47bf8bf4b65df55d05b5 d6921d8714ba4d1291a31d290a15353b - - default default] http://10.0.0.154:8776/ returned with HTTP 300
2026-07-08 10:14:46.882 7 INFO cinder.api.openstack.wsgi [None req-852ee0c4-16fa-4a0e-83ce-a9d08f242afb 90ece6a6d36b47bf8bf4b65df55d05b5 d6921d8714ba4d1291a31d290a15353b - - default default] GET http://10.0.0.154:8776/
2026-07-08 10:14:46.883 8 INFO cinder.api.openstack.wsgi [None req-1ecbceed-eec7-4889-96fd-7b136c58d63d 90ece6a6d36b47bf8bf4b65df55d05b5 d6921d8714ba4d1291a31d290a15353b - - default default] GET http://10.0.0.154:8776/
2026-07-08 10:14:46.885 7 INFO cinder.api.openstack.wsgi [None req-852ee0c4-16fa-4a0e-83ce-a9d08f242afb 90ece6a6d36b47bf8bf4b65df55d05b5 d6921d8714ba4d1291a31d290a15353b - - default default] http://10.0.0.154:8776/ returned with HTTP 300
2026-07-08 10:14:46.891 8 INFO cinder.api.openstack.wsgi [None req-1ecbceed-eec7-4889-96fd-7b136c58d63d 90ece6a6d36b47bf8bf4b65df55d05b5 d6921d8714ba4d1291a31d290a15353b - - default default] http://10.0.0.154:8776/ returned with HTTP 300
2026-07-08 10:14:56.883 8 INFO cinder.api.openstack.wsgi [None req-1ecbceed-eec7-4889-96fd-7b136c58d63d 90ece6a6d36b47bf8bf4b65df55d05b5 d6921d8714ba4d1291a31d290a15353b - - default default] GET http://10.0.0.154:8776/
2026-07-08 10:14:56.883 7 INFO cinder.api.openstack.wsgi [None req-852ee0c4-16fa-4a0e-83ce-a9d08f242afb 90ece6a6d36b47bf8bf4b65df55d05b5 d6921d8714ba4d1291a31d290a15353b - - default default] GET http://10.0.0.154:8776/
2026-07-08 10:14:56.884 8 INFO cinder.api.openstack.wsgi [None req-1ecbceed-eec7-4889-96fd-7b136c58d63d 90ece6a6d36b47bf8bf4b65df55d05b5 d6921d8714ba4d1291a31d290a15353b - - default default] http://10.0.0.154:8776/ returned with HTTP 300
2026-07-08 10:14:56.884 7 INFO cinder.api.openstack.wsgi [None req-852ee0c4-16fa-4a0e-83ce-a9d08f242afb 90ece6a6d36b47bf8bf4b65df55d05b5 d6921d8714ba4d1291a31d290a15353b - - default default] http://10.0.0.154:8776/ returned with HTTP 300
2026-07-08 10:15:06.882 8 INFO cinder.api.openstack.wsgi [None req-1ecbceed-eec7-4889-96fd-7b136c58d63d 90ece6a6d36b47bf8bf4b65df55d05b5 d6921d8714ba4d1291a31d290a15353b - - default default] GET http://10.0.0.154:8776/
2026-07-08 10:15:06.883 7 INFO cinder.api.openstack.wsgi [None req-852ee0c4-16fa-4a0e-83ce-a9d08f242afb 90ece6a6d36b47bf8bf4b65df55d05b5 d6921d8714ba4d1291a31d290a15353b - - default default] GET http://10.0.0.154:8776/
2026-07-08 10:15:06.884 8 INFO cinder.api.openstack.wsgi [None req-1ecbceed-eec7-4889-96fd-7b136c58d63d 90ece6a6d36b47bf8bf4b65df55d05b5 d6921d8714ba4d1291a31d290a15353b - - default default] http://10.0.0.154:8776/ returned with HTTP 300
2026-07-08 10:15:06.884 7 INFO cinder.api.openstack.wsgi [None req-852ee0c4-16fa-4a0e-83ce-a9d08f242afb 90ece6a6d36b47bf8bf4b65df55d05b5 d6921d8714ba4d1291a31d290a15353b - - default default] http://10.0.0.154:8776/ returned with HTTP 300
2026-07-08 10:15:16.882 7 INFO cinder.api.openstack.wsgi [None req-852ee0c4-16fa-4a0e-83ce-a9d08f242afb 90ece6a6d36b47bf8bf4b65df55d05b5 d6921d8714ba4d1291a31d290a15353b - - default default] GET http://10.0.0.154:8776/
2026-07-08 10:15:16.882 8 INFO cinder.api.openstack.wsgi [None req-1ecbceed-eec7-4889-96fd-7b136c58d63d 90ece6a6d36b47bf8bf4b65df55d05b5 d6921d8714ba4d1291a31d290a15353b - - default default] GET http://10.0.0.154:8776/
2026-07-08 10:15:16.883 7 INFO cinder.api.openstack.wsgi [None req-852ee0c4-16fa-4a0e-83ce-a9d08f242afb 90ece6a6d36b47bf8bf4b65df55d05b5 d6921d8714ba4d1291a31d290a15353b - - default default] http://10.0.0.154:8776/ returned with HTTP 300
2026-07-08 10:15:16.883 8 INFO cinder.api.openstack.wsgi [None req-1ecbceed-eec7-4889-96fd-7b136c58d63d 90ece6a6d36b47bf8bf4b65df55d05b5 d6921d8714ba4d1291a31d290a15353b - - default default] http://10.0.0.154:8776/ returned with HTTP 300
2026-07-08 10:15:24.775 7 INFO cinder.api.openstack.wsgi [None req-afe1a4d5-d76e-4483-9baa-66b41125465b 90ece6a6d36b47bf8bf4b65df55d05b5 d6921d8714ba4d1291a31d290a15353b - - default default] GET http://cinder-api.openstack.svc.cluster.local:8776/v3/d6921d8714ba4d1291a31d290a15353b/volumes/detail?all_tenants=true
2026-07-08 10:15:24.792 7 INFO cinder.volume.api [None req-afe1a4d5-d76e-4483-9baa-66b41125465b 90ece6a6d36b47bf8bf4b65df55d05b5 d6921d8714ba4d1291a31d290a15353b - - default default] Get all volumes completed successfully.
2026-07-08 10:15:24.794 7 INFO cinder.api.openstack.wsgi [None req-afe1a4d5-d76e-4483-9baa-66b41125465b 90ece6a6d36b47bf8bf4b65df55d05b5 d6921d8714ba4d1291a31d290a15353b - - default default] http://cinder-api.openstack.svc.cluster.local:8776/v3/d6921d8714ba4d1291a31d290a15353b/volumes/detail?all_tenants=true returned with HTTP 200 [pid: 7|app: 0|req: 448/896] 10.0.0.20 () {28 vars in 683 bytes} [Wed Jul 8 10:15:24 2026] GET /v3/d6921d8714ba4d1291a31d290a15353b/volumes/detail?all_tenants=true => generated 15 bytes in 159 msecs (HTTP/1.1 200) 7 headers in 284 bytes (1 switches on core 0)
2026-07-08 10:15:24.814 8 INFO cinder.api.openstack.wsgi [None req-9880d8cc-1c6d-46c2-baff-b23102e65aaa 90ece6a6d36b47bf8bf4b65df55d05b5 d6921d8714ba4d1291a31d290a15353b - - default default] GET http://cinder-api.openstack.svc.cluster.local:8776/v3/d6921d8714ba4d1291a31d290a15353b/volumes/detail?all_tenants=true
2026-07-08 10:15:24.828 8 INFO cinder.volume.api [None req-9880d8cc-1c6d-46c2-baff-b23102e65aaa 90ece6a6d36b47bf8bf4b65df55d05b5 d6921d8714ba4d1291a31d290a15353b - - default default] Get all volumes completed successfully.
2026-07-08 10:15:24.830 8 INFO cinder.api.openstack.wsgi [None req-9880d8cc-1c6d-46c2-baff-b23102e65aaa 90ece6a6d36b47bf8bf4b65df55d05b5 d6921d8714ba4d1291a31d290a15353b - - default default] http://cinder-api.openstack.svc.cluster.local:8776/v3/d6921d8714ba4d1291a31d290a15353b/volumes/detail?all_tenants=true returned with HTTP 200 [pid: 8|app: 0|req: 449/897] 10.0.0.20 () {28 vars in 683 bytes} [Wed Jul 8 10:15:24 2026] GET /v3/d6921d8714ba4d1291a31d290a15353b/volumes/detail?all_tenants=true => generated 15 bytes in 29 msecs (HTTP/1.1 200) 7 headers in 284 bytes (1 switches on core 0)
2026-07-08 10:15:24.839 7 INFO cinder.api.openstack.wsgi [None req-8055569f-28f4-4378-8b64-6975e3ef28b8 90ece6a6d36b47bf8bf4b65df55d05b5 d6921d8714ba4d1291a31d290a15353b - - default default] GET http://cinder-api.openstack.svc.cluster.local:8776/v3/d6921d8714ba4d1291a31d290a15353b/scheduler-stats/get_pools?detail=true
2026-07-08 10:15:24.869 7 INFO cinder.api.openstack.wsgi [None req-8055569f-28f4-4378-8b64-6975e3ef28b8 90ece6a6d36b47bf8bf4b65df55d05b5 d6921d8714ba4d1291a31d290a15353b - - default default] http://cinder-api.openstack.svc.cluster.local:8776/v3/d6921d8714ba4d1291a31d290a15353b/scheduler-stats/get_pools?detail=true returned with HTTP 200 [pid: 7|app: 0|req: 449/898] 10.0.0.20 () {28 vars in 695 bytes} [Wed Jul 8 10:15:24 2026] GET /v3/d6921d8714ba4d1291a31d290a15353b/scheduler-stats/get_pools?detail=true => generated 670 bytes in 36 msecs (HTTP/1.1 200) 7 headers in 285 bytes (1 switches on core 0)
2026-07-08 10:15:24.881 8 INFO cinder.api.openstack.wsgi [None req-e16177d0-5176-4b07-96d0-b730071933bd 90ece6a6d36b47bf8bf4b65df55d05b5 d6921d8714ba4d1291a31d290a15353b - - default default] GET http://cinder-api.openstack.svc.cluster.local:8776/v3/d6921d8714ba4d1291a31d290a15353b/os-services
2026-07-08 10:15:24.896 8 INFO cinder.api.openstack.wsgi [None req-e16177d0-5176-4b07-96d0-b730071933bd 90ece6a6d36b47bf8bf4b65df55d05b5 d6921d8714ba4d1291a31d290a15353b - - default default] http://cinder-api.openstack.svc.cluster.local:8776/v3/d6921d8714ba4d1291a31d290a15353b/os-services returned with HTTP 200 [pid: 8|app: 0|req: 450/899] 10.0.0.20 () {28 vars in 644 bytes} [Wed Jul 8 10:15:24 2026] GET /v3/d6921d8714ba4d1291a31d290a15353b/os-services => generated 646 bytes in 21 msecs (HTTP/1.1 200) 7 headers in 285 bytes (1 switches on core 0)
2026-07-08 10:15:24.954 7 INFO cinder.api.openstack.wsgi [None req-c023c1fb-35ff-403e-92dd-d2e17561ece2 90ece6a6d36b47bf8bf4b65df55d05b5 d6921d8714ba4d1291a31d290a15353b - - default default] GET http://cinder-api.openstack.svc.cluster.local:8776/v3/d6921d8714ba4d1291a31d290a15353b/os-quota-sets/2ff972a2893a4724b34ace8a25dd7d57?usage=true
2026-07-08 10:15:25.020 7 INFO cinder.api.openstack.wsgi [None req-c023c1fb-35ff-403e-92dd-d2e17561ece2 90ece6a6d36b47bf8bf4b65df55d05b5 d6921d8714ba4d1291a31d290a15353b - - default default] http://cinder-api.openstack.svc.cluster.local:8776/v3/d6921d8714ba4d1291a31d290a15353b/os-quota-sets/2ff972a2893a4724b34ace8a25dd7d57?usage=true returned with HTTP 200 [pid: 7|app: 0|req: 450/900] 10.0.0.20 () {28 vars in 735 bytes} [Wed Jul 8 10:15:24 2026] GET /v3/d6921d8714ba4d1291a31d290a15353b/os-quota-sets/2ff972a2893a4724b34ace8a25dd7d57?usage=true => generated 847 bytes in 74 msecs (HTTP/1.1 200) 7 headers in 285 bytes (1 switches on core 0)
2026-07-08 10:15:25.047 8 INFO cinder.api.openstack.wsgi [None req-74f1e270-f779-448b-b3d4-94b9cf0aeed3 90ece6a6d36b47bf8bf4b65df55d05b5 d6921d8714ba4d1291a31d290a15353b - - default default] GET http://cinder-api.openstack.svc.cluster.local:8776/v3/d6921d8714ba4d1291a31d290a15353b/os-quota-sets/70e247c2a9bf4aa2b933cf8a48e85623?usage=true
2026-07-08 10:15:25.078 8 INFO cinder.api.openstack.wsgi [None req-74f1e270-f779-448b-b3d4-94b9cf0aeed3 90ece6a6d36b47bf8bf4b65df55d05b5 d6921d8714ba4d1291a31d290a15353b - - default default] http://cinder-api.openstack.svc.cluster.local:8776/v3/d6921d8714ba4d1291a31d290a15353b/os-quota-sets/70e247c2a9bf4aa2b933cf8a48e85623?usage=true returned with HTTP 200 [pid: 8|app: 0|req: 451/901] 10.0.0.20 () {28 vars in 735 bytes} [Wed Jul 8 10:15:25 2026] GET /v3/d6921d8714ba4d1291a31d290a15353b/os-quota-sets/70e247c2a9bf4aa2b933cf8a48e85623?usage=true => generated 847 bytes in 43 msecs (HTTP/1.1 200) 7 headers in 285 bytes (1 switches on core 0)
2026-07-08 10:15:25.099 7 INFO cinder.api.openstack.wsgi [None req-5dab58a4-c0ba-484b-a1bc-ae573af6c3f7 90ece6a6d36b47bf8bf4b65df55d05b5 d6921d8714ba4d1291a31d290a15353b - - default default] GET http://cinder-api.openstack.svc.cluster.local:8776/v3/d6921d8714ba4d1291a31d290a15353b/os-quota-sets/75b59d459a214d18882537264c293fb0?usage=true
2026-07-08 10:15:25.128 7 INFO cinder.api.openstack.wsgi [None req-5dab58a4-c0ba-484b-a1bc-ae573af6c3f7 90ece6a6d36b47bf8bf4b65df55d05b5 d6921d8714ba4d1291a31d290a15353b - - default default] http://cinder-api.openstack.svc.cluster.local:8776/v3/d6921d8714ba4d1291a31d290a15353b/os-quota-sets/75b59d459a214d18882537264c293fb0?usage=true returned with HTTP 200 [pid: 7|app: 0|req: 451/902] 10.0.0.20 () {28 vars in 735 bytes} [Wed Jul 8 10:15:25 2026] GET /v3/d6921d8714ba4d1291a31d290a15353b/os-quota-sets/75b59d459a214d18882537264c293fb0?usage=true => generated 847 bytes in 45 msecs (HTTP/1.1 200) 7 headers in 285 bytes (1 switches on core 0)
2026-07-08 10:15:25.141 8 INFO cinder.api.openstack.wsgi [None req-629ad4f8-9b1a-4957-bd86-b54fbf380359 90ece6a6d36b47bf8bf4b65df55d05b5 d6921d8714ba4d1291a31d290a15353b - - default default] GET http://cinder-api.openstack.svc.cluster.local:8776/v3/d6921d8714ba4d1291a31d290a15353b/os-quota-sets/7acbc353b1ca453d82d6e2146f422ee4?usage=true
2026-07-08 10:15:25.165 8 INFO cinder.api.openstack.wsgi [None req-629ad4f8-9b1a-4957-bd86-b54fbf380359 90ece6a6d36b47bf8bf4b65df55d05b5 d6921d8714ba4d1291a31d290a15353b - - default default] http://cinder-api.openstack.svc.cluster.local:8776/v3/d6921d8714ba4d1291a31d290a15353b/os-quota-sets/7acbc353b1ca453d82d6e2146f422ee4?usage=true returned with HTTP 200 [pid: 8|app: 0|req: 452/903] 10.0.0.20 () {28 vars in 735 bytes} [Wed Jul 8 10:15:25 2026] GET /v3/d6921d8714ba4d1291a31d290a15353b/os-quota-sets/7acbc353b1ca453d82d6e2146f422ee4?usage=true => generated 847 bytes in 34 msecs (HTTP/1.1 200) 7 headers in 285 bytes (1 switches on core 0)
2026-07-08 10:15:25.178 7 INFO cinder.api.openstack.wsgi [None req-386ede05-04d4-42b7-88ec-6161a523acbc 90ece6a6d36b47bf8bf4b65df55d05b5 d6921d8714ba4d1291a31d290a15353b - - default default] GET http://cinder-api.openstack.svc.cluster.local:8776/v3/d6921d8714ba4d1291a31d290a15353b/os-quota-sets/a0129125b58d48dda5b7bc0051adc37b?usage=true
2026-07-08 10:15:25.199 7 INFO cinder.api.openstack.wsgi [None req-386ede05-04d4-42b7-88ec-6161a523acbc 90ece6a6d36b47bf8bf4b65df55d05b5 d6921d8714ba4d1291a31d290a15353b - - default default] http://cinder-api.openstack.svc.cluster.local:8776/v3/d6921d8714ba4d1291a31d290a15353b/os-quota-sets/a0129125b58d48dda5b7bc0051adc37b?usage=true returned with HTTP 200 [pid: 7|app: 0|req: 452/904] 10.0.0.20 () {28 vars in 735 bytes} [Wed Jul 8 10:15:25 2026] GET /v3/d6921d8714ba4d1291a31d290a15353b/os-quota-sets/a0129125b58d48dda5b7bc0051adc37b?usage=true => generated 847 bytes in 31 msecs (HTTP/1.1 200) 7 headers in 285 bytes (1 switches on core 0)
2026-07-08 10:15:25.210 8 INFO cinder.api.openstack.wsgi [None req-f82274b3-70ee-49af-9f73-19b224bb5bcd 90ece6a6d36b47bf8bf4b65df55d05b5 d6921d8714ba4d1291a31d290a15353b - - default default] GET http://cinder-api.openstack.svc.cluster.local:8776/v3/d6921d8714ba4d1291a31d290a15353b/os-quota-sets/b2fde16723784d0c899e1b391676ca43?usage=true
