2026-02-26 02:57:50.788 8 INFO placement.requestlog [None req-0b0d93f0-07ef-461a-98c2-ff2008782ff7 12e9b2a889e84cb99a2e25192d11ac9c baed170af4214c1694b1c0ae8cc78224 - - acae41c58d54442aad52ac80bd195445 acae41c58d54442aad52ac80bd195445] 10.0.0.220 "GET /resource_providers/07754357-66f8-433c-9f08-36b73fc8e9a6/aggregates" status: 404 len: 235 microversion: 1.1 [pid: 8|app: 0|req: 520/1031] 10.0.0.220 () {32 vars in 816 bytes} [Thu Feb 26 02:57:50 2026] GET /resource_providers/07754357-66f8-433c-9f08-36b73fc8e9a6/aggregates => generated 235 bytes in 10 msecs (HTTP/1.1 404) 5 headers in 202 bytes (1 switches on core 0)
2026-02-26 02:57:50.809 7 INFO placement.requestlog [None req-98fb19fb-ac71-40d8-9bbd-09e94ec7e118 12e9b2a889e84cb99a2e25192d11ac9c baed170af4214c1694b1c0ae8cc78224 - - acae41c58d54442aad52ac80bd195445 acae41c58d54442aad52ac80bd195445] 10.0.0.220 "DELETE /resource_providers/07754357-66f8-433c-9f08-36b73fc8e9a6" status: 404 len: 246 microversion: 1.1 [pid: 7|app: 0|req: 512/1032] 10.0.0.220 () {34 vars in 816 bytes} [Thu Feb 26 02:57:50 2026] DELETE /resource_providers/07754357-66f8-433c-9f08-36b73fc8e9a6 => generated 246 bytes in 8 msecs (HTTP/1.1 404) 6 headers in 231 bytes (1 switches on core 0)
2026-02-26 02:57:50.811 8 INFO placement.requestlog [None req-d8898d68-7738-4236-9676-bd59dbb44e71 12e9b2a889e84cb99a2e25192d11ac9c baed170af4214c1694b1c0ae8cc78224 - - acae41c58d54442aad52ac80bd195445 acae41c58d54442aad52ac80bd195445] 10.0.0.220 "DELETE /resource_providers/07754357-66f8-433c-9f08-36b73fc8e9a6" status: 404 len: 246 microversion: 1.1 [pid: 8|app: 0|req: 521/1033] 10.0.0.220 () {34 vars in 816 bytes} [Thu Feb 26 02:57:50 2026] DELETE /resource_providers/07754357-66f8-433c-9f08-36b73fc8e9a6 => generated 246 bytes in 9 msecs (HTTP/1.1 404) 6 headers in 231 bytes (1 switches on core 0)
2026-02-26 02:57:51.483 7 INFO placement.requestlog [req-8c91f738-49de-4cae-aabb-a2b2b7416ab4 req-35defeec-e25d-4b6b-8dc1-a2e7f408eda6 7e09d73d8f4149a0ad13b01131d5b32e baed170af4214c1694b1c0ae8cc78224 - - acae41c58d54442aad52ac80bd195445 acae41c58d54442aad52ac80bd195445] 199.204.45.229 "GET /resource_providers/5a4b01fa-d97e-4c8c-96fa-1f5c306d5ad4/allocations" status: 200 len: 640 microversion: 1.0 [pid: 7|app: 0|req: 513/1034] 199.204.45.229 () {32 vars in 857 bytes} [Thu Feb 26 02:57:51 2026] GET /resource_providers/5a4b01fa-d97e-4c8c-96fa-1f5c306d5ad4/allocations => generated 640 bytes in 19 msecs (HTTP/1.1 200) 6 headers in 224 bytes (1 switches on core 0)
2026-02-26 02:57:51.510 8 INFO placement.requestlog [req-8c91f738-49de-4cae-aabb-a2b2b7416ab4 req-70568f69-b7e0-49de-a671-12783357026b 7e09d73d8f4149a0ad13b01131d5b32e baed170af4214c1694b1c0ae8cc78224 - - acae41c58d54442aad52ac80bd195445 acae41c58d54442aad52ac80bd195445] 199.204.45.229 "GET /allocations/69d7a8bd-3247-472f-bd0b-53bb343db85f" status: 200 len: 258 microversion: 1.28 [pid: 8|app: 0|req: 522/1035] 199.204.45.229 () {34 vars in 863 bytes} [Thu Feb 26 02:57:51 2026] GET /allocations/69d7a8bd-3247-472f-bd0b-53bb343db85f => generated 258 bytes in 20 msecs (HTTP/1.1 200) 8 headers in 296 bytes (1 switches on core 0)
2026-02-26 02:57:51.532 7 INFO placement.requestlog [req-8c91f738-49de-4cae-aabb-a2b2b7416ab4 req-a812c7bc-d35d-457f-a4f8-e41cbc02945e 7e09d73d8f4149a0ad13b01131d5b32e baed170af4214c1694b1c0ae8cc78224 - - acae41c58d54442aad52ac80bd195445 acae41c58d54442aad52ac80bd195445] 199.204.45.229 "GET /allocations/d15ec439-218a-4df3-b2f0-00076d5d3058" status: 200 len: 245 microversion: 1.28 [pid: 7|app: 0|req: 514/1036] 199.204.45.229 () {34 vars in 863 bytes} [Thu Feb 26 02:57:51 2026] GET /allocations/d15ec439-218a-4df3-b2f0-00076d5d3058 => generated 245 bytes in 9 msecs (HTTP/1.1 200) 8 headers in 296 bytes (1 switches on core 0)
2026-02-26 02:57:51.554 8 INFO placement.requestlog [req-8c91f738-49de-4cae-aabb-a2b2b7416ab4 req-d0b314ca-4427-4a46-becb-aacdfabea14f 7e09d73d8f4149a0ad13b01131d5b32e baed170af4214c1694b1c0ae8cc78224 - - acae41c58d54442aad52ac80bd195445 acae41c58d54442aad52ac80bd195445] 199.204.45.229 "GET /allocations/aad098f9-b574-4b02-847f-0f6064af4357" status: 200 len: 258 microversion: 1.28 [pid: 8|app: 0|req: 523/1037] 199.204.45.229 () {34 vars in 863 bytes} [Thu Feb 26 02:57:51 2026] GET /allocations/aad098f9-b574-4b02-847f-0f6064af4357 => generated 258 bytes in 15 msecs (HTTP/1.1 200) 8 headers in 296 bytes (1 switches on core 0)
2026-02-26 02:57:51.585 7 INFO placement.requestlog [req-8c91f738-49de-4cae-aabb-a2b2b7416ab4 req-d62dd094-a75d-413a-8630-8383c42e1340 7e09d73d8f4149a0ad13b01131d5b32e baed170af4214c1694b1c0ae8cc78224 - - acae41c58d54442aad52ac80bd195445 acae41c58d54442aad52ac80bd195445] 199.204.45.229 "GET /allocations/598d7900-6011-457d-9070-6ef754f25703" status: 200 len: 258 microversion: 1.28 [pid: 7|app: 0|req: 515/1038] 199.204.45.229 () {34 vars in 863 bytes} [Thu Feb 26 02:57:51 2026] GET /allocations/598d7900-6011-457d-9070-6ef754f25703 => generated 258 bytes in 23 msecs (HTTP/1.1 200) 8 headers in 296 bytes (1 switches on core 0)
2026-02-26 02:57:51.611 8 INFO placement.requestlog [req-8c91f738-49de-4cae-aabb-a2b2b7416ab4 req-16f69b86-cd15-4d32-ba27-b51277e8f7d3 7e09d73d8f4149a0ad13b01131d5b32e baed170af4214c1694b1c0ae8cc78224 - - acae41c58d54442aad52ac80bd195445 acae41c58d54442aad52ac80bd195445] 199.204.45.229 "GET /allocations/83e3eb4c-98b7-4cf5-a7f1-9849ebc592eb" status: 200 len: 258 microversion: 1.28 [pid: 8|app: 0|req: 524/1039] 199.204.45.229 () {34 vars in 863 bytes} [Thu Feb 26 02:57:51 2026] GET /allocations/83e3eb4c-98b7-4cf5-a7f1-9849ebc592eb => generated 258 bytes in 19 msecs (HTTP/1.1 200) 8 headers in 296 bytes (1 switches on core 0)
2026-02-26 02:57:51.635 7 INFO placement.requestlog [req-8c91f738-49de-4cae-aabb-a2b2b7416ab4 req-6baf61fb-551c-4189-884b-648060559984 7e09d73d8f4149a0ad13b01131d5b32e baed170af4214c1694b1c0ae8cc78224 - - acae41c58d54442aad52ac80bd195445 acae41c58d54442aad52ac80bd195445] 199.204.45.229 "GET /allocations/5dc5aa5f-2c58-49ed-981b-5aa2282d36aa" status: 200 len: 258 microversion: 1.28 [pid: 7|app: 0|req: 516/1040] 199.204.45.229 () {34 vars in 863 bytes} [Thu Feb 26 02:57:51 2026] GET /allocations/5dc5aa5f-2c58-49ed-981b-5aa2282d36aa => generated 258 bytes in 17 msecs (HTTP/1.1 200) 8 headers in 296 bytes (1 switches on core 0)
2026-02-26 02:57:52.696 8 INFO placement.requestlog [req-8c91f738-49de-4cae-aabb-a2b2b7416ab4 req-b881c13f-7700-470b-ae7e-c5bd83ebe804 7e09d73d8f4149a0ad13b01131d5b32e baed170af4214c1694b1c0ae8cc78224 - - acae41c58d54442aad52ac80bd195445 acae41c58d54442aad52ac80bd195445] 199.204.45.229 "DELETE /allocations/69d7a8bd-3247-472f-bd0b-53bb343db85f" status: 204 len: 0 microversion: 1.0 [pid: 8|app: 0|req: 525/1041] 199.204.45.229 () {34 vars in 841 bytes} [Thu Feb 26 02:57:52 2026] DELETE /allocations/69d7a8bd-3247-472f-bd0b-53bb343db85f => generated 0 bytes in 23 msecs (HTTP/1.1 204) 5 headers in 198 bytes (1 switches on core 0)
2026-02-26 02:57:56.822 7 INFO placement.requestlog [None req-6a400ed5-9da2-45e2-94a3-fd34e9c06be3 12e9b2a889e84cb99a2e25192d11ac9c baed170af4214c1694b1c0ae8cc78224 - - acae41c58d54442aad52ac80bd195445 acae41c58d54442aad52ac80bd195445] 10.0.0.220 "GET /resource_providers/193dbada-4251-4655-ac9a-741b8268d412/aggregates" status: 404 len: 235 microversion: 1.1 [pid: 7|app: 0|req: 517/1042] 10.0.0.220 () {32 vars in 816 bytes} [Thu Feb 26 02:57:56 2026] GET /resource_providers/193dbada-4251-4655-ac9a-741b8268d412/aggregates => generated 235 bytes in 10 msecs (HTTP/1.1 404) 5 headers in 202 bytes (1 switches on core 0)
2026-02-26 02:57:56.833 8 INFO placement.requestlog [None req-45d739bc-8662-4a0d-ab38-85879b82b903 12e9b2a889e84cb99a2e25192d11ac9c baed170af4214c1694b1c0ae8cc78224 - - acae41c58d54442aad52ac80bd195445 acae41c58d54442aad52ac80bd195445] 10.0.0.220 "GET /resource_providers/193dbada-4251-4655-ac9a-741b8268d412/aggregates" status: 404 len: 235 microversion: 1.1 [pid: 8|app: 0|req: 526/1043] 10.0.0.220 () {32 vars in 816 bytes} [Thu Feb 26 02:57:56 2026] GET /resource_providers/193dbada-4251-4655-ac9a-741b8268d412/aggregates => generated 235 bytes in 11 msecs (HTTP/1.1 404) 5 headers in 202 bytes (1 switches on core 0)
2026-02-26 02:57:56.838 7 INFO placement.requestlog [None req-a4fd4903-2aa7-471d-8162-48bf8d49a500 12e9b2a889e84cb99a2e25192d11ac9c baed170af4214c1694b1c0ae8cc78224 - - acae41c58d54442aad52ac80bd195445 acae41c58d54442aad52ac80bd195445] 10.0.0.220 "DELETE /resource_providers/193dbada-4251-4655-ac9a-741b8268d412" status: 404 len: 246 microversion: 1.1 [pid: 7|app: 0|req: 518/1044] 10.0.0.220 () {34 vars in 816 bytes} [Thu Feb 26 02:57:56 2026] DELETE /resource_providers/193dbada-4251-4655-ac9a-741b8268d412 => generated 246 bytes in 9 msecs (HTTP/1.1 404) 6 headers in 231 bytes (1 switches on core 0)
2026-02-26 02:57:56.852 8 INFO placement.requestlog [None req-9897a224-31ba-45a1-97d2-286cd362ba7d 12e9b2a889e84cb99a2e25192d11ac9c baed170af4214c1694b1c0ae8cc78224 - - acae41c58d54442aad52ac80bd195445 acae41c58d54442aad52ac80bd195445] 10.0.0.220 "DELETE /resource_providers/193dbada-4251-4655-ac9a-741b8268d412" status: 404 len: 246 microversion: 1.1 [pid: 8|app: 0|req: 527/1045] 10.0.0.220 () {34 vars in 816 bytes} [Thu Feb 26 02:57:56 2026] DELETE /resource_providers/193dbada-4251-4655-ac9a-741b8268d412 => generated 246 bytes in 9 msecs (HTTP/1.1 404) 6 headers in 231 bytes (1 switches on core 0)
2026-02-26 02:57:57.129 7 INFO placement.requestlog [None req-b0ee7347-a2c0-412a-a69a-0d22721d1778 - - - - - -] 10.0.0.41 "GET /" status: 200 len: 136 microversion: 1.0
2026-02-26 02:57:57.130 8 INFO placement.requestlog [None req-9761ac1a-14ea-44d3-99b8-72498de6f142 - - - - - -] 10.0.0.41 "GET /" status: 200 len: 136 microversion: 1.0
2026-02-26 02:57:58.097 7 INFO placement.requestlog [None req-1e7a3f10-9131-4820-8910-56e1c32b598d 12e9b2a889e84cb99a2e25192d11ac9c baed170af4214c1694b1c0ae8cc78224 - - acae41c58d54442aad52ac80bd195445 acae41c58d54442aad52ac80bd195445] 10.0.0.220 "GET /resource_providers/828e0c19-c287-4382-9bce-a9c1e3b05df6/aggregates" status: 404 len: 235 microversion: 1.1 [pid: 7|app: 0|req: 520/1048] 10.0.0.220 () {32 vars in 816 bytes} [Thu Feb 26 02:57:58 2026] GET /resource_providers/828e0c19-c287-4382-9bce-a9c1e3b05df6/aggregates => generated 235 bytes in 11 msecs (HTTP/1.1 404) 5 headers in 202 bytes (1 switches on core 0)
2026-02-26 02:57:58.102 8 INFO placement.requestlog [None req-49cebcc7-e27c-4e5b-8f25-2c63126c31c5 12e9b2a889e84cb99a2e25192d11ac9c baed170af4214c1694b1c0ae8cc78224 - - acae41c58d54442aad52ac80bd195445 acae41c58d54442aad52ac80bd195445] 10.0.0.220 "GET /resource_providers/828e0c19-c287-4382-9bce-a9c1e3b05df6/aggregates" status: 404 len: 235 microversion: 1.1 [pid: 8|app: 0|req: 529/1049] 10.0.0.220 () {32 vars in 816 bytes} [Thu Feb 26 02:57:58 2026] GET /resource_providers/828e0c19-c287-4382-9bce-a9c1e3b05df6/aggregates => generated 235 bytes in 11 msecs (HTTP/1.1 404) 5 headers in 202 bytes (1 switches on core 0)
2026-02-26 02:57:58.123 7 INFO placement.requestlog [None req-e764c410-2331-49c8-b794-1776f051079d 12e9b2a889e84cb99a2e25192d11ac9c baed170af4214c1694b1c0ae8cc78224 - - acae41c58d54442aad52ac80bd195445 acae41c58d54442aad52ac80bd195445] 10.0.0.220 "DELETE /resource_providers/828e0c19-c287-4382-9bce-a9c1e3b05df6" status: 404 len: 246 microversion: 1.1 [pid: 7|app: 0|req: 521/1050] 10.0.0.220 () {34 vars in 816 bytes} [Thu Feb 26 02:57:58 2026] DELETE /resource_providers/828e0c19-c287-4382-9bce-a9c1e3b05df6 => generated 246 bytes in 10 msecs (HTTP/1.1 404) 6 headers in 231 bytes (1 switches on core 0)
2026-02-26 02:57:58.124 8 INFO placement.requestlog [None req-0b7190aa-7d1c-446c-a76a-004973c236eb 12e9b2a889e84cb99a2e25192d11ac9c baed170af4214c1694b1c0ae8cc78224 - - acae41c58d54442aad52ac80bd195445 acae41c58d54442aad52ac80bd195445] 10.0.0.220 "DELETE /resource_providers/828e0c19-c287-4382-9bce-a9c1e3b05df6" status: 404 len: 246 microversion: 1.1 [pid: 8|app: 0|req: 530/1051] 10.0.0.220 () {34 vars in 816 bytes} [Thu Feb 26 02:57:58 2026] DELETE /resource_providers/828e0c19-c287-4382-9bce-a9c1e3b05df6 => generated 246 bytes in 11 msecs (HTTP/1.1 404) 6 headers in 231 bytes (1 switches on core 0)
2026-02-26 02:58:01.223 7 INFO placement.requestlog [None req-1ff5ddf0-1155-41ac-b314-8112b3de16a7 12e9b2a889e84cb99a2e25192d11ac9c baed170af4214c1694b1c0ae8cc78224 - - acae41c58d54442aad52ac80bd195445 acae41c58d54442aad52ac80bd195445] 10.0.0.220 "GET /resource_providers/3f54619c-281a-43bc-8999-74ee83b4b0b7/aggregates" status: 404 len: 235 microversion: 1.1 [pid: 7|app: 0|req: 522/1052] 10.0.0.220 () {32 vars in 816 bytes} [Thu Feb 26 02:58:01 2026] GET /resource_providers/3f54619c-281a-43bc-8999-74ee83b4b0b7/aggregates => generated 235 bytes in 15 msecs (HTTP/1.1 404) 5 headers in 202 bytes (1 switches on core 0)
2026-02-26 02:58:01.226 8 INFO placement.requestlog [None req-456e22fd-4aff-454c-bd89-9f32c021f398 12e9b2a889e84cb99a2e25192d11ac9c baed170af4214c1694b1c0ae8cc78224 - - acae41c58d54442aad52ac80bd195445 acae41c58d54442aad52ac80bd195445] 10.0.0.220 "GET /resource_providers/3f54619c-281a-43bc-8999-74ee83b4b0b7/aggregates" status: 404 len: 235 microversion: 1.1 [pid: 8|app: 0|req: 531/1053] 10.0.0.220 () {32 vars in 816 bytes} [Thu Feb 26 02:58:01 2026] GET /resource_providers/3f54619c-281a-43bc-8999-74ee83b4b0b7/aggregates => generated 235 bytes in 11 msecs (HTTP/1.1 404) 5 headers in 202 bytes (1 switches on core 0)
2026-02-26 02:58:01.249 7 INFO placement.requestlog [None req-391a7a81-55a4-418f-8c28-8de11b355e4c 12e9b2a889e84cb99a2e25192d11ac9c baed170af4214c1694b1c0ae8cc78224 - - acae41c58d54442aad52ac80bd195445 acae41c58d54442aad52ac80bd195445] 10.0.0.220 "DELETE /resource_providers/3f54619c-281a-43bc-8999-74ee83b4b0b7" status: 404 len: 246 microversion: 1.1 [pid: 7|app: 0|req: 523/1054] 10.0.0.220 () {34 vars in 816 bytes} [Thu Feb 26 02:58:01 2026] DELETE /resource_providers/3f54619c-281a-43bc-8999-74ee83b4b0b7 => generated 246 bytes in 17 msecs (HTTP/1.1 404) 6 headers in 231 bytes (1 switches on core 0)
2026-02-26 02:58:01.251 8 INFO placement.requestlog [None req-78822ee1-51f1-4a3a-95e3-cf64760ba673 12e9b2a889e84cb99a2e25192d11ac9c baed170af4214c1694b1c0ae8cc78224 - - acae41c58d54442aad52ac80bd195445 acae41c58d54442aad52ac80bd195445] 10.0.0.220 "DELETE /resource_providers/3f54619c-281a-43bc-8999-74ee83b4b0b7" status: 404 len: 246 microversion: 1.1 [pid: 8|app: 0|req: 532/1055] 10.0.0.220 () {34 vars in 816 bytes} [Thu Feb 26 02:58:01 2026] DELETE /resource_providers/3f54619c-281a-43bc-8999-74ee83b4b0b7 => generated 246 bytes in 11 msecs (HTTP/1.1 404) 6 headers in 231 bytes (1 switches on core 0)
2026-02-26 02:58:07.130 7 INFO placement.requestlog [None req-a26315a8-fceb-4a90-a5c3-7cc93f0c4ce6 - - - - - -] 10.0.0.41 "GET /" status: 200 len: 136 microversion: 1.0
2026-02-26 02:58:07.131 8 INFO placement.requestlog [None req-b7a0dab9-5f11-42b8-a62a-8a525d64ecf7 - - - - - -] 10.0.0.41 "GET /" status: 200 len: 136 microversion: 1.0
2026-02-26 02:58:12.294 7 INFO placement.requestlog [None req-03137e2b-6f93-4d07-b7f8-fb44a9973c44 12e9b2a889e84cb99a2e25192d11ac9c baed170af4214c1694b1c0ae8cc78224 - - acae41c58d54442aad52ac80bd195445 acae41c58d54442aad52ac80bd195445] 10.0.0.220 "GET /resource_providers/ac78ef92-f4ea-44eb-a22f-38ea3dfbd1e7/aggregates" status: 404 len: 235 microversion: 1.1 [pid: 7|app: 0|req: 525/1058] 10.0.0.220 () {32 vars in 816 bytes} [Thu Feb 26 02:58:12 2026] GET /resource_providers/ac78ef92-f4ea-44eb-a22f-38ea3dfbd1e7/aggregates => generated 235 bytes in 16 msecs (HTTP/1.1 404) 5 headers in 202 bytes (1 switches on core 0)
2026-02-26 02:58:12.295 8 INFO placement.requestlog [None req-99ed4169-b22f-4e8a-8f90-336af96d5106 12e9b2a889e84cb99a2e25192d11ac9c baed170af4214c1694b1c0ae8cc78224 - - acae41c58d54442aad52ac80bd195445 acae41c58d54442aad52ac80bd195445] 10.0.0.220 "GET /resource_providers/ac78ef92-f4ea-44eb-a22f-38ea3dfbd1e7/aggregates" status: 404 len: 235 microversion: 1.1 [pid: 8|app: 0|req: 534/1059] 10.0.0.220 () {32 vars in 816 bytes} [Thu Feb 26 02:58:12 2026] GET /resource_providers/ac78ef92-f4ea-44eb-a22f-38ea3dfbd1e7/aggregates => generated 235 bytes in 13 msecs (HTTP/1.1 404) 5 headers in 202 bytes (1 switches on core 0)
2026-02-26 02:58:12.317 7 INFO placement.requestlog [None req-5bf657ad-aec6-4130-8d30-f29eec4eb753 12e9b2a889e84cb99a2e25192d11ac9c baed170af4214c1694b1c0ae8cc78224 - - acae41c58d54442aad52ac80bd195445 acae41c58d54442aad52ac80bd195445] 10.0.0.220 "DELETE /resource_providers/ac78ef92-f4ea-44eb-a22f-38ea3dfbd1e7" status: 404 len: 246 microversion: 1.1 [pid: 7|app: 0|req: 526/1060] 10.0.0.220 () {34 vars in 816 bytes} [Thu Feb 26 02:58:12 2026] DELETE /resource_providers/ac78ef92-f4ea-44eb-a22f-38ea3dfbd1e7 => generated 246 bytes in 12 msecs (HTTP/1.1 404) 6 headers in 231 bytes (1 switches on core 0)
2026-02-26 02:58:12.321 8 INFO placement.requestlog [None req-70dca897-fe4a-46e3-adc0-982da4c4f7b2 12e9b2a889e84cb99a2e25192d11ac9c baed170af4214c1694b1c0ae8cc78224 - - acae41c58d54442aad52ac80bd195445 acae41c58d54442aad52ac80bd195445] 10.0.0.220 "DELETE /resource_providers/ac78ef92-f4ea-44eb-a22f-38ea3dfbd1e7" status: 404 len: 246 microversion: 1.1 [pid: 8|app: 0|req: 535/1061] 10.0.0.220 () {34 vars in 816 bytes} [Thu Feb 26 02:58:12 2026] DELETE /resource_providers/ac78ef92-f4ea-44eb-a22f-38ea3dfbd1e7 => generated 246 bytes in 13 msecs (HTTP/1.1 404) 6 headers in 231 bytes (1 switches on core 0)
2026-02-26 02:58:14.339 7 INFO placement.requestlog [None req-2b802e43-8bb8-45d3-bc57-bf42e5fa09e7 12e9b2a889e84cb99a2e25192d11ac9c baed170af4214c1694b1c0ae8cc78224 - - acae41c58d54442aad52ac80bd195445 acae41c58d54442aad52ac80bd195445] 10.0.0.220 "GET /resource_providers/b70e55c4-7815-4167-8eb9-46d43ca40ad4/aggregates" status: 404 len: 235 microversion: 1.1 [pid: 7|app: 0|req: 527/1062] 10.0.0.220 () {32 vars in 816 bytes} [Thu Feb 26 02:58:14 2026] GET /resource_providers/b70e55c4-7815-4167-8eb9-46d43ca40ad4/aggregates => generated 235 bytes in 9 msecs (HTTP/1.1 404) 5 headers in 202 bytes (1 switches on core 0)
2026-02-26 02:58:14.343 8 INFO placement.requestlog [None req-f7a9eade-dec2-4297-8b16-ad4d45279147 12e9b2a889e84cb99a2e25192d11ac9c baed170af4214c1694b1c0ae8cc78224 - - acae41c58d54442aad52ac80bd195445 acae41c58d54442aad52ac80bd195445] 10.0.0.220 "GET /resource_providers/b70e55c4-7815-4167-8eb9-46d43ca40ad4/aggregates" status: 404 len: 235 microversion: 1.1 [pid: 8|app: 0|req: 536/1063] 10.0.0.220 () {32 vars in 816 bytes} [Thu Feb 26 02:58:14 2026] GET /resource_providers/b70e55c4-7815-4167-8eb9-46d43ca40ad4/aggregates => generated 235 bytes in 11 msecs (HTTP/1.1 404) 5 headers in 202 bytes (1 switches on core 0)
2026-02-26 02:58:14.347 7 INFO placement.requestlog [None req-b1bab9d7-46c9-49e4-9ed9-ba2c060d9f00 12e9b2a889e84cb99a2e25192d11ac9c baed170af4214c1694b1c0ae8cc78224 - - acae41c58d54442aad52ac80bd195445 acae41c58d54442aad52ac80bd195445] 10.0.0.220 "GET /resource_providers/cb81ef86-5a32-48c8-a97b-cfef7865fdea/aggregates" status: 404 len: 235 microversion: 1.1 [pid: 7|app: 0|req: 528/1064] 10.0.0.220 () {32 vars in 816 bytes} [Thu Feb 26 02:58:14 2026] GET /resource_providers/cb81ef86-5a32-48c8-a97b-cfef7865fdea/aggregates => generated 235 bytes in 8 msecs (HTTP/1.1 404) 5 headers in 202 bytes (1 switches on core 0)
2026-02-26 02:58:14.354 8 INFO placement.requestlog [None req-422cb2a8-65b7-4205-b297-11eac2fb1e18 12e9b2a889e84cb99a2e25192d11ac9c baed170af4214c1694b1c0ae8cc78224 - - acae41c58d54442aad52ac80bd195445 acae41c58d54442aad52ac80bd195445] 10.0.0.220 "GET /resource_providers/cb81ef86-5a32-48c8-a97b-cfef7865fdea/aggregates" status: 404 len: 235 microversion: 1.1
2026-02-26 02:58:14.354 7 INFO placement.requestlog [None req-63f4f19b-dcff-405b-930c-5bd1220739ed 12e9b2a889e84cb99a2e25192d11ac9c baed170af4214c1694b1c0ae8cc78224 - - acae41c58d54442aad52ac80bd195445 acae41c58d54442aad52ac80bd195445] 10.0.0.220 "DELETE /resource_providers/b70e55c4-7815-4167-8eb9-46d43ca40ad4" status: 404 len: 246 microversion: 1.1 [pid: 8|app: 0|req: 537/1065] 10.0.0.220 () {32 vars in 816 bytes} [Thu Feb 26 02:58:14 2026] GET /resource_providers/cb81ef86-5a32-48c8-a97b-cfef7865fdea/aggregates => generated 235 bytes in 11 msecs (HTTP/1.1 404) 5 headers in 202 bytes (1 switches on core 0) [pid: 7|app: 0|req: 529/1066] 10.0.0.220 () {34 vars in 816 bytes} [Thu Feb 26 02:58:14 2026] DELETE /resource_providers/b70e55c4-7815-4167-8eb9-46d43ca40ad4 => generated 246 bytes in 6 msecs (HTTP/1.1 404) 6 headers in 231 bytes (1 switches on core 0)
2026-02-26 02:58:14.361 7 INFO placement.requestlog [None req-5e7005dc-0bdb-4909-acb2-37962d232f02 12e9b2a889e84cb99a2e25192d11ac9c baed170af4214c1694b1c0ae8cc78224 - - acae41c58d54442aad52ac80bd195445 acae41c58d54442aad52ac80bd195445] 10.0.0.220 "DELETE /resource_providers/cb81ef86-5a32-48c8-a97b-cfef7865fdea" status: 404 len: 246 microversion: 1.1
2026-02-26 02:58:14.362 8 INFO placement.requestlog [None req-fb3e34cf-7372-4475-b507-31aaa827888f 12e9b2a889e84cb99a2e25192d11ac9c baed170af4214c1694b1c0ae8cc78224 - - acae41c58d54442aad52ac80bd195445 acae41c58d54442aad52ac80bd195445] 10.0.0.220 "DELETE /resource_providers/b70e55c4-7815-4167-8eb9-46d43ca40ad4" status: 404 len: 246 microversion: 1.1 [pid: 7|app: 0|req: 530/1067] 10.0.0.220 () {34 vars in 816 bytes} [Thu Feb 26 02:58:14 2026] DELETE /resource_providers/cb81ef86-5a32-48c8-a97b-cfef7865fdea => generated 246 bytes in 7 msecs (HTTP/1.1 404) 6 headers in 231 bytes (1 switches on core 0) [pid: 8|app: 0|req: 538/1068] 10.0.0.220 () {34 vars in 816 bytes} [Thu Feb 26 02:58:14 2026] DELETE /resource_providers/b70e55c4-7815-4167-8eb9-46d43ca40ad4 => generated 246 bytes in 7 msecs (HTTP/1.1 404) 6 headers in 231 bytes (1 switches on core 0)
2026-02-26 02:58:14.370 7 INFO placement.requestlog [None req-d419c0bb-de11-4ebd-8536-538ec96d6c64 12e9b2a889e84cb99a2e25192d11ac9c baed170af4214c1694b1c0ae8cc78224 - - acae41c58d54442aad52ac80bd195445 acae41c58d54442aad52ac80bd195445] 10.0.0.220 "GET /resource_providers/89a470a8-14b4-4e34-b0fb-4e0fe287c347/aggregates" status: 404 len: 235 microversion: 1.1 [pid: 7|app: 0|req: 531/1069] 10.0.0.220 () {32 vars in 816 bytes} [Thu Feb 26 02:58:14 2026] GET /resource_providers/89a470a8-14b4-4e34-b0fb-4e0fe287c347/aggregates => generated 235 bytes in 8 msecs (HTTP/1.1 404) 5 headers in 202 bytes (1 switches on core 0)
2026-02-26 02:58:14.372 8 INFO placement.requestlog [None req-30213d4e-e50f-4730-a562-6b93670d8c85 12e9b2a889e84cb99a2e25192d11ac9c baed170af4214c1694b1c0ae8cc78224 - - acae41c58d54442aad52ac80bd195445 acae41c58d54442aad52ac80bd195445] 10.0.0.220 "DELETE /resource_providers/cb81ef86-5a32-48c8-a97b-cfef7865fdea" status: 404 len: 246 microversion: 1.1 [pid: 8|app: 0|req: 539/1070] 10.0.0.220 () {34 vars in 816 bytes} [Thu Feb 26 02:58:14 2026] DELETE /resource_providers/cb81ef86-5a32-48c8-a97b-cfef7865fdea => generated 246 bytes in 7 msecs (HTTP/1.1 404) 6 headers in 231 bytes (1 switches on core 0)
2026-02-26 02:58:14.377 7 INFO placement.requestlog [None req-ef66005c-edfa-481d-9f4a-817bd1e9a460 12e9b2a889e84cb99a2e25192d11ac9c baed170af4214c1694b1c0ae8cc78224 - - acae41c58d54442aad52ac80bd195445 acae41c58d54442aad52ac80bd195445] 10.0.0.220 "GET /resource_providers/89a470a8-14b4-4e34-b0fb-4e0fe287c347/aggregates" status: 404 len: 235 microversion: 1.1 [pid: 7|app: 0|req: 532/1071] 10.0.0.220 () {32 vars in 816 bytes} [Thu Feb 26 02:58:14 2026] GET /resource_providers/89a470a8-14b4-4e34-b0fb-4e0fe287c347/aggregates => generated 235 bytes in 7 msecs (HTTP/1.1 404) 5 headers in 202 bytes (1 switches on core 0)
2026-02-26 02:58:14.380 8 INFO placement.requestlog [None req-2b608da3-9af8-46d7-87d1-a66cbbdd0ae2 12e9b2a889e84cb99a2e25192d11ac9c baed170af4214c1694b1c0ae8cc78224 - - acae41c58d54442aad52ac80bd195445 acae41c58d54442aad52ac80bd195445] 10.0.0.220 "DELETE /resource_providers/89a470a8-14b4-4e34-b0fb-4e0fe287c347" status: 404 len: 246 microversion: 1.1 [pid: 8|app: 0|req: 540/1072] 10.0.0.220 () {34 vars in 816 bytes} [Thu Feb 26 02:58:14 2026] DELETE /resource_providers/89a470a8-14b4-4e34-b0fb-4e0fe287c347 => generated 246 bytes in 5 msecs (HTTP/1.1 404) 6 headers in 231 bytes (1 switches on core 0)
2026-02-26 02:58:14.406 7 INFO placement.requestlog [None req-fa5890b8-9e24-4a9c-9851-22efe89f2d41 12e9b2a889e84cb99a2e25192d11ac9c baed170af4214c1694b1c0ae8cc78224 - - acae41c58d54442aad52ac80bd195445 acae41c58d54442aad52ac80bd195445] 10.0.0.220 "DELETE /resource_providers/89a470a8-14b4-4e34-b0fb-4e0fe287c347" status: 404 len: 246 microversion: 1.1 [pid: 7|app: 0|req: 533/1073] 10.0.0.220 () {34 vars in 816 bytes} [Thu Feb 26 02:58:14 2026] DELETE /resource_providers/89a470a8-14b4-4e34-b0fb-4e0fe287c347 => generated 246 bytes in 14 msecs (HTTP/1.1 404) 6 headers in 231 bytes (1 switches on core 0)
2026-02-26 02:58:14.407 8 INFO placement.requestlog [None req-71266546-8e32-4eea-8468-f0a8e7d77111 12e9b2a889e84cb99a2e25192d11ac9c baed170af4214c1694b1c0ae8cc78224 - - acae41c58d54442aad52ac80bd195445 acae41c58d54442aad52ac80bd195445] 10.0.0.220 "GET /resource_providers/f370e39f-e10f-4504-a8d3-8df57782b57a/aggregates" status: 404 len: 235 microversion: 1.1 [pid: 8|app: 0|req: 541/1074] 10.0.0.220 () {32 vars in 816 bytes} [Thu Feb 26 02:58:14 2026] GET /resource_providers/f370e39f-e10f-4504-a8d3-8df57782b57a/aggregates => generated 235 bytes in 15 msecs (HTTP/1.1 404) 5 headers in 202 bytes (1 switches on core 0)
2026-02-26 02:58:14.432 7 INFO placement.requestlog [None req-66f05ded-c2f4-406d-8561-c41c182105a2 12e9b2a889e84cb99a2e25192d11ac9c baed170af4214c1694b1c0ae8cc78224 - - acae41c58d54442aad52ac80bd195445 acae41c58d54442aad52ac80bd195445] 10.0.0.220 "GET /resource_providers/f370e39f-e10f-4504-a8d3-8df57782b57a/aggregates" status: 404 len: 235 microversion: 1.1 [pid: 7|app: 0|req: 534/1075] 10.0.0.220 () {32 vars in 816 bytes} [Thu Feb 26 02:58:14 2026] GET /resource_providers/f370e39f-e10f-4504-a8d3-8df57782b57a/aggregates => generated 235 bytes in 9 msecs (HTTP/1.1 404) 5 headers in 202 bytes (1 switches on core 0)
2026-02-26 02:58:14.441 8 INFO placement.requestlog [None req-982225ba-53f3-4f28-b081-020f82f43259 12e9b2a889e84cb99a2e25192d11ac9c baed170af4214c1694b1c0ae8cc78224 - - acae41c58d54442aad52ac80bd195445 acae41c58d54442aad52ac80bd195445] 10.0.0.220 "DELETE /resource_providers/f370e39f-e10f-4504-a8d3-8df57782b57a" status: 404 len: 246 microversion: 1.1 [pid: 8|app: 0|req: 542/1076] 10.0.0.220 () {34 vars in 816 bytes} [Thu Feb 26 02:58:14 2026] DELETE /resource_providers/f370e39f-e10f-4504-a8d3-8df57782b57a => generated 246 bytes in 11 msecs (HTTP/1.1 404) 6 headers in 231 bytes (1 switches on core 0)
2026-02-26 02:58:14.454 7 INFO placement.requestlog [None req-a8c3e79f-4618-4d40-9f57-be7f0b8a0604 12e9b2a889e84cb99a2e25192d11ac9c baed170af4214c1694b1c0ae8cc78224 - - acae41c58d54442aad52ac80bd195445 acae41c58d54442aad52ac80bd195445] 10.0.0.220 "DELETE /resource_providers/f370e39f-e10f-4504-a8d3-8df57782b57a" status: 404 len: 246 microversion: 1.1 [pid: 7|app: 0|req: 535/1077] 10.0.0.220 () {34 vars in 816 bytes} [Thu Feb 26 02:58:14 2026] DELETE /resource_providers/f370e39f-e10f-4504-a8d3-8df57782b57a => generated 246 bytes in 9 msecs (HTTP/1.1 404) 6 headers in 231 bytes (1 switches on core 0)
2026-02-26 02:58:16.528 8 INFO placement.requestlog [req-30eb0bdc-e76f-4760-aa09-8cd78c2f033b req-5b8a98f1-fb64-46ce-9228-fab8562093d3 7e09d73d8f4149a0ad13b01131d5b32e baed170af4214c1694b1c0ae8cc78224 - - acae41c58d54442aad52ac80bd195445 acae41c58d54442aad52ac80bd195445] 199.204.45.229 "GET /resource_providers/5a4b01fa-d97e-4c8c-96fa-1f5c306d5ad4/allocations" status: 200 len: 540 microversion: 1.0 [pid: 8|app: 0|req: 543/1078] 199.204.45.229 () {32 vars in 857 bytes} [Thu Feb 26 02:58:16 2026] GET /resource_providers/5a4b01fa-d97e-4c8c-96fa-1f5c306d5ad4/allocations => generated 540 bytes in 17 msecs (HTTP/1.1 200) 6 headers in 224 bytes (1 switches on core 0)
2026-02-26 02:58:16.550 7 INFO placement.requestlog [req-30eb0bdc-e76f-4760-aa09-8cd78c2f033b req-c5448a62-5308-4afd-8279-bfbe9cb4fd41 7e09d73d8f4149a0ad13b01131d5b32e baed170af4214c1694b1c0ae8cc78224 - - acae41c58d54442aad52ac80bd195445 acae41c58d54442aad52ac80bd195445] 199.204.45.229 "GET /allocations/d15ec439-218a-4df3-b2f0-00076d5d3058" status: 200 len: 245 microversion: 1.28 [pid: 7|app: 0|req: 536/1079] 199.204.45.229 () {34 vars in 863 bytes} [Thu Feb 26 02:58:16 2026] GET /allocations/d15ec439-218a-4df3-b2f0-00076d5d3058 => generated 245 bytes in 17 msecs (HTTP/1.1 200) 8 headers in 296 bytes (1 switches on core 0)
2026-02-26 02:58:16.570 8 INFO placement.requestlog [req-30eb0bdc-e76f-4760-aa09-8cd78c2f033b req-da43ad85-ad75-41da-ab6c-1a60620e07f5 7e09d73d8f4149a0ad13b01131d5b32e baed170af4214c1694b1c0ae8cc78224 - - acae41c58d54442aad52ac80bd195445 acae41c58d54442aad52ac80bd195445] 199.204.45.229 "GET /allocations/aad098f9-b574-4b02-847f-0f6064af4357" status: 200 len: 258 microversion: 1.28 [pid: 8|app: 0|req: 544/1080] 199.204.45.229 () {34 vars in 863 bytes} [Thu Feb 26 02:58:16 2026] GET /allocations/aad098f9-b574-4b02-847f-0f6064af4357 => generated 258 bytes in 14 msecs (HTTP/1.1 200) 8 headers in 296 bytes (1 switches on core 0)
2026-02-26 02:58:16.590 7 INFO placement.requestlog [req-30eb0bdc-e76f-4760-aa09-8cd78c2f033b req-d891b8a1-536a-4dc9-928d-6b9cf59c9ead 7e09d73d8f4149a0ad13b01131d5b32e baed170af4214c1694b1c0ae8cc78224 - - acae41c58d54442aad52ac80bd195445 acae41c58d54442aad52ac80bd195445] 199.204.45.229 "GET /allocations/598d7900-6011-457d-9070-6ef754f25703" status: 200 len: 258 microversion: 1.28 [pid: 7|app: 0|req: 537/1081] 199.204.45.229 () {34 vars in 863 bytes} [Thu Feb 26 02:58:16 2026] GET /allocations/598d7900-6011-457d-9070-6ef754f25703 => generated 258 bytes in 13 msecs (HTTP/1.1 200) 8 headers in 296 bytes (1 switches on core 0)
2026-02-26 02:58:16.617 8 INFO placement.requestlog [req-30eb0bdc-e76f-4760-aa09-8cd78c2f033b req-378fa472-df8a-467b-995b-4c19a875e9d5 7e09d73d8f4149a0ad13b01131d5b32e baed170af4214c1694b1c0ae8cc78224 - - acae41c58d54442aad52ac80bd195445 acae41c58d54442aad52ac80bd195445] 199.204.45.229 "GET /allocations/83e3eb4c-98b7-4cf5-a7f1-9849ebc592eb" status: 200 len: 258 microversion: 1.28 [pid: 8|app: 0|req: 545/1082] 199.204.45.229 () {34 vars in 863 bytes} [Thu Feb 26 02:58:16 2026] GET /allocations/83e3eb4c-98b7-4cf5-a7f1-9849ebc592eb => generated 258 bytes in 20 msecs (HTTP/1.1 200) 8 headers in 296 bytes (1 switches on core 0)
2026-02-26 02:58:16.638 7 INFO placement.requestlog [req-30eb0bdc-e76f-4760-aa09-8cd78c2f033b req-135b3f0d-ecdb-42b7-ae6e-d4e663c1d391 7e09d73d8f4149a0ad13b01131d5b32e baed170af4214c1694b1c0ae8cc78224 - - acae41c58d54442aad52ac80bd195445 acae41c58d54442aad52ac80bd195445] 199.204.45.229 "GET /allocations/5dc5aa5f-2c58-49ed-981b-5aa2282d36aa" status: 200 len: 258 microversion: 1.28 [pid: 7|app: 0|req: 538/1083] 199.204.45.229 () {34 vars in 863 bytes} [Thu Feb 26 02:58:16 2026] GET /allocations/5dc5aa5f-2c58-49ed-981b-5aa2282d36aa => generated 258 bytes in 15 msecs (HTTP/1.1 200) 8 headers in 296 bytes (1 switches on core 0)
2026-02-26 02:58:17.130 8 INFO placement.requestlog [None req-d5359265-b7a9-4352-93e7-02a145902d48 - - - - - -] 10.0.0.41 "GET /" status: 200 len: 136 microversion: 1.0
2026-02-26 02:58:17.130 7 INFO placement.requestlog [None req-be0bcb01-aba4-47d4-9925-f59905fcce4f - - - - - -] 10.0.0.41 "GET /" status: 200 len: 136 microversion: 1.0
2026-02-26 02:58:17.695 7 INFO placement.requestlog [req-30eb0bdc-e76f-4760-aa09-8cd78c2f033b req-88b3cb4c-00c6-4a7c-8291-6f7d42b58862 7e09d73d8f4149a0ad13b01131d5b32e baed170af4214c1694b1c0ae8cc78224 - - acae41c58d54442aad52ac80bd195445 acae41c58d54442aad52ac80bd195445] 199.204.45.229 "DELETE /allocations/aad098f9-b574-4b02-847f-0f6064af4357" status: 204 len: 0 microversion: 1.0 [pid: 7|app: 0|req: 540/1086] 199.204.45.229 () {34 vars in 841 bytes} [Thu Feb 26 02:58:17 2026] DELETE /allocations/aad098f9-b574-4b02-847f-0f6064af4357 => generated 0 bytes in 25 msecs (HTTP/1.1 204) 5 headers in 198 bytes (1 switches on core 0)
2026-02-26 02:58:24.343 8 INFO placement.requestlog [req-0c6376ee-b789-4c5c-be07-d8a353263239 req-433d07c5-ff4c-493c-abda-96ab3f5eadd2 7e09d73d8f4149a0ad13b01131d5b32e baed170af4214c1694b1c0ae8cc78224 - - acae41c58d54442aad52ac80bd195445 acae41c58d54442aad52ac80bd195445] 199.204.45.229 "GET /resource_providers/5a4b01fa-d97e-4c8c-96fa-1f5c306d5ad4/allocations" status: 200 len: 440 microversion: 1.0 [pid: 8|app: 0|req: 547/1087] 199.204.45.229 () {32 vars in 857 bytes} [Thu Feb 26 02:58:24 2026] GET /resource_providers/5a4b01fa-d97e-4c8c-96fa-1f5c306d5ad4/allocations => generated 440 bytes in 20 msecs (HTTP/1.1 200) 6 headers in 224 bytes (1 switches on core 0)
2026-02-26 02:58:24.362 7 INFO placement.requestlog [req-0c6376ee-b789-4c5c-be07-d8a353263239 req-1520f84d-94dd-4ed6-b166-9c84e019ca69 7e09d73d8f4149a0ad13b01131d5b32e baed170af4214c1694b1c0ae8cc78224 - - acae41c58d54442aad52ac80bd195445 acae41c58d54442aad52ac80bd195445] 199.204.45.229 "GET /allocations/598d7900-6011-457d-9070-6ef754f25703" status: 200 len: 258 microversion: 1.28 [pid: 7|app: 0|req: 541/1088] 199.204.45.229 () {34 vars in 863 bytes} [Thu Feb 26 02:58:24 2026] GET /allocations/598d7900-6011-457d-9070-6ef754f25703 => generated 258 bytes in 12 msecs (HTTP/1.1 200) 8 headers in 296 bytes (1 switches on core 0)
2026-02-26 02:58:24.383 8 INFO placement.requestlog [req-0c6376ee-b789-4c5c-be07-d8a353263239 req-0c6fed2f-d0e7-4571-996f-9543dff33260 7e09d73d8f4149a0ad13b01131d5b32e baed170af4214c1694b1c0ae8cc78224 - - acae41c58d54442aad52ac80bd195445 acae41c58d54442aad52ac80bd195445] 199.204.45.229 "GET /allocations/d15ec439-218a-4df3-b2f0-00076d5d3058" status: 200 len: 245 microversion: 1.28 [pid: 8|app: 0|req: 548/1089] 199.204.45.229 () {34 vars in 863 bytes} [Thu Feb 26 02:58:24 2026] GET /allocations/d15ec439-218a-4df3-b2f0-00076d5d3058 => generated 245 bytes in 16 msecs (HTTP/1.1 200) 8 headers in 296 bytes (1 switches on core 0)
2026-02-26 02:58:24.403 7 INFO placement.requestlog [req-0c6376ee-b789-4c5c-be07-d8a353263239 req-5263b1ed-c41d-49bd-b77c-03cc58747148 7e09d73d8f4149a0ad13b01131d5b32e baed170af4214c1694b1c0ae8cc78224 - - acae41c58d54442aad52ac80bd195445 acae41c58d54442aad52ac80bd195445] 199.204.45.229 "GET /allocations/83e3eb4c-98b7-4cf5-a7f1-9849ebc592eb" status: 200 len: 258 microversion: 1.28 [pid: 7|app: 0|req: 542/1090] 199.204.45.229 () {34 vars in 863 bytes} [Thu Feb 26 02:58:24 2026] GET /allocations/83e3eb4c-98b7-4cf5-a7f1-9849ebc592eb => generated 258 bytes in 13 msecs (HTTP/1.1 200) 8 headers in 296 bytes (1 switches on core 0)
2026-02-26 02:58:24.426 8 INFO placement.requestlog [req-0c6376ee-b789-4c5c-be07-d8a353263239 req-4bb932e3-0231-4383-bbe0-1c5c42c2d154 7e09d73d8f4149a0ad13b01131d5b32e baed170af4214c1694b1c0ae8cc78224 - - acae41c58d54442aad52ac80bd195445 acae41c58d54442aad52ac80bd195445] 199.204.45.229 "GET /allocations/5dc5aa5f-2c58-49ed-981b-5aa2282d36aa" status: 200 len: 258 microversion: 1.28 [pid: 8|app: 0|req: 549/1091] 199.204.45.229 () {34 vars in 863 bytes} [Thu Feb 26 02:58:24 2026] GET /allocations/5dc5aa5f-2c58-49ed-981b-5aa2282d36aa => generated 258 bytes in 15 msecs (HTTP/1.1 200) 8 headers in 296 bytes (1 switches on core 0)
2026-02-26 02:58:25.485 7 INFO placement.requestlog [req-0c6376ee-b789-4c5c-be07-d8a353263239 req-42fd666d-476e-414d-bb89-3cccd2833dfb 7e09d73d8f4149a0ad13b01131d5b32e baed170af4214c1694b1c0ae8cc78224 - - acae41c58d54442aad52ac80bd195445 acae41c58d54442aad52ac80bd195445] 199.204.45.229 "DELETE /allocations/5dc5aa5f-2c58-49ed-981b-5aa2282d36aa" status: 204 len: 0 microversion: 1.0 [pid: 7|app: 0|req: 543/1092] 199.204.45.229 () {34 vars in 841 bytes} [Thu Feb 26 02:58:25 2026] DELETE /allocations/5dc5aa5f-2c58-49ed-981b-5aa2282d36aa => generated 0 bytes in 31 msecs (HTTP/1.1 204) 5 headers in 198 bytes (1 switches on core 0)
2026-02-26 02:58:27.130 8 INFO placement.requestlog [None req-7c0a439d-3963-4d34-bf5e-25d9189c6ee9 - - - - - -] 10.0.0.41 "GET /" status: 200 len: 136 microversion: 1.0
2026-02-26 02:58:27.130 7 INFO placement.requestlog [None req-14f4ecce-75da-4c80-a08f-37519558bab8 - - - - - -] 10.0.0.41 "GET /" status: 200 len: 136 microversion: 1.0
2026-02-26 02:58:29.855 8 INFO placement.requestlog [None req-312ad32e-9c67-4dae-a483-850ee0e9c5f9 12e9b2a889e84cb99a2e25192d11ac9c baed170af4214c1694b1c0ae8cc78224 - - acae41c58d54442aad52ac80bd195445 acae41c58d54442aad52ac80bd195445] 10.0.0.220 "GET /resource_providers/e39d9193-fe0e-4566-a3b9-3884efff0490/aggregates" status: 404 len: 235 microversion: 1.1 [pid: 8|app: 0|req: 551/1095] 10.0.0.220 () {32 vars in 816 bytes} [Thu Feb 26 02:58:29 2026] GET /resource_providers/e39d9193-fe0e-4566-a3b9-3884efff0490/aggregates => generated 235 bytes in 18 msecs (HTTP/1.1 404) 5 headers in 202 bytes (1 switches on core 0)
2026-02-26 02:58:29.856 7 INFO placement.requestlog [None req-2f845689-3ae3-4db5-8edc-108c5a5cf50b 12e9b2a889e84cb99a2e25192d11ac9c baed170af4214c1694b1c0ae8cc78224 - - acae41c58d54442aad52ac80bd195445 acae41c58d54442aad52ac80bd195445] 10.0.0.220 "GET /resource_providers/e39d9193-fe0e-4566-a3b9-3884efff0490/aggregates" status: 404 len: 235 microversion: 1.1 [pid: 7|app: 0|req: 545/1096] 10.0.0.220 () {32 vars in 816 bytes} [Thu Feb 26 02:58:29 2026] GET /resource_providers/e39d9193-fe0e-4566-a3b9-3884efff0490/aggregates => generated 235 bytes in 17 msecs (HTTP/1.1 404) 5 headers in 202 bytes (1 switches on core 0)
2026-02-26 02:58:29.885 7 INFO placement.requestlog [None req-a37727da-4af3-4b6f-ac95-ee86ba795c9d 12e9b2a889e84cb99a2e25192d11ac9c baed170af4214c1694b1c0ae8cc78224 - - acae41c58d54442aad52ac80bd195445 acae41c58d54442aad52ac80bd195445] 10.0.0.220 "DELETE /resource_providers/e39d9193-fe0e-4566-a3b9-3884efff0490" status: 404 len: 246 microversion: 1.1 [pid: 7|app: 0|req: 546/1097] 10.0.0.220 () {34 vars in 816 bytes} [Thu Feb 26 02:58:29 2026] DELETE /resource_providers/e39d9193-fe0e-4566-a3b9-3884efff0490 => generated 246 bytes in 11 msecs (HTTP/1.1 404) 6 headers in 231 bytes (1 switches on core 0)
2026-02-26 02:58:29.888 8 INFO placement.requestlog [None req-715d6512-997f-42c7-80a5-25e18d4f9c7f 12e9b2a889e84cb99a2e25192d11ac9c baed170af4214c1694b1c0ae8cc78224 - - acae41c58d54442aad52ac80bd195445 acae41c58d54442aad52ac80bd195445] 10.0.0.220 "DELETE /resource_providers/e39d9193-fe0e-4566-a3b9-3884efff0490" status: 404 len: 246 microversion: 1.1 [pid: 8|app: 0|req: 552/1098] 10.0.0.220 () {34 vars in 816 bytes} [Thu Feb 26 02:58:29 2026] DELETE /resource_providers/e39d9193-fe0e-4566-a3b9-3884efff0490 => generated 246 bytes in 15 msecs (HTTP/1.1 404) 6 headers in 231 bytes (1 switches on core 0)
2026-02-26 02:58:33.380 7 INFO placement.requestlog [None req-f1f8ab7f-d19e-4e4f-a607-21737211e746 12e9b2a889e84cb99a2e25192d11ac9c baed170af4214c1694b1c0ae8cc78224 - - acae41c58d54442aad52ac80bd195445 acae41c58d54442aad52ac80bd195445] 10.0.0.220 "GET /resource_providers/5ac6ccea-e634-4048-9e56-13897eb37c08/aggregates" status: 404 len: 235 microversion: 1.1 [pid: 7|app: 0|req: 547/1099] 10.0.0.220 () {32 vars in 816 bytes} [Thu Feb 26 02:58:33 2026] GET /resource_providers/5ac6ccea-e634-4048-9e56-13897eb37c08/aggregates => generated 235 bytes in 13 msecs (HTTP/1.1 404) 5 headers in 202 bytes (1 switches on core 0)
2026-02-26 02:58:33.381 8 INFO placement.requestlog [None req-c54af903-c961-4038-9545-017334f454f6 12e9b2a889e84cb99a2e25192d11ac9c baed170af4214c1694b1c0ae8cc78224 - - acae41c58d54442aad52ac80bd195445 acae41c58d54442aad52ac80bd195445] 10.0.0.220 "GET /resource_providers/5ac6ccea-e634-4048-9e56-13897eb37c08/aggregates" status: 404 len: 235 microversion: 1.1 [pid: 8|app: 0|req: 553/1100] 10.0.0.220 () {32 vars in 816 bytes} [Thu Feb 26 02:58:33 2026] GET /resource_providers/5ac6ccea-e634-4048-9e56-13897eb37c08/aggregates => generated 235 bytes in 9 msecs (HTTP/1.1 404) 5 headers in 202 bytes (1 switches on core 0)
2026-02-26 02:58:33.399 7 INFO placement.requestlog [None req-768a0ba9-f4d6-4949-be63-ce81283005fa 12e9b2a889e84cb99a2e25192d11ac9c baed170af4214c1694b1c0ae8cc78224 - - acae41c58d54442aad52ac80bd195445 acae41c58d54442aad52ac80bd195445] 10.0.0.220 "DELETE /resource_providers/5ac6ccea-e634-4048-9e56-13897eb37c08" status: 404 len: 246 microversion: 1.1 [pid: 7|app: 0|req: 548/1101] 10.0.0.220 () {34 vars in 816 bytes} [Thu Feb 26 02:58:33 2026] DELETE /resource_providers/5ac6ccea-e634-4048-9e56-13897eb37c08 => generated 246 bytes in 6 msecs (HTTP/1.1 404) 6 headers in 231 bytes (1 switches on core 0)
2026-02-26 02:58:33.407 8 INFO placement.requestlog [None req-98155295-9afa-409c-9ab7-1d7db488909e 12e9b2a889e84cb99a2e25192d11ac9c baed170af4214c1694b1c0ae8cc78224 - - acae41c58d54442aad52ac80bd195445 acae41c58d54442aad52ac80bd195445] 10.0.0.220 "DELETE /resource_providers/5ac6ccea-e634-4048-9e56-13897eb37c08" status: 404 len: 246 microversion: 1.1 [pid: 8|app: 0|req: 554/1102] 10.0.0.220 () {34 vars in 816 bytes} [Thu Feb 26 02:58:33 2026] DELETE /resource_providers/5ac6ccea-e634-4048-9e56-13897eb37c08 => generated 246 bytes in 10 msecs (HTTP/1.1 404) 6 headers in 231 bytes (1 switches on core 0)
2026-02-26 02:58:34.205 7 INFO placement.requestlog [None req-b4ab78bd-29df-47cc-9d44-30b209263748 12e9b2a889e84cb99a2e25192d11ac9c baed170af4214c1694b1c0ae8cc78224 - - acae41c58d54442aad52ac80bd195445 acae41c58d54442aad52ac80bd195445] 10.0.0.220 "GET /resource_providers/61afed8b-ff67-4602-9bd7-528c84b3d515/aggregates" status: 404 len: 235 microversion: 1.1 [pid: 7|app: 0|req: 549/1103] 10.0.0.220 () {32 vars in 816 bytes} [Thu Feb 26 02:58:34 2026] GET /resource_providers/61afed8b-ff67-4602-9bd7-528c84b3d515/aggregates => generated 235 bytes in 8 msecs (HTTP/1.1 404) 5 headers in 202 bytes (1 switches on core 0)
2026-02-26 02:58:34.227 7 INFO placement.requestlog [None req-a4a9b43e-5b88-4b73-9e26-491e2f2ec8f7 12e9b2a889e84cb99a2e25192d11ac9c baed170af4214c1694b1c0ae8cc78224 - - acae41c58d54442aad52ac80bd195445 acae41c58d54442aad52ac80bd195445] 10.0.0.220 "DELETE /resource_providers/61afed8b-ff67-4602-9bd7-528c84b3d515" status: 404 len: 246 microversion: 1.1 [pid: 7|app: 0|req: 550/1104] 10.0.0.220 () {34 vars in 816 bytes} [Thu Feb 26 02:58:34 2026] DELETE /resource_providers/61afed8b-ff67-4602-9bd7-528c84b3d515 => generated 246 bytes in 10 msecs (HTTP/1.1 404) 6 headers in 231 bytes (1 switches on core 0)
2026-02-26 02:58:34.228 8 INFO placement.requestlog [None req-00bbce3f-688d-4bde-9e69-b0290ac3657b 12e9b2a889e84cb99a2e25192d11ac9c baed170af4214c1694b1c0ae8cc78224 - - acae41c58d54442aad52ac80bd195445 acae41c58d54442aad52ac80bd195445] 10.0.0.220 "GET /resource_providers/61afed8b-ff67-4602-9bd7-528c84b3d515/aggregates" status: 404 len: 235 microversion: 1.1 [pid: 8|app: 0|req: 555/1105] 10.0.0.220 () {32 vars in 816 bytes} [Thu Feb 26 02:58:34 2026] GET /resource_providers/61afed8b-ff67-4602-9bd7-528c84b3d515/aggregates => generated 235 bytes in 23 msecs (HTTP/1.1 404) 5 headers in 202 bytes (1 switches on core 0)
2026-02-26 02:58:34.261 7 INFO placement.requestlog [None req-118cf456-bd23-4323-bdfa-1de391b80b30 12e9b2a889e84cb99a2e25192d11ac9c baed170af4214c1694b1c0ae8cc78224 - - acae41c58d54442aad52ac80bd195445 acae41c58d54442aad52ac80bd195445] 10.0.0.220 "DELETE /resource_providers/61afed8b-ff67-4602-9bd7-528c84b3d515" status: 404 len: 246 microversion: 1.1 [pid: 7|app: 0|req: 551/1106] 10.0.0.220 () {34 vars in 816 bytes} [Thu Feb 26 02:58:34 2026] DELETE /resource_providers/61afed8b-ff67-4602-9bd7-528c84b3d515 => generated 246 bytes in 9 msecs (HTTP/1.1 404) 6 headers in 231 bytes (1 switches on core 0)
2026-02-26 02:58:35.425 7 INFO placement.requestlog [None req-879750e5-83fe-41b7-979c-8a759b6f75bc 12e9b2a889e84cb99a2e25192d11ac9c baed170af4214c1694b1c0ae8cc78224 - - acae41c58d54442aad52ac80bd195445 acae41c58d54442aad52ac80bd195445] 10.0.0.220 "GET /resource_providers/524bc0d9-a166-4343-95d9-e093b563dad9/aggregates" status: 404 len: 235 microversion: 1.1 [pid: 7|app: 0|req: 552/1107] 10.0.0.220 () {32 vars in 816 bytes} [Thu Feb 26 02:58:35 2026] GET /resource_providers/524bc0d9-a166-4343-95d9-e093b563dad9/aggregates => generated 235 bytes in 9 msecs (HTTP/1.1 404) 5 headers in 202 bytes (1 switches on core 0)
2026-02-26 02:58:35.426 8 INFO placement.requestlog [None req-b7e32c8a-eeb1-4898-8385-879b143f9d9b 12e9b2a889e84cb99a2e25192d11ac9c baed170af4214c1694b1c0ae8cc78224 - - acae41c58d54442aad52ac80bd195445 acae41c58d54442aad52ac80bd195445] 10.0.0.220 "GET /resource_providers/524bc0d9-a166-4343-95d9-e093b563dad9/aggregates" status: 404 len: 235 microversion: 1.1 [pid: 8|app: 0|req: 556/1108] 10.0.0.220 () {32 vars in 816 bytes} [Thu Feb 26 02:58:35 2026] GET /resource_providers/524bc0d9-a166-4343-95d9-e093b563dad9/aggregates => generated 235 bytes in 14 msecs (HTTP/1.1 404) 5 headers in 202 bytes (1 switches on core 0)
2026-02-26 02:58:35.444 7 INFO placement.requestlog [None req-ce6b2c21-b5e9-4035-bacc-6ce1a4996cde 12e9b2a889e84cb99a2e25192d11ac9c baed170af4214c1694b1c0ae8cc78224 - - acae41c58d54442aad52ac80bd195445 acae41c58d54442aad52ac80bd195445] 10.0.0.220 "DELETE /resource_providers/524bc0d9-a166-4343-95d9-e093b563dad9" status: 404 len: 246 microversion: 1.1 [pid: 7|app: 0|req: 553/1109] 10.0.0.220 () {34 vars in 816 bytes} [Thu Feb 26 02:58:35 2026] DELETE /resource_providers/524bc0d9-a166-4343-95d9-e093b563dad9 => generated 246 bytes in 10 msecs (HTTP/1.1 404) 6 headers in 231 bytes (1 switches on core 0)
2026-02-26 02:58:35.453 8 INFO placement.requestlog [None req-424f488a-1430-4c5a-95bd-8e5674df6ab6 12e9b2a889e84cb99a2e25192d11ac9c baed170af4214c1694b1c0ae8cc78224 - - acae41c58d54442aad52ac80bd195445 acae41c58d54442aad52ac80bd195445] 10.0.0.220 "DELETE /resource_providers/524bc0d9-a166-4343-95d9-e093b563dad9" status: 404 len: 246 microversion: 1.1 [pid: 8|app: 0|req: 557/1110] 10.0.0.220 () {34 vars in 816 bytes} [Thu Feb 26 02:58:35 2026] DELETE /resource_providers/524bc0d9-a166-4343-95d9-e093b563dad9 => generated 246 bytes in 16 msecs (HTTP/1.1 404) 6 headers in 231 bytes (1 switches on core 0)
2026-02-26 02:58:35.459 7 INFO placement.requestlog [None req-7f7d3d5b-637d-4af7-8dad-2c56c1724c1a 12e9b2a889e84cb99a2e25192d11ac9c baed170af4214c1694b1c0ae8cc78224 - - acae41c58d54442aad52ac80bd195445 acae41c58d54442aad52ac80bd195445] 10.0.0.220 "GET /resource_providers/abdc6cb8-1392-4d3c-94fd-06e02494c49b/aggregates" status: 404 len: 235 microversion: 1.1 [pid: 7|app: 0|req: 554/1111] 10.0.0.220 () {32 vars in 816 bytes} [Thu Feb 26 02:58:35 2026] GET /resource_providers/abdc6cb8-1392-4d3c-94fd-06e02494c49b/aggregates => generated 235 bytes in 7 msecs (HTTP/1.1 404) 5 headers in 202 bytes (1 switches on core 0)
2026-02-26 02:58:35.473 7 INFO placement.requestlog [None req-0abb55f4-f680-47e7-9c25-fef7d9768bf4 12e9b2a889e84cb99a2e25192d11ac9c baed170af4214c1694b1c0ae8cc78224 - - acae41c58d54442aad52ac80bd195445 acae41c58d54442aad52ac80bd195445] 10.0.0.220 "DELETE /resource_providers/abdc6cb8-1392-4d3c-94fd-06e02494c49b" status: 404 len: 246 microversion: 1.1 [pid: 7|app: 0|req: 555/1112] 10.0.0.220 () {34 vars in 816 bytes} [Thu Feb 26 02:58:35 2026] DELETE /resource_providers/abdc6cb8-1392-4d3c-94fd-06e02494c49b => generated 246 bytes in 7 msecs (HTTP/1.1 404) 6 headers in 231 bytes (1 switches on core 0)
2026-02-26 02:58:35.479 8 INFO placement.requestlog [None req-aec8534e-e30c-4304-a28a-43bd17b135f3 12e9b2a889e84cb99a2e25192d11ac9c baed170af4214c1694b1c0ae8cc78224 - - acae41c58d54442aad52ac80bd195445 acae41c58d54442aad52ac80bd195445] 10.0.0.220 "GET /resource_providers/abdc6cb8-1392-4d3c-94fd-06e02494c49b/aggregates" status: 404 len: 235 microversion: 1.1 [pid: 8|app: 0|req: 558/1113] 10.0.0.220 () {32 vars in 816 bytes} [Thu Feb 26 02:58:35 2026] GET /resource_providers/abdc6cb8-1392-4d3c-94fd-06e02494c49b/aggregates => generated 235 bytes in 15 msecs (HTTP/1.1 404) 5 headers in 202 bytes (1 switches on core 0)
2026-02-26 02:58:35.486 7 INFO placement.requestlog [None req-1273eda1-d33b-4b67-b298-c13e47812dfe 12e9b2a889e84cb99a2e25192d11ac9c baed170af4214c1694b1c0ae8cc78224 - - acae41c58d54442aad52ac80bd195445 acae41c58d54442aad52ac80bd195445] 10.0.0.220 "GET /resource_providers/9499680e-8541-42cf-bbd3-7b07efa1fae6/aggregates" status: 404 len: 235 microversion: 1.1 [pid: 7|app: 0|req: 556/1114] 10.0.0.220 () {32 vars in 816 bytes} [Thu Feb 26 02:58:35 2026] GET /resource_providers/9499680e-8541-42cf-bbd3-7b07efa1fae6/aggregates => generated 235 bytes in 7 msecs (HTTP/1.1 404) 5 headers in 202 bytes (1 switches on core 0)
2026-02-26 02:58:35.500 7 INFO placement.requestlog [None req-eb6ba5ca-305a-498b-a45e-dd77373ab1f6 12e9b2a889e84cb99a2e25192d11ac9c baed170af4214c1694b1c0ae8cc78224 - - acae41c58d54442aad52ac80bd195445 acae41c58d54442aad52ac80bd195445] 10.0.0.220 "DELETE /resource_providers/9499680e-8541-42cf-bbd3-7b07efa1fae6" status: 404 len: 246 microversion: 1.1 [pid: 7|app: 0|req: 557/1115] 10.0.0.220 () {34 vars in 816 bytes} [Thu Feb 26 02:58:35 2026] DELETE /resource_providers/9499680e-8541-42cf-bbd3-7b07efa1fae6 => generated 246 bytes in 8 msecs (HTTP/1.1 404) 6 headers in 231 bytes (1 switches on core 0)
2026-02-26 02:58:35.506 8 INFO placement.requestlog [None req-ebfe333e-3be3-43cf-a224-50e860962681 12e9b2a889e84cb99a2e25192d11ac9c baed170af4214c1694b1c0ae8cc78224 - - acae41c58d54442aad52ac80bd195445 acae41c58d54442aad52ac80bd195445] 10.0.0.220 "DELETE /resource_providers/abdc6cb8-1392-4d3c-94fd-06e02494c49b" status: 404 len: 246 microversion: 1.1 [pid: 8|app: 0|req: 559/1116] 10.0.0.220 () {34 vars in 816 bytes} [Thu Feb 26 02:58:35 2026] DELETE /resource_providers/abdc6cb8-1392-4d3c-94fd-06e02494c49b => generated 246 bytes in 14 msecs (HTTP/1.1 404) 6 headers in 231 bytes (1 switches on core 0)
