2026-02-26 02:56:51.053 8 INFO neutron.db.ovn_revision_numbers_db [None req-f3de014e-8c41-4210-8b2a-f126e50a7b71 8bf21e68de9848729d05dadc0f4e158b 0ef8114469054cb09805e0c660607022 - - default default] Successfully bumped revision number for resource 498a7778-bb51-4ffa-af03-be10369f6fdd (type: router_ports) to 1 [pid: 8|app: 0|req: 1047/1989] 10.0.0.42 () {34 vars in 781 bytes} [Thu Feb 26 02:56:49 2026] PUT /v2.0/routers/1b2462b5-bf68-456f-9472-f4ca87f8eb15/add_router_interface => generated 309 bytes in 1854 msecs (HTTP/1.1 200) 4 headers in 157 bytes (1 switches on core 0) [pid: 8|app: 0|req: 1048/1990] 10.0.0.106 () {34 vars in 1015 bytes} [Thu Feb 26 02:56:51 2026] GET /v2.0/security-groups?id=f0b71786-818e-4aaf-8f6b-82d5a96e83bf&fields=id => generated 69 bytes in 31 msecs (HTTP/1.1 200) 4 headers in 156 bytes (1 switches on core 0) [pid: 8|app: 0|req: 1049/1991] 10.0.0.106 () {34 vars in 981 bytes} [Thu Feb 26 02:56:51 2026] GET /v2.0/networks?id=d0fe799d-7b50-4371-bfb5-5fc1e3e68a7e => generated 776 bytes in 107 msecs (HTTP/1.1 200) 4 headers in 157 bytes (1 switches on core 0)
2026-02-26 02:56:51.437 7 INFO neutron.db.ovn_revision_numbers_db [None req-e6f90271-fec5-4d20-81f2-df81b3cffd5e 8bf21e68de9848729d05dadc0f4e158b 0ef8114469054cb09805e0c660607022 - - default default] Successfully bumped revision number for resource 5072b3a3-0081-4734-b852-fcf2bf29c7f2 (type: security_groups) to 1 [pid: 8|app: 0|req: 1050/1992] 10.0.0.106 () {34 vars in 964 bytes} [Thu Feb 26 02:56:51 2026] GET /v2.0/quotas/0ef8114469054cb09805e0c660607022 => generated 291 bytes in 12 msecs (HTTP/1.1 200) 4 headers in 157 bytes (1 switches on core 0)
2026-02-26 02:56:51.461 7 INFO neutron.db.ovn_revision_numbers_db [None req-e6f90271-fec5-4d20-81f2-df81b3cffd5e 8bf21e68de9848729d05dadc0f4e158b 0ef8114469054cb09805e0c660607022 - - default default] Successfully bumped revision number for resource 268e215b-07ae-4ce3-9c23-9f93da074b07 (type: security_group_rules) to 0
2026-02-26 02:56:51.479 7 INFO neutron.db.ovn_revision_numbers_db [None req-e6f90271-fec5-4d20-81f2-df81b3cffd5e 8bf21e68de9848729d05dadc0f4e158b 0ef8114469054cb09805e0c660607022 - - default default] Successfully bumped revision number for resource 802ef46d-df9a-4dbf-9407-6cb5be3be959 (type: security_group_rules) to 0
2026-02-26 02:56:51.490 7 INFO neutron.db.ovn_revision_numbers_db [None req-e6f90271-fec5-4d20-81f2-df81b3cffd5e 8bf21e68de9848729d05dadc0f4e158b 0ef8114469054cb09805e0c660607022 - - default default] Successfully bumped revision number for resource ac99dc83-7258-48e5-9e7f-88f341e4c42b (type: security_group_rules) to 0 [pid: 8|app: 0|req: 1051/1993] 10.0.0.106 () {34 vars in 1001 bytes} [Thu Feb 26 02:56:51 2026] GET /v2.0/ports?tenant_id=0ef8114469054cb09805e0c660607022&fields=id => generated 149 bytes in 56 msecs (HTTP/1.1 200) 4 headers in 157 bytes (1 switches on core 0)
2026-02-26 02:56:51.509 7 INFO neutron.db.ovn_revision_numbers_db [None req-e6f90271-fec5-4d20-81f2-df81b3cffd5e 8bf21e68de9848729d05dadc0f4e158b 0ef8114469054cb09805e0c660607022 - - default default] Successfully bumped revision number for resource fcb44ea7-e025-4de8-8f79-ca20c980fc53 (type: security_group_rules) to 0 [pid: 7|app: 0|req: 943/1994] 10.0.0.42 () {32 vars in 772 bytes} [Thu Feb 26 02:56:51 2026] GET /v2.0/security-groups?tenant_id=a3603cbf341f43529d0b11a60ad195d0&name=default => generated 2925 bytes in 474 msecs (HTTP/1.1 200) 4 headers in 158 bytes (1 switches on core 0) [pid: 8|app: 0|req: 1052/1995] 10.0.0.106 () {34 vars in 1007 bytes} [Thu Feb 26 02:56:51 2026] GET /v2.0/networks/d0fe799d-7b50-4371-bfb5-5fc1e3e68a7e?fields=segments => generated 14 bytes in 37 msecs (HTTP/1.1 200) 4 headers in 156 bytes (1 switches on core 0) [pid: 8|app: 0|req: 1053/1996] 10.0.0.106 () {34 vars in 1107 bytes} [Thu Feb 26 02:56:51 2026] GET /v2.0/networks/d0fe799d-7b50-4371-bfb5-5fc1e3e68a7e?fields=provider%3Aphysical_network&fields=provider%3Anetwork_type => generated 79 bytes in 32 msecs (HTTP/1.1 200) 4 headers in 156 bytes (1 switches on core 0) [pid: 7|app: 0|req: 944/1997] 10.0.0.42 () {32 vars in 738 bytes} [Thu Feb 26 02:56:51 2026] DELETE /v2.0/security-groups/5072b3a3-0081-4734-b852-fcf2bf29c7f2 => generated 0 bytes in 262 msecs (HTTP/1.1 204) 2 headers in 112 bytes (1 switches on core 0)
2026-02-26 02:56:52.250 7 INFO neutron.plugins.ml2.drivers.ovn.mech_driver.mech_driver [None req-43ca431a-bb0d-4790-9c11-21d2367f2240 - - - - - -] OVN reports status down for port: 498a7778-bb51-4ffa-af03-be10369f6fdd [pid: 7|app: 0|req: 946/2000] 10.0.0.106 () {34 vars in 989 bytes} [Thu Feb 26 02:56:52 2026] GET /v2.0/ports?device_id=d15ec439-218a-4df3-b2f0-00076d5d3058 => generated 12 bytes in 35 msecs (HTTP/1.1 200) 4 headers in 156 bytes (1 switches on core 0)
2026-02-26 02:56:52.345 8 INFO neutron.db.ovn_revision_numbers_db [None req-b3f22d8b-e7ea-4034-9471-a32e5952efbb a3a63785f4d04b9db6328c31b03e0cef c94548f3bc6947d19c8f8c09fb0430c8 - - default default] Successfully bumped revision number for resource b23a40b8-ebd9-4781-807f-232866b12ac2 (type: security_groups) to 1
2026-02-26 02:56:52.359 8 INFO neutron.db.ovn_revision_numbers_db [None req-b3f22d8b-e7ea-4034-9471-a32e5952efbb a3a63785f4d04b9db6328c31b03e0cef c94548f3bc6947d19c8f8c09fb0430c8 - - default default] Successfully bumped revision number for resource 32df188e-0e43-4873-98ca-44bf61193e9f (type: security_group_rules) to 0
2026-02-26 02:56:52.378 8 INFO neutron.db.ovn_revision_numbers_db [None req-b3f22d8b-e7ea-4034-9471-a32e5952efbb a3a63785f4d04b9db6328c31b03e0cef c94548f3bc6947d19c8f8c09fb0430c8 - - default default] Successfully bumped revision number for resource 61fb58a5-9054-487f-a42d-9d6ecf9f875f (type: security_group_rules) to 0
2026-02-26 02:56:52.388 8 INFO neutron.db.ovn_revision_numbers_db [None req-b3f22d8b-e7ea-4034-9471-a32e5952efbb a3a63785f4d04b9db6328c31b03e0cef c94548f3bc6947d19c8f8c09fb0430c8 - - default default] Successfully bumped revision number for resource 99dcceb5-0089-4bb9-9c85-5636fe17f09d (type: security_group_rules) to 0
2026-02-26 02:56:52.401 8 INFO neutron.db.ovn_revision_numbers_db [None req-b3f22d8b-e7ea-4034-9471-a32e5952efbb a3a63785f4d04b9db6328c31b03e0cef c94548f3bc6947d19c8f8c09fb0430c8 - - default default] Successfully bumped revision number for resource f970af3a-8db0-4138-a257-91eef78cf8f0 (type: security_group_rules) to 0
2026-02-26 02:56:52.444 7 WARNING neutron.plugins.ml2.drivers.ovn.mech_driver.ovsdb.ovn_client [None req-43ca431a-bb0d-4790-9c11-21d2367f2240 - - - - - -] Logical_Switch_Port 498a7778-bb51-4ffa-af03-be10369f6fdd host information not removed, the port state is up
2026-02-26 02:56:52.445 7 INFO neutron.plugins.ml2.drivers.ovn.mech_driver.mech_driver [None req-43ca431a-bb0d-4790-9c11-21d2367f2240 - - - - - -] OVN reports status up for port: 498a7778-bb51-4ffa-af03-be10369f6fdd
2026-02-26 02:56:52.476 7 INFO neutron.plugins.ml2.plugin [None req-43ca431a-bb0d-4790-9c11-21d2367f2240 - - - - - -] Attempt 1 to provision port 498a7778-bb51-4ffa-af03-be10369f6fdd
2026-02-26 02:56:52.482 8 INFO neutron.db.segments_db [None req-b3f22d8b-e7ea-4034-9471-a32e5952efbb a3a63785f4d04b9db6328c31b03e0cef c94548f3bc6947d19c8f8c09fb0430c8 - - default default] Added segment e39d9193-fe0e-4566-a3b9-3884efff0490 of type geneve for network c91c79a5-de68-418c-a98e-af14a38d69bb
2026-02-26 02:56:52.666 7 INFO neutron.db.ovn_revision_numbers_db [None req-cf27dc95-078c-4685-bf1d-9ca30d213637 8bf21e68de9848729d05dadc0f4e158b 0ef8114469054cb09805e0c660607022 - - default default] Successfully bumped revision number for resource 3e0a77b1-067f-48de-a427-957808d6a1e3 (type: security_groups) to 1
2026-02-26 02:56:52.669 8 INFO neutron.db.ovn_revision_numbers_db [None req-b3f22d8b-e7ea-4034-9471-a32e5952efbb a3a63785f4d04b9db6328c31b03e0cef c94548f3bc6947d19c8f8c09fb0430c8 - - default default] Successfully bumped revision number for resource c91c79a5-de68-418c-a98e-af14a38d69bb (type: networks) to 1
2026-02-26 02:56:52.709 7 INFO neutron.db.ovn_revision_numbers_db [None req-cf27dc95-078c-4685-bf1d-9ca30d213637 8bf21e68de9848729d05dadc0f4e158b 0ef8114469054cb09805e0c660607022 - - default default] Successfully bumped revision number for resource 36e6678b-93c7-4a84-b439-6ff310f857c1 (type: security_group_rules) to 0
2026-02-26 02:56:52.731 7 INFO neutron.db.ovn_revision_numbers_db [None req-cf27dc95-078c-4685-bf1d-9ca30d213637 8bf21e68de9848729d05dadc0f4e158b 0ef8114469054cb09805e0c660607022 - - default default] Successfully bumped revision number for resource 5a4c7034-2d46-44c9-a40d-05e51c909167 (type: security_group_rules) to 0
2026-02-26 02:56:52.748 7 INFO neutron.db.ovn_revision_numbers_db [None req-cf27dc95-078c-4685-bf1d-9ca30d213637 8bf21e68de9848729d05dadc0f4e158b 0ef8114469054cb09805e0c660607022 - - default default] Successfully bumped revision number for resource 7535c51a-9020-4ddf-9af2-6067a7f033b0 (type: security_group_rules) to 0
2026-02-26 02:56:52.768 7 INFO neutron.db.ovn_revision_numbers_db [None req-cf27dc95-078c-4685-bf1d-9ca30d213637 8bf21e68de9848729d05dadc0f4e158b 0ef8114469054cb09805e0c660607022 - - default default] Successfully bumped revision number for resource e2642871-4a7e-49b6-8223-2b501a20b6a2 (type: security_group_rules) to 0
2026-02-26 02:56:52.844 8 WARNING neutron.scheduler.dhcp_agent_scheduler [None req-b3f22d8b-e7ea-4034-9471-a32e5952efbb a3a63785f4d04b9db6328c31b03e0cef c94548f3bc6947d19c8f8c09fb0430c8 - - default default] No more DHCP agents
2026-02-26 02:56:52.845 8 WARNING neutron.api.rpc.agentnotifiers.dhcp_rpc_agent_api [None req-b3f22d8b-e7ea-4034-9471-a32e5952efbb a3a63785f4d04b9db6328c31b03e0cef c94548f3bc6947d19c8f8c09fb0430c8 - - default default] Unable to schedule network c91c79a5-de68-418c-a98e-af14a38d69bb: no agents available; will retry on subsequent port and subnet creation events.
2026-02-26 02:56:52.877 7 INFO neutron.db.segments_db [None req-cf27dc95-078c-4685-bf1d-9ca30d213637 8bf21e68de9848729d05dadc0f4e158b 0ef8114469054cb09805e0c660607022 - - default default] Added segment 3f54619c-281a-43bc-8999-74ee83b4b0b7 of type geneve for network 9dfcbd98-ae2f-443f-bb85-cc09be50ebe3
2026-02-26 02:56:52.992 8 INFO neutron.db.ovn_revision_numbers_db [None req-b3f22d8b-e7ea-4034-9471-a32e5952efbb a3a63785f4d04b9db6328c31b03e0cef c94548f3bc6947d19c8f8c09fb0430c8 - - default default] Successfully bumped revision number for resource 2837933b-164b-4c31-adf2-f5d5f94b6dc9 (type: ports) to 1 [pid: 8|app: 0|req: 1055/2001] 10.0.0.42 () {34 vars in 669 bytes} [Thu Feb 26 02:56:51 2026] POST /v2.0/networks => generated 671 bytes in 1049 msecs (HTTP/1.1 201) 4 headers in 162 bytes (1 switches on core 0) [pid: 8|app: 0|req: 1056/2002] 10.0.0.106 () {34 vars in 989 bytes} [Thu Feb 26 02:56:53 2026] GET /v2.0/ports?device_id=d15ec439-218a-4df3-b2f0-00076d5d3058 => generated 12 bytes in 22 msecs (HTTP/1.1 200) 4 headers in 156 bytes (1 switches on core 0)
2026-02-26 02:56:53.182 7 INFO neutron.db.ovn_revision_numbers_db [None req-43ca431a-bb0d-4790-9c11-21d2367f2240 - - - - - -] Successfully bumped revision number for resource 498a7778-bb51-4ffa-af03-be10369f6fdd (type: ports) to 2
2026-02-26 02:56:53.288 7 INFO neutron.db.ovn_revision_numbers_db [None req-cf27dc95-078c-4685-bf1d-9ca30d213637 8bf21e68de9848729d05dadc0f4e158b 0ef8114469054cb09805e0c660607022 - - default default] Successfully bumped revision number for resource 9dfcbd98-ae2f-443f-bb85-cc09be50ebe3 (type: networks) to 1
2026-02-26 02:56:53.465 8 WARNING neutron.scheduler.dhcp_agent_scheduler [None req-d4483946-265b-431c-8393-e08fd9f2c0c7 a3a63785f4d04b9db6328c31b03e0cef c94548f3bc6947d19c8f8c09fb0430c8 - - default default] No more DHCP agents
2026-02-26 02:56:53.466 8 WARNING neutron.api.rpc.agentnotifiers.dhcp_rpc_agent_api [None req-d4483946-265b-431c-8393-e08fd9f2c0c7 a3a63785f4d04b9db6328c31b03e0cef c94548f3bc6947d19c8f8c09fb0430c8 - - default default] Unable to schedule network a4e03add-7edf-45db-86bd-9bd6d21655cc: no agents available; will retry on subsequent port and subnet creation events.
2026-02-26 02:56:53.479 7 WARNING neutron.scheduler.dhcp_agent_scheduler [None req-cf27dc95-078c-4685-bf1d-9ca30d213637 8bf21e68de9848729d05dadc0f4e158b 0ef8114469054cb09805e0c660607022 - - default default] No more DHCP agents
2026-02-26 02:56:53.481 7 WARNING neutron.api.rpc.agentnotifiers.dhcp_rpc_agent_api [None req-cf27dc95-078c-4685-bf1d-9ca30d213637 8bf21e68de9848729d05dadc0f4e158b 0ef8114469054cb09805e0c660607022 - - default default] Unable to schedule network 9dfcbd98-ae2f-443f-bb85-cc09be50ebe3: no agents available; will retry on subsequent port and subnet creation events.
2026-02-26 02:56:53.583 7 INFO neutron.db.ovn_revision_numbers_db [None req-cf27dc95-078c-4685-bf1d-9ca30d213637 8bf21e68de9848729d05dadc0f4e158b 0ef8114469054cb09805e0c660607022 - - default default] Successfully bumped revision number for resource 2470ac94-51f7-4bc6-811d-3dca9a0bd61e (type: ports) to 1 [pid: 7|app: 0|req: 947/2003] 10.0.0.42 () {34 vars in 669 bytes} [Thu Feb 26 02:56:52 2026] POST /v2.0/networks => generated 781 bytes in 1348 msecs (HTTP/1.1 201) 4 headers in 162 bytes (1 switches on core 0)
2026-02-26 02:56:53.684 8 INFO neutron.db.ovn_revision_numbers_db [None req-d4483946-265b-431c-8393-e08fd9f2c0c7 a3a63785f4d04b9db6328c31b03e0cef c94548f3bc6947d19c8f8c09fb0430c8 - - default default] Successfully bumped revision number for resource dab79761-97e8-48c7-8912-dd595daf47b3 (type: ports) to 1
2026-02-26 02:56:53.782 7 WARNING neutron.scheduler.dhcp_agent_scheduler [None req-6864d87d-df93-43d9-b9e8-96cb6f11f961 8bf21e68de9848729d05dadc0f4e158b 0ef8114469054cb09805e0c660607022 - - default default] No more DHCP agents
2026-02-26 02:56:53.783 7 WARNING neutron.api.rpc.agentnotifiers.dhcp_rpc_agent_api [None req-6864d87d-df93-43d9-b9e8-96cb6f11f961 8bf21e68de9848729d05dadc0f4e158b 0ef8114469054cb09805e0c660607022 - - default default] Unable to schedule network 9dfcbd98-ae2f-443f-bb85-cc09be50ebe3: no agents available; will retry on subsequent port and subnet creation events.
2026-02-26 02:56:54.232 7 INFO neutron.db.ovn_revision_numbers_db [None req-5f15f2ca-2ea0-47cf-afd7-ee75fe5506aa - - - - - -] Successfully bumped revision number for resource 2470ac94-51f7-4bc6-811d-3dca9a0bd61e (type: ports) to 2
2026-02-26 02:56:54.247 8 INFO neutron.plugins.ml2.drivers.ovn.mech_driver.ovsdb.commands [-] Schedule LRP lrp-dab79761-97e8-48c7-8912-dd595daf47b3 on gateway fd2275da-24f8-4385-8427-c3bb591cc59f with priority 1
2026-02-26 02:56:54.282 7 INFO neutron.db.ovn_revision_numbers_db [None req-5f15f2ca-2ea0-47cf-afd7-ee75fe5506aa - - - - - -] Successfully bumped revision number for resource b24ee1cb-e947-4d1b-aed4-cf1a15cb9c98 (type: subnets) to 0 [pid: 7|app: 0|req: 948/2004] 10.0.0.42 () {34 vars in 667 bytes} [Thu Feb 26 02:56:53 2026] POST /v2.0/subnets => generated 688 bytes in 670 msecs (HTTP/1.1 201) 4 headers in 162 bytes (1 switches on core 0)
2026-02-26 02:56:54.373 7 INFO neutron.plugins.ml2.drivers.ovn.mech_driver.ovsdb.ovsdb_monitor [None req-09705490-f885-4bcb-90cd-eb1ef00a9d49 - - - - - -] Router b84a3737-beae-4ae5-8a64-0dcb261f2f04 is bound to host instance
2026-02-26 02:56:54.386 8 INFO neutron.db.ovn_revision_numbers_db [None req-d4483946-265b-431c-8393-e08fd9f2c0c7 a3a63785f4d04b9db6328c31b03e0cef c94548f3bc6947d19c8f8c09fb0430c8 - - default default] Successfully bumped revision number for resource dab79761-97e8-48c7-8912-dd595daf47b3 (type: router_ports) to 1
2026-02-26 02:56:54.451 8 INFO neutron.db.ovn_revision_numbers_db [None req-d4483946-265b-431c-8393-e08fd9f2c0c7 a3a63785f4d04b9db6328c31b03e0cef c94548f3bc6947d19c8f8c09fb0430c8 - - default default] Successfully bumped revision number for resource b84a3737-beae-4ae5-8a64-0dcb261f2f04 (type: routers) to 2 [pid: 8|app: 0|req: 1057/2005] 10.0.0.42 () {34 vars in 667 bytes} [Thu Feb 26 02:56:53 2026] POST /v2.0/routers => generated 954 bytes in 1429 msecs (HTTP/1.1 201) 4 headers in 162 bytes (1 switches on core 0)
2026-02-26 02:56:54.710 7 INFO neutron.db.ovn_revision_numbers_db [None req-df28f3d1-c906-4333-a42b-c7c4a9acb5a8 8bf21e68de9848729d05dadc0f4e158b 0ef8114469054cb09805e0c660607022 - - default default] Successfully bumped revision number for resource a59b6eba-1242-4557-801f-fdec732839a6 (type: security_groups) to 1
2026-02-26 02:56:54.734 7 INFO neutron.db.ovn_revision_numbers_db [None req-df28f3d1-c906-4333-a42b-c7c4a9acb5a8 8bf21e68de9848729d05dadc0f4e158b 0ef8114469054cb09805e0c660607022 - - default default] Successfully bumped revision number for resource 26fe89f0-4888-4ffd-b76d-5f23d3379f97 (type: security_group_rules) to 0
2026-02-26 02:56:54.754 7 INFO neutron.db.ovn_revision_numbers_db [None req-df28f3d1-c906-4333-a42b-c7c4a9acb5a8 8bf21e68de9848729d05dadc0f4e158b 0ef8114469054cb09805e0c660607022 - - default default] Successfully bumped revision number for resource 6bd92412-e47e-4212-8b3f-8909b89f92dd (type: security_group_rules) to 0
2026-02-26 02:56:54.795 7 INFO neutron.db.ovn_revision_numbers_db [None req-df28f3d1-c906-4333-a42b-c7c4a9acb5a8 8bf21e68de9848729d05dadc0f4e158b 0ef8114469054cb09805e0c660607022 - - default default] Successfully bumped revision number for resource 82109e2c-05ac-4ed7-8815-057c8cbe7291 (type: security_group_rules) to 0
2026-02-26 02:56:54.816 7 INFO neutron.db.ovn_revision_numbers_db [None req-df28f3d1-c906-4333-a42b-c7c4a9acb5a8 8bf21e68de9848729d05dadc0f4e158b 0ef8114469054cb09805e0c660607022 - - default default] Successfully bumped revision number for resource 8284d8e7-b932-490f-8b04-fce3bbfe1bbd (type: security_group_rules) to 0
2026-02-26 02:56:54.844 8 WARNING neutron.scheduler.dhcp_agent_scheduler [None req-4f22ad10-a2c9-4723-95da-50d5f8b34578 8bf21e68de9848729d05dadc0f4e158b 0ef8114469054cb09805e0c660607022 - - default default] No more DHCP agents
2026-02-26 02:56:54.845 8 WARNING neutron.api.rpc.agentnotifiers.dhcp_rpc_agent_api [None req-4f22ad10-a2c9-4723-95da-50d5f8b34578 8bf21e68de9848729d05dadc0f4e158b 0ef8114469054cb09805e0c660607022 - - default default] Unable to schedule network a4e03add-7edf-45db-86bd-9bd6d21655cc: no agents available; will retry on subsequent port and subnet creation events. [pid: 7|app: 0|req: 949/2006] 10.0.0.42 () {32 vars in 772 bytes} [Thu Feb 26 02:56:54 2026] GET /v2.0/security-groups?tenant_id=153ffb2d68674bb3b451031254a8cc4c&name=default => generated 2925 bytes in 579 msecs (HTTP/1.1 200) 4 headers in 158 bytes (1 switches on core 0)
2026-02-26 02:56:54.996 8 INFO neutron.db.ovn_revision_numbers_db [None req-4f22ad10-a2c9-4723-95da-50d5f8b34578 8bf21e68de9848729d05dadc0f4e158b 0ef8114469054cb09805e0c660607022 - - default default] Successfully bumped revision number for resource 4f5fcb54-6312-44e7-9d4b-dbdcdcb194e3 (type: ports) to 1 [pid: 7|app: 0|req: 950/2007] 10.0.0.42 () {32 vars in 774 bytes} [Thu Feb 26 02:56:54 2026] GET /v2.0/subnets?project_id=c94548f3bc6947d19c8f8c09fb0430c8&cidr=10.100.0.0%2F28 => generated 14 bytes in 117 msecs (HTTP/1.1 200) 4 headers in 156 bytes (1 switches on core 0) [pid: 7|app: 0|req: 951/2008] 10.0.0.42 () {32 vars in 738 bytes} [Thu Feb 26 02:56:55 2026] DELETE /v2.0/security-groups/a59b6eba-1242-4557-801f-fdec732839a6 => generated 0 bytes in 511 msecs (HTTP/1.1 204) 2 headers in 112 bytes (1 switches on core 0)
2026-02-26 02:56:55.616 8 INFO neutron.plugins.ml2.drivers.ovn.mech_driver.ovsdb.commands [-] Schedule LRP lrp-4f5fcb54-6312-44e7-9d4b-dbdcdcb194e3 on gateway fd2275da-24f8-4385-8427-c3bb591cc59f with priority 1 [pid: 7|app: 0|req: 952/2009] 10.0.0.42 () {32 vars in 692 bytes} [Thu Feb 26 02:56:55 2026] GET /v2.0/networks?router%3Aexternal=True => generated 791 bytes in 186 msecs (HTTP/1.1 200) 4 headers in 157 bytes (1 switches on core 0)
2026-02-26 02:56:55.772 8 INFO neutron.db.ovn_revision_numbers_db [None req-4f22ad10-a2c9-4723-95da-50d5f8b34578 8bf21e68de9848729d05dadc0f4e158b 0ef8114469054cb09805e0c660607022 - - default default] Successfully bumped revision number for resource 4f5fcb54-6312-44e7-9d4b-dbdcdcb194e3 (type: router_ports) to 1 [pid: 7|app: 0|req: 953/2010] 10.0.0.42 () {32 vars in 782 bytes} [Thu Feb 26 02:56:55 2026] GET /v2.0/subnets?network_id=a4e03add-7edf-45db-86bd-9bd6d21655cc&cidr=10.100.0.0%2F28 => generated 14 bytes in 76 msecs (HTTP/1.1 200) 4 headers in 156 bytes (1 switches on core 0)
2026-02-26 02:56:55.835 8 INFO neutron.db.ovn_revision_numbers_db [None req-4f22ad10-a2c9-4723-95da-50d5f8b34578 8bf21e68de9848729d05dadc0f4e158b 0ef8114469054cb09805e0c660607022 - - default default] Successfully bumped revision number for resource 8b0df828-9ba2-4fd4-a88f-56beb193bb27 (type: routers) to 2 [pid: 8|app: 0|req: 1058/2011] 10.0.0.42 () {34 vars in 667 bytes} [Thu Feb 26 02:56:54 2026] POST /v2.0/routers => generated 966 bytes in 1380 msecs (HTTP/1.1 201) 4 headers in 162 bytes (1 switches on core 0)
2026-02-26 02:56:55.982 7 INFO neutron.db.ovn_revision_numbers_db [None req-c00c2f12-3e7d-439e-acd3-0d5c030bac1e - - - - - -] Successfully bumped revision number for resource dab79761-97e8-48c7-8912-dd595daf47b3 (type: ports) to 4
2026-02-26 02:56:56.211 7 WARNING neutron.scheduler.dhcp_agent_scheduler [None req-782a7a1e-8cc6-4f7a-9a79-8a974e44d8cf a3a63785f4d04b9db6328c31b03e0cef c94548f3bc6947d19c8f8c09fb0430c8 - - default default] No more DHCP agents
2026-02-26 02:56:56.214 7 WARNING neutron.api.rpc.agentnotifiers.dhcp_rpc_agent_api [None req-782a7a1e-8cc6-4f7a-9a79-8a974e44d8cf a3a63785f4d04b9db6328c31b03e0cef c94548f3bc6947d19c8f8c09fb0430c8 - - default default] Unable to schedule network c91c79a5-de68-418c-a98e-af14a38d69bb: no agents available; will retry on subsequent port and subnet creation events.
2026-02-26 02:56:56.355 8 WARNING neutron.scheduler.dhcp_agent_scheduler [None req-7a5ec33c-f3ec-4c7a-98e6-54121218e5f4 8bf21e68de9848729d05dadc0f4e158b 0ef8114469054cb09805e0c660607022 - - default default] No more DHCP agents
2026-02-26 02:56:56.357 8 WARNING neutron.api.rpc.agentnotifiers.dhcp_rpc_agent_api [None req-7a5ec33c-f3ec-4c7a-98e6-54121218e5f4 8bf21e68de9848729d05dadc0f4e158b 0ef8114469054cb09805e0c660607022 - - default default] Unable to schedule network 9dfcbd98-ae2f-443f-bb85-cc09be50ebe3: no agents available; will retry on subsequent port and subnet creation events.
2026-02-26 02:56:56.512 8 INFO neutron.db.ovn_revision_numbers_db [None req-7a5ec33c-f3ec-4c7a-98e6-54121218e5f4 8bf21e68de9848729d05dadc0f4e158b 0ef8114469054cb09805e0c660607022 - - default default] Successfully bumped revision number for resource 588a9ee6-f6b2-4cfa-91e1-1185780460c7 (type: ports) to 1
2026-02-26 02:56:56.731 7 INFO neutron.db.ovn_revision_numbers_db [None req-c00c2f12-3e7d-439e-acd3-0d5c030bac1e - - - - - -] Successfully bumped revision number for resource dab79761-97e8-48c7-8912-dd595daf47b3 (type: ports) to 5
2026-02-26 02:56:56.867 7 INFO neutron.plugins.ml2.drivers.ovn.mech_driver.ovsdb.ovsdb_monitor [None req-c00c2f12-3e7d-439e-acd3-0d5c030bac1e - - - - - -] Router 8b0df828-9ba2-4fd4-a88f-56beb193bb27 is bound to host instance
2026-02-26 02:56:57.182 8 WARNING neutron.scheduler.dhcp_agent_scheduler [None req-7a5ec33c-f3ec-4c7a-98e6-54121218e5f4 8bf21e68de9848729d05dadc0f4e158b 0ef8114469054cb09805e0c660607022 - - default default] No more DHCP agents
2026-02-26 02:56:57.184 8 WARNING neutron.api.rpc.agentnotifiers.dhcp_rpc_agent_api [None req-7a5ec33c-f3ec-4c7a-98e6-54121218e5f4 8bf21e68de9848729d05dadc0f4e158b 0ef8114469054cb09805e0c660607022 - - default default] Unable to schedule network 9dfcbd98-ae2f-443f-bb85-cc09be50ebe3: no agents available; will retry on subsequent port and subnet creation events.
2026-02-26 02:56:57.259 7 INFO neutron.db.ovn_revision_numbers_db [None req-c1de93c4-6e29-4e38-941e-378245e426dd - - - - - -] Successfully bumped revision number for resource 2837933b-164b-4c31-adf2-f5d5f94b6dc9 (type: ports) to 2
2026-02-26 02:56:57.688 8 INFO neutron.db.ovn_revision_numbers_db [None req-7a5ec33c-f3ec-4c7a-98e6-54121218e5f4 8bf21e68de9848729d05dadc0f4e158b 0ef8114469054cb09805e0c660607022 - - default default] Successfully bumped revision number for resource 588a9ee6-f6b2-4cfa-91e1-1185780460c7 (type: router_ports) to 1 [pid: 8|app: 0|req: 1059/2012] 10.0.0.42 () {34 vars in 781 bytes} [Thu Feb 26 02:56:55 2026] PUT /v2.0/routers/8b0df828-9ba2-4fd4-a88f-56beb193bb27/add_router_interface => generated 309 bytes in 1837 msecs (HTTP/1.1 200) 4 headers in 157 bytes (1 switches on core 0) [pid: 8|app: 0|req: 1060/2013] 10.0.0.106 () {34 vars in 989 bytes} [Thu Feb 26 02:56:57 2026] GET /v2.0/ports?device_id=d15ec439-218a-4df3-b2f0-00076d5d3058 => generated 12 bytes in 17 msecs (HTTP/1.1 200) 4 headers in 156 bytes (1 switches on core 0) [pid: 8|app: 0|req: 1061/2014] 199.204.45.229 () {34 vars in 985 bytes} [Thu Feb 26 02:56:57 2026] GET /v2.0/networks?id=d0fe799d-7b50-4371-bfb5-5fc1e3e68a7e => generated 776 bytes in 40 msecs (HTTP/1.1 200) 4 headers in 157 bytes (1 switches on core 0)
2026-02-26 02:56:57.856 7 WARNING neutron.plugins.ml2.drivers.ovn.mech_driver.ovsdb.ovn_client [None req-65ed7e10-04a1-40d0-8399-0323e25c3ed1 - - - - - -] No hosting information found for port 498a7778-bb51-4ffa-af03-be10369f6fdd: RuntimeError: No hosting information found for port 498a7778-bb51-4ffa-af03-be10369f6fdd
2026-02-26 02:56:57.875 7 INFO neutron.db.ovn_revision_numbers_db [None req-c1de93c4-6e29-4e38-941e-378245e426dd - - - - - -] Successfully bumped revision number for resource b6d953e1-502c-4dbb-a902-13665844ee25 (type: subnets) to 0 [pid: 7|app: 0|req: 954/2015] 10.0.0.42 () {34 vars in 667 bytes} [Thu Feb 26 02:56:55 2026] POST /v2.0/subnets => generated 657 bytes in 2184 msecs (HTTP/1.1 201) 4 headers in 162 bytes (1 switches on core 0) [pid: 7|app: 0|req: 955/2016] 199.204.45.229 () {34 vars in 1049 bytes} [Thu Feb 26 02:56:57 2026] GET /v2.0/security-groups?fields=id&fields=name&tenant_id=0ef8114469054cb09805e0c660607022 => generated 343 bytes in 155 msecs (HTTP/1.1 200) 4 headers in 157 bytes (1 switches on core 0)
2026-02-26 02:56:58.168 8 INFO neutron.db.ovn_revision_numbers_db [None req-9f2061fd-5b3b-4f87-ae4b-d7601ddccbec 4d1ceef61b664214aa1bc4e2569fd554 6febd3b0c577449abca6eeb8fec5f9ab - - default default] Successfully bumped revision number for resource 04316afb-88be-442f-b0fd-5cdce2fbe236 (type: security_groups) to 1
2026-02-26 02:56:58.183 8 INFO neutron.db.ovn_revision_numbers_db [None req-9f2061fd-5b3b-4f87-ae4b-d7601ddccbec 4d1ceef61b664214aa1bc4e2569fd554 6febd3b0c577449abca6eeb8fec5f9ab - - default default] Successfully bumped revision number for resource 586df782-81e9-4124-9bef-4ab6134ad468 (type: security_group_rules) to 0 [pid: 7|app: 0|req: 956/2017] 10.0.0.106 () {34 vars in 989 bytes} [Thu Feb 26 02:56:58 2026] GET /v2.0/ports?device_id=d15ec439-218a-4df3-b2f0-00076d5d3058 => generated 12 bytes in 66 msecs (HTTP/1.1 200) 4 headers in 156 bytes (1 switches on core 0)
2026-02-26 02:56:58.202 8 INFO neutron.db.ovn_revision_numbers_db [None req-9f2061fd-5b3b-4f87-ae4b-d7601ddccbec 4d1ceef61b664214aa1bc4e2569fd554 6febd3b0c577449abca6eeb8fec5f9ab - - default default] Successfully bumped revision number for resource 6bfbb7d8-e5d0-444d-bd78-9d4d80ca42e4 (type: security_group_rules) to 0
2026-02-26 02:56:58.224 8 INFO neutron.db.ovn_revision_numbers_db [None req-9f2061fd-5b3b-4f87-ae4b-d7601ddccbec 4d1ceef61b664214aa1bc4e2569fd554 6febd3b0c577449abca6eeb8fec5f9ab - - default default] Successfully bumped revision number for resource a92b12e3-2b91-452b-839d-e5689ee26d98 (type: security_group_rules) to 0
2026-02-26 02:56:58.247 8 INFO neutron.db.ovn_revision_numbers_db [None req-9f2061fd-5b3b-4f87-ae4b-d7601ddccbec 4d1ceef61b664214aa1bc4e2569fd554 6febd3b0c577449abca6eeb8fec5f9ab - - default default] Successfully bumped revision number for resource fdb9acbe-724a-4459-8d91-31a87d497001 (type: security_group_rules) to 0
2026-02-26 02:56:58.325 8 INFO neutron.db.segments_db [None req-9f2061fd-5b3b-4f87-ae4b-d7601ddccbec 4d1ceef61b664214aa1bc4e2569fd554 6febd3b0c577449abca6eeb8fec5f9ab - - default default] Added segment 2864bfb8-94cd-43a5-a223-90458cff0fd7 of type geneve for network df3ef765-743b-452a-9018-f3ae8a81a8be
2026-02-26 02:56:58.442 8 INFO neutron.db.ovn_revision_numbers_db [None req-9f2061fd-5b3b-4f87-ae4b-d7601ddccbec 4d1ceef61b664214aa1bc4e2569fd554 6febd3b0c577449abca6eeb8fec5f9ab - - default default] Successfully bumped revision number for resource df3ef765-743b-452a-9018-f3ae8a81a8be (type: networks) to 1
2026-02-26 02:56:58.599 7 INFO neutron.db.ovn_revision_numbers_db [None req-65ed7e10-04a1-40d0-8399-0323e25c3ed1 - - - - - -] Successfully bumped revision number for resource 498a7778-bb51-4ffa-af03-be10369f6fdd (type: router_ports) to 2
2026-02-26 02:56:58.600 7 INFO neutron.plugins.ml2.drivers.ovn.mech_driver.mech_driver [None req-65ed7e10-04a1-40d0-8399-0323e25c3ed1 - - - - - -] OVN reports status down for port: 2837933b-164b-4c31-adf2-f5d5f94b6dc9
2026-02-26 02:56:58.623 8 WARNING neutron.scheduler.dhcp_agent_scheduler [None req-9f2061fd-5b3b-4f87-ae4b-d7601ddccbec 4d1ceef61b664214aa1bc4e2569fd554 6febd3b0c577449abca6eeb8fec5f9ab - - default default] No more DHCP agents
2026-02-26 02:56:58.624 8 WARNING neutron.api.rpc.agentnotifiers.dhcp_rpc_agent_api [None req-9f2061fd-5b3b-4f87-ae4b-d7601ddccbec 4d1ceef61b664214aa1bc4e2569fd554 6febd3b0c577449abca6eeb8fec5f9ab - - default default] Unable to schedule network df3ef765-743b-452a-9018-f3ae8a81a8be: no agents available; will retry on subsequent port and subnet creation events.
2026-02-26 02:56:58.743 8 INFO neutron.db.ovn_revision_numbers_db [None req-9f2061fd-5b3b-4f87-ae4b-d7601ddccbec 4d1ceef61b664214aa1bc4e2569fd554 6febd3b0c577449abca6eeb8fec5f9ab - - default default] Successfully bumped revision number for resource e5ca983f-53fe-4c31-8146-251dd025dcb1 (type: ports) to 1 [pid: 8|app: 0|req: 1062/2018] 10.0.0.42 () {34 vars in 668 bytes} [Thu Feb 26 02:56:57 2026] POST /v2.0/networks => generated 688 bytes in 1072 msecs (HTTP/1.1 201) 4 headers in 162 bytes (1 switches on core 0)
2026-02-26 02:56:59.069 8 WARNING neutron.scheduler.dhcp_agent_scheduler [req-3deb5ec5-24e8-4596-af7f-d51afa881286 req-453a2b43-bf68-4b9a-8c4c-06ac5b9c7684 8bf21e68de9848729d05dadc0f4e158b 0ef8114469054cb09805e0c660607022 - - default default] No more DHCP agents
2026-02-26 02:56:59.070 8 WARNING neutron.api.rpc.agentnotifiers.dhcp_rpc_agent_api [req-3deb5ec5-24e8-4596-af7f-d51afa881286 req-453a2b43-bf68-4b9a-8c4c-06ac5b9c7684 8bf21e68de9848729d05dadc0f4e158b 0ef8114469054cb09805e0c660607022 - - default default] Unable to schedule network d0fe799d-7b50-4371-bfb5-5fc1e3e68a7e: no agents available; will retry on subsequent port and subnet creation events.
2026-02-26 02:56:59.104 7 INFO neutron.plugins.ml2.drivers.ovn.mech_driver.mech_driver [None req-65ed7e10-04a1-40d0-8399-0323e25c3ed1 - - - - - -] OVN reports status down for port: 2470ac94-51f7-4bc6-811d-3dca9a0bd61e
2026-02-26 02:56:59.286 8 INFO neutron.db.ovn_revision_numbers_db [req-3deb5ec5-24e8-4596-af7f-d51afa881286 req-453a2b43-bf68-4b9a-8c4c-06ac5b9c7684 8bf21e68de9848729d05dadc0f4e158b 0ef8114469054cb09805e0c660607022 - - default default] Successfully bumped revision number for resource cc7c94cc-af04-497e-a2a3-156ebe7b835f (type: ports) to 1 [pid: 8|app: 0|req: 1063/2019] 199.204.45.229 () {38 vars in 954 bytes} [Thu Feb 26 02:56:58 2026] POST /v2.0/ports => generated 1078 bytes in 482 msecs (HTTP/1.1 201) 4 headers in 163 bytes (1 switches on core 0) /var/lib/openstack/lib/python3.12/site-packages/pycadf/identifier.py:70: UserWarning: Invalid uuid: neutron. To ensure interoperability, identifiers should be a valid uuid. warnings.warn(('Invalid uuid: %s. To ensure interoperability, '
2026-02-26 02:56:59.446 8 INFO neutron.db.ovn_revision_numbers_db [None req-4652e9f1-b47a-4e1e-a0cf-0fc8c3580d5d 600c7a68488b40ebab5c2ff7a950bf0d 812d88658ac24e2fb88b756705993aea - - default default] Successfully bumped revision number for resource 5b2cdf22-917c-4bd1-abb9-39037bfafb6f (type: security_groups) to 1
2026-02-26 02:56:59.459 8 INFO neutron.db.ovn_revision_numbers_db [None req-4652e9f1-b47a-4e1e-a0cf-0fc8c3580d5d 600c7a68488b40ebab5c2ff7a950bf0d 812d88658ac24e2fb88b756705993aea - - default default] Successfully bumped revision number for resource 7df7b4fd-17f3-4bb1-a32d-ce57878e3620 (type: security_group_rules) to 0
2026-02-26 02:56:59.473 8 INFO neutron.db.ovn_revision_numbers_db [None req-4652e9f1-b47a-4e1e-a0cf-0fc8c3580d5d 600c7a68488b40ebab5c2ff7a950bf0d 812d88658ac24e2fb88b756705993aea - - default default] Successfully bumped revision number for resource 870bd52d-5626-4927-b696-2ab7fd866da6 (type: security_group_rules) to 0 [pid: 8|app: 0|req: 1064/2020] 10.0.0.42 () {34 vars in 683 bytes} [Thu Feb 26 02:56:59 2026] POST /v2.0/security-groups => generated 1675 bytes in 202 msecs (HTTP/1.1 201) 4 headers in 163 bytes (1 switches on core 0)
2026-02-26 02:56:59.577 7 INFO neutron.plugins.ml2.drivers.ovn.mech_driver.mech_driver [None req-65ed7e10-04a1-40d0-8399-0323e25c3ed1 - - - - - -] OVN reports status down for port: dab79761-97e8-48c7-8912-dd595daf47b3
2026-02-26 02:56:59.705 8 WARNING neutron.scheduler.dhcp_agent_scheduler [None req-9df98cc7-f96a-415f-8cd6-1fedebcba04f 4d1ceef61b664214aa1bc4e2569fd554 6febd3b0c577449abca6eeb8fec5f9ab - - default default] No more DHCP agents
2026-02-26 02:56:59.707 8 WARNING neutron.api.rpc.agentnotifiers.dhcp_rpc_agent_api [None req-9df98cc7-f96a-415f-8cd6-1fedebcba04f 4d1ceef61b664214aa1bc4e2569fd554 6febd3b0c577449abca6eeb8fec5f9ab - - default default] Unable to schedule network df3ef765-743b-452a-9018-f3ae8a81a8be: no agents available; will retry on subsequent port and subnet creation events.
2026-02-26 02:56:59.728 8 INFO neutron.db.ovn_revision_numbers_db [None req-9df98cc7-f96a-415f-8cd6-1fedebcba04f 4d1ceef61b664214aa1bc4e2569fd554 6febd3b0c577449abca6eeb8fec5f9ab - - default default] Successfully bumped revision number for resource 85122d30-f2c8-4b83-8d74-ceaf7e1e1877 (type: subnets) to 0 [pid: 8|app: 0|req: 1065/2021] 10.0.0.42 () {34 vars in 667 bytes} [Thu Feb 26 02:56:59 2026] POST /v2.0/subnets => generated 627 bytes in 237 msecs (HTTP/1.1 201) 4 headers in 162 bytes (1 switches on core 0)
2026-02-26 02:57:00.117 8 INFO neutron.db.ovn_revision_numbers_db [req-3deb5ec5-24e8-4596-af7f-d51afa881286 req-21c35ccf-9b37-431f-b9d4-b6fe384201c9 12e9b2a889e84cb99a2e25192d11ac9c baed170af4214c1694b1c0ae8cc78224 - - acae41c58d54442aad52ac80bd195445 acae41c58d54442aad52ac80bd195445] Successfully bumped revision number for resource cc7c94cc-af04-497e-a2a3-156ebe7b835f (type: ports) to 2
2026-02-26 02:57:00.131 7 WARNING neutron.scheduler.dhcp_agent_scheduler [None req-bc64faa1-2442-4f31-af7d-3f48fd78741c a3a63785f4d04b9db6328c31b03e0cef c94548f3bc6947d19c8f8c09fb0430c8 - - default default] No more DHCP agents
2026-02-26 02:57:00.135 7 WARNING neutron.api.rpc.agentnotifiers.dhcp_rpc_agent_api [None req-bc64faa1-2442-4f31-af7d-3f48fd78741c a3a63785f4d04b9db6328c31b03e0cef c94548f3bc6947d19c8f8c09fb0430c8 - - default default] Unable to schedule network c91c79a5-de68-418c-a98e-af14a38d69bb: no agents available; will retry on subsequent port and subnet creation events.
2026-02-26 02:57:00.371 8 INFO neutron.db.ovn_revision_numbers_db [req-3deb5ec5-24e8-4596-af7f-d51afa881286 req-21c35ccf-9b37-431f-b9d4-b6fe384201c9 12e9b2a889e84cb99a2e25192d11ac9c baed170af4214c1694b1c0ae8cc78224 - - acae41c58d54442aad52ac80bd195445 acae41c58d54442aad52ac80bd195445] Successfully bumped revision number for resource cc7c94cc-af04-497e-a2a3-156ebe7b835f (type: ports) to 4 [pid: 8|app: 0|req: 1066/2022] 199.204.45.229 () {38 vars in 1027 bytes} [Thu Feb 26 02:56:59 2026] PUT /v2.0/ports/cc7c94cc-af04-497e-a2a3-156ebe7b835f => generated 1208 bytes in 649 msecs (HTTP/1.1 200) 4 headers in 158 bytes (1 switches on core 0) /var/lib/openstack/lib/python3.12/site-packages/pycadf/identifier.py:70: UserWarning: Invalid uuid: neutron. To ensure interoperability, identifiers should be a valid uuid. warnings.warn(('Invalid uuid: %s. To ensure interoperability, '
2026-02-26 02:57:00.450 8 INFO neutron.notifiers.nova [-] Nova event matching ['req-39eeed15-b0bd-4161-b545-7ccc0ea6da72'] response: {'name': 'network-changed', 'server_uuid': 'd15ec439-218a-4df3-b2f0-00076d5d3058', 'tag': 'cc7c94cc-af04-497e-a2a3-156ebe7b835f', 'status': 'completed', 'code': 200}
2026-02-26 02:57:00.468 7 INFO neutron.db.ovn_revision_numbers_db [None req-0fcbb6e2-3cb6-434f-a899-c09802370440 - - - - - -] Successfully bumped revision number for resource 4f5fcb54-6312-44e7-9d4b-dbdcdcb194e3 (type: ports) to 4
2026-02-26 02:57:00.657 8 INFO neutron.db.ovn_revision_numbers_db [None req-855dd601-5c18-48e9-9d52-560e39460a54 600c7a68488b40ebab5c2ff7a950bf0d 812d88658ac24e2fb88b756705993aea - - default default] Successfully bumped revision number for resource 226a2dc6-f8b3-4d92-8107-9e43f3f9b559 (type: security_group_rules) to 0
2026-02-26 02:57:00.663 7 INFO neutron.db.ovn_revision_numbers_db [None req-bc64faa1-2442-4f31-af7d-3f48fd78741c a3a63785f4d04b9db6328c31b03e0cef c94548f3bc6947d19c8f8c09fb0430c8 - - default default] Successfully bumped revision number for resource 33430767-48ce-4522-b060-6b8f76af0204 (type: ports) to 1 [pid: 8|app: 0|req: 1067/2023] 10.0.0.42 () {34 vars in 693 bytes} [Thu Feb 26 02:57:00 2026] POST /v2.0/security-group-rules => generated 597 bytes in 291 msecs (HTTP/1.1 201) 4 headers in 162 bytes (1 switches on core 0)
2026-02-26 02:57:00.953 7 INFO neutron.db.ovn_revision_numbers_db [None req-65ed7e10-04a1-40d0-8399-0323e25c3ed1 - - - - - -] Successfully bumped revision number for resource dab79761-97e8-48c7-8912-dd595daf47b3 (type: ports) to 6
2026-02-26 02:57:01.066 8 WARNING neutron.scheduler.dhcp_agent_scheduler [None req-7a0ce8c5-f9a2-4f98-874e-df4711c505d8 4d1ceef61b664214aa1bc4e2569fd554 6febd3b0c577449abca6eeb8fec5f9ab - - default default] No more DHCP agents
2026-02-26 02:57:01.067 8 WARNING neutron.api.rpc.agentnotifiers.dhcp_rpc_agent_api [None req-7a0ce8c5-f9a2-4f98-874e-df4711c505d8 4d1ceef61b664214aa1bc4e2569fd554 6febd3b0c577449abca6eeb8fec5f9ab - - default default] Unable to schedule network a4e03add-7edf-45db-86bd-9bd6d21655cc: no agents available; will retry on subsequent port and subnet creation events.
2026-02-26 02:57:01.211 8 INFO neutron.db.ovn_revision_numbers_db [None req-7a0ce8c5-f9a2-4f98-874e-df4711c505d8 4d1ceef61b664214aa1bc4e2569fd554 6febd3b0c577449abca6eeb8fec5f9ab - - default default] Successfully bumped revision number for resource 03310425-9433-49e9-bd7c-85fe8b857eb7 (type: ports) to 1
2026-02-26 02:57:01.312 7 WARNING neutron.plugins.ml2.drivers.ovn.mech_driver.ovsdb.ovn_client [None req-44485e2c-018b-4a8c-9394-56eb459cf54b - - - - - -] Logical_Switch_Port dab79761-97e8-48c7-8912-dd595daf47b3 host information not removed, the port state is up
2026-02-26 02:57:01.313 7 INFO neutron.plugins.ml2.drivers.ovn.mech_driver.mech_driver [None req-44485e2c-018b-4a8c-9394-56eb459cf54b - - - - - -] OVN reports status up for port: dab79761-97e8-48c7-8912-dd595daf47b3
2026-02-26 02:57:01.371 7 INFO neutron.plugins.ml2.plugin [None req-44485e2c-018b-4a8c-9394-56eb459cf54b - - - - - -] Attempt 1 to provision port dab79761-97e8-48c7-8912-dd595daf47b3
2026-02-26 02:57:01.779 7 INFO neutron.db.ovn_revision_numbers_db [None req-0fcbb6e2-3cb6-434f-a899-c09802370440 - - - - - -] Successfully bumped revision number for resource 4f5fcb54-6312-44e7-9d4b-dbdcdcb194e3 (type: ports) to 5
2026-02-26 02:57:01.796 8 INFO neutron.plugins.ml2.drivers.ovn.mech_driver.ovsdb.commands [-] Schedule LRP lrp-03310425-9433-49e9-bd7c-85fe8b857eb7 on gateway fd2275da-24f8-4385-8427-c3bb591cc59f with priority 1
2026-02-26 02:57:01.894 8 INFO neutron.db.ovn_revision_numbers_db [None req-7a0ce8c5-f9a2-4f98-874e-df4711c505d8 4d1ceef61b664214aa1bc4e2569fd554 6febd3b0c577449abca6eeb8fec5f9ab - - default default] Successfully bumped revision number for resource 03310425-9433-49e9-bd7c-85fe8b857eb7 (type: router_ports) to 1
2026-02-26 02:57:01.945 8 INFO neutron.db.ovn_revision_numbers_db [None req-7a0ce8c5-f9a2-4f98-874e-df4711c505d8 4d1ceef61b664214aa1bc4e2569fd554 6febd3b0c577449abca6eeb8fec5f9ab - - default default] Successfully bumped revision number for resource dd4c1a13-365e-46f2-85be-ed9270f03c83 (type: routers) to 2 [pid: 8|app: 0|req: 1068/2024] 10.0.0.42 () {34 vars in 667 bytes} [Thu Feb 26 02:57:00 2026] POST /v2.0/routers => generated 954 bytes in 1272 msecs (HTTP/1.1 201) 4 headers in 162 bytes (1 switches on core 0)
2026-02-26 02:57:02.091 8 INFO neutron.db.ovn_revision_numbers_db [None req-45b504e2-19f3-4fc5-ac46-ec826222b867 600c7a68488b40ebab5c2ff7a950bf0d 812d88658ac24e2fb88b756705993aea - - default default] Successfully bumped revision number for resource d89fc065-61ca-46b7-824f-02f57fd826fa (type: security_group_rules) to 0 [pid: 8|app: 0|req: 1069/2025] 10.0.0.42 () {34 vars in 693 bytes} [Thu Feb 26 02:57:01 2026] POST /v2.0/security-group-rules => generated 596 bytes in 175 msecs (HTTP/1.1 201) 4 headers in 162 bytes (1 switches on core 0) [pid: 8|app: 0|req: 1070/2026] 10.0.0.106 () {34 vars in 989 bytes} [Thu Feb 26 02:57:02 2026] GET /v2.0/ports?device_id=d15ec439-218a-4df3-b2f0-00076d5d3058 => generated 1211 bytes in 30 msecs (HTTP/1.1 200) 4 headers in 158 bytes (1 switches on core 0) [pid: 8|app: 0|req: 1071/2027] 199.204.45.229 () {34 vars in 1079 bytes} [Thu Feb 26 02:57:02 2026] GET /v2.0/ports?tenant_id=0ef8114469054cb09805e0c660607022&device_id=d15ec439-218a-4df3-b2f0-00076d5d3058 => generated 1211 bytes in 32 msecs (HTTP/1.1 200) 4 headers in 158 bytes (1 switches on core 0)
2026-02-26 02:57:02.514 7 INFO neutron.db.ovn_revision_numbers_db [None req-44485e2c-018b-4a8c-9394-56eb459cf54b - - - - - -] Successfully bumped revision number for resource dab79761-97e8-48c7-8912-dd595daf47b3 (type: ports) to 7
2026-02-26 02:57:02.570 7 WARNING neutron.scheduler.dhcp_agent_scheduler [None req-bc64faa1-2442-4f31-af7d-3f48fd78741c a3a63785f4d04b9db6328c31b03e0cef c94548f3bc6947d19c8f8c09fb0430c8 - - default default] No more DHCP agents
2026-02-26 02:57:02.575 7 WARNING neutron.api.rpc.agentnotifiers.dhcp_rpc_agent_api [None req-bc64faa1-2442-4f31-af7d-3f48fd78741c a3a63785f4d04b9db6328c31b03e0cef c94548f3bc6947d19c8f8c09fb0430c8 - - default default] Unable to schedule network c91c79a5-de68-418c-a98e-af14a38d69bb: no agents available; will retry on subsequent port and subnet creation events.
2026-02-26 02:57:02.736 7 INFO neutron.plugins.ml2.drivers.ovn.mech_driver.mech_driver [None req-cb9c715e-c4c7-46a4-b478-1b012ba8d6cc - - - - - -] OVN reports status down for port: 4f5fcb54-6312-44e7-9d4b-dbdcdcb194e3
2026-02-26 02:57:02.747 8 WARNING neutron.scheduler.dhcp_agent_scheduler [None req-f2bd2fa9-3b0c-4525-a266-be788606f35d 4d1ceef61b664214aa1bc4e2569fd554 6febd3b0c577449abca6eeb8fec5f9ab - - default default] No more DHCP agents
2026-02-26 02:57:02.748 8 WARNING neutron.api.rpc.agentnotifiers.dhcp_rpc_agent_api [None req-f2bd2fa9-3b0c-4525-a266-be788606f35d 4d1ceef61b664214aa1bc4e2569fd554 6febd3b0c577449abca6eeb8fec5f9ab - - default default] Unable to schedule network df3ef765-743b-452a-9018-f3ae8a81a8be: no agents available; will retry on subsequent port and subnet creation events.
2026-02-26 02:57:02.924 8 INFO neutron.db.ovn_revision_numbers_db [None req-f2bd2fa9-3b0c-4525-a266-be788606f35d 4d1ceef61b664214aa1bc4e2569fd554 6febd3b0c577449abca6eeb8fec5f9ab - - default default] Successfully bumped revision number for resource 029232dd-059f-4d80-a663-09da1cbb082b (type: ports) to 1
2026-02-26 02:57:03.320 7 INFO neutron.db.ovn_revision_numbers_db [None req-bc64faa1-2442-4f31-af7d-3f48fd78741c a3a63785f4d04b9db6328c31b03e0cef c94548f3bc6947d19c8f8c09fb0430c8 - - default default] Successfully bumped revision number for resource 33430767-48ce-4522-b060-6b8f76af0204 (type: router_ports) to 1 [pid: 7|app: 0|req: 957/2028] 10.0.0.42 () {34 vars in 781 bytes} [Thu Feb 26 02:56:58 2026] PUT /v2.0/routers/b84a3737-beae-4ae5-8a64-0dcb261f2f04/add_router_interface => generated 309 bytes in 5134 msecs (HTTP/1.1 200) 4 headers in 157 bytes (1 switches on core 0)
2026-02-26 02:57:03.525 7 INFO neutron.db.ovn_revision_numbers_db [None req-cb9c715e-c4c7-46a4-b478-1b012ba8d6cc - - - - - -] Successfully bumped revision number for resource 4f5fcb54-6312-44e7-9d4b-dbdcdcb194e3 (type: ports) to 6
2026-02-26 02:57:03.618 7 INFO neutron.db.ovn_revision_numbers_db [None req-ae1cc9e8-f2ba-4c3d-becf-39043c1f423e 600c7a68488b40ebab5c2ff7a950bf0d 812d88658ac24e2fb88b756705993aea - - default default] Successfully bumped revision number for resource 21af7d80-809a-44a5-a7aa-065db626fd4c (type: security_group_rules) to 0
2026-02-26 02:57:03.644 7 WARNING neutron.plugins.ml2.drivers.ovn.mech_driver.ovsdb.ovn_client [None req-7445885b-cc3d-4895-8936-c96f9088a97e - - - - - -] Logical_Switch_Port 4f5fcb54-6312-44e7-9d4b-dbdcdcb194e3 host information not removed, the port state is up
2026-02-26 02:57:03.645 7 INFO neutron.plugins.ml2.drivers.ovn.mech_driver.mech_driver [None req-7445885b-cc3d-4895-8936-c96f9088a97e - - - - - -] OVN reports status up for port: 4f5fcb54-6312-44e7-9d4b-dbdcdcb194e3 [pid: 7|app: 0|req: 958/2029] 10.0.0.42 () {34 vars in 693 bytes} [Thu Feb 26 02:57:03 2026] POST /v2.0/security-group-rules => generated 602 bytes in 335 msecs (HTTP/1.1 201) 4 headers in 162 bytes (1 switches on core 0)
2026-02-26 02:57:03.668 7 INFO neutron.plugins.ml2.plugin [None req-7445885b-cc3d-4895-8936-c96f9088a97e - - - - - -] Attempt 1 to provision port 4f5fcb54-6312-44e7-9d4b-dbdcdcb194e3 [pid: 7|app: 0|req: 959/2030] 10.0.0.106 () {34 vars in 1039 bytes} [Thu Feb 26 02:57:03 2026] GET /v2.0/security-groups?id=f0b71786-818e-4aaf-8f6b-82d5a96e83bf&fields=id&fields=name => generated 96 bytes in 84 msecs (HTTP/1.1 200) 4 headers in 156 bytes (1 switches on core 0)
2026-02-26 02:57:03.782 8 WARNING neutron.scheduler.dhcp_agent_scheduler [None req-f2bd2fa9-3b0c-4525-a266-be788606f35d 4d1ceef61b664214aa1bc4e2569fd554 6febd3b0c577449abca6eeb8fec5f9ab - - default default] No more DHCP agents
2026-02-26 02:57:03.784 8 WARNING neutron.api.rpc.agentnotifiers.dhcp_rpc_agent_api [None req-f2bd2fa9-3b0c-4525-a266-be788606f35d 4d1ceef61b664214aa1bc4e2569fd554 6febd3b0c577449abca6eeb8fec5f9ab - - default default] Unable to schedule network df3ef765-743b-452a-9018-f3ae8a81a8be: no agents available; will retry on subsequent port and subnet creation events. [pid: 7|app: 0|req: 960/2031] 199.204.45.229 () {34 vars in 1017 bytes} [Thu Feb 26 02:57:03 2026] GET /v2.0/networks?tenant_id=0ef8114469054cb09805e0c660607022&shared=False => generated 776 bytes in 102 msecs (HTTP/1.1 200) 4 headers in 157 bytes (1 switches on core 0) [pid: 7|app: 0|req: 961/2032] 10.0.0.42 () {32 vars in 647 bytes} [Thu Feb 26 02:57:03 2026] GET /v2.0/networks => generated 7948 bytes in 205 msecs (HTTP/1.1 200) 4 headers in 158 bytes (1 switches on core 0)
2026-02-26 02:57:04.171 8 INFO neutron.db.ovn_revision_numbers_db [None req-f2bd2fa9-3b0c-4525-a266-be788606f35d 4d1ceef61b664214aa1bc4e2569fd554 6febd3b0c577449abca6eeb8fec5f9ab - - default default] Successfully bumped revision number for resource 029232dd-059f-4d80-a663-09da1cbb082b (type: router_ports) to 1 [pid: 8|app: 0|req: 1072/2033] 10.0.0.42 () {34 vars in 781 bytes} [Thu Feb 26 02:57:02 2026] PUT /v2.0/routers/dd4c1a13-365e-46f2-85be-ed9270f03c83/add_router_interface => generated 309 bytes in 1978 msecs (HTTP/1.1 200) 4 headers in 157 bytes (1 switches on core 0) [pid: 8|app: 0|req: 1073/2034] 10.0.0.106 () {34 vars in 989 bytes} [Thu Feb 26 02:57:04 2026] GET /v2.0/ports?device_id=d15ec439-218a-4df3-b2f0-00076d5d3058 => generated 1211 bytes in 40 msecs (HTTP/1.1 200) 4 headers in 158 bytes (1 switches on core 0) [pid: 8|app: 0|req: 1074/2035] 199.204.45.229 () {34 vars in 929 bytes} [Thu Feb 26 02:57:04 2026] GET /v2.0/networks?shared=True => generated 791 bytes in 37 msecs (HTTP/1.1 200) 4 headers in 157 bytes (1 switches on core 0) [pid: 8|app: 0|req: 1075/2036] 10.0.0.42 () {32 vars in 645 bytes} [Thu Feb 26 02:57:04 2026] GET /v2.0/subnets => generated 8168 bytes in 52 msecs (HTTP/1.1 200) 4 headers in 158 bytes (1 switches on core 0)
2026-02-26 02:57:04.377 7 INFO neutron.db.ovn_revision_numbers_db [None req-c13af190-e928-4fff-824a-a712b2154b02 600c7a68488b40ebab5c2ff7a950bf0d 812d88658ac24e2fb88b756705993aea - - default default] Successfully bumped revision number for resource 1afbc19f-12af-4994-a23e-195fc21142de (type: security_group_rules) to 0 [pid: 7|app: 0|req: 962/2037] 10.0.0.42 () {34 vars in 693 bytes} [Thu Feb 26 02:57:04 2026] POST /v2.0/security-group-rules => generated 601 bytes in 403 msecs (HTTP/1.1 201) 4 headers in 162 bytes (1 switches on core 0) [pid: 7|app: 0|req: 963/2038] 10.0.0.42 () {32 vars in 645 bytes} [Thu Feb 26 02:57:04 2026] GET /v2.0/routers => generated 4814 bytes in 163 msecs (HTTP/1.1 200) 4 headers in 158 bytes (1 switches on core 0)
2026-02-26 02:57:04.629 8 WARNING neutron.scheduler.dhcp_agent_scheduler [None req-3f0d58e7-88a1-4150-be1f-222b0570e40a 4d1ceef61b664214aa1bc4e2569fd554 6febd3b0c577449abca6eeb8fec5f9ab - - default default] No more DHCP agents
2026-02-26 02:57:04.631 8 WARNING neutron.api.rpc.agentnotifiers.dhcp_rpc_agent_api [None req-3f0d58e7-88a1-4150-be1f-222b0570e40a 4d1ceef61b664214aa1bc4e2569fd554 6febd3b0c577449abca6eeb8fec5f9ab - - default default] Unable to schedule network df3ef765-743b-452a-9018-f3ae8a81a8be: no agents available; will retry on subsequent port and subnet creation events.
2026-02-26 02:57:04.651 7 INFO neutron.db.ovn_revision_numbers_db [None req-7445885b-cc3d-4895-8936-c96f9088a97e - - - - - -] Successfully bumped revision number for resource 4f5fcb54-6312-44e7-9d4b-dbdcdcb194e3 (type: ports) to 7
