2026-02-26 02:55:53.864 8 INFO neutron.notifiers.nova [-] Nova event matching ['req-cc9ee8d2-c350-4bcb-9a4a-17d1248ea5df'] response: {'name': 'network-changed', 'server_uuid': '598d7900-6011-457d-9070-6ef754f25703', 'tag': 'e81de1d5-f65e-407d-ba78-8002c14bd929', 'status': 'completed', 'code': 200} [pid: 7|app: 0|req: 735/1545] 10.0.0.42 () {32 vars in 738 bytes} [Thu Feb 26 02:55:53 2026] DELETE /v2.0/security-groups/a65f1be2-96ca-44eb-a57e-76e11ca90d1f => generated 0 bytes in 345 msecs (HTTP/1.1 204) 2 headers in 112 bytes (1 switches on core 0)
2026-02-26 02:55:54.160 8 INFO neutron.db.ovn_revision_numbers_db [None req-78fdc0e0-55d2-4aa1-9b22-cf6acb6cec72 8bf21e68de9848729d05dadc0f4e158b 0ef8114469054cb09805e0c660607022 - - default default] Successfully bumped revision number for resource 61095702-fd8e-4f22-9ecd-6c42c9dd66b5 (type: security_groups) to 1
2026-02-26 02:55:54.169 8 INFO neutron.db.ovn_revision_numbers_db [None req-78fdc0e0-55d2-4aa1-9b22-cf6acb6cec72 8bf21e68de9848729d05dadc0f4e158b 0ef8114469054cb09805e0c660607022 - - default default] Successfully bumped revision number for resource 029bd5d5-3ad0-4f34-b024-81815b07bc0a (type: security_group_rules) to 0
2026-02-26 02:55:54.179 8 INFO neutron.db.ovn_revision_numbers_db [None req-78fdc0e0-55d2-4aa1-9b22-cf6acb6cec72 8bf21e68de9848729d05dadc0f4e158b 0ef8114469054cb09805e0c660607022 - - default default] Successfully bumped revision number for resource 2bf651e3-0b49-440b-9a4e-71a3b6c4600d (type: security_group_rules) to 0
2026-02-26 02:55:54.191 8 INFO neutron.db.ovn_revision_numbers_db [None req-78fdc0e0-55d2-4aa1-9b22-cf6acb6cec72 8bf21e68de9848729d05dadc0f4e158b 0ef8114469054cb09805e0c660607022 - - default default] Successfully bumped revision number for resource 86fa7e66-41c4-48a1-991c-fdfb260f7dfb (type: security_group_rules) to 0
2026-02-26 02:55:54.202 8 INFO neutron.db.ovn_revision_numbers_db [None req-78fdc0e0-55d2-4aa1-9b22-cf6acb6cec72 8bf21e68de9848729d05dadc0f4e158b 0ef8114469054cb09805e0c660607022 - - default default] Successfully bumped revision number for resource d04ade0e-0eeb-40e6-a4aa-d7945990ec44 (type: security_group_rules) to 0
2026-02-26 02:55:54.272 8 INFO neutron.db.segments_db [None req-78fdc0e0-55d2-4aa1-9b22-cf6acb6cec72 8bf21e68de9848729d05dadc0f4e158b 0ef8114469054cb09805e0c660607022 - - default default] Added segment 260c5639-0af1-48e5-bad9-d4d22f20728d of type geneve for network 09936a07-a8a7-4a03-b703-823a77a6f938
2026-02-26 02:55:54.391 8 INFO neutron.db.ovn_revision_numbers_db [None req-78fdc0e0-55d2-4aa1-9b22-cf6acb6cec72 8bf21e68de9848729d05dadc0f4e158b 0ef8114469054cb09805e0c660607022 - - default default] Successfully bumped revision number for resource 09936a07-a8a7-4a03-b703-823a77a6f938 (type: networks) to 1 [pid: 7|app: 0|req: 736/1546] 199.204.45.229 () {34 vars in 1079 bytes} [Thu Feb 26 02:55:54 2026] GET /v2.0/ports?tenant_id=8e5a6e6bf15f4a2896da7d1decfc227a&device_id=598d7900-6011-457d-9070-6ef754f25703 => generated 1436 bytes in 49 msecs (HTTP/1.1 200) 4 headers in 158 bytes (1 switches on core 0) [pid: 7|app: 0|req: 737/1547] 199.204.45.229 () {34 vars in 1017 bytes} [Thu Feb 26 02:55:54 2026] GET /v2.0/networks?tenant_id=8e5a6e6bf15f4a2896da7d1decfc227a&shared=False => generated 2498 bytes in 55 msecs (HTTP/1.1 200) 4 headers in 158 bytes (1 switches on core 0) [pid: 7|app: 0|req: 738/1548] 199.204.45.229 () {34 vars in 929 bytes} [Thu Feb 26 02:55:54 2026] GET /v2.0/networks?shared=True => generated 791 bytes in 64 msecs (HTTP/1.1 200) 4 headers in 157 bytes (1 switches on core 0)
2026-02-26 02:55:54.595 8 WARNING neutron.scheduler.dhcp_agent_scheduler [None req-78fdc0e0-55d2-4aa1-9b22-cf6acb6cec72 8bf21e68de9848729d05dadc0f4e158b 0ef8114469054cb09805e0c660607022 - - default default] No more DHCP agents
2026-02-26 02:55:54.599 8 WARNING neutron.api.rpc.agentnotifiers.dhcp_rpc_agent_api [None req-78fdc0e0-55d2-4aa1-9b22-cf6acb6cec72 8bf21e68de9848729d05dadc0f4e158b 0ef8114469054cb09805e0c660607022 - - default default] Unable to schedule network 09936a07-a8a7-4a03-b703-823a77a6f938: no agents available; will retry on subsequent port and subnet creation events.
2026-02-26 02:55:54.679 7 INFO neutron.plugins.ml2.drivers.ovn.mech_driver.mech_driver [None req-8f25925e-90f9-4bd1-9064-58db4b0f7abf - - - - - -] OVN reports status down for port: bc6d073a-0aee-4683-8588-445b1c15ccd4
2026-02-26 02:55:54.732 8 INFO neutron.db.ovn_revision_numbers_db [None req-78fdc0e0-55d2-4aa1-9b22-cf6acb6cec72 8bf21e68de9848729d05dadc0f4e158b 0ef8114469054cb09805e0c660607022 - - default default] Successfully bumped revision number for resource bc6d073a-0aee-4683-8588-445b1c15ccd4 (type: ports) to 1 [pid: 8|app: 0|req: 811/1549] 10.0.0.42 () {34 vars in 669 bytes} [Thu Feb 26 02:55:53 2026] POST /v2.0/networks => generated 779 bytes in 891 msecs (HTTP/1.1 201) 4 headers in 162 bytes (1 switches on core 0)
2026-02-26 02:55:54.905 7 WARNING neutron.scheduler.dhcp_agent_scheduler [None req-dadcb90b-5051-4770-a09a-c3a048ca3846 8bf21e68de9848729d05dadc0f4e158b 0ef8114469054cb09805e0c660607022 - - default default] No more DHCP agents
2026-02-26 02:55:54.907 7 WARNING neutron.api.rpc.agentnotifiers.dhcp_rpc_agent_api [None req-dadcb90b-5051-4770-a09a-c3a048ca3846 8bf21e68de9848729d05dadc0f4e158b 0ef8114469054cb09805e0c660607022 - - default default] Unable to schedule network 09936a07-a8a7-4a03-b703-823a77a6f938: no agents available; will retry on subsequent port and subnet creation events.
2026-02-26 02:55:55.369 7 INFO neutron.db.ovn_revision_numbers_db [None req-f9703160-6fad-475b-a587-7a0179745bfa - - - - - -] Successfully bumped revision number for resource bc6d073a-0aee-4683-8588-445b1c15ccd4 (type: ports) to 2
2026-02-26 02:55:55.404 7 INFO neutron.db.ovn_revision_numbers_db [None req-f9703160-6fad-475b-a587-7a0179745bfa - - - - - -] Successfully bumped revision number for resource 25942cfe-574f-4564-96a9-09890edce114 (type: subnets) to 0 [pid: 7|app: 0|req: 739/1550] 10.0.0.42 () {34 vars in 667 bytes} [Thu Feb 26 02:55:54 2026] POST /v2.0/subnets => generated 685 bytes in 667 msecs (HTTP/1.1 201) 4 headers in 162 bytes (1 switches on core 0) [pid: 7|app: 0|req: 740/1551] 199.204.45.229 () {34 vars in 1079 bytes} [Thu Feb 26 02:55:55 2026] GET /v2.0/ports?tenant_id=8e5a6e6bf15f4a2896da7d1decfc227a&device_id=598d7900-6011-457d-9070-6ef754f25703 => generated 1436 bytes in 37 msecs (HTTP/1.1 200) 4 headers in 158 bytes (1 switches on core 0) [pid: 7|app: 0|req: 741/1552] 199.204.45.229 () {34 vars in 1055 bytes} [Thu Feb 26 02:55:55 2026] GET /v2.0/floatingips?fixed_ip_address=10.2.2.87&port_id=e81de1d5-f65e-407d-ba78-8002c14bd929 => generated 19 bytes in 25 msecs (HTTP/1.1 200) 4 headers in 156 bytes (1 switches on core 0) [pid: 7|app: 0|req: 742/1553] 199.204.45.229 () {34 vars in 1105 bytes} [Thu Feb 26 02:55:55 2026] GET /v2.0/floatingips?fixed_ip_address=fd77%3A1457%3A4cf0%3A26a8%3A%3A252&port_id=e81de1d5-f65e-407d-ba78-8002c14bd929 => generated 19 bytes in 17 msecs (HTTP/1.1 200) 4 headers in 156 bytes (1 switches on core 0) [pid: 7|app: 0|req: 743/1554] 199.204.45.229 () {34 vars in 1063 bytes} [Thu Feb 26 02:55:55 2026] GET /v2.0/subnets?id=efe7c9ac-f296-4589-a40a-2258fee50f78&id=7f1a35f5-3217-4416-a836-3f60db0d1398 => generated 1415 bytes in 30 msecs (HTTP/1.1 200) 4 headers in 158 bytes (1 switches on core 0)
2026-02-26 02:55:55.842 8 WARNING neutron.scheduler.dhcp_agent_scheduler [None req-565972b3-bed7-4027-961d-15b77b185106 8bf21e68de9848729d05dadc0f4e158b 0ef8114469054cb09805e0c660607022 - - default default] No more DHCP agents
2026-02-26 02:55:55.843 8 WARNING neutron.api.rpc.agentnotifiers.dhcp_rpc_agent_api [None req-565972b3-bed7-4027-961d-15b77b185106 8bf21e68de9848729d05dadc0f4e158b 0ef8114469054cb09805e0c660607022 - - default default] Unable to schedule network a4e03add-7edf-45db-86bd-9bd6d21655cc: no agents available; will retry on subsequent port and subnet creation events.
2026-02-26 02:55:56.001 7 INFO neutron.plugins.ml2.drivers.ovn.mech_driver.mech_driver [None req-8f25925e-90f9-4bd1-9064-58db4b0f7abf - - - - - -] OVN reports status down for port: cf8da429-e1b9-4ec2-a8f0-36141a941bc9
2026-02-26 02:55:56.014 8 INFO neutron.db.ovn_revision_numbers_db [None req-565972b3-bed7-4027-961d-15b77b185106 8bf21e68de9848729d05dadc0f4e158b 0ef8114469054cb09805e0c660607022 - - default default] Successfully bumped revision number for resource cf8da429-e1b9-4ec2-a8f0-36141a941bc9 (type: ports) to 1
2026-02-26 02:55:56.126 7 INFO neutron.db.ovn_revision_numbers_db [None req-be848d46-9c8a-4bb9-b4cc-c737cac2c525 8bf21e68de9848729d05dadc0f4e158b 0ef8114469054cb09805e0c660607022 - - default default] Successfully bumped revision number for resource c5c95f64-a1df-4143-beb3-4705a34b5a02 (type: security_groups) to 1
2026-02-26 02:55:56.137 7 INFO neutron.db.ovn_revision_numbers_db [None req-be848d46-9c8a-4bb9-b4cc-c737cac2c525 8bf21e68de9848729d05dadc0f4e158b 0ef8114469054cb09805e0c660607022 - - default default] Successfully bumped revision number for resource 001310d7-2b15-4628-81ec-5c1761d03517 (type: security_group_rules) to 0
2026-02-26 02:55:56.152 7 INFO neutron.db.ovn_revision_numbers_db [None req-be848d46-9c8a-4bb9-b4cc-c737cac2c525 8bf21e68de9848729d05dadc0f4e158b 0ef8114469054cb09805e0c660607022 - - default default] Successfully bumped revision number for resource af6ce438-2374-4479-924b-8511d8f04d0d (type: security_group_rules) to 0
2026-02-26 02:55:56.165 7 INFO neutron.db.ovn_revision_numbers_db [None req-be848d46-9c8a-4bb9-b4cc-c737cac2c525 8bf21e68de9848729d05dadc0f4e158b 0ef8114469054cb09805e0c660607022 - - default default] Successfully bumped revision number for resource f9b8b3ca-d842-4da3-adb5-69998d38b118 (type: security_group_rules) to 0
2026-02-26 02:55:56.179 7 INFO neutron.db.ovn_revision_numbers_db [None req-be848d46-9c8a-4bb9-b4cc-c737cac2c525 8bf21e68de9848729d05dadc0f4e158b 0ef8114469054cb09805e0c660607022 - - default default] Successfully bumped revision number for resource fdcdf625-32e1-4047-813a-e1bd174275e1 (type: security_group_rules) to 0
2026-02-26 02:55:56.267 7 INFO neutron.db.segments_db [None req-be848d46-9c8a-4bb9-b4cc-c737cac2c525 8bf21e68de9848729d05dadc0f4e158b 0ef8114469054cb09805e0c660607022 - - default default] Added segment 169a6c26-7705-4858-9b66-c8efc32bf646 of type geneve for network 9d3a094d-7053-48e0-842c-dbe495f5b73d
2026-02-26 02:55:56.404 7 INFO neutron.db.ovn_revision_numbers_db [None req-be848d46-9c8a-4bb9-b4cc-c737cac2c525 8bf21e68de9848729d05dadc0f4e158b 0ef8114469054cb09805e0c660607022 - - default default] Successfully bumped revision number for resource 9d3a094d-7053-48e0-842c-dbe495f5b73d (type: networks) to 1
2026-02-26 02:55:56.555 7 WARNING neutron.scheduler.dhcp_agent_scheduler [None req-be848d46-9c8a-4bb9-b4cc-c737cac2c525 8bf21e68de9848729d05dadc0f4e158b 0ef8114469054cb09805e0c660607022 - - default default] No more DHCP agents
2026-02-26 02:55:56.556 7 WARNING neutron.api.rpc.agentnotifiers.dhcp_rpc_agent_api [None req-be848d46-9c8a-4bb9-b4cc-c737cac2c525 8bf21e68de9848729d05dadc0f4e158b 0ef8114469054cb09805e0c660607022 - - default default] Unable to schedule network 9d3a094d-7053-48e0-842c-dbe495f5b73d: no agents available; will retry on subsequent port and subnet creation events.
2026-02-26 02:55:56.622 7 INFO neutron.plugins.ml2.drivers.ovn.mech_driver.mech_driver [None req-8f25925e-90f9-4bd1-9064-58db4b0f7abf - - - - - -] OVN reports status down for port: af514cc5-447a-4630-ab25-82d1db7aae51
2026-02-26 02:55:56.659 8 INFO neutron.plugins.ml2.drivers.ovn.mech_driver.ovsdb.commands [-] Schedule LRP lrp-cf8da429-e1b9-4ec2-a8f0-36141a941bc9 on gateway fd2275da-24f8-4385-8427-c3bb591cc59f with priority 1
2026-02-26 02:55:56.743 7 INFO neutron.db.ovn_revision_numbers_db [None req-be848d46-9c8a-4bb9-b4cc-c737cac2c525 8bf21e68de9848729d05dadc0f4e158b 0ef8114469054cb09805e0c660607022 - - default default] Successfully bumped revision number for resource af514cc5-447a-4630-ab25-82d1db7aae51 (type: ports) to 1
2026-02-26 02:55:56.803 8 INFO neutron.db.ovn_revision_numbers_db [None req-565972b3-bed7-4027-961d-15b77b185106 8bf21e68de9848729d05dadc0f4e158b 0ef8114469054cb09805e0c660607022 - - default default] Successfully bumped revision number for resource cf8da429-e1b9-4ec2-a8f0-36141a941bc9 (type: router_ports) to 1 [pid: 7|app: 0|req: 744/1555] 10.0.0.42 () {34 vars in 669 bytes} [Thu Feb 26 02:55:55 2026] POST /v2.0/networks => generated 780 bytes in 1150 msecs (HTTP/1.1 201) 4 headers in 162 bytes (1 switches on core 0)
2026-02-26 02:55:56.886 8 INFO neutron.db.ovn_revision_numbers_db [None req-565972b3-bed7-4027-961d-15b77b185106 8bf21e68de9848729d05dadc0f4e158b 0ef8114469054cb09805e0c660607022 - - default default] Successfully bumped revision number for resource 3b474bab-57b3-406b-b2d6-7c672aad769c (type: routers) to 2 [pid: 8|app: 0|req: 812/1556] 10.0.0.42 () {34 vars in 667 bytes} [Thu Feb 26 02:55:55 2026] POST /v2.0/routers => generated 963 bytes in 1477 msecs (HTTP/1.1 201) 4 headers in 162 bytes (1 switches on core 0) [pid: 7|app: 0|req: 745/1557] 199.204.45.229 () {34 vars in 1051 bytes} [Thu Feb 26 02:55:56 2026] GET /v2.0/ports?network_id=675add0a-e7fd-407a-81a4-a541781a801e&device_owner=network%3Adhcp => generated 12 bytes in 49 msecs (HTTP/1.1 200) 4 headers in 156 bytes (1 switches on core 0)
2026-02-26 02:55:56.957 7 INFO neutron.plugins.ml2.drivers.ovn.mech_driver.ovsdb.ovsdb_monitor [None req-57a7bfdd-2c46-4794-a3d4-3d114e4af143 - - - - - -] Router 3b474bab-57b3-406b-b2d6-7c672aad769c is bound to host instance
2026-02-26 02:55:57.029 7 INFO neutron.plugins.ml2.drivers.ovn.mech_driver.mech_driver [None req-8f25925e-90f9-4bd1-9064-58db4b0f7abf - - - - - -] OVN reports status up for port: cf8da429-e1b9-4ec2-a8f0-36141a941bc9
2026-02-26 02:55:57.041 8 WARNING neutron.scheduler.dhcp_agent_scheduler [None req-4e1a0832-cbf2-4fc1-bbcc-0e5fac487fd0 8bf21e68de9848729d05dadc0f4e158b 0ef8114469054cb09805e0c660607022 - - default default] No more DHCP agents
2026-02-26 02:55:57.043 8 WARNING neutron.api.rpc.agentnotifiers.dhcp_rpc_agent_api [None req-4e1a0832-cbf2-4fc1-bbcc-0e5fac487fd0 8bf21e68de9848729d05dadc0f4e158b 0ef8114469054cb09805e0c660607022 - - default default] Unable to schedule network 9d3a094d-7053-48e0-842c-dbe495f5b73d: no agents available; will retry on subsequent port and subnet creation events.
2026-02-26 02:55:57.053 7 INFO neutron.plugins.ml2.plugin [None req-8f25925e-90f9-4bd1-9064-58db4b0f7abf - - - - - -] Attempt 1 to provision port cf8da429-e1b9-4ec2-a8f0-36141a941bc9
2026-02-26 02:55:57.527 8 INFO neutron.db.ovn_revision_numbers_db [None req-6f927420-c28b-4e3f-bb75-73f84cd9e5d7 - - - - - -] Successfully bumped revision number for resource af514cc5-447a-4630-ab25-82d1db7aae51 (type: ports) to 2
2026-02-26 02:55:57.558 8 INFO neutron.db.ovn_revision_numbers_db [None req-6f927420-c28b-4e3f-bb75-73f84cd9e5d7 - - - - - -] Successfully bumped revision number for resource acd916b2-284f-4b0c-a68c-f0c153e948fe (type: subnets) to 0 [pid: 8|app: 0|req: 813/1558] 10.0.0.42 () {34 vars in 667 bytes} [Thu Feb 26 02:55:56 2026] POST /v2.0/subnets => generated 687 bytes in 669 msecs (HTTP/1.1 201) 4 headers in 162 bytes (1 switches on core 0) [pid: 8|app: 0|req: 814/1559] 199.204.45.229 () {34 vars in 1051 bytes} [Thu Feb 26 02:55:57 2026] GET /v2.0/ports?network_id=675add0a-e7fd-407a-81a4-a541781a801e&device_owner=network%3Adhcp => generated 12 bytes in 16 msecs (HTTP/1.1 200) 4 headers in 156 bytes (1 switches on core 0)
2026-02-26 02:55:57.935 8 WARNING neutron.scheduler.dhcp_agent_scheduler [None req-adbee7c4-97c2-4a86-bc8b-f045b202769c 8bf21e68de9848729d05dadc0f4e158b 0ef8114469054cb09805e0c660607022 - - default default] No more DHCP agents
2026-02-26 02:55:57.936 8 WARNING neutron.api.rpc.agentnotifiers.dhcp_rpc_agent_api [None req-adbee7c4-97c2-4a86-bc8b-f045b202769c 8bf21e68de9848729d05dadc0f4e158b 0ef8114469054cb09805e0c660607022 - - default default] Unable to schedule network a4e03add-7edf-45db-86bd-9bd6d21655cc: no agents available; will retry on subsequent port and subnet creation events.
2026-02-26 02:55:57.937 7 WARNING neutron.scheduler.dhcp_agent_scheduler [None req-72fa47c4-a9b6-4709-9613-5f330f9bcc05 8bf21e68de9848729d05dadc0f4e158b 0ef8114469054cb09805e0c660607022 - - default default] No more DHCP agents
2026-02-26 02:55:57.939 7 WARNING neutron.api.rpc.agentnotifiers.dhcp_rpc_agent_api [None req-72fa47c4-a9b6-4709-9613-5f330f9bcc05 8bf21e68de9848729d05dadc0f4e158b 0ef8114469054cb09805e0c660607022 - - default default] Unable to schedule network 09936a07-a8a7-4a03-b703-823a77a6f938: no agents available; will retry on subsequent port and subnet creation events.
2026-02-26 02:55:58.111 8 INFO neutron.db.ovn_revision_numbers_db [None req-adbee7c4-97c2-4a86-bc8b-f045b202769c 8bf21e68de9848729d05dadc0f4e158b 0ef8114469054cb09805e0c660607022 - - default default] Successfully bumped revision number for resource 40ba78ef-0122-44b2-8f1c-cb0212278a8b (type: ports) to 1
2026-02-26 02:55:58.344 7 INFO neutron.db.ovn_revision_numbers_db [None req-72fa47c4-a9b6-4709-9613-5f330f9bcc05 8bf21e68de9848729d05dadc0f4e158b 0ef8114469054cb09805e0c660607022 - - default default] Successfully bumped revision number for resource a55eca9c-65ad-4f30-bbf6-c04bd872e178 (type: ports) to 1
2026-02-26 02:55:58.718 7 INFO neutron.db.ovn_revision_numbers_db [None req-793b6b77-b684-46a7-91a7-d3bfad271b5b - - - - - -] Successfully bumped revision number for resource cf8da429-e1b9-4ec2-a8f0-36141a941bc9 (type: ports) to 4
2026-02-26 02:55:58.738 8 INFO neutron.plugins.ml2.drivers.ovn.mech_driver.ovsdb.commands [-] Schedule LRP lrp-40ba78ef-0122-44b2-8f1c-cb0212278a8b on gateway fd2275da-24f8-4385-8427-c3bb591cc59f with priority 1
2026-02-26 02:55:58.875 8 INFO neutron.db.ovn_revision_numbers_db [None req-adbee7c4-97c2-4a86-bc8b-f045b202769c 8bf21e68de9848729d05dadc0f4e158b 0ef8114469054cb09805e0c660607022 - - default default] Successfully bumped revision number for resource 40ba78ef-0122-44b2-8f1c-cb0212278a8b (type: router_ports) to 1
2026-02-26 02:55:58.979 8 INFO neutron.db.ovn_revision_numbers_db [None req-adbee7c4-97c2-4a86-bc8b-f045b202769c 8bf21e68de9848729d05dadc0f4e158b 0ef8114469054cb09805e0c660607022 - - default default] Successfully bumped revision number for resource 8b04fa8e-0d7c-48cf-8d0e-442c4dc2cf0b (type: routers) to 2 [pid: 8|app: 0|req: 815/1560] 10.0.0.42 () {34 vars in 667 bytes} [Thu Feb 26 02:55:57 2026] POST /v2.0/routers => generated 965 bytes in 1411 msecs (HTTP/1.1 201) 4 headers in 162 bytes (1 switches on core 0) [pid: 8|app: 0|req: 816/1561] 199.204.45.229 () {34 vars in 1011 bytes} [Thu Feb 26 02:55:59 2026] GET /v2.0/networks/675add0a-e7fd-407a-81a4-a541781a801e?fields=segments => generated 14 bytes in 50 msecs (HTTP/1.1 200) 4 headers in 156 bytes (1 switches on core 0)
2026-02-26 02:55:59.381 8 INFO neutron.db.ovn_revision_numbers_db [None req-9b487ceb-ab69-4fd8-8df2-64f47e1b2911 8bf21e68de9848729d05dadc0f4e158b 0ef8114469054cb09805e0c660607022 - - default default] Successfully bumped revision number for resource 2913dff6-d6a1-4b5f-a270-5a9cac5d240e (type: security_groups) to 1
2026-02-26 02:55:59.407 8 INFO neutron.db.ovn_revision_numbers_db [None req-9b487ceb-ab69-4fd8-8df2-64f47e1b2911 8bf21e68de9848729d05dadc0f4e158b 0ef8114469054cb09805e0c660607022 - - default default] Successfully bumped revision number for resource 47f54486-3ab9-494a-bebf-0feb29fa21b0 (type: security_group_rules) to 0
2026-02-26 02:55:59.424 8 INFO neutron.db.ovn_revision_numbers_db [None req-9b487ceb-ab69-4fd8-8df2-64f47e1b2911 8bf21e68de9848729d05dadc0f4e158b 0ef8114469054cb09805e0c660607022 - - default default] Successfully bumped revision number for resource 8e771c6c-febd-4ef3-b607-481c9e20271a (type: security_group_rules) to 0
2026-02-26 02:55:59.438 8 INFO neutron.db.ovn_revision_numbers_db [None req-9b487ceb-ab69-4fd8-8df2-64f47e1b2911 8bf21e68de9848729d05dadc0f4e158b 0ef8114469054cb09805e0c660607022 - - default default] Successfully bumped revision number for resource bab2c133-e72c-4d8c-8624-7b648b795f09 (type: security_group_rules) to 0
2026-02-26 02:55:59.449 8 INFO neutron.db.ovn_revision_numbers_db [None req-9b487ceb-ab69-4fd8-8df2-64f47e1b2911 8bf21e68de9848729d05dadc0f4e158b 0ef8114469054cb09805e0c660607022 - - default default] Successfully bumped revision number for resource fb67d306-990a-4625-90c5-82410fdb9ce7 (type: security_group_rules) to 0 [pid: 8|app: 0|req: 817/1562] 10.0.0.42 () {32 vars in 772 bytes} [Thu Feb 26 02:55:59 2026] GET /v2.0/security-groups?tenant_id=3138ba131434434b9e97219ac0f41911&name=default => generated 2925 bytes in 460 msecs (HTTP/1.1 200) 4 headers in 158 bytes (1 switches on core 0)
2026-02-26 02:55:59.619 7 INFO neutron.db.ovn_revision_numbers_db [None req-793b6b77-b684-46a7-91a7-d3bfad271b5b - - - - - -] Successfully bumped revision number for resource cf8da429-e1b9-4ec2-a8f0-36141a941bc9 (type: ports) to 5 [pid: 8|app: 0|req: 818/1563] 10.0.0.106 () {34 vars in 989 bytes} [Thu Feb 26 02:55:59 2026] GET /v2.0/ports?device_id=598d7900-6011-457d-9070-6ef754f25703 => generated 1198 bytes in 126 msecs (HTTP/1.1 200) 4 headers in 158 bytes (1 switches on core 0)
2026-02-26 02:55:59.654 7 WARNING neutron.scheduler.dhcp_agent_scheduler [None req-72fa47c4-a9b6-4709-9613-5f330f9bcc05 8bf21e68de9848729d05dadc0f4e158b 0ef8114469054cb09805e0c660607022 - - default default] No more DHCP agents
2026-02-26 02:55:59.657 7 WARNING neutron.api.rpc.agentnotifiers.dhcp_rpc_agent_api [None req-72fa47c4-a9b6-4709-9613-5f330f9bcc05 8bf21e68de9848729d05dadc0f4e158b 0ef8114469054cb09805e0c660607022 - - default default] Unable to schedule network 09936a07-a8a7-4a03-b703-823a77a6f938: no agents available; will retry on subsequent port and subnet creation events.
2026-02-26 02:55:59.771 7 INFO neutron.plugins.ml2.drivers.ovn.mech_driver.ovsdb.ovsdb_monitor [None req-793b6b77-b684-46a7-91a7-d3bfad271b5b - - - - - -] Router 8b04fa8e-0d7c-48cf-8d0e-442c4dc2cf0b is bound to host instance
2026-02-26 02:55:59.956 7 INFO neutron.plugins.ml2.drivers.ovn.mech_driver.mech_driver [None req-8f25925e-90f9-4bd1-9064-58db4b0f7abf - - - - - -] OVN reports status down for port: 40ba78ef-0122-44b2-8f1c-cb0212278a8b
2026-02-26 02:56:00.130 7 WARNING neutron.plugins.ml2.drivers.ovn.mech_driver.ovsdb.ovn_client [None req-8f25925e-90f9-4bd1-9064-58db4b0f7abf - - - - - -] Logical_Switch_Port 40ba78ef-0122-44b2-8f1c-cb0212278a8b host information not removed, the port state is up
2026-02-26 02:56:00.130 7 INFO neutron.plugins.ml2.drivers.ovn.mech_driver.mech_driver [None req-8f25925e-90f9-4bd1-9064-58db4b0f7abf - - - - - -] OVN reports status down for port: a55eca9c-65ad-4f30-bbf6-c04bd872e178
2026-02-26 02:56:00.162 8 WARNING neutron.scheduler.dhcp_agent_scheduler [None req-e453a7a0-b273-4086-9a8d-0ef17c0e201c 8bf21e68de9848729d05dadc0f4e158b 0ef8114469054cb09805e0c660607022 - - default default] No more DHCP agents
2026-02-26 02:56:00.167 8 WARNING neutron.api.rpc.agentnotifiers.dhcp_rpc_agent_api [None req-e453a7a0-b273-4086-9a8d-0ef17c0e201c 8bf21e68de9848729d05dadc0f4e158b 0ef8114469054cb09805e0c660607022 - - default default] Unable to schedule network 9d3a094d-7053-48e0-842c-dbe495f5b73d: no agents available; will retry on subsequent port and subnet creation events.
2026-02-26 02:56:00.287 7 WARNING neutron.plugins.ml2.drivers.ovn.mech_driver.ovsdb.ovn_client [None req-8f25925e-90f9-4bd1-9064-58db4b0f7abf - - - - - -] Logical_Switch_Port a55eca9c-65ad-4f30-bbf6-c04bd872e178 host information not removed, the port state is up
2026-02-26 02:56:00.288 7 INFO neutron.plugins.ml2.drivers.ovn.mech_driver.mech_driver [None req-8f25925e-90f9-4bd1-9064-58db4b0f7abf - - - - - -] OVN reports status up for port: 40ba78ef-0122-44b2-8f1c-cb0212278a8b
2026-02-26 02:56:00.349 7 INFO neutron.plugins.ml2.plugin [None req-8f25925e-90f9-4bd1-9064-58db4b0f7abf - - - - - -] Attempt 1 to provision port 40ba78ef-0122-44b2-8f1c-cb0212278a8b
2026-02-26 02:56:00.379 8 INFO neutron.db.ovn_revision_numbers_db [None req-e453a7a0-b273-4086-9a8d-0ef17c0e201c 8bf21e68de9848729d05dadc0f4e158b 0ef8114469054cb09805e0c660607022 - - default default] Successfully bumped revision number for resource ab24ec2e-bd71-4566-bc69-6e1f93cd687d (type: ports) to 1
2026-02-26 02:56:00.693 7 INFO neutron.db.ovn_revision_numbers_db [None req-72fa47c4-a9b6-4709-9613-5f330f9bcc05 8bf21e68de9848729d05dadc0f4e158b 0ef8114469054cb09805e0c660607022 - - default default] Successfully bumped revision number for resource a55eca9c-65ad-4f30-bbf6-c04bd872e178 (type: router_ports) to 1 [pid: 7|app: 0|req: 746/1564] 10.0.0.42 () {34 vars in 781 bytes} [Thu Feb 26 02:55:56 2026] PUT /v2.0/routers/3b474bab-57b3-406b-b2d6-7c672aad769c/add_router_interface => generated 309 bytes in 3794 msecs (HTTP/1.1 200) 4 headers in 157 bytes (1 switches on core 0) [pid: 7|app: 0|req: 747/1565] 199.204.45.229 () {34 vars in 1111 bytes} [Thu Feb 26 02:56:00 2026] GET /v2.0/networks/675add0a-e7fd-407a-81a4-a541781a801e?fields=provider%3Aphysical_network&fields=provider%3Anetwork_type => generated 79 bytes in 61 msecs (HTTP/1.1 200) 4 headers in 156 bytes (1 switches on core 0)
2026-02-26 02:56:01.175 8 WARNING neutron.scheduler.dhcp_agent_scheduler [None req-e453a7a0-b273-4086-9a8d-0ef17c0e201c 8bf21e68de9848729d05dadc0f4e158b 0ef8114469054cb09805e0c660607022 - - default default] No more DHCP agents
2026-02-26 02:56:01.176 8 WARNING neutron.api.rpc.agentnotifiers.dhcp_rpc_agent_api [None req-e453a7a0-b273-4086-9a8d-0ef17c0e201c 8bf21e68de9848729d05dadc0f4e158b 0ef8114469054cb09805e0c660607022 - - default default] Unable to schedule network 9d3a094d-7053-48e0-842c-dbe495f5b73d: no agents available; will retry on subsequent port and subnet creation events. [pid: 7|app: 0|req: 748/1566] 10.0.0.42 () {32 vars in 738 bytes} [Thu Feb 26 02:56:00 2026] DELETE /v2.0/security-groups/2913dff6-d6a1-4b5f-a270-5a9cac5d240e => generated 0 bytes in 643 msecs (HTTP/1.1 204) 2 headers in 112 bytes (1 switches on core 0) [pid: 7|app: 0|req: 749/1567] 10.0.0.106 () {34 vars in 1039 bytes} [Thu Feb 26 02:56:01 2026] GET /v2.0/security-groups?id=956fccbc-889a-4035-998c-bf7b5bb4e641&fields=id&fields=name => generated 112 bytes in 78 msecs (HTTP/1.1 200) 4 headers in 157 bytes (1 switches on core 0)
2026-02-26 02:56:01.714 8 INFO neutron.db.ovn_revision_numbers_db [None req-e453a7a0-b273-4086-9a8d-0ef17c0e201c 8bf21e68de9848729d05dadc0f4e158b 0ef8114469054cb09805e0c660607022 - - default default] Successfully bumped revision number for resource ab24ec2e-bd71-4566-bc69-6e1f93cd687d (type: router_ports) to 1 [pid: 8|app: 0|req: 819/1568] 10.0.0.42 () {34 vars in 781 bytes} [Thu Feb 26 02:55:59 2026] PUT /v2.0/routers/8b04fa8e-0d7c-48cf-8d0e-442c4dc2cf0b/add_router_interface => generated 309 bytes in 2081 msecs (HTTP/1.1 200) 4 headers in 157 bytes (1 switches on core 0)
2026-02-26 02:56:01.841 7 INFO neutron.db.ovn_revision_numbers_db [None req-639aa5f9-cd11-4213-baab-3af04adcf63e 585f054d110d4e36acc016c5e03c14ed 0d2c0cf97e724281be176012cc90ded3 - - default default] Successfully bumped revision number for resource 49a40ddc-19e2-4063-bba7-7ef513163f53 (type: security_groups) to 1
2026-02-26 02:56:01.881 7 INFO neutron.db.ovn_revision_numbers_db [None req-639aa5f9-cd11-4213-baab-3af04adcf63e 585f054d110d4e36acc016c5e03c14ed 0d2c0cf97e724281be176012cc90ded3 - - default default] Successfully bumped revision number for resource 095e292e-b0e9-4330-b060-e55346ea6635 (type: security_group_rules) to 0
2026-02-26 02:56:01.927 8 INFO neutron.db.ovn_revision_numbers_db [None req-3ce38f0a-cba8-4b28-bf6b-fd1b91898492 8bf21e68de9848729d05dadc0f4e158b 0ef8114469054cb09805e0c660607022 - - default default] Successfully bumped revision number for resource 03f02a0a-50f8-4275-892d-0ec1491e04db (type: security_groups) to 1
2026-02-26 02:56:01.928 7 INFO neutron.db.ovn_revision_numbers_db [None req-639aa5f9-cd11-4213-baab-3af04adcf63e 585f054d110d4e36acc016c5e03c14ed 0d2c0cf97e724281be176012cc90ded3 - - default default] Successfully bumped revision number for resource e1d2fb78-a626-4e81-ad49-a6a6108a60c3 (type: security_group_rules) to 0
2026-02-26 02:56:01.937 8 INFO neutron.db.ovn_revision_numbers_db [None req-3ce38f0a-cba8-4b28-bf6b-fd1b91898492 8bf21e68de9848729d05dadc0f4e158b 0ef8114469054cb09805e0c660607022 - - default default] Successfully bumped revision number for resource 69d748fc-76b5-4b60-b74e-793e469b8e6e (type: security_group_rules) to 0
2026-02-26 02:56:01.949 8 INFO neutron.db.ovn_revision_numbers_db [None req-3ce38f0a-cba8-4b28-bf6b-fd1b91898492 8bf21e68de9848729d05dadc0f4e158b 0ef8114469054cb09805e0c660607022 - - default default] Successfully bumped revision number for resource 96e14985-ec41-4678-b275-b3c7862b3d18 (type: security_group_rules) to 0
2026-02-26 02:56:01.961 8 INFO neutron.db.ovn_revision_numbers_db [None req-3ce38f0a-cba8-4b28-bf6b-fd1b91898492 8bf21e68de9848729d05dadc0f4e158b 0ef8114469054cb09805e0c660607022 - - default default] Successfully bumped revision number for resource acd32184-1004-4e35-95ee-3ec820ecbb3e (type: security_group_rules) to 0
2026-02-26 02:56:01.971 8 INFO neutron.db.ovn_revision_numbers_db [None req-3ce38f0a-cba8-4b28-bf6b-fd1b91898492 8bf21e68de9848729d05dadc0f4e158b 0ef8114469054cb09805e0c660607022 - - default default] Successfully bumped revision number for resource e8a35184-0175-4a7c-bfbc-5f6780090e60 (type: security_group_rules) to 0 [pid: 8|app: 0|req: 820/1569] 10.0.0.42 () {32 vars in 772 bytes} [Thu Feb 26 02:56:01 2026] GET /v2.0/security-groups?tenant_id=199eb9032302495e999a8cce65278c90&name=default => generated 2925 bytes in 285 msecs (HTTP/1.1 200) 4 headers in 158 bytes (1 switches on core 0) [pid: 8|app: 0|req: 821/1570] 10.0.0.42 () {32 vars in 738 bytes} [Thu Feb 26 02:56:02 2026] DELETE /v2.0/security-groups/03f02a0a-50f8-4275-892d-0ec1491e04db => generated 0 bytes in 292 msecs (HTTP/1.1 204) 2 headers in 112 bytes (1 switches on core 0) [pid: 7|app: 0|req: 750/1571] 10.0.0.42 () {34 vars in 683 bytes} [Thu Feb 26 02:56:01 2026] POST /v2.0/security-groups => generated 1660 bytes in 993 msecs (HTTP/1.1 201) 4 headers in 163 bytes (1 switches on core 0)
2026-02-26 02:56:02.649 8 INFO neutron.db.ovn_revision_numbers_db [None req-e60bcdc6-e461-47f2-bc50-fca1576a9615 585f054d110d4e36acc016c5e03c14ed 0d2c0cf97e724281be176012cc90ded3 - - default default] Successfully bumped revision number for resource e7304155-d348-462b-8a9f-f17b31225429 (type: security_group_rules) to 0 [pid: 8|app: 0|req: 822/1572] 10.0.0.42 () {34 vars in 693 bytes} [Thu Feb 26 02:56:02 2026] POST /v2.0/security-group-rules => generated 597 bytes in 194 msecs (HTTP/1.1 201) 4 headers in 162 bytes (1 switches on core 0)
2026-02-26 02:56:02.903 7 INFO neutron.db.ovn_revision_numbers_db [None req-bfe14a4f-1b43-4b65-ac24-1114758d3d93 - - - - - -] Successfully bumped revision number for resource 40ba78ef-0122-44b2-8f1c-cb0212278a8b (type: ports) to 4
2026-02-26 02:56:02.990 7 INFO neutron.db.ovn_revision_numbers_db [None req-ff4df5ea-bf10-4c5a-bff1-208b207b1fab 585f054d110d4e36acc016c5e03c14ed 0d2c0cf97e724281be176012cc90ded3 - - default default] Successfully bumped revision number for resource 420d1242-37ef-4075-ac67-ab434b29d3ab (type: security_group_rules) to 0
2026-02-26 02:56:03.008 7 INFO neutron.plugins.ml2.drivers.ovn.mech_driver.mech_driver [None req-8f25925e-90f9-4bd1-9064-58db4b0f7abf - - - - - -] OVN reports status up for port: a55eca9c-65ad-4f30-bbf6-c04bd872e178
2026-02-26 02:56:03.038 7 INFO neutron.plugins.ml2.plugin [None req-8f25925e-90f9-4bd1-9064-58db4b0f7abf - - - - - -] Attempt 1 to provision port a55eca9c-65ad-4f30-bbf6-c04bd872e178 [pid: 7|app: 0|req: 751/1573] 10.0.0.42 () {34 vars in 693 bytes} [Thu Feb 26 02:56:02 2026] POST /v2.0/security-group-rules => generated 602 bytes in 405 msecs (HTTP/1.1 201) 4 headers in 162 bytes (1 switches on core 0)
2026-02-26 02:56:03.321 8 WARNING neutron.scheduler.dhcp_agent_scheduler [None req-c72f5785-3304-4c3d-bee0-27a7d18c64b1 585f054d110d4e36acc016c5e03c14ed 0d2c0cf97e724281be176012cc90ded3 - - default default] No more DHCP agents
2026-02-26 02:56:03.322 8 WARNING neutron.api.rpc.agentnotifiers.dhcp_rpc_agent_api [None req-c72f5785-3304-4c3d-bee0-27a7d18c64b1 585f054d110d4e36acc016c5e03c14ed 0d2c0cf97e724281be176012cc90ded3 - - default default] Unable to schedule network a4e03add-7edf-45db-86bd-9bd6d21655cc: no agents available; will retry on subsequent port and subnet creation events.
2026-02-26 02:56:03.611 7 INFO neutron.db.ovn_revision_numbers_db [None req-bfe14a4f-1b43-4b65-ac24-1114758d3d93 - - - - - -] Successfully bumped revision number for resource 40ba78ef-0122-44b2-8f1c-cb0212278a8b (type: ports) to 5 [pid: 8|app: 0|req: 823/1574] 10.0.0.42 () {34 vars in 674 bytes} [Thu Feb 26 02:56:03 2026] POST /v2.0/floatingips => generated 552 bytes in 670 msecs (HTTP/1.1 201) 4 headers in 162 bytes (1 switches on core 0)
2026-02-26 02:56:03.886 7 INFO neutron.db.ovn_revision_numbers_db [None req-8f25925e-90f9-4bd1-9064-58db4b0f7abf - - - - - -] Successfully bumped revision number for resource a55eca9c-65ad-4f30-bbf6-c04bd872e178 (type: ports) to 2 [pid: 7|app: 0|req: 752/1575] 10.0.0.106 () {34 vars in 981 bytes} [Thu Feb 26 02:56:03 2026] GET /v2.0/networks?id=9d3a094d-7053-48e0-842c-dbe495f5b73d => generated 710 bytes in 51 msecs (HTTP/1.1 200) 4 headers in 157 bytes (1 switches on core 0) [pid: 8|app: 0|req: 824/1576] 10.0.0.106 () {34 vars in 964 bytes} [Thu Feb 26 02:56:04 2026] GET /v2.0/quotas/3d9127263c72403f8bdcdf99cc0fc735 => generated 292 bytes in 17 msecs (HTTP/1.1 200) 4 headers in 157 bytes (1 switches on core 0) [pid: 7|app: 0|req: 753/1577] 10.0.0.106 () {34 vars in 1001 bytes} [Thu Feb 26 02:56:04 2026] GET /v2.0/ports?tenant_id=3d9127263c72403f8bdcdf99cc0fc735&fields=id => generated 103 bytes in 72 msecs (HTTP/1.1 200) 4 headers in 157 bytes (1 switches on core 0) [pid: 8|app: 0|req: 825/1578] 10.0.0.106 () {34 vars in 1007 bytes} [Thu Feb 26 02:56:04 2026] GET /v2.0/networks/9d3a094d-7053-48e0-842c-dbe495f5b73d?fields=segments => generated 14 bytes in 38 msecs (HTTP/1.1 200) 4 headers in 156 bytes (1 switches on core 0) [pid: 7|app: 0|req: 754/1579] 10.0.0.106 () {34 vars in 1107 bytes} [Thu Feb 26 02:56:04 2026] GET /v2.0/networks/9d3a094d-7053-48e0-842c-dbe495f5b73d?fields=provider%3Aphysical_network&fields=provider%3Anetwork_type => generated 79 bytes in 41 msecs (HTTP/1.1 200) 4 headers in 156 bytes (1 switches on core 0) [pid: 8|app: 0|req: 826/1580] 10.0.0.106 () {34 vars in 1097 bytes} [Thu Feb 26 02:56:04 2026] GET /v2.0/security-groups?name=tempest-securitygroup--312728826&fields=id&tenant_id=0d2c0cf97e724281be176012cc90ded3 => generated 69 bytes in 32 msecs (HTTP/1.1 200) 4 headers in 156 bytes (1 switches on core 0) [pid: 7|app: 0|req: 755/1581] 10.0.0.106 () {34 vars in 981 bytes} [Thu Feb 26 02:56:04 2026] GET /v2.0/networks?id=09936a07-a8a7-4a03-b703-823a77a6f938 => generated 708 bytes in 50 msecs (HTTP/1.1 200) 4 headers in 157 bytes (1 switches on core 0) [pid: 8|app: 0|req: 827/1582] 10.0.0.106 () {34 vars in 964 bytes} [Thu Feb 26 02:56:04 2026] GET /v2.0/quotas/0d2c0cf97e724281be176012cc90ded3 => generated 292 bytes in 9 msecs (HTTP/1.1 200) 4 headers in 157 bytes (1 switches on core 0) [pid: 8|app: 0|req: 828/1583] 10.0.0.106 () {34 vars in 989 bytes} [Thu Feb 26 02:56:04 2026] GET /v2.0/ports?device_id=943df7ff-31ff-45a3-9665-5e907e8c88a0 => generated 12 bytes in 18 msecs (HTTP/1.1 200) 4 headers in 156 bytes (1 switches on core 0) [pid: 7|app: 0|req: 756/1584] 10.0.0.106 () {34 vars in 1001 bytes} [Thu Feb 26 02:56:04 2026] GET /v2.0/ports?tenant_id=0d2c0cf97e724281be176012cc90ded3&fields=id => generated 103 bytes in 80 msecs (HTTP/1.1 200) 4 headers in 157 bytes (1 switches on core 0) [pid: 8|app: 0|req: 829/1585] 10.0.0.106 () {34 vars in 1007 bytes} [Thu Feb 26 02:56:04 2026] GET /v2.0/networks/09936a07-a8a7-4a03-b703-823a77a6f938?fields=segments => generated 14 bytes in 38 msecs (HTTP/1.1 200) 4 headers in 156 bytes (1 switches on core 0) [pid: 7|app: 0|req: 757/1586] 10.0.0.106 () {34 vars in 1107 bytes} [Thu Feb 26 02:56:04 2026] GET /v2.0/networks/09936a07-a8a7-4a03-b703-823a77a6f938?fields=provider%3Aphysical_network&fields=provider%3Anetwork_type => generated 79 bytes in 45 msecs (HTTP/1.1 200) 4 headers in 156 bytes (1 switches on core 0) [pid: 7|app: 0|req: 758/1587] 10.0.0.106 () {34 vars in 989 bytes} [Thu Feb 26 02:56:04 2026] GET /v2.0/ports?device_id=8c5c7444-c55a-4692-9b86-e1b6516fa773 => generated 12 bytes in 17 msecs (HTTP/1.1 200) 4 headers in 156 bytes (1 switches on core 0)
2026-02-26 02:56:04.856 8 INFO neutron.db.ovn_revision_numbers_db [None req-558d03b5-930e-418c-9ad2-a9eb0030713f 8bf21e68de9848729d05dadc0f4e158b 0ef8114469054cb09805e0c660607022 - - default default] Successfully bumped revision number for resource e078c053-afa2-44e8-ad2e-a9df4ddb6ec0 (type: security_groups) to 1
2026-02-26 02:56:04.868 8 INFO neutron.db.ovn_revision_numbers_db [None req-558d03b5-930e-418c-9ad2-a9eb0030713f 8bf21e68de9848729d05dadc0f4e158b 0ef8114469054cb09805e0c660607022 - - default default] Successfully bumped revision number for resource 272fce2e-97e1-4c53-85ff-4fdb976f0a3a (type: security_group_rules) to 0
2026-02-26 02:56:04.881 8 INFO neutron.db.ovn_revision_numbers_db [None req-558d03b5-930e-418c-9ad2-a9eb0030713f 8bf21e68de9848729d05dadc0f4e158b 0ef8114469054cb09805e0c660607022 - - default default] Successfully bumped revision number for resource 55f4259a-05ae-4dbd-9a55-4b0529da3f50 (type: security_group_rules) to 0
2026-02-26 02:56:04.891 8 INFO neutron.db.ovn_revision_numbers_db [None req-558d03b5-930e-418c-9ad2-a9eb0030713f 8bf21e68de9848729d05dadc0f4e158b 0ef8114469054cb09805e0c660607022 - - default default] Successfully bumped revision number for resource b1485d9d-fd6d-47a2-8e2d-005fbe6750e1 (type: security_group_rules) to 0
