2026-02-26 02:58:46.977 7 INFO cinder.api.openstack.wsgi [None req-47e57775-bbbc-4c26-9409-1bac91565aca 8bf21e68de9848729d05dadc0f4e158b 0ef8114469054cb09805e0c660607022 - - default default] http://cinder-api.openstack.svc.cluster.local:8776/v3/0ef8114469054cb09805e0c660607022/os-quota-sets/0d88e03bbe7140dfa44a14972071905a?usage=true returned with HTTP 200 [pid: 7|app: 0|req: 469/942] 10.0.0.6 () {28 vars in 734 bytes} [Thu Feb 26 02:58:46 2026] GET /v3/0ef8114469054cb09805e0c660607022/os-quota-sets/0d88e03bbe7140dfa44a14972071905a?usage=true => generated 847 bytes in 42 msecs (HTTP/1.1 200) 7 headers in 285 bytes (1 switches on core 0)
2026-02-26 02:58:46.988 8 INFO cinder.api.openstack.wsgi [None req-242e2b9d-d28e-4676-a1d4-8c189aceeb17 8bf21e68de9848729d05dadc0f4e158b 0ef8114469054cb09805e0c660607022 - - default default] GET http://cinder-api.openstack.svc.cluster.local:8776/v3/0ef8114469054cb09805e0c660607022/os-quota-sets/0ef8114469054cb09805e0c660607022?usage=true
2026-02-26 02:58:47.013 8 INFO cinder.api.openstack.wsgi [None req-242e2b9d-d28e-4676-a1d4-8c189aceeb17 8bf21e68de9848729d05dadc0f4e158b 0ef8114469054cb09805e0c660607022 - - default default] http://cinder-api.openstack.svc.cluster.local:8776/v3/0ef8114469054cb09805e0c660607022/os-quota-sets/0ef8114469054cb09805e0c660607022?usage=true returned with HTTP 200 [pid: 8|app: 0|req: 474/943] 10.0.0.6 () {28 vars in 734 bytes} [Thu Feb 26 02:58:46 2026] GET /v3/0ef8114469054cb09805e0c660607022/os-quota-sets/0ef8114469054cb09805e0c660607022?usage=true => generated 847 bytes in 32 msecs (HTTP/1.1 200) 7 headers in 285 bytes (1 switches on core 0)
2026-02-26 02:58:47.028 7 INFO cinder.api.openstack.wsgi [None req-abe678c0-50a0-450e-b58a-4cc342fe3d98 8bf21e68de9848729d05dadc0f4e158b 0ef8114469054cb09805e0c660607022 - - default default] GET http://cinder-api.openstack.svc.cluster.local:8776/v3/0ef8114469054cb09805e0c660607022/os-quota-sets/0fb2f86412f64ae1960ef9b57da33118?usage=true
2026-02-26 02:58:47.053 7 INFO cinder.api.openstack.wsgi [None req-abe678c0-50a0-450e-b58a-4cc342fe3d98 8bf21e68de9848729d05dadc0f4e158b 0ef8114469054cb09805e0c660607022 - - default default] http://cinder-api.openstack.svc.cluster.local:8776/v3/0ef8114469054cb09805e0c660607022/os-quota-sets/0fb2f86412f64ae1960ef9b57da33118?usage=true returned with HTTP 200 [pid: 7|app: 0|req: 470/944] 10.0.0.6 () {28 vars in 734 bytes} [Thu Feb 26 02:58:47 2026] GET /v3/0ef8114469054cb09805e0c660607022/os-quota-sets/0fb2f86412f64ae1960ef9b57da33118?usage=true => generated 847 bytes in 34 msecs (HTTP/1.1 200) 7 headers in 285 bytes (1 switches on core 0)
2026-02-26 02:58:47.063 8 INFO cinder.api.openstack.wsgi [None req-56e54241-b9fd-4418-9d0b-de7fe1c7ba9b 8bf21e68de9848729d05dadc0f4e158b 0ef8114469054cb09805e0c660607022 - - default default] GET http://cinder-api.openstack.svc.cluster.local:8776/v3/0ef8114469054cb09805e0c660607022/os-quota-sets/171ddacb43aa4098939eea53cd561af1?usage=true
2026-02-26 02:58:47.084 8 INFO cinder.api.openstack.wsgi [None req-56e54241-b9fd-4418-9d0b-de7fe1c7ba9b 8bf21e68de9848729d05dadc0f4e158b 0ef8114469054cb09805e0c660607022 - - default default] http://cinder-api.openstack.svc.cluster.local:8776/v3/0ef8114469054cb09805e0c660607022/os-quota-sets/171ddacb43aa4098939eea53cd561af1?usage=true returned with HTTP 200 [pid: 8|app: 0|req: 475/945] 10.0.0.6 () {28 vars in 734 bytes} [Thu Feb 26 02:58:47 2026] GET /v3/0ef8114469054cb09805e0c660607022/os-quota-sets/171ddacb43aa4098939eea53cd561af1?usage=true => generated 847 bytes in 27 msecs (HTTP/1.1 200) 7 headers in 285 bytes (1 switches on core 0)
2026-02-26 02:58:47.098 7 INFO cinder.api.openstack.wsgi [None req-cb3bfc11-92d5-4e5a-93ae-fae0c64d1b64 8bf21e68de9848729d05dadc0f4e158b 0ef8114469054cb09805e0c660607022 - - default default] GET http://cinder-api.openstack.svc.cluster.local:8776/v3/0ef8114469054cb09805e0c660607022/os-quota-sets/2800a3fbeb2645d381b2513bd67f6132?usage=true
2026-02-26 02:58:47.120 7 INFO cinder.api.openstack.wsgi [None req-cb3bfc11-92d5-4e5a-93ae-fae0c64d1b64 8bf21e68de9848729d05dadc0f4e158b 0ef8114469054cb09805e0c660607022 - - default default] http://cinder-api.openstack.svc.cluster.local:8776/v3/0ef8114469054cb09805e0c660607022/os-quota-sets/2800a3fbeb2645d381b2513bd67f6132?usage=true returned with HTTP 200 [pid: 7|app: 0|req: 471/946] 10.0.0.6 () {28 vars in 734 bytes} [Thu Feb 26 02:58:47 2026] GET /v3/0ef8114469054cb09805e0c660607022/os-quota-sets/2800a3fbeb2645d381b2513bd67f6132?usage=true => generated 847 bytes in 31 msecs (HTTP/1.1 200) 7 headers in 285 bytes (1 switches on core 0)
2026-02-26 02:58:47.135 8 INFO cinder.api.openstack.wsgi [None req-e95a4d85-6765-49b7-9c1e-2cac47701219 8bf21e68de9848729d05dadc0f4e158b 0ef8114469054cb09805e0c660607022 - - default default] GET http://cinder-api.openstack.svc.cluster.local:8776/v3/0ef8114469054cb09805e0c660607022/os-quota-sets/28e7405e0eef41fab490a445e843afb2?usage=true
2026-02-26 02:58:47.166 8 INFO cinder.api.openstack.wsgi [None req-e95a4d85-6765-49b7-9c1e-2cac47701219 8bf21e68de9848729d05dadc0f4e158b 0ef8114469054cb09805e0c660607022 - - default default] http://cinder-api.openstack.svc.cluster.local:8776/v3/0ef8114469054cb09805e0c660607022/os-quota-sets/28e7405e0eef41fab490a445e843afb2?usage=true returned with HTTP 200 [pid: 8|app: 0|req: 476/947] 10.0.0.6 () {28 vars in 734 bytes} [Thu Feb 26 02:58:47 2026] GET /v3/0ef8114469054cb09805e0c660607022/os-quota-sets/28e7405e0eef41fab490a445e843afb2?usage=true => generated 847 bytes in 38 msecs (HTTP/1.1 200) 7 headers in 285 bytes (1 switches on core 0)
2026-02-26 02:58:47.183 7 INFO cinder.api.openstack.wsgi [None req-ab2f4ed5-efdb-41b1-b445-cfb35e7b0827 8bf21e68de9848729d05dadc0f4e158b 0ef8114469054cb09805e0c660607022 - - default default] GET http://cinder-api.openstack.svc.cluster.local:8776/v3/0ef8114469054cb09805e0c660607022/os-quota-sets/315e8d0ba6694bf79aaaf7f2d78bae8d?usage=true
2026-02-26 02:58:47.221 7 INFO cinder.api.openstack.wsgi [None req-ab2f4ed5-efdb-41b1-b445-cfb35e7b0827 8bf21e68de9848729d05dadc0f4e158b 0ef8114469054cb09805e0c660607022 - - default default] http://cinder-api.openstack.svc.cluster.local:8776/v3/0ef8114469054cb09805e0c660607022/os-quota-sets/315e8d0ba6694bf79aaaf7f2d78bae8d?usage=true returned with HTTP 200 [pid: 7|app: 0|req: 472/948] 10.0.0.6 () {28 vars in 734 bytes} [Thu Feb 26 02:58:47 2026] GET /v3/0ef8114469054cb09805e0c660607022/os-quota-sets/315e8d0ba6694bf79aaaf7f2d78bae8d?usage=true => generated 847 bytes in 52 msecs (HTTP/1.1 200) 7 headers in 285 bytes (1 switches on core 0)
2026-02-26 02:58:47.233 8 INFO cinder.api.openstack.wsgi [None req-e7f7d571-da59-416b-bede-00523c04aa96 8bf21e68de9848729d05dadc0f4e158b 0ef8114469054cb09805e0c660607022 - - default default] GET http://cinder-api.openstack.svc.cluster.local:8776/v3/0ef8114469054cb09805e0c660607022/os-quota-sets/533f47c9bf004c069b1b1bc1d31074b6?usage=true
2026-02-26 02:58:47.256 8 INFO cinder.api.openstack.wsgi [None req-e7f7d571-da59-416b-bede-00523c04aa96 8bf21e68de9848729d05dadc0f4e158b 0ef8114469054cb09805e0c660607022 - - default default] http://cinder-api.openstack.svc.cluster.local:8776/v3/0ef8114469054cb09805e0c660607022/os-quota-sets/533f47c9bf004c069b1b1bc1d31074b6?usage=true returned with HTTP 200 [pid: 8|app: 0|req: 477/949] 10.0.0.6 () {28 vars in 734 bytes} [Thu Feb 26 02:58:47 2026] GET /v3/0ef8114469054cb09805e0c660607022/os-quota-sets/533f47c9bf004c069b1b1bc1d31074b6?usage=true => generated 847 bytes in 30 msecs (HTTP/1.1 200) 7 headers in 285 bytes (1 switches on core 0)
2026-02-26 02:58:47.274 7 INFO cinder.api.openstack.wsgi [None req-0a4b8ff5-0db5-4eb1-b5c5-34faaa30b524 8bf21e68de9848729d05dadc0f4e158b 0ef8114469054cb09805e0c660607022 - - default default] GET http://cinder-api.openstack.svc.cluster.local:8776/v3/0ef8114469054cb09805e0c660607022/os-quota-sets/585cccae72b44edda56e3fd4407d73b3?usage=true
2026-02-26 02:58:47.296 7 INFO cinder.api.openstack.wsgi [None req-0a4b8ff5-0db5-4eb1-b5c5-34faaa30b524 8bf21e68de9848729d05dadc0f4e158b 0ef8114469054cb09805e0c660607022 - - default default] http://cinder-api.openstack.svc.cluster.local:8776/v3/0ef8114469054cb09805e0c660607022/os-quota-sets/585cccae72b44edda56e3fd4407d73b3?usage=true returned with HTTP 200 [pid: 7|app: 0|req: 473/950] 10.0.0.6 () {28 vars in 734 bytes} [Thu Feb 26 02:58:47 2026] GET /v3/0ef8114469054cb09805e0c660607022/os-quota-sets/585cccae72b44edda56e3fd4407d73b3?usage=true => generated 847 bytes in 32 msecs (HTTP/1.1 200) 7 headers in 285 bytes (1 switches on core 0)
2026-02-26 02:58:47.308 8 INFO cinder.api.openstack.wsgi [None req-82e92683-c02a-403b-8d64-c827f4082630 8bf21e68de9848729d05dadc0f4e158b 0ef8114469054cb09805e0c660607022 - - default default] GET http://cinder-api.openstack.svc.cluster.local:8776/v3/0ef8114469054cb09805e0c660607022/os-quota-sets/675c05546bb44da4bffe0f5b1039162e?usage=true
2026-02-26 02:58:47.331 8 INFO cinder.api.openstack.wsgi [None req-82e92683-c02a-403b-8d64-c827f4082630 8bf21e68de9848729d05dadc0f4e158b 0ef8114469054cb09805e0c660607022 - - default default] http://cinder-api.openstack.svc.cluster.local:8776/v3/0ef8114469054cb09805e0c660607022/os-quota-sets/675c05546bb44da4bffe0f5b1039162e?usage=true returned with HTTP 200 [pid: 8|app: 0|req: 478/951] 10.0.0.6 () {28 vars in 734 bytes} [Thu Feb 26 02:58:47 2026] GET /v3/0ef8114469054cb09805e0c660607022/os-quota-sets/675c05546bb44da4bffe0f5b1039162e?usage=true => generated 847 bytes in 31 msecs (HTTP/1.1 200) 7 headers in 285 bytes (1 switches on core 0)
2026-02-26 02:58:47.343 7 INFO cinder.api.openstack.wsgi [None req-23a07489-99ff-4364-ac34-f0de24265f10 8bf21e68de9848729d05dadc0f4e158b 0ef8114469054cb09805e0c660607022 - - default default] GET http://cinder-api.openstack.svc.cluster.local:8776/v3/0ef8114469054cb09805e0c660607022/os-quota-sets/8e5a6e6bf15f4a2896da7d1decfc227a?usage=true
2026-02-26 02:58:47.367 7 INFO cinder.api.openstack.wsgi [None req-23a07489-99ff-4364-ac34-f0de24265f10 8bf21e68de9848729d05dadc0f4e158b 0ef8114469054cb09805e0c660607022 - - default default] http://cinder-api.openstack.svc.cluster.local:8776/v3/0ef8114469054cb09805e0c660607022/os-quota-sets/8e5a6e6bf15f4a2896da7d1decfc227a?usage=true returned with HTTP 200 [pid: 7|app: 0|req: 474/952] 10.0.0.6 () {28 vars in 734 bytes} [Thu Feb 26 02:58:47 2026] GET /v3/0ef8114469054cb09805e0c660607022/os-quota-sets/8e5a6e6bf15f4a2896da7d1decfc227a?usage=true => generated 847 bytes in 32 msecs (HTTP/1.1 200) 7 headers in 285 bytes (1 switches on core 0)
2026-02-26 02:58:47.381 8 INFO cinder.api.openstack.wsgi [None req-5ad421cf-db21-4efd-bc95-34ebe86117c1 8bf21e68de9848729d05dadc0f4e158b 0ef8114469054cb09805e0c660607022 - - default default] GET http://cinder-api.openstack.svc.cluster.local:8776/v3/0ef8114469054cb09805e0c660607022/os-quota-sets/96d52409915c42e285e41305cd9b7dd8?usage=true
2026-02-26 02:58:47.411 8 INFO cinder.api.openstack.wsgi [None req-5ad421cf-db21-4efd-bc95-34ebe86117c1 8bf21e68de9848729d05dadc0f4e158b 0ef8114469054cb09805e0c660607022 - - default default] http://cinder-api.openstack.svc.cluster.local:8776/v3/0ef8114469054cb09805e0c660607022/os-quota-sets/96d52409915c42e285e41305cd9b7dd8?usage=true returned with HTTP 200 [pid: 8|app: 0|req: 479/953] 10.0.0.6 () {28 vars in 734 bytes} [Thu Feb 26 02:58:47 2026] GET /v3/0ef8114469054cb09805e0c660607022/os-quota-sets/96d52409915c42e285e41305cd9b7dd8?usage=true => generated 847 bytes in 39 msecs (HTTP/1.1 200) 7 headers in 285 bytes (1 switches on core 0)
2026-02-26 02:58:47.436 7 INFO cinder.api.openstack.wsgi [None req-7cf3cf95-d887-440d-83f2-8ab929265cc9 8bf21e68de9848729d05dadc0f4e158b 0ef8114469054cb09805e0c660607022 - - default default] GET http://cinder-api.openstack.svc.cluster.local:8776/v3/0ef8114469054cb09805e0c660607022/os-quota-sets/a31caa88c93446e1b027ef818a408118?usage=true
2026-02-26 02:58:47.496 7 INFO cinder.api.openstack.wsgi [None req-7cf3cf95-d887-440d-83f2-8ab929265cc9 8bf21e68de9848729d05dadc0f4e158b 0ef8114469054cb09805e0c660607022 - - default default] http://cinder-api.openstack.svc.cluster.local:8776/v3/0ef8114469054cb09805e0c660607022/os-quota-sets/a31caa88c93446e1b027ef818a408118?usage=true returned with HTTP 200 [pid: 7|app: 0|req: 475/954] 10.0.0.6 () {28 vars in 734 bytes} [Thu Feb 26 02:58:47 2026] GET /v3/0ef8114469054cb09805e0c660607022/os-quota-sets/a31caa88c93446e1b027ef818a408118?usage=true => generated 847 bytes in 74 msecs (HTTP/1.1 200) 7 headers in 285 bytes (1 switches on core 0)
2026-02-26 02:58:47.526 8 INFO cinder.api.openstack.wsgi [None req-02c06d06-6615-46bb-a68f-c960873754aa 8bf21e68de9848729d05dadc0f4e158b 0ef8114469054cb09805e0c660607022 - - default default] GET http://cinder-api.openstack.svc.cluster.local:8776/v3/0ef8114469054cb09805e0c660607022/os-quota-sets/b2c2f00090484f2fa34775d296e59b39?usage=true
2026-02-26 02:58:47.547 8 INFO cinder.api.openstack.wsgi [None req-02c06d06-6615-46bb-a68f-c960873754aa 8bf21e68de9848729d05dadc0f4e158b 0ef8114469054cb09805e0c660607022 - - default default] http://cinder-api.openstack.svc.cluster.local:8776/v3/0ef8114469054cb09805e0c660607022/os-quota-sets/b2c2f00090484f2fa34775d296e59b39?usage=true returned with HTTP 200 [pid: 8|app: 0|req: 480/955] 10.0.0.6 () {28 vars in 734 bytes} [Thu Feb 26 02:58:47 2026] GET /v3/0ef8114469054cb09805e0c660607022/os-quota-sets/b2c2f00090484f2fa34775d296e59b39?usage=true => generated 847 bytes in 38 msecs (HTTP/1.1 200) 7 headers in 285 bytes (1 switches on core 0)
2026-02-26 02:58:47.566 7 INFO cinder.api.openstack.wsgi [None req-bec4f5d9-7ce3-45d1-b9ff-36b2d7a30116 8bf21e68de9848729d05dadc0f4e158b 0ef8114469054cb09805e0c660607022 - - default default] GET http://cinder-api.openstack.svc.cluster.local:8776/v3/0ef8114469054cb09805e0c660607022/os-quota-sets/baed170af4214c1694b1c0ae8cc78224?usage=true
2026-02-26 02:58:47.595 7 INFO cinder.api.openstack.wsgi [None req-bec4f5d9-7ce3-45d1-b9ff-36b2d7a30116 8bf21e68de9848729d05dadc0f4e158b 0ef8114469054cb09805e0c660607022 - - default default] http://cinder-api.openstack.svc.cluster.local:8776/v3/0ef8114469054cb09805e0c660607022/os-quota-sets/baed170af4214c1694b1c0ae8cc78224?usage=true returned with HTTP 200 [pid: 7|app: 0|req: 476/956] 10.0.0.6 () {28 vars in 734 bytes} [Thu Feb 26 02:58:47 2026] GET /v3/0ef8114469054cb09805e0c660607022/os-quota-sets/baed170af4214c1694b1c0ae8cc78224?usage=true => generated 845 bytes in 41 msecs (HTTP/1.1 200) 7 headers in 285 bytes (1 switches on core 0)
2026-02-26 02:58:47.606 8 INFO cinder.api.openstack.wsgi [None req-fca8d0ec-604f-46ec-9b95-5f42bf65e9ee 8bf21e68de9848729d05dadc0f4e158b 0ef8114469054cb09805e0c660607022 - - default default] GET http://cinder-api.openstack.svc.cluster.local:8776/v3/0ef8114469054cb09805e0c660607022/os-quota-sets/d928f752d374456dad9261d96992f5ed?usage=true
2026-02-26 02:58:47.632 8 INFO cinder.api.openstack.wsgi [None req-fca8d0ec-604f-46ec-9b95-5f42bf65e9ee 8bf21e68de9848729d05dadc0f4e158b 0ef8114469054cb09805e0c660607022 - - default default] http://cinder-api.openstack.svc.cluster.local:8776/v3/0ef8114469054cb09805e0c660607022/os-quota-sets/d928f752d374456dad9261d96992f5ed?usage=true returned with HTTP 200 [pid: 8|app: 0|req: 481/957] 10.0.0.6 () {28 vars in 734 bytes} [Thu Feb 26 02:58:47 2026] GET /v3/0ef8114469054cb09805e0c660607022/os-quota-sets/d928f752d374456dad9261d96992f5ed?usage=true => generated 847 bytes in 33 msecs (HTTP/1.1 200) 7 headers in 285 bytes (1 switches on core 0)
2026-02-26 02:58:47.644 7 INFO cinder.api.openstack.wsgi [None req-0e4818d8-7aab-4e2e-8eba-c2f398b5d2f8 8bf21e68de9848729d05dadc0f4e158b 0ef8114469054cb09805e0c660607022 - - default default] GET http://cinder-api.openstack.svc.cluster.local:8776/v3/0ef8114469054cb09805e0c660607022/os-quota-sets/f0bea4b9322e4224a52b027b544dadb3?usage=true
2026-02-26 02:58:47.670 7 INFO cinder.api.openstack.wsgi [None req-0e4818d8-7aab-4e2e-8eba-c2f398b5d2f8 8bf21e68de9848729d05dadc0f4e158b 0ef8114469054cb09805e0c660607022 - - default default] http://cinder-api.openstack.svc.cluster.local:8776/v3/0ef8114469054cb09805e0c660607022/os-quota-sets/f0bea4b9322e4224a52b027b544dadb3?usage=true returned with HTTP 200 [pid: 7|app: 0|req: 477/958] 10.0.0.6 () {28 vars in 734 bytes} [Thu Feb 26 02:58:47 2026] GET /v3/0ef8114469054cb09805e0c660607022/os-quota-sets/f0bea4b9322e4224a52b027b544dadb3?usage=true => generated 847 bytes in 35 msecs (HTTP/1.1 200) 7 headers in 285 bytes (1 switches on core 0)
2026-02-26 02:58:47.681 8 INFO cinder.api.openstack.wsgi [None req-e862e559-d42a-48ee-83b2-345269327695 8bf21e68de9848729d05dadc0f4e158b 0ef8114469054cb09805e0c660607022 - - default default] GET http://cinder-api.openstack.svc.cluster.local:8776/v3/0ef8114469054cb09805e0c660607022/os-quota-sets/ff50d3fc8b2640c8a0135e1e28a6b51e?usage=true
2026-02-26 02:58:47.709 8 INFO cinder.api.openstack.wsgi [None req-e862e559-d42a-48ee-83b2-345269327695 8bf21e68de9848729d05dadc0f4e158b 0ef8114469054cb09805e0c660607022 - - default default] http://cinder-api.openstack.svc.cluster.local:8776/v3/0ef8114469054cb09805e0c660607022/os-quota-sets/ff50d3fc8b2640c8a0135e1e28a6b51e?usage=true returned with HTTP 200 [pid: 8|app: 0|req: 482/959] 10.0.0.6 () {28 vars in 734 bytes} [Thu Feb 26 02:58:47 2026] GET /v3/0ef8114469054cb09805e0c660607022/os-quota-sets/ff50d3fc8b2640c8a0135e1e28a6b51e?usage=true => generated 847 bytes in 34 msecs (HTTP/1.1 200) 7 headers in 285 bytes (1 switches on core 0)
2026-02-26 02:58:49.843 7 INFO cinder.api.openstack.wsgi [None req-0e4818d8-7aab-4e2e-8eba-c2f398b5d2f8 8bf21e68de9848729d05dadc0f4e158b 0ef8114469054cb09805e0c660607022 - - default default] GET http://10.0.0.111:8776/
2026-02-26 02:58:49.844 8 INFO cinder.api.openstack.wsgi [None req-e862e559-d42a-48ee-83b2-345269327695 8bf21e68de9848729d05dadc0f4e158b 0ef8114469054cb09805e0c660607022 - - default default] GET http://10.0.0.111:8776/
2026-02-26 02:58:49.845 7 INFO cinder.api.openstack.wsgi [None req-0e4818d8-7aab-4e2e-8eba-c2f398b5d2f8 8bf21e68de9848729d05dadc0f4e158b 0ef8114469054cb09805e0c660607022 - - default default] http://10.0.0.111:8776/ returned with HTTP 300
2026-02-26 02:58:49.845 8 INFO cinder.api.openstack.wsgi [None req-e862e559-d42a-48ee-83b2-345269327695 8bf21e68de9848729d05dadc0f4e158b 0ef8114469054cb09805e0c660607022 - - default default] http://10.0.0.111:8776/ returned with HTTP 300
2026-02-26 02:58:59.847 7 INFO cinder.api.openstack.wsgi [None req-0e4818d8-7aab-4e2e-8eba-c2f398b5d2f8 8bf21e68de9848729d05dadc0f4e158b 0ef8114469054cb09805e0c660607022 - - default default] GET http://10.0.0.111:8776/
2026-02-26 02:58:59.847 8 INFO cinder.api.openstack.wsgi [None req-e862e559-d42a-48ee-83b2-345269327695 8bf21e68de9848729d05dadc0f4e158b 0ef8114469054cb09805e0c660607022 - - default default] GET http://10.0.0.111:8776/
2026-02-26 02:58:59.848 7 INFO cinder.api.openstack.wsgi [None req-0e4818d8-7aab-4e2e-8eba-c2f398b5d2f8 8bf21e68de9848729d05dadc0f4e158b 0ef8114469054cb09805e0c660607022 - - default default] http://10.0.0.111:8776/ returned with HTTP 300
2026-02-26 02:58:59.849 8 INFO cinder.api.openstack.wsgi [None req-e862e559-d42a-48ee-83b2-345269327695 8bf21e68de9848729d05dadc0f4e158b 0ef8114469054cb09805e0c660607022 - - default default] http://10.0.0.111:8776/ returned with HTTP 300
2026-02-26 02:59:09.843 7 INFO cinder.api.openstack.wsgi [None req-0e4818d8-7aab-4e2e-8eba-c2f398b5d2f8 8bf21e68de9848729d05dadc0f4e158b 0ef8114469054cb09805e0c660607022 - - default default] GET http://10.0.0.111:8776/
2026-02-26 02:59:09.843 8 INFO cinder.api.openstack.wsgi [None req-e862e559-d42a-48ee-83b2-345269327695 8bf21e68de9848729d05dadc0f4e158b 0ef8114469054cb09805e0c660607022 - - default default] GET http://10.0.0.111:8776/
2026-02-26 02:59:09.844 7 INFO cinder.api.openstack.wsgi [None req-0e4818d8-7aab-4e2e-8eba-c2f398b5d2f8 8bf21e68de9848729d05dadc0f4e158b 0ef8114469054cb09805e0c660607022 - - default default] http://10.0.0.111:8776/ returned with HTTP 300
2026-02-26 02:59:09.845 8 INFO cinder.api.openstack.wsgi [None req-e862e559-d42a-48ee-83b2-345269327695 8bf21e68de9848729d05dadc0f4e158b 0ef8114469054cb09805e0c660607022 - - default default] http://10.0.0.111:8776/ returned with HTTP 300
2026-02-26 02:59:19.842 7 INFO cinder.api.openstack.wsgi [None req-0e4818d8-7aab-4e2e-8eba-c2f398b5d2f8 8bf21e68de9848729d05dadc0f4e158b 0ef8114469054cb09805e0c660607022 - - default default] GET http://10.0.0.111:8776/
2026-02-26 02:59:19.842 8 INFO cinder.api.openstack.wsgi [None req-e862e559-d42a-48ee-83b2-345269327695 8bf21e68de9848729d05dadc0f4e158b 0ef8114469054cb09805e0c660607022 - - default default] GET http://10.0.0.111:8776/
2026-02-26 02:59:19.843 7 INFO cinder.api.openstack.wsgi [None req-0e4818d8-7aab-4e2e-8eba-c2f398b5d2f8 8bf21e68de9848729d05dadc0f4e158b 0ef8114469054cb09805e0c660607022 - - default default] http://10.0.0.111:8776/ returned with HTTP 300
2026-02-26 02:59:19.844 8 INFO cinder.api.openstack.wsgi [None req-e862e559-d42a-48ee-83b2-345269327695 8bf21e68de9848729d05dadc0f4e158b 0ef8114469054cb09805e0c660607022 - - default default] http://10.0.0.111:8776/ returned with HTTP 300
2026-02-26 02:59:29.843 7 INFO cinder.api.openstack.wsgi [None req-0e4818d8-7aab-4e2e-8eba-c2f398b5d2f8 8bf21e68de9848729d05dadc0f4e158b 0ef8114469054cb09805e0c660607022 - - default default] GET http://10.0.0.111:8776/
2026-02-26 02:59:29.845 7 INFO cinder.api.openstack.wsgi [None req-0e4818d8-7aab-4e2e-8eba-c2f398b5d2f8 8bf21e68de9848729d05dadc0f4e158b 0ef8114469054cb09805e0c660607022 - - default default] http://10.0.0.111:8776/ returned with HTTP 300
2026-02-26 02:59:29.846 8 INFO cinder.api.openstack.wsgi [None req-e862e559-d42a-48ee-83b2-345269327695 8bf21e68de9848729d05dadc0f4e158b 0ef8114469054cb09805e0c660607022 - - default default] GET http://10.0.0.111:8776/
2026-02-26 02:59:29.847 8 INFO cinder.api.openstack.wsgi [None req-e862e559-d42a-48ee-83b2-345269327695 8bf21e68de9848729d05dadc0f4e158b 0ef8114469054cb09805e0c660607022 - - default default] http://10.0.0.111:8776/ returned with HTTP 300
2026-02-26 02:59:39.842 7 INFO cinder.api.openstack.wsgi [None req-0e4818d8-7aab-4e2e-8eba-c2f398b5d2f8 8bf21e68de9848729d05dadc0f4e158b 0ef8114469054cb09805e0c660607022 - - default default] GET http://10.0.0.111:8776/
2026-02-26 02:59:39.843 7 INFO cinder.api.openstack.wsgi [None req-0e4818d8-7aab-4e2e-8eba-c2f398b5d2f8 8bf21e68de9848729d05dadc0f4e158b 0ef8114469054cb09805e0c660607022 - - default default] http://10.0.0.111:8776/ returned with HTTP 300
2026-02-26 02:59:39.843 8 INFO cinder.api.openstack.wsgi [None req-e862e559-d42a-48ee-83b2-345269327695 8bf21e68de9848729d05dadc0f4e158b 0ef8114469054cb09805e0c660607022 - - default default] GET http://10.0.0.111:8776/
2026-02-26 02:59:39.845 8 INFO cinder.api.openstack.wsgi [None req-e862e559-d42a-48ee-83b2-345269327695 8bf21e68de9848729d05dadc0f4e158b 0ef8114469054cb09805e0c660607022 - - default default] http://10.0.0.111:8776/ returned with HTTP 300
2026-02-26 02:59:45.825 7 INFO cinder.api.openstack.wsgi [None req-a5fc5d3a-ddf6-4cad-a0b7-333b8b8572a2 8bf21e68de9848729d05dadc0f4e158b 0ef8114469054cb09805e0c660607022 - - default default] GET http://cinder-api.openstack.svc.cluster.local:8776/v3/0ef8114469054cb09805e0c660607022/volumes/detail?all_tenants=true
2026-02-26 02:59:45.855 7 INFO cinder.volume.api [None req-a5fc5d3a-ddf6-4cad-a0b7-333b8b8572a2 8bf21e68de9848729d05dadc0f4e158b 0ef8114469054cb09805e0c660607022 - - default default] Get all volumes completed successfully. /var/lib/openstack/lib/python3.12/site-packages/oslo_context/context.py:101: DeprecationWarning: Policy enforcement is depending on the value of is_admin. This key is deprecated. Please update your policy file to use the standard policy values. warnings.warn(
2026-02-26 02:59:45.865 7 INFO cinder.api.openstack.wsgi [None req-a5fc5d3a-ddf6-4cad-a0b7-333b8b8572a2 8bf21e68de9848729d05dadc0f4e158b 0ef8114469054cb09805e0c660607022 - - default default] http://cinder-api.openstack.svc.cluster.local:8776/v3/0ef8114469054cb09805e0c660607022/volumes/detail?all_tenants=true returned with HTTP 200 [pid: 7|app: 0|req: 484/972] 10.0.0.6 () {28 vars in 682 bytes} [Thu Feb 26 02:59:45 2026] GET /v3/0ef8114469054cb09805e0c660607022/volumes/detail?all_tenants=true => generated 1790 bytes in 175 msecs (HTTP/1.1 200) 7 headers in 286 bytes (1 switches on core 0)
2026-02-26 02:59:45.898 8 INFO cinder.api.openstack.wsgi [None req-0cc3e9e9-4e7e-4491-b0e9-ae299a6df80d 8bf21e68de9848729d05dadc0f4e158b 0ef8114469054cb09805e0c660607022 - - default default] GET http://cinder-api.openstack.svc.cluster.local:8776/v3/0ef8114469054cb09805e0c660607022/scheduler-stats/get_pools?detail=true
2026-02-26 02:59:46.403 8 INFO cinder.api.openstack.wsgi [None req-0cc3e9e9-4e7e-4491-b0e9-ae299a6df80d 8bf21e68de9848729d05dadc0f4e158b 0ef8114469054cb09805e0c660607022 - - default default] http://cinder-api.openstack.svc.cluster.local:8776/v3/0ef8114469054cb09805e0c660607022/scheduler-stats/get_pools?detail=true returned with HTTP 200 [pid: 8|app: 0|req: 489/973] 10.0.0.6 () {28 vars in 694 bytes} [Thu Feb 26 02:59:45 2026] GET /v3/0ef8114469054cb09805e0c660607022/scheduler-stats/get_pools?detail=true => generated 671 bytes in 530 msecs (HTTP/1.1 200) 7 headers in 285 bytes (1 switches on core 0) /var/lib/openstack/lib/python3.12/site-packages/pycadf/identifier.py:70: UserWarning: Invalid uuid: cinderv3. To ensure interoperability, identifiers should be a valid uuid. warnings.warn(('Invalid uuid: %s. To ensure interoperability, '
2026-02-26 02:59:46.452 7 INFO cinder.api.openstack.wsgi [None req-2fe90e1a-1d2a-497d-b387-6449994b735b 8bf21e68de9848729d05dadc0f4e158b 0ef8114469054cb09805e0c660607022 - - default default] GET http://cinder-api.openstack.svc.cluster.local:8776/v3/0ef8114469054cb09805e0c660607022/os-quota-sets/0ef8114469054cb09805e0c660607022?usage=true
2026-02-26 02:59:46.475 7 INFO cinder.api.openstack.wsgi [None req-2fe90e1a-1d2a-497d-b387-6449994b735b 8bf21e68de9848729d05dadc0f4e158b 0ef8114469054cb09805e0c660607022 - - default default] http://cinder-api.openstack.svc.cluster.local:8776/v3/0ef8114469054cb09805e0c660607022/os-quota-sets/0ef8114469054cb09805e0c660607022?usage=true returned with HTTP 200 [pid: 7|app: 0|req: 485/974] 10.0.0.6 () {28 vars in 734 bytes} [Thu Feb 26 02:59:46 2026] GET /v3/0ef8114469054cb09805e0c660607022/os-quota-sets/0ef8114469054cb09805e0c660607022?usage=true => generated 847 bytes in 31 msecs (HTTP/1.1 200) 7 headers in 285 bytes (1 switches on core 0)
2026-02-26 02:59:46.494 8 INFO cinder.api.openstack.wsgi [None req-5deed706-2824-473e-ae8a-62d510341ad4 8bf21e68de9848729d05dadc0f4e158b 0ef8114469054cb09805e0c660607022 - - default default] GET http://cinder-api.openstack.svc.cluster.local:8776/v3/0ef8114469054cb09805e0c660607022/os-quota-sets/28e7405e0eef41fab490a445e843afb2?usage=true
2026-02-26 02:59:46.527 8 INFO cinder.api.openstack.wsgi [None req-5deed706-2824-473e-ae8a-62d510341ad4 8bf21e68de9848729d05dadc0f4e158b 0ef8114469054cb09805e0c660607022 - - default default] http://cinder-api.openstack.svc.cluster.local:8776/v3/0ef8114469054cb09805e0c660607022/os-quota-sets/28e7405e0eef41fab490a445e843afb2?usage=true returned with HTTP 200 [pid: 8|app: 0|req: 490/975] 10.0.0.6 () {28 vars in 734 bytes} [Thu Feb 26 02:59:46 2026] GET /v3/0ef8114469054cb09805e0c660607022/os-quota-sets/28e7405e0eef41fab490a445e843afb2?usage=true => generated 847 bytes in 43 msecs (HTTP/1.1 200) 7 headers in 285 bytes (1 switches on core 0)
2026-02-26 02:59:46.540 7 INFO cinder.api.openstack.wsgi [None req-95788dce-de64-4a0e-a105-d7cc488e1b19 8bf21e68de9848729d05dadc0f4e158b 0ef8114469054cb09805e0c660607022 - - default default] GET http://cinder-api.openstack.svc.cluster.local:8776/v3/0ef8114469054cb09805e0c660607022/os-quota-sets/315e8d0ba6694bf79aaaf7f2d78bae8d?usage=true
2026-02-26 02:59:46.559 7 INFO cinder.api.openstack.wsgi [None req-95788dce-de64-4a0e-a105-d7cc488e1b19 8bf21e68de9848729d05dadc0f4e158b 0ef8114469054cb09805e0c660607022 - - default default] http://cinder-api.openstack.svc.cluster.local:8776/v3/0ef8114469054cb09805e0c660607022/os-quota-sets/315e8d0ba6694bf79aaaf7f2d78bae8d?usage=true returned with HTTP 200 [pid: 7|app: 0|req: 486/976] 10.0.0.6 () {28 vars in 734 bytes} [Thu Feb 26 02:59:46 2026] GET /v3/0ef8114469054cb09805e0c660607022/os-quota-sets/315e8d0ba6694bf79aaaf7f2d78bae8d?usage=true => generated 847 bytes in 28 msecs (HTTP/1.1 200) 7 headers in 285 bytes (1 switches on core 0)
2026-02-26 02:59:46.582 8 INFO cinder.api.openstack.wsgi [None req-ce3d4243-b7e1-4886-99f9-bcbcbcb878fe 8bf21e68de9848729d05dadc0f4e158b 0ef8114469054cb09805e0c660607022 - - default default] GET http://cinder-api.openstack.svc.cluster.local:8776/v3/0ef8114469054cb09805e0c660607022/os-quota-sets/38971efb73b64c7b8e87d279c9e384f6?usage=true
2026-02-26 02:59:46.609 8 INFO cinder.api.openstack.wsgi [None req-ce3d4243-b7e1-4886-99f9-bcbcbcb878fe 8bf21e68de9848729d05dadc0f4e158b 0ef8114469054cb09805e0c660607022 - - default default] http://cinder-api.openstack.svc.cluster.local:8776/v3/0ef8114469054cb09805e0c660607022/os-quota-sets/38971efb73b64c7b8e87d279c9e384f6?usage=true returned with HTTP 200 [pid: 8|app: 0|req: 491/977] 10.0.0.6 () {28 vars in 734 bytes} [Thu Feb 26 02:59:46 2026] GET /v3/0ef8114469054cb09805e0c660607022/os-quota-sets/38971efb73b64c7b8e87d279c9e384f6?usage=true => generated 847 bytes in 42 msecs (HTTP/1.1 200) 7 headers in 285 bytes (1 switches on core 0)
2026-02-26 02:59:46.619 7 INFO cinder.api.openstack.wsgi [None req-4c572233-0763-4ca9-a4e5-beee0a2d56f8 8bf21e68de9848729d05dadc0f4e158b 0ef8114469054cb09805e0c660607022 - - default default] GET http://cinder-api.openstack.svc.cluster.local:8776/v3/0ef8114469054cb09805e0c660607022/os-quota-sets/431e5d142e2a43d2b78696f15a83e418?usage=true
2026-02-26 02:59:46.642 7 INFO cinder.api.openstack.wsgi [None req-4c572233-0763-4ca9-a4e5-beee0a2d56f8 8bf21e68de9848729d05dadc0f4e158b 0ef8114469054cb09805e0c660607022 - - default default] http://cinder-api.openstack.svc.cluster.local:8776/v3/0ef8114469054cb09805e0c660607022/os-quota-sets/431e5d142e2a43d2b78696f15a83e418?usage=true returned with HTTP 200 [pid: 7|app: 0|req: 487/978] 10.0.0.6 () {28 vars in 734 bytes} [Thu Feb 26 02:59:46 2026] GET /v3/0ef8114469054cb09805e0c660607022/os-quota-sets/431e5d142e2a43d2b78696f15a83e418?usage=true => generated 847 bytes in 30 msecs (HTTP/1.1 200) 7 headers in 285 bytes (1 switches on core 0)
2026-02-26 02:59:46.656 8 INFO cinder.api.openstack.wsgi [None req-22bcfa4b-b076-4027-819c-c81bd4fa375f 8bf21e68de9848729d05dadc0f4e158b 0ef8114469054cb09805e0c660607022 - - default default] GET http://cinder-api.openstack.svc.cluster.local:8776/v3/0ef8114469054cb09805e0c660607022/os-quota-sets/533f47c9bf004c069b1b1bc1d31074b6?usage=true
2026-02-26 02:59:46.681 8 INFO cinder.api.openstack.wsgi [None req-22bcfa4b-b076-4027-819c-c81bd4fa375f 8bf21e68de9848729d05dadc0f4e158b 0ef8114469054cb09805e0c660607022 - - default default] http://cinder-api.openstack.svc.cluster.local:8776/v3/0ef8114469054cb09805e0c660607022/os-quota-sets/533f47c9bf004c069b1b1bc1d31074b6?usage=true returned with HTTP 200 [pid: 8|app: 0|req: 492/979] 10.0.0.6 () {28 vars in 734 bytes} [Thu Feb 26 02:59:46 2026] GET /v3/0ef8114469054cb09805e0c660607022/os-quota-sets/533f47c9bf004c069b1b1bc1d31074b6?usage=true => generated 847 bytes in 36 msecs (HTTP/1.1 200) 7 headers in 285 bytes (1 switches on core 0)
2026-02-26 02:59:46.693 7 INFO cinder.api.openstack.wsgi [None req-4705415a-8a82-4ec5-8228-f0ff1af27d90 8bf21e68de9848729d05dadc0f4e158b 0ef8114469054cb09805e0c660607022 - - default default] GET http://cinder-api.openstack.svc.cluster.local:8776/v3/0ef8114469054cb09805e0c660607022/os-quota-sets/585cccae72b44edda56e3fd4407d73b3?usage=true
2026-02-26 02:59:46.713 7 INFO cinder.api.openstack.wsgi [None req-4705415a-8a82-4ec5-8228-f0ff1af27d90 8bf21e68de9848729d05dadc0f4e158b 0ef8114469054cb09805e0c660607022 - - default default] http://cinder-api.openstack.svc.cluster.local:8776/v3/0ef8114469054cb09805e0c660607022/os-quota-sets/585cccae72b44edda56e3fd4407d73b3?usage=true returned with HTTP 200 [pid: 7|app: 0|req: 488/980] 10.0.0.6 () {28 vars in 734 bytes} [Thu Feb 26 02:59:46 2026] GET /v3/0ef8114469054cb09805e0c660607022/os-quota-sets/585cccae72b44edda56e3fd4407d73b3?usage=true => generated 847 bytes in 27 msecs (HTTP/1.1 200) 7 headers in 285 bytes (1 switches on core 0)
2026-02-26 02:59:46.725 8 INFO cinder.api.openstack.wsgi [None req-cb35d6f8-3621-4a8b-9308-f72d0fd7b002 8bf21e68de9848729d05dadc0f4e158b 0ef8114469054cb09805e0c660607022 - - default default] GET http://cinder-api.openstack.svc.cluster.local:8776/v3/0ef8114469054cb09805e0c660607022/os-quota-sets/8e5a6e6bf15f4a2896da7d1decfc227a?usage=true
2026-02-26 02:59:46.748 8 INFO cinder.api.openstack.wsgi [None req-cb35d6f8-3621-4a8b-9308-f72d0fd7b002 8bf21e68de9848729d05dadc0f4e158b 0ef8114469054cb09805e0c660607022 - - default default] http://cinder-api.openstack.svc.cluster.local:8776/v3/0ef8114469054cb09805e0c660607022/os-quota-sets/8e5a6e6bf15f4a2896da7d1decfc227a?usage=true returned with HTTP 200 [pid: 8|app: 0|req: 493/981] 10.0.0.6 () {28 vars in 734 bytes} [Thu Feb 26 02:59:46 2026] GET /v3/0ef8114469054cb09805e0c660607022/os-quota-sets/8e5a6e6bf15f4a2896da7d1decfc227a?usage=true => generated 847 bytes in 31 msecs (HTTP/1.1 200) 7 headers in 285 bytes (1 switches on core 0)
2026-02-26 02:59:46.760 7 INFO cinder.api.openstack.wsgi [None req-e10004ad-ee1d-43c6-8d88-818fda76755a 8bf21e68de9848729d05dadc0f4e158b 0ef8114469054cb09805e0c660607022 - - default default] GET http://cinder-api.openstack.svc.cluster.local:8776/v3/0ef8114469054cb09805e0c660607022/os-quota-sets/a31caa88c93446e1b027ef818a408118?usage=true
2026-02-26 02:59:46.785 7 INFO cinder.api.openstack.wsgi [None req-e10004ad-ee1d-43c6-8d88-818fda76755a 8bf21e68de9848729d05dadc0f4e158b 0ef8114469054cb09805e0c660607022 - - default default] http://cinder-api.openstack.svc.cluster.local:8776/v3/0ef8114469054cb09805e0c660607022/os-quota-sets/a31caa88c93446e1b027ef818a408118?usage=true returned with HTTP 200 [pid: 7|app: 0|req: 489/982] 10.0.0.6 () {28 vars in 734 bytes} [Thu Feb 26 02:59:46 2026] GET /v3/0ef8114469054cb09805e0c660607022/os-quota-sets/a31caa88c93446e1b027ef818a408118?usage=true => generated 847 bytes in 34 msecs (HTTP/1.1 200) 7 headers in 285 bytes (1 switches on core 0)
2026-02-26 02:59:46.795 8 INFO cinder.api.openstack.wsgi [None req-408d3f90-9e1f-4b81-a234-5ade0acab7f4 8bf21e68de9848729d05dadc0f4e158b 0ef8114469054cb09805e0c660607022 - - default default] GET http://cinder-api.openstack.svc.cluster.local:8776/v3/0ef8114469054cb09805e0c660607022/os-quota-sets/b2c2f00090484f2fa34775d296e59b39?usage=true
2026-02-26 02:59:46.813 8 INFO cinder.api.openstack.wsgi [None req-408d3f90-9e1f-4b81-a234-5ade0acab7f4 8bf21e68de9848729d05dadc0f4e158b 0ef8114469054cb09805e0c660607022 - - default default] http://cinder-api.openstack.svc.cluster.local:8776/v3/0ef8114469054cb09805e0c660607022/os-quota-sets/b2c2f00090484f2fa34775d296e59b39?usage=true returned with HTTP 200 [pid: 8|app: 0|req: 494/983] 10.0.0.6 () {28 vars in 734 bytes} [Thu Feb 26 02:59:46 2026] GET /v3/0ef8114469054cb09805e0c660607022/os-quota-sets/b2c2f00090484f2fa34775d296e59b39?usage=true => generated 847 bytes in 25 msecs (HTTP/1.1 200) 7 headers in 285 bytes (1 switches on core 0)
2026-02-26 02:59:46.825 7 INFO cinder.api.openstack.wsgi [None req-d267569d-f2f7-495f-8b82-18ebf6927b94 8bf21e68de9848729d05dadc0f4e158b 0ef8114469054cb09805e0c660607022 - - default default] GET http://cinder-api.openstack.svc.cluster.local:8776/v3/0ef8114469054cb09805e0c660607022/os-quota-sets/baed170af4214c1694b1c0ae8cc78224?usage=true
2026-02-26 02:59:46.845 7 INFO cinder.api.openstack.wsgi [None req-d267569d-f2f7-495f-8b82-18ebf6927b94 8bf21e68de9848729d05dadc0f4e158b 0ef8114469054cb09805e0c660607022 - - default default] http://cinder-api.openstack.svc.cluster.local:8776/v3/0ef8114469054cb09805e0c660607022/os-quota-sets/baed170af4214c1694b1c0ae8cc78224?usage=true returned with HTTP 200 [pid: 7|app: 0|req: 490/984] 10.0.0.6 () {28 vars in 734 bytes} [Thu Feb 26 02:59:46 2026] GET /v3/0ef8114469054cb09805e0c660607022/os-quota-sets/baed170af4214c1694b1c0ae8cc78224?usage=true => generated 845 bytes in 28 msecs (HTTP/1.1 200) 7 headers in 285 bytes (1 switches on core 0)
2026-02-26 02:59:46.858 8 INFO cinder.api.openstack.wsgi [None req-c90ead94-6695-44a7-9d34-f25d4b36b1ed 8bf21e68de9848729d05dadc0f4e158b 0ef8114469054cb09805e0c660607022 - - default default] GET http://cinder-api.openstack.svc.cluster.local:8776/v3/0ef8114469054cb09805e0c660607022/os-quota-sets/f0bea4b9322e4224a52b027b544dadb3?usage=true
2026-02-26 02:59:46.881 8 INFO cinder.api.openstack.wsgi [None req-c90ead94-6695-44a7-9d34-f25d4b36b1ed 8bf21e68de9848729d05dadc0f4e158b 0ef8114469054cb09805e0c660607022 - - default default] http://cinder-api.openstack.svc.cluster.local:8776/v3/0ef8114469054cb09805e0c660607022/os-quota-sets/f0bea4b9322e4224a52b027b544dadb3?usage=true returned with HTTP 200 [pid: 8|app: 0|req: 495/985] 10.0.0.6 () {28 vars in 734 bytes} [Thu Feb 26 02:59:46 2026] GET /v3/0ef8114469054cb09805e0c660607022/os-quota-sets/f0bea4b9322e4224a52b027b544dadb3?usage=true => generated 847 bytes in 33 msecs (HTTP/1.1 200) 7 headers in 285 bytes (1 switches on core 0)
2026-02-26 02:59:46.893 7 INFO cinder.api.openstack.wsgi [None req-b34540d8-f8d8-499d-b1a4-7a2b137f14ee 8bf21e68de9848729d05dadc0f4e158b 0ef8114469054cb09805e0c660607022 - - default default] GET http://cinder-api.openstack.svc.cluster.local:8776/v3/0ef8114469054cb09805e0c660607022/os-quota-sets/ff50d3fc8b2640c8a0135e1e28a6b51e?usage=true
2026-02-26 02:59:46.914 7 INFO cinder.api.openstack.wsgi [None req-b34540d8-f8d8-499d-b1a4-7a2b137f14ee 8bf21e68de9848729d05dadc0f4e158b 0ef8114469054cb09805e0c660607022 - - default default] http://cinder-api.openstack.svc.cluster.local:8776/v3/0ef8114469054cb09805e0c660607022/os-quota-sets/ff50d3fc8b2640c8a0135e1e28a6b51e?usage=true returned with HTTP 200 [pid: 7|app: 0|req: 491/986] 10.0.0.6 () {28 vars in 734 bytes} [Thu Feb 26 02:59:46 2026] GET /v3/0ef8114469054cb09805e0c660607022/os-quota-sets/ff50d3fc8b2640c8a0135e1e28a6b51e?usage=true => generated 847 bytes in 29 msecs (HTTP/1.1 200) 7 headers in 285 bytes (1 switches on core 0)
2026-02-26 02:59:46.930 8 INFO cinder.api.openstack.wsgi [None req-aea1823d-fe3c-4075-ba6e-5c3662dba83c 8bf21e68de9848729d05dadc0f4e158b 0ef8114469054cb09805e0c660607022 - - default default] GET http://cinder-api.openstack.svc.cluster.local:8776/v3/0ef8114469054cb09805e0c660607022/os-services
2026-02-26 02:59:46.935 8 INFO cinder.api.openstack.wsgi [None req-aea1823d-fe3c-4075-ba6e-5c3662dba83c 8bf21e68de9848729d05dadc0f4e158b 0ef8114469054cb09805e0c660607022 - - default default] http://cinder-api.openstack.svc.cluster.local:8776/v3/0ef8114469054cb09805e0c660607022/os-services returned with HTTP 200 [pid: 8|app: 0|req: 496/987] 10.0.0.6 () {28 vars in 643 bytes} [Thu Feb 26 02:59:46 2026] GET /v3/0ef8114469054cb09805e0c660607022/os-services => generated 646 bytes in 15 msecs (HTTP/1.1 200) 7 headers in 285 bytes (1 switches on core 0)
2026-02-26 02:59:46.945 7 INFO cinder.api.openstack.wsgi [None req-13634bf2-a35a-42c1-acff-161d1baa95b1 8bf21e68de9848729d05dadc0f4e158b 0ef8114469054cb09805e0c660607022 - - default default] GET http://cinder-api.openstack.svc.cluster.local:8776/v3/0ef8114469054cb09805e0c660607022/snapshots?all_tenants=true
2026-02-26 02:59:46.950 7 INFO cinder.volume.api [None req-13634bf2-a35a-42c1-acff-161d1baa95b1 8bf21e68de9848729d05dadc0f4e158b 0ef8114469054cb09805e0c660607022 - - default default] Get all snapshots completed successfully.
2026-02-26 02:59:46.951 7 INFO cinder.api.openstack.wsgi [None req-13634bf2-a35a-42c1-acff-161d1baa95b1 8bf21e68de9848729d05dadc0f4e158b 0ef8114469054cb09805e0c660607022 - - default default] http://cinder-api.openstack.svc.cluster.local:8776/v3/0ef8114469054cb09805e0c660607022/snapshots?all_tenants=true returned with HTTP 200 [pid: 7|app: 0|req: 492/988] 10.0.0.6 () {28 vars in 672 bytes} [Thu Feb 26 02:59:46 2026] GET /v3/0ef8114469054cb09805e0c660607022/snapshots?all_tenants=true => generated 17 bytes in 11 msecs (HTTP/1.1 200) 7 headers in 284 bytes (1 switches on core 0)
2026-02-26 02:59:46.963 8 INFO cinder.api.openstack.wsgi [None req-e3d70fea-e1f9-4c0c-ac94-dd5c6008e0de 8bf21e68de9848729d05dadc0f4e158b 0ef8114469054cb09805e0c660607022 - - default default] GET http://cinder-api.openstack.svc.cluster.local:8776/v3/0ef8114469054cb09805e0c660607022/volumes/detail?all_tenants=true
2026-02-26 02:59:46.977 8 INFO cinder.volume.api [None req-e3d70fea-e1f9-4c0c-ac94-dd5c6008e0de 8bf21e68de9848729d05dadc0f4e158b 0ef8114469054cb09805e0c660607022 - - default default] Get all volumes completed successfully. /var/lib/openstack/lib/python3.12/site-packages/oslo_context/context.py:101: DeprecationWarning: Policy enforcement is depending on the value of is_admin. This key is deprecated. Please update your policy file to use the standard policy values. warnings.warn(
2026-02-26 02:59:46.983 8 INFO cinder.api.openstack.wsgi [None req-e3d70fea-e1f9-4c0c-ac94-dd5c6008e0de 8bf21e68de9848729d05dadc0f4e158b 0ef8114469054cb09805e0c660607022 - - default default] http://cinder-api.openstack.svc.cluster.local:8776/v3/0ef8114469054cb09805e0c660607022/volumes/detail?all_tenants=true returned with HTTP 200 [pid: 8|app: 0|req: 497/989] 10.0.0.6 () {28 vars in 682 bytes} [Thu Feb 26 02:59:46 2026] GET /v3/0ef8114469054cb09805e0c660607022/volumes/detail?all_tenants=true => generated 1790 bytes in 28 msecs (HTTP/1.1 200) 7 headers in 286 bytes (1 switches on core 0)
2026-02-26 02:59:49.843 7 INFO cinder.api.openstack.wsgi [None req-13634bf2-a35a-42c1-acff-161d1baa95b1 8bf21e68de9848729d05dadc0f4e158b 0ef8114469054cb09805e0c660607022 - - default default] GET http://10.0.0.111:8776/
2026-02-26 02:59:49.844 8 INFO cinder.api.openstack.wsgi [None req-e3d70fea-e1f9-4c0c-ac94-dd5c6008e0de 8bf21e68de9848729d05dadc0f4e158b 0ef8114469054cb09805e0c660607022 - - default default] GET http://10.0.0.111:8776/
2026-02-26 02:59:49.845 7 INFO cinder.api.openstack.wsgi [None req-13634bf2-a35a-42c1-acff-161d1baa95b1 8bf21e68de9848729d05dadc0f4e158b 0ef8114469054cb09805e0c660607022 - - default default] http://10.0.0.111:8776/ returned with HTTP 300
2026-02-26 02:59:49.845 8 INFO cinder.api.openstack.wsgi [None req-e3d70fea-e1f9-4c0c-ac94-dd5c6008e0de 8bf21e68de9848729d05dadc0f4e158b 0ef8114469054cb09805e0c660607022 - - default default] http://10.0.0.111:8776/ returned with HTTP 300
2026-02-26 02:59:59.845 7 INFO cinder.api.openstack.wsgi [None req-13634bf2-a35a-42c1-acff-161d1baa95b1 8bf21e68de9848729d05dadc0f4e158b 0ef8114469054cb09805e0c660607022 - - default default] GET http://10.0.0.111:8776/
2026-02-26 02:59:59.845 8 INFO cinder.api.openstack.wsgi [None req-e3d70fea-e1f9-4c0c-ac94-dd5c6008e0de 8bf21e68de9848729d05dadc0f4e158b 0ef8114469054cb09805e0c660607022 - - default default] GET http://10.0.0.111:8776/
2026-02-26 02:59:59.845 8 INFO cinder.api.openstack.wsgi [None req-e3d70fea-e1f9-4c0c-ac94-dd5c6008e0de 8bf21e68de9848729d05dadc0f4e158b 0ef8114469054cb09805e0c660607022 - - default default] http://10.0.0.111:8776/ returned with HTTP 300
2026-02-26 02:59:59.846 7 INFO cinder.api.openstack.wsgi [None req-13634bf2-a35a-42c1-acff-161d1baa95b1 8bf21e68de9848729d05dadc0f4e158b 0ef8114469054cb09805e0c660607022 - - default default] http://10.0.0.111:8776/ returned with HTTP 300
2026-02-26 03:00:08.767 7 INFO cinder.api.openstack.wsgi [req-e1f8f147-fbf1-40e8-9d88-dd132db455a1 req-c5cbcdd3-2e24-4d2f-99c3-54f807482df4 8bf21e68de9848729d05dadc0f4e158b 0ef8114469054cb09805e0c660607022 - - default default] DELETE http://cinder-api.openstack.svc.cluster.local:8776/v3/0ef8114469054cb09805e0c660607022/attachments/4a61e56d-b441-448a-bd97-c9414734d206 /var/lib/openstack/lib/python3.12/site-packages/oslo_context/context.py:101: DeprecationWarning: Policy enforcement is depending on the value of is_admin. This key is deprecated. Please update your policy file to use the standard policy values. warnings.warn(
2026-02-26 03:00:09.319 7 INFO cinder.api.openstack.wsgi [req-e1f8f147-fbf1-40e8-9d88-dd132db455a1 req-c5cbcdd3-2e24-4d2f-99c3-54f807482df4 8bf21e68de9848729d05dadc0f4e158b 0ef8114469054cb09805e0c660607022 - - default default] http://cinder-api.openstack.svc.cluster.local:8776/v3/0ef8114469054cb09805e0c660607022/attachments/4a61e56d-b441-448a-bd97-c9414734d206 returned with HTTP 200 [pid: 7|app: 0|req: 495/994] 199.204.45.229 () {38 vars in 1103 bytes} [Thu Feb 26 03:00:08 2026] DELETE /v3/0ef8114469054cb09805e0c660607022/attachments/4a61e56d-b441-448a-bd97-c9414734d206 => generated 19 bytes in 559 msecs (HTTP/1.1 200) 7 headers in 285 bytes (1 switches on core 0) /var/lib/openstack/lib/python3.12/site-packages/pycadf/identifier.py:70: UserWarning: Invalid uuid: cinderv3. To ensure interoperability, identifiers should be a valid uuid. warnings.warn(('Invalid uuid: %s. To ensure interoperability, '
2026-02-26 03:00:09.335 8 INFO cinder.api.openstack.wsgi [req-e1f8f147-fbf1-40e8-9d88-dd132db455a1 req-35f3fb0f-a244-4188-ba81-335aa45a5616 8bf21e68de9848729d05dadc0f4e158b 0ef8114469054cb09805e0c660607022 - - default default] DELETE http://cinder-api.openstack.svc.cluster.local:8776/v3/0ef8114469054cb09805e0c660607022/volumes/f140b00b-835f-409a-a6e7-188488c1a326
2026-02-26 03:00:09.335 8 INFO cinder.api.v3.volumes [req-e1f8f147-fbf1-40e8-9d88-dd132db455a1 req-35f3fb0f-a244-4188-ba81-335aa45a5616 8bf21e68de9848729d05dadc0f4e158b 0ef8114469054cb09805e0c660607022 - - default default] Delete volume with id: f140b00b-835f-409a-a6e7-188488c1a326 /var/lib/openstack/lib/python3.12/site-packages/oslo_context/context.py:101: DeprecationWarning: Policy enforcement is depending on the value of is_admin. This key is deprecated. Please update your policy file to use the standard policy values. warnings.warn(
2026-02-26 03:00:09.345 8 INFO cinder.volume.api [req-e1f8f147-fbf1-40e8-9d88-dd132db455a1 req-35f3fb0f-a244-4188-ba81-335aa45a5616 8bf21e68de9848729d05dadc0f4e158b 0ef8114469054cb09805e0c660607022 - - default default] Volume info retrieved successfully.
2026-02-26 03:00:09.371 8 INFO cinder.volume.api [req-e1f8f147-fbf1-40e8-9d88-dd132db455a1 req-35f3fb0f-a244-4188-ba81-335aa45a5616 8bf21e68de9848729d05dadc0f4e158b 0ef8114469054cb09805e0c660607022 - - default default] Delete volume request issued successfully.
2026-02-26 03:00:09.372 8 INFO cinder.api.openstack.wsgi [req-e1f8f147-fbf1-40e8-9d88-dd132db455a1 req-35f3fb0f-a244-4188-ba81-335aa45a5616 8bf21e68de9848729d05dadc0f4e158b 0ef8114469054cb09805e0c660607022 - - default default] http://cinder-api.openstack.svc.cluster.local:8776/v3/0ef8114469054cb09805e0c660607022/volumes/f140b00b-835f-409a-a6e7-188488c1a326 returned with HTTP 202 [pid: 8|app: 0|req: 500/995] 199.204.45.229 () {36 vars in 1054 bytes} [Thu Feb 26 03:00:09 2026] DELETE /v3/0ef8114469054cb09805e0c660607022/volumes/f140b00b-835f-409a-a6e7-188488c1a326 => generated 0 bytes in 45 msecs (HTTP/1.1 202) 6 headers in 233 bytes (1 switches on core 0)
2026-02-26 03:00:09.842 7 INFO cinder.api.openstack.wsgi [req-e1f8f147-fbf1-40e8-9d88-dd132db455a1 req-c5cbcdd3-2e24-4d2f-99c3-54f807482df4 8bf21e68de9848729d05dadc0f4e158b 0ef8114469054cb09805e0c660607022 - - default default] GET http://10.0.0.111:8776/
2026-02-26 03:00:09.843 7 INFO cinder.api.openstack.wsgi [req-e1f8f147-fbf1-40e8-9d88-dd132db455a1 req-c5cbcdd3-2e24-4d2f-99c3-54f807482df4 8bf21e68de9848729d05dadc0f4e158b 0ef8114469054cb09805e0c660607022 - - default default] http://10.0.0.111:8776/ returned with HTTP 300
2026-02-26 03:00:09.843 8 INFO cinder.api.openstack.wsgi [req-e1f8f147-fbf1-40e8-9d88-dd132db455a1 req-35f3fb0f-a244-4188-ba81-335aa45a5616 8bf21e68de9848729d05dadc0f4e158b 0ef8114469054cb09805e0c660607022 - - default default] GET http://10.0.0.111:8776/
2026-02-26 03:00:09.844 8 INFO cinder.api.openstack.wsgi [req-e1f8f147-fbf1-40e8-9d88-dd132db455a1 req-35f3fb0f-a244-4188-ba81-335aa45a5616 8bf21e68de9848729d05dadc0f4e158b 0ef8114469054cb09805e0c660607022 - - default default] http://10.0.0.111:8776/ returned with HTTP 300
2026-02-26 03:00:19.842 7 INFO cinder.api.openstack.wsgi [req-e1f8f147-fbf1-40e8-9d88-dd132db455a1 req-c5cbcdd3-2e24-4d2f-99c3-54f807482df4 8bf21e68de9848729d05dadc0f4e158b 0ef8114469054cb09805e0c660607022 - - default default] GET http://10.0.0.111:8776/
2026-02-26 03:00:19.842 8 INFO cinder.api.openstack.wsgi [req-e1f8f147-fbf1-40e8-9d88-dd132db455a1 req-35f3fb0f-a244-4188-ba81-335aa45a5616 8bf21e68de9848729d05dadc0f4e158b 0ef8114469054cb09805e0c660607022 - - default default] GET http://10.0.0.111:8776/
2026-02-26 03:00:19.843 7 INFO cinder.api.openstack.wsgi [req-e1f8f147-fbf1-40e8-9d88-dd132db455a1 req-c5cbcdd3-2e24-4d2f-99c3-54f807482df4 8bf21e68de9848729d05dadc0f4e158b 0ef8114469054cb09805e0c660607022 - - default default] http://10.0.0.111:8776/ returned with HTTP 300
2026-02-26 03:00:19.843 8 INFO cinder.api.openstack.wsgi [req-e1f8f147-fbf1-40e8-9d88-dd132db455a1 req-35f3fb0f-a244-4188-ba81-335aa45a5616 8bf21e68de9848729d05dadc0f4e158b 0ef8114469054cb09805e0c660607022 - - default default] http://10.0.0.111:8776/ returned with HTTP 300
2026-02-26 03:00:29.843 7 INFO cinder.api.openstack.wsgi [req-e1f8f147-fbf1-40e8-9d88-dd132db455a1 req-c5cbcdd3-2e24-4d2f-99c3-54f807482df4 8bf21e68de9848729d05dadc0f4e158b 0ef8114469054cb09805e0c660607022 - - default default] GET http://10.0.0.111:8776/
2026-02-26 03:00:29.843 8 INFO cinder.api.openstack.wsgi [req-e1f8f147-fbf1-40e8-9d88-dd132db455a1 req-35f3fb0f-a244-4188-ba81-335aa45a5616 8bf21e68de9848729d05dadc0f4e158b 0ef8114469054cb09805e0c660607022 - - default default] GET http://10.0.0.111:8776/
2026-02-26 03:00:29.844 7 INFO cinder.api.openstack.wsgi [req-e1f8f147-fbf1-40e8-9d88-dd132db455a1 req-c5cbcdd3-2e24-4d2f-99c3-54f807482df4 8bf21e68de9848729d05dadc0f4e158b 0ef8114469054cb09805e0c660607022 - - default default] http://10.0.0.111:8776/ returned with HTTP 300
