Jun 17 20:15:26.378877 np0000181490 devstack@neutron-api.service[107715]: DEBUG neutron.api.extensions [None req-5a658a30-a4e6-4ec4-92d3-8ca71d012fc1 None None] Ext name="Tag support for resources with standard attribute: port, subnet, subnetpool, network, security_group, router, floatingip, policy, trunk, network_segment_range" alias="standard-attr-tag" description="Enables to set tag on resources with standard attribute." updated="2017-01-01T00:00:00-00:00" {{(pid=107715) _check_extension /opt/stack/neutron/neutron/api/extensions.py:415}}
Jun 17 20:15:26.378877 np0000181490 devstack@neutron-api.service[107715]: INFO neutron.api.extensions [None req-5a658a30-a4e6-4ec4-92d3-8ca71d012fc1 None None] Loaded extension: standard-attr-tag
Jun 17 20:15:26.378877 np0000181490 devstack@neutron-api.service[107715]: DEBUG neutron.api.extensions [None req-5a658a30-a4e6-4ec4-92d3-8ca71d012fc1 None None] Loading extension file: timestamp.py {{(pid=107715) _load_all_extensions_from_path /opt/stack/neutron/neutron/api/extensions.py:449}}
Jun 17 20:15:26.379109 np0000181490 devstack@neutron-api.service[107716]: DEBUG neutron.api.extensions [None req-06b5d798-0373-4eec-85d9-babdab7455cb None None] Extended resource: floatingip-pools {{(pid=107716) __init__ /opt/stack/neutron/neutron/api/extensions.py:156}}
Jun 17 20:15:26.379546 np0000181490 devstack@neutron-api.service[107715]: DEBUG neutron.api.extensions [None req-5a658a30-a4e6-4ec4-92d3-8ca71d012fc1 None None] Ext name="Resource timestamps" alias="standard-attr-timestamp" description="Adds created_at and updated_at fields to all Neutron resources that have Neutron standard attributes." updated="2016-09-12T10:00:00-00:00" {{(pid=107715) _check_extension /opt/stack/neutron/neutron/api/extensions.py:415}}
Jun 17 20:15:26.379546 np0000181490 devstack@neutron-api.service[107715]: INFO neutron.api.extensions [None req-5a658a30-a4e6-4ec4-92d3-8ca71d012fc1 None None] Loaded extension: standard-attr-timestamp
Jun 17 20:15:26.379546 np0000181490 devstack@neutron-api.service[107715]: DEBUG neutron.api.extensions [None req-5a658a30-a4e6-4ec4-92d3-8ca71d012fc1 None None] Loading extension file: trunk.py {{(pid=107715) _load_all_extensions_from_path /opt/stack/neutron/neutron/api/extensions.py:449}}
Jun 17 20:15:26.380221 np0000181490 devstack@neutron-api.service[107716]: DEBUG neutron.api.extensions [None req-06b5d798-0373-4eec-85d9-babdab7455cb None None] Extended resource: routers {{(pid=107716) __init__ /opt/stack/neutron/neutron/api/extensions.py:156}}
Jun 17 20:15:26.380682 np0000181490 devstack@neutron-api.service[107715]: DEBUG neutron.api.extensions [None req-5a658a30-a4e6-4ec4-92d3-8ca71d012fc1 None None] Ext name="Trunk Extension" alias="trunk" description="Provides support for trunk ports" updated="2016-01-01T10:00:00-00:00" {{(pid=107715) _check_extension /opt/stack/neutron/neutron/api/extensions.py:415}}
Jun 17 20:15:26.380682 np0000181490 devstack@neutron-api.service[107715]: INFO neutron.api.extensions [None req-5a658a30-a4e6-4ec4-92d3-8ca71d012fc1 None None] Extension trunk not supported by any of loaded plugins
Jun 17 20:15:26.380682 np0000181490 devstack@neutron-api.service[107715]: DEBUG neutron.api.extensions [None req-5a658a30-a4e6-4ec4-92d3-8ca71d012fc1 None None] Loading extension file: trunk_details.py {{(pid=107715) _load_all_extensions_from_path /opt/stack/neutron/neutron/api/extensions.py:449}}
Jun 17 20:15:26.381268 np0000181490 devstack@neutron-api.service[107717]: DEBUG oslo_concurrency.processutils [None req-defe27b6-18e3-4011-9d65-ac05d2a67c48 None None] CMD "ovsdb-client transact ssl:199.19.213.30:6641 --timeout 180 -p /opt/stack/data/CA/int-ca/private/devstack-cert.key -c /opt/stack/data/CA/int-ca/devstack-cert.crt -C /opt/stack/data/CA/int-ca/ca-chain.pem ["OVN_Northbound", {"op": "wait", "timeout": 0, "table": "Port_Group", "where": [["name", "==", "neutron_pg_drop"]], "until": "==", "rows": []}, {"op": "insert", "table": "ACL", "row": {"action": "drop", "direction": "to-lport", "match": "outport == @neutron_pg_drop && ip", "priority": 1001}, "uuid-name": "droptoport"}, {"op": "insert", "table": "ACL", "row": {"action": "drop", "direction": "from-lport", "match": "inport == @neutron_pg_drop && ip", "priority": 1001}, "uuid-name": "dropfromport"}, {"op": "insert", "table": "Port_Group", "row": {"name": "neutron_pg_drop", "acls": ["set", [["named-uuid", "droptoport"], ["named-uuid", "dropfromport"]]]}}]" returned: 0 in 0.041s {{(pid=107717) execute /opt/stack/data/venv/lib/python3.12/site-packages/oslo_concurrency/processutils.py:468}}
Jun 17 20:15:26.381825 np0000181490 devstack@neutron-api.service[107715]: DEBUG neutron.api.extensions [None req-5a658a30-a4e6-4ec4-92d3-8ca71d012fc1 None None] Ext name="Trunk port details" alias="trunk-details" description="Expose trunk port details" updated="2016-01-01T10:00:00-00:00" {{(pid=107715) _check_extension /opt/stack/neutron/neutron/api/extensions.py:415}}
Jun 17 20:15:26.381825 np0000181490 devstack@neutron-api.service[107715]: INFO neutron.api.extensions [None req-5a658a30-a4e6-4ec4-92d3-8ca71d012fc1 None None] Extension trunk-details not supported by any of loaded plugins
Jun 17 20:15:26.381825 np0000181490 devstack@neutron-api.service[107715]: DEBUG neutron.api.extensions [None req-5a658a30-a4e6-4ec4-92d3-8ca71d012fc1 None None] Loading extension file: uplink_status_propagation.py {{(pid=107715) _load_all_extensions_from_path /opt/stack/neutron/neutron/api/extensions.py:449}}
Jun 17 20:15:26.382259 np0000181490 devstack@neutron-api.service[107716]: DEBUG neutron.api.extensions [None req-06b5d798-0373-4eec-85d9-babdab7455cb None None] Extended resource: floatingips {{(pid=107716) __init__ /opt/stack/neutron/neutron/api/extensions.py:156}}
Jun 17 20:15:26.382393 np0000181490 devstack@neutron-api.service[107717]: DEBUG neutron_lib.callbacks.manager [None req-defe27b6-18e3-4011-9d65-ac05d2a67c48 None None] Publish callbacks ['neutron.plugins.ml2.drivers.ovn.mech_driver.mech_driver.OVNMechanismDriver.post_fork_initialize-322155', 'neutron.services.pvlan.drivers.ovn.driver._initialize_pvlan_pg_drop-8170723070596', 'neutron.services.ovn_l3.plugin.OVNL3RouterPlugin._post_fork_initialize-33540093'] for process (None), after_init {{(pid=107717) _notify_loop /opt/stack/data/venv/lib/python3.12/site-packages/neutron_lib/callbacks/manager.py:184}}
Jun 17 20:15:26.382512 np0000181490 devstack@neutron-api.service[107715]: DEBUG neutron.api.extensions [None req-5a658a30-a4e6-4ec4-92d3-8ca71d012fc1 None None] Ext name="Uplink status propagation extension" alias="uplink-status-propagation" description="Provides ability to propagate port uplink status." updated="2018-05-31T18:00:00-00:00" {{(pid=107715) _check_extension /opt/stack/neutron/neutron/api/extensions.py:415}}
Jun 17 20:15:26.382512 np0000181490 devstack@neutron-api.service[107715]: INFO neutron.api.extensions [None req-5a658a30-a4e6-4ec4-92d3-8ca71d012fc1 None None] Extension uplink-status-propagation not supported by any of loaded plugins
Jun 17 20:15:26.382512 np0000181490 devstack@neutron-api.service[107715]: DEBUG neutron.api.extensions [None req-5a658a30-a4e6-4ec4-92d3-8ca71d012fc1 None None] Loading extension file: uplink_status_propagation_updatable.py {{(pid=107715) _load_all_extensions_from_path /opt/stack/neutron/neutron/api/extensions.py:449}}
Jun 17 20:15:26.382650 np0000181490 devstack@neutron-api.service[107716]: DEBUG neutron.api.extensions [None req-06b5d798-0373-4eec-85d9-babdab7455cb None None] Extended resource: l3-routers {{(pid=107716) __init__ /opt/stack/neutron/neutron/api/extensions.py:156}}
Jun 17 20:15:26.382724 np0000181490 devstack@neutron-api.service[107717]: DEBUG oslo_concurrency.lockutils [None req-defe27b6-18e3-4011-9d65-ac05d2a67c48 None None] Acquiring lock "singleton_lock" {{(pid=107717) lock /opt/stack/data/venv/lib/python3.12/site-packages/oslo_concurrency/lockutils.py:395}}
Jun 17 20:15:26.382809 np0000181490 devstack@neutron-api.service[107715]: DEBUG neutron.api.extensions [None req-5a658a30-a4e6-4ec4-92d3-8ca71d012fc1 None None] Ext name="Uplink status propagation updatable extension" alias="uplink-status-propagation-updatable" description="Provides ability to update the port uplink status." updated="2024-09-03T18:00:00-00:00" {{(pid=107715) _check_extension /opt/stack/neutron/neutron/api/extensions.py:415}}
Jun 17 20:15:26.382890 np0000181490 devstack@neutron-api.service[107717]: DEBUG oslo_concurrency.lockutils [None req-defe27b6-18e3-4011-9d65-ac05d2a67c48 None None] Acquired lock "singleton_lock" {{(pid=107717) lock /opt/stack/data/venv/lib/python3.12/site-packages/oslo_concurrency/lockutils.py:398}}
Jun 17 20:15:26.382971 np0000181490 devstack@neutron-api.service[107715]: INFO neutron.api.extensions [None req-5a658a30-a4e6-4ec4-92d3-8ca71d012fc1 None None] Extension uplink-status-propagation-updatable not supported by any of loaded plugins
Jun 17 20:15:26.382971 np0000181490 devstack@neutron-api.service[107715]: DEBUG neutron.api.extensions [None req-5a658a30-a4e6-4ec4-92d3-8ca71d012fc1 None None] Loading extension file: vlantransparent.py {{(pid=107715) _load_all_extensions_from_path /opt/stack/neutron/neutron/api/extensions.py:449}}
Jun 17 20:15:26.383091 np0000181490 devstack@neutron-api.service[107717]: DEBUG oslo_concurrency.lockutils [None req-defe27b6-18e3-4011-9d65-ac05d2a67c48 None None] Releasing lock "singleton_lock" {{(pid=107717) lock /opt/stack/data/venv/lib/python3.12/site-packages/oslo_concurrency/lockutils.py:418}}
Jun 17 20:15:26.383168 np0000181490 devstack@neutron-api.service[107716]: DEBUG neutron.api.extensions [None req-06b5d798-0373-4eec-85d9-babdab7455cb None None] Extended resource: l3-agents {{(pid=107716) __init__ /opt/stack/neutron/neutron/api/extensions.py:156}}
Jun 17 20:15:26.383264 np0000181490 devstack@neutron-api.service[107715]: DEBUG neutron.api.extensions [None req-5a658a30-a4e6-4ec4-92d3-8ca71d012fc1 None None] Ext name="Vlantransparent" alias="vlan-transparent" description="Provides Vlan Transparent Networks" updated="2015-03-23T09:00:00-00:00" {{(pid=107715) _check_extension /opt/stack/neutron/neutron/api/extensions.py:415}}
Jun 17 20:15:26.383264 np0000181490 devstack@neutron-api.service[107715]: INFO neutron.api.extensions [None req-5a658a30-a4e6-4ec4-92d3-8ca71d012fc1 None None] Loaded extension: vlan-transparent
Jun 17 20:15:26.383359 np0000181490 devstack@neutron-api.service[107716]: DEBUG neutron.api.extensions [None req-06b5d798-0373-4eec-85d9-babdab7455cb None None] Extended resource: network-ip-availabilities {{(pid=107716) __init__ /opt/stack/neutron/neutron/api/extensions.py:156}}
Jun 17 20:15:26.383359 np0000181490 devstack@neutron-api.service[107716]: DEBUG neutron.api.extensions [None req-06b5d798-0373-4eec-85d9-babdab7455cb None None] Extended resource: network-ip-availabilities {{(pid=107716) __init__ /opt/stack/neutron/neutron/api/extensions.py:156}}
Jun 17 20:15:26.383359 np0000181490 devstack@neutron-api.service[107716]: DEBUG neutron.api.extensions [None req-06b5d798-0373-4eec-85d9-babdab7455cb None None] Extended resource: bindings {{(pid=107716) __init__ /opt/stack/neutron/neutron/api/extensions.py:156}}
Jun 17 20:15:26.383477 np0000181490 devstack@neutron-api.service[107717]: DEBUG neutron.plugins.ml2.drivers.ovn.mech_driver.mech_driver [None req-defe27b6-18e3-4011-9d65-ac05d2a67c48 None None] Hash Ring setup using WSGI start time 2026-06-17 20:15:19+00:00 {{(pid=107717) _init_hash_ring /opt/stack/neutron/neutron/plugins/ml2/drivers/ovn/mech_driver/mech_driver.py:404}}
Jun 17 20:15:26.383562 np0000181490 devstack@neutron-api.service[107715]: INFO neutron.quota.resource_registry [None req-5a658a30-a4e6-4ec4-92d3-8ca71d012fc1 None None] Creating instance of TrackedResource for resource:network
Jun 17 20:15:26.383562 np0000181490 devstack@neutron-api.service[107715]: INFO neutron.quota.resource_registry [None req-5a658a30-a4e6-4ec4-92d3-8ca71d012fc1 None None] Creating instance of TrackedResource for resource:subnet
Jun 17 20:15:26.383667 np0000181490 devstack@neutron-api.service[107716]: DEBUG neutron.api.extensions [None req-06b5d798-0373-4eec-85d9-babdab7455cb None None] Extended resource: quotas {{(pid=107716) __init__ /opt/stack/neutron/neutron/api/extensions.py:156}}
Jun 17 20:15:26.383742 np0000181490 devstack@neutron-api.service[107715]: INFO neutron.quota.resource_registry [None req-5a658a30-a4e6-4ec4-92d3-8ca71d012fc1 None None] Creating instance of TrackedResource for resource:subnetpool
Jun 17 20:15:26.383742 np0000181490 devstack@neutron-api.service[107715]: INFO neutron.quota.resource_registry [None req-5a658a30-a4e6-4ec4-92d3-8ca71d012fc1 None None] Creating instance of TrackedResource for resource:port
Jun 17 20:15:26.383837 np0000181490 devstack@neutron-api.service[107716]: DEBUG neutron.api.extensions [None req-06b5d798-0373-4eec-85d9-babdab7455cb None None] Extended resource: quotas {{(pid=107716) __init__ /opt/stack/neutron/neutron/api/extensions.py:156}}
Jun 17 20:15:26.383837 np0000181490 devstack@neutron-api.service[107716]: DEBUG neutron.api.extensions [None req-06b5d798-0373-4eec-85d9-babdab7455cb None None] Extended resource: rbac-policies {{(pid=107716) __init__ /opt/stack/neutron/neutron/api/extensions.py:156}}
Jun 17 20:15:26.383934 np0000181490 devstack@neutron-api.service[107715]: DEBUG neutron.api.v2.resource_helper [None req-5a658a30-a4e6-4ec4-92d3-8ca71d012fc1 None None] Service L3_ROUTER_NAT assigned prefix: {{(pid=107715) build_resource_info /opt/stack/neutron/neutron/api/v2/resource_helper.py:77}}
Jun 17 20:15:26.384001 np0000181490 devstack@neutron-api.service[107716]: DEBUG neutron.api.extensions [None req-06b5d798-0373-4eec-85d9-babdab7455cb None None] Extended resource: default-security-group-rules {{(pid=107716) __init__ /opt/stack/neutron/neutron/api/extensions.py:156}}
Jun 17 20:15:26.384110 np0000181490 devstack@neutron-api.service[107715]: DEBUG neutron.api.v2.resource_helper [None req-5a658a30-a4e6-4ec4-92d3-8ca71d012fc1 None None] Service FLAVORS assigned prefix: {{(pid=107715) build_resource_info /opt/stack/neutron/neutron/api/v2/resource_helper.py:77}}
Jun 17 20:15:26.384266 np0000181490 devstack@neutron-api.service[107716]: DEBUG neutron.api.extensions [None req-06b5d798-0373-4eec-85d9-babdab7455cb None None] Extended resource: security-groups {{(pid=107716) __init__ /opt/stack/neutron/neutron/api/extensions.py:156}}
Jun 17 20:15:26.384369 np0000181490 devstack@neutron-api.service[107715]: DEBUG neutron.api.v2.resource_helper [None req-5a658a30-a4e6-4ec4-92d3-8ca71d012fc1 None None] Service L3_ROUTER_NAT assigned prefix: {{(pid=107715) build_resource_info /opt/stack/neutron/neutron/api/v2/resource_helper.py:77}}
Jun 17 20:15:26.384436 np0000181490 devstack@neutron-api.service[107716]: DEBUG neutron.api.extensions [None req-06b5d798-0373-4eec-85d9-babdab7455cb None None] Extended resource: security-group-rules {{(pid=107716) __init__ /opt/stack/neutron/neutron/api/extensions.py:156}}
Jun 17 20:15:26.384515 np0000181490 devstack@neutron-api.service[107715]: DEBUG neutron.api.v2.resource_helper [None req-5a658a30-a4e6-4ec4-92d3-8ca71d012fc1 None None] Service L3_ROUTER_NAT assigned prefix: {{(pid=107715) build_resource_info /opt/stack/neutron/neutron/api/v2/resource_helper.py:77}}
Jun 17 20:15:26.384515 np0000181490 devstack@neutron-api.service[107715]: INFO neutron.quota.resource_registry [None req-5a658a30-a4e6-4ec4-92d3-8ca71d012fc1 None None] Creating instance of TrackedResource for resource:router
Jun 17 20:15:26.384627 np0000181490 devstack@neutron-api.service[107716]: DEBUG neutron.api.extensions [None req-06b5d798-0373-4eec-85d9-babdab7455cb None None] Extended resource: service-providers {{(pid=107716) __init__ /opt/stack/neutron/neutron/api/extensions.py:156}}
Jun 17 20:15:26.384707 np0000181490 devstack@neutron-api.service[107715]: INFO neutron.quota.resource_registry [None req-5a658a30-a4e6-4ec4-92d3-8ca71d012fc1 None None] Creating instance of TrackedResource for resource:floatingip
Jun 17 20:15:26.384787 np0000181490 devstack@neutron-api.service[107716]: DEBUG neutron.api.extensions [None req-06b5d798-0373-4eec-85d9-babdab7455cb None None] Extended resource: subnetpools {{(pid=107716) __init__ /opt/stack/neutron/neutron/api/extensions.py:156}}
Jun 17 20:15:26.384787 np0000181490 devstack@neutron-api.service[107716]: DEBUG neutron.api.extensions [None req-06b5d798-0373-4eec-85d9-babdab7455cb None None] Extended resource: subnetpools {{(pid=107716) __init__ /opt/stack/neutron/neutron/api/extensions.py:156}}
Jun 17 20:15:26.384887 np0000181490 devstack@neutron-api.service[107715]: INFO neutron.quota.resource_registry [None req-5a658a30-a4e6-4ec4-92d3-8ca71d012fc1 None None] Creating instance of CountableResource for resource:rbac_policy
Jun 17 20:15:26.384958 np0000181490 devstack@neutron-api.service[107716]: DEBUG neutron.api.extensions [None req-06b5d798-0373-4eec-85d9-babdab7455cb None None] Extended resource: tags {{(pid=107716) __init__ /opt/stack/neutron/neutron/api/extensions.py:156}}
Jun 17 20:15:26.385030 np0000181490 devstack@neutron-api.service[107715]: INFO neutron.quota.resource_registry [None req-5a658a30-a4e6-4ec4-92d3-8ca71d012fc1 None None] Creating instance of TrackedResource for resource:security_group
Jun 17 20:15:26.385030 np0000181490 devstack@neutron-api.service[107715]: INFO neutron.quota.resource_registry [None req-5a658a30-a4e6-4ec4-92d3-8ca71d012fc1 None None] Creating instance of TrackedResource for resource:security_group_rule
Jun 17 20:15:26.385126 np0000181490 devstack@neutron-api.service[107716]: DEBUG neutron.api.extensions [None req-06b5d798-0373-4eec-85d9-babdab7455cb None None] Extended resource: tags {{(pid=107716) __init__ /opt/stack/neutron/neutron/api/extensions.py:156}}
Jun 17 20:15:26.385241 np0000181490 devstack@neutron-api.service[107715]: DEBUG neutron.api.v2.resource_helper [None req-5a658a30-a4e6-4ec4-92d3-8ca71d012fc1 None None] Service CORE assigned prefix: {{(pid=107715) build_resource_info /opt/stack/neutron/neutron/api/v2/resource_helper.py:77}}
Jun 17 20:15:26.385241 np0000181490 devstack@neutron-api.service[107715]: INFO neutron.quota.resource_registry [None req-5a658a30-a4e6-4ec4-92d3-8ca71d012fc1 None None] Creating instance of TrackedResource for resource:subnetpool
Jun 17 20:15:26.385241 np0000181490 devstack@neutron-api.service[107715]: WARNING neutron.quota.resource_registry [None req-5a658a30-a4e6-4ec4-92d3-8ca71d012fc1 None None] subnetpool is already registered
Jun 17 20:15:26.385399 np0000181490 devstack@neutron-api.service[107716]: DEBUG neutron.api.extensions [None req-06b5d798-0373-4eec-85d9-babdab7455cb None None] Extended resource: tags {{(pid=107716) __init__ /opt/stack/neutron/neutron/api/extensions.py:156}}
Jun 17 20:15:26.385480 np0000181490 devstack@neutron-api.service[107715]: DEBUG neutron.api.v2.resource_helper [None req-5a658a30-a4e6-4ec4-92d3-8ca71d012fc1 None None] Service CORE assigned prefix: {{(pid=107715) build_resource_info /opt/stack/neutron/neutron/api/v2/resource_helper.py:77}}
Jun 17 20:15:26.385480 np0000181490 devstack@neutron-api.service[107715]: INFO neutron.quota.resource_registry [None req-5a658a30-a4e6-4ec4-92d3-8ca71d012fc1 None None] Creating instance of TrackedResource for resource:subnetpool
Jun 17 20:15:26.385480 np0000181490 devstack@neutron-api.service[107715]: WARNING neutron.quota.resource_registry [None req-5a658a30-a4e6-4ec4-92d3-8ca71d012fc1 None None] subnetpool is already registered
Jun 17 20:15:26.385619 np0000181490 devstack@neutron-api.service[107716]: DEBUG neutron.api.extensions [None req-06b5d798-0373-4eec-85d9-babdab7455cb None None] Extended resource: tags {{(pid=107716) __init__ /opt/stack/neutron/neutron/api/extensions.py:156}}
Jun 17 20:15:26.385619 np0000181490 devstack@neutron-api.service[107716]: DEBUG neutron.api.extensions [None req-06b5d798-0373-4eec-85d9-babdab7455cb None None] Extended resource: tags {{(pid=107716) __init__ /opt/stack/neutron/neutron/api/extensions.py:156}}
Jun 17 20:15:26.385619 np0000181490 devstack@neutron-api.service[107716]: DEBUG neutron.api.extensions [None req-06b5d798-0373-4eec-85d9-babdab7455cb None None] Extended resource: tags {{(pid=107716) __init__ /opt/stack/neutron/neutron/api/extensions.py:156}}
Jun 17 20:15:26.385770 np0000181490 devstack@neutron-api.service[107715]: DEBUG neutron.api.v2.resource_helper [None req-5a658a30-a4e6-4ec4-92d3-8ca71d012fc1 None None] Service L3_ROUTER_NAT assigned prefix: {{(pid=107715) build_resource_info /opt/stack/neutron/neutron/api/v2/resource_helper.py:77}}
Jun 17 20:15:26.385770 np0000181490 devstack@neutron-api.service[107715]: DEBUG neutron.api.v2.resource_helper [None req-5a658a30-a4e6-4ec4-92d3-8ca71d012fc1 None None] Service FLAVORS assigned prefix: {{(pid=107715) build_resource_info /opt/stack/neutron/neutron/api/v2/resource_helper.py:77}}
Jun 17 20:15:26.385867 np0000181490 devstack@neutron-api.service[107716]: DEBUG neutron.api.extensions [None req-06b5d798-0373-4eec-85d9-babdab7455cb None None] Extended resource: tags {{(pid=107716) __init__ /opt/stack/neutron/neutron/api/extensions.py:156}}
Jun 17 20:15:26.385939 np0000181490 devstack@neutron-api.service[107715]: DEBUG neutron.api.v2.resource_helper [None req-5a658a30-a4e6-4ec4-92d3-8ca71d012fc1 None None] Service L3_ROUTER_NAT assigned prefix: {{(pid=107715) build_resource_info /opt/stack/neutron/neutron/api/v2/resource_helper.py:77}}
Jun 17 20:15:26.386048 np0000181490 devstack@neutron-api.service[107716]: DEBUG neutron.api.extensions [None req-06b5d798-0373-4eec-85d9-babdab7455cb None None] Extended resource: tags {{(pid=107716) __init__ /opt/stack/neutron/neutron/api/extensions.py:156}}
Jun 17 20:15:26.386125 np0000181490 devstack@neutron-api.service[107715]: DEBUG neutron.api.v2.resource_helper [None req-5a658a30-a4e6-4ec4-92d3-8ca71d012fc1 None None] Service L3_ROUTER_NAT assigned prefix: {{(pid=107715) build_resource_info /opt/stack/neutron/neutron/api/v2/resource_helper.py:77}}
Jun 17 20:15:26.386125 np0000181490 devstack@neutron-api.service[107715]: INFO neutron.quota.resource_registry [None req-5a658a30-a4e6-4ec4-92d3-8ca71d012fc1 None None] Creating instance of TrackedResource for resource:router
Jun 17 20:15:26.386125 np0000181490 devstack@neutron-api.service[107715]: WARNING neutron.quota.resource_registry [None req-5a658a30-a4e6-4ec4-92d3-8ca71d012fc1 None None] router is already registered
Jun 17 20:15:26.386960 np0000181490 devstack@neutron-api.service[107716]: DEBUG neutron.api.extensions [None req-06b5d798-0373-4eec-85d9-babdab7455cb None None] Extended resource: tags {{(pid=107716) __init__ /opt/stack/neutron/neutron/api/extensions.py:156}}
Jun 17 20:15:26.387110 np0000181490 devstack@neutron-api.service[107715]: INFO neutron.quota.resource_registry [None req-5a658a30-a4e6-4ec4-92d3-8ca71d012fc1 None None] Creating instance of TrackedResource for resource:floatingip
Jun 17 20:15:26.387110 np0000181490 devstack@neutron-api.service[107715]: WARNING neutron.quota.resource_registry [None req-5a658a30-a4e6-4ec4-92d3-8ca71d012fc1 None None] floatingip is already registered
Jun 17 20:15:26.387250 np0000181490 devstack@neutron-api.service[107716]: DEBUG neutron.api.extensions [None req-06b5d798-0373-4eec-85d9-babdab7455cb None None] Extended resource: tags {{(pid=107716) __init__ /opt/stack/neutron/neutron/api/extensions.py:156}}
Jun 17 20:15:26.387326 np0000181490 devstack@neutron-api.service[107715]: INFO neutron.quota.resource_registry [None req-5a658a30-a4e6-4ec4-92d3-8ca71d012fc1 None None] Creating instance of CountableResource for resource:rbac_policy
Jun 17 20:15:26.387326 np0000181490 devstack@neutron-api.service[107715]: WARNING neutron.quota.resource_registry [None req-5a658a30-a4e6-4ec4-92d3-8ca71d012fc1 None None] rbac_policy is already registered
Jun 17 20:15:26.387326 np0000181490 devstack@neutron-api.service[107715]: INFO neutron.quota.resource_registry [None req-5a658a30-a4e6-4ec4-92d3-8ca71d012fc1 None None] Creating instance of TrackedResource for resource:security_group
Jun 17 20:15:26.387326 np0000181490 devstack@neutron-api.service[107715]: WARNING neutron.quota.resource_registry [None req-5a658a30-a4e6-4ec4-92d3-8ca71d012fc1 None None] security_group is already registered
Jun 17 20:15:26.387492 np0000181490 devstack@neutron-api.service[107717]: INFO neutron.db.ovn_hash_ring_db [None req-defe27b6-18e3-4011-9d65-ac05d2a67c48 None None] Nodes from host "np0000181490" and group "mechanism_driver" removed from the Hash Ring created at 2026-06-17 20:15:19+00:00
Jun 17 20:15:26.387577 np0000181490 devstack@neutron-api.service[107715]: INFO neutron.quota.resource_registry [None req-5a658a30-a4e6-4ec4-92d3-8ca71d012fc1 None None] Creating instance of TrackedResource for resource:security_group_rule
Jun 17 20:15:26.387577 np0000181490 devstack@neutron-api.service[107715]: WARNING neutron.quota.resource_registry [None req-5a658a30-a4e6-4ec4-92d3-8ca71d012fc1 None None] security_group_rule is already registered
Jun 17 20:15:26.387577 np0000181490 devstack@neutron-api.service[107715]: DEBUG neutron.api.v2.resource_helper [None req-5a658a30-a4e6-4ec4-92d3-8ca71d012fc1 None None] Service CORE assigned prefix: {{(pid=107715) build_resource_info /opt/stack/neutron/neutron/api/v2/resource_helper.py:77}}
Jun 17 20:15:26.387577 np0000181490 devstack@neutron-api.service[107715]: INFO neutron.quota.resource_registry [None req-5a658a30-a4e6-4ec4-92d3-8ca71d012fc1 None None] Creating instance of TrackedResource for resource:subnetpool
Jun 17 20:15:26.387577 np0000181490 devstack@neutron-api.service[107715]: WARNING neutron.quota.resource_registry [None req-5a658a30-a4e6-4ec4-92d3-8ca71d012fc1 None None] subnetpool is already registered
Jun 17 20:15:26.387577 np0000181490 devstack@neutron-api.service[107715]: DEBUG neutron.api.v2.resource_helper [None req-5a658a30-a4e6-4ec4-92d3-8ca71d012fc1 None None] Service CORE assigned prefix: {{(pid=107715) build_resource_info /opt/stack/neutron/neutron/api/v2/resource_helper.py:77}}
Jun 17 20:15:26.387577 np0000181490 devstack@neutron-api.service[107715]: INFO neutron.quota.resource_registry [None req-5a658a30-a4e6-4ec4-92d3-8ca71d012fc1 None None] Creating instance of TrackedResource for resource:subnetpool
Jun 17 20:15:26.387577 np0000181490 devstack@neutron-api.service[107715]: WARNING neutron.quota.resource_registry [None req-5a658a30-a4e6-4ec4-92d3-8ca71d012fc1 None None] subnetpool is already registered
Jun 17 20:15:26.387577 np0000181490 devstack@neutron-api.service[107715]: DEBUG neutron.api.extensions [None req-5a658a30-a4e6-4ec4-92d3-8ca71d012fc1 None None] Extended resource: extensions {{(pid=107715) __init__ /opt/stack/neutron/neutron/api/extensions.py:156}}
Jun 17 20:15:26.387577 np0000181490 devstack@neutron-api.service[107715]: DEBUG neutron.api.extensions [None req-5a658a30-a4e6-4ec4-92d3-8ca71d012fc1 None None] Extended resource: address-groups {{(pid=107715) __init__ /opt/stack/neutron/neutron/api/extensions.py:156}}
Jun 17 20:15:26.387909 np0000181490 devstack@neutron-api.service[107717]: INFO neutron.db.ovn_hash_ring_db [None req-defe27b6-18e3-4011-9d65-ac05d2a67c48 None None] Node 8e3df810b94c55c396be53820440107d from host "np0000181490" and group "mechanism_driver" added to the Hash Ring
Jun 17 20:15:26.387992 np0000181490 devstack@neutron-api.service[107715]: DEBUG neutron.api.extensions [None req-5a658a30-a4e6-4ec4-92d3-8ca71d012fc1 None None] Extended resource: address-scopes {{(pid=107715) __init__ /opt/stack/neutron/neutron/api/extensions.py:156}}
Jun 17 20:15:26.387992 np0000181490 devstack@neutron-api.service[107715]: DEBUG neutron.api.extensions [None req-5a658a30-a4e6-4ec4-92d3-8ca71d012fc1 None None] Extended resource: agents {{(pid=107715) __init__ /opt/stack/neutron/neutron/api/extensions.py:156}}
Jun 17 20:15:26.387992 np0000181490 devstack@neutron-api.service[107715]: DEBUG neutron.api.extensions [None req-5a658a30-a4e6-4ec4-92d3-8ca71d012fc1 None None] Extended resource: auto-allocated-topology {{(pid=107715) __init__ /opt/stack/neutron/neutron/api/extensions.py:156}}
Jun 17 20:15:26.387992 np0000181490 devstack@neutron-api.service[107715]: DEBUG neutron.api.extensions [None req-5a658a30-a4e6-4ec4-92d3-8ca71d012fc1 None None] Extended resource: availability_zones {{(pid=107715) __init__ /opt/stack/neutron/neutron/api/extensions.py:156}}
Jun 17 20:15:26.387992 np0000181490 devstack@neutron-api.service[107715]: DEBUG neutron.api.extensions [None req-5a658a30-a4e6-4ec4-92d3-8ca71d012fc1 None None] Extended resource: dhcp-networks {{(pid=107715) __init__ /opt/stack/neutron/neutron/api/extensions.py:156}}
Jun 17 20:15:26.387992 np0000181490 devstack@neutron-api.service[107715]: DEBUG neutron.api.extensions [None req-5a658a30-a4e6-4ec4-92d3-8ca71d012fc1 None None] Extended resource: dhcp-agents {{(pid=107715) __init__ /opt/stack/neutron/neutron/api/extensions.py:156}}
Jun 17 20:15:26.387992 np0000181490 devstack@neutron-api.service[107715]: DEBUG neutron.api.extensions [None req-5a658a30-a4e6-4ec4-92d3-8ca71d012fc1 None None] Extended resource: routers {{(pid=107715) __init__ /opt/stack/neutron/neutron/api/extensions.py:156}}
Jun 17 20:15:26.388287 np0000181490 devstack@neutron-api.service[107717]: DEBUG neutron.plugins.ml2.drivers.ovn.mech_driver.mech_driver [None req-defe27b6-18e3-4011-9d65-ac05d2a67c48 None None] Hash Ring setup, this worker has detected 2 OVN hash ring registers in the database {{(pid=107717) _init_hash_ring /opt/stack/neutron/neutron/plugins/ml2/drivers/ovn/mech_driver/mech_driver.py:414}}
Jun 17 20:15:26.388363 np0000181490 devstack@neutron-api.service[107715]: DEBUG neutron.api.extensions [None req-5a658a30-a4e6-4ec4-92d3-8ca71d012fc1 None None] Extended resource: flavors {{(pid=107715) __init__ /opt/stack/neutron/neutron/api/extensions.py:156}}
Jun 17 20:15:26.388363 np0000181490 devstack@neutron-api.service[107715]: DEBUG neutron.api.extensions [None req-5a658a30-a4e6-4ec4-92d3-8ca71d012fc1 None None] Extended resource: service_profiles {{(pid=107715) __init__ /opt/stack/neutron/neutron/api/extensions.py:156}}
Jun 17 20:15:26.388363 np0000181490 devstack@neutron-api.service[107715]: DEBUG neutron.api.extensions [None req-5a658a30-a4e6-4ec4-92d3-8ca71d012fc1 None None] Extended resource: next_providers {{(pid=107715) __init__ /opt/stack/neutron/neutron/api/extensions.py:156}}
Jun 17 20:15:26.388363 np0000181490 devstack@neutron-api.service[107715]: DEBUG neutron.api.extensions [None req-5a658a30-a4e6-4ec4-92d3-8ca71d012fc1 None None] Extended resource: service_profiles {{(pid=107715) __init__ /opt/stack/neutron/neutron/api/extensions.py:156}}
Jun 17 20:15:26.388363 np0000181490 devstack@neutron-api.service[107715]: DEBUG neutron.api.extensions [None req-5a658a30-a4e6-4ec4-92d3-8ca71d012fc1 None None] Extended resource: floatingip-pools {{(pid=107715) __init__ /opt/stack/neutron/neutron/api/extensions.py:156}}
Jun 17 20:15:26.388550 np0000181490 devstack@neutron-api.service[107716]: DEBUG neutron_lib.callbacks.manager [None req-06b5d798-0373-4eec-85d9-babdab7455cb None None] Publish callbacks ['neutron.plugins.ml2.drivers.ovn.mech_driver.mech_driver.OVNMechanismDriver.pre_fork_initialize-197822'] for process (None), before_spawn {{(pid=107716) _notify_loop /opt/stack/data/venv/lib/python3.12/site-packages/neutron_lib/callbacks/manager.py:184}}
Jun 17 20:15:26.388638 np0000181490 devstack@neutron-api.service[107715]: DEBUG neutron.api.extensions [None req-5a658a30-a4e6-4ec4-92d3-8ca71d012fc1 None None] Extended resource: routers {{(pid=107715) __init__ /opt/stack/neutron/neutron/api/extensions.py:156}}
Jun 17 20:15:26.388725 np0000181490 devstack@neutron-api.service[107716]: DEBUG oslo_concurrency.processutils [None req-06b5d798-0373-4eec-85d9-babdab7455cb None None] Running cmd (subprocess): ovsdb-client transact ssl:199.19.213.30:6641 --timeout 180 -p /opt/stack/data/CA/int-ca/private/devstack-cert.key -c /opt/stack/data/CA/int-ca/devstack-cert.crt -C /opt/stack/data/CA/int-ca/ca-chain.pem ["OVN_Northbound", {"op": "wait", "timeout": 0, "table": "Port_Group", "where": [["name", "==", "neutron_pg_drop"]], "until": "==", "rows": []}, {"op": "insert", "table": "ACL", "row": {"action": "drop", "direction": "to-lport", "match": "outport == @neutron_pg_drop && ip", "priority": 1001}, "uuid-name": "droptoport"}, {"op": "insert", "table": "ACL", "row": {"action": "drop", "direction": "from-lport", "match": "inport == @neutron_pg_drop && ip", "priority": 1001}, "uuid-name": "dropfromport"}, {"op": "insert", "table": "Port_Group", "row": {"name": "neutron_pg_drop", "acls": ["set", [["named-uuid", "droptoport"], ["named-uuid", "dropfromport"]]]}}] {{(pid=107716) execute /opt/stack/data/venv/lib/python3.12/site-packages/oslo_concurrency/processutils.py:440}}
Jun 17 20:15:26.388943 np0000181490 devstack@neutron-api.service[107715]: DEBUG neutron.api.extensions [None req-5a658a30-a4e6-4ec4-92d3-8ca71d012fc1 None None] Extended resource: floatingips {{(pid=107715) __init__ /opt/stack/neutron/neutron/api/extensions.py:156}}
Jun 17 20:15:26.388943 np0000181490 devstack@neutron-api.service[107715]: DEBUG neutron.api.extensions [None req-5a658a30-a4e6-4ec4-92d3-8ca71d012fc1 None None] Extended resource: l3-routers {{(pid=107715) __init__ /opt/stack/neutron/neutron/api/extensions.py:156}}
Jun 17 20:15:26.388943 np0000181490 devstack@neutron-api.service[107715]: DEBUG neutron.api.extensions [None req-5a658a30-a4e6-4ec4-92d3-8ca71d012fc1 None None] Extended resource: l3-agents {{(pid=107715) __init__ /opt/stack/neutron/neutron/api/extensions.py:156}}
Jun 17 20:15:26.388943 np0000181490 devstack@neutron-api.service[107715]: DEBUG neutron.api.extensions [None req-5a658a30-a4e6-4ec4-92d3-8ca71d012fc1 None None] Extended resource: network-ip-availabilities {{(pid=107715) __init__ /opt/stack/neutron/neutron/api/extensions.py:156}}
Jun 17 20:15:26.388943 np0000181490 devstack@neutron-api.service[107715]: DEBUG neutron.api.extensions [None req-5a658a30-a4e6-4ec4-92d3-8ca71d012fc1 None None] Extended resource: network-ip-availabilities {{(pid=107715) __init__ /opt/stack/neutron/neutron/api/extensions.py:156}}
Jun 17 20:15:26.388943 np0000181490 devstack@neutron-api.service[107715]: DEBUG neutron.api.extensions [None req-5a658a30-a4e6-4ec4-92d3-8ca71d012fc1 None None] Extended resource: bindings {{(pid=107715) __init__ /opt/stack/neutron/neutron/api/extensions.py:156}}
Jun 17 20:15:26.388943 np0000181490 devstack@neutron-api.service[107715]: DEBUG neutron.api.extensions [None req-5a658a30-a4e6-4ec4-92d3-8ca71d012fc1 None None] Extended resource: quotas {{(pid=107715) __init__ /opt/stack/neutron/neutron/api/extensions.py:156}}
Jun 17 20:15:26.388943 np0000181490 devstack@neutron-api.service[107715]: DEBUG neutron.api.extensions [None req-5a658a30-a4e6-4ec4-92d3-8ca71d012fc1 None None] Extended resource: quotas {{(pid=107715) __init__ /opt/stack/neutron/neutron/api/extensions.py:156}}
Jun 17 20:15:26.389373 np0000181490 devstack@neutron-api.service[107715]: DEBUG neutron.api.extensions [None req-5a658a30-a4e6-4ec4-92d3-8ca71d012fc1 None None] Extended resource: rbac-policies {{(pid=107715) __init__ /opt/stack/neutron/neutron/api/extensions.py:156}}
Jun 17 20:15:26.389373 np0000181490 devstack@neutron-api.service[107715]: DEBUG neutron.api.extensions [None req-5a658a30-a4e6-4ec4-92d3-8ca71d012fc1 None None] Extended resource: default-security-group-rules {{(pid=107715) __init__ /opt/stack/neutron/neutron/api/extensions.py:156}}
Jun 17 20:15:26.389373 np0000181490 devstack@neutron-api.service[107715]: DEBUG neutron.api.extensions [None req-5a658a30-a4e6-4ec4-92d3-8ca71d012fc1 None None] Extended resource: security-groups {{(pid=107715) __init__ /opt/stack/neutron/neutron/api/extensions.py:156}}
Jun 17 20:15:26.389373 np0000181490 devstack@neutron-api.service[107715]: DEBUG neutron.api.extensions [None req-5a658a30-a4e6-4ec4-92d3-8ca71d012fc1 None None] Extended resource: security-group-rules {{(pid=107715) __init__ /opt/stack/neutron/neutron/api/extensions.py:156}}
Jun 17 20:15:26.389575 np0000181490 devstack@neutron-api.service[107717]: DEBUG neutron.plugins.ml2.drivers.ovn.mech_driver.ovsdb.maintenance [None req-defe27b6-18e3-4011-9d65-ac05d2a67c48 None None] Periodic task found: HashRingHealthCheckPeriodics.touch_hash_ring_node {{(pid=107717) add_periodics /opt/stack/neutron/neutron/plugins/ml2/drivers/ovn/mech_driver/ovsdb/maintenance.py:146}}
Jun 17 20:15:26.389718 np0000181490 devstack@neutron-api.service[107715]: DEBUG neutron.api.extensions [None req-5a658a30-a4e6-4ec4-92d3-8ca71d012fc1 None None] Extended resource: service-providers {{(pid=107715) __init__ /opt/stack/neutron/neutron/api/extensions.py:156}}
Jun 17 20:15:26.389718 np0000181490 devstack@neutron-api.service[107715]: DEBUG neutron.api.extensions [None req-5a658a30-a4e6-4ec4-92d3-8ca71d012fc1 None None] Extended resource: subnetpools {{(pid=107715) __init__ /opt/stack/neutron/neutron/api/extensions.py:156}}
Jun 17 20:15:26.389718 np0000181490 devstack@neutron-api.service[107715]: DEBUG neutron.api.extensions [None req-5a658a30-a4e6-4ec4-92d3-8ca71d012fc1 None None] Extended resource: subnetpools {{(pid=107715) __init__ /opt/stack/neutron/neutron/api/extensions.py:156}}
Jun 17 20:15:26.389718 np0000181490 devstack@neutron-api.service[107715]: DEBUG neutron.api.extensions [None req-5a658a30-a4e6-4ec4-92d3-8ca71d012fc1 None None] Extended resource: tags {{(pid=107715) __init__ /opt/stack/neutron/neutron/api/extensions.py:156}}
Jun 17 20:15:26.389718 np0000181490 devstack@neutron-api.service[107715]: DEBUG neutron.api.extensions [None req-5a658a30-a4e6-4ec4-92d3-8ca71d012fc1 None None] Extended resource: tags {{(pid=107715) __init__ /opt/stack/neutron/neutron/api/extensions.py:156}}
Jun 17 20:15:26.389927 np0000181490 devstack@neutron-api.service[107717]: INFO neutron.plugins.ml2.drivers.ovn.mech_driver.mech_driver [None req-defe27b6-18e3-4011-9d65-ac05d2a67c48 None None] Hash Ring probing thread for node 8e3df810b94c55c396be53820440107d has started
Jun 17 20:15:26.390024 np0000181490 devstack@neutron-api.service[107715]: DEBUG neutron.api.extensions [None req-5a658a30-a4e6-4ec4-92d3-8ca71d012fc1 None None] Extended resource: tags {{(pid=107715) __init__ /opt/stack/neutron/neutron/api/extensions.py:156}}
Jun 17 20:15:26.390106 np0000181490 devstack@neutron-api.service[107717]: INFO neutron.plugins.ml2.drivers.ovn.mech_driver.ovsdb.impl_idl_ovn [None req-defe27b6-18e3-4011-9d65-ac05d2a67c48 None None] Getting OvsdbNbOvnIdl for WorkerService with retry
Jun 17 20:15:26.390207 np0000181490 devstack@neutron-api.service[107715]: DEBUG neutron.api.extensions [None req-5a658a30-a4e6-4ec4-92d3-8ca71d012fc1 None None] Extended resource: tags {{(pid=107715) __init__ /opt/stack/neutron/neutron/api/extensions.py:156}}
Jun 17 20:15:26.390207 np0000181490 devstack@neutron-api.service[107715]: DEBUG neutron.api.extensions [None req-5a658a30-a4e6-4ec4-92d3-8ca71d012fc1 None None] Extended resource: tags {{(pid=107715) __init__ /opt/stack/neutron/neutron/api/extensions.py:156}}
Jun 17 20:15:26.390207 np0000181490 devstack@neutron-api.service[107715]: DEBUG neutron.api.extensions [None req-5a658a30-a4e6-4ec4-92d3-8ca71d012fc1 None None] Extended resource: tags {{(pid=107715) __init__ /opt/stack/neutron/neutron/api/extensions.py:156}}
Jun 17 20:15:26.390207 np0000181490 devstack@neutron-api.service[107715]: DEBUG neutron.api.extensions [None req-5a658a30-a4e6-4ec4-92d3-8ca71d012fc1 None None] Extended resource: tags {{(pid=107715) __init__ /opt/stack/neutron/neutron/api/extensions.py:156}}
Jun 17 20:15:26.390207 np0000181490 devstack@neutron-api.service[107715]: DEBUG neutron.api.extensions [None req-5a658a30-a4e6-4ec4-92d3-8ca71d012fc1 None None] Extended resource: tags {{(pid=107715) __init__ /opt/stack/neutron/neutron/api/extensions.py:156}}
Jun 17 20:15:26.390207 np0000181490 devstack@neutron-api.service[107715]: DEBUG neutron.api.extensions [None req-5a658a30-a4e6-4ec4-92d3-8ca71d012fc1 None None] Extended resource: tags {{(pid=107715) __init__ /opt/stack/neutron/neutron/api/extensions.py:156}}
Jun 17 20:15:26.390207 np0000181490 devstack@neutron-api.service[107715]: DEBUG neutron.api.extensions [None req-5a658a30-a4e6-4ec4-92d3-8ca71d012fc1 None None] Extended resource: tags {{(pid=107715) __init__ /opt/stack/neutron/neutron/api/extensions.py:156}}
Jun 17 20:15:26.390207 np0000181490 devstack@neutron-api.service[107715]: DEBUG neutron_lib.callbacks.manager [None req-5a658a30-a4e6-4ec4-92d3-8ca71d012fc1 None None] Publish callbacks ['neutron.plugins.ml2.drivers.ovn.mech_driver.mech_driver.OVNMechanismDriver.pre_fork_initialize-323694'] for process (None), before_spawn {{(pid=107715) _notify_loop /opt/stack/data/venv/lib/python3.12/site-packages/neutron_lib/callbacks/manager.py:184}}
Jun 17 20:15:26.390563 np0000181490 devstack@neutron-api.service[107715]: DEBUG oslo_concurrency.processutils [None req-5a658a30-a4e6-4ec4-92d3-8ca71d012fc1 None None] Running cmd (subprocess): ovsdb-client transact ssl:199.19.213.30:6641 --timeout 180 -p /opt/stack/data/CA/int-ca/private/devstack-cert.key -c /opt/stack/data/CA/int-ca/devstack-cert.crt -C /opt/stack/data/CA/int-ca/ca-chain.pem ["OVN_Northbound", {"op": "wait", "timeout": 0, "table": "Port_Group", "where": [["name", "==", "neutron_pg_drop"]], "until": "==", "rows": []}, {"op": "insert", "table": "ACL", "row": {"action": "drop", "direction": "to-lport", "match": "outport == @neutron_pg_drop && ip", "priority": 1001}, "uuid-name": "droptoport"}, {"op": "insert", "table": "ACL", "row": {"action": "drop", "direction": "from-lport", "match": "inport == @neutron_pg_drop && ip", "priority": 1001}, "uuid-name": "dropfromport"}, {"op": "insert", "table": "Port_Group", "row": {"name": "neutron_pg_drop", "acls": ["set", [["named-uuid", "droptoport"], ["named-uuid", "dropfromport"]]]}}] {{(pid=107715) execute /opt/stack/data/venv/lib/python3.12/site-packages/oslo_concurrency/processutils.py:440}}
Jun 17 20:15:26.416075 np0000181490 devstack@neutron-api.service[107718]: DEBUG neutron.common.ovn.hash_ring_manager [-] Disallow caching, nodes 2<4 {{(pid=107718) _wait_startup_before_caching /opt/stack/neutron/neutron/common/ovn/hash_ring_manager.py:79}}
Jun 17 20:15:26.420389 np0000181490 devstack@neutron-api.service[107718]: DEBUG neutron.common.ovn.hash_ring_manager [-] Hash Ring loaded. 2 active nodes. 0 offline nodes {{(pid=107718) _load_hash_ring /opt/stack/neutron/neutron/common/ovn/hash_ring_manager.py:110}}
Jun 17 20:15:26.427709 np0000181490 devstack@neutron-api.service[107715]: DEBUG oslo_concurrency.processutils [None req-5a658a30-a4e6-4ec4-92d3-8ca71d012fc1 None None] CMD "ovsdb-client transact ssl:199.19.213.30:6641 --timeout 180 -p /opt/stack/data/CA/int-ca/private/devstack-cert.key -c /opt/stack/data/CA/int-ca/devstack-cert.crt -C /opt/stack/data/CA/int-ca/ca-chain.pem ["OVN_Northbound", {"op": "wait", "timeout": 0, "table": "Port_Group", "where": [["name", "==", "neutron_pg_drop"]], "until": "==", "rows": []}, {"op": "insert", "table": "ACL", "row": {"action": "drop", "direction": "to-lport", "match": "outport == @neutron_pg_drop && ip", "priority": 1001}, "uuid-name": "droptoport"}, {"op": "insert", "table": "ACL", "row": {"action": "drop", "direction": "from-lport", "match": "inport == @neutron_pg_drop && ip", "priority": 1001}, "uuid-name": "dropfromport"}, {"op": "insert", "table": "Port_Group", "row": {"name": "neutron_pg_drop", "acls": ["set", [["named-uuid", "droptoport"], ["named-uuid", "dropfromport"]]]}}]" returned: 0 in 0.053s {{(pid=107715) execute /opt/stack/data/venv/lib/python3.12/site-packages/oslo_concurrency/processutils.py:468}}
Jun 17 20:15:26.428531 np0000181490 devstack@neutron-api.service[107715]: DEBUG neutron_lib.callbacks.manager [None req-5a658a30-a4e6-4ec4-92d3-8ca71d012fc1 None None] Publish callbacks ['neutron.plugins.ml2.drivers.ovn.mech_driver.mech_driver.OVNMechanismDriver.post_fork_initialize-323590', 'neutron.services.pvlan.drivers.ovn.driver._initialize_pvlan_pg_drop-8170723071630', 'neutron.services.ovn_l3.plugin.OVNL3RouterPlugin._post_fork_initialize-1978747'] for process (None), after_init {{(pid=107715) _notify_loop /opt/stack/data/venv/lib/python3.12/site-packages/neutron_lib/callbacks/manager.py:184}}
Jun 17 20:15:26.428904 np0000181490 devstack@neutron-api.service[107715]: DEBUG oslo_concurrency.lockutils [None req-5a658a30-a4e6-4ec4-92d3-8ca71d012fc1 None None] Acquiring lock "singleton_lock" {{(pid=107715) lock /opt/stack/data/venv/lib/python3.12/site-packages/oslo_concurrency/lockutils.py:395}}
Jun 17 20:15:26.428904 np0000181490 devstack@neutron-api.service[107715]: DEBUG oslo_concurrency.lockutils [None req-5a658a30-a4e6-4ec4-92d3-8ca71d012fc1 None None] Acquired lock "singleton_lock" {{(pid=107715) lock /opt/stack/data/venv/lib/python3.12/site-packages/oslo_concurrency/lockutils.py:398}}
Jun 17 20:15:26.429283 np0000181490 devstack@neutron-api.service[107715]: DEBUG oslo_concurrency.lockutils [None req-5a658a30-a4e6-4ec4-92d3-8ca71d012fc1 None None] Releasing lock "singleton_lock" {{(pid=107715) lock /opt/stack/data/venv/lib/python3.12/site-packages/oslo_concurrency/lockutils.py:418}}
Jun 17 20:15:26.431141 np0000181490 devstack@neutron-api.service[107715]: DEBUG neutron.plugins.ml2.drivers.ovn.mech_driver.mech_driver [None req-5a658a30-a4e6-4ec4-92d3-8ca71d012fc1 None None] Hash Ring setup using WSGI start time 2026-06-17 20:15:19+00:00 {{(pid=107715) _init_hash_ring /opt/stack/neutron/neutron/plugins/ml2/drivers/ovn/mech_driver/mech_driver.py:404}}
Jun 17 20:15:26.433115 np0000181490 devstack@neutron-api.service[107716]: DEBUG oslo_concurrency.processutils [None req-06b5d798-0373-4eec-85d9-babdab7455cb None None] CMD "ovsdb-client transact ssl:199.19.213.30:6641 --timeout 180 -p /opt/stack/data/CA/int-ca/private/devstack-cert.key -c /opt/stack/data/CA/int-ca/devstack-cert.crt -C /opt/stack/data/CA/int-ca/ca-chain.pem ["OVN_Northbound", {"op": "wait", "timeout": 0, "table": "Port_Group", "where": [["name", "==", "neutron_pg_drop"]], "until": "==", "rows": []}, {"op": "insert", "table": "ACL", "row": {"action": "drop", "direction": "to-lport", "match": "outport == @neutron_pg_drop && ip", "priority": 1001}, "uuid-name": "droptoport"}, {"op": "insert", "table": "ACL", "row": {"action": "drop", "direction": "from-lport", "match": "inport == @neutron_pg_drop && ip", "priority": 1001}, "uuid-name": "dropfromport"}, {"op": "insert", "table": "Port_Group", "row": {"name": "neutron_pg_drop", "acls": ["set", [["named-uuid", "droptoport"], ["named-uuid", "dropfromport"]]]}}]" returned: 0 in 0.087s {{(pid=107716) execute /opt/stack/data/venv/lib/python3.12/site-packages/oslo_concurrency/processutils.py:468}}
Jun 17 20:15:26.433483 np0000181490 devstack@neutron-api.service[107716]: DEBUG neutron_lib.callbacks.manager [None req-06b5d798-0373-4eec-85d9-babdab7455cb None None] Publish callbacks ['neutron.plugins.ml2.drivers.ovn.mech_driver.mech_driver.OVNMechanismDriver.post_fork_initialize-197718', 'neutron.services.pvlan.drivers.ovn.driver._initialize_pvlan_pg_drop-8170723072574', 'neutron.services.ovn_l3.plugin.OVNL3RouterPlugin._post_fork_initialize-13879'] for process (None), after_init {{(pid=107716) _notify_loop /opt/stack/data/venv/lib/python3.12/site-packages/neutron_lib/callbacks/manager.py:184}}
Jun 17 20:15:26.433937 np0000181490 devstack@neutron-api.service[107716]: DEBUG oslo_concurrency.lockutils [None req-06b5d798-0373-4eec-85d9-babdab7455cb None None] Acquiring lock "singleton_lock" {{(pid=107716) lock /opt/stack/data/venv/lib/python3.12/site-packages/oslo_concurrency/lockutils.py:395}}
Jun 17 20:15:26.433937 np0000181490 devstack@neutron-api.service[107716]: DEBUG oslo_concurrency.lockutils [None req-06b5d798-0373-4eec-85d9-babdab7455cb None None] Acquired lock "singleton_lock" {{(pid=107716) lock /opt/stack/data/venv/lib/python3.12/site-packages/oslo_concurrency/lockutils.py:398}}
Jun 17 20:15:26.434514 np0000181490 devstack@neutron-api.service[107716]: DEBUG oslo_concurrency.lockutils [None req-06b5d798-0373-4eec-85d9-babdab7455cb None None] Releasing lock "singleton_lock" {{(pid=107716) lock /opt/stack/data/venv/lib/python3.12/site-packages/oslo_concurrency/lockutils.py:418}}
Jun 17 20:15:26.435783 np0000181490 devstack@neutron-api.service[107716]: DEBUG neutron.plugins.ml2.drivers.ovn.mech_driver.mech_driver [None req-06b5d798-0373-4eec-85d9-babdab7455cb None None] Hash Ring setup using WSGI start time 2026-06-17 20:15:19+00:00 {{(pid=107716) _init_hash_ring /opt/stack/neutron/neutron/plugins/ml2/drivers/ovn/mech_driver/mech_driver.py:404}}
Jun 17 20:15:26.438338 np0000181490 devstack@neutron-api.service[107715]: INFO neutron.db.ovn_hash_ring_db [None req-5a658a30-a4e6-4ec4-92d3-8ca71d012fc1 None None] Nodes from host "np0000181490" and group "mechanism_driver" removed from the Hash Ring created at 2026-06-17 20:15:19+00:00
Jun 17 20:15:26.441514 np0000181490 devstack@neutron-api.service[107715]: INFO neutron.db.ovn_hash_ring_db [None req-5a658a30-a4e6-4ec4-92d3-8ca71d012fc1 None None] Node f5fc7b7cca1c509da5fdba41ecc056e8 from host "np0000181490" and group "mechanism_driver" added to the Hash Ring
Jun 17 20:15:26.444591 np0000181490 devstack@neutron-api.service[107715]: DEBUG neutron.plugins.ml2.drivers.ovn.mech_driver.mech_driver [None req-5a658a30-a4e6-4ec4-92d3-8ca71d012fc1 None None] Hash Ring setup, this worker has detected 3 OVN hash ring registers in the database {{(pid=107715) _init_hash_ring /opt/stack/neutron/neutron/plugins/ml2/drivers/ovn/mech_driver/mech_driver.py:414}}
Jun 17 20:15:26.455602 np0000181490 devstack@neutron-api.service[107717]: DEBUG ovsdbapp.backend.ovs_idl [None req-defe27b6-18e3-4011-9d65-ac05d2a67c48 None None] Created lookup_table index Logical_Switch.name {{(pid=107717) autocreate_indices /opt/stack/data/venv/lib/python3.12/site-packages/ovsdbapp/backend/ovs_idl/__init__.py:87}}
