Jun 17 20:16:00.233865 np0000181490 nova-scheduler[113103]: DEBUG cotyledon.oslo_config_glue [-] vnc.vencrypt_client_cert = None {{(pid=113103) log_opt_values /opt/stack/data/venv/lib/python3.12/site-packages/oslo_config/cfg.py:3253}}
Jun 17 20:16:00.233926 np0000181490 nova-scheduler[113103]: DEBUG cotyledon.oslo_config_glue [-] vnc.vencrypt_client_key = None {{(pid=113103) log_opt_values /opt/stack/data/venv/lib/python3.12/site-packages/oslo_config/cfg.py:3253}}
Jun 17 20:16:00.234004 np0000181490 nova-scheduler[113103]: DEBUG cotyledon.oslo_config_glue [-] workarounds.disable_compute_service_check_for_ffu = False {{(pid=113103) log_opt_values /opt/stack/data/venv/lib/python3.12/site-packages/oslo_config/cfg.py:3253}}
Jun 17 20:16:00.234077 np0000181490 nova-scheduler[113103]: DEBUG cotyledon.oslo_config_glue [-] workarounds.disable_deep_image_inspection = False {{(pid=113103) log_opt_values /opt/stack/data/venv/lib/python3.12/site-packages/oslo_config/cfg.py:3253}}
Jun 17 20:16:00.234149 np0000181490 nova-scheduler[113103]: DEBUG cotyledon.oslo_config_glue [-] workarounds.disable_fallback_pcpu_query = False {{(pid=113103) log_opt_values /opt/stack/data/venv/lib/python3.12/site-packages/oslo_config/cfg.py:3253}}
Jun 17 20:16:00.234243 np0000181490 nova-scheduler[113103]: DEBUG cotyledon.oslo_config_glue [-] workarounds.disable_group_policy_check_upcall = False {{(pid=113103) log_opt_values /opt/stack/data/venv/lib/python3.12/site-packages/oslo_config/cfg.py:3253}}
Jun 17 20:16:00.234314 np0000181490 nova-scheduler[113103]: DEBUG cotyledon.oslo_config_glue [-] workarounds.disable_libvirt_livesnapshot = False {{(pid=113103) log_opt_values /opt/stack/data/venv/lib/python3.12/site-packages/oslo_config/cfg.py:3253}}
Jun 17 20:16:00.234384 np0000181490 nova-scheduler[113103]: DEBUG cotyledon.oslo_config_glue [-] workarounds.disable_rootwrap = False {{(pid=113103) log_opt_values /opt/stack/data/venv/lib/python3.12/site-packages/oslo_config/cfg.py:3253}}
Jun 17 20:16:00.234452 np0000181490 nova-scheduler[113103]: DEBUG cotyledon.oslo_config_glue [-] workarounds.enable_numa_live_migration = False {{(pid=113103) log_opt_values /opt/stack/data/venv/lib/python3.12/site-packages/oslo_config/cfg.py:3253}}
Jun 17 20:16:00.234523 np0000181490 nova-scheduler[113103]: DEBUG cotyledon.oslo_config_glue [-] workarounds.enable_qemu_monitor_announce_self = False {{(pid=113103) log_opt_values /opt/stack/data/venv/lib/python3.12/site-packages/oslo_config/cfg.py:3253}}
Jun 17 20:16:00.234593 np0000181490 nova-scheduler[113103]: DEBUG cotyledon.oslo_config_glue [-] workarounds.ensure_libvirt_rbd_instance_dir_cleanup = False {{(pid=113103) log_opt_values /opt/stack/data/venv/lib/python3.12/site-packages/oslo_config/cfg.py:3253}}
Jun 17 20:16:00.234660 np0000181490 nova-scheduler[113103]: DEBUG cotyledon.oslo_config_glue [-] workarounds.handle_virt_lifecycle_events = True {{(pid=113103) log_opt_values /opt/stack/data/venv/lib/python3.12/site-packages/oslo_config/cfg.py:3253}}
Jun 17 20:16:00.234726 np0000181490 nova-scheduler[113103]: DEBUG cotyledon.oslo_config_glue [-] workarounds.libvirt_disable_apic = False {{(pid=113103) log_opt_values /opt/stack/data/venv/lib/python3.12/site-packages/oslo_config/cfg.py:3253}}
Jun 17 20:16:00.234794 np0000181490 nova-scheduler[113103]: DEBUG cotyledon.oslo_config_glue [-] workarounds.never_download_image_if_on_rbd = False {{(pid=113103) log_opt_values /opt/stack/data/venv/lib/python3.12/site-packages/oslo_config/cfg.py:3253}}
Jun 17 20:16:00.234862 np0000181490 nova-scheduler[113103]: DEBUG cotyledon.oslo_config_glue [-] workarounds.qemu_monitor_announce_self_count = 3 {{(pid=113103) log_opt_values /opt/stack/data/venv/lib/python3.12/site-packages/oslo_config/cfg.py:3253}}
Jun 17 20:16:00.234951 np0000181490 nova-scheduler[113103]: DEBUG cotyledon.oslo_config_glue [-] workarounds.qemu_monitor_announce_self_interval = 1 {{(pid=113103) log_opt_values /opt/stack/data/venv/lib/python3.12/site-packages/oslo_config/cfg.py:3253}}
Jun 17 20:16:00.235022 np0000181490 nova-scheduler[113103]: DEBUG cotyledon.oslo_config_glue [-] workarounds.reserve_disk_resource_for_image_cache = False {{(pid=113103) log_opt_values /opt/stack/data/venv/lib/python3.12/site-packages/oslo_config/cfg.py:3253}}
Jun 17 20:16:00.235089 np0000181490 nova-scheduler[113103]: DEBUG cotyledon.oslo_config_glue [-] workarounds.skip_cpu_compare_at_startup = False {{(pid=113103) log_opt_values /opt/stack/data/venv/lib/python3.12/site-packages/oslo_config/cfg.py:3253}}
Jun 17 20:16:00.235159 np0000181490 nova-scheduler[113103]: DEBUG cotyledon.oslo_config_glue [-] workarounds.skip_cpu_compare_on_dest = False {{(pid=113103) log_opt_values /opt/stack/data/venv/lib/python3.12/site-packages/oslo_config/cfg.py:3253}}
Jun 17 20:16:00.235270 np0000181490 nova-scheduler[113103]: DEBUG cotyledon.oslo_config_glue [-] workarounds.skip_hypervisor_version_check_on_lm = False {{(pid=113103) log_opt_values /opt/stack/data/venv/lib/python3.12/site-packages/oslo_config/cfg.py:3253}}
Jun 17 20:16:00.235335 np0000181490 nova-scheduler[113103]: DEBUG cotyledon.oslo_config_glue [-] workarounds.skip_reserve_in_use_ironic_nodes = False {{(pid=113103) log_opt_values /opt/stack/data/venv/lib/python3.12/site-packages/oslo_config/cfg.py:3253}}
Jun 17 20:16:00.235402 np0000181490 nova-scheduler[113103]: DEBUG cotyledon.oslo_config_glue [-] workarounds.unified_limits_count_pcpu_as_vcpu = False {{(pid=113103) log_opt_values /opt/stack/data/venv/lib/python3.12/site-packages/oslo_config/cfg.py:3253}}
Jun 17 20:16:00.235472 np0000181490 nova-scheduler[113103]: DEBUG cotyledon.oslo_config_glue [-] workarounds.wait_for_vif_plugged_event_during_hard_reboot = [] {{(pid=113103) log_opt_values /opt/stack/data/venv/lib/python3.12/site-packages/oslo_config/cfg.py:3253}}
Jun 17 20:16:00.235546 np0000181490 nova-scheduler[113103]: DEBUG cotyledon.oslo_config_glue [-] wsgi.api_paste_config = /etc/nova/api-paste.ini {{(pid=113103) log_opt_values /opt/stack/data/venv/lib/python3.12/site-packages/oslo_config/cfg.py:3253}}
Jun 17 20:16:00.235623 np0000181490 nova-scheduler[113103]: DEBUG cotyledon.oslo_config_glue [-] wsgi.secure_proxy_ssl_header = None {{(pid=113103) log_opt_values /opt/stack/data/venv/lib/python3.12/site-packages/oslo_config/cfg.py:3253}}
Jun 17 20:16:00.235697 np0000181490 nova-scheduler[113103]: DEBUG cotyledon.oslo_config_glue [-] zvm.ca_file = None {{(pid=113103) log_opt_values /opt/stack/data/venv/lib/python3.12/site-packages/oslo_config/cfg.py:3253}}
Jun 17 20:16:00.235767 np0000181490 nova-scheduler[113103]: DEBUG cotyledon.oslo_config_glue [-] zvm.cloud_connector_url = None {{(pid=113103) log_opt_values /opt/stack/data/venv/lib/python3.12/site-packages/oslo_config/cfg.py:3253}}
Jun 17 20:16:00.235833 np0000181490 nova-scheduler[113103]: DEBUG cotyledon.oslo_config_glue [-] zvm.image_tmp_path = /opt/stack/data/nova/images {{(pid=113103) log_opt_values /opt/stack/data/venv/lib/python3.12/site-packages/oslo_config/cfg.py:3253}}
Jun 17 20:16:00.235912 np0000181490 nova-scheduler[113103]: DEBUG cotyledon.oslo_config_glue [-] zvm.reachable_timeout = 300 {{(pid=113103) log_opt_values /opt/stack/data/venv/lib/python3.12/site-packages/oslo_config/cfg.py:3253}}
Jun 17 20:16:00.236003 np0000181490 nova-scheduler[113103]: DEBUG cotyledon.oslo_config_glue [-] oslo_versionedobjects.fatal_exception_format_errors = False {{(pid=113103) log_opt_values /opt/stack/data/venv/lib/python3.12/site-packages/oslo_config/cfg.py:3253}}
Jun 17 20:16:00.236102 np0000181490 nova-scheduler[113103]: DEBUG cotyledon.oslo_config_glue [-] oslo_middleware.http_basic_auth_user_file = /etc/htpasswd {{(pid=113103) log_opt_values /opt/stack/data/venv/lib/python3.12/site-packages/oslo_config/cfg.py:3253}}
Jun 17 20:16:00.236213 np0000181490 nova-scheduler[113103]: DEBUG cotyledon.oslo_config_glue [-] oslo_messaging_metrics.metrics_buffer_size = 1000 {{(pid=113103) log_opt_values /opt/stack/data/venv/lib/python3.12/site-packages/oslo_config/cfg.py:3253}}
Jun 17 20:16:00.236293 np0000181490 nova-scheduler[113103]: DEBUG cotyledon.oslo_config_glue [-] oslo_messaging_metrics.metrics_enabled = False {{(pid=113103) log_opt_values /opt/stack/data/venv/lib/python3.12/site-packages/oslo_config/cfg.py:3253}}
Jun 17 20:16:00.236391 np0000181490 nova-scheduler[113103]: DEBUG cotyledon.oslo_config_glue [-] oslo_messaging_metrics.metrics_process_name = {{(pid=113103) log_opt_values /opt/stack/data/venv/lib/python3.12/site-packages/oslo_config/cfg.py:3253}}
Jun 17 20:16:00.236419 np0000181490 nova-scheduler[113103]: DEBUG cotyledon.oslo_config_glue [-] oslo_messaging_metrics.metrics_socket_file = /var/tmp/metrics_collector.sock {{(pid=113103) log_opt_values /opt/stack/data/venv/lib/python3.12/site-packages/oslo_config/cfg.py:3253}}
Jun 17 20:16:00.236485 np0000181490 nova-scheduler[113103]: DEBUG cotyledon.oslo_config_glue [-] oslo_messaging_metrics.metrics_thread_stop_timeout = 10 {{(pid=113103) log_opt_values /opt/stack/data/venv/lib/python3.12/site-packages/oslo_config/cfg.py:3253}}
Jun 17 20:16:00.236586 np0000181490 nova-scheduler[113103]: DEBUG cotyledon.oslo_config_glue [-] profiler.connection_string = messaging:// {{(pid=113103) log_opt_values /opt/stack/data/venv/lib/python3.12/site-packages/oslo_config/cfg.py:3253}}
Jun 17 20:16:00.236658 np0000181490 nova-scheduler[113103]: DEBUG cotyledon.oslo_config_glue [-] profiler.enabled = False {{(pid=113103) log_opt_values /opt/stack/data/venv/lib/python3.12/site-packages/oslo_config/cfg.py:3253}}
Jun 17 20:16:00.236728 np0000181490 nova-scheduler[113103]: DEBUG cotyledon.oslo_config_glue [-] profiler.es_doc_type = notification {{(pid=113103) log_opt_values /opt/stack/data/venv/lib/python3.12/site-packages/oslo_config/cfg.py:3253}}
Jun 17 20:16:00.236796 np0000181490 nova-scheduler[113103]: DEBUG cotyledon.oslo_config_glue [-] profiler.es_scroll_size = 10000 {{(pid=113103) log_opt_values /opt/stack/data/venv/lib/python3.12/site-packages/oslo_config/cfg.py:3253}}
Jun 17 20:16:00.236863 np0000181490 nova-scheduler[113103]: DEBUG cotyledon.oslo_config_glue [-] profiler.es_scroll_time = 2m {{(pid=113103) log_opt_values /opt/stack/data/venv/lib/python3.12/site-packages/oslo_config/cfg.py:3253}}
Jun 17 20:16:00.236926 np0000181490 nova-scheduler[113103]: DEBUG cotyledon.oslo_config_glue [-] profiler.filter_error_trace = False {{(pid=113103) log_opt_values /opt/stack/data/venv/lib/python3.12/site-packages/oslo_config/cfg.py:3253}}
Jun 17 20:16:00.236997 np0000181490 nova-scheduler[113103]: DEBUG cotyledon.oslo_config_glue [-] profiler.hmac_keys = **** {{(pid=113103) log_opt_values /opt/stack/data/venv/lib/python3.12/site-packages/oslo_config/cfg.py:3253}}
Jun 17 20:16:00.237079 np0000181490 nova-scheduler[113103]: DEBUG cotyledon.oslo_config_glue [-] profiler.sentinel_service_name = mymaster {{(pid=113103) log_opt_values /opt/stack/data/venv/lib/python3.12/site-packages/oslo_config/cfg.py:3253}}
Jun 17 20:16:00.237152 np0000181490 nova-scheduler[113103]: DEBUG cotyledon.oslo_config_glue [-] profiler.socket_timeout = 0.1 {{(pid=113103) log_opt_values /opt/stack/data/venv/lib/python3.12/site-packages/oslo_config/cfg.py:3253}}
Jun 17 20:16:00.237243 np0000181490 nova-scheduler[113103]: DEBUG cotyledon.oslo_config_glue [-] profiler.trace_requests = False {{(pid=113103) log_opt_values /opt/stack/data/venv/lib/python3.12/site-packages/oslo_config/cfg.py:3253}}
Jun 17 20:16:00.237314 np0000181490 nova-scheduler[113103]: DEBUG cotyledon.oslo_config_glue [-] profiler.trace_sqlalchemy = False {{(pid=113103) log_opt_values /opt/stack/data/venv/lib/python3.12/site-packages/oslo_config/cfg.py:3253}}
Jun 17 20:16:00.237387 np0000181490 nova-scheduler[113103]: DEBUG cotyledon.oslo_config_glue [-] profiler_jaeger.process_tags = {} {{(pid=113103) log_opt_values /opt/stack/data/venv/lib/python3.12/site-packages/oslo_config/cfg.py:3253}}
Jun 17 20:16:00.237441 np0000181490 nova-scheduler[113103]: DEBUG cotyledon.oslo_config_glue [-] profiler_jaeger.service_name_prefix = None {{(pid=113103) log_opt_values /opt/stack/data/venv/lib/python3.12/site-packages/oslo_config/cfg.py:3253}}
Jun 17 20:16:00.237512 np0000181490 nova-scheduler[113103]: DEBUG cotyledon.oslo_config_glue [-] profiler_otlp.service_name_prefix = None {{(pid=113103) log_opt_values /opt/stack/data/venv/lib/python3.12/site-packages/oslo_config/cfg.py:3253}}
Jun 17 20:16:00.237612 np0000181490 nova-scheduler[113103]: DEBUG cotyledon.oslo_config_glue [-] oslo_messaging_rabbit.amqp_auto_delete = False {{(pid=113103) log_opt_values /opt/stack/data/venv/lib/python3.12/site-packages/oslo_config/cfg.py:3253}}
Jun 17 20:16:00.237685 np0000181490 nova-scheduler[113103]: DEBUG cotyledon.oslo_config_glue [-] oslo_messaging_rabbit.amqp_durable_queues = False {{(pid=113103) log_opt_values /opt/stack/data/venv/lib/python3.12/site-packages/oslo_config/cfg.py:3253}}
Jun 17 20:16:00.237765 np0000181490 nova-scheduler[113103]: DEBUG cotyledon.oslo_config_glue [-] oslo_messaging_rabbit.conn_pool_min_size = 2 {{(pid=113103) log_opt_values /opt/stack/data/venv/lib/python3.12/site-packages/oslo_config/cfg.py:3253}}
Jun 17 20:16:00.237848 np0000181490 nova-scheduler[113103]: DEBUG cotyledon.oslo_config_glue [-] oslo_messaging_rabbit.conn_pool_ttl = 1200 {{(pid=113103) log_opt_values /opt/stack/data/venv/lib/python3.12/site-packages/oslo_config/cfg.py:3253}}
Jun 17 20:16:00.237935 np0000181490 nova-scheduler[113103]: DEBUG cotyledon.oslo_config_glue [-] oslo_messaging_rabbit.direct_mandatory_flag = True {{(pid=113103) log_opt_values /opt/stack/data/venv/lib/python3.12/site-packages/oslo_config/cfg.py:3253}}
Jun 17 20:16:00.238006 np0000181490 nova-scheduler[113103]: DEBUG cotyledon.oslo_config_glue [-] oslo_messaging_rabbit.enable_cancel_on_failover = False {{(pid=113103) log_opt_values /opt/stack/data/venv/lib/python3.12/site-packages/oslo_config/cfg.py:3253}}
Jun 17 20:16:00.238078 np0000181490 nova-scheduler[113103]: DEBUG cotyledon.oslo_config_glue [-] oslo_messaging_rabbit.heartbeat_rate = 3 {{(pid=113103) log_opt_values /opt/stack/data/venv/lib/python3.12/site-packages/oslo_config/cfg.py:3253}}
Jun 17 20:16:00.238146 np0000181490 nova-scheduler[113103]: DEBUG cotyledon.oslo_config_glue [-] oslo_messaging_rabbit.heartbeat_timeout_threshold = 60 {{(pid=113103) log_opt_values /opt/stack/data/venv/lib/python3.12/site-packages/oslo_config/cfg.py:3253}}
Jun 17 20:16:00.238247 np0000181490 nova-scheduler[113103]: DEBUG cotyledon.oslo_config_glue [-] oslo_messaging_rabbit.hostname = np0000181490 {{(pid=113103) log_opt_values /opt/stack/data/venv/lib/python3.12/site-packages/oslo_config/cfg.py:3253}}
Jun 17 20:16:00.238330 np0000181490 nova-scheduler[113103]: DEBUG cotyledon.oslo_config_glue [-] oslo_messaging_rabbit.kombu_compression = None {{(pid=113103) log_opt_values /opt/stack/data/venv/lib/python3.12/site-packages/oslo_config/cfg.py:3253}}
Jun 17 20:16:00.238403 np0000181490 nova-scheduler[113103]: DEBUG cotyledon.oslo_config_glue [-] oslo_messaging_rabbit.kombu_failover_strategy = round-robin {{(pid=113103) log_opt_values /opt/stack/data/venv/lib/python3.12/site-packages/oslo_config/cfg.py:3253}}
Jun 17 20:16:00.238475 np0000181490 nova-scheduler[113103]: DEBUG cotyledon.oslo_config_glue [-] oslo_messaging_rabbit.kombu_missing_consumer_retry_timeout = 60 {{(pid=113103) log_opt_values /opt/stack/data/venv/lib/python3.12/site-packages/oslo_config/cfg.py:3253}}
Jun 17 20:16:00.238562 np0000181490 nova-scheduler[113103]: DEBUG cotyledon.oslo_config_glue [-] oslo_messaging_rabbit.kombu_reconnect_delay = 1.0 {{(pid=113103) log_opt_values /opt/stack/data/venv/lib/python3.12/site-packages/oslo_config/cfg.py:3253}}
Jun 17 20:16:00.238652 np0000181490 nova-scheduler[113103]: DEBUG cotyledon.oslo_config_glue [-] oslo_messaging_rabbit.kombu_reconnect_splay = 0.0 {{(pid=113103) log_opt_values /opt/stack/data/venv/lib/python3.12/site-packages/oslo_config/cfg.py:3253}}
Jun 17 20:16:00.238734 np0000181490 nova-scheduler[113103]: DEBUG cotyledon.oslo_config_glue [-] oslo_messaging_rabbit.processname = nova-scheduler {{(pid=113103) log_opt_values /opt/stack/data/venv/lib/python3.12/site-packages/oslo_config/cfg.py:3253}}
Jun 17 20:16:00.238806 np0000181490 nova-scheduler[113103]: DEBUG cotyledon.oslo_config_glue [-] oslo_messaging_rabbit.rabbit_ha_queues = False {{(pid=113103) log_opt_values /opt/stack/data/venv/lib/python3.12/site-packages/oslo_config/cfg.py:3253}}
Jun 17 20:16:00.238903 np0000181490 nova-scheduler[113103]: DEBUG cotyledon.oslo_config_glue [-] oslo_messaging_rabbit.rabbit_interval_max = 30 {{(pid=113103) log_opt_values /opt/stack/data/venv/lib/python3.12/site-packages/oslo_config/cfg.py:3253}}
Jun 17 20:16:00.238980 np0000181490 nova-scheduler[113103]: DEBUG cotyledon.oslo_config_glue [-] oslo_messaging_rabbit.rabbit_login_method = AMQPLAIN {{(pid=113103) log_opt_values /opt/stack/data/venv/lib/python3.12/site-packages/oslo_config/cfg.py:3253}}
Jun 17 20:16:00.239051 np0000181490 nova-scheduler[113103]: DEBUG cotyledon.oslo_config_glue [-] oslo_messaging_rabbit.rabbit_qos_prefetch_count = 0 {{(pid=113103) log_opt_values /opt/stack/data/venv/lib/python3.12/site-packages/oslo_config/cfg.py:3253}}
Jun 17 20:16:00.239124 np0000181490 nova-scheduler[113103]: DEBUG cotyledon.oslo_config_glue [-] oslo_messaging_rabbit.rabbit_quorum_delivery_limit = 0 {{(pid=113103) log_opt_values /opt/stack/data/venv/lib/python3.12/site-packages/oslo_config/cfg.py:3253}}
Jun 17 20:16:00.239202 np0000181490 nova-scheduler[113103]: DEBUG cotyledon.oslo_config_glue [-] oslo_messaging_rabbit.rabbit_quorum_max_memory_bytes = 0 {{(pid=113103) log_opt_values /opt/stack/data/venv/lib/python3.12/site-packages/oslo_config/cfg.py:3253}}
Jun 17 20:16:00.239270 np0000181490 nova-scheduler[113103]: DEBUG cotyledon.oslo_config_glue [-] oslo_messaging_rabbit.rabbit_quorum_max_memory_length = 0 {{(pid=113103) log_opt_values /opt/stack/data/venv/lib/python3.12/site-packages/oslo_config/cfg.py:3253}}
Jun 17 20:16:00.239798 np0000181490 nova-scheduler[113103]: DEBUG cotyledon.oslo_config_glue [-] oslo_messaging_rabbit.rabbit_quorum_queue = False {{(pid=113103) log_opt_values /opt/stack/data/venv/lib/python3.12/site-packages/oslo_config/cfg.py:3253}}
Jun 17 20:16:00.239798 np0000181490 nova-scheduler[113103]: DEBUG cotyledon.oslo_config_glue [-] oslo_messaging_rabbit.rabbit_retry_backoff = 2 {{(pid=113103) log_opt_values /opt/stack/data/venv/lib/python3.12/site-packages/oslo_config/cfg.py:3253}}
Jun 17 20:16:00.239798 np0000181490 nova-scheduler[113103]: DEBUG cotyledon.oslo_config_glue [-] oslo_messaging_rabbit.rabbit_retry_interval = 1 {{(pid=113103) log_opt_values /opt/stack/data/venv/lib/python3.12/site-packages/oslo_config/cfg.py:3253}}
Jun 17 20:16:00.239798 np0000181490 nova-scheduler[113103]: DEBUG cotyledon.oslo_config_glue [-] oslo_messaging_rabbit.rabbit_stream_fanout = False {{(pid=113103) log_opt_values /opt/stack/data/venv/lib/python3.12/site-packages/oslo_config/cfg.py:3253}}
Jun 17 20:16:00.239798 np0000181490 nova-scheduler[113103]: DEBUG cotyledon.oslo_config_glue [-] oslo_messaging_rabbit.rabbit_transient_queues_ttl = 1800 {{(pid=113103) log_opt_values /opt/stack/data/venv/lib/python3.12/site-packages/oslo_config/cfg.py:3253}}
Jun 17 20:16:00.239798 np0000181490 nova-scheduler[113103]: DEBUG cotyledon.oslo_config_glue [-] oslo_messaging_rabbit.rabbit_transient_quorum_queue = False {{(pid=113103) log_opt_values /opt/stack/data/venv/lib/python3.12/site-packages/oslo_config/cfg.py:3253}}
Jun 17 20:16:00.239798 np0000181490 nova-scheduler[113103]: DEBUG cotyledon.oslo_config_glue [-] oslo_messaging_rabbit.rpc_conn_pool_size = 30 {{(pid=113103) log_opt_values /opt/stack/data/venv/lib/python3.12/site-packages/oslo_config/cfg.py:3253}}
Jun 17 20:16:00.239798 np0000181490 nova-scheduler[113103]: DEBUG cotyledon.oslo_config_glue [-] oslo_messaging_rabbit.ssl = False {{(pid=113103) log_opt_values /opt/stack/data/venv/lib/python3.12/site-packages/oslo_config/cfg.py:3253}}
Jun 17 20:16:00.240001 np0000181490 nova-scheduler[113103]: DEBUG cotyledon.oslo_config_glue [-] oslo_messaging_rabbit.ssl_ca_file = {{(pid=113103) log_opt_values /opt/stack/data/venv/lib/python3.12/site-packages/oslo_config/cfg.py:3253}}
Jun 17 20:16:00.240001 np0000181490 nova-scheduler[113103]: DEBUG cotyledon.oslo_config_glue [-] oslo_messaging_rabbit.ssl_cert_file = {{(pid=113103) log_opt_values /opt/stack/data/venv/lib/python3.12/site-packages/oslo_config/cfg.py:3253}}
Jun 17 20:16:00.240001 np0000181490 nova-scheduler[113103]: DEBUG cotyledon.oslo_config_glue [-] oslo_messaging_rabbit.ssl_enforce_fips_mode = False {{(pid=113103) log_opt_values /opt/stack/data/venv/lib/python3.12/site-packages/oslo_config/cfg.py:3253}}
Jun 17 20:16:00.240072 np0000181490 nova-scheduler[113103]: DEBUG cotyledon.oslo_config_glue [-] oslo_messaging_rabbit.ssl_enforce_hostname_verification = True {{(pid=113103) log_opt_values /opt/stack/data/venv/lib/python3.12/site-packages/oslo_config/cfg.py:3253}}
Jun 17 20:16:00.240150 np0000181490 nova-scheduler[113103]: DEBUG cotyledon.oslo_config_glue [-] oslo_messaging_rabbit.ssl_key_file = {{(pid=113103) log_opt_values /opt/stack/data/venv/lib/python3.12/site-packages/oslo_config/cfg.py:3253}}
Jun 17 20:16:00.240254 np0000181490 nova-scheduler[113103]: DEBUG cotyledon.oslo_config_glue [-] oslo_messaging_rabbit.ssl_version = {{(pid=113103) log_opt_values /opt/stack/data/venv/lib/python3.12/site-packages/oslo_config/cfg.py:3253}}
Jun 17 20:16:00.240320 np0000181490 nova-scheduler[113103]: DEBUG cotyledon.oslo_config_glue [-] oslo_messaging_rabbit.use_queue_manager = False {{(pid=113103) log_opt_values /opt/stack/data/venv/lib/python3.12/site-packages/oslo_config/cfg.py:3253}}
Jun 17 20:16:00.240425 np0000181490 nova-scheduler[113103]: DEBUG cotyledon.oslo_config_glue [-] oslo_messaging_notifications.driver = ['messagingv2'] {{(pid=113103) log_opt_values /opt/stack/data/venv/lib/python3.12/site-packages/oslo_config/cfg.py:3253}}
Jun 17 20:16:00.240492 np0000181490 nova-scheduler[113103]: DEBUG cotyledon.oslo_config_glue [-] oslo_messaging_notifications.retry = -1 {{(pid=113103) log_opt_values /opt/stack/data/venv/lib/python3.12/site-packages/oslo_config/cfg.py:3253}}
Jun 17 20:16:00.240565 np0000181490 nova-scheduler[113103]: DEBUG cotyledon.oslo_config_glue [-] oslo_messaging_notifications.topics = ['notifications'] {{(pid=113103) log_opt_values /opt/stack/data/venv/lib/python3.12/site-packages/oslo_config/cfg.py:3253}}
Jun 17 20:16:00.240647 np0000181490 nova-scheduler[113103]: DEBUG cotyledon.oslo_config_glue [-] oslo_messaging_notifications.transport_url = **** {{(pid=113103) log_opt_values /opt/stack/data/venv/lib/python3.12/site-packages/oslo_config/cfg.py:3253}}
Jun 17 20:16:00.240750 np0000181490 nova-scheduler[113103]: DEBUG cotyledon.oslo_config_glue [-] oslo_limit.auth_section = None {{(pid=113103) log_opt_values /opt/stack/data/venv/lib/python3.12/site-packages/oslo_config/cfg.py:3253}}
Jun 17 20:16:00.240821 np0000181490 nova-scheduler[113103]: DEBUG cotyledon.oslo_config_glue [-] oslo_limit.auth_type = None {{(pid=113103) log_opt_values /opt/stack/data/venv/lib/python3.12/site-packages/oslo_config/cfg.py:3253}}
Jun 17 20:16:00.240890 np0000181490 nova-scheduler[113103]: DEBUG cotyledon.oslo_config_glue [-] oslo_limit.cafile = None {{(pid=113103) log_opt_values /opt/stack/data/venv/lib/python3.12/site-packages/oslo_config/cfg.py:3253}}
Jun 17 20:16:00.240955 np0000181490 nova-scheduler[113103]: DEBUG cotyledon.oslo_config_glue [-] oslo_limit.certfile = None {{(pid=113103) log_opt_values /opt/stack/data/venv/lib/python3.12/site-packages/oslo_config/cfg.py:3253}}
Jun 17 20:16:00.241023 np0000181490 nova-scheduler[113103]: DEBUG cotyledon.oslo_config_glue [-] oslo_limit.collect_timing = False {{(pid=113103) log_opt_values /opt/stack/data/venv/lib/python3.12/site-packages/oslo_config/cfg.py:3253}}
Jun 17 20:16:00.241091 np0000181490 nova-scheduler[113103]: DEBUG cotyledon.oslo_config_glue [-] oslo_limit.connect_retries = None {{(pid=113103) log_opt_values /opt/stack/data/venv/lib/python3.12/site-packages/oslo_config/cfg.py:3253}}
Jun 17 20:16:00.241165 np0000181490 nova-scheduler[113103]: DEBUG cotyledon.oslo_config_glue [-] oslo_limit.connect_retry_delay = None {{(pid=113103) log_opt_values /opt/stack/data/venv/lib/python3.12/site-packages/oslo_config/cfg.py:3253}}
Jun 17 20:16:00.241261 np0000181490 nova-scheduler[113103]: DEBUG cotyledon.oslo_config_glue [-] oslo_limit.endpoint_id = None {{(pid=113103) log_opt_values /opt/stack/data/venv/lib/python3.12/site-packages/oslo_config/cfg.py:3253}}
Jun 17 20:16:00.241504 np0000181490 nova-scheduler[113103]: DEBUG cotyledon.oslo_config_glue [-] oslo_limit.endpoint_interface = public {{(pid=113103) log_opt_values /opt/stack/data/venv/lib/python3.12/site-packages/oslo_config/cfg.py:3253}}
Jun 17 20:16:00.241504 np0000181490 nova-scheduler[113103]: DEBUG cotyledon.oslo_config_glue [-] oslo_limit.endpoint_override = None {{(pid=113103) log_opt_values /opt/stack/data/venv/lib/python3.12/site-packages/oslo_config/cfg.py:3253}}
Jun 17 20:16:00.241504 np0000181490 nova-scheduler[113103]: DEBUG cotyledon.oslo_config_glue [-] oslo_limit.endpoint_region_name = None {{(pid=113103) log_opt_values /opt/stack/data/venv/lib/python3.12/site-packages/oslo_config/cfg.py:3253}}
Jun 17 20:16:00.241504 np0000181490 nova-scheduler[113103]: DEBUG cotyledon.oslo_config_glue [-] oslo_limit.endpoint_service_name = None {{(pid=113103) log_opt_values /opt/stack/data/venv/lib/python3.12/site-packages/oslo_config/cfg.py:3253}}
Jun 17 20:16:00.241610 np0000181490 nova-scheduler[113103]: DEBUG cotyledon.oslo_config_glue [-] oslo_limit.endpoint_service_type = None {{(pid=113103) log_opt_values /opt/stack/data/venv/lib/python3.12/site-packages/oslo_config/cfg.py:3253}}
Jun 17 20:16:00.241646 np0000181490 nova-scheduler[113103]: DEBUG cotyledon.oslo_config_glue [-] oslo_limit.insecure = False {{(pid=113103) log_opt_values /opt/stack/data/venv/lib/python3.12/site-packages/oslo_config/cfg.py:3253}}
Jun 17 20:16:00.241721 np0000181490 nova-scheduler[113103]: DEBUG cotyledon.oslo_config_glue [-] oslo_limit.keyfile = None {{(pid=113103) log_opt_values /opt/stack/data/venv/lib/python3.12/site-packages/oslo_config/cfg.py:3253}}
Jun 17 20:16:00.241795 np0000181490 nova-scheduler[113103]: DEBUG cotyledon.oslo_config_glue [-] oslo_limit.max_version = None {{(pid=113103) log_opt_values /opt/stack/data/venv/lib/python3.12/site-packages/oslo_config/cfg.py:3253}}
Jun 17 20:16:00.241878 np0000181490 nova-scheduler[113103]: DEBUG cotyledon.oslo_config_glue [-] oslo_limit.min_version = None {{(pid=113103) log_opt_values /opt/stack/data/venv/lib/python3.12/site-packages/oslo_config/cfg.py:3253}}
Jun 17 20:16:00.241951 np0000181490 nova-scheduler[113103]: DEBUG cotyledon.oslo_config_glue [-] oslo_limit.region_name = None {{(pid=113103) log_opt_values /opt/stack/data/venv/lib/python3.12/site-packages/oslo_config/cfg.py:3253}}
Jun 17 20:16:00.242020 np0000181490 nova-scheduler[113103]: DEBUG cotyledon.oslo_config_glue [-] oslo_limit.retriable_status_codes = None {{(pid=113103) log_opt_values /opt/stack/data/venv/lib/python3.12/site-packages/oslo_config/cfg.py:3253}}
Jun 17 20:16:00.242107 np0000181490 nova-scheduler[113103]: DEBUG cotyledon.oslo_config_glue [-] oslo_limit.service_name = None {{(pid=113103) log_opt_values /opt/stack/data/venv/lib/python3.12/site-packages/oslo_config/cfg.py:3253}}
Jun 17 20:16:00.242187 np0000181490 nova-scheduler[113103]: DEBUG cotyledon.oslo_config_glue [-] oslo_limit.service_type = None {{(pid=113103) log_opt_values /opt/stack/data/venv/lib/python3.12/site-packages/oslo_config/cfg.py:3253}}
Jun 17 20:16:00.242278 np0000181490 nova-scheduler[113103]: DEBUG cotyledon.oslo_config_glue [-] oslo_limit.split_loggers = False {{(pid=113103) log_opt_values /opt/stack/data/venv/lib/python3.12/site-packages/oslo_config/cfg.py:3253}}
Jun 17 20:16:00.242349 np0000181490 nova-scheduler[113103]: DEBUG cotyledon.oslo_config_glue [-] oslo_limit.status_code_retries = None {{(pid=113103) log_opt_values /opt/stack/data/venv/lib/python3.12/site-packages/oslo_config/cfg.py:3253}}
Jun 17 20:16:00.242418 np0000181490 nova-scheduler[113103]: DEBUG cotyledon.oslo_config_glue [-] oslo_limit.status_code_retry_delay = None {{(pid=113103) log_opt_values /opt/stack/data/venv/lib/python3.12/site-packages/oslo_config/cfg.py:3253}}
Jun 17 20:16:00.242493 np0000181490 nova-scheduler[113103]: DEBUG cotyledon.oslo_config_glue [-] oslo_limit.timeout = None {{(pid=113103) log_opt_values /opt/stack/data/venv/lib/python3.12/site-packages/oslo_config/cfg.py:3253}}
Jun 17 20:16:00.242571 np0000181490 nova-scheduler[113103]: DEBUG cotyledon.oslo_config_glue [-] oslo_limit.valid_interfaces = None {{(pid=113103) log_opt_values /opt/stack/data/venv/lib/python3.12/site-packages/oslo_config/cfg.py:3253}}
Jun 17 20:16:00.242639 np0000181490 nova-scheduler[113103]: DEBUG cotyledon.oslo_config_glue [-] oslo_limit.version = None {{(pid=113103) log_opt_values /opt/stack/data/venv/lib/python3.12/site-packages/oslo_config/cfg.py:3253}}
Jun 17 20:16:00.242725 np0000181490 nova-scheduler[113103]: DEBUG cotyledon.oslo_config_glue [-] oslo_reports.file_event_handler = None {{(pid=113103) log_opt_values /opt/stack/data/venv/lib/python3.12/site-packages/oslo_config/cfg.py:3253}}
Jun 17 20:16:00.242798 np0000181490 nova-scheduler[113103]: DEBUG cotyledon.oslo_config_glue [-] oslo_reports.file_event_handler_interval = 1 {{(pid=113103) log_opt_values /opt/stack/data/venv/lib/python3.12/site-packages/oslo_config/cfg.py:3253}}
Jun 17 20:16:00.242937 np0000181490 nova-scheduler[113103]: DEBUG cotyledon.oslo_config_glue [-] oslo_reports.log_dir = None {{(pid=113103) log_opt_values /opt/stack/data/venv/lib/python3.12/site-packages/oslo_config/cfg.py:3253}}
Jun 17 20:16:00.243017 np0000181490 nova-scheduler[113103]: DEBUG cotyledon.oslo_config_glue [-] ******************************************************************************** {{(pid=113103) log_opt_values /opt/stack/data/venv/lib/python3.12/site-packages/oslo_config/cfg.py:3260}}
Jun 17 20:16:00.243246 np0000181490 nova-scheduler[113103]: DEBUG cotyledon._service_worker [-] Run service ServiceWrapper(2) [113103] {{(pid=113103) wait_forever /opt/stack/data/venv/lib/python3.12/site-packages/cotyledon/_service_worker.py:218}}
Jun 17 20:16:00.245481 np0000181490 nova-scheduler[113103]: INFO nova.service [-] Starting scheduler node (version 33.1.0)
Jun 17 20:16:00.246128 np0000181490 nova-scheduler[113088]: DEBUG nova.service [None req-f7d61114-6609-4b3b-9c55-3ae90138fea4 None None] Creating RPC server for service: nova-scheduler on topic: scheduler {{(pid=113088) start /opt/stack/nova/nova/service.py:196}}
Jun 17 20:16:00.252771 np0000181490 nova-scheduler[113094]: DEBUG nova.service [None req-7939c1c6-a13e-4f15-bae3-59269c9af92e None None] Creating RPC server for service: nova-scheduler on topic: scheduler {{(pid=113094) start /opt/stack/nova/nova/service.py:196}}
Jun 17 20:16:00.253348 np0000181490 nova-scheduler[113103]: INFO dbcounter [None req-e191bf4f-866f-4ebb-9de1-f568c7f4cd9a None None] Registered counter for database nova_cell0
Jun 17 20:16:00.255482 np0000181490 nova-scheduler[113109]: DEBUG oslo_db.sqlalchemy.engines [None req-5ba83626-c2f3-42b9-a67c-841603db7953 None None] MySQL server mode set to STRICT_TRANS_TABLES,STRICT_ALL_TABLES,NO_ZERO_IN_DATE,NO_ZERO_DATE,ERROR_FOR_DIVISION_BY_ZERO,TRADITIONAL,NO_ENGINE_SUBSTITUTION {{(pid=113109) _check_effective_sql_mode /opt/stack/data/venv/lib/python3.12/site-packages/oslo_db/sqlalchemy/engines.py:325}}
Jun 17 20:16:00.265589 np0000181490 nova-scheduler[113109]: DEBUG dbcounter [-] [113109] Writer thread running {{(pid=113109) stat_writer /opt/stack/data/venv/lib/python3.12/site-packages/dbcounter.py:102}}
Jun 17 20:16:00.268949 np0000181490 nova-scheduler[113109]: DEBUG nova.service [None req-5ba83626-c2f3-42b9-a67c-841603db7953 None None] Creating RPC server for service: nova-scheduler on topic: scheduler {{(pid=113109) start /opt/stack/nova/nova/service.py:196}}
Jun 17 20:16:00.281094 np0000181490 nova-scheduler[113094]: DEBUG nova.service [None req-7939c1c6-a13e-4f15-bae3-59269c9af92e None None] Join ServiceGroup membership for this service scheduler {{(pid=113094) start /opt/stack/nova/nova/service.py:222}}
Jun 17 20:16:00.281436 np0000181490 nova-scheduler[113094]: DEBUG nova.servicegroup.drivers.db [None req-7939c1c6-a13e-4f15-bae3-59269c9af92e None None] DB_Driver: join new ServiceGroup member np0000181490 to the scheduler group, service = {{(pid=113094) join /opt/stack/nova/nova/servicegroup/drivers/db.py:44}}
Jun 17 20:16:00.287096 np0000181490 nova-scheduler[113109]: DEBUG nova.service [None req-5ba83626-c2f3-42b9-a67c-841603db7953 None None] Join ServiceGroup membership for this service scheduler {{(pid=113109) start /opt/stack/nova/nova/service.py:222}}
Jun 17 20:16:00.287419 np0000181490 nova-scheduler[113109]: DEBUG nova.servicegroup.drivers.db [None req-5ba83626-c2f3-42b9-a67c-841603db7953 None None] DB_Driver: join new ServiceGroup member np0000181490 to the scheduler group, service = {{(pid=113109) join /opt/stack/nova/nova/servicegroup/drivers/db.py:44}}
Jun 17 20:16:00.290714 np0000181490 nova-scheduler[113088]: DEBUG nova.service [None req-f7d61114-6609-4b3b-9c55-3ae90138fea4 None None] Join ServiceGroup membership for this service scheduler {{(pid=113088) start /opt/stack/nova/nova/service.py:222}}
Jun 17 20:16:00.294544 np0000181490 nova-scheduler[113088]: DEBUG nova.servicegroup.drivers.db [None req-f7d61114-6609-4b3b-9c55-3ae90138fea4 None None] DB_Driver: join new ServiceGroup member np0000181490 to the scheduler group, service = {{(pid=113088) join /opt/stack/nova/nova/servicegroup/drivers/db.py:44}}
Jun 17 20:16:00.298673 np0000181490 nova-scheduler[113103]: DEBUG oslo_db.sqlalchemy.engines [None req-e191bf4f-866f-4ebb-9de1-f568c7f4cd9a None None] MySQL server mode set to STRICT_TRANS_TABLES,STRICT_ALL_TABLES,NO_ZERO_IN_DATE,NO_ZERO_DATE,ERROR_FOR_DIVISION_BY_ZERO,TRADITIONAL,NO_ENGINE_SUBSTITUTION {{(pid=113103) _check_effective_sql_mode /opt/stack/data/venv/lib/python3.12/site-packages/oslo_db/sqlalchemy/engines.py:325}}
Jun 17 20:16:00.312019 np0000181490 nova-scheduler[113103]: DEBUG dbcounter [-] [113103] Writer thread running {{(pid=113103) stat_writer /opt/stack/data/venv/lib/python3.12/site-packages/dbcounter.py:102}}
Jun 17 20:16:00.314686 np0000181490 nova-scheduler[113103]: DEBUG nova.service [None req-e191bf4f-866f-4ebb-9de1-f568c7f4cd9a None None] Creating RPC server for service: nova-scheduler on topic: scheduler {{(pid=113103) start /opt/stack/nova/nova/service.py:196}}
Jun 17 20:16:00.339373 np0000181490 nova-scheduler[113103]: DEBUG nova.service [None req-e191bf4f-866f-4ebb-9de1-f568c7f4cd9a None None] Join ServiceGroup membership for this service scheduler {{(pid=113103) start /opt/stack/nova/nova/service.py:222}}
Jun 17 20:16:00.339679 np0000181490 nova-scheduler[113103]: DEBUG nova.servicegroup.drivers.db [None req-e191bf4f-866f-4ebb-9de1-f568c7f4cd9a None None] DB_Driver: join new ServiceGroup member np0000181490 to the scheduler group, service = {{(pid=113103) join /opt/stack/nova/nova/servicegroup/drivers/db.py:44}}
Jun 17 20:16:05.303800 np0000181490 nova-scheduler[113094]: DEBUG oslo.service.backend._threading.loopingcall [-] Fixed interval looping call 'nova.servicegroup.drivers.db.DbDriver._report_state' sleeping for 119.98 seconds {{(pid=113094) _run_loop /opt/stack/data/venv/lib/python3.12/site-packages/oslo_service/backend/_threading/loopingcall.py:125}}
Jun 17 20:16:05.304569 np0000181490 nova-scheduler[113109]: DEBUG oslo.service.backend._threading.loopingcall [-] Fixed interval looping call 'nova.servicegroup.drivers.db.DbDriver._report_state' sleeping for 119.98 seconds {{(pid=113109) _run_loop /opt/stack/data/venv/lib/python3.12/site-packages/oslo_service/backend/_threading/loopingcall.py:125}}
Jun 17 20:16:05.306986 np0000181490 nova-scheduler[113088]: DEBUG oslo.service.backend._threading.loopingcall [-] Fixed interval looping call 'nova.servicegroup.drivers.db.DbDriver._report_state' sleeping for 119.99 seconds {{(pid=113088) _run_loop /opt/stack/data/venv/lib/python3.12/site-packages/oslo_service/backend/_threading/loopingcall.py:125}}
Jun 17 20:16:05.346332 np0000181490 nova-scheduler[113103]: DEBUG oslo.service.backend._threading.loopingcall [None req-c65937a3-db1c-48fd-b10f-86bfa05e9096 None None] Dynamic interval looping call 'nova.service.Service.periodic_tasks' sleeping for 60.00 seconds {{(pid=113103) _run_loop /opt/stack/data/venv/lib/python3.12/site-packages/oslo_service/backend/_threading/loopingcall.py:125}}
Jun 17 20:16:05.356107 np0000181490 nova-scheduler[113103]: DEBUG oslo.service.backend._threading.loopingcall [-] Fixed interval looping call 'nova.servicegroup.drivers.db.DbDriver._report_state' sleeping for 119.99 seconds {{(pid=113103) _run_loop /opt/stack/data/venv/lib/python3.12/site-packages/oslo_service/backend/_threading/loopingcall.py:125}}
Jun 17 20:16:08.819976 np0000181490 nova-scheduler[112311]: DEBUG dbcounter [-] [112311] Writing DB stats nova_api:SELECT=3 {{(pid=112311) stat_writer /opt/stack/data/venv/lib/python3.12/site-packages/dbcounter.py:115}}
Jun 17 20:16:08.944989 np0000181490 nova-scheduler[112311]: DEBUG dbcounter [-] [112311] Writing DB stats nova_cell0:SELECT=1 {{(pid=112311) stat_writer /opt/stack/data/venv/lib/python3.12/site-packages/dbcounter.py:115}}
Jun 17 20:16:08.952454 np0000181490 nova-scheduler[112311]: DEBUG dbcounter [-] [112311] Writing DB stats nova_cell1:SELECT=1 {{(pid=112311) stat_writer /opt/stack/data/venv/lib/python3.12/site-packages/dbcounter.py:115}}
Jun 17 20:16:15.297495 np0000181490 nova-scheduler[113094]: DEBUG dbcounter [-] [113094] Writing DB stats nova_cell0:SELECT=5,nova_cell0:INSERT=1,nova_cell0:UPDATE=1 {{(pid=113094) stat_writer /opt/stack/data/venv/lib/python3.12/site-packages/dbcounter.py:115}}
Jun 17 20:16:15.301945 np0000181490 nova-scheduler[113109]: DEBUG dbcounter [-] [113109] Writing DB stats nova_cell0:SELECT=3,nova_cell0:UPDATE=1 {{(pid=113109) stat_writer /opt/stack/data/venv/lib/python3.12/site-packages/dbcounter.py:115}}
Jun 17 20:16:15.305041 np0000181490 nova-scheduler[113088]: DEBUG dbcounter [-] [113088] Writing DB stats nova_cell0:SELECT=4,nova_cell0:INSERT=1 {{(pid=113088) stat_writer /opt/stack/data/venv/lib/python3.12/site-packages/dbcounter.py:115}}
Jun 17 20:16:15.355635 np0000181490 nova-scheduler[113103]: DEBUG dbcounter [-] [113103] Writing DB stats nova_cell0:SELECT=3 {{(pid=113103) stat_writer /opt/stack/data/venv/lib/python3.12/site-packages/dbcounter.py:115}}
Jun 17 20:16:28.292433 np0000181490 nova-scheduler[113109]: DEBUG oslo.service.backend._threading.loopingcall [None req-815d15ad-a3cc-4b45-a4a9-7a1b75e24f4e None None] Dynamic interval looping call 'nova.service.Service.periodic_tasks' sleeping for 60.00 seconds {{(pid=113109) _run_loop /opt/stack/data/venv/lib/python3.12/site-packages/oslo_service/backend/_threading/loopingcall.py:125}}
Jun 17 20:16:47.285577 np0000181490 nova-scheduler[113094]: DEBUG oslo.service.backend._threading.loopingcall [None req-72c863fa-0c79-40f7-a3d3-1bb0bd018121 None None] Dynamic interval looping call 'nova.service.Service.periodic_tasks' sleeping for 60.00 seconds {{(pid=113094) _run_loop /opt/stack/data/venv/lib/python3.12/site-packages/oslo_service/backend/_threading/loopingcall.py:125}}
Jun 17 20:17:00.300613 np0000181490 nova-scheduler[113088]: DEBUG oslo.service.backend._threading.loopingcall [None req-13ccba4c-a004-4663-8834-4f8dc1b27aac None None] Dynamic interval looping call 'nova.service.Service.periodic_tasks' sleeping for 60.00 seconds {{(pid=113088) _run_loop /opt/stack/data/venv/lib/python3.12/site-packages/oslo_service/backend/_threading/loopingcall.py:125}}
Jun 17 20:17:05.347444 np0000181490 nova-scheduler[113103]: DEBUG oslo.service.backend._threading.loopingcall [None req-c65937a3-db1c-48fd-b10f-86bfa05e9096 None None] Dynamic interval looping call 'nova.service.Service.periodic_tasks' sleeping for 60.00 seconds {{(pid=113103) _run_loop /opt/stack/data/venv/lib/python3.12/site-packages/oslo_service/backend/_threading/loopingcall.py:125}}
Jun 17 20:17:28.293348 np0000181490 nova-scheduler[113109]: DEBUG oslo.service.backend._threading.loopingcall [None req-815d15ad-a3cc-4b45-a4a9-7a1b75e24f4e None None] Dynamic interval looping call 'nova.service.Service.periodic_tasks' sleeping for 60.00 seconds {{(pid=113109) _run_loop /opt/stack/data/venv/lib/python3.12/site-packages/oslo_service/backend/_threading/loopingcall.py:125}}
Jun 17 20:17:47.286375 np0000181490 nova-scheduler[113094]: DEBUG oslo.service.backend._threading.loopingcall [None req-72c863fa-0c79-40f7-a3d3-1bb0bd018121 None None] Dynamic interval looping call 'nova.service.Service.periodic_tasks' sleeping for 60.00 seconds {{(pid=113094) _run_loop /opt/stack/data/venv/lib/python3.12/site-packages/oslo_service/backend/_threading/loopingcall.py:125}}
Jun 17 20:18:00.301348 np0000181490 nova-scheduler[113088]: DEBUG oslo.service.backend._threading.loopingcall [None req-13ccba4c-a004-4663-8834-4f8dc1b27aac None None] Dynamic interval looping call 'nova.service.Service.periodic_tasks' sleeping for 60.00 seconds {{(pid=113088) _run_loop /opt/stack/data/venv/lib/python3.12/site-packages/oslo_service/backend/_threading/loopingcall.py:125}}
Jun 17 20:18:05.298817 np0000181490 nova-scheduler[113109]: DEBUG oslo.service.backend._threading.loopingcall [-] Fixed interval looping call 'nova.servicegroup.drivers.db.DbDriver._report_state' sleeping for 119.99 seconds {{(pid=113109) _run_loop /opt/stack/data/venv/lib/python3.12/site-packages/oslo_service/backend/_threading/loopingcall.py:125}}
Jun 17 20:18:05.299447 np0000181490 nova-scheduler[113094]: DEBUG oslo.service.backend._threading.loopingcall [-] Fixed interval looping call 'nova.servicegroup.drivers.db.DbDriver._report_state' sleeping for 119.99 seconds {{(pid=113094) _run_loop /opt/stack/data/venv/lib/python3.12/site-packages/oslo_service/backend/_threading/loopingcall.py:125}}
Jun 17 20:18:05.302909 np0000181490 nova-scheduler[113088]: DEBUG oslo.service.backend._threading.loopingcall [-] Fixed interval looping call 'nova.servicegroup.drivers.db.DbDriver._report_state' sleeping for 119.99 seconds {{(pid=113088) _run_loop /opt/stack/data/venv/lib/python3.12/site-packages/oslo_service/backend/_threading/loopingcall.py:125}}
Jun 17 20:18:05.348677 np0000181490 nova-scheduler[113103]: DEBUG oslo.service.backend._threading.loopingcall [None req-c65937a3-db1c-48fd-b10f-86bfa05e9096 None None] Dynamic interval looping call 'nova.service.Service.periodic_tasks' sleeping for 60.00 seconds {{(pid=113103) _run_loop /opt/stack/data/venv/lib/python3.12/site-packages/oslo_service/backend/_threading/loopingcall.py:125}}
Jun 17 20:18:05.354879 np0000181490 nova-scheduler[113103]: DEBUG oslo.service.backend._threading.loopingcall [-] Fixed interval looping call 'nova.servicegroup.drivers.db.DbDriver._report_state' sleeping for 119.99 seconds {{(pid=113103) _run_loop /opt/stack/data/venv/lib/python3.12/site-packages/oslo_service/backend/_threading/loopingcall.py:125}}
Jun 17 20:18:15.290706 np0000181490 nova-scheduler[113109]: DEBUG dbcounter [-] [113109] Writing DB stats nova_cell0:SELECT=1,nova_cell0:UPDATE=1 {{(pid=113109) stat_writer /opt/stack/data/venv/lib/python3.12/site-packages/dbcounter.py:115}}
Jun 17 20:18:15.293734 np0000181490 nova-scheduler[113094]: DEBUG dbcounter [-] [113094] Writing DB stats nova_cell0:SELECT=1,nova_cell0:UPDATE=1 {{(pid=113094) stat_writer /opt/stack/data/venv/lib/python3.12/site-packages/dbcounter.py:115}}
Jun 17 20:18:15.300223 np0000181490 nova-scheduler[113088]: DEBUG dbcounter [-] [113088] Writing DB stats nova_cell0:SELECT=1 {{(pid=113088) stat_writer /opt/stack/data/venv/lib/python3.12/site-packages/dbcounter.py:115}}
Jun 17 20:18:15.350785 np0000181490 nova-scheduler[113103]: DEBUG dbcounter [-] [113103] Writing DB stats nova_cell0:SELECT=1 {{(pid=113103) stat_writer /opt/stack/data/venv/lib/python3.12/site-packages/dbcounter.py:115}}
Jun 17 20:18:28.294089 np0000181490 nova-scheduler[113109]: DEBUG oslo.service.backend._threading.loopingcall [None req-815d15ad-a3cc-4b45-a4a9-7a1b75e24f4e None None] Dynamic interval looping call 'nova.service.Service.periodic_tasks' sleeping for 60.00 seconds {{(pid=113109) _run_loop /opt/stack/data/venv/lib/python3.12/site-packages/oslo_service/backend/_threading/loopingcall.py:125}}
Jun 17 20:18:47.287572 np0000181490 nova-scheduler[113094]: DEBUG oslo.service.backend._threading.loopingcall [None req-72c863fa-0c79-40f7-a3d3-1bb0bd018121 None None] Dynamic interval looping call 'nova.service.Service.periodic_tasks' sleeping for 60.00 seconds {{(pid=113094) _run_loop /opt/stack/data/venv/lib/python3.12/site-packages/oslo_service/backend/_threading/loopingcall.py:125}}
Jun 17 20:19:00.302415 np0000181490 nova-scheduler[113088]: DEBUG oslo.service.backend._threading.loopingcall [None req-13ccba4c-a004-4663-8834-4f8dc1b27aac None None] Dynamic interval looping call 'nova.service.Service.periodic_tasks' sleeping for 60.00 seconds {{(pid=113088) _run_loop /opt/stack/data/venv/lib/python3.12/site-packages/oslo_service/backend/_threading/loopingcall.py:125}}
Jun 17 20:19:05.349696 np0000181490 nova-scheduler[113103]: DEBUG oslo.service.backend._threading.loopingcall [None req-c65937a3-db1c-48fd-b10f-86bfa05e9096 None None] Dynamic interval looping call 'nova.service.Service.periodic_tasks' sleeping for 60.00 seconds {{(pid=113103) _run_loop /opt/stack/data/venv/lib/python3.12/site-packages/oslo_service/backend/_threading/loopingcall.py:125}}
Jun 17 20:19:28.295552 np0000181490 nova-scheduler[113109]: DEBUG oslo.service.backend._threading.loopingcall [None req-815d15ad-a3cc-4b45-a4a9-7a1b75e24f4e None None] Dynamic interval looping call 'nova.service.Service.periodic_tasks' sleeping for 60.00 seconds {{(pid=113109) _run_loop /opt/stack/data/venv/lib/python3.12/site-packages/oslo_service/backend/_threading/loopingcall.py:125}}
Jun 17 20:19:47.288205 np0000181490 nova-scheduler[113094]: DEBUG oslo.service.backend._threading.loopingcall [None req-72c863fa-0c79-40f7-a3d3-1bb0bd018121 None None] Dynamic interval looping call 'nova.service.Service.periodic_tasks' sleeping for 60.00 seconds {{(pid=113094) _run_loop /opt/stack/data/venv/lib/python3.12/site-packages/oslo_service/backend/_threading/loopingcall.py:125}}
Jun 17 20:20:00.303098 np0000181490 nova-scheduler[113088]: DEBUG oslo.service.backend._threading.loopingcall [None req-13ccba4c-a004-4663-8834-4f8dc1b27aac None None] Dynamic interval looping call 'nova.service.Service.periodic_tasks' sleeping for 60.00 seconds {{(pid=113088) _run_loop /opt/stack/data/venv/lib/python3.12/site-packages/oslo_service/backend/_threading/loopingcall.py:125}}
Jun 17 20:20:05.350336 np0000181490 nova-scheduler[113103]: DEBUG oslo.service.backend._threading.loopingcall [None req-c65937a3-db1c-48fd-b10f-86bfa05e9096 None None] Dynamic interval looping call 'nova.service.Service.periodic_tasks' sleeping for 60.00 seconds {{(pid=113103) _run_loop /opt/stack/data/venv/lib/python3.12/site-packages/oslo_service/backend/_threading/loopingcall.py:125}}
Jun 17 20:20:05.358483 np0000181490 nova-scheduler[113094]: DEBUG oslo.service.backend._threading.loopingcall [-] Fixed interval looping call 'nova.servicegroup.drivers.db.DbDriver._report_state' sleeping for 119.93 seconds {{(pid=113094) _run_loop /opt/stack/data/venv/lib/python3.12/site-packages/oslo_service/backend/_threading/loopingcall.py:125}}
Jun 17 20:20:05.358705 np0000181490 nova-scheduler[113109]: DEBUG oslo.service.backend._threading.loopingcall [-] Fixed interval looping call 'nova.servicegroup.drivers.db.DbDriver._report_state' sleeping for 119.93 seconds {{(pid=113109) _run_loop /opt/stack/data/venv/lib/python3.12/site-packages/oslo_service/backend/_threading/loopingcall.py:125}}
Jun 17 20:20:05.360459 np0000181490 nova-scheduler[113088]: DEBUG oslo.service.backend._threading.loopingcall [-] Fixed interval looping call 'nova.servicegroup.drivers.db.DbDriver._report_state' sleeping for 119.93 seconds {{(pid=113088) _run_loop /opt/stack/data/venv/lib/python3.12/site-packages/oslo_service/backend/_threading/loopingcall.py:125}}
Jun 17 20:20:05.361563 np0000181490 nova-scheduler[113103]: DEBUG oslo.service.backend._threading.loopingcall [-] Fixed interval looping call 'nova.servicegroup.drivers.db.DbDriver._report_state' sleeping for 119.98 seconds {{(pid=113103) _run_loop /opt/stack/data/venv/lib/python3.12/site-packages/oslo_service/backend/_threading/loopingcall.py:125}}
Jun 17 20:20:15.294145 np0000181490 nova-scheduler[113094]: DEBUG dbcounter [-] [113094] Writing DB stats nova_cell0:SELECT=1,nova_cell0:UPDATE=1 {{(pid=113094) stat_writer /opt/stack/data/venv/lib/python3.12/site-packages/dbcounter.py:115}}
Jun 17 20:20:15.294754 np0000181490 nova-scheduler[113109]: DEBUG dbcounter [-] [113109] Writing DB stats nova_cell0:SELECT=1,nova_cell0:UPDATE=1 {{(pid=113109) stat_writer /opt/stack/data/venv/lib/python3.12/site-packages/dbcounter.py:115}}
Jun 17 20:20:15.301725 np0000181490 nova-scheduler[113088]: DEBUG dbcounter [-] [113088] Writing DB stats nova_cell0:SELECT=1,nova_cell0:UPDATE=1 {{(pid=113088) stat_writer /opt/stack/data/venv/lib/python3.12/site-packages/dbcounter.py:115}}
Jun 17 20:20:15.350922 np0000181490 nova-scheduler[113103]: DEBUG dbcounter [-] [113103] Writing DB stats nova_cell0:SELECT=1,nova_cell0:UPDATE=1 {{(pid=113103) stat_writer /opt/stack/data/venv/lib/python3.12/site-packages/dbcounter.py:115}}
