Jun 08 19:25:42.795565 np0000179058 systemd[1]: Starting devstack@n-api-meta.service - Devstack devstack@n-api-meta.service...
Jun 08 19:25:42.803742 np0000179058 devstack@n-api-meta.service[108643]: [uWSGI] getting INI configuration from /etc/nova/nova-metadata-uwsgi.ini
Jun 08 19:25:42.807671 np0000179058 devstack@n-api-meta.service[108643]: *** Starting uWSGI 2.0.24-debian (64bit) on [Mon Jun 8 19:25:42 2026] ***
Jun 08 19:25:42.807671 np0000179058 devstack@n-api-meta.service[108643]: compiled with version: 13.2.0 on 17 April 2024 16:23:48
Jun 08 19:25:42.807671 np0000179058 devstack@n-api-meta.service[108643]: os: Linux-6.8.0-124-generic #124-Ubuntu SMP PREEMPT_DYNAMIC Tue May 26 13:00:45 UTC 2026
Jun 08 19:25:42.807671 np0000179058 devstack@n-api-meta.service[108643]: nodename: np0000179058
Jun 08 19:25:42.807671 np0000179058 devstack@n-api-meta.service[108643]: machine: x86_64
Jun 08 19:25:42.807671 np0000179058 devstack@n-api-meta.service[108643]: clock source: unix
Jun 08 19:25:42.807671 np0000179058 devstack@n-api-meta.service[108643]: pcre jit disabled
Jun 08 19:25:42.807671 np0000179058 devstack@n-api-meta.service[108643]: detected number of CPU cores: 16
Jun 08 19:25:42.807671 np0000179058 devstack@n-api-meta.service[108643]: current working directory: /
Jun 08 19:25:42.807671 np0000179058 devstack@n-api-meta.service[108643]: detected binary path: /usr/bin/uwsgi-core
Jun 08 19:25:42.807671 np0000179058 devstack@n-api-meta.service[108643]: your processes number limit is 256917
Jun 08 19:25:42.807671 np0000179058 devstack@n-api-meta.service[108643]: your memory page size is 4096 bytes
Jun 08 19:25:42.807671 np0000179058 devstack@n-api-meta.service[108643]: detected max file descriptor number: 2048
Jun 08 19:25:42.807671 np0000179058 devstack@n-api-meta.service[108643]: lock engine: pthread robust mutexes
Jun 08 19:25:42.808436 np0000179058 devstack@n-api-meta.service[108643]: thunder lock: enabled
Jun 08 19:25:42.808436 np0000179058 devstack@n-api-meta.service[108643]: uWSGI http bound on 0.0.0.0:8775 fd 5
Jun 08 19:25:42.808436 np0000179058 devstack@n-api-meta.service[108643]: uwsgi socket 0 bound to TCP address 127.0.0.1:40363 (port auto-assigned) fd 4
Jun 08 19:25:42.808436 np0000179058 devstack@n-api-meta.service[108643]: Python version: 3.12.3 (main, Mar 23 2026, 19:04:32) [GCC 13.3.0]
Jun 08 19:25:42.808436 np0000179058 devstack@n-api-meta.service[108643]: PEP 405 virtualenv detected: /opt/stack/data/venv
Jun 08 19:25:42.808436 np0000179058 devstack@n-api-meta.service[108643]: Set PythonHome to /opt/stack/data/venv
Jun 08 19:25:42.842968 np0000179058 devstack@n-api-meta.service[108643]: Python main interpreter initialized at 0x7e972f8a3668
Jun 08 19:25:42.842968 np0000179058 devstack@n-api-meta.service[108643]: python threads support enabled
Jun 08 19:25:42.842968 np0000179058 devstack@n-api-meta.service[108643]: your server socket listen backlog is limited to 100 connections
Jun 08 19:25:42.842968 np0000179058 devstack@n-api-meta.service[108643]: your mercy for graceful operations on workers is 80 seconds
Jun 08 19:25:42.843499 np0000179058 devstack@n-api-meta.service[108643]: mapped 671795 bytes (656 KB) for 4 cores
Jun 08 19:25:42.843636 np0000179058 devstack@n-api-meta.service[108643]: *** Operational MODE: preforking ***
Jun 08 19:25:42.843791 np0000179058 devstack@n-api-meta.service[108643]: *** uWSGI is running in multiple interpreter mode ***
Jun 08 19:25:42.843791 np0000179058 devstack@n-api-meta.service[108643]: spawned uWSGI master process (pid: 108643)
Jun 08 19:25:42.843983 np0000179058 systemd[1]: Started devstack@n-api-meta.service - Devstack devstack@n-api-meta.service.
Jun 08 19:25:42.844577 np0000179058 devstack@n-api-meta.service[108643]: spawned uWSGI worker 1 (pid: 108644, cores: 1)
Jun 08 19:25:42.845362 np0000179058 devstack@n-api-meta.service[108643]: spawned uWSGI worker 2 (pid: 108645, cores: 1)
Jun 08 19:25:42.845998 np0000179058 devstack@n-api-meta.service[108643]: spawned uWSGI worker 3 (pid: 108646, cores: 1)
Jun 08 19:25:42.846427 np0000179058 devstack@n-api-meta.service[108643]: spawned uWSGI worker 4 (pid: 108647, cores: 1)
Jun 08 19:25:42.846967 np0000179058 devstack@n-api-meta.service[108643]: spawned uWSGI http 1 (pid: 108648)
Jun 08 19:25:42.846967 np0000179058 devstack@n-api-meta.service[108643]: running "unix_signal:15 gracefully_kill_them_all" (master-start)...
Jun 08 19:25:44.464337 np0000179058 devstack@n-api-meta.service[108644]: INFO dbcounter [None req-540c6196-941e-48d1-ad54-b10c89b46fde None None] Registered counter for database nova_api
Jun 08 19:25:44.496887 np0000179058 devstack@n-api-meta.service[108647]: INFO dbcounter [None req-715a081f-289e-492e-93ee-77176e01998d None None] Registered counter for database nova_api
Jun 08 19:25:44.512561 np0000179058 devstack@n-api-meta.service[108644]: DEBUG oslo_db.sqlalchemy.engines [None req-540c6196-941e-48d1-ad54-b10c89b46fde None None] MySQL server mode set to STRICT_TRANS_TABLES,STRICT_ALL_TABLES,NO_ZERO_IN_DATE,NO_ZERO_DATE,ERROR_FOR_DIVISION_BY_ZERO,TRADITIONAL,NO_ENGINE_SUBSTITUTION {{(pid=108644) _check_effective_sql_mode /opt/stack/data/venv/lib/python3.12/site-packages/oslo_db/sqlalchemy/engines.py:325}}
Jun 08 19:25:44.526446 np0000179058 devstack@n-api-meta.service[108646]: INFO dbcounter [None req-17517056-cf99-434b-9f76-a64116366454 None None] Registered counter for database nova_api
Jun 08 19:25:44.540166 np0000179058 devstack@n-api-meta.service[108645]: INFO dbcounter [None req-d678e625-c1a7-4df3-ba6b-8730e26df215 None None] Registered counter for database nova_api
Jun 08 19:25:44.545191 np0000179058 devstack@n-api-meta.service[108644]: DEBUG dbcounter [-] [108644] Writer thread running {{(pid=108644) stat_writer /opt/stack/data/venv/lib/python3.12/site-packages/dbcounter.py:102}}
Jun 08 19:25:44.548035 np0000179058 devstack@n-api-meta.service[108644]: DEBUG nova.context [None req-540c6196-941e-48d1-ad54-b10c89b46fde None None] Found 2 cells: 00000000-0000-0000-0000-000000000000(cell0),9908e4b4-6806-428b-9baf-96f03acc80a6(cell1) {{(pid=108644) load_cells /opt/stack/nova/nova/context.py:509}}
Jun 08 19:25:44.548035 np0000179058 devstack@n-api-meta.service[108644]: INFO nova.utils [None req-540c6196-941e-48d1-ad54-b10c89b46fde None None] The cell worker thread pool MainProcess.cell_worker is initialized
Jun 08 19:25:44.551032 np0000179058 devstack@n-api-meta.service[108647]: DEBUG oslo_db.sqlalchemy.engines [None req-715a081f-289e-492e-93ee-77176e01998d None None] MySQL server mode set to STRICT_TRANS_TABLES,STRICT_ALL_TABLES,NO_ZERO_IN_DATE,NO_ZERO_DATE,ERROR_FOR_DIVISION_BY_ZERO,TRADITIONAL,NO_ENGINE_SUBSTITUTION {{(pid=108647) _check_effective_sql_mode /opt/stack/data/venv/lib/python3.12/site-packages/oslo_db/sqlalchemy/engines.py:325}}
Jun 08 19:25:44.551108 np0000179058 devstack@n-api-meta.service[108644]: DEBUG oslo_concurrency.lockutils [None req-540c6196-941e-48d1-ad54-b10c89b46fde None None] Acquiring lock "00000000-0000-0000-0000-000000000000" by "nova.context.set_target_cell..get_or_set_cached_cell_and_set_connections" {{(pid=108644) inner /opt/stack/data/venv/lib/python3.12/site-packages/oslo_concurrency/lockutils.py:511}}
Jun 08 19:25:44.551108 np0000179058 devstack@n-api-meta.service[108644]: DEBUG oslo_concurrency.lockutils [None req-540c6196-941e-48d1-ad54-b10c89b46fde None None] Lock "00000000-0000-0000-0000-000000000000" acquired by "nova.context.set_target_cell..get_or_set_cached_cell_and_set_connections" :: waited 0.000s {{(pid=108644) inner /opt/stack/data/venv/lib/python3.12/site-packages/oslo_concurrency/lockutils.py:524}}
Jun 08 19:25:44.551108 np0000179058 devstack@n-api-meta.service[108644]: DEBUG oslo_concurrency.lockutils [None req-540c6196-941e-48d1-ad54-b10c89b46fde None None] Lock "00000000-0000-0000-0000-000000000000" "released" by "nova.context.set_target_cell..get_or_set_cached_cell_and_set_connections" :: held 0.000s {{(pid=108644) inner /opt/stack/data/venv/lib/python3.12/site-packages/oslo_concurrency/lockutils.py:543}}
Jun 08 19:25:44.551108 np0000179058 devstack@n-api-meta.service[108644]: DEBUG oslo_concurrency.lockutils [None req-540c6196-941e-48d1-ad54-b10c89b46fde None None] Acquiring lock "9908e4b4-6806-428b-9baf-96f03acc80a6" by "nova.context.set_target_cell..get_or_set_cached_cell_and_set_connections" {{(pid=108644) inner /opt/stack/data/venv/lib/python3.12/site-packages/oslo_concurrency/lockutils.py:511}}
Jun 08 19:25:44.551300 np0000179058 devstack@n-api-meta.service[108644]: DEBUG oslo_concurrency.lockutils [None req-540c6196-941e-48d1-ad54-b10c89b46fde None None] Lock "9908e4b4-6806-428b-9baf-96f03acc80a6" acquired by "nova.context.set_target_cell..get_or_set_cached_cell_and_set_connections" :: waited 0.000s {{(pid=108644) inner /opt/stack/data/venv/lib/python3.12/site-packages/oslo_concurrency/lockutils.py:524}}
Jun 08 19:25:44.552485 np0000179058 devstack@n-api-meta.service[108644]: DEBUG oslo_concurrency.lockutils [None req-540c6196-941e-48d1-ad54-b10c89b46fde None None] Lock "9908e4b4-6806-428b-9baf-96f03acc80a6" "released" by "nova.context.set_target_cell..get_or_set_cached_cell_and_set_connections" :: held 0.001s {{(pid=108644) inner /opt/stack/data/venv/lib/python3.12/site-packages/oslo_concurrency/lockutils.py:543}}
Jun 08 19:25:44.555835 np0000179058 devstack@n-api-meta.service[108644]: INFO dbcounter [None req-540c6196-941e-48d1-ad54-b10c89b46fde None None] Registered counter for database nova_cell0
Jun 08 19:25:44.560776 np0000179058 devstack@n-api-meta.service[108644]: INFO dbcounter [None req-540c6196-941e-48d1-ad54-b10c89b46fde None None] Registered counter for database nova_cell1
Jun 08 19:25:44.577501 np0000179058 devstack@n-api-meta.service[108646]: DEBUG oslo_db.sqlalchemy.engines [None req-17517056-cf99-434b-9f76-a64116366454 None None] MySQL server mode set to STRICT_TRANS_TABLES,STRICT_ALL_TABLES,NO_ZERO_IN_DATE,NO_ZERO_DATE,ERROR_FOR_DIVISION_BY_ZERO,TRADITIONAL,NO_ENGINE_SUBSTITUTION {{(pid=108646) _check_effective_sql_mode /opt/stack/data/venv/lib/python3.12/site-packages/oslo_db/sqlalchemy/engines.py:325}}
Jun 08 19:25:44.583055 np0000179058 devstack@n-api-meta.service[108647]: DEBUG dbcounter [-] [108647] Writer thread running {{(pid=108647) stat_writer /opt/stack/data/venv/lib/python3.12/site-packages/dbcounter.py:102}}
Jun 08 19:25:44.585505 np0000179058 devstack@n-api-meta.service[108647]: DEBUG nova.context [None req-715a081f-289e-492e-93ee-77176e01998d None None] Found 2 cells: 00000000-0000-0000-0000-000000000000(cell0),9908e4b4-6806-428b-9baf-96f03acc80a6(cell1) {{(pid=108647) load_cells /opt/stack/nova/nova/context.py:509}}
Jun 08 19:25:44.588766 np0000179058 devstack@n-api-meta.service[108647]: INFO nova.utils [None req-715a081f-289e-492e-93ee-77176e01998d None None] The cell worker thread pool MainProcess.cell_worker is initialized
Jun 08 19:25:44.588766 np0000179058 devstack@n-api-meta.service[108647]: DEBUG oslo_concurrency.lockutils [None req-715a081f-289e-492e-93ee-77176e01998d None None] Acquiring lock "00000000-0000-0000-0000-000000000000" by "nova.context.set_target_cell..get_or_set_cached_cell_and_set_connections" {{(pid=108647) inner /opt/stack/data/venv/lib/python3.12/site-packages/oslo_concurrency/lockutils.py:511}}
Jun 08 19:25:44.588766 np0000179058 devstack@n-api-meta.service[108647]: DEBUG oslo_concurrency.lockutils [None req-715a081f-289e-492e-93ee-77176e01998d None None] Lock "00000000-0000-0000-0000-000000000000" acquired by "nova.context.set_target_cell..get_or_set_cached_cell_and_set_connections" :: waited 0.000s {{(pid=108647) inner /opt/stack/data/venv/lib/python3.12/site-packages/oslo_concurrency/lockutils.py:524}}
Jun 08 19:25:44.588766 np0000179058 devstack@n-api-meta.service[108647]: DEBUG oslo_concurrency.lockutils [None req-715a081f-289e-492e-93ee-77176e01998d None None] Lock "00000000-0000-0000-0000-000000000000" "released" by "nova.context.set_target_cell..get_or_set_cached_cell_and_set_connections" :: held 0.000s {{(pid=108647) inner /opt/stack/data/venv/lib/python3.12/site-packages/oslo_concurrency/lockutils.py:543}}
Jun 08 19:25:44.589072 np0000179058 devstack@n-api-meta.service[108647]: DEBUG oslo_concurrency.lockutils [None req-715a081f-289e-492e-93ee-77176e01998d None None] Acquiring lock "9908e4b4-6806-428b-9baf-96f03acc80a6" by "nova.context.set_target_cell..get_or_set_cached_cell_and_set_connections" {{(pid=108647) inner /opt/stack/data/venv/lib/python3.12/site-packages/oslo_concurrency/lockutils.py:511}}
Jun 08 19:25:44.589072 np0000179058 devstack@n-api-meta.service[108647]: DEBUG oslo_concurrency.lockutils [None req-715a081f-289e-492e-93ee-77176e01998d None None] Lock "9908e4b4-6806-428b-9baf-96f03acc80a6" acquired by "nova.context.set_target_cell..get_or_set_cached_cell_and_set_connections" :: waited 0.000s {{(pid=108647) inner /opt/stack/data/venv/lib/python3.12/site-packages/oslo_concurrency/lockutils.py:524}}
Jun 08 19:25:44.589917 np0000179058 devstack@n-api-meta.service[108647]: DEBUG oslo_concurrency.lockutils [None req-715a081f-289e-492e-93ee-77176e01998d None None] Lock "9908e4b4-6806-428b-9baf-96f03acc80a6" "released" by "nova.context.set_target_cell..get_or_set_cached_cell_and_set_connections" :: held 0.001s {{(pid=108647) inner /opt/stack/data/venv/lib/python3.12/site-packages/oslo_concurrency/lockutils.py:543}}
Jun 08 19:25:44.592186 np0000179058 devstack@n-api-meta.service[108645]: DEBUG oslo_db.sqlalchemy.engines [None req-d678e625-c1a7-4df3-ba6b-8730e26df215 None None] MySQL server mode set to STRICT_TRANS_TABLES,STRICT_ALL_TABLES,NO_ZERO_IN_DATE,NO_ZERO_DATE,ERROR_FOR_DIVISION_BY_ZERO,TRADITIONAL,NO_ENGINE_SUBSTITUTION {{(pid=108645) _check_effective_sql_mode /opt/stack/data/venv/lib/python3.12/site-packages/oslo_db/sqlalchemy/engines.py:325}}
Jun 08 19:25:44.595696 np0000179058 devstack@n-api-meta.service[108647]: INFO dbcounter [None req-715a081f-289e-492e-93ee-77176e01998d None None] Registered counter for database nova_cell0
Jun 08 19:25:44.601309 np0000179058 devstack@n-api-meta.service[108647]: INFO dbcounter [None req-715a081f-289e-492e-93ee-77176e01998d None None] Registered counter for database nova_cell1
Jun 08 19:25:44.612807 np0000179058 devstack@n-api-meta.service[108646]: DEBUG dbcounter [-] [108646] Writer thread running {{(pid=108646) stat_writer /opt/stack/data/venv/lib/python3.12/site-packages/dbcounter.py:102}}
Jun 08 19:25:44.615289 np0000179058 devstack@n-api-meta.service[108646]: DEBUG nova.context [None req-17517056-cf99-434b-9f76-a64116366454 None None] Found 2 cells: 00000000-0000-0000-0000-000000000000(cell0),9908e4b4-6806-428b-9baf-96f03acc80a6(cell1) {{(pid=108646) load_cells /opt/stack/nova/nova/context.py:509}}
Jun 08 19:25:44.615521 np0000179058 devstack@n-api-meta.service[108646]: INFO nova.utils [None req-17517056-cf99-434b-9f76-a64116366454 None None] The cell worker thread pool MainProcess.cell_worker is initialized
Jun 08 19:25:44.617233 np0000179058 devstack@n-api-meta.service[108646]: DEBUG oslo_concurrency.lockutils [None req-17517056-cf99-434b-9f76-a64116366454 None None] Acquiring lock "00000000-0000-0000-0000-000000000000" by "nova.context.set_target_cell..get_or_set_cached_cell_and_set_connections" {{(pid=108646) inner /opt/stack/data/venv/lib/python3.12/site-packages/oslo_concurrency/lockutils.py:511}}
Jun 08 19:25:44.617392 np0000179058 devstack@n-api-meta.service[108646]: DEBUG oslo_concurrency.lockutils [None req-17517056-cf99-434b-9f76-a64116366454 None None] Lock "00000000-0000-0000-0000-000000000000" acquired by "nova.context.set_target_cell..get_or_set_cached_cell_and_set_connections" :: waited 0.000s {{(pid=108646) inner /opt/stack/data/venv/lib/python3.12/site-packages/oslo_concurrency/lockutils.py:524}}
Jun 08 19:25:44.617739 np0000179058 devstack@n-api-meta.service[108646]: DEBUG oslo_concurrency.lockutils [None req-17517056-cf99-434b-9f76-a64116366454 None None] Lock "00000000-0000-0000-0000-000000000000" "released" by "nova.context.set_target_cell..get_or_set_cached_cell_and_set_connections" :: held 0.000s {{(pid=108646) inner /opt/stack/data/venv/lib/python3.12/site-packages/oslo_concurrency/lockutils.py:543}}
Jun 08 19:25:44.618389 np0000179058 devstack@n-api-meta.service[108646]: DEBUG oslo_concurrency.lockutils [None req-17517056-cf99-434b-9f76-a64116366454 None None] Acquiring lock "9908e4b4-6806-428b-9baf-96f03acc80a6" by "nova.context.set_target_cell..get_or_set_cached_cell_and_set_connections" {{(pid=108646) inner /opt/stack/data/venv/lib/python3.12/site-packages/oslo_concurrency/lockutils.py:511}}
Jun 08 19:25:44.618530 np0000179058 devstack@n-api-meta.service[108646]: DEBUG oslo_concurrency.lockutils [None req-17517056-cf99-434b-9f76-a64116366454 None None] Lock "9908e4b4-6806-428b-9baf-96f03acc80a6" acquired by "nova.context.set_target_cell..get_or_set_cached_cell_and_set_connections" :: waited 0.000s {{(pid=108646) inner /opt/stack/data/venv/lib/python3.12/site-packages/oslo_concurrency/lockutils.py:524}}
Jun 08 19:25:44.619481 np0000179058 devstack@n-api-meta.service[108646]: DEBUG oslo_concurrency.lockutils [None req-17517056-cf99-434b-9f76-a64116366454 None None] Lock "9908e4b4-6806-428b-9baf-96f03acc80a6" "released" by "nova.context.set_target_cell..get_or_set_cached_cell_and_set_connections" :: held 0.001s {{(pid=108646) inner /opt/stack/data/venv/lib/python3.12/site-packages/oslo_concurrency/lockutils.py:543}}
Jun 08 19:25:44.621308 np0000179058 devstack@n-api-meta.service[108646]: INFO dbcounter [None req-17517056-cf99-434b-9f76-a64116366454 None None] Registered counter for database nova_cell0
Jun 08 19:25:44.625745 np0000179058 devstack@n-api-meta.service[108646]: INFO dbcounter [None req-17517056-cf99-434b-9f76-a64116366454 None None] Registered counter for database nova_cell1
Jun 08 19:25:44.626658 np0000179058 devstack@n-api-meta.service[108644]: DEBUG oslo_db.sqlalchemy.engines [None req-540c6196-941e-48d1-ad54-b10c89b46fde None None] MySQL server mode set to STRICT_TRANS_TABLES,STRICT_ALL_TABLES,NO_ZERO_IN_DATE,NO_ZERO_DATE,ERROR_FOR_DIVISION_BY_ZERO,TRADITIONAL,NO_ENGINE_SUBSTITUTION {{(pid=108644) _check_effective_sql_mode /opt/stack/data/venv/lib/python3.12/site-packages/oslo_db/sqlalchemy/engines.py:325}}
Jun 08 19:25:44.632044 np0000179058 devstack@n-api-meta.service[108644]: DEBUG oslo_db.sqlalchemy.engines [None req-540c6196-941e-48d1-ad54-b10c89b46fde None None] MySQL server mode set to STRICT_TRANS_TABLES,STRICT_ALL_TABLES,NO_ZERO_IN_DATE,NO_ZERO_DATE,ERROR_FOR_DIVISION_BY_ZERO,TRADITIONAL,NO_ENGINE_SUBSTITUTION {{(pid=108644) _check_effective_sql_mode /opt/stack/data/venv/lib/python3.12/site-packages/oslo_db/sqlalchemy/engines.py:325}}
Jun 08 19:25:44.633842 np0000179058 devstack@n-api-meta.service[108645]: DEBUG dbcounter [-] [108645] Writer thread running {{(pid=108645) stat_writer /opt/stack/data/venv/lib/python3.12/site-packages/dbcounter.py:102}}
Jun 08 19:25:44.636696 np0000179058 devstack@n-api-meta.service[108645]: DEBUG nova.context [None req-d678e625-c1a7-4df3-ba6b-8730e26df215 None None] Found 2 cells: 00000000-0000-0000-0000-000000000000(cell0),9908e4b4-6806-428b-9baf-96f03acc80a6(cell1) {{(pid=108645) load_cells /opt/stack/nova/nova/context.py:509}}
Jun 08 19:25:44.637028 np0000179058 devstack@n-api-meta.service[108645]: INFO nova.utils [None req-d678e625-c1a7-4df3-ba6b-8730e26df215 None None] The cell worker thread pool MainProcess.cell_worker is initialized
Jun 08 19:25:44.639738 np0000179058 devstack@n-api-meta.service[108645]: DEBUG oslo_concurrency.lockutils [None req-d678e625-c1a7-4df3-ba6b-8730e26df215 None None] Acquiring lock "00000000-0000-0000-0000-000000000000" by "nova.context.set_target_cell..get_or_set_cached_cell_and_set_connections" {{(pid=108645) inner /opt/stack/data/venv/lib/python3.12/site-packages/oslo_concurrency/lockutils.py:511}}
Jun 08 19:25:44.639901 np0000179058 devstack@n-api-meta.service[108645]: DEBUG oslo_concurrency.lockutils [None req-d678e625-c1a7-4df3-ba6b-8730e26df215 None None] Lock "00000000-0000-0000-0000-000000000000" acquired by "nova.context.set_target_cell..get_or_set_cached_cell_and_set_connections" :: waited 0.000s {{(pid=108645) inner /opt/stack/data/venv/lib/python3.12/site-packages/oslo_concurrency/lockutils.py:524}}
Jun 08 19:25:44.640259 np0000179058 devstack@n-api-meta.service[108645]: DEBUG oslo_concurrency.lockutils [None req-d678e625-c1a7-4df3-ba6b-8730e26df215 None None] Lock "00000000-0000-0000-0000-000000000000" "released" by "nova.context.set_target_cell..get_or_set_cached_cell_and_set_connections" :: held 0.000s {{(pid=108645) inner /opt/stack/data/venv/lib/python3.12/site-packages/oslo_concurrency/lockutils.py:543}}
Jun 08 19:25:44.641059 np0000179058 devstack@n-api-meta.service[108645]: DEBUG oslo_concurrency.lockutils [None req-d678e625-c1a7-4df3-ba6b-8730e26df215 None None] Acquiring lock "9908e4b4-6806-428b-9baf-96f03acc80a6" by "nova.context.set_target_cell..get_or_set_cached_cell_and_set_connections" {{(pid=108645) inner /opt/stack/data/venv/lib/python3.12/site-packages/oslo_concurrency/lockutils.py:511}}
Jun 08 19:25:44.641201 np0000179058 devstack@n-api-meta.service[108645]: DEBUG oslo_concurrency.lockutils [None req-d678e625-c1a7-4df3-ba6b-8730e26df215 None None] Lock "9908e4b4-6806-428b-9baf-96f03acc80a6" acquired by "nova.context.set_target_cell..get_or_set_cached_cell_and_set_connections" :: waited 0.000s {{(pid=108645) inner /opt/stack/data/venv/lib/python3.12/site-packages/oslo_concurrency/lockutils.py:524}}
Jun 08 19:25:44.642068 np0000179058 devstack@n-api-meta.service[108645]: DEBUG oslo_concurrency.lockutils [None req-d678e625-c1a7-4df3-ba6b-8730e26df215 None None] Lock "9908e4b4-6806-428b-9baf-96f03acc80a6" "released" by "nova.context.set_target_cell..get_or_set_cached_cell_and_set_connections" :: held 0.001s {{(pid=108645) inner /opt/stack/data/venv/lib/python3.12/site-packages/oslo_concurrency/lockutils.py:543}}
Jun 08 19:25:44.644622 np0000179058 devstack@n-api-meta.service[108645]: INFO dbcounter [None req-d678e625-c1a7-4df3-ba6b-8730e26df215 None None] Registered counter for database nova_cell0
Jun 08 19:25:44.649018 np0000179058 devstack@n-api-meta.service[108645]: INFO dbcounter [None req-d678e625-c1a7-4df3-ba6b-8730e26df215 None None] Registered counter for database nova_cell1
Jun 08 19:25:44.684213 np0000179058 devstack@n-api-meta.service[108647]: DEBUG oslo_db.sqlalchemy.engines [None req-715a081f-289e-492e-93ee-77176e01998d None None] MySQL server mode set to STRICT_TRANS_TABLES,STRICT_ALL_TABLES,NO_ZERO_IN_DATE,NO_ZERO_DATE,ERROR_FOR_DIVISION_BY_ZERO,TRADITIONAL,NO_ENGINE_SUBSTITUTION {{(pid=108647) _check_effective_sql_mode /opt/stack/data/venv/lib/python3.12/site-packages/oslo_db/sqlalchemy/engines.py:325}}
Jun 08 19:25:44.692375 np0000179058 devstack@n-api-meta.service[108646]: DEBUG oslo_db.sqlalchemy.engines [None req-17517056-cf99-434b-9f76-a64116366454 None None] MySQL server mode set to STRICT_TRANS_TABLES,STRICT_ALL_TABLES,NO_ZERO_IN_DATE,NO_ZERO_DATE,ERROR_FOR_DIVISION_BY_ZERO,TRADITIONAL,NO_ENGINE_SUBSTITUTION {{(pid=108646) _check_effective_sql_mode /opt/stack/data/venv/lib/python3.12/site-packages/oslo_db/sqlalchemy/engines.py:325}}
Jun 08 19:25:44.695829 np0000179058 devstack@n-api-meta.service[108647]: DEBUG oslo_db.sqlalchemy.engines [None req-715a081f-289e-492e-93ee-77176e01998d None None] MySQL server mode set to STRICT_TRANS_TABLES,STRICT_ALL_TABLES,NO_ZERO_IN_DATE,NO_ZERO_DATE,ERROR_FOR_DIVISION_BY_ZERO,TRADITIONAL,NO_ENGINE_SUBSTITUTION {{(pid=108647) _check_effective_sql_mode /opt/stack/data/venv/lib/python3.12/site-packages/oslo_db/sqlalchemy/engines.py:325}}
Jun 08 19:25:44.715464 np0000179058 devstack@n-api-meta.service[108644]: DEBUG dbcounter [-] [108644] Writer thread running {{(pid=108644) stat_writer /opt/stack/data/venv/lib/python3.12/site-packages/dbcounter.py:102}}
Jun 08 19:25:44.727436 np0000179058 devstack@n-api-meta.service[108645]: DEBUG oslo_db.sqlalchemy.engines [None req-d678e625-c1a7-4df3-ba6b-8730e26df215 None None] MySQL server mode set to STRICT_TRANS_TABLES,STRICT_ALL_TABLES,NO_ZERO_IN_DATE,NO_ZERO_DATE,ERROR_FOR_DIVISION_BY_ZERO,TRADITIONAL,NO_ENGINE_SUBSTITUTION {{(pid=108645) _check_effective_sql_mode /opt/stack/data/venv/lib/python3.12/site-packages/oslo_db/sqlalchemy/engines.py:325}}
Jun 08 19:25:44.727669 np0000179058 devstack@n-api-meta.service[108644]: DEBUG dbcounter [-] [108644] Writer thread running {{(pid=108644) stat_writer /opt/stack/data/venv/lib/python3.12/site-packages/dbcounter.py:102}}
Jun 08 19:25:44.731254 np0000179058 devstack@n-api-meta.service[108645]: DEBUG oslo_db.sqlalchemy.engines [None req-d678e625-c1a7-4df3-ba6b-8730e26df215 None None] MySQL server mode set to STRICT_TRANS_TABLES,STRICT_ALL_TABLES,NO_ZERO_IN_DATE,NO_ZERO_DATE,ERROR_FOR_DIVISION_BY_ZERO,TRADITIONAL,NO_ENGINE_SUBSTITUTION {{(pid=108645) _check_effective_sql_mode /opt/stack/data/venv/lib/python3.12/site-packages/oslo_db/sqlalchemy/engines.py:325}}
Jun 08 19:25:44.731379 np0000179058 devstack@n-api-meta.service[108644]: INFO dbcounter [None req-540c6196-941e-48d1-ad54-b10c89b46fde None None] Registered counter for database nova_cell0
Jun 08 19:25:44.746899 np0000179058 devstack@n-api-meta.service[108646]: DEBUG oslo_db.sqlalchemy.engines [None req-17517056-cf99-434b-9f76-a64116366454 None None] MySQL server mode set to STRICT_TRANS_TABLES,STRICT_ALL_TABLES,NO_ZERO_IN_DATE,NO_ZERO_DATE,ERROR_FOR_DIVISION_BY_ZERO,TRADITIONAL,NO_ENGINE_SUBSTITUTION {{(pid=108646) _check_effective_sql_mode /opt/stack/data/venv/lib/python3.12/site-packages/oslo_db/sqlalchemy/engines.py:325}}
Jun 08 19:25:44.776805 np0000179058 devstack@n-api-meta.service[108644]: DEBUG oslo_db.sqlalchemy.engines [None req-540c6196-941e-48d1-ad54-b10c89b46fde None None] MySQL server mode set to STRICT_TRANS_TABLES,STRICT_ALL_TABLES,NO_ZERO_IN_DATE,NO_ZERO_DATE,ERROR_FOR_DIVISION_BY_ZERO,TRADITIONAL,NO_ENGINE_SUBSTITUTION {{(pid=108644) _check_effective_sql_mode /opt/stack/data/venv/lib/python3.12/site-packages/oslo_db/sqlalchemy/engines.py:325}}
Jun 08 19:25:44.782798 np0000179058 devstack@n-api-meta.service[108644]: DEBUG dbcounter [-] [108644] Writer thread running {{(pid=108644) stat_writer /opt/stack/data/venv/lib/python3.12/site-packages/dbcounter.py:102}}
Jun 08 19:25:44.786842 np0000179058 devstack@n-api-meta.service[108646]: DEBUG dbcounter [-] [108646] Writer thread running {{(pid=108646) stat_writer /opt/stack/data/venv/lib/python3.12/site-packages/dbcounter.py:102}}
Jun 08 19:25:44.788738 np0000179058 devstack@n-api-meta.service[108647]: DEBUG dbcounter [-] [108647] Writer thread running {{(pid=108647) stat_writer /opt/stack/data/venv/lib/python3.12/site-packages/dbcounter.py:102}}
Jun 08 19:25:44.795155 np0000179058 devstack@n-api-meta.service[108647]: DEBUG dbcounter [-] [108647] Writer thread running {{(pid=108647) stat_writer /opt/stack/data/venv/lib/python3.12/site-packages/dbcounter.py:102}}
Jun 08 19:25:44.795266 np0000179058 devstack@n-api-meta.service[108646]: DEBUG dbcounter [-] [108646] Writer thread running {{(pid=108646) stat_writer /opt/stack/data/venv/lib/python3.12/site-packages/dbcounter.py:102}}
Jun 08 19:25:44.798988 np0000179058 devstack@n-api-meta.service[108646]: INFO dbcounter [None req-17517056-cf99-434b-9f76-a64116366454 None None] Registered counter for database nova_cell0
Jun 08 19:25:44.799178 np0000179058 devstack@n-api-meta.service[108647]: INFO dbcounter [None req-715a081f-289e-492e-93ee-77176e01998d None None] Registered counter for database nova_cell0
Jun 08 19:25:44.815231 np0000179058 devstack@n-api-meta.service[108645]: DEBUG dbcounter [-] [108645] Writer thread running {{(pid=108645) stat_writer /opt/stack/data/venv/lib/python3.12/site-packages/dbcounter.py:102}}
Jun 08 19:25:44.821212 np0000179058 devstack@n-api-meta.service[108644]: WARNING nova.api.metadata.handler [None req-540c6196-941e-48d1-ad54-b10c89b46fde None None] metadata_proxy_shared_secret is not configured, the metadata information returned by the proxy cannot be trusted
Jun 08 19:25:44.822824 np0000179058 devstack@n-api-meta.service[108645]: DEBUG dbcounter [-] [108645] Writer thread running {{(pid=108645) stat_writer /opt/stack/data/venv/lib/python3.12/site-packages/dbcounter.py:102}}
Jun 08 19:25:44.823468 np0000179058 devstack@n-api-meta.service[108644]: DEBUG nova.api.openstack.wsgi_app [None req-540c6196-941e-48d1-ad54-b10c89b46fde None None] ******************************************************************************** {{(pid=108644) log_opt_values /opt/stack/data/venv/lib/python3.12/site-packages/oslo_config/cfg.py:3229}}
Jun 08 19:25:44.824072 np0000179058 devstack@n-api-meta.service[108644]: DEBUG nova.api.openstack.wsgi_app [None req-540c6196-941e-48d1-ad54-b10c89b46fde None None] Configuration options gathered from: {{(pid=108644) log_opt_values /opt/stack/data/venv/lib/python3.12/site-packages/oslo_config/cfg.py:3230}}
Jun 08 19:25:44.824072 np0000179058 devstack@n-api-meta.service[108644]: DEBUG nova.api.openstack.wsgi_app [None req-540c6196-941e-48d1-ad54-b10c89b46fde None None] command line args: [] {{(pid=108644) log_opt_values /opt/stack/data/venv/lib/python3.12/site-packages/oslo_config/cfg.py:3231}}
Jun 08 19:25:44.824072 np0000179058 devstack@n-api-meta.service[108644]: DEBUG nova.api.openstack.wsgi_app [None req-540c6196-941e-48d1-ad54-b10c89b46fde None None] config files: ['/etc/nova/api-paste.ini', '/etc/nova/nova.conf'] {{(pid=108644) log_opt_values /opt/stack/data/venv/lib/python3.12/site-packages/oslo_config/cfg.py:3232}}
Jun 08 19:25:44.824072 np0000179058 devstack@n-api-meta.service[108644]: DEBUG nova.api.openstack.wsgi_app [None req-540c6196-941e-48d1-ad54-b10c89b46fde None None] ================================================================================ {{(pid=108644) log_opt_values /opt/stack/data/venv/lib/python3.12/site-packages/oslo_config/cfg.py:3237}}
Jun 08 19:25:44.824276 np0000179058 devstack@n-api-meta.service[108644]: DEBUG nova.api.openstack.wsgi_app [None req-540c6196-941e-48d1-ad54-b10c89b46fde None None] allow_resize_to_same_host = True {{(pid=108644) log_opt_values /opt/stack/data/venv/lib/python3.12/site-packages/oslo_config/cfg.py:3245}}
Jun 08 19:25:44.824276 np0000179058 devstack@n-api-meta.service[108644]: DEBUG nova.api.openstack.wsgi_app [None req-540c6196-941e-48d1-ad54-b10c89b46fde None None] arq_binding_timeout = 300 {{(pid=108644) log_opt_values /opt/stack/data/venv/lib/python3.12/site-packages/oslo_config/cfg.py:3245}}
Jun 08 19:25:44.824518 np0000179058 devstack@n-api-meta.service[108644]: DEBUG nova.api.openstack.wsgi_app [None req-540c6196-941e-48d1-ad54-b10c89b46fde None None] block_device_allocate_retries = 60 {{(pid=108644) log_opt_values /opt/stack/data/venv/lib/python3.12/site-packages/oslo_config/cfg.py:3245}}
Jun 08 19:25:44.824518 np0000179058 devstack@n-api-meta.service[108644]: DEBUG nova.api.openstack.wsgi_app [None req-540c6196-941e-48d1-ad54-b10c89b46fde None None] block_device_allocate_retries_interval = 3 {{(pid=108644) log_opt_values /opt/stack/data/venv/lib/python3.12/site-packages/oslo_config/cfg.py:3245}}
Jun 08 19:25:44.824613 np0000179058 devstack@n-api-meta.service[108644]: DEBUG nova.api.openstack.wsgi_app [None req-540c6196-941e-48d1-ad54-b10c89b46fde None None] cell_worker_thread_pool_size = 5 {{(pid=108644) log_opt_values /opt/stack/data/venv/lib/python3.12/site-packages/oslo_config/cfg.py:3245}}
Jun 08 19:25:44.824749 np0000179058 devstack@n-api-meta.service[108644]: DEBUG nova.api.openstack.wsgi_app [None req-540c6196-941e-48d1-ad54-b10c89b46fde None None] cert = self.pem {{(pid=108644) log_opt_values /opt/stack/data/venv/lib/python3.12/site-packages/oslo_config/cfg.py:3245}}
Jun 08 19:25:44.824881 np0000179058 devstack@n-api-meta.service[108644]: DEBUG nova.api.openstack.wsgi_app [None req-540c6196-941e-48d1-ad54-b10c89b46fde None None] compute_driver = libvirt.LibvirtDriver {{(pid=108644) log_opt_values /opt/stack/data/venv/lib/python3.12/site-packages/oslo_config/cfg.py:3245}}
Jun 08 19:25:44.825038 np0000179058 devstack@n-api-meta.service[108644]: DEBUG nova.api.openstack.wsgi_app [None req-540c6196-941e-48d1-ad54-b10c89b46fde None None] compute_monitors = [] {{(pid=108644) log_opt_values /opt/stack/data/venv/lib/python3.12/site-packages/oslo_config/cfg.py:3245}}
Jun 08 19:25:44.825173 np0000179058 devstack@n-api-meta.service[108644]: DEBUG nova.api.openstack.wsgi_app [None req-540c6196-941e-48d1-ad54-b10c89b46fde None None] config_dir = [] {{(pid=108644) log_opt_values /opt/stack/data/venv/lib/python3.12/site-packages/oslo_config/cfg.py:3245}}
Jun 08 19:25:44.825402 np0000179058 devstack@n-api-meta.service[108644]: DEBUG nova.api.openstack.wsgi_app [None req-540c6196-941e-48d1-ad54-b10c89b46fde None None] config_drive_format = iso9660 {{(pid=108644) log_opt_values /opt/stack/data/venv/lib/python3.12/site-packages/oslo_config/cfg.py:3245}}
Jun 08 19:25:44.825402 np0000179058 devstack@n-api-meta.service[108644]: DEBUG nova.api.openstack.wsgi_app [None req-540c6196-941e-48d1-ad54-b10c89b46fde None None] config_file = ['/etc/nova/api-paste.ini', '/etc/nova/nova.conf'] {{(pid=108644) log_opt_values /opt/stack/data/venv/lib/python3.12/site-packages/oslo_config/cfg.py:3245}}
Jun 08 19:25:44.825528 np0000179058 devstack@n-api-meta.service[108644]: DEBUG nova.api.openstack.wsgi_app [None req-540c6196-941e-48d1-ad54-b10c89b46fde None None] config_source = [] {{(pid=108644) log_opt_values /opt/stack/data/venv/lib/python3.12/site-packages/oslo_config/cfg.py:3245}}
Jun 08 19:25:44.825667 np0000179058 devstack@n-api-meta.service[108644]: DEBUG nova.api.openstack.wsgi_app [None req-540c6196-941e-48d1-ad54-b10c89b46fde None None] console_host = np0000179058 {{(pid=108644) log_opt_values /opt/stack/data/venv/lib/python3.12/site-packages/oslo_config/cfg.py:3245}}
Jun 08 19:25:44.825800 np0000179058 devstack@n-api-meta.service[108644]: DEBUG nova.api.openstack.wsgi_app [None req-540c6196-941e-48d1-ad54-b10c89b46fde None None] control_exchange = nova {{(pid=108644) log_opt_values /opt/stack/data/venv/lib/python3.12/site-packages/oslo_config/cfg.py:3245}}
Jun 08 19:25:44.825924 np0000179058 devstack@n-api-meta.service[108644]: DEBUG nova.api.openstack.wsgi_app [None req-540c6196-941e-48d1-ad54-b10c89b46fde None None] cpu_allocation_ratio = None {{(pid=108644) log_opt_values /opt/stack/data/venv/lib/python3.12/site-packages/oslo_config/cfg.py:3245}}
Jun 08 19:25:44.826080 np0000179058 devstack@n-api-meta.service[108644]: DEBUG nova.api.openstack.wsgi_app [None req-540c6196-941e-48d1-ad54-b10c89b46fde None None] daemon = False {{(pid=108644) log_opt_values /opt/stack/data/venv/lib/python3.12/site-packages/oslo_config/cfg.py:3245}}
Jun 08 19:25:44.826203 np0000179058 devstack@n-api-meta.service[108644]: DEBUG nova.api.openstack.wsgi_app [None req-540c6196-941e-48d1-ad54-b10c89b46fde None None] debug = True {{(pid=108644) log_opt_values /opt/stack/data/venv/lib/python3.12/site-packages/oslo_config/cfg.py:3245}}
Jun 08 19:25:44.826327 np0000179058 devstack@n-api-meta.service[108644]: DEBUG nova.api.openstack.wsgi_app [None req-540c6196-941e-48d1-ad54-b10c89b46fde None None] default_access_ip_network_name = None {{(pid=108644) log_opt_values /opt/stack/data/venv/lib/python3.12/site-packages/oslo_config/cfg.py:3245}}
Jun 08 19:25:44.826458 np0000179058 devstack@n-api-meta.service[108644]: DEBUG nova.api.openstack.wsgi_app [None req-540c6196-941e-48d1-ad54-b10c89b46fde None None] default_availability_zone = nova {{(pid=108644) log_opt_values /opt/stack/data/venv/lib/python3.12/site-packages/oslo_config/cfg.py:3245}}
Jun 08 19:25:44.826588 np0000179058 devstack@n-api-meta.service[108644]: DEBUG nova.api.openstack.wsgi_app [None req-540c6196-941e-48d1-ad54-b10c89b46fde None None] default_ephemeral_format = ext4 {{(pid=108644) log_opt_values /opt/stack/data/venv/lib/python3.12/site-packages/oslo_config/cfg.py:3245}}
Jun 08 19:25:44.826714 np0000179058 devstack@n-api-meta.service[108644]: DEBUG nova.api.openstack.wsgi_app [None req-540c6196-941e-48d1-ad54-b10c89b46fde None None] default_green_pool_size = 1000 {{(pid=108644) log_opt_values /opt/stack/data/venv/lib/python3.12/site-packages/oslo_config/cfg.py:3245}}
Jun 08 19:25:44.826972 np0000179058 devstack@n-api-meta.service[108644]: DEBUG nova.api.openstack.wsgi_app [None req-540c6196-941e-48d1-ad54-b10c89b46fde None None] default_log_levels = ['amqp=WARN', 'boto=WARN', 'sqlalchemy=WARN', 'suds=INFO', 'oslo.messaging=INFO', 'oslo_messaging=INFO', 'iso8601=WARN', 'requests.packages.urllib3.connectionpool=WARN', 'urllib3.connectionpool=WARN', 'websocket=WARN', 'requests.packages.urllib3.util.retry=WARN', 'urllib3.util.retry=WARN', 'keystonemiddleware=WARN', 'routes.middleware=WARN', 'stevedore=WARN', 'taskflow=WARN', 'keystoneauth=WARN', 'oslo.cache=INFO', 'oslo_policy=INFO', 'dogpile.core.dogpile=INFO', 'glanceclient=WARN', 'oslo.privsep.daemon=INFO'] {{(pid=108644) log_opt_values /opt/stack/data/venv/lib/python3.12/site-packages/oslo_config/cfg.py:3245}}
Jun 08 19:25:44.827115 np0000179058 devstack@n-api-meta.service[108644]: DEBUG nova.api.openstack.wsgi_app [None req-540c6196-941e-48d1-ad54-b10c89b46fde None None] default_schedule_zone = None {{(pid=108644) log_opt_values /opt/stack/data/venv/lib/python3.12/site-packages/oslo_config/cfg.py:3245}}
Jun 08 19:25:44.827242 np0000179058 devstack@n-api-meta.service[108644]: DEBUG nova.api.openstack.wsgi_app [None req-540c6196-941e-48d1-ad54-b10c89b46fde None None] default_thread_pool_size = 10 {{(pid=108644) log_opt_values /opt/stack/data/venv/lib/python3.12/site-packages/oslo_config/cfg.py:3245}}
Jun 08 19:25:44.827367 np0000179058 devstack@n-api-meta.service[108644]: DEBUG nova.api.openstack.wsgi_app [None req-540c6196-941e-48d1-ad54-b10c89b46fde None None] disk_allocation_ratio = None {{(pid=108644) log_opt_values /opt/stack/data/venv/lib/python3.12/site-packages/oslo_config/cfg.py:3245}}
Jun 08 19:25:44.827493 np0000179058 devstack@n-api-meta.service[108644]: DEBUG nova.api.openstack.wsgi_app [None req-540c6196-941e-48d1-ad54-b10c89b46fde None None] enable_new_services = True {{(pid=108644) log_opt_values /opt/stack/data/venv/lib/python3.12/site-packages/oslo_config/cfg.py:3245}}
Jun 08 19:25:44.827614 np0000179058 devstack@n-api-meta.service[108644]: DEBUG nova.api.openstack.wsgi_app [None req-540c6196-941e-48d1-ad54-b10c89b46fde None None] flat_injected = False {{(pid=108644) log_opt_values /opt/stack/data/venv/lib/python3.12/site-packages/oslo_config/cfg.py:3245}}
Jun 08 19:25:44.827744 np0000179058 devstack@n-api-meta.service[108644]: DEBUG nova.api.openstack.wsgi_app [None req-540c6196-941e-48d1-ad54-b10c89b46fde None None] force_config_drive = False {{(pid=108644) log_opt_values /opt/stack/data/venv/lib/python3.12/site-packages/oslo_config/cfg.py:3245}}
Jun 08 19:25:44.827869 np0000179058 devstack@n-api-meta.service[108644]: DEBUG nova.api.openstack.wsgi_app [None req-540c6196-941e-48d1-ad54-b10c89b46fde None None] force_raw_images = True {{(pid=108644) log_opt_values /opt/stack/data/venv/lib/python3.12/site-packages/oslo_config/cfg.py:3245}}
Jun 08 19:25:44.828027 np0000179058 devstack@n-api-meta.service[108644]: DEBUG nova.api.openstack.wsgi_app [None req-540c6196-941e-48d1-ad54-b10c89b46fde None None] graceful_shutdown_timeout = 5 {{(pid=108644) log_opt_values /opt/stack/data/venv/lib/python3.12/site-packages/oslo_config/cfg.py:3245}}
Jun 08 19:25:44.828154 np0000179058 devstack@n-api-meta.service[108644]: DEBUG nova.api.openstack.wsgi_app [None req-540c6196-941e-48d1-ad54-b10c89b46fde None None] heal_instance_info_cache_interval = -1 {{(pid=108644) log_opt_values /opt/stack/data/venv/lib/python3.12/site-packages/oslo_config/cfg.py:3245}}
Jun 08 19:25:44.828323 np0000179058 devstack@n-api-meta.service[108644]: DEBUG nova.api.openstack.wsgi_app [None req-540c6196-941e-48d1-ad54-b10c89b46fde None None] host = np0000179058 {{(pid=108644) log_opt_values /opt/stack/data/venv/lib/python3.12/site-packages/oslo_config/cfg.py:3245}}
Jun 08 19:25:44.828374 np0000179058 devstack@n-api-meta.service[108645]: INFO dbcounter [None req-d678e625-c1a7-4df3-ba6b-8730e26df215 None None] Registered counter for database nova_cell0
Jun 08 19:25:44.828457 np0000179058 devstack@n-api-meta.service[108644]: DEBUG nova.api.openstack.wsgi_app [None req-540c6196-941e-48d1-ad54-b10c89b46fde None None] initial_cpu_allocation_ratio = 4.0 {{(pid=108644) log_opt_values /opt/stack/data/venv/lib/python3.12/site-packages/oslo_config/cfg.py:3245}}
Jun 08 19:25:44.828584 np0000179058 devstack@n-api-meta.service[108644]: DEBUG nova.api.openstack.wsgi_app [None req-540c6196-941e-48d1-ad54-b10c89b46fde None None] initial_disk_allocation_ratio = 1.0 {{(pid=108644) log_opt_values /opt/stack/data/venv/lib/python3.12/site-packages/oslo_config/cfg.py:3245}}
Jun 08 19:25:44.828711 np0000179058 devstack@n-api-meta.service[108644]: DEBUG nova.api.openstack.wsgi_app [None req-540c6196-941e-48d1-ad54-b10c89b46fde None None] initial_ram_allocation_ratio = 1.0 {{(pid=108644) log_opt_values /opt/stack/data/venv/lib/python3.12/site-packages/oslo_config/cfg.py:3245}}
Jun 08 19:25:44.828879 np0000179058 devstack@n-api-meta.service[108644]: DEBUG nova.api.openstack.wsgi_app [None req-540c6196-941e-48d1-ad54-b10c89b46fde None None] injected_network_template = /opt/stack/nova/nova/virt/interfaces.template {{(pid=108644) log_opt_values /opt/stack/data/venv/lib/python3.12/site-packages/oslo_config/cfg.py:3245}}
Jun 08 19:25:44.829021 np0000179058 devstack@n-api-meta.service[108644]: DEBUG nova.api.openstack.wsgi_app [None req-540c6196-941e-48d1-ad54-b10c89b46fde None None] instance_build_timeout = 0 {{(pid=108644) log_opt_values /opt/stack/data/venv/lib/python3.12/site-packages/oslo_config/cfg.py:3245}}
Jun 08 19:25:44.829155 np0000179058 devstack@n-api-meta.service[108644]: DEBUG nova.api.openstack.wsgi_app [None req-540c6196-941e-48d1-ad54-b10c89b46fde None None] instance_delete_interval = 300 {{(pid=108644) log_opt_values /opt/stack/data/venv/lib/python3.12/site-packages/oslo_config/cfg.py:3245}}
Jun 08 19:25:44.829286 np0000179058 devstack@n-api-meta.service[108644]: DEBUG nova.api.openstack.wsgi_app [None req-540c6196-941e-48d1-ad54-b10c89b46fde None None] instance_format = [instance: %(uuid)s] {{(pid=108644) log_opt_values /opt/stack/data/venv/lib/python3.12/site-packages/oslo_config/cfg.py:3245}}
Jun 08 19:25:44.829416 np0000179058 devstack@n-api-meta.service[108644]: DEBUG nova.api.openstack.wsgi_app [None req-540c6196-941e-48d1-ad54-b10c89b46fde None None] instance_name_template = instance-%08x {{(pid=108644) log_opt_values /opt/stack/data/venv/lib/python3.12/site-packages/oslo_config/cfg.py:3245}}
Jun 08 19:25:44.829543 np0000179058 devstack@n-api-meta.service[108644]: DEBUG nova.api.openstack.wsgi_app [None req-540c6196-941e-48d1-ad54-b10c89b46fde None None] instance_usage_audit = False {{(pid=108644) log_opt_values /opt/stack/data/venv/lib/python3.12/site-packages/oslo_config/cfg.py:3245}}
Jun 08 19:25:44.829740 np0000179058 devstack@n-api-meta.service[108644]: DEBUG nova.api.openstack.wsgi_app [None req-540c6196-941e-48d1-ad54-b10c89b46fde None None] instance_usage_audit_period = month {{(pid=108644) log_opt_values /opt/stack/data/venv/lib/python3.12/site-packages/oslo_config/cfg.py:3245}}
Jun 08 19:25:44.829897 np0000179058 devstack@n-api-meta.service[108644]: DEBUG nova.api.openstack.wsgi_app [None req-540c6196-941e-48d1-ad54-b10c89b46fde None None] instance_uuid_format = [instance: %(uuid)s] {{(pid=108644) log_opt_values /opt/stack/data/venv/lib/python3.12/site-packages/oslo_config/cfg.py:3245}}
Jun 08 19:25:44.830047 np0000179058 devstack@n-api-meta.service[108644]: DEBUG nova.api.openstack.wsgi_app [None req-540c6196-941e-48d1-ad54-b10c89b46fde None None] instances_path = /opt/stack/data/nova/instances {{(pid=108644) log_opt_values /opt/stack/data/venv/lib/python3.12/site-packages/oslo_config/cfg.py:3245}}
Jun 08 19:25:44.830181 np0000179058 devstack@n-api-meta.service[108644]: DEBUG nova.api.openstack.wsgi_app [None req-540c6196-941e-48d1-ad54-b10c89b46fde None None] internal_service_availability_zone = internal {{(pid=108644) log_opt_values /opt/stack/data/venv/lib/python3.12/site-packages/oslo_config/cfg.py:3245}}
Jun 08 19:25:44.830307 np0000179058 devstack@n-api-meta.service[108644]: DEBUG nova.api.openstack.wsgi_app [None req-540c6196-941e-48d1-ad54-b10c89b46fde None None] key = None {{(pid=108644) log_opt_values /opt/stack/data/venv/lib/python3.12/site-packages/oslo_config/cfg.py:3245}}
Jun 08 19:25:44.830432 np0000179058 devstack@n-api-meta.service[108644]: DEBUG nova.api.openstack.wsgi_app [None req-540c6196-941e-48d1-ad54-b10c89b46fde None None] live_migration_retry_count = 30 {{(pid=108644) log_opt_values /opt/stack/data/venv/lib/python3.12/site-packages/oslo_config/cfg.py:3245}}
Jun 08 19:25:44.830564 np0000179058 devstack@n-api-meta.service[108644]: DEBUG nova.api.openstack.wsgi_app [None req-540c6196-941e-48d1-ad54-b10c89b46fde None None] log_color = False {{(pid=108644) log_opt_values /opt/stack/data/venv/lib/python3.12/site-packages/oslo_config/cfg.py:3245}}
Jun 08 19:25:44.830694 np0000179058 devstack@n-api-meta.service[108644]: DEBUG nova.api.openstack.wsgi_app [None req-540c6196-941e-48d1-ad54-b10c89b46fde None None] log_config_append = None {{(pid=108644) log_opt_values /opt/stack/data/venv/lib/python3.12/site-packages/oslo_config/cfg.py:3245}}
Jun 08 19:25:44.830851 np0000179058 devstack@n-api-meta.service[108644]: DEBUG nova.api.openstack.wsgi_app [None req-540c6196-941e-48d1-ad54-b10c89b46fde None None] log_date_format = %Y-%m-%d %H:%M:%S {{(pid=108644) log_opt_values /opt/stack/data/venv/lib/python3.12/site-packages/oslo_config/cfg.py:3245}}
Jun 08 19:25:44.830969 np0000179058 devstack@n-api-meta.service[108644]: DEBUG nova.api.openstack.wsgi_app [None req-540c6196-941e-48d1-ad54-b10c89b46fde None None] log_dir = None {{(pid=108644) log_opt_values /opt/stack/data/venv/lib/python3.12/site-packages/oslo_config/cfg.py:3245}}
Jun 08 19:25:44.831110 np0000179058 devstack@n-api-meta.service[108644]: DEBUG nova.api.openstack.wsgi_app [None req-540c6196-941e-48d1-ad54-b10c89b46fde None None] log_file = None {{(pid=108644) log_opt_values /opt/stack/data/venv/lib/python3.12/site-packages/oslo_config/cfg.py:3245}}
Jun 08 19:25:44.831210 np0000179058 devstack@n-api-meta.service[108644]: DEBUG nova.api.openstack.wsgi_app [None req-540c6196-941e-48d1-ad54-b10c89b46fde None None] log_options = True {{(pid=108644) log_opt_values /opt/stack/data/venv/lib/python3.12/site-packages/oslo_config/cfg.py:3245}}
Jun 08 19:25:44.831337 np0000179058 devstack@n-api-meta.service[108644]: DEBUG nova.api.openstack.wsgi_app [None req-540c6196-941e-48d1-ad54-b10c89b46fde None None] log_rotate_interval = 1 {{(pid=108644) log_opt_values /opt/stack/data/venv/lib/python3.12/site-packages/oslo_config/cfg.py:3245}}
Jun 08 19:25:44.831469 np0000179058 devstack@n-api-meta.service[108644]: DEBUG nova.api.openstack.wsgi_app [None req-540c6196-941e-48d1-ad54-b10c89b46fde None None] log_rotate_interval_type = days {{(pid=108644) log_opt_values /opt/stack/data/venv/lib/python3.12/site-packages/oslo_config/cfg.py:3245}}
Jun 08 19:25:44.831600 np0000179058 devstack@n-api-meta.service[108644]: DEBUG nova.api.openstack.wsgi_app [None req-540c6196-941e-48d1-ad54-b10c89b46fde None None] log_rotation_type = none {{(pid=108644) log_opt_values /opt/stack/data/venv/lib/python3.12/site-packages/oslo_config/cfg.py:3245}}
Jun 08 19:25:44.831700 np0000179058 devstack@n-api-meta.service[108644]: DEBUG nova.api.openstack.wsgi_app [None req-540c6196-941e-48d1-ad54-b10c89b46fde None None] logging_context_format_string = %(color)s%(levelname)s %(name)s [%(global_request_id)s %(request_id)s %(project_name)s %(user_name)s%(color)s] %(instance)s%(color)s%(message)s {{(pid=108644) log_opt_values /opt/stack/data/venv/lib/python3.12/site-packages/oslo_config/cfg.py:3245}}
Jun 08 19:25:44.831812 np0000179058 devstack@n-api-meta.service[108644]: DEBUG nova.api.openstack.wsgi_app [None req-540c6196-941e-48d1-ad54-b10c89b46fde None None] logging_debug_format_suffix = {{(pid=%(process)d) %(funcName)s %(pathname)s:%(lineno)d}} {{(pid=108644) log_opt_values /opt/stack/data/venv/lib/python3.12/site-packages/oslo_config/cfg.py:3245}}
Jun 08 19:25:44.831924 np0000179058 devstack@n-api-meta.service[108644]: DEBUG nova.api.openstack.wsgi_app [None req-540c6196-941e-48d1-ad54-b10c89b46fde None None] logging_default_format_string = %(color)s%(levelname)s %(name)s [-%(color)s] %(instance)s%(color)s%(message)s {{(pid=108644) log_opt_values /opt/stack/data/venv/lib/python3.12/site-packages/oslo_config/cfg.py:3245}}
Jun 08 19:25:44.832072 np0000179058 devstack@n-api-meta.service[108644]: DEBUG nova.api.openstack.wsgi_app [None req-540c6196-941e-48d1-ad54-b10c89b46fde None None] logging_exception_prefix = ERROR %(name)s %(instance)s {{(pid=108644) log_opt_values /opt/stack/data/venv/lib/python3.12/site-packages/oslo_config/cfg.py:3245}}
Jun 08 19:25:44.832171 np0000179058 devstack@n-api-meta.service[108644]: DEBUG nova.api.openstack.wsgi_app [None req-540c6196-941e-48d1-ad54-b10c89b46fde None None] logging_user_identity_format = %(user)s %(project)s %(domain)s %(system_scope)s %(user_domain)s %(project_domain)s {{(pid=108644) log_opt_values /opt/stack/data/venv/lib/python3.12/site-packages/oslo_config/cfg.py:3245}}
Jun 08 19:25:44.832297 np0000179058 devstack@n-api-meta.service[108644]: DEBUG nova.api.openstack.wsgi_app [None req-540c6196-941e-48d1-ad54-b10c89b46fde None None] long_rpc_timeout = 1800 {{(pid=108644) log_opt_values /opt/stack/data/venv/lib/python3.12/site-packages/oslo_config/cfg.py:3245}}
Jun 08 19:25:44.832421 np0000179058 devstack@n-api-meta.service[108644]: DEBUG nova.api.openstack.wsgi_app [None req-540c6196-941e-48d1-ad54-b10c89b46fde None None] manager_shutdown_timeout = 160 {{(pid=108644) log_opt_values /opt/stack/data/venv/lib/python3.12/site-packages/oslo_config/cfg.py:3245}}
